[Mon Jan 05 03:40:17.867919 2026] [php:error] [pid 79559] [client 20.214.246.23:0] script '/domains/fbardin/tin.php' not found or unable to stat
[Mon Jan 05 03:40:17.937186 2026] [php:error] [pid 79557] [client 40.119.197.161:0] script '/domains/system_default/zeu.php' not found or unable to stat
[Mon Jan 05 03:40:18.767522 2026] [php:error] [pid 79557] [client 40.119.197.161:0] script '/domains/system_default/jatuh.php' not found or unable to stat
[Mon Jan 05 03:40:18.826978 2026] [php:error] [pid 79559] [client 20.214.246.23:0] script '/domains/fbardin/helper766.php' not found or unable to stat
[Mon Jan 05 03:40:19.010112 2026] [php:error] [pid 79559] [client 20.214.246.23:0] script '/domains/fbardin/lib751.php' not found or unable to stat
[Mon Jan 05 03:40:19.015271 2026] [php:error] [pid 79557] [client 40.119.197.161:0] script '/domains/system_default/as.php' not found or unable to stat
[Mon Jan 05 03:40:19.197090 2026] [php:error] [pid 79559] [client 20.214.246.23:0] script '/domains/fbardin/data243.php' not found or unable to stat
[Mon Jan 05 03:40:19.258223 2026] [php:error] [pid 79557] [client 40.119.197.161:0] script '/domains/system_default/0o0.php' not found or unable to stat
[Mon Jan 05 03:40:19.386820 2026] [php:error] [pid 79559] [client 20.214.246.23:0] script '/domains/fbardin/core990.php' not found or unable to stat
[Mon Jan 05 03:40:19.539152 2026] [php:error] [pid 79557] [client 40.119.197.161:0] script '/domains/system_default/mans.php' not found or unable to stat
[Mon Jan 05 03:40:19.570949 2026] [php:error] [pid 79559] [client 20.214.246.23:0] script '/domains/fbardin/akcc.php' not found or unable to stat
[Mon Jan 05 03:40:19.776358 2026] [php:error] [pid 79557] [client 40.119.197.161:0] script '/domains/system_default/info.php' not found or unable to stat
[Mon Jan 05 03:40:19.779023 2026] [php:error] [pid 79559] [client 20.214.246.23:0] script '/domains/fbardin/bolt.php' not found or unable to stat
[Mon Jan 05 03:40:19.992432 2026] [php:error] [pid 79559] [client 20.214.246.23:0] script '/domains/fbardin/config596.php' not found or unable to stat
[Mon Jan 05 03:40:20.172757 2026] [php:error] [pid 79559] [client 20.214.246.23:0] script '/domains/fbardin/lib854.php' not found or unable to stat
[Mon Jan 05 03:40:20.293861 2026] [php:error] [pid 79557] [client 40.119.197.161:0] script '/domains/system_default/efsd.php' not found or unable to stat
[Mon Jan 05 03:40:20.354397 2026] [php:error] [pid 79559] [client 20.214.246.23:0] script '/domains/fbardin/I3zu2h.php' not found or unable to stat
[Mon Jan 05 03:40:20.542822 2026] [php:error] [pid 79557] [client 40.119.197.161:0] script '/domains/system_default/w1w.php' not found or unable to stat
[Mon Jan 05 03:40:20.543776 2026] [php:error] [pid 79559] [client 20.214.246.23:0] script '/domains/fbardin/helper043.php' not found or unable to stat
[Mon Jan 05 03:40:20.784043 2026] [php:error] [pid 79557] [client 40.119.197.161:0] script '/domains/system_default/up4.php' not found or unable to stat
[Mon Jan 05 03:40:21.023640 2026] [php:error] [pid 79557] [client 40.119.197.161:0] script '/domains/system_default/galex.php' not found or unable to stat
[Mon Jan 05 03:40:21.264681 2026] [php:error] [pid 79557] [client 40.119.197.161:0] script '/domains/system_default/file48.php' not found or unable to stat
[Mon Jan 05 03:40:21.507655 2026] [php:error] [pid 79557] [client 40.119.197.161:0] script '/domains/system_default/hans.php' not found or unable to stat
[Mon Jan 05 03:40:21.744854 2026] [php:error] [pid 79557] [client 40.119.197.161:0] script '/domains/system_default/kairolin.php' not found or unable to stat
[Mon Jan 05 03:40:21.981859 2026] [php:error] [pid 79557] [client 40.119.197.161:0] script '/domains/system_default/z60.php' not found or unable to stat
[Mon Jan 05 03:40:22.222685 2026] [php:error] [pid 79557] [client 40.119.197.161:0] script '/domains/system_default/9v6.php' not found or unable to stat
[Mon Jan 05 03:40:22.459655 2026] [php:error] [pid 79557] [client 40.119.197.161:0] script '/domains/system_default/ma.php' not found or unable to stat
[Mon Jan 05 03:40:22.723500 2026] [php:error] [pid 79557] [client 40.119.197.161:0] script '/domains/system_default/zozla.php' not found or unable to stat
[Mon Jan 05 03:40:22.976095 2026] [php:error] [pid 79557] [client 40.119.197.161:0] script '/domains/system_default/class9.php' not found or unable to stat
[Mon Jan 05 03:40:23.230030 2026] [php:error] [pid 79557] [client 40.119.197.161:0] script '/domains/system_default/ctex1.php' not found or unable to stat
[Mon Jan 05 03:40:23.467326 2026] [php:error] [pid 79557] [client 40.119.197.161:0] script '/domains/system_default/lts.php' not found or unable to stat
[Mon Jan 05 03:40:23.707812 2026] [php:error] [pid 79557] [client 40.119.197.161:0] script '/domains/system_default/mmm.php' not found or unable to stat
[Mon Jan 05 03:40:24.264041 2026] [php:error] [pid 79557] [client 40.119.197.161:0] script '/domains/system_default/Cok.php' not found or unable to stat
[Mon Jan 05 03:40:24.500950 2026] [php:error] [pid 79557] [client 40.119.197.161:0] script '/domains/system_default/lx.php' not found or unable to stat
[Mon Jan 05 03:40:24.738414 2026] [php:error] [pid 79557] [client 40.119.197.161:0] script '/domains/system_default/admiin.php' not found or unable to stat
[Mon Jan 05 03:40:24.978016 2026] [php:error] [pid 79557] [client 40.119.197.161:0] script '/domains/system_default/mcd.php' not found or unable to stat
[Mon Jan 05 03:40:25.250415 2026] [php:error] [pid 79557] [client 40.119.197.161:0] script '/domains/system_default/Zeiss.php' not found or unable to stat
[Mon Jan 05 03:40:25.526891 2026] [php:error] [pid 79557] [client 40.119.197.161:0] script '/domains/system_default/flower.php' not found or unable to stat
[Mon Jan 05 03:40:26.220349 2026] [php:error] [pid 79557] [client 40.119.197.161:0] script '/domains/system_default/zxl.php' not found or unable to stat
[Mon Jan 05 03:40:26.457819 2026] [php:error] [pid 79557] [client 40.119.197.161:0] script '/domains/system_default/EM.php' not found or unable to stat
[Mon Jan 05 03:40:26.697052 2026] [php:error] [pid 79557] [client 40.119.197.161:0] script '/domains/system_default/pop.php' not found or unable to stat
[Mon Jan 05 03:40:26.934972 2026] [php:error] [pid 79557] [client 40.119.197.161:0] script '/domains/system_default/kcs.php' not found or unable to stat
[Mon Jan 05 03:40:27.173868 2026] [php:error] [pid 79557] [client 40.119.197.161:0] script '/domains/system_default/fh26.php' not found or unable to stat
[Mon Jan 05 03:40:27.411022 2026] [php:error] [pid 79557] [client 40.119.197.161:0] script '/domains/system_default/hq.php' not found or unable to stat
[Mon Jan 05 03:40:27.648665 2026] [php:error] [pid 79557] [client 40.119.197.161:0] script '/domains/system_default/wp-gzone.php' not found or unable to stat
[Mon Jan 05 03:40:27.898356 2026] [php:error] [pid 79557] [client 40.119.197.161:0] script '/domains/system_default/f2r4.php' not found or unable to stat
[Mon Jan 05 03:40:28.316068 2026] [php:error] [pid 79557] [client 40.119.197.161:0] script '/domains/system_default/cafe.php' not found or unable to stat
[Mon Jan 05 03:40:28.725053 2026] [php:error] [pid 79557] [client 40.119.197.161:0] script '/domains/system_default/1aa.php' not found or unable to stat
[Mon Jan 05 03:40:28.962251 2026] [php:error] [pid 79557] [client 40.119.197.161:0] script '/domains/system_default/uuu.php' not found or unable to stat
[Mon Jan 05 03:40:29.199208 2026] [php:error] [pid 79557] [client 40.119.197.161:0] script '/domains/system_default/wsvvs.php' not found or unable to stat
[Mon Jan 05 03:40:29.436646 2026] [php:error] [pid 79557] [client 40.119.197.161:0] script '/domains/system_default/222.php' not found or unable to stat
[Mon Jan 05 03:40:29.678914 2026] [php:error] [pid 79557] [client 40.119.197.161:0] script '/domains/system_default/mh.php' not found or unable to stat
[Mon Jan 05 03:40:29.915938 2026] [php:error] [pid 79557] [client 40.119.197.161:0] script '/domains/system_default/7h.php' not found or unable to stat
[Mon Jan 05 03:40:30.152860 2026] [php:error] [pid 79557] [client 40.119.197.161:0] script '/domains/system_default/la.php' not found or unable to stat
[Mon Jan 05 03:40:30.390510 2026] [php:error] [pid 79557] [client 40.119.197.161:0] script '/domains/system_default/abc.php' not found or unable to stat
[Mon Jan 05 03:40:30.661805 2026] [php:error] [pid 79557] [client 40.119.197.161:0] script '/domains/system_default/ahy66.php' not found or unable to stat
[Mon Jan 05 03:40:30.906599 2026] [php:error] [pid 79557] [client 40.119.197.161:0] script '/domains/system_default/wp-wlx.php' not found or unable to stat
[Mon Jan 05 03:40:31.838456 2026] [php:error] [pid 79568] [client 40.119.197.161:0] script '/domains/system_default/ww1.php' not found or unable to stat
[Mon Jan 05 03:40:32.075689 2026] [php:error] [pid 79568] [client 40.119.197.161:0] script '/domains/system_default/xb.php' not found or unable to stat
[Mon Jan 05 03:40:32.318331 2026] [php:error] [pid 79568] [client 40.119.197.161:0] script '/domains/system_default/ws28.php' not found or unable to stat
[Mon Jan 05 03:40:32.556080 2026] [php:error] [pid 79568] [client 40.119.197.161:0] script '/domains/system_default/dbc.php' not found or unable to stat
[Mon Jan 05 03:40:32.801045 2026] [php:error] [pid 79568] [client 40.119.197.161:0] script '/domains/system_default/l10n.php' not found or unable to stat
[Mon Jan 05 03:40:33.039024 2026] [php:error] [pid 79568] [client 40.119.197.161:0] script '/domains/system_default/adin.php' not found or unable to stat
[Mon Jan 05 03:40:33.733310 2026] [php:error] [pid 79568] [client 40.119.197.161:0] script '/domains/system_default/ifm.php' not found or unable to stat
[Mon Jan 05 03:40:33.971030 2026] [php:error] [pid 79568] [client 40.119.197.161:0] script '/domains/system_default/bge.php' not found or unable to stat
[Mon Jan 05 03:40:34.570069 2026] [php:error] [pid 79568] [client 40.119.197.161:0] script '/domains/system_default/blox.php' not found or unable to stat
[Mon Jan 05 03:40:34.808443 2026] [php:error] [pid 79568] [client 40.119.197.161:0] script '/domains/system_default/az.php' not found or unable to stat
[Mon Jan 05 03:40:35.045882 2026] [php:error] [pid 79568] [client 40.119.197.161:0] script '/domains/system_default/x23.php' not found or unable to stat
[Mon Jan 05 03:40:35.316518 2026] [php:error] [pid 79568] [client 40.119.197.161:0] script '/domains/system_default/xz89.php' not found or unable to stat
[Mon Jan 05 03:40:35.553687 2026] [php:error] [pid 79568] [client 40.119.197.161:0] script '/domains/system_default/wsheet1.php' not found or unable to stat
[Mon Jan 05 03:40:35.792427 2026] [php:error] [pid 79568] [client 40.119.197.161:0] script '/domains/system_default/sao.php' not found or unable to stat
[Mon Jan 05 03:40:36.116023 2026] [php:error] [pid 79568] [client 40.119.197.161:0] script '/domains/system_default/zoz.php' not found or unable to stat
[Mon Jan 05 03:40:36.353710 2026] [php:error] [pid 79568] [client 40.119.197.161:0] script '/domains/system_default/priv.php' not found or unable to stat
[Mon Jan 05 03:40:36.599916 2026] [php:error] [pid 79568] [client 40.119.197.161:0] script '/domains/system_default/cwclass.php' not found or unable to stat
[Mon Jan 05 03:40:36.842458 2026] [php:error] [pid 79568] [client 40.119.197.161:0] script '/domains/system_default/file30.php' not found or unable to stat
[Mon Jan 05 03:40:37.102163 2026] [php:error] [pid 79568] [client 40.119.197.161:0] script '/domains/system_default/ah24.php' not found or unable to stat
[Mon Jan 05 03:40:37.355332 2026] [php:error] [pid 79568] [client 40.119.197.161:0] script '/domains/system_default/sko.php' not found or unable to stat
[Mon Jan 05 03:40:37.610233 2026] [php:error] [pid 79568] [client 40.119.197.161:0] script '/domains/system_default/wakak.php' not found or unable to stat
[Mon Jan 05 03:40:38.296731 2026] [php:error] [pid 79568] [client 40.119.197.161:0] script '/domains/system_default/ww3.php' not found or unable to stat
[Mon Jan 05 03:40:38.574030 2026] [php:error] [pid 79568] [client 40.119.197.161:0] script '/domains/system_default/sang.php' not found or unable to stat
[Mon Jan 05 03:40:38.811226 2026] [php:error] [pid 79568] [client 40.119.197.161:0] script '/domains/system_default/f35.php' not found or unable to stat
[Mon Jan 05 03:40:39.048410 2026] [php:error] [pid 79568] [client 40.119.197.161:0] script '/domains/system_default/wen.php' not found or unable to stat
[Mon Jan 05 03:40:39.287070 2026] [php:error] [pid 79568] [client 40.119.197.161:0] script '/domains/system_default/yyy.php' not found or unable to stat
[Mon Jan 05 03:40:39.915451 2026] [php:error] [pid 79568] [client 40.119.197.161:0] script '/domains/system_default/waq.php' not found or unable to stat
[Mon Jan 05 03:40:40.156972 2026] [php:error] [pid 79568] [client 40.119.197.161:0] script '/domains/system_default/wp-ana.php' not found or unable to stat
[Mon Jan 05 03:40:40.395409 2026] [php:error] [pid 79568] [client 40.119.197.161:0] script '/domains/system_default/f8.php' not found or unable to stat
[Mon Jan 05 03:40:40.642552 2026] [php:error] [pid 79568] [client 40.119.197.161:0] script '/domains/system_default/sf.php' not found or unable to stat
[Mon Jan 05 03:40:40.881708 2026] [php:error] [pid 79568] [client 40.119.197.161:0] script '/domains/system_default/AxAo.php' not found or unable to stat
[Mon Jan 05 03:40:41.130570 2026] [php:error] [pid 79568] [client 40.119.197.161:0] script '/domains/system_default/vbbn.php' not found or unable to stat
[Mon Jan 05 03:40:41.288793 2026] [php:error] [pid 79558] [client 173.239.224.79:0] script '/domains/tinatina/txets.php' not found or unable to stat
[Mon Jan 05 03:40:41.367684 2026] [php:error] [pid 79568] [client 40.119.197.161:0] script '/domains/system_default/atx.php' not found or unable to stat
[Mon Jan 05 03:40:41.605347 2026] [php:error] [pid 79568] [client 40.119.197.161:0] script '/domains/system_default/sck.php' not found or unable to stat
[Mon Jan 05 03:40:41.843287 2026] [php:error] [pid 79568] [client 40.119.197.161:0] script '/domains/system_default/ww2.php' not found or unable to stat
[Mon Jan 05 03:40:42.080156 2026] [php:error] [pid 79568] [client 40.119.197.161:0] script '/domains/system_default/Contrller.php' not found or unable to stat
[Mon Jan 05 03:40:42.317184 2026] [php:error] [pid 79568] [client 40.119.197.161:0] script '/domains/system_default/gtc.php' not found or unable to stat
[Mon Jan 05 03:40:42.572387 2026] [php:error] [pid 79568] [client 40.119.197.161:0] script '/domains/system_default/lte7.php' not found or unable to stat
[Mon Jan 05 03:40:42.829298 2026] [php:error] [pid 79568] [client 40.119.197.161:0] script '/domains/system_default/xa.php' not found or unable to stat
[Mon Jan 05 03:40:43.084118 2026] [php:error] [pid 79568] [client 40.119.197.161:0] script '/domains/system_default/wp-good.php' not found or unable to stat
[Mon Jan 05 03:40:43.322633 2026] [php:error] [pid 79568] [client 40.119.197.161:0] script '/domains/system_default/xrp.php' not found or unable to stat
[Mon Jan 05 03:40:43.570429 2026] [php:error] [pid 79568] [client 40.119.197.161:0] script '/domains/system_default/fesa.php' not found or unable to stat
[Mon Jan 05 03:40:43.810267 2026] [php:error] [pid 79568] [client 40.119.197.161:0] script '/domains/system_default/wsz.php' not found or unable to stat
[Mon Jan 05 03:40:44.051087 2026] [php:error] [pid 79568] [client 40.119.197.161:0] script '/domains/system_default/horeg.php' not found or unable to stat
[Mon Jan 05 03:40:44.691661 2026] [php:error] [pid 79568] [client 40.119.197.161:0] script '/domains/system_default/siln.php' not found or unable to stat
[Mon Jan 05 03:40:44.950418 2026] [php:error] [pid 79568] [client 40.119.197.161:0] script '/domains/system_default/thxt.php' not found or unable to stat
[Mon Jan 05 03:40:45.188134 2026] [php:error] [pid 79568] [client 40.119.197.161:0] script '/domains/system_default/tajj.php' not found or unable to stat
[Mon Jan 05 03:40:45.452559 2026] [php:error] [pid 79568] [client 40.119.197.161:0] script '/domains/system_default/lsd.php' not found or unable to stat
[Mon Jan 05 03:40:46.939235 2026] [php:error] [pid 79568] [client 40.119.197.161:0] script '/domains/system_default/z60.php' not found or unable to stat
[Mon Jan 05 03:40:47.206904 2026] [php:error] [pid 79568] [client 40.119.197.161:0] script '/domains/system_default/ha.php' not found or unable to stat
[Mon Jan 05 03:40:52.000052 2026] [php:error] [pid 79568] [client 40.119.197.161:0] script '/domains/system_default/oo.php' not found or unable to stat
[Mon Jan 05 03:40:52.294280 2026] [php:error] [pid 79568] [client 40.119.197.161:0] script '/domains/system_default/13ede.php' not found or unable to stat
[Mon Jan 05 03:40:52.533341 2026] [php:error] [pid 79568] [client 40.119.197.161:0] script '/domains/system_default/xcre1.php' not found or unable to stat
[Mon Jan 05 03:40:52.839109 2026] [php:error] [pid 79568] [client 40.119.197.161:0] script '/domains/system_default/d12.php' not found or unable to stat
[Mon Jan 05 03:40:53.149438 2026] [php:error] [pid 79568] [client 40.119.197.161:0] script '/domains/system_default/x0x.php' not found or unable to stat
[Mon Jan 05 03:40:53.880612 2026] [php:error] [pid 79568] [client 40.119.197.161:0] script '/domains/system_default/Okxob.php' not found or unable to stat
[Mon Jan 05 03:40:54.156225 2026] [php:error] [pid 79568] [client 40.119.197.161:0] script '/domains/system_default/ws35.php' not found or unable to stat
[Mon Jan 05 03:40:54.409299 2026] [php:error] [pid 79568] [client 40.119.197.161:0] script '/domains/system_default/rtx.php' not found or unable to stat
[Mon Jan 05 03:40:55.496845 2026] [php:error] [pid 79568] [client 40.119.197.161:0] script '/domains/system_default/f-401.php' not found or unable to stat
[Mon Jan 05 03:40:55.741093 2026] [php:error] [pid 79568] [client 40.119.197.161:0] script '/domains/system_default/see.php' not found or unable to stat
[Mon Jan 05 03:40:55.989498 2026] [php:error] [pid 79568] [client 40.119.197.161:0] script '/domains/system_default/xse25.php' not found or unable to stat
[Mon Jan 05 03:40:56.237617 2026] [php:error] [pid 79568] [client 40.119.197.161:0] script '/domains/system_default/wtz.php' not found or unable to stat
[Mon Jan 05 03:40:57.062943 2026] [php:error] [pid 79568] [client 40.119.197.161:0] script '/domains/system_default/waw.php' not found or unable to stat
[Mon Jan 05 03:40:57.321179 2026] [php:error] [pid 79568] [client 40.119.197.161:0] script '/domains/system_default/elp.php' not found or unable to stat
[Mon Jan 05 03:40:57.562704 2026] [php:error] [pid 79568] [client 40.119.197.161:0] script '/domains/system_default/ioxi-o1.php' not found or unable to stat
[Mon Jan 05 03:40:57.806354 2026] [php:error] [pid 79568] [client 40.119.197.161:0] script '/domains/system_default/xpass.php' not found or unable to stat
[Mon Jan 05 03:40:59.101831 2026] [php:error] [pid 79568] [client 40.119.197.161:0] script '/domains/system_default/x56.php' not found or unable to stat
[Mon Jan 05 03:40:59.341395 2026] [php:error] [pid 79568] [client 40.119.197.161:0] script '/domains/system_default/tx1.php' not found or unable to stat
[Mon Jan 05 03:40:59.578989 2026] [php:error] [pid 79568] [client 40.119.197.161:0] script '/domains/system_default/zafir1.php' not found or unable to stat
[Mon Jan 05 03:40:59.845265 2026] [php:error] [pid 79568] [client 40.119.197.161:0] script '/domains/system_default/admin.php' not found or unable to stat
[Mon Jan 05 03:41:00.082383 2026] [php:error] [pid 79568] [client 40.119.197.161:0] script '/domains/system_default/quoys.php' not found or unable to stat
[Mon Jan 05 03:41:00.639417 2026] [php:error] [pid 79568] [client 40.119.197.161:0] script '/domains/system_default/ova.php' not found or unable to stat
[Mon Jan 05 03:41:00.876699 2026] [php:error] [pid 79568] [client 40.119.197.161:0] script '/domains/system_default/juuuu.php' not found or unable to stat
[Mon Jan 05 03:41:01.126323 2026] [php:error] [pid 79568] [client 40.119.197.161:0] script '/domains/system_default/vx.php' not found or unable to stat
[Mon Jan 05 03:41:01.392043 2026] [php:error] [pid 79568] [client 40.119.197.161:0] script '/domains/system_default/1vbqo.php' not found or unable to stat
[Mon Jan 05 03:41:01.654542 2026] [php:error] [pid 79568] [client 40.119.197.161:0] script '/domains/system_default/0xs.php' not found or unable to stat
[Mon Jan 05 03:41:01.909182 2026] [php:error] [pid 79568] [client 40.119.197.161:0] script '/domains/system_default/O-Simple.php' not found or unable to stat
[Mon Jan 05 03:41:02.156515 2026] [php:error] [pid 79568] [client 40.119.197.161:0] script '/domains/system_default/sf9.php' not found or unable to stat
[Mon Jan 05 03:41:02.625960 2026] [php:error] [pid 79568] [client 40.119.197.161:0] script '/domains/system_default/thoms.php' not found or unable to stat
[Mon Jan 05 03:41:02.871057 2026] [php:error] [pid 79568] [client 40.119.197.161:0] script '/domains/system_default/sadis.php' not found or unable to stat
[Mon Jan 05 03:42:02.757908 2026] [php:error] [pid 79587] [client 145.239.10.137:0] script '/domains/thewalshgroup/Codex.php' not found or unable to stat, referer: http://walshgroup.org/Codex.php
[Mon Jan 05 03:42:06.597567 2026] [php:error] [pid 79586] [client 223.245.191.145:0] script '/domains/nmksgroupweb/ioxi-o.php' not found or unable to stat, referer: https://www.google.com/
[Mon Jan 05 03:42:06.835840 2026] [php:error] [pid 79586] [client 72.58.21.211:0] script '/domains/nmksgroupweb/0x.php' not found or unable to stat, referer: https://www.google.co.uk/
[Mon Jan 05 03:42:07.073894 2026] [php:error] [pid 79586] [client 43.135.88.18:0] script '/domains/nmksgroupweb/222.php' not found or unable to stat, referer: https://www.google.com/
[Mon Jan 05 03:42:07.311700 2026] [php:error] [pid 79586] [client 65.90.254.234:0] script '/domains/nmksgroupweb/aa.php' not found or unable to stat, referer: https://duckduckgo.com/
[Mon Jan 05 03:42:07.550515 2026] [php:error] [pid 79586] [client 160.145.94.125:0] script '/domains/nmksgroupweb/abcd.php' not found or unable to stat, referer: https://www.bing.com/
[Mon Jan 05 03:42:07.789978 2026] [php:error] [pid 79586] [client 59.77.99.180:0] script '/domains/nmksgroupweb/admin.php' not found or unable to stat, referer: https://www.google.de/
[Mon Jan 05 03:42:07.986280 2026] [php:error] [pid 79574] [client 1.51.200.165:0] script '/domains/system_default/ioxi-o.php' not found or unable to stat, referer: https://www.bing.com/
[Mon Jan 05 03:42:08.126115 2026] [php:error] [pid 79568] [client 4.197.179.74:0] script '/domains/system_default/222.php' not found or unable to stat
[Mon Jan 05 03:42:08.156440 2026] [php:error] [pid 79574] [client 202.160.105.38:0] script '/domains/system_default/0x.php' not found or unable to stat, referer: https://www.google.de/
[Mon Jan 05 03:42:08.266938 2026] [php:error] [pid 79586] [client 187.36.210.155:0] script '/domains/nmksgroupweb/adminfuns.php' not found or unable to stat, referer: https://www.google.fr/
[Mon Jan 05 03:42:08.326428 2026] [php:error] [pid 79574] [client 238.200.35.192:0] script '/domains/system_default/222.php' not found or unable to stat, referer: https://www.yahoo.com/
[Mon Jan 05 03:42:08.327644 2026] [php:error] [pid 79568] [client 4.197.179.74:0] script '/domains/system_default/Nsa9EF.php' not found or unable to stat
[Mon Jan 05 03:42:08.497837 2026] [php:error] [pid 79574] [client 94.60.148.52:0] script '/domains/system_default/aa.php' not found or unable to stat, referer: https://www.google.com/
[Mon Jan 05 03:42:08.506224 2026] [php:error] [pid 79586] [client 120.137.165.180:0] script '/domains/nmksgroupweb/akc.php' not found or unable to stat, referer: https://www.bing.com/
[Mon Jan 05 03:42:08.532543 2026] [php:error] [pid 79568] [client 4.197.179.74:0] script '/domains/system_default/http.php' not found or unable to stat
[Mon Jan 05 03:42:08.668999 2026] [php:error] [pid 79574] [client 196.38.36.147:0] script '/domains/system_default/abcd.php' not found or unable to stat, referer: https://duckduckgo.com/
[Mon Jan 05 03:42:08.744352 2026] [php:error] [pid 79586] [client 82.85.65.234:0] script '/domains/nmksgroupweb/buy.php' not found or unable to stat, referer: https://www.google.co.uk/
[Mon Jan 05 03:42:08.747090 2026] [php:error] [pid 79568] [client 4.197.179.74:0] script '/domains/system_default/IMlikd8XOHn.php' not found or unable to stat
[Mon Jan 05 03:42:08.839481 2026] [php:error] [pid 79574] [client 203.159.78.86:0] script '/domains/system_default/admin.php' not found or unable to stat, referer: https://www.google.fr/
[Mon Jan 05 03:42:08.982677 2026] [php:error] [pid 79586] [client 209.67.206.231:0] script '/domains/nmksgroupweb/cong.php' not found or unable to stat, referer: https://www.google.fr/
[Mon Jan 05 03:42:09.137777 2026] [php:error] [pid 79568] [client 4.197.179.74:0] script '/domains/system_default/ol.php' not found or unable to stat
[Mon Jan 05 03:42:09.179581 2026] [php:error] [pid 79574] [client 11.108.9.42:0] script '/domains/system_default/adminfuns.php' not found or unable to stat, referer: https://www.google.com/
[Mon Jan 05 03:42:09.358964 2026] [php:error] [pid 79574] [client 114.150.236.159:0] script '/domains/system_default/akc.php' not found or unable to stat, referer: https://www.google.com/
[Mon Jan 05 03:42:09.396640 2026] [php:error] [pid 79568] [client 4.197.179.74:0] script '/domains/system_default/class629.php' not found or unable to stat
[Mon Jan 05 03:42:09.458592 2026] [php:error] [pid 79586] [client 214.22.150.9:0] script '/domains/nmksgroupweb/db.php' not found or unable to stat, referer: https://www.yahoo.com/
[Mon Jan 05 03:42:09.529283 2026] [php:error] [pid 79574] [client 125.162.42.8:0] script '/domains/system_default/buy.php' not found or unable to stat, referer: https://duckduckgo.com/
[Mon Jan 05 03:42:09.598077 2026] [php:error] [pid 79568] [client 4.197.179.74:0] script '/domains/system_default/wp-lose.php' not found or unable to stat
[Mon Jan 05 03:42:09.696734 2026] [php:error] [pid 79586] [client 68.91.42.133:0] script '/domains/nmksgroupweb/dropdown.php' not found or unable to stat, referer: https://www.google.fr/
[Mon Jan 05 03:42:09.699940 2026] [php:error] [pid 79574] [client 111.221.174.245:0] script '/domains/system_default/cong.php' not found or unable to stat, referer: https://www.google.co.uk/
[Mon Jan 05 03:42:09.935428 2026] [php:error] [pid 79586] [client 128.91.74.230:0] script '/domains/nmksgroupweb/file.php' not found or unable to stat, referer: https://www.google.com/
[Mon Jan 05 03:42:09.935810 2026] [php:error] [pid 79568] [client 4.197.179.74:0] script '/domains/system_default/adminfuns.php' not found or unable to stat
[Mon Jan 05 03:42:10.040732 2026] [php:error] [pid 79574] [client 209.36.65.174:0] script '/domains/system_default/db.php' not found or unable to stat, referer: https://www.google.co.uk/
[Mon Jan 05 03:42:10.173650 2026] [php:error] [pid 79586] [client 149.24.220.95:0] script '/domains/nmksgroupweb/goods.php' not found or unable to stat, referer: https://www.google.com/
[Mon Jan 05 03:42:10.178077 2026] [php:error] [pid 79568] [client 4.197.179.74:0] script '/domains/system_default/321.php' not found or unable to stat
[Mon Jan 05 03:42:10.211112 2026] [php:error] [pid 79574] [client 162.81.163.183:0] script '/domains/system_default/dropdown.php' not found or unable to stat, referer: https://www.google.com/
[Mon Jan 05 03:42:10.381747 2026] [php:error] [pid 79574] [client 116.21.174.185:0] script '/domains/system_default/file.php' not found or unable to stat, referer: https://www.google.com/
[Mon Jan 05 03:42:10.393751 2026] [php:error] [pid 79568] [client 4.197.179.74:0] script '/domains/system_default/z60.php' not found or unable to stat
[Mon Jan 05 03:42:10.411797 2026] [php:error] [pid 79586] [client 132.232.55.200:0] script '/domains/nmksgroupweb/hplfuns.php' not found or unable to stat, referer: https://duckduckgo.com/
[Mon Jan 05 03:42:10.552205 2026] [php:error] [pid 79574] [client 67.16.168.161:0] script '/domains/system_default/goods.php' not found or unable to stat, referer: https://www.google.com/
[Mon Jan 05 03:42:10.611144 2026] [php:error] [pid 79568] [client 4.197.179.74:0] script '/domains/system_default/general-template.php' not found or unable to stat
[Mon Jan 05 03:42:10.649726 2026] [php:error] [pid 79586] [client 175.115.208.46:0] script '/domains/nmksgroupweb/htaccess.php' not found or unable to stat, referer: https://www.google.com/
[Mon Jan 05 03:42:10.723079 2026] [php:error] [pid 79574] [client 141.253.179.232:0] script '/domains/system_default/hplfuns.php' not found or unable to stat, referer: https://www.yahoo.com/
[Mon Jan 05 03:42:10.894304 2026] [php:error] [pid 79574] [client 52.122.141.127:0] script '/domains/system_default/htaccess.php' not found or unable to stat, referer: https://www.google.co.uk/
[Mon Jan 05 03:42:11.138490 2026] [php:error] [pid 79568] [client 4.197.179.74:0] script '/domains/system_default/load.php' not found or unable to stat
[Mon Jan 05 03:42:11.340348 2026] [php:error] [pid 79568] [client 4.197.179.74:0] script '/domains/system_default/4tBVafYN1Sb.php' not found or unable to stat
[Mon Jan 05 03:42:11.364503 2026] [php:error] [pid 79586] [client 215.130.9.150:0] script '/domains/nmksgroupweb/info.php' not found or unable to stat, referer: https://www.yahoo.com/
[Mon Jan 05 03:42:11.406916 2026] [php:error] [pid 79574] [client 74.168.126.199:0] script '/domains/system_default/info.php' not found or unable to stat, referer: https://www.bing.com/
[Mon Jan 05 03:42:11.549970 2026] [php:error] [pid 79568] [client 4.197.179.74:0] script '/domains/system_default/wp-mails.php' not found or unable to stat
[Mon Jan 05 03:42:11.577199 2026] [php:error] [pid 79574] [client 16.146.120.240:0] script '/domains/system_default/profile.php' not found or unable to stat, referer: https://www.yahoo.com/
[Mon Jan 05 03:42:11.602471 2026] [php:error] [pid 79586] [client 221.188.178.183:0] script '/domains/nmksgroupweb/profile.php' not found or unable to stat, referer: https://www.google.fr/
[Mon Jan 05 03:42:11.747639 2026] [php:error] [pid 79574] [client 209.226.50.119:0] script '/domains/system_default/sx.php' not found or unable to stat, referer: https://www.yahoo.com/
[Mon Jan 05 03:42:11.751364 2026] [php:error] [pid 79568] [client 4.197.179.74:0] script '/domains/system_default/blox.php' not found or unable to stat
[Mon Jan 05 03:42:11.840553 2026] [php:error] [pid 79586] [client 159.85.99.25:0] script '/domains/nmksgroupweb/sx.php' not found or unable to stat, referer: https://www.google.co.uk/
[Mon Jan 05 03:42:11.976376 2026] [php:error] [pid 79568] [client 4.197.179.74:0] script '/domains/system_default/wpc2.php' not found or unable to stat
[Mon Jan 05 03:42:12.178654 2026] [php:error] [pid 79568] [client 4.197.179.74:0] script '/domains/system_default/wp670.php' not found or unable to stat
[Mon Jan 05 03:42:12.596939 2026] [php:error] [pid 79568] [client 4.197.179.74:0] script '/domains/system_default/class-wpdb.php' not found or unable to stat
[Mon Jan 05 03:42:12.798303 2026] [php:error] [pid 79568] [client 4.197.179.74:0] script '/domains/system_default/core461.php' not found or unable to stat
[Mon Jan 05 03:42:13.299883 2026] [php:error] [pid 79568] [client 4.197.179.74:0] script '/domains/system_default/wp-x7.php' not found or unable to stat
[Mon Jan 05 03:42:13.503067 2026] [php:error] [pid 79568] [client 4.197.179.74:0] script '/domains/system_default/TXL82e.php' not found or unable to stat
[Mon Jan 05 03:42:13.706329 2026] [php:error] [pid 79568] [client 4.197.179.74:0] script '/domains/system_default/data_5dc22ab3.php' not found or unable to stat
[Mon Jan 05 03:42:14.153894 2026] [php:error] [pid 79568] [client 4.197.179.74:0] script '/domains/system_default/strift.php' not found or unable to stat
[Mon Jan 05 03:42:14.517058 2026] [php:error] [pid 79568] [client 4.197.179.74:0] script '/domains/system_default/jjhf.php' not found or unable to stat
[Mon Jan 05 03:42:15.069847 2026] [php:error] [pid 79568] [client 4.197.179.74:0] script '/domains/system_default/l10n.php' not found or unable to stat
[Mon Jan 05 03:42:15.279870 2026] [php:error] [pid 79568] [client 4.197.179.74:0] script '/domains/system_default/core885.php' not found or unable to stat
[Mon Jan 05 03:42:15.485186 2026] [php:error] [pid 79568] [client 4.197.179.74:0] script '/domains/system_default/yxr6m.php' not found or unable to stat
[Mon Jan 05 03:42:15.495222 2026] [php:error] [pid 79574] [client 151.49.177.186:0] script '/domains/system_default/wp-fclass.php' not found or unable to stat, referer: https://www.google.com/
[Mon Jan 05 03:42:15.723950 2026] [php:error] [pid 79568] [client 4.197.179.74:0] script '/domains/system_default/acxx.php' not found or unable to stat
[Mon Jan 05 03:42:15.935038 2026] [php:error] [pid 79568] [client 4.197.179.74:0] script '/domains/system_default/TPR9lLbsVBS.php' not found or unable to stat
[Mon Jan 05 03:42:16.323710 2026] [php:error] [pid 79568] [client 4.197.179.74:0] script '/domains/system_default/api137.php' not found or unable to stat
[Mon Jan 05 03:42:16.527106 2026] [php:error] [pid 79568] [client 4.197.179.74:0] script '/domains/system_default/lib068.php' not found or unable to stat
[Mon Jan 05 03:42:16.730586 2026] [php:error] [pid 79568] [client 4.197.179.74:0] script '/domains/system_default/edit.php' not found or unable to stat
[Mon Jan 05 03:42:17.052434 2026] [php:error] [pid 79568] [client 4.197.179.74:0] script '/domains/system_default/asus.php' not found or unable to stat
[Mon Jan 05 03:42:17.076494 2026] [php:error] [pid 79586] [client 214.240.229.65:0] script '/domains/nmksgroupweb/wp-fclass.php' not found or unable to stat, referer: https://www.google.de/
[Mon Jan 05 03:42:17.257759 2026] [php:error] [pid 79568] [client 4.197.179.74:0] script '/domains/system_default/index685.php' not found or unable to stat
[Mon Jan 05 03:42:17.593859 2026] [php:error] [pid 79568] [client 4.197.179.74:0] script '/domains/system_default/rest-api.php' not found or unable to stat
[Mon Jan 05 03:42:17.878684 2026] [php:error] [pid 79568] [client 4.197.179.74:0] script '/domains/system_default/feed.php' not found or unable to stat
[Mon Jan 05 03:42:18.080302 2026] [php:error] [pid 79568] [client 4.197.179.74:0] script '/domains/system_default/admin-bar.php' not found or unable to stat
[Mon Jan 05 03:42:18.281581 2026] [php:error] [pid 79568] [client 4.197.179.74:0] script '/domains/system_default/core928.php' not found or unable to stat
[Mon Jan 05 03:42:18.490661 2026] [php:error] [pid 79568] [client 4.197.179.74:0] script '/domains/system_default/raw.php' not found or unable to stat
[Mon Jan 05 03:42:18.727295 2026] [php:error] [pid 79568] [client 4.197.179.74:0] script '/domains/system_default/xxxl.php' not found or unable to stat
[Mon Jan 05 03:42:18.731333 2026] [php:error] [pid 79574] [client 130.242.165.130:0] script '/domains/system_default/wp-themes.php' not found or unable to stat, referer: https://duckduckgo.com/
[Mon Jan 05 03:42:18.907026 2026] [php:error] [pid 79574] [client 203.194.142.210:0] script '/domains/system_default/xmlrpc.php' not found or unable to stat, referer: https://www.google.de/
[Mon Jan 05 03:42:18.942264 2026] [php:error] [pid 79568] [client 4.197.179.74:0] script '/domains/system_default/lib182.php' not found or unable to stat
[Mon Jan 05 03:42:19.167519 2026] [php:error] [pid 79568] [client 4.197.179.74:0] script '/domains/system_default/data532.php' not found or unable to stat
[Mon Jan 05 03:42:19.394546 2026] [php:error] [pid 79568] [client 4.197.179.74:0] script '/domains/system_default/wp-yasd5m7afq.php' not found or unable to stat
[Mon Jan 05 03:42:19.597592 2026] [php:error] [pid 79568] [client 4.197.179.74:0] script '/domains/system_default/k.php' not found or unable to stat
[Mon Jan 05 03:42:19.980433 2026] [php:error] [pid 79568] [client 4.197.179.74:0] script '/domains/system_default/widgets.php' not found or unable to stat
[Mon Jan 05 03:42:20.186665 2026] [php:error] [pid 79568] [client 4.197.179.74:0] script '/domains/system_default/data225.php' not found or unable to stat
[Mon Jan 05 03:42:20.388330 2026] [php:error] [pid 79568] [client 4.197.179.74:0] script '/domains/system_default/fonts.php' not found or unable to stat
[Mon Jan 05 03:42:20.672197 2026] [php:error] [pid 79568] [client 4.197.179.74:0] script '/domains/system_default/cache795.php' not found or unable to stat
[Mon Jan 05 03:42:20.874142 2026] [php:error] [pid 79568] [client 4.197.179.74:0] script '/domains/system_default/index282.php' not found or unable to stat
[Mon Jan 05 03:42:21.078295 2026] [php:error] [pid 79568] [client 4.197.179.74:0] script '/domains/system_default/api986.php' not found or unable to stat
[Mon Jan 05 03:42:21.299011 2026] [php:error] [pid 79568] [client 4.197.179.74:0] script '/domains/system_default/nav-menu.php' not found or unable to stat
[Mon Jan 05 03:42:21.600589 2026] [php:error] [pid 79586] [client 38.119.15.125:0] script '/domains/nmksgroupweb/wp-themes.php' not found or unable to stat, referer: https://www.google.fr/
[Mon Jan 05 03:42:21.641457 2026] [php:error] [pid 79568] [client 4.197.179.74:0] script '/domains/system_default/out.php' not found or unable to stat
[Mon Jan 05 03:42:21.838986 2026] [php:error] [pid 79586] [client 134.182.123.193:0] script '/domains/nmksgroupweb/xmlrpc.php' not found or unable to stat, referer: https://www.google.de/
[Mon Jan 05 03:42:21.844863 2026] [php:error] [pid 79568] [client 4.197.179.74:0] script '/domains/system_default/t.php' not found or unable to stat
[Mon Jan 05 03:42:22.060749 2026] [php:error] [pid 79568] [client 4.197.179.74:0] script '/domains/system_default/ckv.php' not found or unable to stat
[Mon Jan 05 03:42:22.262651 2026] [php:error] [pid 79568] [client 4.197.179.74:0] script '/domains/system_default/pu1.php' not found or unable to stat
[Mon Jan 05 03:42:22.495556 2026] [php:error] [pid 79568] [client 4.197.179.74:0] script '/domains/system_default/k11dSQ.php' not found or unable to stat
[Mon Jan 05 03:42:22.698392 2026] [php:error] [pid 79568] [client 4.197.179.74:0] script '/domains/system_default/FII.php' not found or unable to stat
[Mon Jan 05 03:42:22.902860 2026] [php:error] [pid 79568] [client 4.197.179.74:0] script '/domains/system_default/d9.php' not found or unable to stat
[Mon Jan 05 03:42:23.105031 2026] [php:error] [pid 79568] [client 4.197.179.74:0] script '/domains/system_default/class-wp.php' not found or unable to stat
[Mon Jan 05 03:42:23.306795 2026] [php:error] [pid 79568] [client 4.197.179.74:0] script '/domains/system_default/admin836.php' not found or unable to stat
[Mon Jan 05 03:42:23.510771 2026] [php:error] [pid 79568] [client 4.197.179.74:0] script '/domains/system_default/1JkAg3.php' not found or unable to stat
[Mon Jan 05 03:42:23.721474 2026] [php:error] [pid 79568] [client 4.197.179.74:0] script '/domains/system_default/query.php' not found or unable to stat
[Mon Jan 05 03:42:23.937271 2026] [php:error] [pid 79568] [client 4.197.179.74:0] script '/domains/system_default/zz8.php' not found or unable to stat
[Mon Jan 05 03:42:24.139129 2026] [php:error] [pid 79568] [client 4.197.179.74:0] script '/domains/system_default/tin.php' not found or unable to stat
[Mon Jan 05 03:42:24.452304 2026] [php:error] [pid 79568] [client 4.197.179.74:0] script '/domains/system_default/helper766.php' not found or unable to stat
[Mon Jan 05 03:42:24.673955 2026] [php:error] [pid 79568] [client 4.197.179.74:0] script '/domains/system_default/lib751.php' not found or unable to stat
[Mon Jan 05 03:42:24.946563 2026] [php:error] [pid 79568] [client 4.197.179.74:0] script '/domains/system_default/data243.php' not found or unable to stat
[Mon Jan 05 03:42:25.148775 2026] [php:error] [pid 79568] [client 4.197.179.74:0] script '/domains/system_default/core990.php' not found or unable to stat
[Mon Jan 05 03:42:25.568445 2026] [php:error] [pid 79568] [client 4.197.179.74:0] script '/domains/system_default/akcc.php' not found or unable to stat
[Mon Jan 05 03:42:25.792737 2026] [php:error] [pid 79568] [client 4.197.179.74:0] script '/domains/system_default/bolt.php' not found or unable to stat
[Mon Jan 05 03:42:26.078183 2026] [php:error] [pid 79568] [client 4.197.179.74:0] script '/domains/system_default/config596.php' not found or unable to stat
[Mon Jan 05 03:42:26.295081 2026] [php:error] [pid 79568] [client 4.197.179.74:0] script '/domains/system_default/lib854.php' not found or unable to stat
[Mon Jan 05 03:42:26.497975 2026] [php:error] [pid 79568] [client 4.197.179.74:0] script '/domains/system_default/I3zu2h.php' not found or unable to stat
[Mon Jan 05 03:42:26.720378 2026] [php:error] [pid 79568] [client 4.197.179.74:0] script '/domains/system_default/helper043.php' not found or unable to stat
[Mon Jan 05 03:42:30.344375 2026] [php:error] [pid 79588] [client 210.209.199.255:0] script '/domains/system_suspended/ioxi-o.php' not found or unable to stat, referer: https://www.google.com/
[Mon Jan 05 03:42:30.524538 2026] [php:error] [pid 79588] [client 196.137.56.97:0] script '/domains/system_suspended/0x.php' not found or unable to stat, referer: https://www.yahoo.com/
[Mon Jan 05 03:42:30.704554 2026] [php:error] [pid 79588] [client 178.59.6.54:0] script '/domains/system_suspended/222.php' not found or unable to stat, referer: https://www.google.co.uk/
[Mon Jan 05 03:42:30.884417 2026] [php:error] [pid 79588] [client 80.24.158.139:0] script '/domains/system_suspended/aa.php' not found or unable to stat, referer: https://www.bing.com/
[Mon Jan 05 03:42:31.064968 2026] [php:error] [pid 79588] [client 137.7.235.236:0] script '/domains/system_suspended/abcd.php' not found or unable to stat, referer: https://www.yahoo.com/
[Mon Jan 05 03:42:31.245104 2026] [php:error] [pid 79588] [client 187.104.34.68:0] script '/domains/system_suspended/admin.php' not found or unable to stat, referer: https://duckduckgo.com/
[Mon Jan 05 03:42:31.606071 2026] [php:error] [pid 79588] [client 221.228.31.63:0] script '/domains/system_suspended/adminfuns.php' not found or unable to stat, referer: https://www.google.fr/
[Mon Jan 05 03:42:31.786178 2026] [php:error] [pid 79588] [client 141.9.199.199:0] script '/domains/system_suspended/akc.php' not found or unable to stat, referer: https://www.bing.com/
[Mon Jan 05 03:42:31.966146 2026] [php:error] [pid 79588] [client 182.131.12.41:0] script '/domains/system_suspended/buy.php' not found or unable to stat, referer: https://www.google.com/
[Mon Jan 05 03:42:32.146317 2026] [php:error] [pid 79588] [client 84.201.217.181:0] script '/domains/system_suspended/cong.php' not found or unable to stat, referer: https://www.bing.com/
[Mon Jan 05 03:42:32.507315 2026] [php:error] [pid 79588] [client 73.15.112.166:0] script '/domains/system_suspended/db.php' not found or unable to stat, referer: https://www.google.de/
[Mon Jan 05 03:42:32.688752 2026] [php:error] [pid 79588] [client 169.105.214.37:0] script '/domains/system_suspended/dropdown.php' not found or unable to stat, referer: https://www.google.fr/
[Mon Jan 05 03:42:32.870426 2026] [php:error] [pid 79588] [client 58.191.231.121:0] script '/domains/system_suspended/file.php' not found or unable to stat, referer: https://www.google.fr/
[Mon Jan 05 03:42:33.051142 2026] [php:error] [pid 79588] [client 78.36.9.212:0] script '/domains/system_suspended/goods.php' not found or unable to stat, referer: https://www.google.com/
[Mon Jan 05 03:42:33.231282 2026] [php:error] [pid 79588] [client 170.199.1.109:0] script '/domains/system_suspended/hplfuns.php' not found or unable to stat, referer: https://www.google.fr/
[Mon Jan 05 03:42:33.411388 2026] [php:error] [pid 79588] [client 113.66.130.109:0] script '/domains/system_suspended/htaccess.php' not found or unable to stat, referer: https://www.bing.com/
[Mon Jan 05 03:42:33.952171 2026] [php:error] [pid 79588] [client 150.11.166.53:0] script '/domains/system_suspended/info.php' not found or unable to stat, referer: https://duckduckgo.com/
[Mon Jan 05 03:42:34.134409 2026] [php:error] [pid 79588] [client 213.129.89.17:0] script '/domains/system_suspended/profile.php' not found or unable to stat, referer: https://www.google.com/
[Mon Jan 05 03:42:34.315245 2026] [php:error] [pid 79588] [client 72.226.211.45:0] script '/domains/system_suspended/sx.php' not found or unable to stat, referer: https://duckduckgo.com/
[Mon Jan 05 03:42:38.281491 2026] [php:error] [pid 79588] [client 228.15.221.49:0] script '/domains/system_suspended/wp-fclass.php' not found or unable to stat, referer: https://www.google.co.uk/
[Mon Jan 05 03:42:41.729338 2026] [php:error] [pid 79588] [client 115.228.223.96:0] script '/domains/system_suspended/wp-themes.php' not found or unable to stat, referer: https://www.yahoo.com/
[Mon Jan 05 03:42:41.925264 2026] [php:error] [pid 79588] [client 192.253.35.36:0] script '/domains/system_suspended/xmlrpc.php' not found or unable to stat, referer: https://www.google.com/
[Mon Jan 05 03:42:49.336395 2026] [php:error] [pid 79563] [client 1.9.93.32:0] script '/domains/system_cancel/a.php' not found or unable to stat, referer: https://www.google.de/
[Mon Jan 05 03:42:49.507500 2026] [php:error] [pid 79563] [client 198.226.128.6:0] script '/domains/system_cancel/aa.php' not found or unable to stat, referer: https://www.google.fr/
[Mon Jan 05 03:42:49.679064 2026] [php:error] [pid 79563] [client 211.14.90.10:0] script '/domains/system_cancel/abcd.php' not found or unable to stat, referer: https://www.bing.com/
[Mon Jan 05 03:42:49.850782 2026] [php:error] [pid 79563] [client 141.134.47.205:0] script '/domains/system_cancel/about.php' not found or unable to stat, referer: https://www.google.fr/
[Mon Jan 05 03:42:50.021221 2026] [php:error] [pid 79563] [client 191.193.121.34:0] script '/domains/system_cancel/admin.php' not found or unable to stat, referer: https://duckduckgo.com/
[Mon Jan 05 03:42:50.192759 2026] [php:error] [pid 79563] [client 22.117.130.141:0] script '/domains/system_cancel/admin-header.php' not found or unable to stat, referer: https://www.google.com/
[Mon Jan 05 03:42:50.363078 2026] [php:error] [pid 79563] [client 245.133.4.135:0] script '/domains/system_cancel/adminfuns.php' not found or unable to stat, referer: https://www.google.fr/
[Mon Jan 05 03:42:50.533511 2026] [php:error] [pid 79563] [client 41.168.200.151:0] script '/domains/system_cancel/ahax.php' not found or unable to stat, referer: https://www.google.co.uk/
[Mon Jan 05 03:42:50.703886 2026] [php:error] [pid 79563] [client 142.55.78.230:0] script '/domains/system_cancel/akcc.php' not found or unable to stat, referer: https://www.google.co.uk/
[Mon Jan 05 03:42:50.873978 2026] [php:error] [pid 79563] [client 156.2.186.125:0] script '/domains/system_cancel/alf.php' not found or unable to stat, referer: https://www.bing.com/
[Mon Jan 05 03:42:51.044007 2026] [php:error] [pid 79563] [client 64.249.104.63:0] script '/domains/system_cancel/alfa.php' not found or unable to stat, referer: https://www.google.de/
[Mon Jan 05 03:42:51.213987 2026] [php:error] [pid 79563] [client 123.162.17.87:0] script '/domains/system_cancel/alfashell.php' not found or unable to stat, referer: https://www.google.fr/
[Mon Jan 05 03:42:51.384590 2026] [php:error] [pid 79563] [client 52.59.169.31:0] script '/domains/system_cancel/api.php' not found or unable to stat, referer: https://www.bing.com/
[Mon Jan 05 03:42:51.554730 2026] [php:error] [pid 79563] [client 88.78.200.69:0] script '/domains/system_cancel/app.php' not found or unable to stat, referer: https://duckduckgo.com/
[Mon Jan 05 03:42:51.724772 2026] [php:error] [pid 79563] [client 223.214.13.112:0] script '/domains/system_cancel/as.php' not found or unable to stat, referer: https://www.google.de/
[Mon Jan 05 03:42:52.576982 2026] [php:error] [pid 79563] [client 220.41.219.101:0] script '/domains/system_cancel/c.php' not found or unable to stat, referer: https://www.google.co.uk/
[Mon Jan 05 03:42:52.747273 2026] [php:error] [pid 79563] [client 252.54.171.166:0] script '/domains/system_cancel/cc.php' not found or unable to stat, referer: https://www.bing.com/
[Mon Jan 05 03:42:52.917236 2026] [php:error] [pid 79563] [client 3.155.213.167:0] script '/domains/system_cancel/chosen.php' not found or unable to stat, referer: https://duckduckgo.com/
[Mon Jan 05 03:42:53.087341 2026] [php:error] [pid 79563] [client 49.48.252.189:0] script '/domains/system_cancel/classwithtostring.php' not found or unable to stat, referer: https://www.google.fr/
[Mon Jan 05 03:42:53.258616 2026] [php:error] [pid 79563] [client 236.37.75.186:0] script '/domains/system_cancel/config.php' not found or unable to stat, referer: https://www.bing.com/
[Mon Jan 05 03:42:53.430211 2026] [php:error] [pid 79563] [client 137.141.137.132:0] script '/domains/system_cancel/content.php' not found or unable to stat, referer: https://www.google.com/
[Mon Jan 05 03:42:53.600605 2026] [php:error] [pid 79563] [client 142.160.216.212:0] script '/domains/system_cancel/dropdown.php' not found or unable to stat, referer: https://www.google.com/
[Mon Jan 05 03:42:53.770819 2026] [php:error] [pid 79563] [client 194.59.255.206:0] script '/domains/system_cancel/edit.php' not found or unable to stat, referer: https://www.google.co.uk/
[Mon Jan 05 03:42:53.941581 2026] [php:error] [pid 79563] [client 138.61.82.250:0] script '/domains/system_cancel/ee.php' not found or unable to stat, referer: https://duckduckgo.com/
[Mon Jan 05 03:42:54.419018 2026] [php:error] [pid 79598] [client 172.190.142.176:0] script '/domains/rainho/css.php' not found or unable to stat
[Mon Jan 05 03:42:54.423083 2026] [php:error] [pid 79598] [client 172.190.142.176:0] script '/domains/rainho/ups.php' not found or unable to stat
