[Mon Jan 05 02:34:21.509729 2026] [php:error] [pid 66730] [client 79.186.109.104:0] script '/domains/system_default/info.php' not found or unable to stat, referer: https://duckduckgo.com/
[Mon Jan 05 02:34:21.748947 2026] [php:error] [pid 66730] [client 28.247.7.77:0] script '/domains/system_default/as.php' not found or unable to stat, referer: https://www.google.fr/
[Mon Jan 05 02:34:21.987890 2026] [php:error] [pid 66730] [client 143.150.131.179:0] script '/domains/system_default/aw.php' not found or unable to stat, referer: https://www.google.fr/
[Mon Jan 05 02:34:22.226329 2026] [php:error] [pid 66730] [client 108.220.195.124:0] script '/domains/system_default/bb.php' not found or unable to stat, referer: https://www.bing.com/
[Mon Jan 05 02:34:22.464601 2026] [php:error] [pid 66730] [client 254.93.196.120:0] script '/domains/system_default/about.php' not found or unable to stat, referer: https://www.google.com/
[Mon Jan 05 02:34:22.703231 2026] [php:error] [pid 66730] [client 19.77.97.247:0] script '/domains/system_default/222.php' not found or unable to stat, referer: https://duckduckgo.com/
[Mon Jan 05 02:34:22.941535 2026] [php:error] [pid 66730] [client 75.83.152.75:0] script '/domains/system_default/test1.php' not found or unable to stat, referer: https://duckduckgo.com/
[Mon Jan 05 02:34:23.179846 2026] [php:error] [pid 66730] [client 33.46.231.223:0] script '/domains/system_default/classwithtostring.php' not found or unable to stat, referer: https://www.yahoo.com/
[Mon Jan 05 02:34:23.656625 2026] [php:error] [pid 66730] [client 20.245.61.78:0] script '/domains/system_default/fx.php' not found or unable to stat, referer: https://www.google.de/
[Mon Jan 05 02:34:23.894699 2026] [php:error] [pid 66730] [client 81.40.101.23:0] script '/domains/system_default/gelay.php' not found or unable to stat, referer: https://www.google.fr/
[Mon Jan 05 02:34:24.132827 2026] [php:error] [pid 66730] [client 169.190.73.48:0] script '/domains/system_default/god4m.php' not found or unable to stat, referer: https://www.google.de/
[Mon Jan 05 02:34:24.371292 2026] [php:error] [pid 66730] [client 214.229.26.248:0] script '/domains/system_default/mari.php' not found or unable to stat, referer: https://www.bing.com/
[Mon Jan 05 02:34:24.610723 2026] [php:error] [pid 66730] [client 239.50.170.31:0] script '/domains/system_default/moon.php' not found or unable to stat, referer: https://www.google.co.uk/
[Mon Jan 05 02:34:24.849107 2026] [php:error] [pid 66730] [client 251.39.171.185:0] script '/domains/system_default/o.php' not found or unable to stat, referer: https://duckduckgo.com/
[Mon Jan 05 02:34:25.087443 2026] [php:error] [pid 66730] [client 179.59.84.244:0] script '/domains/system_default/tmp.php' not found or unable to stat, referer: https://www.bing.com/
[Mon Jan 05 02:34:27.762430 2026] [php:error] [pid 66729] [client 216.244.66.232:0] script '/domains/hdickens.enteract/kmnj.php' not found or unable to stat
[Mon Jan 05 02:34:29.408316 2026] [php:error] [pid 66723] [client 216.244.66.232:0] script '/domains/hdickens.enteract/kmnj.php' not found or unable to stat
[Mon Jan 05 02:34:31.023925 2026] [php:error] [pid 66692] [client 216.244.66.232:0] script '/domains/hdickens.enteract/kmnj.php' not found or unable to stat
[Mon Jan 05 02:34:32.036118 2026] [php:error] [pid 66729] [client 216.244.66.232:0] script '/domains/hdickens.enteract/kmnj.php' not found or unable to stat
[Mon Jan 05 02:34:33.057660 2026] [php:error] [pid 66692] [client 216.244.66.232:0] script '/domains/hdickens.enteract/kmnj.php' not found or unable to stat
[Mon Jan 05 02:35:44.332077 2026] [php:error] [pid 66738] [client 145.239.10.137:0] script '/domains/system_default/ca.php' not found or unable to stat, referer: http://tupafilms.com/ca.php
[Mon Jan 05 02:38:25.576195 2026] [php:error] [pid 66781] [client 8.245.30.171:0] script '/domains/system_cancel/adminfuns.php' not found or unable to stat, referer: https://www.yahoo.com/
[Mon Jan 05 02:38:27.883193 2026] [php:error] [pid 66781] [client 57.137.107.185:0] script '/domains/system_cancel/index.php' not found or unable to stat, referer: https://www.google.com/
[Mon Jan 05 02:38:53.036814 2026] [php:error] [pid 66804] [client 172.190.142.176:0] script '/domains/bels/css.php' not found or unable to stat
[Mon Jan 05 02:38:53.274540 2026] [php:error] [pid 66804] [client 172.190.142.176:0] script '/domains/bels/ups.php' not found or unable to stat
[Mon Jan 05 02:38:53.281353 2026] [php:error] [pid 66804] [client 172.190.142.176:0] script '/domains/bels/xzs.php' not found or unable to stat
[Mon Jan 05 02:38:53.613045 2026] [php:error] [pid 66804] [client 172.190.142.176:0] script '/domains/bels/ma.php' not found or unable to stat
[Mon Jan 05 02:38:53.624455 2026] [php:error] [pid 66804] [client 172.190.142.176:0] script '/domains/bels/ws35.php' not found or unable to stat
[Mon Jan 05 02:38:53.632124 2026] [php:error] [pid 66804] [client 172.190.142.176:0] script '/domains/bels/xa.php' not found or unable to stat
[Mon Jan 05 02:38:53.673425 2026] [php:error] [pid 66804] [client 172.190.142.176:0] script '/domains/bels/f35.php' not found or unable to stat
[Mon Jan 05 02:38:53.791415 2026] [php:error] [pid 66804] [client 172.190.142.176:0] script '/domains/bels/f8.php' not found or unable to stat
[Mon Jan 05 02:38:53.959879 2026] [php:error] [pid 66804] [client 172.190.142.176:0] script '/domains/bels/ws28.php' not found or unable to stat
[Mon Jan 05 02:38:54.274444 2026] [php:error] [pid 66804] [client 172.190.142.176:0] script '/domains/bels/wp-good.php' not found or unable to stat
[Mon Jan 05 02:38:54.791487 2026] [php:error] [pid 66804] [client 172.190.142.176:0] script '/domains/bels/wen.php' not found or unable to stat
[Mon Jan 05 02:38:54.795336 2026] [php:error] [pid 66804] [client 172.190.142.176:0] script '/domains/bels/oo.php' not found or unable to stat
[Mon Jan 05 02:38:54.858862 2026] [php:error] [pid 66804] [client 172.190.142.176:0] script '/domains/bels/as.php' not found or unable to stat
[Mon Jan 05 02:38:54.863373 2026] [php:error] [pid 66804] [client 172.190.142.176:0] script '/domains/bels/lisa.php' not found or unable to stat
[Mon Jan 05 02:38:54.867125 2026] [php:error] [pid 66804] [client 172.190.142.176:0] script '/domains/bels/000.php' not found or unable to stat
[Mon Jan 05 02:38:55.054912 2026] [php:error] [pid 66804] [client 172.190.142.176:0] script '/domains/bels/xxxx.php' not found or unable to stat
[Mon Jan 05 02:38:55.060038 2026] [php:error] [pid 66804] [client 172.190.142.176:0] script '/domains/bels/bless14.php' not found or unable to stat
[Mon Jan 05 02:38:55.064052 2026] [php:error] [pid 66804] [client 172.190.142.176:0] script '/domains/bels/87.php' not found or unable to stat
[Mon Jan 05 02:38:55.068131 2026] [php:error] [pid 66804] [client 172.190.142.176:0] script '/domains/bels/nox.php' not found or unable to stat
[Mon Jan 05 02:38:55.072027 2026] [php:error] [pid 66804] [client 172.190.142.176:0] script '/domains/bels/mini.php' not found or unable to stat
[Mon Jan 05 02:38:55.211221 2026] [php:error] [pid 66804] [client 172.190.142.176:0] script '/domains/bels/acwfihfh.php' not found or unable to stat
[Mon Jan 05 02:38:55.418803 2026] [php:error] [pid 66804] [client 172.190.142.176:0] script '/domains/bels/bras.php' not found or unable to stat
[Mon Jan 05 02:38:55.435354 2026] [php:error] [pid 66804] [client 172.190.142.176:0] script '/domains/bels/an8.php' not found or unable to stat
[Mon Jan 05 02:38:55.439165 2026] [php:error] [pid 66804] [client 172.190.142.176:0] script '/domains/bels/esp.php' not found or unable to stat
[Mon Jan 05 02:38:55.504914 2026] [php:error] [pid 66804] [client 172.190.142.176:0] script '/domains/bels/21x.php' not found or unable to stat
[Mon Jan 05 02:38:55.512888 2026] [php:error] [pid 66804] [client 172.190.142.176:0] script '/domains/bels/out.php' not found or unable to stat
[Mon Jan 05 02:38:55.621365 2026] [php:error] [pid 66804] [client 172.190.142.176:0] script '/domains/bels/flower2.php' not found or unable to stat
[Mon Jan 05 02:38:55.758897 2026] [php:error] [pid 66804] [client 172.190.142.176:0] script '/domains/bels/family.php' not found or unable to stat
[Mon Jan 05 02:38:55.832966 2026] [php:error] [pid 66804] [client 172.190.142.176:0] script '/domains/bels/asf.php' not found or unable to stat
[Mon Jan 05 02:38:55.836691 2026] [php:error] [pid 66804] [client 172.190.142.176:0] script '/domains/bels/lanz.php' not found or unable to stat
[Mon Jan 05 02:38:55.840526 2026] [php:error] [pid 66804] [client 172.190.142.176:0] script '/domains/bels/xeeex.php' not found or unable to stat
[Mon Jan 05 02:38:55.844515 2026] [php:error] [pid 66804] [client 172.190.142.176:0] script '/domains/bels/tons.php' not found or unable to stat
[Mon Jan 05 02:38:55.848475 2026] [php:error] [pid 66804] [client 172.190.142.176:0] script '/domains/bels/wpup.php' not found or unable to stat
[Mon Jan 05 02:38:55.852487 2026] [php:error] [pid 66804] [client 172.190.142.176:0] script '/domains/bels/f2f.php' not found or unable to stat
[Mon Jan 05 02:38:55.856228 2026] [php:error] [pid 66804] [client 172.190.142.176:0] script '/domains/bels/ths.php' not found or unable to stat
[Mon Jan 05 02:38:55.860331 2026] [php:error] [pid 66804] [client 172.190.142.176:0] script '/domains/bels/amax.php' not found or unable to stat
[Mon Jan 05 02:38:55.971924 2026] [php:error] [pid 66804] [client 172.190.142.176:0] script '/domains/bels/file17.php' not found or unable to stat
[Mon Jan 05 02:38:56.061689 2026] [php:error] [pid 66804] [client 172.190.142.176:0] script '/domains/bels/z57.php' not found or unable to stat
[Mon Jan 05 02:38:56.114026 2026] [php:error] [pid 66804] [client 172.190.142.176:0] script '/domains/bels/o2.php' not found or unable to stat
[Mon Jan 05 02:38:56.229046 2026] [php:error] [pid 66804] [client 172.190.142.176:0] script '/domains/bels/nae.php' not found or unable to stat
[Mon Jan 05 02:38:56.234370 2026] [php:error] [pid 66804] [client 172.190.142.176:0] script '/domains/bels/eru.php' not found or unable to stat
[Mon Jan 05 02:38:56.325144 2026] [php:error] [pid 66804] [client 172.190.142.176:0] script '/domains/bels/JPG.php' not found or unable to stat
[Mon Jan 05 02:38:56.491606 2026] [php:error] [pid 66804] [client 172.190.142.176:0] script '/domains/bels/wsz.php' not found or unable to stat
[Mon Jan 05 02:38:56.832947 2026] [php:error] [pid 66804] [client 172.190.142.176:0] script '/domains/bels/lok.php' not found or unable to stat
[Mon Jan 05 02:38:56.904561 2026] [php:error] [pid 66804] [client 172.190.142.176:0] script '/domains/bels/wan.php' not found or unable to stat
[Mon Jan 05 02:38:56.944839 2026] [php:error] [pid 66804] [client 172.190.142.176:0] script '/domains/bels/dds.php' not found or unable to stat
[Mon Jan 05 02:38:56.986634 2026] [php:error] [pid 66804] [client 172.190.142.176:0] script '/domains/bels/yyy.php' not found or unable to stat
[Mon Jan 05 02:38:56.990717 2026] [php:error] [pid 66804] [client 172.190.142.176:0] script '/domains/bels/h8h9.php' not found or unable to stat
[Mon Jan 05 02:38:56.994424 2026] [php:error] [pid 66804] [client 172.190.142.176:0] script '/domains/bels/past.php' not found or unable to stat
[Mon Jan 05 02:38:56.998482 2026] [php:error] [pid 66804] [client 172.190.142.176:0] script '/domains/bels/vxrl.php' not found or unable to stat
[Mon Jan 05 02:38:57.002097 2026] [php:error] [pid 66804] [client 172.190.142.176:0] script '/domains/bels/new4.php' not found or unable to stat
[Mon Jan 05 02:38:57.006080 2026] [php:error] [pid 66804] [client 172.190.142.176:0] script '/domains/bels/berm.php' not found or unable to stat
[Mon Jan 05 02:38:57.025863 2026] [php:error] [pid 66804] [client 172.190.142.176:0] script '/domains/bels/led.php' not found or unable to stat
[Mon Jan 05 02:38:57.052757 2026] [php:error] [pid 66804] [client 172.190.142.176:0] script '/domains/bels/pn.php' not found or unable to stat
[Mon Jan 05 02:38:57.063242 2026] [php:error] [pid 66804] [client 172.190.142.176:0] script '/domains/bels/7f8c8.php' not found or unable to stat
[Mon Jan 05 02:38:57.067762 2026] [php:error] [pid 66804] [client 172.190.142.176:0] script '/domains/bels/tua.php' not found or unable to stat
[Mon Jan 05 02:38:57.432274 2026] [php:error] [pid 66804] [client 172.190.142.176:0] script '/domains/bels/class-db.php' not found or unable to stat
[Mon Jan 05 02:38:57.437939 2026] [php:error] [pid 66804] [client 172.190.142.176:0] script '/domains/bels/set.php' not found or unable to stat
[Mon Jan 05 02:38:57.443020 2026] [php:error] [pid 66804] [client 172.190.142.176:0] script '/domains/bels/gmo.php' not found or unable to stat
[Mon Jan 05 02:38:57.593455 2026] [php:error] [pid 66804] [client 172.190.142.176:0] script '/domains/bels/dox.php' not found or unable to stat
[Mon Jan 05 02:38:57.651980 2026] [php:error] [pid 66804] [client 172.190.142.176:0] script '/domains/bels/155.php' not found or unable to stat
[Mon Jan 05 02:38:57.722365 2026] [php:error] [pid 66804] [client 172.190.142.176:0] script '/domains/bels/zil.php' not found or unable to stat
[Mon Jan 05 02:38:57.807681 2026] [php:error] [pid 66804] [client 172.190.142.176:0] script '/domains/bels/l.php' not found or unable to stat
[Mon Jan 05 02:38:58.186406 2026] [php:error] [pid 66804] [client 172.190.142.176:0] script '/domains/bels/Eva.php' not found or unable to stat
[Mon Jan 05 02:38:58.383133 2026] [php:error] [pid 66804] [client 172.190.142.176:0] script '/domains/bels/dop.php' not found or unable to stat
[Mon Jan 05 02:38:58.420848 2026] [php:error] [pid 66804] [client 172.190.142.176:0] script '/domains/bels/ula.php' not found or unable to stat
[Mon Jan 05 02:38:58.431790 2026] [php:error] [pid 66804] [client 172.190.142.176:0] script '/domains/bels/n3.php' not found or unable to stat
[Mon Jan 05 02:38:58.436568 2026] [php:error] [pid 66804] [client 172.190.142.176:0] script '/domains/bels/card.php' not found or unable to stat
[Mon Jan 05 02:38:58.441059 2026] [php:error] [pid 66804] [client 172.190.142.176:0] script '/domains/bels/hum.php' not found or unable to stat
[Mon Jan 05 02:38:58.461983 2026] [php:error] [pid 66804] [client 172.190.142.176:0] script '/domains/bels/bq.php' not found or unable to stat
[Mon Jan 05 02:38:58.682367 2026] [php:error] [pid 66804] [client 172.190.142.176:0] script '/domains/bels/wp-xm.php' not found or unable to stat
[Mon Jan 05 02:38:58.686191 2026] [php:error] [pid 66804] [client 172.190.142.176:0] script '/domains/bels/n1.php' not found or unable to stat
[Mon Jan 05 02:38:58.692538 2026] [php:error] [pid 66804] [client 172.190.142.176:0] script '/domains/bels/73106.php' not found or unable to stat
[Mon Jan 05 02:38:58.692951 2026] [php:error] [pid 66790] [client 4.241.216.217:0] script '/domains/pbuilder/smklh.php' not found or unable to stat
[Mon Jan 05 02:38:58.700174 2026] [php:error] [pid 66804] [client 172.190.142.176:0] script '/domains/bels/dom.php' not found or unable to stat
[Mon Jan 05 02:38:58.703804 2026] [php:error] [pid 66804] [client 172.190.142.176:0] script '/domains/bels/gg.php' not found or unable to stat
[Mon Jan 05 02:38:58.850596 2026] [php:error] [pid 66790] [client 4.241.216.217:0] script '/domains/pbuilder/rzki.php' not found or unable to stat
[Mon Jan 05 02:38:59.091496 2026] [php:error] [pid 66804] [client 172.190.142.176:0] script '/domains/bels/1254.php' not found or unable to stat
[Mon Jan 05 02:38:59.110738 2026] [php:error] [pid 66790] [client 4.241.216.217:0] script '/domains/pbuilder/oysdxc.php' not found or unable to stat
[Mon Jan 05 02:38:59.127172 2026] [php:error] [pid 66804] [client 172.190.142.176:0] script '/domains/bels/gib.php' not found or unable to stat
[Mon Jan 05 02:38:59.153275 2026] [php:error] [pid 66804] [client 172.190.142.176:0] script '/domains/bels/hob.php' not found or unable to stat
[Mon Jan 05 02:38:59.157402 2026] [php:error] [pid 66804] [client 172.190.142.176:0] script '/domains/bels/poj.php' not found or unable to stat
[Mon Jan 05 02:38:59.229995 2026] [php:error] [pid 66804] [client 172.190.142.176:0] script '/domains/bels/.an5.php' not found or unable to stat
[Mon Jan 05 02:38:59.294993 2026] [php:error] [pid 66790] [client 4.241.216.217:0] script '/domains/pbuilder/xopvne.php' not found or unable to stat
[Mon Jan 05 02:38:59.453295 2026] [php:error] [pid 66790] [client 4.241.216.217:0] script '/domains/pbuilder/moie.php' not found or unable to stat
[Mon Jan 05 02:38:59.512863 2026] [php:error] [pid 66804] [client 172.190.142.176:0] script '/domains/bels/re.php' not found or unable to stat
[Mon Jan 05 02:38:59.528692 2026] [php:error] [pid 66804] [client 172.190.142.176:0] script '/domains/bels/twso.php' not found or unable to stat
[Mon Jan 05 02:38:59.612028 2026] [php:error] [pid 66790] [client 4.241.216.217:0] script '/domains/pbuilder/hilk.php' not found or unable to stat
[Mon Jan 05 02:38:59.659328 2026] [php:error] [pid 66804] [client 172.190.142.176:0] script '/domains/bels/pes.php' not found or unable to stat
[Mon Jan 05 02:38:59.707595 2026] [php:error] [pid 66804] [client 172.190.142.176:0] script '/domains/bels/file30.php' not found or unable to stat
[Mon Jan 05 02:38:59.711405 2026] [php:error] [pid 66804] [client 172.190.142.176:0] script '/domains/bels/wp-cliner.php' not found or unable to stat
[Mon Jan 05 02:38:59.715364 2026] [php:error] [pid 66804] [client 172.190.142.176:0] script '/domains/bels/kdrex.php' not found or unable to stat
[Mon Jan 05 02:38:59.769626 2026] [php:error] [pid 66790] [client 4.241.216.217:0] script '/domains/pbuilder/gm.php' not found or unable to stat
[Mon Jan 05 02:38:59.931893 2026] [php:error] [pid 66804] [client 172.190.142.176:0] script '/domains/bels/bypltspd.php' not found or unable to stat
[Mon Jan 05 02:38:59.936945 2026] [php:error] [pid 66804] [client 172.190.142.176:0] script '/domains/bels/a2.php' not found or unable to stat
[Mon Jan 05 02:38:59.941436 2026] [php:error] [pid 66804] [client 172.190.142.176:0] script '/domains/bels/moo.php' not found or unable to stat
[Mon Jan 05 02:38:59.945424 2026] [php:error] [pid 66804] [client 172.190.142.176:0] script '/domains/bels/haf.php' not found or unable to stat
[Mon Jan 05 02:38:59.949171 2026] [php:error] [pid 66804] [client 172.190.142.176:0] script '/domains/bels/ave.php' not found or unable to stat
[Mon Jan 05 02:38:59.952871 2026] [php:error] [pid 66804] [client 172.190.142.176:0] script '/domains/bels/sec.php' not found or unable to stat
[Mon Jan 05 02:38:59.958780 2026] [php:error] [pid 66804] [client 172.190.142.176:0] script '/domains/bels/gul.php' not found or unable to stat
[Mon Jan 05 02:38:59.967672 2026] [php:error] [pid 66790] [client 4.241.216.217:0] script '/domains/pbuilder/iko.php' not found or unable to stat
[Mon Jan 05 02:39:00.002082 2026] [php:error] [pid 66804] [client 172.190.142.176:0] script '/domains/bels/1a.php' not found or unable to stat
[Mon Jan 05 02:39:00.005835 2026] [php:error] [pid 66804] [client 172.190.142.176:0] script '/domains/bels/nbr.php' not found or unable to stat
[Mon Jan 05 02:39:00.125966 2026] [php:error] [pid 66790] [client 4.241.216.217:0] script '/domains/pbuilder/hlonk.php' not found or unable to stat
[Mon Jan 05 02:39:00.161167 2026] [php:error] [pid 66804] [client 172.190.142.176:0] script '/domains/bels/2index.php' not found or unable to stat
[Mon Jan 05 02:39:00.219697 2026] [php:error] [pid 66804] [client 172.190.142.176:0] script '/domains/bels/file4.php' not found or unable to stat
[Mon Jan 05 02:39:00.223492 2026] [php:error] [pid 66804] [client 172.190.142.176:0] script '/domains/bels/awh77.php' not found or unable to stat
[Mon Jan 05 02:39:00.293477 2026] [php:error] [pid 66790] [client 4.241.216.217:0] script '/domains/pbuilder/sagym.php' not found or unable to stat
[Mon Jan 05 02:39:00.454667 2026] [php:error] [pid 66790] [client 4.241.216.217:0] script '/domains/pbuilder/qvaaq.php' not found or unable to stat
[Mon Jan 05 02:39:00.626121 2026] [php:error] [pid 66790] [client 4.241.216.217:0] script '/domains/pbuilder/content.php' not found or unable to stat
[Mon Jan 05 02:39:00.760230 2026] [php:error] [pid 66802] [client 172.190.142.176:0] script '/domains/bels/xxx.php' not found or unable to stat
[Mon Jan 05 02:39:00.891088 2026] [php:error] [pid 66802] [client 172.190.142.176:0] script '/domains/bels/sow.php' not found or unable to stat
[Mon Jan 05 02:39:01.011038 2026] [php:error] [pid 66790] [client 4.241.216.217:0] script '/domains/pbuilder/gi.php' not found or unable to stat
[Mon Jan 05 02:39:01.055452 2026] [php:error] [pid 66802] [client 172.190.142.176:0] script '/domains/bels/hgm.php' not found or unable to stat
[Mon Jan 05 02:39:01.356983 2026] [php:error] [pid 66790] [client 4.241.216.217:0] script '/domains/pbuilder/ccou.php' not found or unable to stat
[Mon Jan 05 02:39:01.514658 2026] [php:error] [pid 66790] [client 4.241.216.217:0] script '/domains/pbuilder/wp-freya.php' not found or unable to stat
[Mon Jan 05 02:39:01.539534 2026] [php:error] [pid 66802] [client 172.190.142.176:0] script '/domains/bels/agdew.php' not found or unable to stat
[Mon Jan 05 02:39:01.554236 2026] [php:error] [pid 66802] [client 172.190.142.176:0] script '/domains/bels/ker.php' not found or unable to stat
[Mon Jan 05 02:39:01.558444 2026] [php:error] [pid 66802] [client 172.190.142.176:0] script '/domains/bels/efa4f.php' not found or unable to stat
[Mon Jan 05 02:39:01.672509 2026] [php:error] [pid 66790] [client 4.241.216.217:0] script '/domains/pbuilder/frg.php' not found or unable to stat
[Mon Jan 05 02:39:02.002657 2026] [php:error] [pid 66790] [client 4.241.216.217:0] script '/domains/pbuilder/hly.php' not found or unable to stat
[Mon Jan 05 02:39:02.059554 2026] [php:error] [pid 66802] [client 172.190.142.176:0] script '/domains/bels/zuk.php' not found or unable to stat
[Mon Jan 05 02:39:02.249224 2026] [php:error] [pid 66790] [client 4.241.216.217:0] script '/domains/pbuilder/to.php' not found or unable to stat
[Mon Jan 05 02:39:02.407441 2026] [php:error] [pid 66790] [client 4.241.216.217:0] script '/domains/pbuilder/v2.php' not found or unable to stat
[Mon Jan 05 02:39:02.502369 2026] [php:error] [pid 66802] [client 172.190.142.176:0] script '/domains/bels/tro.php' not found or unable to stat
[Mon Jan 05 02:39:02.506192 2026] [php:error] [pid 66802] [client 172.190.142.176:0] script '/domains/bels/skj.php' not found or unable to stat
[Mon Jan 05 02:39:02.565240 2026] [php:error] [pid 66790] [client 4.241.216.217:0] script '/domains/pbuilder/class-.php' not found or unable to stat
[Mon Jan 05 02:39:02.723074 2026] [php:error] [pid 66790] [client 4.241.216.217:0] script '/domains/pbuilder/fso.php' not found or unable to stat
[Mon Jan 05 02:39:02.800765 2026] [php:error] [pid 66802] [client 172.190.142.176:0] script '/domains/bels/aol7.php' not found or unable to stat
[Mon Jan 05 02:39:02.804659 2026] [php:error] [pid 66802] [client 172.190.142.176:0] script '/domains/bels/ad24f.php' not found or unable to stat
[Mon Jan 05 02:39:02.853090 2026] [php:error] [pid 66802] [client 172.190.142.176:0] script '/domains/bels/waff.php' not found or unable to stat
[Mon Jan 05 02:39:02.879539 2026] [php:error] [pid 66802] [client 172.190.142.176:0] script '/domains/bels/klwc.php' not found or unable to stat
[Mon Jan 05 02:39:02.880498 2026] [php:error] [pid 66790] [client 4.241.216.217:0] script '/domains/pbuilder/nox.php' not found or unable to stat
[Mon Jan 05 02:39:02.967206 2026] [php:error] [pid 66802] [client 172.190.142.176:0] script '/domains/bels/zeal.php' not found or unable to stat
[Mon Jan 05 02:39:02.973669 2026] [php:error] [pid 66802] [client 172.190.142.176:0] script '/domains/bels/shop.php' not found or unable to stat
[Mon Jan 05 02:39:02.979355 2026] [php:error] [pid 66802] [client 172.190.142.176:0] script '/domains/bels/app.php' not found or unable to stat
[Mon Jan 05 02:39:03.035547 2026] [php:error] [pid 66802] [client 172.190.142.176:0] script '/domains/bels/33.php' not found or unable to stat
[Mon Jan 05 02:39:03.095877 2026] [php:error] [pid 66802] [client 172.190.142.176:0] script '/domains/bels/xc.php' not found or unable to stat
[Mon Jan 05 02:39:03.141449 2026] [php:error] [pid 66802] [client 172.190.142.176:0] script '/domains/bels/co.php' not found or unable to stat
[Mon Jan 05 02:39:03.152584 2026] [php:error] [pid 66790] [client 4.241.216.217:0] script '/domains/pbuilder/fdd2.php' not found or unable to stat
[Mon Jan 05 02:39:03.186702 2026] [php:error] [pid 66802] [client 172.190.142.176:0] script '/domains/bels/wui.php' not found or unable to stat
[Mon Jan 05 02:39:03.190378 2026] [php:error] [pid 66802] [client 172.190.142.176:0] script '/domains/bels/des.php' not found or unable to stat
[Mon Jan 05 02:39:03.193952 2026] [php:error] [pid 66802] [client 172.190.142.176:0] script '/domains/bels/ryuk.php' not found or unable to stat
[Mon Jan 05 02:39:03.197492 2026] [php:error] [pid 66802] [client 172.190.142.176:0] script '/domains/bels/zoro.php' not found or unable to stat
[Mon Jan 05 02:39:03.201179 2026] [php:error] [pid 66802] [client 172.190.142.176:0] script '/domains/bels/kal.php' not found or unable to stat
[Mon Jan 05 02:39:03.289330 2026] [php:error] [pid 66802] [client 172.190.142.176:0] script '/domains/bels/0.php' not found or unable to stat
[Mon Jan 05 02:39:03.293260 2026] [php:error] [pid 66802] [client 172.190.142.176:0] script '/domains/bels/racs3.php' not found or unable to stat
[Mon Jan 05 02:39:03.438811 2026] [php:error] [pid 66790] [client 4.241.216.217:0] script '/domains/pbuilder/aQw.php' not found or unable to stat
[Mon Jan 05 02:39:03.567572 2026] [php:error] [pid 66802] [client 172.190.142.176:0] script '/domains/bels/ed35f.php' not found or unable to stat
[Mon Jan 05 02:39:03.571328 2026] [php:error] [pid 66802] [client 172.190.142.176:0] script '/domains/bels/fresh3.php' not found or unable to stat
[Mon Jan 05 02:39:03.574911 2026] [php:error] [pid 66802] [client 172.190.142.176:0] script '/domains/bels/nope.php' not found or unable to stat
[Mon Jan 05 02:39:03.578626 2026] [php:error] [pid 66802] [client 172.190.142.176:0] script '/domains/bels/hey.php' not found or unable to stat
[Mon Jan 05 02:39:03.582871 2026] [php:error] [pid 66802] [client 172.190.142.176:0] script '/domains/bels/suy.php' not found or unable to stat
[Mon Jan 05 02:39:03.586414 2026] [php:error] [pid 66802] [client 172.190.142.176:0] script '/domains/bels/giclass.php' not found or unable to stat
[Mon Jan 05 02:39:03.590161 2026] [php:error] [pid 66802] [client 172.190.142.176:0] script '/domains/bels/exhitrgp.php' not found or unable to stat
[Mon Jan 05 02:39:03.593949 2026] [php:error] [pid 66802] [client 172.190.142.176:0] script '/domains/bels/nas.php' not found or unable to stat
[Mon Jan 05 02:39:03.596351 2026] [php:error] [pid 66790] [client 4.241.216.217:0] script '/domains/pbuilder/rh.php' not found or unable to stat
[Mon Jan 05 02:39:03.597570 2026] [php:error] [pid 66802] [client 172.190.142.176:0] script '/domains/bels/reyha.php' not found or unable to stat
[Mon Jan 05 02:39:03.601195 2026] [php:error] [pid 66802] [client 172.190.142.176:0] script '/domains/bels/shorw.php' not found or unable to stat
[Mon Jan 05 02:39:03.605392 2026] [php:error] [pid 66802] [client 172.190.142.176:0] script '/domains/bels/law.php' not found or unable to stat
[Mon Jan 05 02:39:03.609263 2026] [php:error] [pid 66802] [client 172.190.142.176:0] script '/domains/bels/admi.php' not found or unable to stat
[Mon Jan 05 02:39:03.612814 2026] [php:error] [pid 66802] [client 172.190.142.176:0] script '/domains/bels/nok.php' not found or unable to stat
[Mon Jan 05 02:39:03.757370 2026] [php:error] [pid 66790] [client 4.241.216.217:0] script '/domains/pbuilder/sto.php' not found or unable to stat
[Mon Jan 05 02:39:03.915696 2026] [php:error] [pid 66790] [client 4.241.216.217:0] script '/domains/pbuilder/bipas.php' not found or unable to stat
[Mon Jan 05 02:39:03.977861 2026] [php:error] [pid 66802] [client 172.190.142.176:0] script '/domains/bels/c451f.php' not found or unable to stat
[Mon Jan 05 02:39:03.981645 2026] [php:error] [pid 66802] [client 172.190.142.176:0] script '/domains/bels/zasd.php' not found or unable to stat
[Mon Jan 05 02:39:03.985809 2026] [php:error] [pid 66802] [client 172.190.142.176:0] script '/domains/bels/xml.php' not found or unable to stat
[Mon Jan 05 02:39:03.989604 2026] [php:error] [pid 66802] [client 172.190.142.176:0] script '/domains/bels/fs.php' not found or unable to stat
[Mon Jan 05 02:39:03.993217 2026] [php:error] [pid 66802] [client 172.190.142.176:0] script '/domains/bels/zcxb.php' not found or unable to stat
[Mon Jan 05 02:39:04.076018 2026] [php:error] [pid 66790] [client 4.241.216.217:0] script '/domains/pbuilder/xaz.php' not found or unable to stat
[Mon Jan 05 02:39:04.139794 2026] [php:error] [pid 66802] [client 172.190.142.176:0] script '/domains/bels/thoms.php' not found or unable to stat
[Mon Jan 05 02:39:04.235358 2026] [php:error] [pid 66802] [client 172.190.142.176:0] script '/domains/bels/ink.php' not found or unable to stat
[Mon Jan 05 02:39:04.241259 2026] [php:error] [pid 66790] [client 4.241.216.217:0] script '/domains/pbuilder/conte.php' not found or unable to stat
[Mon Jan 05 02:39:04.246021 2026] [php:error] [pid 66802] [client 172.190.142.176:0] script '/domains/bels/wpc1.php' not found or unable to stat
[Mon Jan 05 02:39:04.345163 2026] [php:error] [pid 66802] [client 172.190.142.176:0] script '/domains/bels/G6.php' not found or unable to stat
[Mon Jan 05 02:39:04.349482 2026] [php:error] [pid 66802] [client 172.190.142.176:0] script '/domains/bels/xrp.php' not found or unable to stat
[Mon Jan 05 02:39:04.398606 2026] [php:error] [pid 66790] [client 4.241.216.217:0] script '/domains/pbuilder/lopst.php' not found or unable to stat
[Mon Jan 05 02:39:04.828141 2026] [php:error] [pid 66802] [client 172.190.142.176:0] script '/domains/bels/xex.php' not found or unable to stat
[Mon Jan 05 02:39:04.831841 2026] [php:error] [pid 66802] [client 172.190.142.176:0] script '/domains/bels/log.php' not found or unable to stat
[Mon Jan 05 02:39:04.853586 2026] [php:error] [pid 66802] [client 172.190.142.176:0] script '/domains/bels/tarc.php' not found or unable to stat
[Mon Jan 05 02:39:04.857136 2026] [php:error] [pid 66802] [client 172.190.142.176:0] script '/domains/bels/wpls.php' not found or unable to stat
[Mon Jan 05 02:39:04.858438 2026] [php:error] [pid 66790] [client 4.241.216.217:0] script '/domains/pbuilder/xv.php' not found or unable to stat
[Mon Jan 05 02:39:04.885509 2026] [php:error] [pid 66802] [client 172.190.142.176:0] script '/domains/bels/lov.php' not found or unable to stat
[Mon Jan 05 02:39:05.015892 2026] [php:error] [pid 66790] [client 4.241.216.217:0] script '/domains/pbuilder/ixj.php' not found or unable to stat
[Mon Jan 05 02:39:05.036966 2026] [php:error] [pid 66802] [client 172.190.142.176:0] script '/domains/bels/ppp.php' not found or unable to stat
[Mon Jan 05 02:39:05.421416 2026] [php:error] [pid 66802] [client 172.190.142.176:0] script '/domains/bels/aaa.php' not found or unable to stat
[Mon Jan 05 02:39:05.425079 2026] [php:error] [pid 66802] [client 172.190.142.176:0] script '/domains/bels/wto.php' not found or unable to stat
[Mon Jan 05 02:39:05.504909 2026] [php:error] [pid 66790] [client 4.241.216.217:0] script '/domains/pbuilder/nansa.php' not found or unable to stat
[Mon Jan 05 02:39:05.548875 2026] [php:error] [pid 66802] [client 172.190.142.176:0] script '/domains/bels/num.php' not found or unable to stat
[Mon Jan 05 02:39:05.559979 2026] [php:error] [pid 66802] [client 172.190.142.176:0] script '/domains/bels/tech5pr.php' not found or unable to stat
[Mon Jan 05 02:39:05.563695 2026] [php:error] [pid 66802] [client 172.190.142.176:0] script '/domains/bels/sty.php' not found or unable to stat
[Mon Jan 05 02:39:05.622202 2026] [php:error] [pid 66802] [client 172.190.142.176:0] script '/domains/bels/nc.php' not found or unable to stat
[Mon Jan 05 02:39:05.641468 2026] [php:error] [pid 66802] [client 172.190.142.176:0] script '/domains/bels/144.php' not found or unable to stat
[Mon Jan 05 02:39:05.662591 2026] [php:error] [pid 66790] [client 4.241.216.217:0] script '/domains/pbuilder/gecko.php' not found or unable to stat
[Mon Jan 05 02:39:05.665048 2026] [php:error] [pid 66802] [client 172.190.142.176:0] script '/domains/bels/sko.php' not found or unable to stat
[Mon Jan 05 02:39:05.729696 2026] [php:error] [pid 66802] [client 172.190.142.176:0] script '/domains/bels/pp.php' not found or unable to stat
[Mon Jan 05 02:39:05.806678 2026] [php:error] [pid 66802] [client 172.190.142.176:0] script '/domains/bels/skk.php' not found or unable to stat
[Mon Jan 05 02:39:05.820055 2026] [php:error] [pid 66790] [client 4.241.216.217:0] script '/domains/pbuilder/blurbs.php' not found or unable to stat
[Mon Jan 05 02:39:06.007400 2026] [php:error] [pid 66802] [client 172.190.142.176:0] script '/domains/bels/testas.php' not found or unable to stat
[Mon Jan 05 02:39:06.013299 2026] [php:error] [pid 66790] [client 4.241.216.217:0] script '/domains/pbuilder/18299.php' not found or unable to stat
[Mon Jan 05 02:39:06.187596 2026] [php:error] [pid 66802] [client 172.190.142.176:0] script '/domains/bels/ma1.php' not found or unable to stat
[Mon Jan 05 02:39:06.199486 2026] [php:error] [pid 66790] [client 4.241.216.217:0] script '/domains/pbuilder/wl.php' not found or unable to stat
[Mon Jan 05 02:39:06.304063 2026] [php:error] [pid 66802] [client 172.190.142.176:0] script '/domains/bels/loi.php' not found or unable to stat
[Mon Jan 05 02:39:06.358057 2026] [php:error] [pid 66790] [client 4.241.216.217:0] script '/domains/pbuilder/xsas.php' not found or unable to stat
[Mon Jan 05 02:39:06.460040 2026] [php:error] [pid 66802] [client 172.190.142.176:0] script '/domains/bels/wolv2.php' not found or unable to stat
[Mon Jan 05 02:39:06.515687 2026] [php:error] [pid 66790] [client 4.241.216.217:0] script '/domains/pbuilder/pn.php' not found or unable to stat
[Mon Jan 05 02:39:06.565464 2026] [php:error] [pid 66802] [client 172.190.142.176:0] script '/domains/bels/fe5.php' not found or unable to stat
[Mon Jan 05 02:39:06.673874 2026] [php:error] [pid 66790] [client 4.241.216.217:0] script '/domains/pbuilder/x50.php' not found or unable to stat
[Mon Jan 05 02:39:06.717699 2026] [php:error] [pid 66802] [client 172.190.142.176:0] script '/domains/bels/4ff11.php' not found or unable to stat
[Mon Jan 05 02:39:06.857235 2026] [php:error] [pid 66790] [client 4.241.216.217:0] script '/domains/pbuilder/ant.php' not found or unable to stat
[Mon Jan 05 02:39:06.886783 2026] [php:error] [pid 66802] [client 172.190.142.176:0] script '/domains/bels/kla.php' not found or unable to stat
[Mon Jan 05 02:39:06.924424 2026] [php:error] [pid 66802] [client 172.190.142.176:0] script '/domains/bels/hzz.php' not found or unable to stat
[Mon Jan 05 02:39:06.928753 2026] [php:error] [pid 66802] [client 172.190.142.176:0] script '/domains/bels/mtvcrew.php' not found or unable to stat
[Mon Jan 05 02:39:06.932474 2026] [php:error] [pid 66802] [client 172.190.142.176:0] script '/domains/bels/z58.php' not found or unable to stat
[Mon Jan 05 02:39:06.936042 2026] [php:error] [pid 66802] [client 172.190.142.176:0] script '/domains/bels/wle.php' not found or unable to stat
[Mon Jan 05 02:39:06.999626 2026] [php:error] [pid 66802] [client 172.190.142.176:0] script '/domains/bels/09fa6.php' not found or unable to stat
[Mon Jan 05 02:39:07.014607 2026] [php:error] [pid 66790] [client 4.241.216.217:0] script '/domains/pbuilder/show.php' not found or unable to stat
[Mon Jan 05 02:39:07.046015 2026] [php:error] [pid 66802] [client 172.190.142.176:0] script '/domains/bels/89.php' not found or unable to stat
[Mon Jan 05 02:39:07.053334 2026] [php:error] [pid 66802] [client 172.190.142.176:0] script '/domains/bels/tox.php' not found or unable to stat
[Mon Jan 05 02:39:07.074002 2026] [php:error] [pid 66802] [client 172.190.142.176:0] script '/domains/bels/has.php' not found or unable to stat
[Mon Jan 05 02:39:07.086491 2026] [php:error] [pid 66802] [client 172.190.142.176:0] script '/domains/bels/nax.php' not found or unable to stat
[Mon Jan 05 02:39:07.090160 2026] [php:error] [pid 66802] [client 172.190.142.176:0] script '/domains/bels/ooj.php' not found or unable to stat
[Mon Jan 05 02:39:07.093671 2026] [php:error] [pid 66802] [client 172.190.142.176:0] script '/domains/bels/orm.php' not found or unable to stat
[Mon Jan 05 02:39:07.097151 2026] [php:error] [pid 66802] [client 172.190.142.176:0] script '/domains/bels/mo.php' not found or unable to stat
[Mon Jan 05 02:39:07.100707 2026] [php:error] [pid 66802] [client 172.190.142.176:0] script '/domains/bels/yep.php' not found or unable to stat
[Mon Jan 05 02:39:07.104209 2026] [php:error] [pid 66802] [client 172.190.142.176:0] script '/domains/bels/x3.php' not found or unable to stat
[Mon Jan 05 02:39:07.107757 2026] [php:error] [pid 66802] [client 172.190.142.176:0] script '/domains/bels/6erg.php' not found or unable to stat
[Mon Jan 05 02:39:07.111355 2026] [php:error] [pid 66802] [client 172.190.142.176:0] script '/domains/bels/ggfi.php' not found or unable to stat
[Mon Jan 05 02:39:07.173238 2026] [php:error] [pid 66790] [client 4.241.216.217:0] script '/domains/pbuilder/cro.php' not found or unable to stat
[Mon Jan 05 02:39:07.204074 2026] [php:error] [pid 66802] [client 172.190.142.176:0] script '/domains/bels/wrt.php' not found or unable to stat
[Mon Jan 05 02:39:07.236754 2026] [php:error] [pid 66802] [client 172.190.142.176:0] script '/domains/bels/acp.php' not found or unable to stat
[Mon Jan 05 02:39:07.300496 2026] [php:error] [pid 66802] [client 172.190.142.176:0] script '/domains/bels/jju.php' not found or unable to stat
[Mon Jan 05 02:39:07.304328 2026] [php:error] [pid 66802] [client 172.190.142.176:0] script '/domains/bels/rsnu.php' not found or unable to stat
[Mon Jan 05 02:39:07.307892 2026] [php:error] [pid 66802] [client 172.190.142.176:0] script '/domains/bels/ffile.php' not found or unable to stat
[Mon Jan 05 02:39:07.312838 2026] [php:error] [pid 66802] [client 172.190.142.176:0] script '/domains/bels/222.php' not found or unable to stat
[Mon Jan 05 02:39:07.316593 2026] [php:error] [pid 66802] [client 172.190.142.176:0] script '/domains/bels/shell.php' not found or unable to stat
[Mon Jan 05 02:39:07.326889 2026] [php:error] [pid 66802] [client 172.190.142.176:0] script '/domains/bels/CLA.php' not found or unable to stat
[Mon Jan 05 02:39:07.333709 2026] [php:error] [pid 66790] [client 4.241.216.217:0] script '/domains/pbuilder/wo.php' not found or unable to stat
[Mon Jan 05 02:39:07.491474 2026] [php:error] [pid 66790] [client 4.241.216.217:0] script '/domains/pbuilder/shoyo.php' not found or unable to stat
[Mon Jan 05 02:39:07.629977 2026] [php:error] [pid 66802] [client 172.190.142.176:0] script '/domains/bels/lol.php' not found or unable to stat
[Mon Jan 05 02:39:07.643165 2026] [php:error] [pid 66802] [client 172.190.142.176:0] script '/domains/bels/bolt.php' not found or unable to stat
[Mon Jan 05 02:39:07.648804 2026] [php:error] [pid 66790] [client 4.241.216.217:0] script '/domains/pbuilder/qqq.php' not found or unable to stat
[Mon Jan 05 02:39:07.681263 2026] [php:error] [pid 66802] [client 172.190.142.176:0] script '/domains/bels/cccc.php' not found or unable to stat
[Mon Jan 05 02:39:07.760900 2026] [php:error] [pid 66807] [client 172.190.142.176:0] script '/domains/bels/zwq.php' not found or unable to stat
[Mon Jan 05 02:39:07.765084 2026] [php:error] [pid 66807] [client 172.190.142.176:0] script '/domains/bels/x.php' not found or unable to stat
[Mon Jan 05 02:39:07.769580 2026] [php:error] [pid 66807] [client 172.190.142.176:0] script '/domains/bels/xx.php' not found or unable to stat
[Mon Jan 05 02:39:07.774248 2026] [php:error] [pid 66807] [client 172.190.142.176:0] script '/domains/bels/ana.php' not found or unable to stat
[Mon Jan 05 02:39:07.807456 2026] [php:error] [pid 66790] [client 4.241.216.217:0] script '/domains/pbuilder/ccou.php' not found or unable to stat
[Mon Jan 05 02:39:07.892913 2026] [php:error] [pid 66807] [client 172.190.142.176:0] script '/domains/bels/1aa.php' not found or unable to stat
[Mon Jan 05 02:39:07.899959 2026] [php:error] [pid 66807] [client 172.190.142.176:0] script '/domains/bels/she.php' not found or unable to stat
[Mon Jan 05 02:39:07.904038 2026] [php:error] [pid 66807] [client 172.190.142.176:0] script '/domains/bels/vx.php' not found or unable to stat
[Mon Jan 05 02:39:07.908100 2026] [php:error] [pid 66807] [client 172.190.142.176:0] script '/domains/bels/excel.php' not found or unable to stat
[Mon Jan 05 02:39:07.912151 2026] [php:error] [pid 66807] [client 172.190.142.176:0] script '/domains/bels/ar.php' not found or unable to stat
[Mon Jan 05 02:39:07.964834 2026] [php:error] [pid 66790] [client 4.241.216.217:0] script '/domains/pbuilder/fz.php' not found or unable to stat
[Mon Jan 05 02:39:07.990699 2026] [php:error] [pid 66807] [client 172.190.142.176:0] script '/domains/bels/ap.php' not found or unable to stat
[Mon Jan 05 02:39:07.995430 2026] [php:error] [pid 66807] [client 172.190.142.176:0] script '/domains/bels/nc4.php' not found or unable to stat
[Mon Jan 05 02:39:08.001988 2026] [php:error] [pid 66807] [client 172.190.142.176:0] script '/domains/bels/love.php' not found or unable to stat
[Mon Jan 05 02:39:08.006391 2026] [php:error] [pid 66807] [client 172.190.142.176:0] script '/domains/bels/wso3.php' not found or unable to stat
[Mon Jan 05 02:39:08.010574 2026] [php:error] [pid 66807] [client 172.190.142.176:0] script '/domains/bels/x7.php' not found or unable to stat
[Mon Jan 05 02:39:08.029609 2026] [php:error] [pid 66807] [client 172.190.142.176:0] script '/domains/bels/xxl.php' not found or unable to stat
[Mon Jan 05 02:39:08.033810 2026] [php:error] [pid 66807] [client 172.190.142.176:0] script '/domains/bels/s.php' not found or unable to stat
[Mon Jan 05 02:39:08.037909 2026] [php:error] [pid 66807] [client 172.190.142.176:0] script '/domains/bels/t.php' not found or unable to stat
[Mon Jan 05 02:39:08.055337 2026] [php:error] [pid 66807] [client 172.190.142.176:0] script '/domains/bels/lc.php' not found or unable to stat
[Mon Jan 05 02:39:08.059702 2026] [php:error] [pid 66807] [client 172.190.142.176:0] script '/domains/bels/gfile.php' not found or unable to stat
[Mon Jan 05 02:39:08.063892 2026] [php:error] [pid 66807] [client 172.190.142.176:0] script '/domains/bels/gold.php' not found or unable to stat
[Mon Jan 05 02:39:08.130014 2026] [php:error] [pid 66790] [client 4.241.216.217:0] script '/domains/pbuilder/congab.php' not found or unable to stat
[Mon Jan 05 02:39:08.301161 2026] [php:error] [pid 66790] [client 4.241.216.217:0] script '/domains/pbuilder/fv.php' not found or unable to stat
[Mon Jan 05 02:39:08.457890 2026] [php:error] [pid 66807] [client 172.190.142.176:0] script '/domains/bels/aua.php' not found or unable to stat
[Mon Jan 05 02:39:08.458478 2026] [php:error] [pid 66790] [client 4.241.216.217:0] script '/domains/pbuilder/X7x.php' not found or unable to stat
[Mon Jan 05 02:39:08.588207 2026] [php:error] [pid 66807] [client 172.190.142.176:0] script '/domains/bels/Sanskrit.php' not found or unable to stat
[Mon Jan 05 02:39:08.592403 2026] [php:error] [pid 66807] [client 172.190.142.176:0] script '/domains/bels/great.php' not found or unable to stat
[Mon Jan 05 02:39:08.596566 2026] [php:error] [pid 66807] [client 172.190.142.176:0] script '/domains/bels/class9.php' not found or unable to stat
[Mon Jan 05 02:39:08.601822 2026] [php:error] [pid 66807] [client 172.190.142.176:0] script '/domains/bels/pass.php' not found or unable to stat
[Mon Jan 05 02:39:08.605931 2026] [php:error] [pid 66807] [client 172.190.142.176:0] script '/domains/bels/ot.php' not found or unable to stat
[Mon Jan 05 02:39:08.622766 2026] [php:error] [pid 66790] [client 4.241.216.217:0] script '/domains/pbuilder/xvent.php' not found or unable to stat
[Mon Jan 05 02:39:08.781486 2026] [php:error] [pid 66790] [client 4.241.216.217:0] script '/domains/pbuilder/zeu.php' not found or unable to stat
[Mon Jan 05 02:39:08.831928 2026] [php:error] [pid 66807] [client 172.190.142.176:0] script '/domains/bels/witmm.php' not found or unable to stat
[Mon Jan 05 02:39:08.940277 2026] [php:error] [pid 66790] [client 4.241.216.217:0] script '/domains/pbuilder/jatuh.php' not found or unable to stat
[Mon Jan 05 02:39:09.101085 2026] [php:error] [pid 66790] [client 4.241.216.217:0] script '/domains/pbuilder/as.php' not found or unable to stat
[Mon Jan 05 02:39:09.196487 2026] [php:error] [pid 66807] [client 172.190.142.176:0] script '/domains/bels/rxzx.php' not found or unable to stat
[Mon Jan 05 02:39:09.260065 2026] [php:error] [pid 66790] [client 4.241.216.217:0] script '/domains/pbuilder/0o0.php' not found or unable to stat
[Mon Jan 05 02:39:09.382501 2026] [php:error] [pid 66807] [client 172.190.142.176:0] script '/domains/bels/ocxla.php' not found or unable to stat
[Mon Jan 05 02:39:09.565964 2026] [php:error] [pid 66807] [client 172.190.142.176:0] script '/domains/bels/tt.php' not found or unable to stat
[Mon Jan 05 02:39:09.566551 2026] [php:error] [pid 66790] [client 4.241.216.217:0] script '/domains/pbuilder/mans.php' not found or unable to stat
[Mon Jan 05 02:39:09.695660 2026] [php:error] [pid 66807] [client 172.190.142.176:0] script '/domains/bels/jga.php' not found or unable to stat
[Mon Jan 05 02:39:09.699918 2026] [php:error] [pid 66807] [client 172.190.142.176:0] script '/domains/bels/resp.php' not found or unable to stat
[Mon Jan 05 02:39:09.726960 2026] [php:error] [pid 66790] [client 4.241.216.217:0] script '/domains/pbuilder/info.php' not found or unable to stat
[Mon Jan 05 02:39:10.019830 2026] [php:error] [pid 66807] [client 172.190.142.176:0] script '/domains/bels/100.kb.php' not found or unable to stat
[Mon Jan 05 02:39:10.024154 2026] [php:error] [pid 66807] [client 172.190.142.176:0] script '/domains/bels/gec.php' not found or unable to stat
[Mon Jan 05 02:39:10.028256 2026] [php:error] [pid 66807] [client 172.190.142.176:0] script '/domains/bels/wqqs.php' not found or unable to stat
[Mon Jan 05 02:39:10.034101 2026] [php:error] [pid 66807] [client 172.190.142.176:0] script '/domains/bels/zwq13.php' not found or unable to stat
[Mon Jan 05 02:39:10.038302 2026] [php:error] [pid 66807] [client 172.190.142.176:0] script '/domains/bels/rtx.php' not found or unable to stat
[Mon Jan 05 02:39:10.080747 2026] [php:error] [pid 66790] [client 4.241.216.217:0] script '/domains/pbuilder/efsd.php' not found or unable to stat
[Mon Jan 05 02:39:10.140538 2026] [php:error] [pid 66807] [client 172.190.142.176:0] script '/domains/bels/1index.php' not found or unable to stat
[Mon Jan 05 02:39:10.181413 2026] [php:error] [pid 66807] [client 172.190.142.176:0] script '/domains/bels/fs6.php' not found or unable to stat
[Mon Jan 05 02:39:10.185534 2026] [php:error] [pid 66807] [client 172.190.142.176:0] script '/domains/bels/byp.php' not found or unable to stat
[Mon Jan 05 02:39:10.252720 2026] [php:error] [pid 66790] [client 4.241.216.217:0] script '/domains/pbuilder/w1w.php' not found or unable to stat
[Mon Jan 05 02:39:10.414027 2026] [php:error] [pid 66790] [client 4.241.216.217:0] script '/domains/pbuilder/up4.php' not found or unable to stat
[Mon Jan 05 02:39:10.462547 2026] [php:error] [pid 66807] [client 172.190.142.176:0] script '/domains/bels/byp8.php' not found or unable to stat
[Mon Jan 05 02:39:10.577740 2026] [php:error] [pid 66790] [client 4.241.216.217:0] script '/domains/pbuilder/galex.php' not found or unable to stat
[Mon Jan 05 02:39:10.735305 2026] [php:error] [pid 66790] [client 4.241.216.217:0] script '/domains/pbuilder/file48.php' not found or unable to stat
[Mon Jan 05 02:39:10.853731 2026] [php:error] [pid 66807] [client 172.190.142.176:0] script '/domains/bels/clasa99.php' not found or unable to stat
[Mon Jan 05 02:39:10.861160 2026] [php:error] [pid 66807] [client 172.190.142.176:0] script '/domains/bels/fasx.php' not found or unable to stat
[Mon Jan 05 02:39:10.865559 2026] [php:error] [pid 66807] [client 172.190.142.176:0] script '/domains/bels/moon3.php' not found or unable to stat
[Mon Jan 05 02:39:10.887267 2026] [php:error] [pid 66807] [client 172.190.142.176:0] script '/domains/bels/X7x.php' not found or unable to stat
[Mon Jan 05 02:39:10.892408 2026] [php:error] [pid 66807] [client 172.190.142.176:0] script '/domains/bels/c4.php' not found or unable to stat
[Mon Jan 05 02:39:10.911365 2026] [php:error] [pid 66790] [client 4.241.216.217:0] script '/domains/pbuilder/hans.php' not found or unable to stat
[Mon Jan 05 02:39:10.920316 2026] [php:error] [pid 66807] [client 172.190.142.176:0] script '/domains/bels/Ov-Simple1.php' not found or unable to stat
[Mon Jan 05 02:39:11.069070 2026] [php:error] [pid 66790] [client 4.241.216.217:0] script '/domains/pbuilder/kairolin.php' not found or unable to stat
[Mon Jan 05 02:39:11.607047 2026] [php:error] [pid 66790] [client 4.241.216.217:0] script '/domains/pbuilder/z60.php' not found or unable to stat
[Mon Jan 05 02:39:12.181662 2026] [php:error] [pid 66790] [client 4.241.216.217:0] script '/domains/pbuilder/9v6.php' not found or unable to stat
[Mon Jan 05 02:39:12.341109 2026] [php:error] [pid 66790] [client 4.241.216.217:0] script '/domains/pbuilder/ma.php' not found or unable to stat
[Mon Jan 05 02:39:12.512131 2026] [php:error] [pid 66790] [client 4.241.216.217:0] script '/domains/pbuilder/zozla.php' not found or unable to stat
[Mon Jan 05 02:39:12.703090 2026] [php:error] [pid 66790] [client 4.241.216.217:0] script '/domains/pbuilder/class9.php' not found or unable to stat
[Mon Jan 05 02:39:12.861142 2026] [php:error] [pid 66790] [client 4.241.216.217:0] script '/domains/pbuilder/ctex1.php' not found or unable to stat
