[Mon Jan 05 03:22:21.487783 2026] [php:error] [pid 79333] [client 229.135.165.103:0] script '/domains/system_suspended/info.php' not found or unable to stat, referer: https://www.google.com/
[Mon Jan 05 03:22:21.651760 2026] [php:error] [pid 79333] [client 246.240.42.9:0] script '/domains/system_suspended/ioxi-o.php' not found or unable to stat, referer: https://www.google.co.uk/
[Mon Jan 05 03:22:21.797138 2026] [php:error] [pid 79342] [client 163.219.131.16:0] script '/domains/tinatina/hplfuns.php' not found or unable to stat, referer: https://www.google.fr/
[Mon Jan 05 03:22:21.815845 2026] [php:error] [pid 79333] [client 244.234.26.184:0] script '/domains/system_suspended/k.php' not found or unable to stat, referer: https://www.google.fr/
[Mon Jan 05 03:22:21.980534 2026] [php:error] [pid 79333] [client 24.196.53.41:0] script '/domains/system_suspended/link.php' not found or unable to stat, referer: https://www.yahoo.com/
[Mon Jan 05 03:22:22.144158 2026] [php:error] [pid 79333] [client 201.234.87.115:0] script '/domains/system_suspended/man.php' not found or unable to stat, referer: https://www.google.de/
[Mon Jan 05 03:22:22.257614 2026] [php:error] [pid 79342] [client 62.10.38.98:0] script '/domains/tinatina/htaccess.php' not found or unable to stat, referer: https://www.google.com/
[Mon Jan 05 03:22:22.308191 2026] [php:error] [pid 79333] [client 238.164.39.243:0] script '/domains/system_suspended/mini.php' not found or unable to stat, referer: https://www.yahoo.com/
[Mon Jan 05 03:22:22.471787 2026] [php:error] [pid 79333] [client 229.142.86.169:0] script '/domains/system_suspended/new.php' not found or unable to stat, referer: https://www.google.com/
[Mon Jan 05 03:22:22.635502 2026] [php:error] [pid 79333] [client 64.70.108.216:0] script '/domains/system_suspended/num.php' not found or unable to stat, referer: https://www.bing.com/
[Mon Jan 05 03:22:22.720538 2026] [php:error] [pid 79342] [client 95.165.172.93:0] script '/domains/tinatina/images/wso.php' not found or unable to stat, referer: https://www.yahoo.com/
[Mon Jan 05 03:22:22.799162 2026] [php:error] [pid 79333] [client 85.108.14.102:0] script '/domains/system_suspended/root.php' not found or unable to stat, referer: https://www.bing.com/
[Mon Jan 05 03:22:22.962519 2026] [php:error] [pid 79333] [client 87.108.30.7:0] script '/domains/system_suspended/shell.php' not found or unable to stat, referer: https://duckduckgo.com/
[Mon Jan 05 03:22:23.126111 2026] [php:error] [pid 79333] [client 71.181.135.222:0] script '/domains/system_suspended/system.php' not found or unable to stat, referer: https://www.google.fr/
[Mon Jan 05 03:22:23.290616 2026] [php:error] [pid 79333] [client 243.212.189.75:0] script '/domains/system_suspended/termps.php' not found or unable to stat, referer: https://www.google.fr/
[Mon Jan 05 03:22:23.455028 2026] [php:error] [pid 79333] [client 147.79.48.85:0] script '/domains/system_suspended/test.php' not found or unable to stat, referer: https://www.yahoo.com/
[Mon Jan 05 03:22:23.618417 2026] [php:error] [pid 79333] [client 23.139.214.193:0] script '/domains/system_suspended/tiny.php' not found or unable to stat, referer: https://www.yahoo.com/
[Mon Jan 05 03:22:23.638931 2026] [php:error] [pid 79342] [client 149.247.154.191:0] script '/domains/tinatina/info.php' not found or unable to stat, referer: https://www.google.co.uk/
[Mon Jan 05 03:22:23.781829 2026] [php:error] [pid 79333] [client 9.200.208.168:0] script '/domains/system_suspended/user.php' not found or unable to stat, referer: https://www.google.com/
[Mon Jan 05 03:22:23.945485 2026] [php:error] [pid 79333] [client 143.147.167.55:0] script '/domains/system_suspended/vx.php' not found or unable to stat, referer: https://www.google.com/
[Mon Jan 05 03:22:24.098052 2026] [php:error] [pid 79342] [client 76.188.16.195:0] script '/domains/tinatina/profile.php' not found or unable to stat, referer: https://www.google.fr/
[Mon Jan 05 03:22:24.109013 2026] [php:error] [pid 79333] [client 41.226.114.69:0] script '/domains/system_suspended/wp-admin.php' not found or unable to stat, referer: https://www.yahoo.com/
[Mon Jan 05 03:22:24.273540 2026] [php:error] [pid 79333] [client 89.46.67.10:0] script '/domains/system_suspended/wp-blog.php' not found or unable to stat, referer: https://www.google.co.uk/
[Mon Jan 05 03:22:24.437397 2026] [php:error] [pid 79333] [client 70.109.112.239:0] script '/domains/system_suspended/wp-good.php' not found or unable to stat, referer: https://www.google.com/
[Mon Jan 05 03:22:24.557150 2026] [php:error] [pid 79342] [client 170.136.144.80:0] script '/domains/tinatina/sx.php' not found or unable to stat, referer: https://www.google.fr/
[Mon Jan 05 03:22:24.600972 2026] [php:error] [pid 79333] [client 3.227.233.1:0] script '/domains/system_suspended/wp-include.php' not found or unable to stat, referer: https://www.google.fr/
[Mon Jan 05 03:22:24.764926 2026] [php:error] [pid 79333] [client 2.40.209.86:0] script '/domains/system_suspended/wp-links.php' not found or unable to stat, referer: https://duckduckgo.com/
[Mon Jan 05 03:22:24.929577 2026] [php:error] [pid 79333] [client 117.80.19.163:0] script '/domains/system_suspended/wp-signin.php' not found or unable to stat, referer: https://www.bing.com/
[Mon Jan 05 03:22:25.094443 2026] [php:error] [pid 79333] [client 153.141.202.111:0] script '/domains/system_suspended/wp-trackback.php' not found or unable to stat, referer: https://duckduckgo.com/
[Mon Jan 05 03:22:25.259301 2026] [php:error] [pid 79333] [client 92.166.14.196:0] script '/domains/system_suspended/wp.php' not found or unable to stat, referer: https://www.google.com/
[Mon Jan 05 03:22:25.423322 2026] [php:error] [pid 79333] [client 21.212.191.12:0] script '/domains/system_suspended/wso.php' not found or unable to stat, referer: https://www.google.co.uk/
[Mon Jan 05 03:22:25.587889 2026] [php:error] [pid 79333] [client 3.165.154.107:0] script '/domains/system_suspended/xmlrpc.php' not found or unable to stat, referer: https://www.google.com/
[Mon Jan 05 03:22:25.751499 2026] [php:error] [pid 79333] [client 95.234.101.231:0] script '/domains/system_suspended/xmrlpc.php' not found or unable to stat, referer: https://www.google.de/
[Mon Jan 05 03:22:34.685897 2026] [php:error] [pid 79342] [client 169.139.35.10:0] script '/domains/tinatina/wp-fclass.php' not found or unable to stat, referer: https://www.yahoo.com/
[Mon Jan 05 03:22:35.423057 2026] [php:error] [pid 79331] [client 173.239.236.160:0] script '/domains/familyplayhouse2/byp.php' not found or unable to stat
[Mon Jan 05 03:22:37.752816 2026] [php:error] [pid 79333] [client 216.244.66.232:0] script '/domains/hdickens.enteract/kmnj.php' not found or unable to stat
[Mon Jan 05 03:22:37.919947 2026] [php:error] [pid 79331] [client 173.239.236.160:0] script '/domains/familyplayhouse2/cgi-bin/install.php' not found or unable to stat
[Mon Jan 05 03:22:38.992236 2026] [php:error] [pid 79331] [client 173.239.236.160:0] script '/domains/familyplayhouse2/class.api.php' not found or unable to stat
[Mon Jan 05 03:22:39.140131 2026] [php:error] [pid 79329] [client 216.244.66.232:0] script '/domains/hdickens.enteract/kmnj.php' not found or unable to stat
[Mon Jan 05 03:22:40.143255 2026] [php:error] [pid 79331] [client 173.239.236.160:0] script '/domains/familyplayhouse2/system_log.php' not found or unable to stat
[Mon Jan 05 03:22:40.365486 2026] [php:error] [pid 79343] [client 216.244.66.232:0] script '/domains/hdickens.enteract/kmnj.php' not found or unable to stat
[Mon Jan 05 03:22:40.518668 2026] [php:error] [pid 79331] [client 173.239.236.160:0] script '/domains/familyplayhouse2/.alf.php' not found or unable to stat
[Mon Jan 05 03:22:40.809830 2026] [php:error] [pid 79331] [client 173.239.236.160:0] script '/domains/familyplayhouse2/wso.php' not found or unable to stat
[Mon Jan 05 03:22:41.495520 2026] [php:error] [pid 79322] [client 216.244.66.232:0] script '/domains/hdickens.enteract/kmnj.php' not found or unable to stat
[Mon Jan 05 03:22:41.531204 2026] [php:error] [pid 79331] [client 173.239.236.160:0] script '/domains/familyplayhouse2/flower.php' not found or unable to stat
[Mon Jan 05 03:22:43.012387 2026] [php:error] [pid 79329] [client 216.244.66.232:0] script '/domains/hdickens.enteract/kmnj.php' not found or unable to stat
[Mon Jan 05 03:22:43.133972 2026] [php:error] [pid 79331] [client 173.239.236.160:0] script '/domains/familyplayhouse2/ioxi-o.php' not found or unable to stat
[Mon Jan 05 03:22:43.183792 2026] [php:error] [pid 79342] [client 19.187.67.89:0] script '/domains/tinatina/wp-themes.php' not found or unable to stat, referer: https://www.google.com/
[Mon Jan 05 03:22:43.468092 2026] [php:error] [pid 79331] [client 173.239.236.160:0] script '/domains/familyplayhouse2/info.php' not found or unable to stat
[Mon Jan 05 03:22:43.813687 2026] [php:error] [pid 79331] [client 173.239.236.160:0] script '/domains/familyplayhouse2/setup.php' not found or unable to stat
[Mon Jan 05 03:22:44.109994 2026] [php:error] [pid 79343] [client 216.244.66.232:0] script '/domains/hdickens.enteract/kmnj.php' not found or unable to stat
[Mon Jan 05 03:22:47.198431 2026] [php:error] [pid 79331] [client 173.239.236.160:0] script '/domains/familyplayhouse2/as.php' not found or unable to stat
[Mon Jan 05 03:22:47.499574 2026] [php:error] [pid 79331] [client 173.239.236.160:0] script '/domains/familyplayhouse2/cc.php' not found or unable to stat
[Mon Jan 05 03:22:48.107948 2026] [php:error] [pid 79331] [client 173.239.236.160:0] script '/domains/familyplayhouse2/ab.php' not found or unable to stat
[Mon Jan 05 03:22:49.565927 2026] [php:error] [pid 79331] [client 173.239.236.160:0] script '/domains/familyplayhouse2/doc.php' not found or unable to stat
[Mon Jan 05 03:22:51.249281 2026] [php:error] [pid 79331] [client 173.239.236.160:0] script '/domains/familyplayhouse2/wp-login.php' not found or unable to stat
[Mon Jan 05 03:22:51.534944 2026] [php:error] [pid 79331] [client 173.239.236.160:0] script '/domains/familyplayhouse2/mar.php' not found or unable to stat
[Mon Jan 05 03:22:52.501478 2026] [php:error] [pid 79331] [client 173.239.236.160:0] script '/domains/familyplayhouse2/1.php' not found or unable to stat
[Mon Jan 05 03:22:56.467071 2026] [php:error] [pid 79331] [client 173.239.236.160:0] script '/domains/familyplayhouse2/fm.php' not found or unable to stat
[Mon Jan 05 03:22:58.007226 2026] [php:error] [pid 79331] [client 173.239.236.160:0] script '/domains/familyplayhouse2/ini.php' not found or unable to stat
[Mon Jan 05 03:22:58.049451 2026] [php:error] [pid 79343] [client 144.81.22.28:0] script '/domains/abtechsci/0.php' not found or unable to stat, referer: https://www.google.fr/
[Mon Jan 05 03:22:58.219517 2026] [php:error] [pid 79343] [client 1.214.166.139:0] script '/domains/abtechsci/1.php' not found or unable to stat, referer: https://www.google.com/
[Mon Jan 05 03:22:58.390940 2026] [php:error] [pid 79343] [client 225.232.206.95:0] script '/domains/abtechsci/2.php' not found or unable to stat, referer: https://www.google.co.uk/
[Mon Jan 05 03:22:58.560791 2026] [php:error] [pid 79343] [client 226.166.30.170:0] script '/domains/abtechsci/12.php' not found or unable to stat, referer: https://www.yahoo.com/
[Mon Jan 05 03:22:58.730598 2026] [php:error] [pid 79343] [client 89.41.91.252:0] script '/domains/abtechsci/13.php' not found or unable to stat, referer: https://www.google.com/
[Mon Jan 05 03:22:58.900648 2026] [php:error] [pid 79343] [client 154.251.79.204:0] script '/domains/abtechsci/403.php' not found or unable to stat, referer: https://www.google.fr/
[Mon Jan 05 03:22:59.071176 2026] [php:error] [pid 79343] [client 186.217.209.123:0] script '/domains/abtechsci/404.php' not found or unable to stat, referer: https://www.google.com/
[Mon Jan 05 03:22:59.241245 2026] [php:error] [pid 79343] [client 48.18.164.14:0] script '/domains/abtechsci/a.php' not found or unable to stat, referer: https://www.bing.com/
[Mon Jan 05 03:22:59.411217 2026] [php:error] [pid 79343] [client 103.40.21.70:0] script '/domains/abtechsci/aa.php' not found or unable to stat, referer: https://duckduckgo.com/
[Mon Jan 05 03:22:59.581036 2026] [php:error] [pid 79343] [client 210.202.74.165:0] script '/domains/abtechsci/abcd.php' not found or unable to stat, referer: https://duckduckgo.com/
[Mon Jan 05 03:22:59.752220 2026] [php:error] [pid 79343] [client 156.245.165.91:0] script '/domains/abtechsci/about.php' not found or unable to stat, referer: https://www.yahoo.com/
[Mon Jan 05 03:22:59.922297 2026] [php:error] [pid 79343] [client 154.248.211.80:0] script '/domains/abtechsci/admin.php' not found or unable to stat, referer: https://www.yahoo.com/
[Mon Jan 05 03:23:00.092323 2026] [php:error] [pid 79343] [client 97.169.69.206:0] script '/domains/abtechsci/admin-header.php' not found or unable to stat, referer: https://www.yahoo.com/
[Mon Jan 05 03:23:00.262288 2026] [php:error] [pid 79343] [client 231.210.107.88:0] script '/domains/abtechsci/adminfuns.php' not found or unable to stat, referer: https://www.google.co.uk/
[Mon Jan 05 03:23:00.432184 2026] [php:error] [pid 79343] [client 110.52.97.46:0] script '/domains/abtechsci/ahax.php' not found or unable to stat, referer: https://www.google.fr/
[Mon Jan 05 03:23:00.602583 2026] [php:error] [pid 79343] [client 165.193.15.88:0] script '/domains/abtechsci/akcc.php' not found or unable to stat, referer: https://duckduckgo.com/
[Mon Jan 05 03:23:00.772780 2026] [php:error] [pid 79343] [client 186.1.207.108:0] script '/domains/abtechsci/alf.php' not found or unable to stat, referer: https://www.google.de/
[Mon Jan 05 03:23:00.942727 2026] [php:error] [pid 79343] [client 177.196.164.152:0] script '/domains/abtechsci/alfa.php' not found or unable to stat, referer: https://www.google.co.uk/
[Mon Jan 05 03:23:01.112797 2026] [php:error] [pid 79343] [client 239.178.191.111:0] script '/domains/abtechsci/alfashell.php' not found or unable to stat, referer: https://www.google.fr/
[Mon Jan 05 03:23:01.282822 2026] [php:error] [pid 79343] [client 140.4.174.89:0] script '/domains/abtechsci/api.php' not found or unable to stat, referer: https://www.google.com/
[Mon Jan 05 03:23:01.453003 2026] [php:error] [pid 79343] [client 3.163.33.112:0] script '/domains/abtechsci/app.php' not found or unable to stat, referer: https://duckduckgo.com/
[Mon Jan 05 03:23:01.623037 2026] [php:error] [pid 79343] [client 109.55.215.41:0] script '/domains/abtechsci/as.php' not found or unable to stat, referer: https://www.bing.com/
[Mon Jan 05 03:23:01.793080 2026] [php:error] [pid 79343] [client 129.149.104.9:0] script '/domains/abtechsci/bolt.php' not found or unable to stat, referer: https://www.google.fr/
[Mon Jan 05 03:23:01.962993 2026] [php:error] [pid 79343] [client 173.221.63.104:0] script '/domains/abtechsci/buy.php' not found or unable to stat, referer: https://www.yahoo.com/
[Mon Jan 05 03:23:02.132901 2026] [php:error] [pid 79343] [client 12.66.110.245:0] script '/domains/abtechsci/c.php' not found or unable to stat, referer: https://www.bing.com/
[Mon Jan 05 03:23:02.304497 2026] [php:error] [pid 79343] [client 203.60.133.60:0] script '/domains/abtechsci/cc.php' not found or unable to stat, referer: https://www.google.co.uk/
[Mon Jan 05 03:23:02.474977 2026] [php:error] [pid 79343] [client 255.215.46.246:0] script '/domains/abtechsci/chosen.php' not found or unable to stat, referer: https://www.google.de/
[Mon Jan 05 03:23:02.646936 2026] [php:error] [pid 79343] [client 25.196.168.58:0] script '/domains/abtechsci/classwithtostring.php' not found or unable to stat, referer: https://www.google.com/
[Mon Jan 05 03:23:02.816979 2026] [php:error] [pid 79343] [client 50.119.71.23:0] script '/domains/abtechsci/config.php' not found or unable to stat, referer: https://www.google.com/
[Mon Jan 05 03:23:02.986779 2026] [php:error] [pid 79343] [client 106.241.72.7:0] script '/domains/abtechsci/content.php' not found or unable to stat, referer: https://www.google.fr/
[Mon Jan 05 03:23:03.157867 2026] [php:error] [pid 79343] [client 67.76.254.170:0] script '/domains/abtechsci/dropdown.php' not found or unable to stat, referer: https://www.google.de/
[Mon Jan 05 03:23:03.327599 2026] [php:error] [pid 79343] [client 8.126.124.56:0] script '/domains/abtechsci/edit.php' not found or unable to stat, referer: https://www.yahoo.com/
[Mon Jan 05 03:23:03.497302 2026] [php:error] [pid 79343] [client 7.155.211.87:0] script '/domains/abtechsci/ee.php' not found or unable to stat, referer: https://www.google.co.uk/
[Mon Jan 05 03:23:03.668637 2026] [php:error] [pid 79343] [client 158.225.93.144:0] script '/domains/abtechsci/favicon.php' not found or unable to stat, referer: https://www.google.de/
[Mon Jan 05 03:23:03.839864 2026] [php:error] [pid 79343] [client 46.79.249.71:0] script '/domains/abtechsci/file.php' not found or unable to stat, referer: https://www.bing.com/
[Mon Jan 05 03:23:04.009770 2026] [php:error] [pid 79343] [client 102.94.42.153:0] script '/domains/abtechsci/fm.php' not found or unable to stat, referer: https://www.bing.com/
[Mon Jan 05 03:23:04.179705 2026] [php:error] [pid 79343] [client 4.190.203.84:0] script '/domains/abtechsci/fx.php' not found or unable to stat, referer: https://www.google.fr/
[Mon Jan 05 03:23:04.350586 2026] [php:error] [pid 79343] [client 74.7.109.51:0] script '/domains/abtechsci/gecko.php' not found or unable to stat, referer: https://duckduckgo.com/
[Mon Jan 05 03:23:04.520555 2026] [php:error] [pid 79343] [client 191.114.10.93:0] script '/domains/abtechsci/gecko-new.php' not found or unable to stat, referer: https://www.google.com/
[Mon Jan 05 03:23:04.691249 2026] [php:error] [pid 79343] [client 101.102.152.218:0] script '/domains/abtechsci/gel4y.php' not found or unable to stat, referer: https://www.google.co.uk/
[Mon Jan 05 03:23:04.861313 2026] [php:error] [pid 79343] [client 28.199.176.242:0] script '/domains/abtechsci/gg.php' not found or unable to stat, referer: https://www.google.com/
[Mon Jan 05 03:23:05.031112 2026] [php:error] [pid 79343] [client 22.73.252.244:0] script '/domains/abtechsci/goods.php' not found or unable to stat, referer: https://www.google.de/
[Mon Jan 05 03:23:05.201716 2026] [php:error] [pid 79343] [client 207.48.51.194:0] script '/domains/abtechsci/help.php' not found or unable to stat, referer: https://www.yahoo.com/
[Mon Jan 05 03:23:05.271973 2026] [php:error] [pid 79342] [client 173.239.236.118:0] script '/domains/familyplayhouse2/wp-content.php' not found or unable to stat
[Mon Jan 05 03:23:05.371464 2026] [php:error] [pid 79343] [client 122.109.192.147:0] script '/domains/abtechsci/i.php' not found or unable to stat, referer: https://www.bing.com/
[Mon Jan 05 03:23:05.541028 2026] [php:error] [pid 79343] [client 42.150.146.94:0] script '/domains/abtechsci/index.php' not found or unable to stat, referer: https://www.yahoo.com/
[Mon Jan 05 03:23:06.221129 2026] [php:error] [pid 79343] [client 229.2.89.113:0] script '/domains/abtechsci/ioxi-o.php' not found or unable to stat, referer: https://www.bing.com/
[Mon Jan 05 03:23:06.390763 2026] [php:error] [pid 79343] [client 157.123.246.130:0] script '/domains/abtechsci/k.php' not found or unable to stat, referer: https://www.bing.com/
[Mon Jan 05 03:23:06.573407 2026] [php:error] [pid 79343] [client 39.13.188.185:0] script '/domains/abtechsci/link.php' not found or unable to stat, referer: https://www.google.fr/
[Mon Jan 05 03:23:06.743172 2026] [php:error] [pid 79343] [client 140.55.98.110:0] script '/domains/abtechsci/man.php' not found or unable to stat, referer: https://www.bing.com/
[Mon Jan 05 03:23:06.913066 2026] [php:error] [pid 79343] [client 22.159.105.74:0] script '/domains/abtechsci/mini.php' not found or unable to stat, referer: https://www.bing.com/
[Mon Jan 05 03:23:07.082905 2026] [php:error] [pid 79343] [client 241.135.98.92:0] script '/domains/abtechsci/new.php' not found or unable to stat, referer: https://www.yahoo.com/
[Mon Jan 05 03:23:07.277090 2026] [php:error] [pid 79343] [client 245.22.151.218:0] script '/domains/abtechsci/num.php' not found or unable to stat, referer: https://www.yahoo.com/
[Mon Jan 05 03:23:07.446984 2026] [php:error] [pid 79343] [client 5.248.47.125:0] script '/domains/abtechsci/root.php' not found or unable to stat, referer: https://duckduckgo.com/
[Mon Jan 05 03:23:07.616843 2026] [php:error] [pid 79343] [client 88.153.82.88:0] script '/domains/abtechsci/shell.php' not found or unable to stat, referer: https://www.google.com/
[Mon Jan 05 03:23:07.786841 2026] [php:error] [pid 79343] [client 191.210.189.255:0] script '/domains/abtechsci/system.php' not found or unable to stat, referer: https://duckduckgo.com/
[Mon Jan 05 03:23:07.957134 2026] [php:error] [pid 79343] [client 221.156.129.98:0] script '/domains/abtechsci/termps.php' not found or unable to stat, referer: https://duckduckgo.com/
[Mon Jan 05 03:23:08.141380 2026] [php:error] [pid 79343] [client 149.80.116.96:0] script '/domains/abtechsci/test.php' not found or unable to stat, referer: https://www.google.de/
[Mon Jan 05 03:23:08.274794 2026] [php:error] [pid 79342] [client 173.239.236.118:0] script '/domains/familyplayhouse2/customize.php' not found or unable to stat
[Mon Jan 05 03:23:08.311197 2026] [php:error] [pid 79343] [client 4.190.203.84:0] script '/domains/abtechsci/tiny.php' not found or unable to stat, referer: https://www.google.com/
[Mon Jan 05 03:23:08.481929 2026] [php:error] [pid 79343] [client 249.85.40.159:0] script '/domains/abtechsci/user.php' not found or unable to stat, referer: https://www.yahoo.com/
[Mon Jan 05 03:23:08.603081 2026] [php:error] [pid 79342] [client 173.239.236.118:0] script '/domains/familyplayhouse2/license.php' not found or unable to stat
[Mon Jan 05 03:23:08.652022 2026] [php:error] [pid 79343] [client 18.36.191.112:0] script '/domains/abtechsci/vx.php' not found or unable to stat, referer: https://www.google.co.uk/
[Mon Jan 05 03:23:08.822016 2026] [php:error] [pid 79343] [client 173.78.12.39:0] script '/domains/abtechsci/wp-admin.php' not found or unable to stat, referer: https://www.google.com/
[Mon Jan 05 03:23:09.004098 2026] [php:error] [pid 79343] [client 62.17.93.104:0] script '/domains/abtechsci/wp-blog.php' not found or unable to stat, referer: https://www.yahoo.com/
[Mon Jan 05 03:23:09.173995 2026] [php:error] [pid 79343] [client 238.102.43.55:0] script '/domains/abtechsci/wp-good.php' not found or unable to stat, referer: https://www.google.fr/
[Mon Jan 05 03:23:09.248963 2026] [php:error] [pid 79342] [client 173.239.236.118:0] script '/domains/familyplayhouse2/lock.php' not found or unable to stat
[Mon Jan 05 03:23:09.343870 2026] [php:error] [pid 79343] [client 57.1.207.66:0] script '/domains/abtechsci/wp-include.php' not found or unable to stat, referer: https://www.google.fr/
[Mon Jan 05 03:23:09.513591 2026] [php:error] [pid 79343] [client 252.38.99.222:0] script '/domains/abtechsci/wp-links.php' not found or unable to stat, referer: https://www.google.fr/
[Mon Jan 05 03:23:09.683519 2026] [php:error] [pid 79343] [client 36.181.248.195:0] script '/domains/abtechsci/wp-signin.php' not found or unable to stat, referer: https://www.yahoo.com/
[Mon Jan 05 03:23:09.855929 2026] [php:error] [pid 79343] [client 4.190.203.84:0] script '/domains/abtechsci/wp-trackback.php' not found or unable to stat, referer: https://www.google.co.uk/
[Mon Jan 05 03:23:10.025803 2026] [php:error] [pid 79343] [client 242.237.83.148:0] script '/domains/abtechsci/wp.php' not found or unable to stat, referer: https://www.google.fr/
[Mon Jan 05 03:23:10.195490 2026] [php:error] [pid 79343] [client 193.114.232.241:0] script '/domains/abtechsci/wso.php' not found or unable to stat, referer: https://www.google.fr/
[Mon Jan 05 03:23:10.365960 2026] [php:error] [pid 79343] [client 3.171.202.77:0] script '/domains/abtechsci/xmlrpc.php' not found or unable to stat, referer: https://www.bing.com/
[Mon Jan 05 03:23:10.535770 2026] [php:error] [pid 79343] [client 58.97.169.85:0] script '/domains/abtechsci/xmrlpc.php' not found or unable to stat, referer: https://www.google.co.uk/
[Mon Jan 05 03:23:12.204042 2026] [php:error] [pid 79342] [client 173.239.236.118:0] script '/domains/familyplayhouse2/wp-good.php' not found or unable to stat
[Mon Jan 05 03:23:14.784002 2026] [php:error] [pid 79342] [client 173.239.236.118:0] script '/domains/familyplayhouse2/ff2.php' not found or unable to stat
[Mon Jan 05 03:23:16.473681 2026] [php:error] [pid 79342] [client 173.239.236.118:0] script '/domains/familyplayhouse2/jp.php' not found or unable to stat
[Mon Jan 05 03:23:16.775917 2026] [php:error] [pid 79342] [client 173.239.236.118:0] script '/domains/familyplayhouse2/wp-atom.php' not found or unable to stat
[Mon Jan 05 03:23:17.610113 2026] [php:error] [pid 79342] [client 173.239.236.118:0] script '/domains/familyplayhouse2/up.php' not found or unable to stat
[Mon Jan 05 03:23:19.930112 2026] [php:error] [pid 79342] [client 173.239.236.118:0] script '/domains/familyplayhouse2/worm.PhP' not found or unable to stat
[Mon Jan 05 03:23:20.211389 2026] [php:error] [pid 79342] [client 173.239.236.118:0] script '/domains/familyplayhouse2/ext.php' not found or unable to stat
[Mon Jan 05 03:23:20.559459 2026] [php:error] [pid 79342] [client 173.239.236.118:0] script '/domains/familyplayhouse2/delpaths.php' not found or unable to stat
[Mon Jan 05 03:23:22.497268 2026] [php:error] [pid 79342] [client 173.239.236.118:0] script '/domains/familyplayhouse2/gifclass.php' not found or unable to stat
[Mon Jan 05 03:23:23.421699 2026] [php:error] [pid 79342] [client 173.239.236.118:0] script '/domains/familyplayhouse2/plugin.php' not found or unable to stat
[Mon Jan 05 03:23:24.419039 2026] [php:error] [pid 79342] [client 173.239.236.118:0] script '/domains/familyplayhouse2/update-core.php' not found or unable to stat
[Mon Jan 05 03:23:25.063598 2026] [php:error] [pid 79342] [client 173.239.236.118:0] script '/domains/familyplayhouse2/wp-mail.php' not found or unable to stat
[Mon Jan 05 03:23:29.460635 2026] [php:error] [pid 79347] [client 173.239.236.66:0] script '/domains/familyplayhouse2/aa.php' not found or unable to stat
[Mon Jan 05 03:23:29.928713 2026] [php:error] [pid 79347] [client 173.239.236.66:0] script '/domains/familyplayhouse2/index2.php' not found or unable to stat
[Mon Jan 05 03:23:31.770908 2026] [php:error] [pid 79331] [client 209.216.87.162:0] script '/domains/system_suspended/adminfuns.php' not found or unable to stat, referer: https://duckduckgo.com/
[Mon Jan 05 03:23:32.740932 2026] [php:error] [pid 79347] [client 173.239.236.66:0] script '/domains/familyplayhouse2/shell.php' not found or unable to stat
[Mon Jan 05 03:23:33.817785 2026] [php:error] [pid 79331] [client 208.138.206.99:0] script '/domains/system_suspended/index.php' not found or unable to stat, referer: https://www.google.com/
[Mon Jan 05 03:23:34.889696 2026] [php:error] [pid 79347] [client 173.239.236.66:0] script '/domains/familyplayhouse2/hehe.php' not found or unable to stat
[Mon Jan 05 03:23:36.172323 2026] [php:error] [pid 79347] [client 173.239.236.66:0] script '/domains/familyplayhouse2/dir.php' not found or unable to stat
[Mon Jan 05 03:23:37.379235 2026] [php:error] [pid 79347] [client 173.239.236.66:0] script '/domains/familyplayhouse2/nf_tracking.php' not found or unable to stat
[Mon Jan 05 03:23:38.633435 2026] [php:error] [pid 79347] [client 173.239.236.66:0] script '/domains/familyplayhouse2/filefuns.php' not found or unable to stat
[Mon Jan 05 03:23:39.497425 2026] [php:error] [pid 79347] [client 173.239.236.66:0] script '/domains/familyplayhouse2/l.php' not found or unable to stat
[Mon Jan 05 03:23:39.954102 2026] [php:error] [pid 79347] [client 173.239.236.66:0] script '/domains/familyplayhouse2/repeater.php' not found or unable to stat
[Mon Jan 05 03:23:40.990954 2026] [php:error] [pid 79347] [client 173.239.236.66:0] script '/domains/familyplayhouse2/contacts.php' not found or unable to stat
[Mon Jan 05 03:23:41.273513 2026] [php:error] [pid 79347] [client 173.239.236.66:0] script '/domains/familyplayhouse2/wsa.php' not found or unable to stat
[Mon Jan 05 03:23:43.411145 2026] [php:error] [pid 79347] [client 173.239.236.66:0] script '/domains/familyplayhouse2/lv.php' not found or unable to stat
[Mon Jan 05 03:23:43.726911 2026] [php:error] [pid 79347] [client 173.239.236.66:0] script '/domains/familyplayhouse2/images/js1.php' not found or unable to stat
[Mon Jan 05 03:23:47.770690 2026] [php:error] [pid 79348] [client 173.239.236.98:0] script '/domains/familyplayhouse2/tox.php' not found or unable to stat
[Mon Jan 05 03:23:49.166490 2026] [php:error] [pid 79348] [client 173.239.236.98:0] script '/domains/familyplayhouse2/tiny.php' not found or unable to stat
[Mon Jan 05 03:23:49.733407 2026] [php:error] [pid 79348] [client 173.239.236.98:0] script '/domains/familyplayhouse2/themes.php' not found or unable to stat
[Mon Jan 05 03:23:50.013864 2026] [php:error] [pid 79348] [client 173.239.236.98:0] script '/domains/familyplayhouse2/wp-themes.php' not found or unable to stat
[Mon Jan 05 03:23:51.489389 2026] [php:error] [pid 79348] [client 173.239.236.98:0] script '/domains/familyplayhouse2/mariju.php' not found or unable to stat
[Mon Jan 05 03:23:52.649587 2026] [php:error] [pid 79348] [client 173.239.236.98:0] script '/domains/familyplayhouse2/waf_defender.php' not found or unable to stat
[Mon Jan 05 03:23:53.296772 2026] [php:error] [pid 79348] [client 173.239.236.98:0] script '/domains/familyplayhouse2/av.php' not found or unable to stat
[Mon Jan 05 03:23:56.383922 2026] [php:error] [pid 79343] [client 173.239.236.5:0] script '/domains/familyplayhouse2/theme.php' not found or unable to stat
[Mon Jan 05 03:23:57.332982 2026] [php:error] [pid 79343] [client 173.239.236.5:0] script '/domains/familyplayhouse2/Simple.php' not found or unable to stat
[Mon Jan 05 03:23:59.959184 2026] [php:error] [pid 79354] [client 173.239.236.41:0] script '/domains/familyplayhouse2/images/waf_defender.php' not found or unable to stat
[Mon Jan 05 03:24:00.821727 2026] [php:error] [pid 79354] [client 173.239.236.41:0] script '/domains/familyplayhouse2/small.php' not found or unable to stat
[Mon Jan 05 03:24:01.456924 2026] [php:error] [pid 79354] [client 173.239.236.41:0] script '/domains/familyplayhouse2/NewFile.php' not found or unable to stat
[Mon Jan 05 03:24:02.243033 2026] [php:error] [pid 79354] [client 173.239.236.41:0] script '/domains/familyplayhouse2/error.php' not found or unable to stat
[Mon Jan 05 03:24:04.349818 2026] [php:error] [pid 79354] [client 173.239.236.41:0] script '/domains/familyplayhouse2/wp-files.php' not found or unable to stat
[Mon Jan 05 03:24:04.776734 2026] [php:error] [pid 79354] [client 173.239.236.41:0] script '/domains/familyplayhouse2/functions.php' not found or unable to stat
[Mon Jan 05 03:24:06.858528 2026] [php:error] [pid 79354] [client 173.239.236.41:0] script '/domains/familyplayhouse2/aks.php' not found or unable to stat
[Mon Jan 05 03:24:08.173837 2026] [php:error] [pid 79354] [client 173.239.236.41:0] script '/domains/familyplayhouse2/litespeed.php' not found or unable to stat
[Mon Jan 05 03:24:09.517351 2026] [php:error] [pid 79354] [client 173.239.236.41:0] script '/domains/familyplayhouse2/wpn.php' not found or unable to stat
[Mon Jan 05 03:24:18.582963 2026] [php:error] [pid 79353] [client 173.239.236.153:0] script '/domains/familyplayhouse2/images/wp-aespa.php' not found or unable to stat
[Mon Jan 05 03:24:24.880136 2026] [php:error] [pid 79352] [client 173.239.236.157:0] script '/domains/familyplayhouse2/Sanskrit.php' not found or unable to stat
[Mon Jan 05 03:24:25.197852 2026] [php:error] [pid 79352] [client 173.239.236.157:0] script '/domains/familyplayhouse2/wp-fmfile.php' not found or unable to stat
[Mon Jan 05 03:24:26.866377 2026] [php:error] [pid 79352] [client 173.239.236.157:0] script '/domains/familyplayhouse2/memberfuns.php' not found or unable to stat
[Mon Jan 05 03:24:27.129766 2026] [php:error] [pid 79352] [client 173.239.236.157:0] script '/domains/familyplayhouse2/infos.php' not found or unable to stat
[Mon Jan 05 03:24:28.459471 2026] [php:error] [pid 79352] [client 173.239.236.157:0] script '/domains/familyplayhouse2/options-writing.php' not found or unable to stat
[Mon Jan 05 03:24:28.716860 2026] [php:error] [pid 79352] [client 173.239.236.157:0] script '/domains/familyplayhouse2/options-reading.php' not found or unable to stat
[Mon Jan 05 03:24:29.042698 2026] [php:error] [pid 79352] [client 173.239.236.157:0] script '/domains/familyplayhouse2/wsad.php' not found or unable to stat
[Mon Jan 05 03:24:29.376179 2026] [php:error] [pid 79352] [client 173.239.236.157:0] script '/domains/familyplayhouse2/nation.php' not found or unable to stat
[Mon Jan 05 03:24:31.418078 2026] [php:error] [pid 79352] [client 173.239.236.157:0] script '/domains/familyplayhouse2/wp-atomx.php' not found or unable to stat
[Mon Jan 05 03:24:31.677976 2026] [php:error] [pid 79352] [client 173.239.236.157:0] script '/domains/familyplayhouse2/admin-footer.php' not found or unable to stat
[Mon Jan 05 03:24:32.408162 2026] [php:error] [pid 79352] [client 173.239.236.157:0] script '/domains/familyplayhouse2/XxX.php' not found or unable to stat
[Mon Jan 05 03:24:38.455608 2026] [core:crit] [pid 79354] (13)Permission denied: [client 47.128.63.170:0] AH00529: /domains/dcarlone/test/web/.htaccess pcfg_openfile: unable to check htaccess file, ensure it is readable and that '/domains/dcarlone/test/web/' is executable
[Mon Jan 05 03:24:40.301455 2026] [php:error] [pid 79352] [client 173.239.236.157:0] script '/domains/familyplayhouse2/images/buy.php' not found or unable to stat
[Mon Jan 05 03:24:45.315877 2026] [php:error] [pid 79352] [client 173.239.236.157:0] script '/domains/familyplayhouse2/xex.php' not found or unable to stat
[Mon Jan 05 03:24:47.591032 2026] [php:error] [pid 79352] [client 173.239.236.157:0] script '/domains/familyplayhouse2/wp-head.php' not found or unable to stat
[Mon Jan 05 03:24:48.863913 2026] [php:error] [pid 79352] [client 173.239.236.157:0] script '/domains/familyplayhouse2/makeasmtp.php' not found or unable to stat
[Mon Jan 05 03:24:49.844564 2026] [php:error] [pid 79352] [client 173.239.236.157:0] script '/domains/familyplayhouse2/images/bypass.php' not found or unable to stat
[Mon Jan 05 03:24:54.676596 2026] [php:error] [pid 79352] [client 173.239.236.157:0] script '/domains/familyplayhouse2/click.php' not found or unable to stat
[Mon Jan 05 03:24:58.876406 2026] [php:error] [pid 79352] [client 173.239.236.157:0] script '/domains/familyplayhouse2/wp-admin.php' not found or unable to stat
[Mon Jan 05 03:25:00.791407 2026] [php:error] [pid 79352] [client 173.239.236.157:0] script '/domains/familyplayhouse2/wp-editor.php' not found or unable to stat
[Mon Jan 05 03:25:02.901966 2026] [php:error] [pid 79331] [client 173.239.236.157:0] script '/domains/familyplayhouse2/images/install.php' not found or unable to stat
[Mon Jan 05 03:25:04.094213 2026] [php:error] [pid 79331] [client 173.239.236.157:0] script '/domains/familyplayhouse2/adminfusm.php' not found or unable to stat
[Mon Jan 05 03:25:05.507653 2026] [php:error] [pid 79354] [client 35.216.21.87:0] script '/domains/lover/ioxi-o.php' not found or unable to stat, referer: https://www.google.de/
[Mon Jan 05 03:25:05.756606 2026] [php:error] [pid 79354] [client 178.10.210.178:0] script '/domains/lover/0x.php' not found or unable to stat, referer: https://www.bing.com/
[Mon Jan 05 03:25:06.005038 2026] [php:error] [pid 79354] [client 35.156.73.75:0] script '/domains/lover/222.php' not found or unable to stat, referer: https://www.bing.com/
[Mon Jan 05 03:25:06.253273 2026] [php:error] [pid 79354] [client 74.114.166.54:0] script '/domains/lover/aa.php' not found or unable to stat, referer: https://www.bing.com/
[Mon Jan 05 03:25:06.347868 2026] [php:error] [pid 79331] [client 173.239.236.157:0] script '/domains/familyplayhouse2/images/habhan.php' not found or unable to stat
[Mon Jan 05 03:25:06.502831 2026] [php:error] [pid 79354] [client 189.207.183.94:0] script '/domains/lover/abcd.php' not found or unable to stat, referer: https://www.google.de/
[Mon Jan 05 03:25:06.751744 2026] [php:error] [pid 79354] [client 165.242.238.91:0] script '/domains/lover/admin.php' not found or unable to stat, referer: https://www.google.de/
[Mon Jan 05 03:25:07.248393 2026] [php:error] [pid 79354] [client 96.198.218.248:0] script '/domains/lover/adminfuns.php' not found or unable to stat, referer: https://www.yahoo.com/
[Mon Jan 05 03:25:07.496366 2026] [php:error] [pid 79354] [client 69.76.229.91:0] script '/domains/lover/akc.php' not found or unable to stat, referer: https://www.google.fr/
[Mon Jan 05 03:25:07.744817 2026] [php:error] [pid 79354] [client 93.22.186.178:0] script '/domains/lover/buy.php' not found or unable to stat, referer: https://www.bing.com/
[Mon Jan 05 03:25:07.992722 2026] [php:error] [pid 79354] [client 3.179.8.114:0] script '/domains/lover/cong.php' not found or unable to stat, referer: https://www.google.co.uk/
[Mon Jan 05 03:25:08.488763 2026] [php:error] [pid 79354] [client 162.241.172.244:0] script '/domains/lover/db.php' not found or unable to stat, referer: https://www.google.de/
[Mon Jan 05 03:25:08.736883 2026] [php:error] [pid 79354] [client 151.54.136.16:0] script '/domains/lover/dropdown.php' not found or unable to stat, referer: https://www.google.de/
[Mon Jan 05 03:25:08.985043 2026] [php:error] [pid 79354] [client 112.38.243.36:0] script '/domains/lover/file.php' not found or unable to stat, referer: https://duckduckgo.com/
[Mon Jan 05 03:25:09.233769 2026] [php:error] [pid 79354] [client 65.36.223.213:0] script '/domains/lover/goods.php' not found or unable to stat, referer: https://www.google.de/
[Mon Jan 05 03:25:09.481635 2026] [php:error] [pid 79354] [client 7.128.154.198:0] script '/domains/lover/hplfuns.php' not found or unable to stat, referer: https://www.google.de/
[Mon Jan 05 03:25:09.730711 2026] [php:error] [pid 79354] [client 160.10.228.124:0] script '/domains/lover/htaccess.php' not found or unable to stat, referer: https://duckduckgo.com/
[Mon Jan 05 03:25:10.208301 2026] [php:error] [pid 79331] [client 173.239.236.157:0] script '/domains/familyplayhouse2/f35_SpaceTn.php' not found or unable to stat
[Mon Jan 05 03:25:10.475047 2026] [php:error] [pid 79354] [client 66.211.51.141:0] script '/domains/lover/info.php' not found or unable to stat, referer: https://www.yahoo.com/
[Mon Jan 05 03:25:10.723184 2026] [php:error] [pid 79354] [client 18.189.111.219:0] script '/domains/lover/profile.php' not found or unable to stat, referer: https://www.yahoo.com/
[Mon Jan 05 03:25:10.971014 2026] [php:error] [pid 79354] [client 215.172.180.63:0] script '/domains/lover/sx.php' not found or unable to stat, referer: https://www.google.co.uk/
[Mon Jan 05 03:25:14.608725 2026] [php:error] [pid 79331] [client 173.239.236.157:0] script '/domains/familyplayhouse2/gm.php' not found or unable to stat
[Mon Jan 05 03:25:16.436712 2026] [php:error] [pid 79354] [client 147.67.238.89:0] script '/domains/lover/wp-fclass.php' not found or unable to stat, referer: https://www.google.com/
[Mon Jan 05 03:25:18.293317 2026] [php:error] [pid 79331] [client 173.239.236.157:0] script '/domains/familyplayhouse2/plugin-install.php' not found or unable to stat
[Mon Jan 05 03:25:21.153226 2026] [php:error] [pid 79354] [client 90.109.54.182:0] script '/domains/lover/wp-themes.php' not found or unable to stat, referer: https://www.google.co.uk/
[Mon Jan 05 03:25:21.400958 2026] [php:error] [pid 79354] [client 226.199.125.206:0] script '/domains/lover/xmlrpc.php' not found or unable to stat, referer: https://www.bing.com/
[Mon Jan 05 03:25:22.840702 2026] [php:error] [pid 79331] [client 173.239.236.157:0] script '/domains/familyplayhouse2/images/mah.php' not found or unable to stat
[Mon Jan 05 03:25:27.186067 2026] [php:error] [pid 79331] [client 173.239.236.157:0] script '/domains/familyplayhouse2/b.php' not found or unable to stat
[Mon Jan 05 03:25:29.426113 2026] [php:error] [pid 79331] [client 173.239.236.157:0] script '/domains/familyplayhouse2/wsax.php' not found or unable to stat
[Mon Jan 05 03:25:37.191269 2026] [php:error] [pid 79331] [client 173.239.236.157:0] script '/domains/familyplayhouse2/images/Marvins.php' not found or unable to stat
[Mon Jan 05 03:25:45.432767 2026] [php:error] [pid 79359] [client 173.239.236.130:0] script '/domains/familyplayhouse2/bs1.php' not found or unable to stat
[Mon Jan 05 03:25:46.405442 2026] [php:error] [pid 79359] [client 173.239.236.130:0] script '/domains/familyplayhouse2/page.php' not found or unable to stat
[Mon Jan 05 03:25:51.795392 2026] [php:error] [pid 79360] [client 173.239.236.53:0] script '/domains/familyplayhouse2/images/autoload_classmap.php' not found or unable to stat
[Mon Jan 05 03:25:55.750721 2026] [php:error] [pid 79360] [client 173.239.236.53:0] script '/domains/familyplayhouse2/ws.php' not found or unable to stat
[Mon Jan 05 03:25:57.445377 2026] [php:error] [pid 79360] [client 173.239.236.53:0] script '/domains/familyplayhouse2/shop.php' not found or unable to stat
[Mon Jan 05 03:25:59.927487 2026] [php:error] [pid 79360] [client 173.239.236.53:0] script '/domains/familyplayhouse2/wp-api.php' not found or unable to stat
[Mon Jan 05 03:26:00.762922 2026] [php:error] [pid 79360] [client 173.239.236.53:0] script '/domains/familyplayhouse2/css.php' not found or unable to stat
[Mon Jan 05 03:26:03.044698 2026] [php:error] [pid 79360] [client 173.239.236.53:0] script '/domains/familyplayhouse2/wp-error_log.php' not found or unable to stat
[Mon Jan 05 03:26:11.451546 2026] [php:error] [pid 79360] [client 173.239.236.53:0] script '/domains/familyplayhouse2/files.php' not found or unable to stat
[Mon Jan 05 03:26:15.012292 2026] [php:error] [pid 79360] [client 173.239.236.53:0] script '/domains/familyplayhouse2/blog.php' not found or unable to stat
[Mon Jan 05 03:26:17.027235 2026] [php:error] [pid 79360] [client 173.239.236.53:0] script '/domains/familyplayhouse2/images/av.php' not found or unable to stat
[Mon Jan 05 03:26:18.701666 2026] [php:error] [pid 79360] [client 173.239.236.53:0] script '/domains/familyplayhouse2/elp.php' not found or unable to stat
[Mon Jan 05 03:26:21.615816 2026] [php:error] [pid 79360] [client 173.239.236.53:0] script '/domains/familyplayhouse2/entrepreneuse.php' not found or unable to stat
[Mon Jan 05 03:26:25.717667 2026] [php:error] [pid 79360] [client 173.239.236.53:0] script '/domains/familyplayhouse2/testt.php' not found or unable to stat
[Mon Jan 05 03:26:28.741460 2026] [php:error] [pid 79360] [client 173.239.236.53:0] script '/domains/familyplayhouse2/network.php' not found or unable to stat
[Mon Jan 05 03:26:29.746042 2026] [php:error] [pid 79360] [client 173.239.236.53:0] script '/domains/familyplayhouse2/wikindex.php' not found or unable to stat
[Mon Jan 05 03:26:40.865794 2026] [php:error] [pid 79331] [client 173.239.236.61:0] script '/domains/familyplayhouse2/media-new.php' not found or unable to stat
[Mon Jan 05 03:26:43.782830 2026] [php:error] [pid 79331] [client 173.239.236.61:0] script '/domains/familyplayhouse2/pages.php' not found or unable to stat
[Mon Jan 05 03:26:46.666946 2026] [php:error] [pid 79331] [client 173.239.236.61:0] script '/domains/familyplayhouse2/adminfus.php' not found or unable to stat
[Mon Jan 05 03:26:47.504336 2026] [php:error] [pid 79331] [client 173.239.236.61:0] script '/domains/familyplayhouse2/images/as.php' not found or unable to stat
[Mon Jan 05 03:26:49.210496 2026] [php:error] [pid 79331] [client 173.239.236.61:0] script '/domains/familyplayhouse2/cong.php' not found or unable to stat
[Mon Jan 05 03:26:51.754349 2026] [php:error] [pid 79331] [client 173.239.236.61:0] script '/domains/familyplayhouse2/wp-configs.php' not found or unable to stat
[Mon Jan 05 03:26:52.199424 2026] [php:error] [pid 79359] [client 20.89.192.33:0] script '/domains/testregisgroup/images/test.php' not found or unable to stat
[Mon Jan 05 03:26:53.677063 2026] [php:error] [pid 79359] [client 20.89.192.33:0] script '/domains/testregisgroup/iR7SzrsOUEP.php' not found or unable to stat
[Mon Jan 05 03:26:53.851071 2026] [php:error] [pid 79359] [client 20.89.192.33:0] script '/domains/testregisgroup/welcome.php' not found or unable to stat
[Mon Jan 05 03:26:54.217961 2026] [php:error] [pid 79359] [client 20.89.192.33:0] script '/domains/testregisgroup/OthioNDwMEK.php' not found or unable to stat
[Mon Jan 05 03:26:54.435570 2026] [php:error] [pid 79359] [client 20.89.192.33:0] script '/domains/testregisgroup/100.php' not found or unable to stat
[Mon Jan 05 03:26:54.988733 2026] [php:error] [pid 79370] [client 173.239.236.129:0] script '/domains/familyplayhouse2/ms-users.php' not found or unable to stat
[Mon Jan 05 03:26:55.165371 2026] [php:error] [pid 79359] [client 20.89.192.33:0] script '/domains/testregisgroup/config_save.php' not found or unable to stat
[Mon Jan 05 03:26:55.511766 2026] [php:error] [pid 79359] [client 20.89.192.33:0] script '/domains/testregisgroup/wp-mail.php' not found or unable to stat
[Mon Jan 05 03:26:55.681840 2026] [php:error] [pid 79359] [client 20.89.192.33:0] script '/domains/testregisgroup/setup.php' not found or unable to stat
[Mon Jan 05 03:26:56.059799 2026] [php:error] [pid 79359] [client 20.89.192.33:0] script '/domains/testregisgroup/system_logs.php' not found or unable to stat
[Mon Jan 05 03:26:56.603406 2026] [php:error] [pid 79359] [client 20.89.192.33:0] script '/domains/testregisgroup/wp-ad.php' not found or unable to stat
[Mon Jan 05 03:26:59.917866 2026] [php:error] [pid 79359] [client 20.89.192.33:0] script '/domains/testregisgroup/support.php' not found or unable to stat
[Mon Jan 05 03:27:00.647202 2026] [php:error] [pid 79359] [client 20.89.192.33:0] script '/domains/testregisgroup/feedback.php' not found or unable to stat
[Mon Jan 05 03:27:00.990573 2026] [php:error] [pid 79359] [client 20.89.192.33:0] script '/domains/testregisgroup/wp-load.php' not found or unable to stat
[Mon Jan 05 03:27:01.635515 2026] [php:error] [pid 79359] [client 20.89.192.33:0] script '/domains/testregisgroup/staging.php' not found or unable to stat
[Mon Jan 05 03:27:01.813036 2026] [php:error] [pid 79359] [client 20.89.192.33:0] script '/domains/testregisgroup/xml.php' not found or unable to stat
[Mon Jan 05 03:27:02.287345 2026] [php:error] [pid 79359] [client 20.89.192.33:0] script '/domains/testregisgroup/1index.php' not found or unable to stat
[Mon Jan 05 03:27:03.276277 2026] [php:error] [pid 79359] [client 20.89.192.33:0] script '/domains/testregisgroup/file.php' not found or unable to stat
[Mon Jan 05 03:27:03.521990 2026] [php:error] [pid 79359] [client 20.89.192.33:0] script '/domains/testregisgroup/autoload_classmap.php' not found or unable to stat
[Mon Jan 05 03:27:03.869018 2026] [php:error] [pid 79359] [client 20.89.192.33:0] script '/domains/testregisgroup/admin.php' not found or unable to stat
[Mon Jan 05 03:27:04.250672 2026] [php:error] [pid 79370] [client 173.239.236.129:0] script '/domains/familyplayhouse2/top.php' not found or unable to stat
[Mon Jan 05 03:27:05.180564 2026] [php:error] [pid 79359] [client 20.89.192.33:0] script '/domains/testregisgroup/edit.php' not found or unable to stat
[Mon Jan 05 03:27:07.572491 2026] [php:error] [pid 79359] [client 20.89.192.33:0] script '/domains/testregisgroup/flower.php' not found or unable to stat
[Mon Jan 05 03:27:07.747343 2026] [php:error] [pid 79359] [client 20.89.192.33:0] script '/domains/testregisgroup/wp-error.php' not found or unable to stat
[Mon Jan 05 03:27:09.196594 2026] [php:error] [pid 79359] [client 20.89.192.33:0] script '/domains/testregisgroup/ioxi-o.php' not found or unable to stat
[Mon Jan 05 03:27:12.117217 2026] [php:error] [pid 79359] [client 20.89.192.33:0] script '/domains/testregisgroup/goods.php' not found or unable to stat
[Mon Jan 05 03:27:12.522282 2026] [php:error] [pid 79373] [client 76.206.127.177:0] script '/domains/magicjim/ioxi-o.php' not found or unable to stat, referer: https://www.google.de/
[Mon Jan 05 03:27:12.703082 2026] [php:error] [pid 79373] [client 71.29.251.88:0] script '/domains/magicjim/0x.php' not found or unable to stat, referer: https://www.yahoo.com/
[Mon Jan 05 03:27:12.884527 2026] [php:error] [pid 79373] [client 150.89.76.80:0] script '/domains/magicjim/222.php' not found or unable to stat, referer: https://www.yahoo.com/
[Mon Jan 05 03:27:13.066137 2026] [php:error] [pid 79373] [client 143.132.164.32:0] script '/domains/magicjim/aa.php' not found or unable to stat, referer: https://www.google.com/
[Mon Jan 05 03:27:13.247073 2026] [php:error] [pid 79373] [client 161.171.70.106:0] script '/domains/magicjim/abcd.php' not found or unable to stat, referer: https://www.google.co.uk/
[Mon Jan 05 03:27:13.262149 2026] [php:error] [pid 79356] [client 20.89.192.33:0] script '/domains/testregisgroup/1.php' not found or unable to stat
[Mon Jan 05 03:27:13.428219 2026] [php:error] [pid 79373] [client 251.43.88.222:0] script '/domains/magicjim/admin.php' not found or unable to stat, referer: https://www.google.com/
[Mon Jan 05 03:27:13.495025 2026] [php:error] [pid 79370] [client 173.239.236.129:0] script '/domains/familyplayhouse2/images/c99.php' not found or unable to stat
[Mon Jan 05 03:27:13.790662 2026] [php:error] [pid 79373] [client 217.14.201.138:0] script '/domains/magicjim/adminfuns.php' not found or unable to stat, referer: https://www.google.fr/
[Mon Jan 05 03:27:13.971676 2026] [php:error] [pid 79373] [client 208.254.91.96:0] script '/domains/magicjim/akc.php' not found or unable to stat, referer: https://www.google.fr/
[Mon Jan 05 03:27:14.153314 2026] [php:error] [pid 79373] [client 123.200.236.42:0] script '/domains/magicjim/buy.php' not found or unable to stat, referer: https://duckduckgo.com/
