[Mon Jan 05 01:23:18.958699 2026] [access_compat:error] [pid 53805] [client 167.71.81.114:0] AH01797: client denied by server configuration: /domains/magicjim/server-status
[Mon Jan 05 01:23:20.087605 2026] [access_compat:error] [pid 53844] [client 209.38.208.202:0] AH01797: client denied by server configuration: /domains/magicjim/server-status
[Mon Jan 05 01:23:20.103574 2026] [access_compat:error] [pid 53805] [client 209.38.248.17:0] AH01797: client denied by server configuration: /domains/magicjim/server-status
[Mon Jan 05 01:23:20.266026 2026] [access_compat:error] [pid 53810] [client 64.225.75.246:0] AH01797: client denied by server configuration: /domains/magicjim/server-status
[Mon Jan 05 01:23:28.954645 2026] [php:error] [pid 53821] [client 167.71.81.114:0] script '/domains/magicjim/info.php' not found or unable to stat
[Mon Jan 05 01:23:29.335946 2026] [access_compat:error] [pid 53832] [client 167.172.158.128:0] AH01797: client denied by server configuration: /domains/pauljbrock/server-status
[Mon Jan 05 01:23:29.340018 2026] [access_compat:error] [pid 53825] [client 167.172.232.142:0] AH01797: client denied by server configuration: /domains/pauljbrock/server-status
[Mon Jan 05 01:23:30.069032 2026] [php:error] [pid 53765] [client 209.38.208.202:0] script '/domains/magicjim/info.php' not found or unable to stat
[Mon Jan 05 01:23:30.106533 2026] [php:error] [pid 53788] [client 209.38.248.17:0] script '/domains/magicjim/info.php' not found or unable to stat
[Mon Jan 05 01:23:30.272211 2026] [php:error] [pid 53808] [client 64.225.75.246:0] script '/domains/magicjim/info.php' not found or unable to stat
[Mon Jan 05 01:23:30.625902 2026] [access_compat:error] [pid 53751] [client 157.230.19.140:0] AH01797: client denied by server configuration: /domains/pauljbrock/server-status
[Mon Jan 05 01:23:33.234098 2026] [access_compat:error] [pid 53843] [client 146.190.103.103:0] AH01797: client denied by server configuration: /domains/pauljbrock/server-status
[Mon Jan 05 01:23:39.344810 2026] [php:error] [pid 53825] [client 167.172.232.142:0] script '/domains/pauljbrock/info.php' not found or unable to stat
[Mon Jan 05 01:23:39.345584 2026] [php:error] [pid 53802] [client 167.172.158.128:0] script '/domains/pauljbrock/info.php' not found or unable to stat
[Mon Jan 05 01:23:40.635751 2026] [php:error] [pid 53808] [client 157.230.19.140:0] script '/domains/pauljbrock/info.php' not found or unable to stat
[Mon Jan 05 01:23:41.497126 2026] [access_compat:error] [pid 53833] [client 206.189.225.181:0] AH01797: client denied by server configuration: /domains/pmglobal/server-status
[Mon Jan 05 01:23:41.507751 2026] [access_compat:error] [pid 53825] [client 159.223.132.86:0] AH01797: client denied by server configuration: /domains/pmglobal/server-status
[Mon Jan 05 01:23:41.887515 2026] [access_compat:error] [pid 53808] [client 157.245.36.108:0] AH01797: client denied by server configuration: /domains/pmglobal/server-status
[Mon Jan 05 01:23:42.583795 2026] [access_compat:error] [pid 53843] [client 206.81.24.227:0] AH01797: client denied by server configuration: /domains/pmglobal/server-status
[Mon Jan 05 01:23:43.304867 2026] [php:error] [pid 53751] [client 146.190.103.103:0] script '/domains/pauljbrock/info.php' not found or unable to stat
[Mon Jan 05 01:23:51.325059 2026] [rewrite:error] [pid 53821] [client 103.196.9.18:0] AH10508: Unsafe URL with %3f URL rewritten without UnsafeAllow3F
[Mon Jan 05 01:23:52.109993 2026] [rewrite:error] [pid 53821] [client 103.196.9.18:0] AH10508: Unsafe URL with %3f URL rewritten without UnsafeAllow3F
[Mon Jan 05 01:23:53.658434 2026] [php:error] [pid 53862] [client 206.189.225.181:0] script '/domains/pmglobal/info.php' not found or unable to stat
[Mon Jan 05 01:23:53.659358 2026] [php:error] [pid 53862] [client 159.223.132.86:0] script '/domains/pmglobal/info.php' not found or unable to stat
[Mon Jan 05 01:23:54.759348 2026] [php:error] [pid 53852] [client 157.245.36.108:0] script '/domains/pmglobal/info.php' not found or unable to stat
[Mon Jan 05 01:23:55.864628 2026] [php:error] [pid 53851] [client 206.81.24.227:0] script '/domains/pmglobal/info.php' not found or unable to stat
[Mon Jan 05 01:24:09.647533 2026] [access_compat:error] [pid 53855] [client 165.22.235.3:0] AH01797: client denied by server configuration: /domains/agribiz/server-status
[Mon Jan 05 01:24:10.856785 2026] [access_compat:error] [pid 53861] [client 159.65.18.197:0] AH01797: client denied by server configuration: /domains/agribiz/server-status
[Mon Jan 05 01:24:10.890304 2026] [access_compat:error] [pid 53846] [client 209.38.248.17:0] AH01797: client denied by server configuration: /domains/agribiz/server-status
[Mon Jan 05 01:24:19.650952 2026] [php:error] [pid 53853] [client 165.22.235.3:0] script '/domains/agribiz/info.php' not found or unable to stat
[Mon Jan 05 01:24:20.887590 2026] [php:error] [pid 53857] [client 159.65.18.197:0] script '/domains/agribiz/info.php' not found or unable to stat
[Mon Jan 05 01:24:20.962622 2026] [php:error] [pid 53865] [client 209.38.248.17:0] script '/domains/agribiz/info.php' not found or unable to stat
[Mon Jan 05 01:24:34.710864 2026] [access_compat:error] [pid 53877] [client 157.245.113.227:0] AH01797: client denied by server configuration: /domains/perless2web/server-status
[Mon Jan 05 01:24:34.866968 2026] [access_compat:error] [pid 53874] [client 64.227.70.2:0] AH01797: client denied by server configuration: /domains/larrysr/server-status
[Mon Jan 05 01:24:34.917680 2026] [access_compat:error] [pid 53873] [client 138.68.144.227:0] AH01797: client denied by server configuration: /domains/perless2web/server-status
[Mon Jan 05 01:24:35.006362 2026] [access_compat:error] [pid 53867] [client 188.166.108.93:0] AH01797: client denied by server configuration: /domains/larrysr/server-status
[Mon Jan 05 01:24:36.838082 2026] [php:error] [pid 53856] [client 45.154.98.149:0] script '/domains/hdickens.enteract/xmlrpc.php' not found or unable to stat
[Mon Jan 05 01:24:37.141498 2026] [access_compat:error] [pid 53857] [client 157.245.204.205:0] AH01797: client denied by server configuration: /domains/perless2web/server-status
[Mon Jan 05 01:24:37.251819 2026] [access_compat:error] [pid 53874] [client 157.245.105.107:0] AH01797: client denied by server configuration: /domains/larrysr/server-status
[Mon Jan 05 01:24:37.266013 2026] [access_compat:error] [pid 53857] [client 159.65.144.72:0] AH01797: client denied by server configuration: /domains/perless2web/server-status
[Mon Jan 05 01:24:38.367593 2026] [access_compat:error] [pid 53868] [client 157.245.204.205:0] AH01797: client denied by server configuration: /domains/larrysr/server-status
[Mon Jan 05 01:24:44.712148 2026] [php:error] [pid 53874] [client 157.245.113.227:0] script '/domains/perless2web/info.php' not found or unable to stat
[Mon Jan 05 01:24:44.866578 2026] [php:error] [pid 53876] [client 64.227.70.2:0] script '/domains/larrysr/info.php' not found or unable to stat
[Mon Jan 05 01:24:44.920735 2026] [php:error] [pid 53877] [client 138.68.144.227:0] script '/domains/perless2web/info.php' not found or unable to stat
[Mon Jan 05 01:24:45.008194 2026] [php:error] [pid 53876] [client 188.166.108.93:0] script '/domains/larrysr/info.php' not found or unable to stat
[Mon Jan 05 01:24:48.304773 2026] [php:error] [pid 53892] [client 157.245.204.205:0] script '/domains/perless2web/info.php' not found or unable to stat
[Mon Jan 05 01:24:48.305989 2026] [php:error] [pid 53890] [client 159.65.144.72:0] script '/domains/perless2web/info.php' not found or unable to stat
[Mon Jan 05 01:24:48.307044 2026] [php:error] [pid 53890] [client 157.245.105.107:0] script '/domains/larrysr/info.php' not found or unable to stat
[Mon Jan 05 01:24:49.345756 2026] [php:error] [pid 53908] [client 157.245.204.205:0] script '/domains/larrysr/info.php' not found or unable to stat
[Mon Jan 05 01:24:52.572032 2026] [access_compat:error] [pid 53906] [client 165.22.34.189:0] AH01797: client denied by server configuration: /domains/oneylaw/server-status
[Mon Jan 05 01:24:53.373353 2026] [access_compat:error] [pid 53873] [client 165.22.235.3:0] AH01797: client denied by server configuration: /domains/oneylaw/server-status
[Mon Jan 05 01:24:53.487412 2026] [access_compat:error] [pid 53879] [client 138.197.191.87:0] AH01797: client denied by server configuration: /domains/oneylaw/server-status
[Mon Jan 05 01:24:53.592841 2026] [access_compat:error] [pid 53879] [client 138.197.191.87:0] AH01797: client denied by server configuration: /domains/oneylaw/server-status
[Mon Jan 05 01:25:02.591723 2026] [php:error] [pid 53846] [client 165.22.34.189:0] script '/domains/oneylaw/info.php' not found or unable to stat
[Mon Jan 05 01:25:03.400394 2026] [php:error] [pid 53909] [client 165.22.235.3:0] script '/domains/oneylaw/info.php' not found or unable to stat
[Mon Jan 05 01:25:03.501896 2026] [php:error] [pid 53876] [client 138.197.191.87:0] script '/domains/oneylaw/info.php' not found or unable to stat
[Mon Jan 05 01:25:03.581829 2026] [php:error] [pid 53846] [client 138.197.191.87:0] script '/domains/oneylaw/info.php' not found or unable to stat
[Mon Jan 05 01:25:11.177111 2026] [access_compat:error] [pid 53843] [client 138.68.82.23:0] AH01797: client denied by server configuration: /domains/brigadeweb/server-status
[Mon Jan 05 01:25:11.251889 2026] [access_compat:error] [pid 53902] [client 165.227.173.41:0] AH01797: client denied by server configuration: /domains/brigadeweb/server-status
[Mon Jan 05 01:25:14.073331 2026] [access_compat:error] [pid 53876] [client 206.189.233.36:0] AH01797: client denied by server configuration: /domains/thuebner/server-status
[Mon Jan 05 01:25:14.153292 2026] [access_compat:error] [pid 53882] [client 64.225.75.246:0] AH01797: client denied by server configuration: /domains/thuebner/server-status
[Mon Jan 05 01:25:14.303690 2026] [access_compat:error] [pid 53891] [client 46.101.1.225:0] AH01797: client denied by server configuration: /domains/thuebner/server-status
[Mon Jan 05 01:25:20.123076 2026] [access_compat:error] [pid 53868] [client 128.199.182.55:0] AH01797: client denied by server configuration: /domains/thuebner/server-status
[Mon Jan 05 01:25:20.814379 2026] [access_compat:error] [pid 53901] [client 159.89.127.165:0] AH01797: client denied by server configuration: /domains/jeffbell/server-status
[Mon Jan 05 01:25:21.107564 2026] [access_compat:error] [pid 53882] [client 206.189.233.36:0] AH01797: client denied by server configuration: /domains/jeffbell/server-status
[Mon Jan 05 01:25:21.165405 2026] [php:error] [pid 53865] [client 138.68.82.23:0] script '/domains/brigadeweb/info.php' not found or unable to stat
[Mon Jan 05 01:25:21.290569 2026] [php:error] [pid 53856] [client 165.227.173.41:0] script '/domains/brigadeweb/info.php' not found or unable to stat
[Mon Jan 05 01:25:23.777458 2026] [access_compat:error] [pid 53900] [client 206.189.95.232:0] AH01797: client denied by server configuration: /domains/jeffbell/server-status
[Mon Jan 05 01:25:24.065282 2026] [php:error] [pid 53901] [client 206.189.233.36:0] script '/domains/thuebner/info.php' not found or unable to stat
[Mon Jan 05 01:25:24.371380 2026] [php:error] [pid 53912] [client 64.225.75.246:0] script '/domains/thuebner/info.php' not found or unable to stat
[Mon Jan 05 01:25:24.379877 2026] [php:error] [pid 53902] [client 46.101.1.225:0] script '/domains/thuebner/info.php' not found or unable to stat
[Mon Jan 05 01:25:29.584768 2026] [php:error] [pid 53916] [client 128.199.182.55:0] script '/domains/thuebner/info.php' not found or unable to stat
[Mon Jan 05 01:25:30.823854 2026] [php:error] [pid 53865] [client 159.89.127.165:0] script '/domains/jeffbell/info.php' not found or unable to stat
[Mon Jan 05 01:25:31.109378 2026] [php:error] [pid 53912] [client 206.189.233.36:0] script '/domains/jeffbell/info.php' not found or unable to stat
[Mon Jan 05 01:25:34.807753 2026] [php:error] [pid 53922] [client 206.189.95.232:0] script '/domains/jeffbell/info.php' not found or unable to stat
[Mon Jan 05 01:25:44.658014 2026] [access_compat:error] [pid 53914] [client 206.189.2.13:0] AH01797: client denied by server configuration: /domains/vangoghagainweb/server-status
[Mon Jan 05 01:25:45.348828 2026] [access_compat:error] [pid 53925] [client 64.227.32.66:0] AH01797: client denied by server configuration: /domains/vangoghagainweb/server-status
[Mon Jan 05 01:25:46.694836 2026] [php:error] [pid 53925] [client 34.96.162.59:0] script '/domains/rainho/adminer-5.0.6-mysql-en.php' not found or unable to stat
[Mon Jan 05 01:25:47.975717 2026] [access_compat:error] [pid 53856] [client 146.190.103.103:0] AH01797: client denied by server configuration: /domains/vangoghagainweb/server-status
[Mon Jan 05 01:25:48.699298 2026] [access_compat:error] [pid 53890] [client 206.189.95.232:0] AH01797: client denied by server configuration: /domains/vangoghagainweb/server-status
[Mon Jan 05 01:25:54.648428 2026] [php:error] [pid 53868] [client 206.189.2.13:0] script '/domains/vangoghagainweb/info.php' not found or unable to stat
[Mon Jan 05 01:25:55.357294 2026] [php:error] [pid 53918] [client 64.227.32.66:0] script '/domains/vangoghagainweb/info.php' not found or unable to stat
[Mon Jan 05 01:25:57.975643 2026] [php:error] [pid 53914] [client 146.190.103.103:0] script '/domains/vangoghagainweb/info.php' not found or unable to stat
[Mon Jan 05 01:25:58.707112 2026] [php:error] [pid 53912] [client 206.189.95.232:0] script '/domains/vangoghagainweb/info.php' not found or unable to stat
[Mon Jan 05 01:26:15.172352 2026] [access_compat:error] [pid 53882] [client 188.166.108.93:0] AH01797: client denied by server configuration: /domains/bruceweb/server-status
[Mon Jan 05 01:26:15.825915 2026] [access_compat:error] [pid 53932] [client 165.227.173.41:0] AH01797: client denied by server configuration: /domains/bruceweb/server-status
[Mon Jan 05 01:26:15.890062 2026] [access_compat:error] [pid 53928] [client 167.71.81.114:0] AH01797: client denied by server configuration: /domains/rainho/server-status
[Mon Jan 05 01:26:16.234021 2026] [access_compat:error] [pid 53882] [client 157.245.36.108:0] AH01797: client denied by server configuration: /domains/rainho/server-status
[Mon Jan 05 01:26:17.785040 2026] [access_compat:error] [pid 53917] [client 146.190.103.103:0] AH01797: client denied by server configuration: /domains/bruceweb/server-status
[Mon Jan 05 01:26:18.878606 2026] [access_compat:error] [pid 53917] [client 128.199.182.55:0] AH01797: client denied by server configuration: /domains/bruceweb/server-status
[Mon Jan 05 01:26:20.237823 2026] [access_compat:error] [pid 53929] [client 167.99.182.39:0] AH01797: client denied by server configuration: /domains/hungariantasteweb/server-status
[Mon Jan 05 01:26:20.339849 2026] [access_compat:error] [pid 53913] [client 128.199.182.152:0] AH01797: client denied by server configuration: /domains/rainho/server-status
[Mon Jan 05 01:26:20.611512 2026] [access_compat:error] [pid 53931] [client 159.65.144.72:0] AH01797: client denied by server configuration: /domains/rainho/server-status
[Mon Jan 05 01:26:20.626109 2026] [access_compat:error] [pid 53913] [client 134.209.25.199:0] AH01797: client denied by server configuration: /domains/hungariantasteweb/server-status
[Mon Jan 05 01:26:20.712320 2026] [access_compat:error] [pid 53927] [client 157.245.36.108:0] AH01797: client denied by server configuration: /domains/hungariantasteweb/server-status
[Mon Jan 05 01:26:22.573871 2026] [access_compat:error] [pid 53929] [client 206.189.95.232:0] AH01797: client denied by server configuration: /domains/hungariantasteweb/server-status
[Mon Jan 05 01:26:22.914027 2026] [rewrite:error] [pid 53929] [client 103.4.251.32:0] AH10508: Unsafe URL with %3f URL rewritten without UnsafeAllow3F
[Mon Jan 05 01:26:25.188986 2026] [php:error] [pid 53928] [client 188.166.108.93:0] script '/domains/bruceweb/info.php' not found or unable to stat
[Mon Jan 05 01:26:26.933304 2026] [php:error] [pid 53933] [client 165.227.173.41:0] script '/domains/bruceweb/info.php' not found or unable to stat
[Mon Jan 05 01:26:26.934752 2026] [php:error] [pid 53933] [client 167.71.81.114:0] script '/domains/rainho/info.php' not found or unable to stat
[Mon Jan 05 01:26:27.537306 2026] [php:error] [pid 53935] [client 157.245.36.108:0] script '/domains/rainho/info.php' not found or unable to stat
[Mon Jan 05 01:26:30.060962 2026] [php:error] [pid 53942] [client 146.190.103.103:0] script '/domains/bruceweb/info.php' not found or unable to stat
[Mon Jan 05 01:26:31.293809 2026] [php:error] [pid 53945] [client 128.199.182.55:0] script '/domains/bruceweb/info.php' not found or unable to stat
[Mon Jan 05 01:26:31.667446 2026] [php:error] [pid 53928] [client 167.99.182.39:0] script '/domains/hungariantasteweb/info.php' not found or unable to stat
[Mon Jan 05 01:26:31.862876 2026] [php:error] [pid 53945] [client 157.245.36.108:0] script '/domains/hungariantasteweb/info.php' not found or unable to stat
[Mon Jan 05 01:26:31.865046 2026] [php:error] [pid 53942] [client 134.209.25.199:0] script '/domains/hungariantasteweb/info.php' not found or unable to stat
[Mon Jan 05 01:26:32.292501 2026] [php:error] [pid 53942] [client 128.199.182.152:0] script '/domains/rainho/info.php' not found or unable to stat
[Mon Jan 05 01:26:32.362087 2026] [rewrite:error] [pid 53945] [client 17.22.237.90:0] AH10508: Unsafe URL with %3f URL rewritten without UnsafeAllow3F
[Mon Jan 05 01:26:32.411788 2026] [php:error] [pid 53942] [client 159.65.144.72:0] script '/domains/rainho/info.php' not found or unable to stat
[Mon Jan 05 01:26:33.071257 2026] [php:error] [pid 53928] [client 206.189.95.232:0] script '/domains/hungariantasteweb/info.php' not found or unable to stat
[Mon Jan 05 01:26:35.681758 2026] [php:error] [pid 53950] [client 35.247.243.248:0] script '/domains/rainho/adminer-4.7.5.php' not found or unable to stat
[Mon Jan 05 01:26:39.693627 2026] [access_compat:error] [pid 53941] [client 146.190.242.161:0] AH01797: client denied by server configuration: /domains/viamonte3/server-status
[Mon Jan 05 01:26:39.820390 2026] [access_compat:error] [pid 53944] [client 164.92.244.132:0] AH01797: client denied by server configuration: /domains/viamonte3/server-status
[Mon Jan 05 01:26:43.091648 2026] [access_compat:error] [pid 53927] [client 128.199.182.55:0] AH01797: client denied by server configuration: /domains/viamonte3/server-status
[Mon Jan 05 01:26:45.308860 2026] [access_compat:error] [pid 53939] [client 157.245.204.205:0] AH01797: client denied by server configuration: /domains/viamonte3/server-status
[Mon Jan 05 01:26:49.705598 2026] [php:error] [pid 53935] [client 146.190.242.161:0] script '/domains/viamonte3/info.php' not found or unable to stat
[Mon Jan 05 01:26:49.826820 2026] [php:error] [pid 53913] [client 164.92.244.132:0] script '/domains/viamonte3/info.php' not found or unable to stat
[Mon Jan 05 01:26:53.101532 2026] [php:error] [pid 53913] [client 128.199.182.55:0] script '/domains/viamonte3/info.php' not found or unable to stat
[Mon Jan 05 01:26:55.333123 2026] [php:error] [pid 53953] [client 157.245.204.205:0] script '/domains/viamonte3/info.php' not found or unable to stat
[Mon Jan 05 01:26:57.823566 2026] [access_compat:error] [pid 53957] [client 134.122.28.88:0] AH01797: client denied by server configuration: /domains/tennex/server-status
[Mon Jan 05 01:26:57.824784 2026] [access_compat:error] [pid 53957] [client 165.227.39.235:0] AH01797: client denied by server configuration: /domains/tennex/server-status
[Mon Jan 05 01:26:58.764998 2026] [access_compat:error] [pid 53956] [client 143.110.217.244:0] AH01797: client denied by server configuration: /domains/tennex/server-status
[Mon Jan 05 01:26:58.767763 2026] [access_compat:error] [pid 53961] [client 206.81.24.227:0] AH01797: client denied by server configuration: /domains/tennex/server-status
[Mon Jan 05 01:27:01.883987 2026] [access_compat:error] [pid 53960] [client 143.110.217.244:0] AH01797: client denied by server configuration: /domains/astweb/server-status
[Mon Jan 05 01:27:01.947056 2026] [access_compat:error] [pid 53960] [client 64.226.65.160:0] AH01797: client denied by server configuration: /domains/astweb/server-status
[Mon Jan 05 01:27:01.970818 2026] [access_compat:error] [pid 53960] [client 165.227.173.41:0] AH01797: client denied by server configuration: /domains/astweb/server-status
[Mon Jan 05 01:27:01.979784 2026] [access_compat:error] [pid 53960] [client 146.190.63.248:0] AH01797: client denied by server configuration: /domains/astweb/server-status
[Mon Jan 05 01:27:02.680632 2026] [php:error] [pid 53960] [client 34.96.162.49:0] script '/domains/rainho/adminer-4.7.3.php' not found or unable to stat
[Mon Jan 05 01:27:05.924704 2026] [access_compat:error] [pid 53944] [client 134.209.25.199:0] AH01797: client denied by server configuration: /domains/fbardin/server-status
[Mon Jan 05 01:27:05.958354 2026] [access_compat:error] [pid 53939] [client 157.230.19.140:0] AH01797: client denied by server configuration: /domains/fbardin/server-status
[Mon Jan 05 01:27:06.003630 2026] [access_compat:error] [pid 53960] [client 159.65.18.197:0] AH01797: client denied by server configuration: /domains/fbardin/server-status
[Mon Jan 05 01:27:06.042673 2026] [access_compat:error] [pid 53938] [client 68.183.9.16:0] AH01797: client denied by server configuration: /domains/fbardin/server-status
[Mon Jan 05 01:27:07.413881 2026] [php:error] [pid 53966] [client 134.122.28.88:0] script '/domains/tennex/info.php' not found or unable to stat
[Mon Jan 05 01:27:07.431984 2026] [php:error] [pid 53969] [client 165.227.39.235:0] script '/domains/tennex/info.php' not found or unable to stat
[Mon Jan 05 01:27:07.845302 2026] [php:error] [pid 53913] [client 143.110.217.244:0] script '/domains/tennex/info.php' not found or unable to stat
[Mon Jan 05 01:27:07.971326 2026] [php:error] [pid 53954] [client 206.81.24.227:0] script '/domains/tennex/info.php' not found or unable to stat
[Mon Jan 05 01:27:11.844081 2026] [php:error] [pid 53969] [client 143.110.217.244:0] script '/domains/astweb/info.php' not found or unable to stat
[Mon Jan 05 01:27:11.959318 2026] [php:error] [pid 53970] [client 64.226.65.160:0] script '/domains/astweb/info.php' not found or unable to stat
[Mon Jan 05 01:27:11.965698 2026] [php:error] [pid 53964] [client 165.227.173.41:0] script '/domains/astweb/info.php' not found or unable to stat
[Mon Jan 05 01:27:11.982793 2026] [php:error] [pid 53969] [client 146.190.63.248:0] script '/domains/astweb/info.php' not found or unable to stat
[Mon Jan 05 01:27:12.000565 2026] [php:error] [pid 53952] [client 145.209.40.235:0] script '/domains/supolo/wp-good.php' not found or unable to stat, referer: https://www.bing.com/
[Mon Jan 05 01:27:12.258195 2026] [php:error] [pid 53952] [client 222.85.235.15:0] script '/domains/supolo/file.php' not found or unable to stat, referer: https://duckduckgo.com/
[Mon Jan 05 01:27:12.509185 2026] [php:error] [pid 53952] [client 154.156.207.211:0] script '/domains/supolo/bless.php' not found or unable to stat, referer: https://www.google.de/
[Mon Jan 05 01:27:12.760470 2026] [php:error] [pid 53952] [client 233.138.167.154:0] script '/domains/supolo/admin.php' not found or unable to stat, referer: https://www.google.fr/
[Mon Jan 05 01:27:13.011325 2026] [php:error] [pid 53952] [client 160.63.77.205:0] script '/domains/supolo/ioxi-o.php' not found or unable to stat, referer: https://www.bing.com/
[Mon Jan 05 01:27:13.262440 2026] [php:error] [pid 53952] [client 208.229.211.61:0] script '/domains/supolo/adminfuns.php' not found or unable to stat, referer: https://www.yahoo.com/
[Mon Jan 05 01:27:13.764260 2026] [php:error] [pid 53952] [client 176.17.17.120:0] script '/domains/supolo/aa.php' not found or unable to stat, referer: https://www.google.fr/
[Mon Jan 05 01:27:13.803215 2026] [php:error] [pid 53970] [client 65.21.113.199:0] script '/domains/hdickens.enteract/kmnj.php' not found or unable to stat
[Mon Jan 05 01:27:14.015086 2026] [php:error] [pid 53952] [client 156.102.187.178:0] script '/domains/supolo/xmrlpc.php' not found or unable to stat, referer: https://www.google.fr/
[Mon Jan 05 01:27:14.266046 2026] [php:error] [pid 53952] [client 253.134.98.79:0] script '/domains/supolo/class.php' not found or unable to stat, referer: https://duckduckgo.com/
[Mon Jan 05 01:27:14.516934 2026] [php:error] [pid 53952] [client 217.147.189.48:0] script '/domains/supolo/goods.php' not found or unable to stat, referer: https://duckduckgo.com/
[Mon Jan 05 01:27:14.767825 2026] [php:error] [pid 53952] [client 58.64.196.134:0] script '/domains/supolo/info.php' not found or unable to stat, referer: https://duckduckgo.com/
[Mon Jan 05 01:27:15.018864 2026] [php:error] [pid 53952] [client 239.74.11.112:0] script '/domains/supolo/as.php' not found or unable to stat, referer: https://duckduckgo.com/
[Mon Jan 05 01:27:15.269712 2026] [php:error] [pid 53952] [client 118.226.156.193:0] script '/domains/supolo/aw.php' not found or unable to stat, referer: https://www.google.com/
[Mon Jan 05 01:27:15.520526 2026] [php:error] [pid 53952] [client 61.58.69.168:0] script '/domains/supolo/bb.php' not found or unable to stat, referer: https://www.google.de/
[Mon Jan 05 01:27:15.772353 2026] [php:error] [pid 53952] [client 192.98.196.58:0] script '/domains/supolo/about.php' not found or unable to stat, referer: https://www.google.fr/
[Mon Jan 05 01:27:16.024317 2026] [php:error] [pid 53952] [client 128.89.94.250:0] script '/domains/supolo/222.php' not found or unable to stat, referer: https://www.google.fr/
[Mon Jan 05 01:27:16.276068 2026] [php:error] [pid 53952] [client 26.129.183.54:0] script '/domains/supolo/test1.php' not found or unable to stat, referer: https://www.google.com/
[Mon Jan 05 01:27:16.290402 2026] [php:error] [pid 53974] [client 134.209.25.199:0] script '/domains/fbardin/info.php' not found or unable to stat
[Mon Jan 05 01:27:16.290966 2026] [php:error] [pid 53975] [client 65.21.113.199:0] script '/domains/hdickens.enteract/kmnj.php' not found or unable to stat
[Mon Jan 05 01:27:16.291203 2026] [php:error] [pid 53976] [client 157.230.19.140:0] script '/domains/fbardin/info.php' not found or unable to stat
[Mon Jan 05 01:27:16.291210 2026] [php:error] [pid 53977] [client 159.65.18.197:0] script '/domains/fbardin/info.php' not found or unable to stat
[Mon Jan 05 01:27:16.291578 2026] [php:error] [pid 53974] [client 68.183.9.16:0] script '/domains/fbardin/info.php' not found or unable to stat
[Mon Jan 05 01:27:16.526962 2026] [php:error] [pid 53952] [client 113.136.247.6:0] script '/domains/supolo/classwithtostring.php' not found or unable to stat, referer: https://www.google.de/
[Mon Jan 05 01:27:17.029393 2026] [php:error] [pid 53952] [client 215.229.221.165:0] script '/domains/supolo/fx.php' not found or unable to stat, referer: https://www.google.com/
[Mon Jan 05 01:27:17.280214 2026] [php:error] [pid 53952] [client 213.172.141.38:0] script '/domains/supolo/gelay.php' not found or unable to stat, referer: https://www.google.com/
[Mon Jan 05 01:27:17.530995 2026] [php:error] [pid 53952] [client 211.115.92.243:0] script '/domains/supolo/god4m.php' not found or unable to stat, referer: https://www.google.com/
[Mon Jan 05 01:27:17.783241 2026] [php:error] [pid 53952] [client 44.31.239.239:0] script '/domains/supolo/mari.php' not found or unable to stat, referer: https://www.google.co.uk/
[Mon Jan 05 01:27:18.034291 2026] [php:error] [pid 53952] [client 142.224.8.56:0] script '/domains/supolo/moon.php' not found or unable to stat, referer: https://www.google.co.uk/
[Mon Jan 05 01:27:18.285846 2026] [php:error] [pid 53952] [client 240.6.14.100:0] script '/domains/supolo/o.php' not found or unable to stat, referer: https://www.bing.com/
[Mon Jan 05 01:27:18.537255 2026] [php:error] [pid 53952] [client 50.121.49.7:0] script '/domains/supolo/tmp.php' not found or unable to stat, referer: https://www.google.de/
[Mon Jan 05 01:27:19.326240 2026] [php:error] [pid 53961] [client 65.21.113.199:0] script '/domains/hdickens.enteract/kmnj.php' not found or unable to stat
[Mon Jan 05 01:27:20.986657 2026] [access_compat:error] [pid 53947] [client 178.128.207.138:0] AH01797: client denied by server configuration: /domains/fdcarter/server-status
[Mon Jan 05 01:27:21.062591 2026] [access_compat:error] [pid 53977] [client 178.128.207.138:0] AH01797: client denied by server configuration: /domains/fdcarter/server-status
[Mon Jan 05 01:27:21.464603 2026] [access_compat:error] [pid 53970] [client 64.225.75.246:0] AH01797: client denied by server configuration: /domains/fdcarter/server-status
[Mon Jan 05 01:27:22.417187 2026] [php:error] [pid 53953] [client 65.21.113.199:0] script '/domains/hdickens.enteract/kmnj.php' not found or unable to stat
[Mon Jan 05 01:27:25.262011 2026] [php:error] [pid 53979] [client 65.21.113.199:0] script '/domains/hdickens.enteract/ugde.php' not found or unable to stat
[Mon Jan 05 01:27:31.664059 2026] [php:error] [pid 53961] [client 178.128.207.138:0] script '/domains/fdcarter/info.php' not found or unable to stat
[Mon Jan 05 01:27:31.666605 2026] [php:error] [pid 53961] [client 178.128.207.138:0] script '/domains/fdcarter/info.php' not found or unable to stat
[Mon Jan 05 01:27:31.966522 2026] [php:error] [pid 53977] [client 64.225.75.246:0] script '/domains/fdcarter/info.php' not found or unable to stat
[Mon Jan 05 01:27:42.128373 2026] [rewrite:error] [pid 53947] [client 104.164.126.112:0] AH10508: Unsafe URL with %3f URL rewritten without UnsafeAllow3F
[Mon Jan 05 01:27:46.058976 2026] [access_compat:error] [pid 53962] [client 167.99.182.39:0] AH01797: client denied by server configuration: /domains/mjbradley/server-status
[Mon Jan 05 01:27:46.060962 2026] [access_compat:error] [pid 53944] [client 159.89.127.165:0] AH01797: client denied by server configuration: /domains/mjbradley/server-status
[Mon Jan 05 01:27:46.092650 2026] [access_compat:error] [pid 53984] [client 147.182.149.75:0] AH01797: client denied by server configuration: /domains/mjbradley/server-status
[Mon Jan 05 01:27:48.451292 2026] [access_compat:error] [pid 53984] [client 68.183.180.73:0] AH01797: client denied by server configuration: /domains/mjbradley/server-status
[Mon Jan 05 01:27:56.063253 2026] [php:error] [pid 53961] [client 167.99.182.39:0] script '/domains/mjbradley/info.php' not found or unable to stat
[Mon Jan 05 01:27:56.068964 2026] [php:error] [pid 53962] [client 159.89.127.165:0] script '/domains/mjbradley/info.php' not found or unable to stat
[Mon Jan 05 01:27:56.091861 2026] [php:error] [pid 53987] [client 147.182.149.75:0] script '/domains/mjbradley/info.php' not found or unable to stat
[Mon Jan 05 01:27:58.454973 2026] [php:error] [pid 53976] [client 68.183.180.73:0] script '/domains/mjbradley/info.php' not found or unable to stat
[Mon Jan 05 01:27:58.626740 2026] [access_compat:error] [pid 53962] [client 159.223.132.86:0] AH01797: client denied by server configuration: /domains/tinatina/server-status
[Mon Jan 05 01:27:58.776314 2026] [access_compat:error] [pid 53962] [client 178.128.207.138:0] AH01797: client denied by server configuration: /domains/tinatina/server-status
[Mon Jan 05 01:27:58.939681 2026] [access_compat:error] [pid 53952] [client 159.65.18.197:0] AH01797: client denied by server configuration: /domains/tinatina/server-status
[Mon Jan 05 01:27:59.126566 2026] [access_compat:error] [pid 53976] [client 178.128.207.138:0] AH01797: client denied by server configuration: /domains/tinatina/server-status
[Mon Jan 05 01:28:08.629851 2026] [php:error] [pid 53995] [client 159.223.132.86:0] script '/domains/tinatina/info.php' not found or unable to stat
[Mon Jan 05 01:28:08.794362 2026] [php:error] [pid 53995] [client 178.128.207.138:0] script '/domains/tinatina/info.php' not found or unable to stat
[Mon Jan 05 01:28:09.307178 2026] [access_compat:error] [pid 53993] [client 206.189.225.181:0] AH01797: client denied by server configuration: /domains/navarrospring/server-status
[Mon Jan 05 01:28:09.328815 2026] [access_compat:error] [pid 53995] [client 167.99.182.39:0] AH01797: client denied by server configuration: /domains/navarrospring/server-status
[Mon Jan 05 01:28:09.451205 2026] [php:error] [pid 54002] [client 159.65.18.197:0] script '/domains/tinatina/info.php' not found or unable to stat
[Mon Jan 05 01:28:09.556756 2026] [php:error] [pid 53995] [client 178.128.207.138:0] script '/domains/tinatina/info.php' not found or unable to stat
[Mon Jan 05 01:28:09.764432 2026] [access_compat:error] [pid 54002] [client 139.59.132.8:0] AH01797: client denied by server configuration: /domains/navarrospring/server-status
[Mon Jan 05 01:28:10.570647 2026] [access_compat:error] [pid 53999] [client 207.154.212.47:0] AH01797: client denied by server configuration: /domains/navarrospring/server-status
[Mon Jan 05 01:28:15.475522 2026] [access_compat:error] [pid 53991] [client 138.68.82.23:0] AH01797: client denied by server configuration: /domains/schellin/server-status
[Mon Jan 05 01:28:15.625919 2026] [access_compat:error] [pid 54000] [client 64.226.65.160:0] AH01797: client denied by server configuration: /domains/schellin/server-status
[Mon Jan 05 01:28:17.577235 2026] [php:error] [pid 54006] [client 145.239.10.137:0] script '/domains/icrse/Codex.php' not found or unable to stat, referer: http://symposia.org/Codex.php
[Mon Jan 05 01:28:19.318495 2026] [php:error] [pid 53999] [client 206.189.225.181:0] script '/domains/navarrospring/info.php' not found or unable to stat
[Mon Jan 05 01:28:19.333296 2026] [php:error] [pid 54002] [client 167.99.182.39:0] script '/domains/navarrospring/info.php' not found or unable to stat
[Mon Jan 05 01:28:19.467044 2026] [access_compat:error] [pid 53991] [client 138.197.191.87:0] AH01797: client denied by server configuration: /domains/schellin/server-status
[Mon Jan 05 01:28:19.619064 2026] [access_compat:error] [pid 54000] [client 209.38.248.17:0] AH01797: client denied by server configuration: /domains/schellin/server-status
[Mon Jan 05 01:28:19.757542 2026] [php:error] [pid 54006] [client 139.59.132.8:0] script '/domains/navarrospring/info.php' not found or unable to stat
[Mon Jan 05 01:28:20.591632 2026] [php:error] [pid 54002] [client 207.154.212.47:0] script '/domains/navarrospring/info.php' not found or unable to stat
[Mon Jan 05 01:28:24.648396 2026] [access_compat:error] [pid 54014] [client 165.22.235.3:0] AH01797: client denied by server configuration: /domains/jaspen/server-status
[Mon Jan 05 01:28:25.472887 2026] [php:error] [pid 54014] [client 138.68.82.23:0] script '/domains/schellin/info.php' not found or unable to stat
[Mon Jan 05 01:28:25.493170 2026] [access_compat:error] [pid 54011] [client 139.59.143.102:0] AH01797: client denied by server configuration: /domains/jaspen/server-status
[Mon Jan 05 01:28:25.854565 2026] [php:error] [pid 54001] [client 64.226.65.160:0] script '/domains/schellin/info.php' not found or unable to stat
[Mon Jan 05 01:28:26.166901 2026] [access_compat:error] [pid 53989] [client 206.189.2.13:0] AH01797: client denied by server configuration: /domains/jaspen/server-status
[Mon Jan 05 01:28:26.276209 2026] [access_compat:error] [pid 54011] [client 142.93.129.190:0] AH01797: client denied by server configuration: /domains/jaspen/server-status
[Mon Jan 05 01:28:28.378344 2026] [access_compat:error] [pid 54006] [client 142.93.0.66:0] AH01797: client denied by server configuration: /domains/nsmd2/server-status
[Mon Jan 05 01:28:28.736369 2026] [access_compat:error] [pid 54011] [client 139.59.132.8:0] AH01797: client denied by server configuration: /domains/nsmd2/server-status
[Mon Jan 05 01:28:28.751693 2026] [access_compat:error] [pid 54002] [client 139.59.136.184:0] AH01797: client denied by server configuration: /domains/nsmd2/server-status
[Mon Jan 05 01:28:29.074698 2026] [access_compat:error] [pid 53976] [client 68.183.9.16:0] AH01797: client denied by server configuration: /domains/bburke/server-status
[Mon Jan 05 01:28:29.098586 2026] [access_compat:error] [pid 53996] [client 64.227.70.2:0] AH01797: client denied by server configuration: /domains/bburke/server-status
[Mon Jan 05 01:28:29.255402 2026] [access_compat:error] [pid 53992] [client 209.97.180.8:0] AH01797: client denied by server configuration: /domains/bburke/server-status
[Mon Jan 05 01:28:29.471399 2026] [php:error] [pid 53997] [client 138.197.191.87:0] script '/domains/schellin/info.php' not found or unable to stat
[Mon Jan 05 01:28:29.850503 2026] [access_compat:error] [pid 53962] [client 164.90.208.56:0] AH01797: client denied by server configuration: /domains/bburke/server-status
[Mon Jan 05 01:28:29.889231 2026] [php:error] [pid 53999] [client 209.38.248.17:0] script '/domains/schellin/info.php' not found or unable to stat
[Mon Jan 05 01:28:31.317277 2026] [access_compat:error] [pid 53999] [client 128.199.182.55:0] AH01797: client denied by server configuration: /domains/nsmd2/server-status
[Mon Jan 05 01:28:34.670575 2026] [php:error] [pid 53996] [client 165.22.235.3:0] script '/domains/jaspen/info.php' not found or unable to stat
[Mon Jan 05 01:28:35.512725 2026] [php:error] [pid 53998] [client 139.59.143.102:0] script '/domains/jaspen/info.php' not found or unable to stat
[Mon Jan 05 01:28:36.156743 2026] [php:error] [pid 54018] [client 206.189.2.13:0] script '/domains/jaspen/info.php' not found or unable to stat
[Mon Jan 05 01:28:36.282314 2026] [php:error] [pid 54017] [client 142.93.129.190:0] script '/domains/jaspen/info.php' not found or unable to stat
[Mon Jan 05 01:28:38.385926 2026] [php:error] [pid 53999] [client 142.93.0.66:0] script '/domains/nsmd2/info.php' not found or unable to stat
[Mon Jan 05 01:28:38.748459 2026] [php:error] [pid 54002] [client 139.59.132.8:0] script '/domains/nsmd2/info.php' not found or unable to stat
[Mon Jan 05 01:28:38.749249 2026] [php:error] [pid 54011] [client 139.59.136.184:0] script '/domains/nsmd2/info.php' not found or unable to stat
[Mon Jan 05 01:28:39.080801 2026] [php:error] [pid 53999] [client 68.183.9.16:0] script '/domains/bburke/info.php' not found or unable to stat
[Mon Jan 05 01:28:39.104948 2026] [php:error] [pid 53992] [client 64.227.70.2:0] script '/domains/bburke/info.php' not found or unable to stat
[Mon Jan 05 01:28:39.264173 2026] [php:error] [pid 54002] [client 209.97.180.8:0] script '/domains/bburke/info.php' not found or unable to stat
[Mon Jan 05 01:28:39.869896 2026] [php:error] [pid 54011] [client 164.90.208.56:0] script '/domains/bburke/info.php' not found or unable to stat
[Mon Jan 05 01:28:41.343626 2026] [php:error] [pid 54011] [client 128.199.182.55:0] script '/domains/nsmd2/info.php' not found or unable to stat
[Mon Jan 05 01:29:03.628209 2026] [access_compat:error] [pid 54018] [client 147.182.149.75:0] AH01797: client denied by server configuration: /domains/piltdweb1/server-status
[Mon Jan 05 01:29:03.993804 2026] [access_compat:error] [pid 53999] [client 178.128.207.138:0] AH01797: client denied by server configuration: /domains/piltdweb1/server-status
[Mon Jan 05 01:29:04.119242 2026] [access_compat:error] [pid 54015] [client 159.65.18.197:0] AH01797: client denied by server configuration: /domains/piltdweb1/server-status
[Mon Jan 05 01:29:07.626707 2026] [access_compat:error] [pid 53994] [client 68.183.180.73:0] AH01797: client denied by server configuration: /domains/piltdweb1/server-status
[Mon Jan 05 01:29:12.156628 2026] [php:error] [pid 54022] [client 84.239.28.226:0] script '/domains/fdcarter/0.php' not found or unable to stat, referer: https://www.google.de/
[Mon Jan 05 01:29:12.394586 2026] [php:error] [pid 54022] [client 142.53.88.232:0] script '/domains/fdcarter/1.php' not found or unable to stat, referer: https://www.yahoo.com/
[Mon Jan 05 01:29:12.633338 2026] [php:error] [pid 54022] [client 93.130.160.113:0] script '/domains/fdcarter/2.php' not found or unable to stat, referer: https://www.google.co.uk/
[Mon Jan 05 01:29:12.871233 2026] [php:error] [pid 54022] [client 11.78.74.200:0] script '/domains/fdcarter/12.php' not found or unable to stat, referer: https://www.google.com/
[Mon Jan 05 01:29:13.109799 2026] [php:error] [pid 54022] [client 249.231.206.130:0] script '/domains/fdcarter/13.php' not found or unable to stat, referer: https://www.google.com/
[Mon Jan 05 01:29:13.347769 2026] [php:error] [pid 54022] [client 166.150.63.230:0] script '/domains/fdcarter/403.php' not found or unable to stat, referer: https://www.google.de/
[Mon Jan 05 01:29:13.585547 2026] [php:error] [pid 54022] [client 9.252.240.231:0] script '/domains/fdcarter/404.php' not found or unable to stat, referer: https://duckduckgo.com/
[Mon Jan 05 01:29:13.633344 2026] [php:error] [pid 54017] [client 147.182.149.75:0] script '/domains/piltdweb1/info.php' not found or unable to stat
[Mon Jan 05 01:29:13.823811 2026] [php:error] [pid 54022] [client 156.4.64.181:0] script '/domains/fdcarter/a.php' not found or unable to stat, referer: https://www.google.com/
[Mon Jan 05 01:29:13.998184 2026] [php:error] [pid 53996] [client 178.128.207.138:0] script '/domains/piltdweb1/info.php' not found or unable to stat
[Mon Jan 05 01:29:14.087193 2026] [php:error] [pid 54022] [client 222.107.181.146:0] script '/domains/fdcarter/aa.php' not found or unable to stat, referer: https://www.google.fr/
[Mon Jan 05 01:29:14.124947 2026] [php:error] [pid 54015] [client 159.65.18.197:0] script '/domains/piltdweb1/info.php' not found or unable to stat
[Mon Jan 05 01:29:14.333011 2026] [php:error] [pid 54022] [client 97.200.55.73:0] script '/domains/fdcarter/abcd.php' not found or unable to stat, referer: https://duckduckgo.com/
[Mon Jan 05 01:29:14.570849 2026] [php:error] [pid 54022] [client 94.205.185.158:0] script '/domains/fdcarter/about.php' not found or unable to stat, referer: https://www.yahoo.com/
[Mon Jan 05 01:29:14.809544 2026] [php:error] [pid 54022] [client 68.72.53.226:0] script '/domains/fdcarter/admin.php' not found or unable to stat, referer: https://duckduckgo.com/
[Mon Jan 05 01:29:15.047804 2026] [php:error] [pid 54022] [client 142.32.71.98:0] script '/domains/fdcarter/admin-header.php' not found or unable to stat, referer: https://duckduckgo.com/
[Mon Jan 05 01:29:15.286091 2026] [php:error] [pid 54022] [client 126.133.236.233:0] script '/domains/fdcarter/adminfuns.php' not found or unable to stat, referer: https://www.yahoo.com/
[Mon Jan 05 01:29:15.524073 2026] [php:error] [pid 54022] [client 147.117.221.33:0] script '/domains/fdcarter/ahax.php' not found or unable to stat, referer: https://www.google.com/
[Mon Jan 05 01:29:15.763301 2026] [php:error] [pid 54022] [client 162.229.88.52:0] script '/domains/fdcarter/akcc.php' not found or unable to stat, referer: https://www.google.de/
[Mon Jan 05 01:29:16.002408 2026] [php:error] [pid 54022] [client 179.176.223.156:0] script '/domains/fdcarter/alf.php' not found or unable to stat, referer: https://www.google.de/
[Mon Jan 05 01:29:16.241259 2026] [php:error] [pid 54022] [client 224.86.157.218:0] script '/domains/fdcarter/alfa.php' not found or unable to stat, referer: https://www.bing.com/
[Mon Jan 05 01:29:16.479088 2026] [php:error] [pid 54022] [client 205.137.44.185:0] script '/domains/fdcarter/alfashell.php' not found or unable to stat, referer: https://www.bing.com/
[Mon Jan 05 01:29:16.723753 2026] [php:error] [pid 54022] [client 14.8.98.169:0] script '/domains/fdcarter/api.php' not found or unable to stat, referer: https://duckduckgo.com/
[Mon Jan 05 01:29:16.961855 2026] [php:error] [pid 54022] [client 243.75.4.182:0] script '/domains/fdcarter/app.php' not found or unable to stat, referer: https://www.google.de/
[Mon Jan 05 01:29:17.199855 2026] [php:error] [pid 54022] [client 217.26.164.55:0] script '/domains/fdcarter/as.php' not found or unable to stat, referer: https://www.yahoo.com/
[Mon Jan 05 01:29:17.439363 2026] [php:error] [pid 54022] [client 201.80.5.141:0] script '/domains/fdcarter/bolt.php' not found or unable to stat, referer: https://www.yahoo.com/
[Mon Jan 05 01:29:17.677729 2026] [php:error] [pid 54022] [client 108.145.126.173:0] script '/domains/fdcarter/buy.php' not found or unable to stat, referer: https://www.google.fr/
[Mon Jan 05 01:29:17.918856 2026] [php:error] [pid 54022] [client 52.253.162.218:0] script '/domains/fdcarter/c.php' not found or unable to stat, referer: https://www.bing.com/
[Mon Jan 05 01:29:18.156654 2026] [php:error] [pid 54022] [client 175.219.140.122:0] script '/domains/fdcarter/cc.php' not found or unable to stat, referer: https://www.google.de/
[Mon Jan 05 01:29:18.394657 2026] [php:error] [pid 54022] [client 43.200.15.112:0] script '/domains/fdcarter/chosen.php' not found or unable to stat, referer: https://duckduckgo.com/
[Mon Jan 05 01:29:18.632587 2026] [php:error] [pid 54022] [client 20.184.35.52:0] script '/domains/fdcarter/classwithtostring.php' not found or unable to stat, referer: https://www.google.de/
[Mon Jan 05 01:29:18.870881 2026] [php:error] [pid 54022] [client 175.205.160.218:0] script '/domains/fdcarter/config.php' not found or unable to stat, referer: https://duckduckgo.com/
[Mon Jan 05 01:29:19.108932 2026] [php:error] [pid 54022] [client 31.14.33.180:0] script '/domains/fdcarter/content.php' not found or unable to stat, referer: https://www.google.de/
[Mon Jan 05 01:29:19.344359 2026] [php:error] [pid 54004] [client 68.183.180.73:0] script '/domains/piltdweb1/info.php' not found or unable to stat
[Mon Jan 05 01:29:19.349394 2026] [php:error] [pid 54022] [client 4.244.72.119:0] script '/domains/fdcarter/dropdown.php' not found or unable to stat, referer: https://www.bing.com/
[Mon Jan 05 01:29:19.587451 2026] [php:error] [pid 54022] [client 0.122.64.89:0] script '/domains/fdcarter/edit.php' not found or unable to stat, referer: https://www.google.fr/
[Mon Jan 05 01:29:19.826326 2026] [php:error] [pid 54022] [client 135.74.106.36:0] script '/domains/fdcarter/ee.php' not found or unable to stat, referer: https://www.google.com/
[Mon Jan 05 01:29:20.064333 2026] [php:error] [pid 54022] [client 228.62.38.57:0] script '/domains/fdcarter/favicon.php' not found or unable to stat, referer: https://www.google.com/
[Mon Jan 05 01:29:20.302283 2026] [php:error] [pid 54022] [client 72.18.243.82:0] script '/domains/fdcarter/file.php' not found or unable to stat, referer: https://duckduckgo.com/
[Mon Jan 05 01:29:20.540364 2026] [php:error] [pid 54022] [client 220.140.97.149:0] script '/domains/fdcarter/fm.php' not found or unable to stat, referer: https://www.yahoo.com/
[Mon Jan 05 01:29:20.778216 2026] [php:error] [pid 54022] [client 20.103.155.172:0] script '/domains/fdcarter/fx.php' not found or unable to stat, referer: https://www.google.de/
[Mon Jan 05 01:29:21.019758 2026] [php:error] [pid 54022] [client 139.205.186.65:0] script '/domains/fdcarter/gecko.php' not found or unable to stat, referer: https://www.yahoo.com/
[Mon Jan 05 01:29:21.257487 2026] [php:error] [pid 54022] [client 41.132.227.84:0] script '/domains/fdcarter/gecko-new.php' not found or unable to stat, referer: https://www.google.de/
[Mon Jan 05 01:29:21.495566 2026] [php:error] [pid 54022] [client 20.184.35.52:0] script '/domains/fdcarter/gel4y.php' not found or unable to stat, referer: https://duckduckgo.com/
[Mon Jan 05 01:29:21.747238 2026] [php:error] [pid 54022] [client 28.202.60.127:0] script '/domains/fdcarter/gg.php' not found or unable to stat, referer: https://www.google.fr/
[Mon Jan 05 01:29:21.985176 2026] [php:error] [pid 54022] [client 138.129.42.175:0] script '/domains/fdcarter/goods.php' not found or unable to stat, referer: https://www.google.fr/
[Mon Jan 05 01:29:22.222996 2026] [php:error] [pid 54022] [client 73.108.157.199:0] script '/domains/fdcarter/help.php' not found or unable to stat, referer: https://www.yahoo.com/
[Mon Jan 05 01:29:22.460941 2026] [php:error] [pid 54022] [client 64.8.230.182:0] script '/domains/fdcarter/i.php' not found or unable to stat, referer: https://www.google.fr/
[Mon Jan 05 01:29:22.698641 2026] [php:error] [pid 54022] [client 44.41.9.34:0] script '/domains/fdcarter/index.php' not found or unable to stat, referer: https://www.yahoo.com/
[Mon Jan 05 01:29:22.936464 2026] [php:error] [pid 54022] [client 67.204.58.235:0] script '/domains/fdcarter/info.php' not found or unable to stat, referer: https://duckduckgo.com/
[Mon Jan 05 01:29:23.174497 2026] [php:error] [pid 54022] [client 131.164.27.240:0] script '/domains/fdcarter/ioxi-o.php' not found or unable to stat, referer: https://www.google.de/
[Mon Jan 05 01:29:23.412485 2026] [php:error] [pid 54022] [client 170.212.174.8:0] script '/domains/fdcarter/k.php' not found or unable to stat, referer: https://www.bing.com/
[Mon Jan 05 01:29:23.650814 2026] [php:error] [pid 54022] [client 193.102.213.116:0] script '/domains/fdcarter/link.php' not found or unable to stat, referer: https://www.google.com/
[Mon Jan 05 01:29:23.888861 2026] [php:error] [pid 54022] [client 232.112.146.67:0] script '/domains/fdcarter/man.php' not found or unable to stat, referer: https://www.google.com/
[Mon Jan 05 01:29:23.958837 2026] [access_compat:error] [pid 54012] [client 209.97.180.8:0] AH01797: client denied by server configuration: /domains/conceptlabs1/server-status
[Mon Jan 05 01:29:24.010361 2026] [access_compat:error] [pid 54017] [client 167.99.210.137:0] AH01797: client denied by server configuration: /domains/conceptlabs1/server-status
[Mon Jan 05 01:29:24.037730 2026] [access_compat:error] [pid 54007] [client 134.209.25.199:0] AH01797: client denied by server configuration: /domains/conceptlabs1/server-status
[Mon Jan 05 01:29:24.045677 2026] [access_compat:error] [pid 54046] [client 138.68.144.227:0] AH01797: client denied by server configuration: /domains/conceptlabs1/server-status
[Mon Jan 05 01:29:24.129079 2026] [php:error] [pid 54022] [client 216.56.47.116:0] script '/domains/fdcarter/mini.php' not found or unable to stat, referer: https://www.yahoo.com/
