[Mon Jan 05 04:02:46.192922 2026] [php:error] [pid 85464] [client 74.142.214.29:0] script '/domains/bfitpro2/test.php' not found or unable to stat, referer: https://www.google.com/
[Mon Jan 05 04:02:46.389608 2026] [php:error] [pid 85464] [client 170.246.57.162:0] script '/domains/bfitpro2/tiny.php' not found or unable to stat, referer: https://www.yahoo.com/
[Mon Jan 05 04:02:46.473621 2026] [php:error] [pid 85468] [client 203.25.124.112:0] script '/domains/viamonte3/images/index22.php' not found or unable to stat
[Mon Jan 05 04:02:46.586407 2026] [php:error] [pid 85464] [client 176.216.8.86:0] script '/domains/bfitpro2/user.php' not found or unable to stat, referer: https://www.yahoo.com/
[Mon Jan 05 04:02:46.648023 2026] [php:error] [pid 85443] [client 20.255.99.217:0] script '/domains/davidbacker/Rk41.php' not found or unable to stat
[Mon Jan 05 04:02:46.680502 2026] [php:error] [pid 85468] [client 203.25.124.112:0] script '/domains/viamonte3/wp-user.php' not found or unable to stat
[Mon Jan 05 04:02:46.782697 2026] [php:error] [pid 85464] [client 29.83.18.252:0] script '/domains/bfitpro2/vx.php' not found or unable to stat, referer: https://www.google.de/
[Mon Jan 05 04:02:46.862403 2026] [php:error] [pid 85443] [client 20.255.99.217:0] script '/domains/davidbacker/ztv.php' not found or unable to stat
[Mon Jan 05 04:02:46.979897 2026] [php:error] [pid 85464] [client 171.9.229.77:0] script '/domains/bfitpro2/wp-admin.php' not found or unable to stat, referer: https://www.google.co.uk/
[Mon Jan 05 04:02:47.084391 2026] [php:error] [pid 85443] [client 20.255.99.217:0] script '/domains/davidbacker/sef.php' not found or unable to stat
[Mon Jan 05 04:02:47.176699 2026] [php:error] [pid 85464] [client 116.138.115.208:0] script '/domains/bfitpro2/wp-blog.php' not found or unable to stat, referer: https://www.google.de/
[Mon Jan 05 04:02:47.300359 2026] [php:error] [pid 85443] [client 20.255.99.217:0] script '/domains/davidbacker/155.php' not found or unable to stat
[Mon Jan 05 04:02:47.306842 2026] [php:error] [pid 85468] [client 203.25.124.112:0] script '/domains/viamonte3/config.php' not found or unable to stat
[Mon Jan 05 04:02:47.409102 2026] [php:error] [pid 85464] [client 100.63.106.133:0] script '/domains/bfitpro2/wp-good.php' not found or unable to stat, referer: https://www.google.fr/
[Mon Jan 05 04:02:47.514263 2026] [php:error] [pid 85468] [client 203.25.124.112:0] script '/domains/viamonte3/special.php' not found or unable to stat
[Mon Jan 05 04:02:47.605488 2026] [php:error] [pid 85464] [client 62.139.105.42:0] script '/domains/bfitpro2/wp-include.php' not found or unable to stat, referer: https://www.google.de/
[Mon Jan 05 04:02:47.802120 2026] [php:error] [pid 85464] [client 174.206.13.176:0] script '/domains/bfitpro2/wp-links.php' not found or unable to stat, referer: https://www.bing.com/
[Mon Jan 05 04:02:47.998550 2026] [php:error] [pid 85464] [client 232.16.153.103:0] script '/domains/bfitpro2/wp-signin.php' not found or unable to stat, referer: https://www.yahoo.com/
[Mon Jan 05 04:02:48.194895 2026] [php:error] [pid 85464] [client 74.68.89.100:0] script '/domains/bfitpro2/wp-trackback.php' not found or unable to stat, referer: https://www.yahoo.com/
[Mon Jan 05 04:02:48.391652 2026] [php:error] [pid 85464] [client 200.155.206.5:0] script '/domains/bfitpro2/wp.php' not found or unable to stat, referer: https://www.google.de/
[Mon Jan 05 04:02:48.589145 2026] [php:error] [pid 85464] [client 190.106.201.41:0] script '/domains/bfitpro2/wso.php' not found or unable to stat, referer: https://www.google.de/
[Mon Jan 05 04:02:48.786371 2026] [php:error] [pid 85464] [client 237.83.197.249:0] script '/domains/bfitpro2/xmlrpc.php' not found or unable to stat, referer: https://www.google.co.uk/
[Mon Jan 05 04:02:48.982834 2026] [php:error] [pid 85464] [client 111.199.154.6:0] script '/domains/bfitpro2/xmrlpc.php' not found or unable to stat, referer: https://www.google.de/
[Mon Jan 05 04:02:50.007685 2026] [php:error] [pid 85499] [client 212.32.76.28:0] script '/domains/viamonte3/webdb.php' not found or unable to stat
[Mon Jan 05 04:02:50.421843 2026] [php:error] [pid 85499] [client 212.32.76.28:0] script '/domains/viamonte3/file2.php' not found or unable to stat
[Mon Jan 05 04:02:50.837229 2026] [php:error] [pid 85499] [client 212.32.76.28:0] script '/domains/viamonte3/alfa.php' not found or unable to stat
[Mon Jan 05 04:02:52.509172 2026] [php:error] [pid 85499] [client 212.32.76.28:0] script '/domains/viamonte3/edit.php' not found or unable to stat
[Mon Jan 05 04:02:53.132003 2026] [php:error] [pid 85499] [client 212.32.76.28:0] script '/domains/viamonte3/wp-links-opml.php' not found or unable to stat
[Mon Jan 05 04:02:53.546594 2026] [php:error] [pid 85499] [client 212.32.76.28:0] script '/domains/viamonte3/atomlib.php' not found or unable to stat
[Mon Jan 05 04:02:54.584889 2026] [php:error] [pid 85499] [client 212.32.76.28:0] script '/domains/viamonte3/xp.php' not found or unable to stat
[Mon Jan 05 04:02:55.206451 2026] [php:error] [pid 85499] [client 212.32.76.28:0] script '/domains/viamonte3/wp-links.php' not found or unable to stat
[Mon Jan 05 04:02:57.489703 2026] [php:error] [pid 85499] [client 212.32.76.28:0] script '/domains/viamonte3/moon.php' not found or unable to stat
[Mon Jan 05 04:02:58.112376 2026] [php:error] [pid 85499] [client 212.32.76.28:0] script '/domains/viamonte3/webadmin.php' not found or unable to stat
[Mon Jan 05 04:02:58.732720 2026] [php:error] [pid 85499] [client 212.32.76.28:0] script '/domains/viamonte3/xl2023.php' not found or unable to stat
[Mon Jan 05 04:02:58.957035 2026] [php:error] [pid 85499] [client 212.32.76.28:0] script '/domains/viamonte3/go.php' not found or unable to stat
[Mon Jan 05 04:02:59.108456 2026] [php:error] [pid 85478] [client 38.247.199.142:0] script '/domains/system_default/ioxi-o.php' not found or unable to stat, referer: https://www.yahoo.com/
[Mon Jan 05 04:02:59.279297 2026] [php:error] [pid 85478] [client 9.156.176.178:0] script '/domains/system_default/0x.php' not found or unable to stat, referer: https://www.google.fr/
[Mon Jan 05 04:02:59.450188 2026] [php:error] [pid 85478] [client 55.219.128.117:0] script '/domains/system_default/222.php' not found or unable to stat, referer: https://www.google.co.uk/
[Mon Jan 05 04:02:59.620690 2026] [php:error] [pid 85478] [client 166.167.131.79:0] script '/domains/system_default/aa.php' not found or unable to stat, referer: https://www.google.de/
[Mon Jan 05 04:02:59.791719 2026] [php:error] [pid 85478] [client 198.44.153.31:0] script '/domains/system_default/abcd.php' not found or unable to stat, referer: https://www.google.co.uk/
[Mon Jan 05 04:02:59.962575 2026] [php:error] [pid 85478] [client 158.91.201.92:0] script '/domains/system_default/admin.php' not found or unable to stat, referer: https://www.yahoo.com/
[Mon Jan 05 04:03:00.304581 2026] [php:error] [pid 85478] [client 245.43.105.134:0] script '/domains/system_default/adminfuns.php' not found or unable to stat, referer: https://www.bing.com/
[Mon Jan 05 04:03:00.475217 2026] [php:error] [pid 85478] [client 19.2.75.160:0] script '/domains/system_default/akc.php' not found or unable to stat, referer: https://www.bing.com/
[Mon Jan 05 04:03:00.646156 2026] [php:error] [pid 85478] [client 18.191.12.58:0] script '/domains/system_default/buy.php' not found or unable to stat, referer: https://www.google.co.uk/
[Mon Jan 05 04:03:00.816716 2026] [php:error] [pid 85478] [client 238.111.187.79:0] script '/domains/system_default/cong.php' not found or unable to stat, referer: https://www.google.com/
[Mon Jan 05 04:03:01.157688 2026] [php:error] [pid 85478] [client 145.32.149.197:0] script '/domains/system_default/db.php' not found or unable to stat, referer: https://www.google.com/
[Mon Jan 05 04:03:01.328423 2026] [php:error] [pid 85478] [client 201.98.53.5:0] script '/domains/system_default/dropdown.php' not found or unable to stat, referer: https://www.google.co.uk/
[Mon Jan 05 04:03:01.500680 2026] [php:error] [pid 85478] [client 232.113.215.201:0] script '/domains/system_default/file.php' not found or unable to stat, referer: https://www.bing.com/
[Mon Jan 05 04:03:01.671382 2026] [php:error] [pid 85478] [client 33.87.206.36:0] script '/domains/system_default/goods.php' not found or unable to stat, referer: https://duckduckgo.com/
[Mon Jan 05 04:03:01.842119 2026] [php:error] [pid 85478] [client 79.63.216.129:0] script '/domains/system_default/hplfuns.php' not found or unable to stat, referer: https://duckduckgo.com/
[Mon Jan 05 04:03:02.012658 2026] [php:error] [pid 85478] [client 17.84.241.186:0] script '/domains/system_default/htaccess.php' not found or unable to stat, referer: https://www.google.de/
[Mon Jan 05 04:03:02.525103 2026] [php:error] [pid 85478] [client 95.77.14.27:0] script '/domains/system_default/info.php' not found or unable to stat, referer: https://www.bing.com/
[Mon Jan 05 04:03:02.695769 2026] [php:error] [pid 85478] [client 76.100.166.235:0] script '/domains/system_default/profile.php' not found or unable to stat, referer: https://www.google.fr/
[Mon Jan 05 04:03:02.866371 2026] [php:error] [pid 85478] [client 95.117.25.18:0] script '/domains/system_default/sx.php' not found or unable to stat, referer: https://www.bing.com/
[Mon Jan 05 04:03:02.956653 2026] [php:error] [pid 85499] [client 212.32.76.28:0] script '/domains/viamonte3/hehehehe.php' not found or unable to stat
[Mon Jan 05 04:03:06.617985 2026] [php:error] [pid 85478] [client 207.161.60.203:0] script '/domains/system_default/wp-fclass.php' not found or unable to stat, referer: https://www.google.de/
[Mon Jan 05 04:03:08.691996 2026] [php:error] [pid 85492] [client 203.25.124.139:0] script '/domains/viamonte3/byp.php' not found or unable to stat
[Mon Jan 05 04:03:09.867642 2026] [php:error] [pid 85478] [client 206.122.170.160:0] script '/domains/system_default/wp-themes.php' not found or unable to stat, referer: https://www.yahoo.com/
[Mon Jan 05 04:03:10.043585 2026] [php:error] [pid 85478] [client 99.105.229.148:0] script '/domains/system_default/xmlrpc.php' not found or unable to stat, referer: https://www.bing.com/
[Mon Jan 05 04:03:10.357792 2026] [php:error] [pid 85492] [client 203.25.124.139:0] script '/domains/viamonte3/class.api.php' not found or unable to stat
[Mon Jan 05 04:03:10.982628 2026] [php:error] [pid 85492] [client 203.25.124.139:0] script '/domains/viamonte3/system_log.php' not found or unable to stat
[Mon Jan 05 04:03:11.190134 2026] [php:error] [pid 85492] [client 203.25.124.139:0] script '/domains/viamonte3/.alf.php' not found or unable to stat
[Mon Jan 05 04:03:11.398500 2026] [php:error] [pid 85492] [client 203.25.124.139:0] script '/domains/viamonte3/wso.php' not found or unable to stat
[Mon Jan 05 04:03:11.832574 2026] [php:error] [pid 85492] [client 203.25.124.139:0] script '/domains/viamonte3/flower.php' not found or unable to stat
[Mon Jan 05 04:03:12.691682 2026] [php:error] [pid 85492] [client 203.25.124.139:0] script '/domains/viamonte3/ioxi-o.php' not found or unable to stat
[Mon Jan 05 04:03:12.899507 2026] [php:error] [pid 85492] [client 203.25.124.139:0] script '/domains/viamonte3/info.php' not found or unable to stat
[Mon Jan 05 04:03:13.121369 2026] [php:error] [pid 85492] [client 203.25.124.139:0] script '/domains/viamonte3/setup.php' not found or unable to stat
[Mon Jan 05 04:03:14.237535 2026] [php:error] [pid 85492] [client 203.25.124.139:0] script '/domains/viamonte3/as.php' not found or unable to stat
[Mon Jan 05 04:03:14.445163 2026] [php:error] [pid 85492] [client 203.25.124.139:0] script '/domains/viamonte3/cc.php' not found or unable to stat
[Mon Jan 05 04:03:14.882049 2026] [php:error] [pid 85492] [client 203.25.124.139:0] script '/domains/viamonte3/ab.php' not found or unable to stat
[Mon Jan 05 04:03:15.524401 2026] [php:error] [pid 85492] [client 203.25.124.139:0] script '/domains/viamonte3/doc.php' not found or unable to stat
[Mon Jan 05 04:03:16.149741 2026] [php:error] [pid 85492] [client 203.25.124.139:0] script '/domains/viamonte3/wp-login.php' not found or unable to stat
[Mon Jan 05 04:03:16.357248 2026] [php:error] [pid 85492] [client 203.25.124.139:0] script '/domains/viamonte3/mar.php' not found or unable to stat
[Mon Jan 05 04:03:17.301764 2026] [php:error] [pid 85492] [client 203.25.124.139:0] script '/domains/viamonte3/1.php' not found or unable to stat
[Mon Jan 05 04:03:18.987553 2026] [php:error] [pid 85492] [client 203.25.124.139:0] script '/domains/viamonte3/fm.php' not found or unable to stat
[Mon Jan 05 04:03:19.836608 2026] [php:error] [pid 85492] [client 203.25.124.139:0] script '/domains/viamonte3/ini.php' not found or unable to stat
[Mon Jan 05 04:03:22.543098 2026] [php:error] [pid 85522] [client 212.32.76.29:0] script '/domains/viamonte3/wp-content.php' not found or unable to stat
[Mon Jan 05 04:03:23.610959 2026] [php:error] [pid 85522] [client 212.32.76.29:0] script '/domains/viamonte3/customize.php' not found or unable to stat
[Mon Jan 05 04:03:23.821868 2026] [php:error] [pid 85522] [client 212.32.76.29:0] script '/domains/viamonte3/license.php' not found or unable to stat
[Mon Jan 05 04:03:24.256875 2026] [php:error] [pid 85522] [client 212.32.76.29:0] script '/domains/viamonte3/lock.php' not found or unable to stat
[Mon Jan 05 04:03:25.737917 2026] [php:error] [pid 85522] [client 212.32.76.29:0] script '/domains/viamonte3/wp-good.php' not found or unable to stat
[Mon Jan 05 04:03:27.414503 2026] [php:error] [pid 85522] [client 212.32.76.29:0] script '/domains/viamonte3/ff2.php' not found or unable to stat
[Mon Jan 05 04:03:28.249717 2026] [php:error] [pid 85522] [client 212.32.76.29:0] script '/domains/viamonte3/jp.php' not found or unable to stat
[Mon Jan 05 04:03:28.457102 2026] [php:error] [pid 85522] [client 212.32.76.29:0] script '/domains/viamonte3/wp-atom.php' not found or unable to stat
[Mon Jan 05 04:03:28.881865 2026] [php:error] [pid 85522] [client 212.32.76.29:0] script '/domains/viamonte3/up.php' not found or unable to stat
[Mon Jan 05 04:03:30.131305 2026] [php:error] [pid 85522] [client 212.32.76.29:0] script '/domains/viamonte3/worm.PhP' not found or unable to stat
[Mon Jan 05 04:03:30.338987 2026] [php:error] [pid 85522] [client 212.32.76.29:0] script '/domains/viamonte3/ext.php' not found or unable to stat
[Mon Jan 05 04:03:30.546414 2026] [php:error] [pid 85522] [client 212.32.76.29:0] script '/domains/viamonte3/delpaths.php' not found or unable to stat
[Mon Jan 05 04:03:31.929769 2026] [php:error] [pid 85522] [client 212.32.76.29:0] script '/domains/viamonte3/gifclass.php' not found or unable to stat
[Mon Jan 05 04:03:32.136653 2026] [php:error] [pid 85522] [client 212.32.76.29:0] script '/domains/viamonte3/plugin.php' not found or unable to stat
[Mon Jan 05 04:03:32.573078 2026] [php:error] [pid 85522] [client 212.32.76.29:0] script '/domains/viamonte3/update-core.php' not found or unable to stat
[Mon Jan 05 04:03:33.022744 2026] [php:error] [pid 85522] [client 212.32.76.29:0] script '/domains/viamonte3/wp-mail.php' not found or unable to stat
[Mon Jan 05 04:03:35.323348 2026] [php:error] [pid 85560] [client 212.32.76.34:0] script '/domains/viamonte3/aa.php' not found or unable to stat
[Mon Jan 05 04:03:35.530622 2026] [php:error] [pid 85560] [client 212.32.76.34:0] script '/domains/viamonte3/index2.php' not found or unable to stat
[Mon Jan 05 04:03:36.623123 2026] [php:error] [pid 85560] [client 212.32.76.34:0] script '/domains/viamonte3/shell.php' not found or unable to stat
[Mon Jan 05 04:03:37.695037 2026] [php:error] [pid 85560] [client 212.32.76.34:0] script '/domains/viamonte3/hehe.php' not found or unable to stat
[Mon Jan 05 04:03:38.327670 2026] [php:error] [pid 85560] [client 212.32.76.34:0] script '/domains/viamonte3/dir.php' not found or unable to stat
[Mon Jan 05 04:03:39.178797 2026] [php:error] [pid 85560] [client 212.32.76.34:0] script '/domains/viamonte3/nf_tracking.php' not found or unable to stat
[Mon Jan 05 04:03:39.611377 2026] [php:error] [pid 85560] [client 212.32.76.34:0] script '/domains/viamonte3/filefuns.php' not found or unable to stat
[Mon Jan 05 04:03:40.025513 2026] [php:error] [pid 85560] [client 212.32.76.34:0] script '/domains/viamonte3/l.php' not found or unable to stat
[Mon Jan 05 04:03:40.233105 2026] [php:error] [pid 85560] [client 212.32.76.34:0] script '/domains/viamonte3/repeater.php' not found or unable to stat
[Mon Jan 05 04:03:40.861450 2026] [php:error] [pid 85560] [client 212.32.76.34:0] script '/domains/viamonte3/contacts.php' not found or unable to stat
[Mon Jan 05 04:03:41.084607 2026] [php:error] [pid 85560] [client 212.32.76.34:0] script '/domains/viamonte3/wsa.php' not found or unable to stat
[Mon Jan 05 04:03:42.140940 2026] [php:error] [pid 85560] [client 212.32.76.34:0] script '/domains/viamonte3/lv.php' not found or unable to stat
[Mon Jan 05 04:03:42.348583 2026] [php:error] [pid 85560] [client 212.32.76.34:0] script '/domains/viamonte3/images/js1.php' not found or unable to stat
[Mon Jan 05 04:03:45.065629 2026] [php:error] [pid 85507] [client 203.25.124.109:0] script '/domains/viamonte3/tox.php' not found or unable to stat
[Mon Jan 05 04:03:45.903230 2026] [php:error] [pid 85507] [client 203.25.124.109:0] script '/domains/viamonte3/tiny.php' not found or unable to stat
[Mon Jan 05 04:03:46.346251 2026] [php:error] [pid 85507] [client 203.25.124.109:0] script '/domains/viamonte3/themes.php' not found or unable to stat
[Mon Jan 05 04:03:46.570904 2026] [php:error] [pid 85507] [client 203.25.124.109:0] script '/domains/viamonte3/wp-themes.php' not found or unable to stat
[Mon Jan 05 04:03:47.203708 2026] [php:error] [pid 85507] [client 203.25.124.109:0] script '/domains/viamonte3/mariju.php' not found or unable to stat
[Mon Jan 05 04:03:47.414297 2026] [php:error] [pid 85507] [client 203.25.124.109:0] script '/domains/viamonte3/waf_defender.php' not found or unable to stat
[Mon Jan 05 04:03:47.837861 2026] [php:error] [pid 85507] [client 203.25.124.109:0] script '/domains/viamonte3/av.php' not found or unable to stat
[Mon Jan 05 04:03:50.035195 2026] [php:error] [pid 85514] [client 212.32.76.28:0] script '/domains/viamonte3/theme.php' not found or unable to stat
[Mon Jan 05 04:03:50.663837 2026] [php:error] [pid 85514] [client 212.32.76.28:0] script '/domains/viamonte3/Simple.php' not found or unable to stat
[Mon Jan 05 04:03:52.376253 2026] [php:error] [pid 85532] [client 212.32.76.38:0] script '/domains/viamonte3/images/waf_defender.php' not found or unable to stat
[Mon Jan 05 04:03:52.792314 2026] [php:error] [pid 85532] [client 212.32.76.38:0] script '/domains/viamonte3/small.php' not found or unable to stat
[Mon Jan 05 04:03:53.236247 2026] [php:error] [pid 85532] [client 212.32.76.38:0] script '/domains/viamonte3/NewFile.php' not found or unable to stat
[Mon Jan 05 04:03:53.650952 2026] [php:error] [pid 85532] [client 212.32.76.38:0] script '/domains/viamonte3/error.php' not found or unable to stat
[Mon Jan 05 04:03:54.481746 2026] [php:error] [pid 85532] [client 212.32.76.38:0] script '/domains/viamonte3/wp-files.php' not found or unable to stat
[Mon Jan 05 04:03:54.691292 2026] [php:error] [pid 85532] [client 212.32.76.38:0] script '/domains/viamonte3/functions.php' not found or unable to stat
[Mon Jan 05 04:03:55.737240 2026] [php:error] [pid 85532] [client 212.32.76.38:0] script '/domains/viamonte3/aks.php' not found or unable to stat
[Mon Jan 05 04:03:55.943790 2026] [php:error] [pid 85532] [client 212.32.76.38:0] script '/domains/viamonte3/litespeed.php' not found or unable to stat
[Mon Jan 05 04:03:56.588632 2026] [php:error] [pid 85532] [client 212.32.76.38:0] script '/domains/viamonte3/wpn.php' not found or unable to stat
[Mon Jan 05 04:04:00.883943 2026] [php:error] [pid 85503] [client 203.25.124.120:0] script '/domains/viamonte3/images/wp-aespa.php' not found or unable to stat
[Mon Jan 05 04:04:04.741795 2026] [php:error] [pid 85539] [client 203.25.124.140:0] script '/domains/viamonte3/Sanskrit.php' not found or unable to stat
[Mon Jan 05 04:04:04.949391 2026] [php:error] [pid 85539] [client 203.25.124.140:0] script '/domains/viamonte3/wp-fmfile.php' not found or unable to stat
[Mon Jan 05 04:04:05.814008 2026] [php:error] [pid 85539] [client 203.25.124.140:0] script '/domains/viamonte3/memberfuns.php' not found or unable to stat
[Mon Jan 05 04:04:06.032246 2026] [php:error] [pid 85539] [client 203.25.124.140:0] script '/domains/viamonte3/infos.php' not found or unable to stat
[Mon Jan 05 04:04:06.870090 2026] [php:error] [pid 85539] [client 203.25.124.140:0] script '/domains/viamonte3/options-writing.php' not found or unable to stat
[Mon Jan 05 04:04:07.078431 2026] [php:error] [pid 85539] [client 203.25.124.140:0] script '/domains/viamonte3/options-reading.php' not found or unable to stat
[Mon Jan 05 04:04:07.285317 2026] [php:error] [pid 85539] [client 203.25.124.140:0] script '/domains/viamonte3/wsad.php' not found or unable to stat
[Mon Jan 05 04:04:07.492817 2026] [php:error] [pid 85539] [client 203.25.124.140:0] script '/domains/viamonte3/nation.php' not found or unable to stat
[Mon Jan 05 04:04:08.530282 2026] [php:error] [pid 85539] [client 203.25.124.140:0] script '/domains/viamonte3/wp-atomx.php' not found or unable to stat
[Mon Jan 05 04:04:08.737771 2026] [php:error] [pid 85539] [client 203.25.124.140:0] script '/domains/viamonte3/admin-footer.php' not found or unable to stat
[Mon Jan 05 04:04:09.152661 2026] [php:error] [pid 85539] [client 203.25.124.140:0] script '/domains/viamonte3/XxX.php' not found or unable to stat
[Mon Jan 05 04:04:11.658596 2026] [php:error] [pid 85539] [client 203.25.124.140:0] script '/domains/viamonte3/images/buy.php' not found or unable to stat
[Mon Jan 05 04:04:14.788368 2026] [php:error] [pid 85539] [client 203.25.124.140:0] script '/domains/viamonte3/xex.php' not found or unable to stat
[Mon Jan 05 04:04:15.848785 2026] [php:error] [pid 85539] [client 203.25.124.140:0] script '/domains/viamonte3/wp-head.php' not found or unable to stat
[Mon Jan 05 04:04:16.471917 2026] [php:error] [pid 85539] [client 203.25.124.140:0] script '/domains/viamonte3/makeasmtp.php' not found or unable to stat
[Mon Jan 05 04:04:17.095995 2026] [php:error] [pid 85539] [client 203.25.124.140:0] script '/domains/viamonte3/images/bypass.php' not found or unable to stat
[Mon Jan 05 04:04:20.169657 2026] [php:error] [pid 85539] [client 203.25.124.140:0] script '/domains/viamonte3/click.php' not found or unable to stat
[Mon Jan 05 04:04:22.057693 2026] [php:error] [pid 85539] [client 203.25.124.140:0] script '/domains/viamonte3/wp-admin.php' not found or unable to stat
[Mon Jan 05 04:04:22.887004 2026] [php:error] [pid 85539] [client 203.25.124.140:0] script '/domains/viamonte3/wp-editor.php' not found or unable to stat
[Mon Jan 05 04:04:23.577539 2026] [php:error] [pid 85527] [client 203.25.124.228:0] script '/domains/viamonte3/images/install.php' not found or unable to stat
[Mon Jan 05 04:04:23.991434 2026] [php:error] [pid 85527] [client 203.25.124.228:0] script '/domains/viamonte3/adminfusm.php' not found or unable to stat
[Mon Jan 05 04:04:24.832789 2026] [php:error] [pid 85527] [client 203.25.124.228:0] script '/domains/viamonte3/images/habhan.php' not found or unable to stat
[Mon Jan 05 04:04:26.727101 2026] [php:error] [pid 85527] [client 203.25.124.228:0] script '/domains/viamonte3/f35_SpaceTn.php' not found or unable to stat
[Mon Jan 05 04:04:29.008807 2026] [php:error] [pid 85527] [client 203.25.124.228:0] script '/domains/viamonte3/gm.php' not found or unable to stat
[Mon Jan 05 04:04:31.477255 2026] [php:error] [pid 85527] [client 203.25.124.228:0] script '/domains/viamonte3/plugin-install.php' not found or unable to stat
[Mon Jan 05 04:04:34.186124 2026] [php:error] [pid 85527] [client 203.25.124.228:0] script '/domains/viamonte3/images/mah.php' not found or unable to stat
[Mon Jan 05 04:04:36.489717 2026] [php:error] [pid 85527] [client 203.25.124.228:0] script '/domains/viamonte3/b.php' not found or unable to stat
[Mon Jan 05 04:04:37.759547 2026] [php:error] [pid 85527] [client 203.25.124.228:0] script '/domains/viamonte3/wsax.php' not found or unable to stat
[Mon Jan 05 04:04:41.297810 2026] [php:error] [pid 85527] [client 203.25.124.228:0] script '/domains/viamonte3/images/Marvins.php' not found or unable to stat
[Mon Jan 05 04:04:45.902520 2026] [php:error] [pid 85539] [client 203.25.124.122:0] script '/domains/viamonte3/bs1.php' not found or unable to stat
[Mon Jan 05 04:04:46.531817 2026] [php:error] [pid 85539] [client 203.25.124.122:0] script '/domains/viamonte3/page.php' not found or unable to stat
[Mon Jan 05 04:04:49.029833 2026] [php:error] [pid 85566] [client 8.186.58.120:0] script '/domains/smartny/0.php' not found or unable to stat, referer: https://www.google.com/
[Mon Jan 05 04:04:49.510032 2026] [php:error] [pid 85566] [client 86.228.179.1:0] script '/domains/smartny/1.php' not found or unable to stat, referer: https://duckduckgo.com/
[Mon Jan 05 04:04:49.910903 2026] [php:error] [pid 85527] [client 203.25.124.130:0] script '/domains/viamonte3/images/autoload_classmap.php' not found or unable to stat
[Mon Jan 05 04:04:49.988554 2026] [php:error] [pid 85566] [client 64.155.77.104:0] script '/domains/smartny/2.php' not found or unable to stat, referer: https://duckduckgo.com/
[Mon Jan 05 04:04:50.477745 2026] [php:error] [pid 85566] [client 91.61.114.99:0] script '/domains/smartny/12.php' not found or unable to stat, referer: https://duckduckgo.com/
[Mon Jan 05 04:04:50.965774 2026] [php:error] [pid 85566] [client 45.26.173.159:0] script '/domains/smartny/13.php' not found or unable to stat, referer: https://www.google.de/
[Mon Jan 05 04:04:51.386951 2026] [php:error] [pid 85527] [client 203.25.124.130:0] script '/domains/viamonte3/ws.php' not found or unable to stat
[Mon Jan 05 04:04:51.455296 2026] [php:error] [pid 85566] [client 135.220.17.114:0] script '/domains/smartny/403.php' not found or unable to stat, referer: https://www.google.de/
[Mon Jan 05 04:04:51.934715 2026] [php:error] [pid 85566] [client 79.62.169.4:0] script '/domains/smartny/404.php' not found or unable to stat, referer: https://www.yahoo.com/
[Mon Jan 05 04:04:52.012290 2026] [php:error] [pid 85527] [client 203.25.124.130:0] script '/domains/viamonte3/shop.php' not found or unable to stat
[Mon Jan 05 04:04:52.423633 2026] [php:error] [pid 85566] [client 17.155.67.69:0] script '/domains/smartny/a.php' not found or unable to stat, referer: https://duckduckgo.com/
[Mon Jan 05 04:04:52.918232 2026] [php:error] [pid 85566] [client 253.233.163.22:0] script '/domains/smartny/aa.php' not found or unable to stat, referer: https://duckduckgo.com/
[Mon Jan 05 04:04:53.398242 2026] [php:error] [pid 85566] [client 224.7.237.136:0] script '/domains/smartny/abcd.php' not found or unable to stat, referer: https://www.google.fr/
[Mon Jan 05 04:04:53.472471 2026] [php:error] [pid 85527] [client 203.25.124.130:0] script '/domains/viamonte3/wp-api.php' not found or unable to stat
[Mon Jan 05 04:04:53.876407 2026] [php:error] [pid 85566] [client 104.219.138.173:0] script '/domains/smartny/about.php' not found or unable to stat, referer: https://www.google.de/
[Mon Jan 05 04:04:53.908798 2026] [php:error] [pid 85527] [client 203.25.124.130:0] script '/domains/viamonte3/css.php' not found or unable to stat
[Mon Jan 05 04:04:54.364319 2026] [php:error] [pid 85566] [client 84.210.233.7:0] script '/domains/smartny/admin.php' not found or unable to stat, referer: https://duckduckgo.com/
[Mon Jan 05 04:04:54.854189 2026] [php:error] [pid 85566] [client 122.226.93.197:0] script '/domains/smartny/admin-header.php' not found or unable to stat, referer: https://www.yahoo.com/
[Mon Jan 05 04:04:55.182053 2026] [php:error] [pid 85527] [client 203.25.124.130:0] script '/domains/viamonte3/wp-error_log.php' not found or unable to stat
[Mon Jan 05 04:04:55.342779 2026] [php:error] [pid 85566] [client 195.118.237.8:0] script '/domains/smartny/adminfuns.php' not found or unable to stat, referer: https://www.google.fr/
[Mon Jan 05 04:04:55.832303 2026] [php:error] [pid 85566] [client 184.49.78.53:0] script '/domains/smartny/ahax.php' not found or unable to stat, referer: https://www.yahoo.com/
[Mon Jan 05 04:04:56.319342 2026] [php:error] [pid 85566] [client 251.39.168.98:0] script '/domains/smartny/akcc.php' not found or unable to stat, referer: https://www.yahoo.com/
[Mon Jan 05 04:04:56.808809 2026] [php:error] [pid 85566] [client 61.99.214.139:0] script '/domains/smartny/alf.php' not found or unable to stat, referer: https://www.bing.com/
[Mon Jan 05 04:04:57.301187 2026] [php:error] [pid 85566] [client 223.237.67.66:0] script '/domains/smartny/alfa.php' not found or unable to stat, referer: https://www.yahoo.com/
[Mon Jan 05 04:04:57.790237 2026] [php:error] [pid 85566] [client 239.202.120.111:0] script '/domains/smartny/alfashell.php' not found or unable to stat, referer: https://duckduckgo.com/
[Mon Jan 05 04:04:58.278498 2026] [php:error] [pid 85566] [client 3.232.120.220:0] script '/domains/smartny/api.php' not found or unable to stat, referer: https://www.bing.com/
[Mon Jan 05 04:04:58.759914 2026] [php:error] [pid 85566] [client 7.215.201.93:0] script '/domains/smartny/app.php' not found or unable to stat, referer: https://www.bing.com/
[Mon Jan 05 04:04:59.038329 2026] [php:error] [pid 85527] [client 203.25.124.130:0] script '/domains/viamonte3/files.php' not found or unable to stat
[Mon Jan 05 04:04:59.253382 2026] [php:error] [pid 85566] [client 76.196.74.176:0] script '/domains/smartny/as.php' not found or unable to stat, referer: https://www.yahoo.com/
[Mon Jan 05 04:04:59.742111 2026] [php:error] [pid 85566] [client 147.111.180.97:0] script '/domains/smartny/bolt.php' not found or unable to stat, referer: https://www.google.de/
[Mon Jan 05 04:05:00.230368 2026] [php:error] [pid 85566] [client 35.186.92.136:0] script '/domains/smartny/buy.php' not found or unable to stat, referer: https://www.google.de/
[Mon Jan 05 04:05:00.720381 2026] [php:error] [pid 85566] [client 138.112.204.142:0] script '/domains/smartny/c.php' not found or unable to stat, referer: https://www.google.com/
[Mon Jan 05 04:05:01.211654 2026] [php:error] [pid 85566] [client 108.153.213.103:0] script '/domains/smartny/cc.php' not found or unable to stat, referer: https://www.yahoo.com/
[Mon Jan 05 04:05:01.261646 2026] [php:error] [pid 85527] [client 203.25.124.130:0] script '/domains/viamonte3/blog.php' not found or unable to stat
[Mon Jan 05 04:05:01.718382 2026] [php:error] [pid 85566] [client 77.70.25.244:0] script '/domains/smartny/chosen.php' not found or unable to stat, referer: https://www.google.fr/
[Mon Jan 05 04:05:02.134481 2026] [php:error] [pid 85527] [client 203.25.124.130:0] script '/domains/viamonte3/images/av.php' not found or unable to stat
[Mon Jan 05 04:05:02.208480 2026] [php:error] [pid 85566] [client 108.115.251.42:0] script '/domains/smartny/classwithtostring.php' not found or unable to stat, referer: https://www.google.fr/
[Mon Jan 05 04:05:02.687696 2026] [php:error] [pid 85566] [client 247.42.16.153:0] script '/domains/smartny/config.php' not found or unable to stat, referer: https://www.google.co.uk/
[Mon Jan 05 04:05:03.016528 2026] [php:error] [pid 85527] [client 203.25.124.130:0] script '/domains/viamonte3/elp.php' not found or unable to stat
[Mon Jan 05 04:05:03.178648 2026] [php:error] [pid 85566] [client 158.119.246.51:0] script '/domains/smartny/content.php' not found or unable to stat, referer: https://www.google.fr/
[Mon Jan 05 04:05:03.666811 2026] [php:error] [pid 85566] [client 126.191.232.124:0] script '/domains/smartny/dropdown.php' not found or unable to stat, referer: https://www.google.de/
[Mon Jan 05 04:05:04.155158 2026] [php:error] [pid 85566] [client 193.18.100.242:0] script '/domains/smartny/edit.php' not found or unable to stat, referer: https://www.yahoo.com/
[Mon Jan 05 04:05:04.643752 2026] [php:error] [pid 85566] [client 120.113.2.123:0] script '/domains/smartny/ee.php' not found or unable to stat, referer: https://duckduckgo.com/
[Mon Jan 05 04:05:04.934205 2026] [php:error] [pid 85527] [client 203.25.124.130:0] script '/domains/viamonte3/entrepreneuse.php' not found or unable to stat
[Mon Jan 05 04:05:07.459510 2026] [php:error] [pid 85527] [client 203.25.124.130:0] script '/domains/viamonte3/testt.php' not found or unable to stat
[Mon Jan 05 04:05:08.951989 2026] [php:error] [pid 85527] [client 203.25.124.130:0] script '/domains/viamonte3/network.php' not found or unable to stat
[Mon Jan 05 04:05:09.573847 2026] [php:error] [pid 85527] [client 203.25.124.130:0] script '/domains/viamonte3/wikindex.php' not found or unable to stat
[Mon Jan 05 04:05:15.481738 2026] [php:error] [pid 85578] [client 212.32.76.37:0] script '/domains/viamonte3/media-new.php' not found or unable to stat
[Mon Jan 05 04:05:16.934159 2026] [php:error] [pid 85578] [client 212.32.76.37:0] script '/domains/viamonte3/pages.php' not found or unable to stat
[Mon Jan 05 04:05:18.592257 2026] [php:error] [pid 85578] [client 212.32.76.37:0] script '/domains/viamonte3/adminfus.php' not found or unable to stat
[Mon Jan 05 04:05:19.007191 2026] [php:error] [pid 85578] [client 212.32.76.37:0] script '/domains/viamonte3/images/as.php' not found or unable to stat
[Mon Jan 05 04:05:19.629500 2026] [php:error] [pid 85578] [client 212.32.76.37:0] script '/domains/viamonte3/cong.php' not found or unable to stat
[Mon Jan 05 04:05:21.078470 2026] [php:error] [pid 85578] [client 212.32.76.37:0] script '/domains/viamonte3/wp-configs.php' not found or unable to stat
[Mon Jan 05 04:05:23.158051 2026] [php:error] [pid 85585] [client 203.25.124.120:0] script '/domains/viamonte3/ms-users.php' not found or unable to stat
[Mon Jan 05 04:05:28.169385 2026] [php:error] [pid 85585] [client 203.25.124.120:0] script '/domains/viamonte3/top.php' not found or unable to stat
[Mon Jan 05 04:05:33.511832 2026] [php:error] [pid 85585] [client 203.25.124.120:0] script '/domains/viamonte3/images/c99.php' not found or unable to stat
[Mon Jan 05 04:05:34.349708 2026] [php:error] [pid 85585] [client 203.25.124.120:0] script '/domains/viamonte3/setup-config.php' not found or unable to stat
[Mon Jan 05 04:05:35.179006 2026] [php:error] [pid 85585] [client 203.25.124.120:0] script '/domains/viamonte3/type.php' not found or unable to stat
[Mon Jan 05 04:05:37.299952 2026] [php:error] [pid 85585] [client 203.25.124.120:0] script '/domains/viamonte3/goat.php' not found or unable to stat
[Mon Jan 05 04:05:38.752107 2026] [php:error] [pid 85585] [client 203.25.124.120:0] script '/domains/viamonte3/images/file.php' not found or unable to stat
[Mon Jan 05 04:06:07.709136 2026] [php:error] [pid 85539] [client 78.153.140.224:0] script '/domains/system_default/app_dev.php' not found or unable to stat
[Mon Jan 05 04:06:09.216792 2026] [php:error] [pid 85579] [client 78.153.140.224:0] script '/domains/system_default/app_dev.php' not found or unable to stat
[Mon Jan 05 04:06:17.683800 2026] [php:error] [pid 85598] [client 78.153.140.224:0] script '/domains/system_default/phpinfo.php' not found or unable to stat
[Mon Jan 05 04:06:23.473877 2026] [php:error] [pid 85585] [client 78.153.140.224:0] script '/domains/system_default/app_dev.php' not found or unable to stat
[Mon Jan 05 04:06:24.035592 2026] [php:error] [pid 85579] [client 78.153.140.224:0] script '/domains/system_default/phpinfo.php' not found or unable to stat
[Mon Jan 05 04:06:31.964400 2026] [php:error] [pid 85579] [client 104.253.141.28:0] script '/domains/fbardin/adminfuns.php' not found or unable to stat, referer: https://www.google.de/
[Mon Jan 05 04:06:33.859814 2026] [php:error] [pid 85579] [client 202.231.56.153:0] script '/domains/fbardin/images/index.php' not found or unable to stat, referer: https://www.google.de/
[Mon Jan 05 04:06:34.030336 2026] [php:error] [pid 85579] [client 49.94.202.79:0] script '/domains/fbardin/images/install.php' not found or unable to stat, referer: https://www.google.co.uk/
[Mon Jan 05 04:06:34.201587 2026] [php:error] [pid 85579] [client 104.128.49.123:0] script '/domains/fbardin/index.php' not found or unable to stat, referer: https://www.google.de/
[Mon Jan 05 04:06:48.661650 2026] [php:error] [pid 85600] [client 145.239.10.137:0] script '/domains/tmandel/404.php' not found or unable to stat, referer: http://tommymandel.com/404.php
[Mon Jan 05 04:07:09.354914 2026] [php:error] [pid 85565] [client 233.129.32.34:0] script '/domains/thuebner/wp-good.php' not found or unable to stat, referer: https://www.google.fr/
[Mon Jan 05 04:07:09.518455 2026] [php:error] [pid 85565] [client 46.173.148.112:0] script '/domains/thuebner/file.php' not found or unable to stat, referer: https://www.bing.com/
[Mon Jan 05 04:07:09.682149 2026] [php:error] [pid 85565] [client 163.165.140.253:0] script '/domains/thuebner/bless.php' not found or unable to stat, referer: https://www.yahoo.com/
[Mon Jan 05 04:07:09.845712 2026] [php:error] [pid 85565] [client 143.165.61.119:0] script '/domains/thuebner/admin.php' not found or unable to stat, referer: https://www.yahoo.com/
[Mon Jan 05 04:07:10.009203 2026] [php:error] [pid 85565] [client 182.230.114.126:0] script '/domains/thuebner/ioxi-o.php' not found or unable to stat, referer: https://www.google.co.uk/
[Mon Jan 05 04:07:10.172981 2026] [php:error] [pid 85565] [client 43.231.140.118:0] script '/domains/thuebner/adminfuns.php' not found or unable to stat, referer: https://www.google.fr/
[Mon Jan 05 04:07:10.500992 2026] [php:error] [pid 85565] [client 70.182.64.250:0] script '/domains/thuebner/aa.php' not found or unable to stat, referer: https://www.google.com/
[Mon Jan 05 04:07:10.674224 2026] [php:error] [pid 85565] [client 156.97.249.108:0] script '/domains/thuebner/xmrlpc.php' not found or unable to stat, referer: https://duckduckgo.com/
[Mon Jan 05 04:07:10.838307 2026] [php:error] [pid 85565] [client 85.67.5.95:0] script '/domains/thuebner/class.php' not found or unable to stat, referer: https://www.bing.com/
[Mon Jan 05 04:07:11.002643 2026] [php:error] [pid 85565] [client 40.2.79.230:0] script '/domains/thuebner/goods.php' not found or unable to stat, referer: https://www.google.fr/
[Mon Jan 05 04:07:11.166470 2026] [php:error] [pid 85565] [client 0.135.5.182:0] script '/domains/thuebner/info.php' not found or unable to stat, referer: https://www.yahoo.com/
[Mon Jan 05 04:07:11.330002 2026] [php:error] [pid 85565] [client 58.65.152.40:0] script '/domains/thuebner/num.php' not found or unable to stat, referer: https://www.google.de/
[Mon Jan 05 04:07:11.493971 2026] [php:error] [pid 85565] [client 51.98.76.244:0] script '/domains/thuebner/txets.php' not found or unable to stat, referer: https://www.google.fr/
[Mon Jan 05 04:07:12.312086 2026] [php:error] [pid 85565] [client 140.104.251.120:0] script '/domains/thuebner/wp-blog.php' not found or unable to stat, referer: https://www.google.co.uk/
[Mon Jan 05 04:07:12.639947 2026] [php:error] [pid 85565] [client 119.160.241.221:0] script '/domains/thuebner/13.php' not found or unable to stat, referer: https://www.bing.com/
[Mon Jan 05 04:07:12.967559 2026] [php:error] [pid 85565] [client 98.113.95.85:0] script '/domains/thuebner/alf.php' not found or unable to stat, referer: https://www.google.fr/
[Mon Jan 05 04:07:13.131985 2026] [php:error] [pid 85565] [client 108.141.147.190:0] script '/domains/thuebner/as.php' not found or unable to stat, referer: https://www.bing.com/
[Mon Jan 05 04:07:13.295680 2026] [php:error] [pid 85565] [client 230.96.157.204:0] script '/domains/thuebner/classwithtostring.php' not found or unable to stat, referer: https://www.google.com/
[Mon Jan 05 04:07:13.459230 2026] [php:error] [pid 85565] [client 93.81.124.242:0] script '/domains/thuebner/gecko.php' not found or unable to stat, referer: https://www.yahoo.com/
[Mon Jan 05 04:07:13.622685 2026] [php:error] [pid 85565] [client 77.38.233.53:0] script '/domains/thuebner/gelay.php' not found or unable to stat, referer: https://www.google.co.uk/
[Mon Jan 05 04:07:13.667686 2026] [php:error] [pid 85602] [client 52.169.124.184:0] script '/domains/peterbmiller/ca4.php' not found or unable to stat
[Mon Jan 05 04:07:13.741021 2026] [php:error] [pid 85602] [client 52.169.124.184:0] script '/domains/peterbmiller/p.php' not found or unable to stat
[Mon Jan 05 04:07:13.786097 2026] [php:error] [pid 85565] [client 23.58.245.158:0] script '/domains/thuebner/o.php' not found or unable to stat, referer: https://www.bing.com/
[Mon Jan 05 04:07:13.814189 2026] [php:error] [pid 85602] [client 52.169.124.184:0] script '/domains/peterbmiller/inwp.php' not found or unable to stat
[Mon Jan 05 04:07:13.887030 2026] [php:error] [pid 85602] [client 52.169.124.184:0] script '/domains/peterbmiller/file22.php' not found or unable to stat
[Mon Jan 05 04:07:13.951647 2026] [php:error] [pid 85565] [client 236.248.7.40:0] script '/domains/thuebner/radio.php' not found or unable to stat, referer: https://www.google.com/
[Mon Jan 05 04:07:13.960118 2026] [php:error] [pid 85602] [client 52.169.124.184:0] script '/domains/peterbmiller/7logs.php' not found or unable to stat
[Mon Jan 05 04:07:14.034587 2026] [php:error] [pid 85602] [client 52.169.124.184:0] script '/domains/peterbmiller/tanjiro.php' not found or unable to stat
[Mon Jan 05 04:07:14.107528 2026] [php:error] [pid 85602] [client 52.169.124.184:0] script '/domains/peterbmiller/wefile.php' not found or unable to stat
[Mon Jan 05 04:07:14.115351 2026] [php:error] [pid 85565] [client 179.182.215.184:0] script '/domains/thuebner/server.php' not found or unable to stat, referer: https://duckduckgo.com/
[Mon Jan 05 04:07:14.180742 2026] [php:error] [pid 85602] [client 52.169.124.184:0] script '/domains/peterbmiller/ad1.php' not found or unable to stat
[Mon Jan 05 04:07:14.253988 2026] [php:error] [pid 85602] [client 52.169.124.184:0] script '/domains/peterbmiller/bjfl.php' not found or unable to stat
[Mon Jan 05 04:07:14.326964 2026] [php:error] [pid 85602] [client 52.169.124.184:0] script '/domains/peterbmiller/wen.php' not found or unable to stat
[Mon Jan 05 04:07:14.400100 2026] [php:error] [pid 85602] [client 52.169.124.184:0] script '/domains/peterbmiller/anz.php' not found or unable to stat
[Mon Jan 05 04:07:14.472943 2026] [php:error] [pid 85602] [client 52.169.124.184:0] script '/domains/peterbmiller/bnn_.php' not found or unable to stat
[Mon Jan 05 04:07:14.545785 2026] [php:error] [pid 85602] [client 52.169.124.184:0] script '/domains/peterbmiller/motu.php' not found or unable to stat
[Mon Jan 05 04:07:14.619314 2026] [php:error] [pid 85602] [client 52.169.124.184:0] script '/domains/peterbmiller/file66.php' not found or unable to stat
[Mon Jan 05 04:07:14.692595 2026] [php:error] [pid 85602] [client 52.169.124.184:0] script '/domains/peterbmiller/kure.php' not found or unable to stat
[Mon Jan 05 04:07:14.766091 2026] [php:error] [pid 85602] [client 52.169.124.184:0] script '/domains/peterbmiller/gaje.php' not found or unable to stat
[Mon Jan 05 04:07:14.838902 2026] [php:error] [pid 85602] [client 52.169.124.184:0] script '/domains/peterbmiller/blnux.php' not found or unable to stat
[Mon Jan 05 04:07:14.911970 2026] [php:error] [pid 85602] [client 52.169.124.184:0] script '/domains/peterbmiller/fgd.php' not found or unable to stat
[Mon Jan 05 04:07:14.990602 2026] [php:error] [pid 85602] [client 52.169.124.184:0] script '/domains/peterbmiller/msy.php' not found or unable to stat
[Mon Jan 05 04:07:15.063583 2026] [php:error] [pid 85602] [client 52.169.124.184:0] script '/domains/peterbmiller/alog.php' not found or unable to stat
[Mon Jan 05 04:07:15.137206 2026] [php:error] [pid 85602] [client 52.169.124.184:0] script '/domains/peterbmiller/X7T6.php' not found or unable to stat
[Mon Jan 05 04:07:15.210225 2026] [php:error] [pid 85602] [client 52.169.124.184:0] script '/domains/peterbmiller/xwpg.php' not found or unable to stat
[Mon Jan 05 04:07:15.284188 2026] [php:error] [pid 85602] [client 52.169.124.184:0] script '/domains/peterbmiller/Rk41.php' not found or unable to stat
[Mon Jan 05 04:07:15.356927 2026] [php:error] [pid 85602] [client 52.169.124.184:0] script '/domains/peterbmiller/ztv.php' not found or unable to stat
[Mon Jan 05 04:07:15.435373 2026] [php:error] [pid 85602] [client 52.169.124.184:0] script '/domains/peterbmiller/sef.php' not found or unable to stat
[Mon Jan 05 04:07:15.508071 2026] [php:error] [pid 85602] [client 52.169.124.184:0] script '/domains/peterbmiller/155.php' not found or unable to stat
[Mon Jan 05 04:07:16.405420 2026] [php:error] [pid 85565] [client 96.156.28.61:0] script '/domains/thuebner/wp.php' not found or unable to stat, referer: https://www.google.fr/
[Mon Jan 05 04:07:32.570882 2026] [php:error] [pid 85601] [client 52.169.217.234:0] script '/domains/efusion1/ca4.php' not found or unable to stat
[Mon Jan 05 04:07:33.710980 2026] [php:error] [pid 85601] [client 52.169.217.234:0] script '/domains/efusion1/p.php' not found or unable to stat
[Mon Jan 05 04:07:34.086548 2026] [php:error] [pid 85601] [client 52.169.217.234:0] script '/domains/efusion1/inwp.php' not found or unable to stat
[Mon Jan 05 04:07:34.160101 2026] [php:error] [pid 85601] [client 52.169.217.234:0] script '/domains/efusion1/file22.php' not found or unable to stat
[Mon Jan 05 04:07:34.305050 2026] [php:error] [pid 85601] [client 52.169.217.234:0] script '/domains/efusion1/7logs.php' not found or unable to stat
[Mon Jan 05 04:07:34.500225 2026] [php:error] [pid 85601] [client 52.169.217.234:0] script '/domains/efusion1/tanjiro.php' not found or unable to stat
[Mon Jan 05 04:07:35.112049 2026] [php:error] [pid 85601] [client 52.169.217.234:0] script '/domains/efusion1/wefile.php' not found or unable to stat
[Mon Jan 05 04:07:35.200738 2026] [php:error] [pid 85601] [client 52.169.217.234:0] script '/domains/efusion1/ad1.php' not found or unable to stat
[Mon Jan 05 04:07:35.273723 2026] [php:error] [pid 85601] [client 52.169.217.234:0] script '/domains/efusion1/bjfl.php' not found or unable to stat
[Mon Jan 05 04:07:35.346514 2026] [php:error] [pid 85601] [client 52.169.217.234:0] script '/domains/efusion1/wen.php' not found or unable to stat
[Mon Jan 05 04:07:35.419201 2026] [php:error] [pid 85601] [client 52.169.217.234:0] script '/domains/efusion1/anz.php' not found or unable to stat
[Mon Jan 05 04:07:35.492290 2026] [php:error] [pid 85601] [client 52.169.217.234:0] script '/domains/efusion1/bnn_.php' not found or unable to stat
[Mon Jan 05 04:07:36.277427 2026] [php:error] [pid 85601] [client 52.169.217.234:0] script '/domains/efusion1/motu.php' not found or unable to stat
[Mon Jan 05 04:07:36.350284 2026] [php:error] [pid 85601] [client 52.169.217.234:0] script '/domains/efusion1/file66.php' not found or unable to stat
[Mon Jan 05 04:07:36.436731 2026] [php:error] [pid 85601] [client 52.169.217.234:0] script '/domains/efusion1/kure.php' not found or unable to stat
[Mon Jan 05 04:07:36.509853 2026] [php:error] [pid 85601] [client 52.169.217.234:0] script '/domains/efusion1/gaje.php' not found or unable to stat
[Mon Jan 05 04:07:36.582579 2026] [php:error] [pid 85601] [client 52.169.217.234:0] script '/domains/efusion1/blnux.php' not found or unable to stat
[Mon Jan 05 04:07:36.655358 2026] [php:error] [pid 85601] [client 52.169.217.234:0] script '/domains/efusion1/fgd.php' not found or unable to stat
[Mon Jan 05 04:07:36.732844 2026] [php:error] [pid 85601] [client 52.169.217.234:0] script '/domains/efusion1/msy.php' not found or unable to stat
[Mon Jan 05 04:07:36.818682 2026] [php:error] [pid 85601] [client 52.169.217.234:0] script '/domains/efusion1/alog.php' not found or unable to stat
[Mon Jan 05 04:07:36.891637 2026] [php:error] [pid 85601] [client 52.169.217.234:0] script '/domains/efusion1/X7T6.php' not found or unable to stat
[Mon Jan 05 04:07:37.036133 2026] [php:error] [pid 85601] [client 52.169.217.234:0] script '/domains/efusion1/xwpg.php' not found or unable to stat
[Mon Jan 05 04:07:37.109501 2026] [php:error] [pid 85601] [client 52.169.217.234:0] script '/domains/efusion1/Rk41.php' not found or unable to stat
[Mon Jan 05 04:07:37.182320 2026] [php:error] [pid 85601] [client 52.169.217.234:0] script '/domains/efusion1/ztv.php' not found or unable to stat
[Mon Jan 05 04:07:37.257600 2026] [php:error] [pid 85601] [client 52.169.217.234:0] script '/domains/efusion1/sef.php' not found or unable to stat
[Mon Jan 05 04:07:37.331433 2026] [php:error] [pid 85601] [client 52.169.217.234:0] script '/domains/efusion1/155.php' not found or unable to stat
[Mon Jan 05 04:08:17.622492 2026] [php:error] [pid 85621] [client 128.106.167.119:0] script '/domains/system_default/ioxi-o.php' not found or unable to stat, referer: https://www.bing.com/
[Mon Jan 05 04:08:17.804839 2026] [php:error] [pid 85621] [client 40.215.135.95:0] script '/domains/system_default/0x.php' not found or unable to stat, referer: https://www.google.de/
[Mon Jan 05 04:08:17.987596 2026] [php:error] [pid 85621] [client 198.36.253.102:0] script '/domains/system_default/222.php' not found or unable to stat, referer: https://www.google.com/
[Mon Jan 05 04:08:18.169923 2026] [php:error] [pid 85621] [client 186.179.170.133:0] script '/domains/system_default/aa.php' not found or unable to stat, referer: https://www.google.co.uk/
[Mon Jan 05 04:08:18.352229 2026] [php:error] [pid 85621] [client 88.205.224.194:0] script '/domains/system_default/abcd.php' not found or unable to stat, referer: https://www.google.fr/
[Mon Jan 05 04:08:18.534828 2026] [php:error] [pid 85621] [client 188.181.14.210:0] script '/domains/system_default/admin.php' not found or unable to stat, referer: https://www.google.de/
[Mon Jan 05 04:08:18.916020 2026] [php:error] [pid 85621] [client 62.175.104.226:0] script '/domains/system_default/adminfuns.php' not found or unable to stat, referer: https://www.bing.com/
