[Mon Jan 05 01:39:15.332106 2026] [php:error] [pid 54217] [client 4.196.91.34:0] script '/domains/system_default/wp-gzone.php' not found or unable to stat
[Mon Jan 05 01:39:15.385643 2026] [php:error] [pid 54225] [client 233.156.109.164:0] script '/domains/system_suspended/13.php' not found or unable to stat, referer: https://www.google.de/
[Mon Jan 05 01:39:15.409020 2026] [php:error] [pid 54224] [client 13.79.87.25:0] script '/domains/mschmid/xse25.php' not found or unable to stat
[Mon Jan 05 01:39:15.483416 2026] [php:error] [pid 54224] [client 13.79.87.25:0] script '/domains/mschmid/nox.php' not found or unable to stat
[Mon Jan 05 01:39:15.534040 2026] [php:error] [pid 54217] [client 4.196.91.34:0] script '/domains/system_default/f2r4.php' not found or unable to stat
[Mon Jan 05 01:39:15.558072 2026] [php:error] [pid 54224] [client 13.79.87.25:0] script '/domains/mschmid/file48.php' not found or unable to stat
[Mon Jan 05 01:39:15.634989 2026] [php:error] [pid 54224] [client 13.79.87.25:0] script '/domains/mschmid/info.php' not found or unable to stat
[Mon Jan 05 01:39:15.640831 2026] [php:error] [pid 54225] [client 116.192.5.38:0] script '/domains/system_suspended/403.php' not found or unable to stat, referer: https://www.google.fr/
[Mon Jan 05 01:39:15.710086 2026] [php:error] [pid 54224] [client 13.79.87.25:0] script '/domains/mschmid/class9.php' not found or unable to stat
[Mon Jan 05 01:39:15.736323 2026] [php:error] [pid 54217] [client 4.196.91.34:0] script '/domains/system_default/cafe.php' not found or unable to stat
[Mon Jan 05 01:39:15.785777 2026] [php:error] [pid 54224] [client 13.79.87.25:0] script '/domains/mschmid/bless11.php' not found or unable to stat
[Mon Jan 05 01:39:15.860887 2026] [php:error] [pid 54224] [client 13.79.87.25:0] script '/domains/mschmid/403.php' not found or unable to stat
[Mon Jan 05 01:39:15.900198 2026] [php:error] [pid 54225] [client 212.60.153.68:0] script '/domains/system_suspended/404.php' not found or unable to stat, referer: https://www.bing.com/
[Mon Jan 05 01:39:15.935760 2026] [php:error] [pid 54224] [client 13.79.87.25:0] script '/domains/mschmid/ac.php' not found or unable to stat
[Mon Jan 05 01:39:15.941433 2026] [php:error] [pid 54217] [client 4.196.91.34:0] script '/domains/system_default/1aa.php' not found or unable to stat
[Mon Jan 05 01:39:16.142573 2026] [php:error] [pid 54217] [client 4.196.91.34:0] script '/domains/system_default/uuu.php' not found or unable to stat
[Mon Jan 05 01:39:16.173935 2026] [php:error] [pid 54224] [client 13.79.87.25:0] script '/domains/mschmid/az.php' not found or unable to stat
[Mon Jan 05 01:39:16.248564 2026] [php:error] [pid 54224] [client 13.79.87.25:0] script '/domains/mschmid/galex.php' not found or unable to stat
[Mon Jan 05 01:39:16.344738 2026] [php:error] [pid 54217] [client 4.196.91.34:0] script '/domains/system_default/wsvvs.php' not found or unable to stat
[Mon Jan 05 01:39:16.549841 2026] [php:error] [pid 54217] [client 4.196.91.34:0] script '/domains/system_default/222.php' not found or unable to stat
[Mon Jan 05 01:39:16.751509 2026] [php:error] [pid 54217] [client 4.196.91.34:0] script '/domains/system_default/mh.php' not found or unable to stat
[Mon Jan 05 01:39:16.954989 2026] [php:error] [pid 54217] [client 4.196.91.34:0] script '/domains/system_default/7h.php' not found or unable to stat
[Mon Jan 05 01:39:16.989644 2026] [php:error] [pid 54224] [client 13.79.87.25:0] script '/domains/mschmid/rh.php' not found or unable to stat
[Mon Jan 05 01:39:17.064318 2026] [php:error] [pid 54224] [client 13.79.87.25:0] script '/domains/mschmid/chosen.php' not found or unable to stat
[Mon Jan 05 01:39:17.139134 2026] [php:error] [pid 54224] [client 13.79.87.25:0] script '/domains/mschmid/class.php' not found or unable to stat
[Mon Jan 05 01:39:17.156123 2026] [php:error] [pid 54217] [client 4.196.91.34:0] script '/domains/system_default/la.php' not found or unable to stat
[Mon Jan 05 01:39:17.213967 2026] [php:error] [pid 54224] [client 13.79.87.25:0] script '/domains/mschmid/bless5.php' not found or unable to stat
[Mon Jan 05 01:39:17.288486 2026] [php:error] [pid 54224] [client 13.79.87.25:0] script '/domains/mschmid/lock360.php' not found or unable to stat
[Mon Jan 05 01:39:17.357908 2026] [php:error] [pid 54217] [client 4.196.91.34:0] script '/domains/system_default/abc.php' not found or unable to stat
[Mon Jan 05 01:39:17.364225 2026] [php:error] [pid 54224] [client 13.79.87.25:0] script '/domains/mschmid/f35.php' not found or unable to stat
[Mon Jan 05 01:39:17.441752 2026] [php:error] [pid 54224] [client 13.79.87.25:0] script '/domains/mschmid/ha.php' not found or unable to stat
[Mon Jan 05 01:39:17.516439 2026] [php:error] [pid 54224] [client 13.79.87.25:0] script '/domains/mschmid/gg.php' not found or unable to stat
[Mon Jan 05 01:39:17.559088 2026] [php:error] [pid 54217] [client 4.196.91.34:0] script '/domains/system_default/ahy66.php' not found or unable to stat
[Mon Jan 05 01:39:17.591445 2026] [php:error] [pid 54224] [client 13.79.87.25:0] script '/domains/mschmid/ar.php' not found or unable to stat
[Mon Jan 05 01:39:17.679025 2026] [php:error] [pid 54225] [client 194.233.29.221:0] script '/domains/system_suspended/aa.php' not found or unable to stat, referer: https://www.google.co.uk/
[Mon Jan 05 01:39:17.686526 2026] [php:error] [pid 54224] [client 13.79.87.25:0] script '/domains/mschmid/x.php' not found or unable to stat
[Mon Jan 05 01:39:17.760182 2026] [php:error] [pid 54217] [client 4.196.91.34:0] script '/domains/system_default/wp-wlx.php' not found or unable to stat
[Mon Jan 05 01:39:17.761201 2026] [php:error] [pid 54224] [client 13.79.87.25:0] script '/domains/mschmid/xx.php' not found or unable to stat
[Mon Jan 05 01:39:17.840286 2026] [php:error] [pid 54224] [client 13.79.87.25:0] script '/domains/mschmid/gifclass4.php' not found or unable to stat
[Mon Jan 05 01:39:17.916959 2026] [php:error] [pid 54224] [client 13.79.87.25:0] script '/domains/mschmid/radio.php' not found or unable to stat
[Mon Jan 05 01:39:17.934248 2026] [php:error] [pid 54225] [client 155.23.233.208:0] script '/domains/system_suspended/abcd.php' not found or unable to stat, referer: https://www.yahoo.com/
[Mon Jan 05 01:39:17.991981 2026] [php:error] [pid 54224] [client 13.79.87.25:0] script '/domains/mschmid/blurbs15.php' not found or unable to stat
[Mon Jan 05 01:39:18.108419 2026] [php:error] [pid 54224] [client 13.79.87.25:0] script '/domains/mschmid/gifclass.php' not found or unable to stat
[Mon Jan 05 01:39:18.166362 2026] [php:error] [pid 54218] [client 4.196.91.34:0] script '/domains/system_default/ww1.php' not found or unable to stat
[Mon Jan 05 01:39:18.191836 2026] [php:error] [pid 54225] [client 53.113.93.172:0] script '/domains/system_suspended/about.php' not found or unable to stat, referer: https://www.yahoo.com/
[Mon Jan 05 01:39:18.206310 2026] [php:error] [pid 54224] [client 13.79.87.25:0] script '/domains/mschmid/security.php' not found or unable to stat
[Mon Jan 05 01:39:18.280916 2026] [php:error] [pid 54224] [client 13.79.87.25:0] script '/domains/mschmid/ww1.php' not found or unable to stat
[Mon Jan 05 01:39:18.356080 2026] [php:error] [pid 54224] [client 13.79.87.25:0] script '/domains/mschmid/alfa.php' not found or unable to stat
[Mon Jan 05 01:39:18.367889 2026] [php:error] [pid 54218] [client 4.196.91.34:0] script '/domains/system_default/xb.php' not found or unable to stat
[Mon Jan 05 01:39:18.447159 2026] [php:error] [pid 54224] [client 13.79.87.25:0] script '/domains/mschmid/manager.php' not found or unable to stat
[Mon Jan 05 01:39:18.447597 2026] [php:error] [pid 54225] [client 39.16.167.204:0] script '/domains/system_suspended/admin.php' not found or unable to stat, referer: https://www.google.com/
[Mon Jan 05 01:39:18.522027 2026] [php:error] [pid 54224] [client 13.79.87.25:0] script '/domains/mschmid/item.php' not found or unable to stat
[Mon Jan 05 01:39:18.570208 2026] [php:error] [pid 54218] [client 4.196.91.34:0] script '/domains/system_default/ws28.php' not found or unable to stat
[Mon Jan 05 01:39:18.597168 2026] [php:error] [pid 54224] [client 13.79.87.25:0] script '/domains/mschmid/sx.php' not found or unable to stat
[Mon Jan 05 01:39:18.695693 2026] [php:error] [pid 54228] [client 35.247.243.255:0] script '/domains/rainho/adminer-db.php' not found or unable to stat
[Mon Jan 05 01:39:18.698177 2026] [php:error] [pid 54224] [client 13.79.87.25:0] script '/domains/mschmid/inputs.php' not found or unable to stat
[Mon Jan 05 01:39:18.702354 2026] [php:error] [pid 54225] [client 252.116.192.176:0] script '/domains/system_suspended/admin-header.php' not found or unable to stat, referer: https://www.yahoo.com/
[Mon Jan 05 01:39:18.771468 2026] [php:error] [pid 54218] [client 4.196.91.34:0] script '/domains/system_default/dbc.php' not found or unable to stat
[Mon Jan 05 01:39:18.825765 2026] [php:error] [pid 54224] [client 13.79.87.25:0] script '/domains/mschmid/about.php' not found or unable to stat
[Mon Jan 05 01:39:18.901456 2026] [php:error] [pid 54224] [client 13.79.87.25:0] script '/domains/mschmid/classwithtostring.php' not found or unable to stat
[Mon Jan 05 01:39:18.957833 2026] [php:error] [pid 54225] [client 201.62.15.163:0] script '/domains/system_suspended/adminfuns.php' not found or unable to stat, referer: https://www.google.de/
[Mon Jan 05 01:39:18.976971 2026] [php:error] [pid 54224] [client 13.79.87.25:0] script '/domains/mschmid/abcd.php' not found or unable to stat
[Mon Jan 05 01:39:18.982852 2026] [php:error] [pid 54218] [client 4.196.91.34:0] script '/domains/system_default/l10n.php' not found or unable to stat
[Mon Jan 05 01:39:19.051737 2026] [php:error] [pid 54224] [client 13.79.87.25:0] script '/domains/mschmid/admin.php' not found or unable to stat
[Mon Jan 05 01:39:19.126375 2026] [php:error] [pid 54224] [client 13.79.87.25:0] script '/domains/mschmid/w.php' not found or unable to stat
[Mon Jan 05 01:39:19.184816 2026] [php:error] [pid 54218] [client 4.196.91.34:0] script '/domains/system_default/adin.php' not found or unable to stat
[Mon Jan 05 01:39:19.201657 2026] [php:error] [pid 54224] [client 13.79.87.25:0] script '/domains/mschmid/404.php' not found or unable to stat
[Mon Jan 05 01:39:19.212638 2026] [php:error] [pid 54225] [client 144.223.55.154:0] script '/domains/system_suspended/ahax.php' not found or unable to stat, referer: https://www.google.de/
[Mon Jan 05 01:39:19.276300 2026] [php:error] [pid 54224] [client 13.79.87.25:0] script '/domains/mschmid/ioxi-o.php' not found or unable to stat
[Mon Jan 05 01:39:19.351750 2026] [php:error] [pid 54224] [client 13.79.87.25:0] script '/domains/mschmid/0x.php' not found or unable to stat
[Mon Jan 05 01:39:19.386010 2026] [php:error] [pid 54218] [client 4.196.91.34:0] script '/domains/system_default/ifm.php' not found or unable to stat
[Mon Jan 05 01:39:19.426730 2026] [php:error] [pid 54224] [client 13.79.87.25:0] script '/domains/mschmid/css.php' not found or unable to stat
[Mon Jan 05 01:39:19.467603 2026] [php:error] [pid 54225] [client 159.38.254.254:0] script '/domains/system_suspended/akcc.php' not found or unable to stat, referer: https://www.bing.com/
[Mon Jan 05 01:39:19.501594 2026] [php:error] [pid 54224] [client 13.79.87.25:0] script '/domains/mschmid/222.php' not found or unable to stat
[Mon Jan 05 01:39:19.576502 2026] [php:error] [pid 54224] [client 13.79.87.25:0] script '/domains/mschmid/click.php' not found or unable to stat
[Mon Jan 05 01:39:19.587530 2026] [php:error] [pid 54218] [client 4.196.91.34:0] script '/domains/system_default/bge.php' not found or unable to stat
[Mon Jan 05 01:39:19.658880 2026] [php:error] [pid 54224] [client 13.79.87.25:0] script '/domains/mschmid/install.php' not found or unable to stat
[Mon Jan 05 01:39:19.722829 2026] [php:error] [pid 54225] [client 247.191.92.91:0] script '/domains/system_suspended/alf.php' not found or unable to stat, referer: https://www.google.fr/
[Mon Jan 05 01:39:19.733769 2026] [php:error] [pid 54224] [client 13.79.87.25:0] script '/domains/mschmid/simple.php' not found or unable to stat
[Mon Jan 05 01:39:19.792276 2026] [php:error] [pid 54218] [client 4.196.91.34:0] script '/domains/system_default/blox.php' not found or unable to stat
[Mon Jan 05 01:39:19.823421 2026] [php:error] [pid 54224] [client 13.79.87.25:0] script '/domains/mschmid/css.php' not found or unable to stat
[Mon Jan 05 01:39:19.947517 2026] [php:error] [pid 54224] [client 13.79.87.25:0] script '/domains/mschmid/ma1.php' not found or unable to stat
[Mon Jan 05 01:39:19.977635 2026] [php:error] [pid 54225] [client 73.145.130.142:0] script '/domains/system_suspended/alfa.php' not found or unable to stat, referer: https://www.yahoo.com/
[Mon Jan 05 01:39:19.993849 2026] [php:error] [pid 54218] [client 4.196.91.34:0] script '/domains/system_default/az.php' not found or unable to stat
[Mon Jan 05 01:39:20.022491 2026] [php:error] [pid 54224] [client 13.79.87.25:0] script '/domains/mschmid/class19.php' not found or unable to stat
[Mon Jan 05 01:39:20.098193 2026] [php:error] [pid 54224] [client 13.79.87.25:0] script '/domains/mschmid/class20.php' not found or unable to stat
[Mon Jan 05 01:39:20.192379 2026] [php:error] [pid 54224] [client 13.79.87.25:0] script '/domains/mschmid/admin.php' not found or unable to stat
[Mon Jan 05 01:39:20.203168 2026] [php:error] [pid 54218] [client 4.196.91.34:0] script '/domains/system_default/x23.php' not found or unable to stat
[Mon Jan 05 01:39:20.232860 2026] [php:error] [pid 54225] [client 111.171.7.221:0] script '/domains/system_suspended/alfashell.php' not found or unable to stat, referer: https://www.bing.com/
[Mon Jan 05 01:39:20.268162 2026] [php:error] [pid 54224] [client 13.79.87.25:0] script '/domains/mschmid/fwe.php' not found or unable to stat
[Mon Jan 05 01:39:20.343100 2026] [php:error] [pid 54224] [client 13.79.87.25:0] script '/domains/mschmid/g.php' not found or unable to stat
[Mon Jan 05 01:39:20.404721 2026] [php:error] [pid 54218] [client 4.196.91.34:0] script '/domains/system_default/xz89.php' not found or unable to stat
[Mon Jan 05 01:39:20.417937 2026] [php:error] [pid 54224] [client 13.79.87.25:0] script '/domains/mschmid/tx1.php' not found or unable to stat
[Mon Jan 05 01:39:20.494495 2026] [php:error] [pid 54225] [client 243.30.35.31:0] script '/domains/system_suspended/api.php' not found or unable to stat, referer: https://www.google.com/
[Mon Jan 05 01:39:20.494919 2026] [php:error] [pid 54224] [client 13.79.87.25:0] script '/domains/mschmid/xv.php' not found or unable to stat
[Mon Jan 05 01:39:20.569921 2026] [php:error] [pid 54224] [client 13.79.87.25:0] script '/domains/mschmid/fv.php' not found or unable to stat
[Mon Jan 05 01:39:20.606562 2026] [php:error] [pid 54218] [client 4.196.91.34:0] script '/domains/system_default/wsheet1.php' not found or unable to stat
[Mon Jan 05 01:39:20.742701 2026] [php:error] [pid 54224] [client 13.79.87.25:0] script '/domains/mschmid/as.php' not found or unable to stat
[Mon Jan 05 01:39:20.749347 2026] [php:error] [pid 54225] [client 185.62.169.202:0] script '/domains/system_suspended/app.php' not found or unable to stat, referer: https://www.bing.com/
[Mon Jan 05 01:39:20.807937 2026] [php:error] [pid 54218] [client 4.196.91.34:0] script '/domains/system_default/sao.php' not found or unable to stat
[Mon Jan 05 01:39:20.845235 2026] [php:error] [pid 54224] [client 13.79.87.25:0] script '/domains/mschmid/wsd.php' not found or unable to stat
[Mon Jan 05 01:39:20.919974 2026] [php:error] [pid 54224] [client 13.79.87.25:0] script '/domains/mschmid/gtc.php' not found or unable to stat
[Mon Jan 05 01:39:20.995873 2026] [php:error] [pid 54224] [client 13.79.87.25:0] script '/domains/mschmid/atx.php' not found or unable to stat
[Mon Jan 05 01:39:21.004151 2026] [php:error] [pid 54225] [client 255.253.250.7:0] script '/domains/system_suspended/as.php' not found or unable to stat, referer: https://www.google.co.uk/
[Mon Jan 05 01:39:21.009326 2026] [php:error] [pid 54218] [client 4.196.91.34:0] script '/domains/system_default/zoz.php' not found or unable to stat
[Mon Jan 05 01:39:21.070812 2026] [php:error] [pid 54224] [client 13.79.87.25:0] script '/domains/mschmid/z60.php' not found or unable to stat
[Mon Jan 05 01:39:21.212760 2026] [php:error] [pid 54218] [client 4.196.91.34:0] script '/domains/system_default/priv.php' not found or unable to stat
[Mon Jan 05 01:39:21.241525 2026] [php:error] [pid 54224] [client 13.79.87.25:0] script '/domains/mschmid/cheka.php' not found or unable to stat
[Mon Jan 05 01:39:21.258981 2026] [php:error] [pid 54225] [client 216.73.109.54:0] script '/domains/system_suspended/bolt.php' not found or unable to stat, referer: https://www.bing.com/
[Mon Jan 05 01:39:21.316254 2026] [php:error] [pid 54224] [client 13.79.87.25:0] script '/domains/mschmid/classgoto24.php' not found or unable to stat
[Mon Jan 05 01:39:21.391229 2026] [php:error] [pid 54224] [client 13.79.87.25:0] script '/domains/mschmid/xtride.php' not found or unable to stat
[Mon Jan 05 01:39:21.416399 2026] [php:error] [pid 54218] [client 4.196.91.34:0] script '/domains/system_default/cwclass.php' not found or unable to stat
[Mon Jan 05 01:39:21.466612 2026] [php:error] [pid 54224] [client 13.79.87.25:0] script '/domains/mschmid/ws29.php' not found or unable to stat
[Mon Jan 05 01:39:21.514985 2026] [php:error] [pid 54225] [client 101.123.184.190:0] script '/domains/system_suspended/buy.php' not found or unable to stat, referer: https://www.google.co.uk/
[Mon Jan 05 01:39:21.549257 2026] [php:error] [pid 54224] [client 13.79.87.25:0] script '/domains/mschmid/oo.php' not found or unable to stat
[Mon Jan 05 01:39:21.617566 2026] [php:error] [pid 54218] [client 4.196.91.34:0] script '/domains/system_default/file30.php' not found or unable to stat
[Mon Jan 05 01:39:21.624410 2026] [php:error] [pid 54224] [client 13.79.87.25:0] script '/domains/mschmid/s11.php' not found or unable to stat
[Mon Jan 05 01:39:21.700027 2026] [php:error] [pid 54224] [client 13.79.87.25:0] script '/domains/mschmid/goat.php' not found or unable to stat
[Mon Jan 05 01:39:21.777555 2026] [php:error] [pid 54224] [client 13.79.87.25:0] script '/domains/mschmid/aqw.php' not found or unable to stat
[Mon Jan 05 01:39:21.780395 2026] [php:error] [pid 54225] [client 73.55.216.79:0] script '/domains/system_suspended/c.php' not found or unable to stat, referer: https://www.yahoo.com/
[Mon Jan 05 01:39:21.819117 2026] [php:error] [pid 54218] [client 4.196.91.34:0] script '/domains/system_default/ah24.php' not found or unable to stat
[Mon Jan 05 01:39:21.852346 2026] [php:error] [pid 54224] [client 13.79.87.25:0] script '/domains/mschmid/ca1.php' not found or unable to stat
[Mon Jan 05 01:39:21.932662 2026] [php:error] [pid 54224] [client 13.79.87.25:0] script '/domains/mschmid/abouta.php' not found or unable to stat
[Mon Jan 05 01:39:22.008435 2026] [php:error] [pid 54224] [client 13.79.87.25:0] script '/domains/mschmid/fclas.php' not found or unable to stat
[Mon Jan 05 01:39:22.020472 2026] [php:error] [pid 54218] [client 4.196.91.34:0] script '/domains/system_default/sko.php' not found or unable to stat
[Mon Jan 05 01:39:22.035313 2026] [php:error] [pid 54225] [client 97.73.129.209:0] script '/domains/system_suspended/cc.php' not found or unable to stat, referer: https://www.yahoo.com/
[Mon Jan 05 01:39:22.175122 2026] [php:error] [pid 54224] [client 13.79.87.25:0] script '/domains/mschmid/bbn.php' not found or unable to stat
[Mon Jan 05 01:39:22.222032 2026] [php:error] [pid 54218] [client 4.196.91.34:0] script '/domains/system_default/wakak.php' not found or unable to stat
[Mon Jan 05 01:39:22.249773 2026] [php:error] [pid 54224] [client 13.79.87.25:0] script '/domains/mschmid/class-t.api.php' not found or unable to stat
[Mon Jan 05 01:39:22.290245 2026] [php:error] [pid 54225] [client 252.220.147.170:0] script '/domains/system_suspended/chosen.php' not found or unable to stat, referer: https://www.google.com/
[Mon Jan 05 01:39:22.324714 2026] [php:error] [pid 54224] [client 13.79.87.25:0] script '/domains/mschmid/xz89.php' not found or unable to stat
[Mon Jan 05 01:39:22.399541 2026] [php:error] [pid 54224] [client 13.79.87.25:0] script '/domains/mschmid/wft.php' not found or unable to stat
[Mon Jan 05 01:39:22.423382 2026] [php:error] [pid 54218] [client 4.196.91.34:0] script '/domains/system_default/ww3.php' not found or unable to stat
[Mon Jan 05 01:39:22.474079 2026] [php:error] [pid 54224] [client 13.79.87.25:0] script '/domains/mschmid/ws28.php' not found or unable to stat
[Mon Jan 05 01:39:22.546166 2026] [php:error] [pid 54225] [client 253.46.227.10:0] script '/domains/system_suspended/classwithtostring.php' not found or unable to stat, referer: https://www.google.fr/
[Mon Jan 05 01:39:22.554970 2026] [php:error] [pid 54224] [client 13.79.87.25:0] script '/domains/mschmid/wsvvs.php' not found or unable to stat
[Mon Jan 05 01:39:22.628355 2026] [php:error] [pid 54218] [client 4.196.91.34:0] script '/domains/system_default/sang.php' not found or unable to stat
[Mon Jan 05 01:39:22.629694 2026] [php:error] [pid 54224] [client 13.79.87.25:0] script '/domains/mschmid/pn.php' not found or unable to stat
[Mon Jan 05 01:39:22.705020 2026] [php:error] [pid 54224] [client 13.79.87.25:0] script '/domains/mschmid/fz.php' not found or unable to stat
[Mon Jan 05 01:39:22.779912 2026] [php:error] [pid 54224] [client 13.79.87.25:0] script '/domains/mschmid/sang.php' not found or unable to stat
[Mon Jan 05 01:39:22.821174 2026] [php:error] [pid 54225] [client 73.30.90.11:0] script '/domains/system_suspended/config.php' not found or unable to stat, referer: https://www.google.co.uk/
[Mon Jan 05 01:39:22.830388 2026] [php:error] [pid 54218] [client 4.196.91.34:0] script '/domains/system_default/f35.php' not found or unable to stat
[Mon Jan 05 01:39:22.854827 2026] [php:error] [pid 54224] [client 13.79.87.25:0] script '/domains/mschmid/0o0.php' not found or unable to stat
[Mon Jan 05 01:39:22.940350 2026] [php:error] [pid 54224] [client 13.79.87.25:0] script '/domains/mschmid/zxl.php' not found or unable to stat
[Mon Jan 05 01:39:23.015198 2026] [php:error] [pid 54224] [client 13.79.87.25:0] script '/domains/mschmid/zwso.php' not found or unable to stat
[Mon Jan 05 01:39:23.031780 2026] [php:error] [pid 54218] [client 4.196.91.34:0] script '/domains/system_default/wen.php' not found or unable to stat
[Mon Jan 05 01:39:23.082337 2026] [php:error] [pid 54225] [client 207.212.88.42:0] script '/domains/system_suspended/content.php' not found or unable to stat, referer: https://www.google.fr/
[Mon Jan 05 01:39:23.090383 2026] [php:error] [pid 54224] [client 13.79.87.25:0] script '/domains/mschmid/2clas.php' not found or unable to stat
[Mon Jan 05 01:39:23.164974 2026] [php:error] [pid 54224] [client 13.79.87.25:0] script '/domains/mschmid/pp.php' not found or unable to stat
[Mon Jan 05 01:39:23.233585 2026] [php:error] [pid 54218] [client 4.196.91.34:0] script '/domains/system_default/yyy.php' not found or unable to stat
[Mon Jan 05 01:39:23.239526 2026] [php:error] [pid 54224] [client 13.79.87.25:0] script '/domains/mschmid/files.php' not found or unable to stat
[Mon Jan 05 01:39:23.324548 2026] [php:error] [pid 54224] [client 13.79.87.25:0] script '/domains/mschmid/12.php' not found or unable to stat
[Mon Jan 05 01:39:23.337108 2026] [php:error] [pid 54225] [client 249.7.247.119:0] script '/domains/system_suspended/dropdown.php' not found or unable to stat, referer: https://www.yahoo.com/
[Mon Jan 05 01:39:23.399755 2026] [php:error] [pid 54224] [client 13.79.87.25:0] script '/domains/mschmid/wsrer.php' not found or unable to stat
[Mon Jan 05 01:39:23.435495 2026] [php:error] [pid 54218] [client 4.196.91.34:0] script '/domains/system_default/waq.php' not found or unable to stat
[Mon Jan 05 01:39:23.474364 2026] [php:error] [pid 54224] [client 13.79.87.25:0] script '/domains/mschmid/xb.php' not found or unable to stat
[Mon Jan 05 01:39:23.548982 2026] [php:error] [pid 54224] [client 13.79.87.25:0] script '/domains/mschmid/enclas.php' not found or unable to stat
[Mon Jan 05 01:39:23.591834 2026] [php:error] [pid 54225] [client 25.253.57.209:0] script '/domains/system_suspended/edit.php' not found or unable to stat, referer: https://duckduckgo.com/
[Mon Jan 05 01:39:23.623544 2026] [php:error] [pid 54224] [client 13.79.87.25:0] script '/domains/mschmid/he.php' not found or unable to stat
[Mon Jan 05 01:39:23.636701 2026] [php:error] [pid 54218] [client 4.196.91.34:0] script '/domains/system_default/wp-ana.php' not found or unable to stat
[Mon Jan 05 01:39:23.702284 2026] [php:error] [pid 54224] [client 13.79.87.25:0] script '/domains/mschmid/sid.php' not found or unable to stat
[Mon Jan 05 01:39:23.776982 2026] [php:error] [pid 54224] [client 13.79.87.25:0] script '/domains/mschmid/f6.php' not found or unable to stat
[Mon Jan 05 01:39:23.838928 2026] [php:error] [pid 54218] [client 4.196.91.34:0] script '/domains/system_default/f8.php' not found or unable to stat
[Mon Jan 05 01:39:23.846636 2026] [php:error] [pid 54225] [client 149.194.229.147:0] script '/domains/system_suspended/ee.php' not found or unable to stat, referer: https://www.yahoo.com/
[Mon Jan 05 01:39:23.851888 2026] [php:error] [pid 54224] [client 13.79.87.25:0] script '/domains/mschmid/10.php' not found or unable to stat
[Mon Jan 05 01:39:24.042828 2026] [php:error] [pid 54218] [client 4.196.91.34:0] script '/domains/system_default/sf.php' not found or unable to stat
[Mon Jan 05 01:39:24.105958 2026] [php:error] [pid 54225] [client 178.101.103.24:0] script '/domains/system_suspended/favicon.php' not found or unable to stat, referer: https://www.bing.com/
[Mon Jan 05 01:39:24.254231 2026] [php:error] [pid 54218] [client 4.196.91.34:0] script '/domains/system_default/AxAo.php' not found or unable to stat
[Mon Jan 05 01:39:24.361416 2026] [php:error] [pid 54225] [client 5.96.138.181:0] script '/domains/system_suspended/file.php' not found or unable to stat, referer: https://www.yahoo.com/
[Mon Jan 05 01:39:24.461003 2026] [php:error] [pid 54218] [client 4.196.91.34:0] script '/domains/system_default/vbbn.php' not found or unable to stat
[Mon Jan 05 01:39:24.616260 2026] [php:error] [pid 54225] [client 174.49.72.241:0] script '/domains/system_suspended/fm.php' not found or unable to stat, referer: https://www.bing.com/
[Mon Jan 05 01:39:24.663474 2026] [php:error] [pid 54218] [client 4.196.91.34:0] script '/domains/system_default/atx.php' not found or unable to stat
[Mon Jan 05 01:39:24.865073 2026] [php:error] [pid 54218] [client 4.196.91.34:0] script '/domains/system_default/sck.php' not found or unable to stat
[Mon Jan 05 01:39:24.871280 2026] [php:error] [pid 54225] [client 238.180.141.104:0] script '/domains/system_suspended/fx.php' not found or unable to stat, referer: https://www.google.de/
[Mon Jan 05 01:39:25.067034 2026] [php:error] [pid 54218] [client 4.196.91.34:0] script '/domains/system_default/ww2.php' not found or unable to stat
[Mon Jan 05 01:39:25.126103 2026] [php:error] [pid 54225] [client 189.101.49.134:0] script '/domains/system_suspended/gecko.php' not found or unable to stat, referer: https://www.yahoo.com/
[Mon Jan 05 01:39:25.268704 2026] [php:error] [pid 54218] [client 4.196.91.34:0] script '/domains/system_default/Contrller.php' not found or unable to stat
[Mon Jan 05 01:39:25.381376 2026] [php:error] [pid 54225] [client 199.214.135.107:0] script '/domains/system_suspended/gecko-new.php' not found or unable to stat, referer: https://www.google.de/
[Mon Jan 05 01:39:25.471122 2026] [php:error] [pid 54218] [client 4.196.91.34:0] script '/domains/system_default/gtc.php' not found or unable to stat
[Mon Jan 05 01:39:25.636509 2026] [php:error] [pid 54225] [client 81.124.112.192:0] script '/domains/system_suspended/gel4y.php' not found or unable to stat, referer: https://www.bing.com/
[Mon Jan 05 01:39:25.672394 2026] [php:error] [pid 54218] [client 4.196.91.34:0] script '/domains/system_default/lte7.php' not found or unable to stat
[Mon Jan 05 01:39:25.874422 2026] [php:error] [pid 54218] [client 4.196.91.34:0] script '/domains/system_default/xa.php' not found or unable to stat
[Mon Jan 05 01:39:25.891367 2026] [php:error] [pid 54225] [client 175.52.201.6:0] script '/domains/system_suspended/gg.php' not found or unable to stat, referer: https://www.google.co.uk/
[Mon Jan 05 01:39:26.076152 2026] [php:error] [pid 54218] [client 4.196.91.34:0] script '/domains/system_default/wp-good.php' not found or unable to stat
[Mon Jan 05 01:39:26.146224 2026] [php:error] [pid 54225] [client 216.106.33.252:0] script '/domains/system_suspended/goods.php' not found or unable to stat, referer: https://www.google.co.uk/
[Mon Jan 05 01:39:26.278204 2026] [php:error] [pid 54218] [client 4.196.91.34:0] script '/domains/system_default/xrp.php' not found or unable to stat
[Mon Jan 05 01:39:26.401854 2026] [php:error] [pid 54225] [client 126.120.203.184:0] script '/domains/system_suspended/help.php' not found or unable to stat, referer: https://www.google.fr/
[Mon Jan 05 01:39:26.479381 2026] [php:error] [pid 54218] [client 4.196.91.34:0] script '/domains/system_default/fesa.php' not found or unable to stat
[Mon Jan 05 01:39:26.656718 2026] [php:error] [pid 54225] [client 104.245.165.49:0] script '/domains/system_suspended/i.php' not found or unable to stat, referer: https://www.google.fr/
[Mon Jan 05 01:39:26.681499 2026] [php:error] [pid 54218] [client 4.196.91.34:0] script '/domains/system_default/wsz.php' not found or unable to stat
[Mon Jan 05 01:39:26.883122 2026] [php:error] [pid 54218] [client 4.196.91.34:0] script '/domains/system_default/horeg.php' not found or unable to stat
[Mon Jan 05 01:39:26.911711 2026] [php:error] [pid 54225] [client 20.184.35.52:0] script '/domains/system_suspended/index.php' not found or unable to stat, referer: https://www.google.fr/
[Mon Jan 05 01:39:27.092208 2026] [php:error] [pid 54218] [client 4.196.91.34:0] script '/domains/system_default/siln.php' not found or unable to stat
[Mon Jan 05 01:39:27.167100 2026] [php:error] [pid 54225] [client 110.97.148.189:0] script '/domains/system_suspended/info.php' not found or unable to stat, referer: https://www.google.de/
[Mon Jan 05 01:39:27.301545 2026] [php:error] [pid 54218] [client 4.196.91.34:0] script '/domains/system_default/thxt.php' not found or unable to stat
[Mon Jan 05 01:39:27.423116 2026] [php:error] [pid 54225] [client 170.188.58.131:0] script '/domains/system_suspended/ioxi-o.php' not found or unable to stat, referer: https://www.google.fr/
[Mon Jan 05 01:39:27.503480 2026] [php:error] [pid 54218] [client 4.196.91.34:0] script '/domains/system_default/tajj.php' not found or unable to stat
[Mon Jan 05 01:39:27.678813 2026] [php:error] [pid 54225] [client 170.13.60.95:0] script '/domains/system_suspended/k.php' not found or unable to stat, referer: https://www.google.fr/
[Mon Jan 05 01:39:27.705222 2026] [php:error] [pid 54218] [client 4.196.91.34:0] script '/domains/system_default/lsd.php' not found or unable to stat
[Mon Jan 05 01:39:27.907113 2026] [php:error] [pid 54218] [client 4.196.91.34:0] script '/domains/system_default/z60.php' not found or unable to stat
[Mon Jan 05 01:39:27.933848 2026] [php:error] [pid 54225] [client 112.57.165.249:0] script '/domains/system_suspended/link.php' not found or unable to stat, referer: https://duckduckgo.com/
[Mon Jan 05 01:39:28.110889 2026] [php:error] [pid 54218] [client 4.196.91.34:0] script '/domains/system_default/ha.php' not found or unable to stat
[Mon Jan 05 01:39:28.189194 2026] [php:error] [pid 54225] [client 20.1.207.42:0] script '/domains/system_suspended/man.php' not found or unable to stat, referer: https://www.google.com/
[Mon Jan 05 01:39:28.312448 2026] [php:error] [pid 54218] [client 4.196.91.34:0] script '/domains/system_default/oo.php' not found or unable to stat
[Mon Jan 05 01:39:28.446137 2026] [php:error] [pid 54225] [client 5.156.219.122:0] script '/domains/system_suspended/mini.php' not found or unable to stat, referer: https://www.bing.com/
[Mon Jan 05 01:39:28.514217 2026] [php:error] [pid 54218] [client 4.196.91.34:0] script '/domains/system_default/13ede.php' not found or unable to stat
[Mon Jan 05 01:39:28.701579 2026] [php:error] [pid 54225] [client 20.184.35.52:0] script '/domains/system_suspended/new.php' not found or unable to stat, referer: https://www.google.fr/
[Mon Jan 05 01:39:28.715484 2026] [php:error] [pid 54218] [client 4.196.91.34:0] script '/domains/system_default/xcre1.php' not found or unable to stat
[Mon Jan 05 01:39:28.917265 2026] [php:error] [pid 54218] [client 4.196.91.34:0] script '/domains/system_default/d12.php' not found or unable to stat
[Mon Jan 05 01:39:28.957162 2026] [php:error] [pid 54225] [client 59.176.240.31:0] script '/domains/system_suspended/num.php' not found or unable to stat, referer: https://www.bing.com/
[Mon Jan 05 01:39:29.118926 2026] [php:error] [pid 54218] [client 4.196.91.34:0] script '/domains/system_default/x0x.php' not found or unable to stat
[Mon Jan 05 01:39:29.213335 2026] [php:error] [pid 54225] [client 208.124.179.92:0] script '/domains/system_suspended/root.php' not found or unable to stat, referer: https://www.bing.com/
[Mon Jan 05 01:39:29.320520 2026] [php:error] [pid 54218] [client 4.196.91.34:0] script '/domains/system_default/Okxob.php' not found or unable to stat
[Mon Jan 05 01:39:29.468401 2026] [php:error] [pid 54225] [client 2.142.66.249:0] script '/domains/system_suspended/shell.php' not found or unable to stat, referer: https://duckduckgo.com/
[Mon Jan 05 01:39:29.521638 2026] [php:error] [pid 54218] [client 4.196.91.34:0] script '/domains/system_default/ws35.php' not found or unable to stat
[Mon Jan 05 01:39:29.723437 2026] [php:error] [pid 54225] [client 171.235.148.8:0] script '/domains/system_suspended/system.php' not found or unable to stat, referer: https://www.google.co.uk/
[Mon Jan 05 01:39:29.732329 2026] [php:error] [pid 54218] [client 4.196.91.34:0] script '/domains/system_default/rtx.php' not found or unable to stat
[Mon Jan 05 01:39:29.933429 2026] [php:error] [pid 54218] [client 4.196.91.34:0] script '/domains/system_default/f-401.php' not found or unable to stat
[Mon Jan 05 01:39:29.984984 2026] [php:error] [pid 54225] [client 20.184.35.52:0] script '/domains/system_suspended/termps.php' not found or unable to stat, referer: https://duckduckgo.com/
[Mon Jan 05 01:39:30.143264 2026] [php:error] [pid 54218] [client 4.196.91.34:0] script '/domains/system_default/see.php' not found or unable to stat
[Mon Jan 05 01:39:30.240022 2026] [php:error] [pid 54225] [client 94.143.22.208:0] script '/domains/system_suspended/test.php' not found or unable to stat, referer: https://www.bing.com/
[Mon Jan 05 01:39:30.345055 2026] [php:error] [pid 54218] [client 4.196.91.34:0] script '/domains/system_default/xse25.php' not found or unable to stat
[Mon Jan 05 01:39:30.495153 2026] [php:error] [pid 54225] [client 178.198.187.97:0] script '/domains/system_suspended/tiny.php' not found or unable to stat, referer: https://www.google.de/
[Mon Jan 05 01:39:30.547528 2026] [php:error] [pid 54218] [client 4.196.91.34:0] script '/domains/system_default/wtz.php' not found or unable to stat
[Mon Jan 05 01:39:30.750079 2026] [php:error] [pid 54225] [client 40.59.78.118:0] script '/domains/system_suspended/user.php' not found or unable to stat, referer: https://www.google.fr/
[Mon Jan 05 01:39:30.754452 2026] [php:error] [pid 54218] [client 4.196.91.34:0] script '/domains/system_default/waw.php' not found or unable to stat
[Mon Jan 05 01:39:30.956892 2026] [php:error] [pid 54218] [client 4.196.91.34:0] script '/domains/system_default/elp.php' not found or unable to stat
[Mon Jan 05 01:39:31.005079 2026] [php:error] [pid 54225] [client 50.235.80.72:0] script '/domains/system_suspended/vx.php' not found or unable to stat, referer: https://duckduckgo.com/
[Mon Jan 05 01:39:31.158643 2026] [php:error] [pid 54218] [client 4.196.91.34:0] script '/domains/system_default/ioxi-o1.php' not found or unable to stat
[Mon Jan 05 01:39:31.259971 2026] [php:error] [pid 54225] [client 104.68.138.129:0] script '/domains/system_suspended/wp-admin.php' not found or unable to stat, referer: https://www.yahoo.com/
[Mon Jan 05 01:39:31.360068 2026] [php:error] [pid 54218] [client 4.196.91.34:0] script '/domains/system_default/xpass.php' not found or unable to stat
[Mon Jan 05 01:39:31.516070 2026] [php:error] [pid 54225] [client 94.222.144.97:0] script '/domains/system_suspended/wp-blog.php' not found or unable to stat, referer: https://www.google.com/
[Mon Jan 05 01:39:31.561285 2026] [php:error] [pid 54218] [client 4.196.91.34:0] script '/domains/system_default/x56.php' not found or unable to stat
[Mon Jan 05 01:39:31.763413 2026] [php:error] [pid 54218] [client 4.196.91.34:0] script '/domains/system_default/tx1.php' not found or unable to stat
[Mon Jan 05 01:39:31.770852 2026] [php:error] [pid 54225] [client 53.98.27.139:0] script '/domains/system_suspended/wp-good.php' not found or unable to stat, referer: https://duckduckgo.com/
[Mon Jan 05 01:39:31.965700 2026] [php:error] [pid 54218] [client 4.196.91.34:0] script '/domains/system_default/zafir1.php' not found or unable to stat
[Mon Jan 05 01:39:32.025694 2026] [php:error] [pid 54225] [client 51.237.223.30:0] script '/domains/system_suspended/wp-include.php' not found or unable to stat, referer: https://www.google.com/
[Mon Jan 05 01:39:32.167819 2026] [php:error] [pid 54218] [client 4.196.91.34:0] script '/domains/system_default/admin.php' not found or unable to stat
[Mon Jan 05 01:39:32.282859 2026] [php:error] [pid 54225] [client 207.137.240.118:0] script '/domains/system_suspended/wp-links.php' not found or unable to stat, referer: https://duckduckgo.com/
[Mon Jan 05 01:39:32.369949 2026] [php:error] [pid 54218] [client 4.196.91.34:0] script '/domains/system_default/quoys.php' not found or unable to stat
[Mon Jan 05 01:39:32.549953 2026] [php:error] [pid 54225] [client 167.235.40.148:0] script '/domains/system_suspended/wp-signin.php' not found or unable to stat, referer: https://www.google.com/
[Mon Jan 05 01:39:32.574577 2026] [php:error] [pid 54218] [client 4.196.91.34:0] script '/domains/system_default/ova.php' not found or unable to stat
[Mon Jan 05 01:39:32.775922 2026] [php:error] [pid 54218] [client 4.196.91.34:0] script '/domains/system_default/juuuu.php' not found or unable to stat
[Mon Jan 05 01:39:32.805208 2026] [php:error] [pid 54225] [client 32.56.199.210:0] script '/domains/system_suspended/wp-trackback.php' not found or unable to stat, referer: https://www.bing.com/
[Mon Jan 05 01:39:32.979411 2026] [php:error] [pid 54218] [client 4.196.91.34:0] script '/domains/system_default/vx.php' not found or unable to stat
[Mon Jan 05 01:39:33.068172 2026] [php:error] [pid 54225] [client 70.70.128.94:0] script '/domains/system_suspended/wp.php' not found or unable to stat, referer: https://www.google.com/
[Mon Jan 05 01:39:33.203897 2026] [php:error] [pid 54218] [client 4.196.91.34:0] script '/domains/system_default/1vbqo.php' not found or unable to stat
[Mon Jan 05 01:39:33.323854 2026] [php:error] [pid 54225] [client 70.96.247.105:0] script '/domains/system_suspended/wso.php' not found or unable to stat, referer: https://www.yahoo.com/
[Mon Jan 05 01:39:33.409997 2026] [php:error] [pid 54218] [client 4.196.91.34:0] script '/domains/system_default/0xs.php' not found or unable to stat
[Mon Jan 05 01:39:33.578782 2026] [php:error] [pid 54225] [client 82.213.72.90:0] script '/domains/system_suspended/xmlrpc.php' not found or unable to stat, referer: https://www.google.co.uk/
[Mon Jan 05 01:39:33.612106 2026] [php:error] [pid 54218] [client 4.196.91.34:0] script '/domains/system_default/O-Simple.php' not found or unable to stat
[Mon Jan 05 01:39:33.814699 2026] [php:error] [pid 54218] [client 4.196.91.34:0] script '/domains/system_default/sf9.php' not found or unable to stat
[Mon Jan 05 01:39:33.833673 2026] [php:error] [pid 54225] [client 162.166.173.216:0] script '/domains/system_suspended/xmrlpc.php' not found or unable to stat, referer: https://www.google.fr/
[Mon Jan 05 01:39:34.016148 2026] [php:error] [pid 54218] [client 4.196.91.34:0] script '/domains/system_default/thoms.php' not found or unable to stat
[Mon Jan 05 01:39:34.218505 2026] [php:error] [pid 54218] [client 4.196.91.34:0] script '/domains/system_default/sadis.php' not found or unable to stat
[Mon Jan 05 01:40:43.364430 2026] [php:error] [pid 54255] [client 62.95.210.195:0] script '/domains/fifibear/0.php' not found or unable to stat, referer: https://www.google.de/
[Mon Jan 05 01:40:43.528608 2026] [php:error] [pid 54255] [client 111.75.85.130:0] script '/domains/fifibear/1.php' not found or unable to stat, referer: https://duckduckgo.com/
[Mon Jan 05 01:40:43.691624 2026] [php:error] [pid 54255] [client 105.212.51.57:0] script '/domains/fifibear/2.php' not found or unable to stat, referer: https://duckduckgo.com/
[Mon Jan 05 01:40:43.854501 2026] [php:error] [pid 54255] [client 66.226.93.122:0] script '/domains/fifibear/12.php' not found or unable to stat, referer: https://duckduckgo.com/
[Mon Jan 05 01:40:44.017457 2026] [php:error] [pid 54255] [client 254.189.124.71:0] script '/domains/fifibear/13.php' not found or unable to stat, referer: https://www.google.de/
[Mon Jan 05 01:40:44.181999 2026] [php:error] [pid 54255] [client 74.20.180.79:0] script '/domains/fifibear/403.php' not found or unable to stat, referer: https://www.google.de/
[Mon Jan 05 01:40:44.424892 2026] [php:error] [pid 54255] [client 255.192.141.71:0] script '/domains/fifibear/404.php' not found or unable to stat, referer: https://duckduckgo.com/
[Mon Jan 05 01:40:44.594052 2026] [php:error] [pid 54255] [client 164.73.216.108:0] script '/domains/fifibear/a.php' not found or unable to stat, referer: https://duckduckgo.com/
[Mon Jan 05 01:40:44.756771 2026] [php:error] [pid 54255] [client 104.212.128.94:0] script '/domains/fifibear/aa.php' not found or unable to stat, referer: https://www.google.de/
[Mon Jan 05 01:40:44.920069 2026] [php:error] [pid 54255] [client 235.123.251.230:0] script '/domains/fifibear/abcd.php' not found or unable to stat, referer: https://www.google.com/
[Mon Jan 05 01:40:45.084562 2026] [php:error] [pid 54255] [client 152.66.31.228:0] script '/domains/fifibear/about.php' not found or unable to stat, referer: https://www.google.fr/
[Mon Jan 05 01:40:45.248026 2026] [php:error] [pid 54255] [client 179.39.112.52:0] script '/domains/fifibear/admin.php' not found or unable to stat, referer: https://www.google.co.uk/
[Mon Jan 05 01:40:45.411215 2026] [php:error] [pid 54255] [client 108.43.99.45:0] script '/domains/fifibear/admin-header.php' not found or unable to stat, referer: https://www.bing.com/
[Mon Jan 05 01:40:45.585163 2026] [php:error] [pid 54255] [client 142.49.172.252:0] script '/domains/fifibear/adminfuns.php' not found or unable to stat, referer: https://www.google.de/
[Mon Jan 05 01:40:45.748872 2026] [php:error] [pid 54255] [client 241.207.54.47:0] script '/domains/fifibear/ahax.php' not found or unable to stat, referer: https://www.google.fr/
[Mon Jan 05 01:40:45.921641 2026] [php:error] [pid 54255] [client 72.28.51.2:0] script '/domains/fifibear/akcc.php' not found or unable to stat, referer: https://www.google.de/
[Mon Jan 05 01:40:46.085765 2026] [php:error] [pid 54255] [client 104.199.95.214:0] script '/domains/fifibear/alf.php' not found or unable to stat, referer: https://www.google.fr/
[Mon Jan 05 01:40:46.249341 2026] [php:error] [pid 54255] [client 130.33.50.170:0] script '/domains/fifibear/alfa.php' not found or unable to stat, referer: https://www.google.de/
[Mon Jan 05 01:40:46.412778 2026] [php:error] [pid 54255] [client 98.9.31.44:0] script '/domains/fifibear/alfashell.php' not found or unable to stat, referer: https://www.google.co.uk/
[Mon Jan 05 01:40:46.576731 2026] [php:error] [pid 54255] [client 170.222.142.18:0] script '/domains/fifibear/api.php' not found or unable to stat, referer: https://www.google.com/
[Mon Jan 05 01:40:46.740481 2026] [php:error] [pid 54255] [client 228.45.71.167:0] script '/domains/fifibear/app.php' not found or unable to stat, referer: https://www.yahoo.com/
[Mon Jan 05 01:40:46.903645 2026] [php:error] [pid 54255] [client 185.81.220.58:0] script '/domains/fifibear/as.php' not found or unable to stat, referer: https://www.google.fr/
[Mon Jan 05 01:40:47.069356 2026] [php:error] [pid 54255] [client 189.211.149.86:0] script '/domains/fifibear/bolt.php' not found or unable to stat, referer: https://duckduckgo.com/
[Mon Jan 05 01:40:47.233084 2026] [php:error] [pid 54255] [client 247.173.207.71:0] script '/domains/fifibear/buy.php' not found or unable to stat, referer: https://www.google.co.uk/
[Mon Jan 05 01:40:47.398146 2026] [php:error] [pid 54255] [client 11.160.175.220:0] script '/domains/fifibear/c.php' not found or unable to stat, referer: https://www.google.de/
[Mon Jan 05 01:40:47.561707 2026] [php:error] [pid 54255] [client 138.192.78.128:0] script '/domains/fifibear/cc.php' not found or unable to stat, referer: https://www.google.de/
[Mon Jan 05 01:40:48.378306 2026] [php:error] [pid 54255] [client 233.253.153.159:0] script '/domains/fifibear/chosen.php' not found or unable to stat, referer: https://www.google.fr/
[Mon Jan 05 01:40:48.542623 2026] [php:error] [pid 54255] [client 184.22.121.157:0] script '/domains/fifibear/classwithtostring.php' not found or unable to stat, referer: https://www.google.co.uk/
[Mon Jan 05 01:40:48.705404 2026] [php:error] [pid 54255] [client 38.29.40.190:0] script '/domains/fifibear/config.php' not found or unable to stat, referer: https://www.google.co.uk/
[Mon Jan 05 01:40:48.868599 2026] [php:error] [pid 54255] [client 178.179.183.138:0] script '/domains/fifibear/content.php' not found or unable to stat, referer: https://www.bing.com/
[Mon Jan 05 01:40:49.031458 2026] [php:error] [pid 54255] [client 74.88.234.250:0] script '/domains/fifibear/dropdown.php' not found or unable to stat, referer: https://www.google.com/
[Mon Jan 05 01:40:49.194463 2026] [php:error] [pid 54255] [client 179.73.15.209:0] script '/domains/fifibear/edit.php' not found or unable to stat, referer: https://www.google.co.uk/
[Mon Jan 05 01:40:49.358357 2026] [php:error] [pid 54255] [client 163.7.229.145:0] script '/domains/fifibear/ee.php' not found or unable to stat, referer: https://www.bing.com/
[Mon Jan 05 01:40:49.521192 2026] [php:error] [pid 54255] [client 59.162.201.147:0] script '/domains/fifibear/favicon.php' not found or unable to stat, referer: https://www.bing.com/
[Mon Jan 05 01:40:49.684125 2026] [php:error] [pid 54255] [client 13.110.233.188:0] script '/domains/fifibear/file.php' not found or unable to stat, referer: https://www.google.com/
[Mon Jan 05 01:40:49.847104 2026] [php:error] [pid 54255] [client 139.39.190.100:0] script '/domains/fifibear/fm.php' not found or unable to stat, referer: https://www.google.de/
[Mon Jan 05 01:40:50.011391 2026] [php:error] [pid 54255] [client 132.217.226.132:0] script '/domains/fifibear/fx.php' not found or unable to stat, referer: https://www.google.com/
[Mon Jan 05 01:40:50.174243 2026] [php:error] [pid 54255] [client 64.171.152.248:0] script '/domains/fifibear/gecko.php' not found or unable to stat, referer: https://www.google.fr/
[Mon Jan 05 01:40:50.341634 2026] [php:error] [pid 54255] [client 8.47.165.98:0] script '/domains/fifibear/gecko-new.php' not found or unable to stat, referer: https://www.google.fr/
[Mon Jan 05 01:40:50.504440 2026] [php:error] [pid 54255] [client 44.91.84.80:0] script '/domains/fifibear/gel4y.php' not found or unable to stat, referer: https://www.yahoo.com/
[Mon Jan 05 01:40:50.667105 2026] [php:error] [pid 54255] [client 147.170.38.97:0] script '/domains/fifibear/gg.php' not found or unable to stat, referer: https://www.google.fr/
[Mon Jan 05 01:40:50.830197 2026] [php:error] [pid 54255] [client 43.69.80.122:0] script '/domains/fifibear/goods.php' not found or unable to stat, referer: https://www.google.com/
[Mon Jan 05 01:40:50.993008 2026] [php:error] [pid 54255] [client 246.155.5.243:0] script '/domains/fifibear/help.php' not found or unable to stat, referer: https://www.google.de/
[Mon Jan 05 01:40:51.156166 2026] [php:error] [pid 54255] [client 7.203.159.111:0] script '/domains/fifibear/i.php' not found or unable to stat, referer: https://duckduckgo.com/
[Mon Jan 05 01:40:51.318992 2026] [php:error] [pid 54255] [client 55.233.247.54:0] script '/domains/fifibear/index.php' not found or unable to stat, referer: https://www.yahoo.com/
[Mon Jan 05 01:40:51.484565 2026] [php:error] [pid 54255] [client 221.228.227.136:0] script '/domains/fifibear/info.php' not found or unable to stat, referer: https://www.google.com/
[Mon Jan 05 01:40:51.647543 2026] [php:error] [pid 54255] [client 114.158.138.150:0] script '/domains/fifibear/ioxi-o.php' not found or unable to stat, referer: https://www.google.co.uk/
[Mon Jan 05 01:40:51.811178 2026] [php:error] [pid 54255] [client 188.21.109.231:0] script '/domains/fifibear/k.php' not found or unable to stat, referer: https://www.google.co.uk/
[Mon Jan 05 01:40:51.974010 2026] [php:error] [pid 54255] [client 24.52.184.172:0] script '/domains/fifibear/link.php' not found or unable to stat, referer: https://duckduckgo.com/
[Mon Jan 05 01:40:52.136973 2026] [php:error] [pid 54255] [client 62.239.42.194:0] script '/domains/fifibear/man.php' not found or unable to stat, referer: https://www.google.com/
[Mon Jan 05 01:40:52.299880 2026] [php:error] [pid 54255] [client 246.50.9.163:0] script '/domains/fifibear/mini.php' not found or unable to stat, referer: https://www.google.com/
[Mon Jan 05 01:40:52.463142 2026] [php:error] [pid 54255] [client 190.238.151.158:0] script '/domains/fifibear/new.php' not found or unable to stat, referer: https://www.bing.com/
