[Mon Jan 05 01:15:48.082778 2026] [php:error] [pid 47883] [client 36.72.14.203:0] script '/domains/redpeninc/cc.php' not found or unable to stat, referer: https://www.bing.com/
[Mon Jan 05 01:15:48.138641 2026] [php:error] [pid 53564] [client 167.71.81.114:0] script '/domains/gk3c/info.php' not found or unable to stat
[Mon Jan 05 01:15:48.254098 2026] [php:error] [pid 47883] [client 239.210.129.224:0] script '/domains/redpeninc/chosen.php' not found or unable to stat, referer: https://duckduckgo.com/
[Mon Jan 05 01:15:48.425201 2026] [php:error] [pid 47883] [client 160.169.225.208:0] script '/domains/redpeninc/classwithtostring.php' not found or unable to stat, referer: https://www.google.de/
[Mon Jan 05 01:15:48.532956 2026] [php:error] [pid 53564] [client 206.81.24.227:0] script '/domains/gk3c/info.php' not found or unable to stat
[Mon Jan 05 01:15:48.548025 2026] [php:error] [pid 53583] [client 147.182.200.94:0] script '/domains/gk3c/info.php' not found or unable to stat
[Mon Jan 05 01:15:48.599050 2026] [php:error] [pid 47883] [client 119.121.189.83:0] script '/domains/redpeninc/config.php' not found or unable to stat, referer: https://www.yahoo.com/
[Mon Jan 05 01:15:48.769132 2026] [php:error] [pid 47883] [client 233.58.195.60:0] script '/domains/redpeninc/content.php' not found or unable to stat, referer: https://duckduckgo.com/
[Mon Jan 05 01:15:48.939212 2026] [php:error] [pid 47883] [client 100.232.239.43:0] script '/domains/redpeninc/dropdown.php' not found or unable to stat, referer: https://www.google.co.uk/
[Mon Jan 05 01:15:49.109364 2026] [php:error] [pid 47883] [client 173.94.157.16:0] script '/domains/redpeninc/edit.php' not found or unable to stat, referer: https://duckduckgo.com/
[Mon Jan 05 01:15:49.279439 2026] [php:error] [pid 47883] [client 115.177.218.152:0] script '/domains/redpeninc/ee.php' not found or unable to stat, referer: https://www.google.de/
[Mon Jan 05 01:15:49.449625 2026] [php:error] [pid 47883] [client 124.207.223.5:0] script '/domains/redpeninc/favicon.php' not found or unable to stat, referer: https://www.google.co.uk/
[Mon Jan 05 01:15:49.620112 2026] [php:error] [pid 47883] [client 188.153.227.77:0] script '/domains/redpeninc/file.php' not found or unable to stat, referer: https://www.google.co.uk/
[Mon Jan 05 01:15:49.790365 2026] [php:error] [pid 47883] [client 182.220.147.170:0] script '/domains/redpeninc/fm.php' not found or unable to stat, referer: https://www.google.co.uk/
[Mon Jan 05 01:15:49.960632 2026] [php:error] [pid 47883] [client 201.42.153.255:0] script '/domains/redpeninc/fx.php' not found or unable to stat, referer: https://www.google.co.uk/
[Mon Jan 05 01:15:50.130790 2026] [php:error] [pid 47883] [client 4.168.220.166:0] script '/domains/redpeninc/gecko.php' not found or unable to stat, referer: https://www.bing.com/
[Mon Jan 05 01:15:50.308226 2026] [php:error] [pid 47883] [client 67.224.188.16:0] script '/domains/redpeninc/gecko-new.php' not found or unable to stat, referer: https://www.bing.com/
[Mon Jan 05 01:15:50.478773 2026] [php:error] [pid 47883] [client 71.1.55.105:0] script '/domains/redpeninc/gel4y.php' not found or unable to stat, referer: https://www.google.fr/
[Mon Jan 05 01:15:50.648881 2026] [php:error] [pid 47883] [client 186.105.98.238:0] script '/domains/redpeninc/gg.php' not found or unable to stat, referer: https://www.google.com/
[Mon Jan 05 01:15:50.820693 2026] [php:error] [pid 47883] [client 76.79.77.55:0] script '/domains/redpeninc/goods.php' not found or unable to stat, referer: https://www.google.de/
[Mon Jan 05 01:15:50.992483 2026] [php:error] [pid 47883] [client 66.241.167.79:0] script '/domains/redpeninc/help.php' not found or unable to stat, referer: https://www.google.de/
[Mon Jan 05 01:15:51.162635 2026] [php:error] [pid 47883] [client 52.122.197.216:0] script '/domains/redpeninc/i.php' not found or unable to stat, referer: https://www.google.de/
[Mon Jan 05 01:15:51.333632 2026] [php:error] [pid 47883] [client 243.238.192.115:0] script '/domains/redpeninc/index.php' not found or unable to stat, referer: https://www.bing.com/
[Mon Jan 05 01:15:51.503774 2026] [php:error] [pid 47883] [client 133.227.251.206:0] script '/domains/redpeninc/info.php' not found or unable to stat, referer: https://www.bing.com/
[Mon Jan 05 01:15:51.674364 2026] [php:error] [pid 47883] [client 190.241.36.210:0] script '/domains/redpeninc/ioxi-o.php' not found or unable to stat, referer: https://www.google.de/
[Mon Jan 05 01:15:51.844402 2026] [php:error] [pid 47883] [client 18.178.56.193:0] script '/domains/redpeninc/k.php' not found or unable to stat, referer: https://www.google.de/
[Mon Jan 05 01:15:52.015429 2026] [php:error] [pid 47883] [client 236.26.230.28:0] script '/domains/redpeninc/link.php' not found or unable to stat, referer: https://www.google.co.uk/
[Mon Jan 05 01:15:52.185667 2026] [php:error] [pid 47883] [client 18.114.36.54:0] script '/domains/redpeninc/man.php' not found or unable to stat, referer: https://www.google.com/
[Mon Jan 05 01:15:52.355778 2026] [php:error] [pid 47883] [client 251.166.175.61:0] script '/domains/redpeninc/mini.php' not found or unable to stat, referer: https://www.bing.com/
[Mon Jan 05 01:15:52.526850 2026] [php:error] [pid 47883] [client 31.110.36.90:0] script '/domains/redpeninc/new.php' not found or unable to stat, referer: https://www.google.co.uk/
[Mon Jan 05 01:15:52.697307 2026] [php:error] [pid 47883] [client 0.71.230.65:0] script '/domains/redpeninc/num.php' not found or unable to stat, referer: https://www.bing.com/
[Mon Jan 05 01:15:52.867831 2026] [php:error] [pid 47883] [client 243.37.62.78:0] script '/domains/redpeninc/root.php' not found or unable to stat, referer: https://www.google.com/
[Mon Jan 05 01:15:53.038222 2026] [php:error] [pid 47883] [client 159.125.229.55:0] script '/domains/redpeninc/shell.php' not found or unable to stat, referer: https://www.bing.com/
[Mon Jan 05 01:15:53.201733 2026] [php:error] [pid 53590] [client 128.199.182.55:0] script '/domains/gk3c/info.php' not found or unable to stat
[Mon Jan 05 01:15:53.208280 2026] [php:error] [pid 47883] [client 238.69.195.119:0] script '/domains/redpeninc/system.php' not found or unable to stat, referer: https://duckduckgo.com/
[Mon Jan 05 01:15:53.378839 2026] [php:error] [pid 47883] [client 212.136.163.192:0] script '/domains/redpeninc/termps.php' not found or unable to stat, referer: https://www.bing.com/
[Mon Jan 05 01:15:53.549127 2026] [php:error] [pid 47883] [client 92.180.154.181:0] script '/domains/redpeninc/test.php' not found or unable to stat, referer: https://duckduckgo.com/
[Mon Jan 05 01:15:53.567220 2026] [access_compat:error] [pid 53556] [client 134.122.28.88:0] AH01797: client denied by server configuration: /domains/acagolf1/server-status
[Mon Jan 05 01:15:53.719339 2026] [php:error] [pid 47883] [client 219.8.221.87:0] script '/domains/redpeninc/tiny.php' not found or unable to stat, referer: https://www.bing.com/
[Mon Jan 05 01:15:53.889488 2026] [php:error] [pid 47883] [client 63.225.91.209:0] script '/domains/redpeninc/user.php' not found or unable to stat, referer: https://www.google.de/
[Mon Jan 05 01:15:54.059632 2026] [php:error] [pid 47883] [client 89.68.197.211:0] script '/domains/redpeninc/vx.php' not found or unable to stat, referer: https://www.bing.com/
[Mon Jan 05 01:15:54.230300 2026] [php:error] [pid 47883] [client 116.129.220.232:0] script '/domains/redpeninc/wp-admin.php' not found or unable to stat, referer: https://www.yahoo.com/
[Mon Jan 05 01:15:54.400400 2026] [php:error] [pid 47883] [client 244.164.245.88:0] script '/domains/redpeninc/wp-blog.php' not found or unable to stat, referer: https://www.google.com/
[Mon Jan 05 01:15:54.570818 2026] [php:error] [pid 47883] [client 208.146.77.89:0] script '/domains/redpeninc/wp-good.php' not found or unable to stat, referer: https://www.google.co.uk/
[Mon Jan 05 01:15:54.713094 2026] [access_compat:error] [pid 53584] [client 64.226.65.160:0] AH01797: client denied by server configuration: /domains/acagolf1/server-status
[Mon Jan 05 01:15:54.726210 2026] [access_compat:error] [pid 53563] [client 207.154.212.47:0] AH01797: client denied by server configuration: /domains/acagolf1/server-status
[Mon Jan 05 01:15:54.741655 2026] [php:error] [pid 47883] [client 221.58.95.120:0] script '/domains/redpeninc/wp-include.php' not found or unable to stat, referer: https://www.google.com/
[Mon Jan 05 01:15:54.911720 2026] [php:error] [pid 47883] [client 141.81.102.123:0] script '/domains/redpeninc/wp-links.php' not found or unable to stat, referer: https://www.google.de/
[Mon Jan 05 01:15:55.083139 2026] [php:error] [pid 47883] [client 109.94.49.61:0] script '/domains/redpeninc/wp-signin.php' not found or unable to stat, referer: https://www.google.de/
[Mon Jan 05 01:15:55.253571 2026] [php:error] [pid 47883] [client 41.221.109.27:0] script '/domains/redpeninc/wp-trackback.php' not found or unable to stat, referer: https://www.bing.com/
[Mon Jan 05 01:15:55.426769 2026] [php:error] [pid 47883] [client 137.118.234.109:0] script '/domains/redpeninc/wp.php' not found or unable to stat, referer: https://www.google.com/
[Mon Jan 05 01:15:55.597054 2026] [php:error] [pid 47883] [client 95.81.109.181:0] script '/domains/redpeninc/wso.php' not found or unable to stat, referer: https://duckduckgo.com/
[Mon Jan 05 01:15:55.767439 2026] [php:error] [pid 47883] [client 69.46.79.97:0] script '/domains/redpeninc/xmlrpc.php' not found or unable to stat, referer: https://www.bing.com/
[Mon Jan 05 01:15:55.937467 2026] [php:error] [pid 47883] [client 204.241.8.148:0] script '/domains/redpeninc/xmrlpc.php' not found or unable to stat, referer: https://www.google.de/
[Mon Jan 05 01:15:59.203025 2026] [access_compat:error] [pid 53584] [client 128.199.182.152:0] AH01797: client denied by server configuration: /domains/acagolf1/server-status
[Mon Jan 05 01:16:00.553844 2026] [access_compat:error] [pid 53584] [client 159.223.132.86:0] AH01797: client denied by server configuration: /domains/lover/server-status
[Mon Jan 05 01:16:00.557116 2026] [access_compat:error] [pid 53590] [client 206.81.12.187:0] AH01797: client denied by server configuration: /domains/lover/server-status
[Mon Jan 05 01:16:00.735474 2026] [access_compat:error] [pid 53554] [client 164.90.228.79:0] AH01797: client denied by server configuration: /domains/lover/server-status
[Mon Jan 05 01:16:00.736871 2026] [access_compat:error] [pid 53554] [client 46.101.111.185:0] AH01797: client denied by server configuration: /domains/lover/server-status
[Mon Jan 05 01:16:01.803582 2026] [access_compat:error] [pid 53591] [client 138.68.86.32:0] AH01797: client denied by server configuration: /domains/lover/server-status
[Mon Jan 05 01:16:01.853965 2026] [access_compat:error] [pid 53556] [client 206.81.24.74:0] AH01797: client denied by server configuration: /domains/lover/server-status
[Mon Jan 05 01:16:01.952059 2026] [access_compat:error] [pid 53556] [client 64.227.70.2:0] AH01797: client denied by server configuration: /domains/lover/server-status
[Mon Jan 05 01:16:02.005943 2026] [access_compat:error] [pid 53556] [client 159.89.12.166:0] AH01797: client denied by server configuration: /domains/lover/server-status
[Mon Jan 05 01:16:02.873092 2026] [access_compat:error] [pid 53554] [client 167.71.175.236:0] AH01797: client denied by server configuration: /domains/miles.interport/server-status
[Mon Jan 05 01:16:02.873858 2026] [access_compat:error] [pid 53584] [client 167.71.175.236:0] AH01797: client denied by server configuration: /domains/miles.interport/server-status
[Mon Jan 05 01:16:02.879788 2026] [access_compat:error] [pid 53577] [client 167.71.175.236:0] AH01797: client denied by server configuration: /domains/miles.interport/server-status
[Mon Jan 05 01:16:02.880667 2026] [access_compat:error] [pid 53582] [client 167.71.175.236:0] AH01797: client denied by server configuration: /domains/miles.interport/server-status
[Mon Jan 05 01:16:03.570558 2026] [php:error] [pid 53567] [client 134.122.28.88:0] script '/domains/acagolf1/info.php' not found or unable to stat
[Mon Jan 05 01:16:04.719484 2026] [php:error] [pid 53556] [client 207.154.212.47:0] script '/domains/acagolf1/info.php' not found or unable to stat
[Mon Jan 05 01:16:04.729996 2026] [php:error] [pid 53577] [client 64.226.65.160:0] script '/domains/acagolf1/info.php' not found or unable to stat
[Mon Jan 05 01:16:09.209133 2026] [php:error] [pid 53567] [client 128.199.182.152:0] script '/domains/acagolf1/info.php' not found or unable to stat
[Mon Jan 05 01:16:10.562854 2026] [php:error] [pid 50768] [client 159.223.132.86:0] script '/domains/lover/info.php' not found or unable to stat
[Mon Jan 05 01:16:10.563033 2026] [php:error] [pid 53563] [client 206.81.12.187:0] script '/domains/lover/info.php' not found or unable to stat
[Mon Jan 05 01:16:10.742984 2026] [php:error] [pid 53556] [client 164.90.228.79:0] script '/domains/lover/info.php' not found or unable to stat
[Mon Jan 05 01:16:10.757761 2026] [php:error] [pid 53571] [client 46.101.111.185:0] script '/domains/lover/info.php' not found or unable to stat
[Mon Jan 05 01:16:11.822113 2026] [php:error] [pid 50768] [client 206.81.24.74:0] script '/domains/lover/info.php' not found or unable to stat
[Mon Jan 05 01:16:11.824610 2026] [php:error] [pid 53583] [client 138.68.86.32:0] script '/domains/lover/info.php' not found or unable to stat
[Mon Jan 05 01:16:11.900791 2026] [php:error] [pid 53563] [client 64.227.70.2:0] script '/domains/lover/info.php' not found or unable to stat
[Mon Jan 05 01:16:12.015333 2026] [php:error] [pid 53583] [client 159.89.12.166:0] script '/domains/lover/info.php' not found or unable to stat
[Mon Jan 05 01:16:12.877341 2026] [php:error] [pid 53583] [client 167.71.175.236:0] script '/domains/miles.interport/info.php' not found or unable to stat
[Mon Jan 05 01:16:12.877344 2026] [php:error] [pid 53553] [client 167.71.175.236:0] script '/domains/miles.interport/info.php' not found or unable to stat
[Mon Jan 05 01:16:12.891640 2026] [php:error] [pid 53570] [client 167.71.175.236:0] script '/domains/miles.interport/info.php' not found or unable to stat
[Mon Jan 05 01:16:12.894231 2026] [php:error] [pid 53583] [client 167.71.175.236:0] script '/domains/miles.interport/info.php' not found or unable to stat
[Mon Jan 05 01:16:22.455187 2026] [access_compat:error] [pid 53563] [client 206.189.233.36:0] AH01797: client denied by server configuration: /domains/tbarnhil/server-status
[Mon Jan 05 01:16:22.754530 2026] [access_compat:error] [pid 53563] [client 206.189.225.181:0] AH01797: client denied by server configuration: /domains/braniff/server-status
[Mon Jan 05 01:16:23.216968 2026] [access_compat:error] [pid 53592] [client 139.59.132.8:0] AH01797: client denied by server configuration: /domains/braniff/server-status
[Mon Jan 05 01:16:23.256656 2026] [access_compat:error] [pid 53563] [client 206.189.2.13:0] AH01797: client denied by server configuration: /domains/tbarnhil/server-status
[Mon Jan 05 01:16:23.328317 2026] [access_compat:error] [pid 50768] [client 164.90.208.56:0] AH01797: client denied by server configuration: /domains/tbarnhil/server-status
[Mon Jan 05 01:16:23.463140 2026] [access_compat:error] [pid 53587] [client 164.92.244.132:0] AH01797: client denied by server configuration: /domains/braniff/server-status
[Mon Jan 05 01:16:23.686258 2026] [access_compat:error] [pid 53592] [client 165.227.173.41:0] AH01797: client denied by server configuration: /domains/braniff/server-status
[Mon Jan 05 01:16:25.968511 2026] [access_compat:error] [pid 53592] [client 157.245.105.107:0] AH01797: client denied by server configuration: /domains/tbarnhil/server-status
[Mon Jan 05 01:16:32.455044 2026] [php:error] [pid 53571] [client 206.189.233.36:0] script '/domains/tbarnhil/info.php' not found or unable to stat
[Mon Jan 05 01:16:32.761179 2026] [php:error] [pid 53594] [client 206.189.225.181:0] script '/domains/braniff/info.php' not found or unable to stat
[Mon Jan 05 01:16:33.225508 2026] [php:error] [pid 53571] [client 139.59.132.8:0] script '/domains/braniff/info.php' not found or unable to stat
[Mon Jan 05 01:16:33.241427 2026] [php:error] [pid 53600] [client 206.189.2.13:0] script '/domains/tbarnhil/info.php' not found or unable to stat
[Mon Jan 05 01:16:33.327267 2026] [php:error] [pid 53593] [client 164.90.208.56:0] script '/domains/tbarnhil/info.php' not found or unable to stat
[Mon Jan 05 01:16:33.489277 2026] [php:error] [pid 53597] [client 164.92.244.132:0] script '/domains/braniff/info.php' not found or unable to stat
[Mon Jan 05 01:16:33.668470 2026] [php:error] [pid 53599] [client 165.227.173.41:0] script '/domains/braniff/info.php' not found or unable to stat
[Mon Jan 05 01:16:35.969262 2026] [php:error] [pid 53596] [client 157.245.105.107:0] script '/domains/tbarnhil/info.php' not found or unable to stat
[Mon Jan 05 01:16:50.688182 2026] [php:error] [pid 53595] [client 34.96.162.51:0] script '/domains/rainho/adminer-5.2.0-mysql-en.php' not found or unable to stat
[Mon Jan 05 01:17:10.986399 2026] [access_compat:error] [pid 53617] [client 157.230.19.140:0] AH01797: client denied by server configuration: /domains/covertcomic/server-status
[Mon Jan 05 01:17:11.126538 2026] [access_compat:error] [pid 53616] [client 164.90.208.56:0] AH01797: client denied by server configuration: /domains/covertcomic/server-status
[Mon Jan 05 01:17:11.586273 2026] [access_compat:error] [pid 53616] [client 146.190.63.48:0] AH01797: client denied by server configuration: /domains/srakitin/server-status
[Mon Jan 05 01:17:11.656032 2026] [access_compat:error] [pid 53615] [client 146.190.63.48:0] AH01797: client denied by server configuration: /domains/srakitin/server-status
[Mon Jan 05 01:17:11.716010 2026] [access_compat:error] [pid 53593] [client 178.128.207.138:0] AH01797: client denied by server configuration: /domains/covertcomic/server-status
[Mon Jan 05 01:17:11.731168 2026] [access_compat:error] [pid 53616] [client 164.90.228.79:0] AH01797: client denied by server configuration: /domains/covertcomic/server-status
[Mon Jan 05 01:17:11.939130 2026] [access_compat:error] [pid 53615] [client 207.154.197.113:0] AH01797: client denied by server configuration: /domains/srakitin/server-status
[Mon Jan 05 01:17:13.955149 2026] [access_compat:error] [pid 53616] [client 157.245.105.107:0] AH01797: client denied by server configuration: /domains/srakitin/server-status
[Mon Jan 05 01:17:14.898303 2026] [php:error] [pid 53618] [client 13.79.87.25:0] script '/domains/ltemple/bless14.php' not found or unable to stat
[Mon Jan 05 01:17:14.980340 2026] [php:error] [pid 53618] [client 13.79.87.25:0] script '/domains/ltemple/nwflm.php' not found or unable to stat
[Mon Jan 05 01:17:15.052484 2026] [php:error] [pid 53618] [client 13.79.87.25:0] script '/domains/ltemple/blurbs19.php' not found or unable to stat
[Mon Jan 05 01:17:15.128084 2026] [php:error] [pid 53618] [client 13.79.87.25:0] script '/domains/ltemple/qa.php' not found or unable to stat
[Mon Jan 05 01:17:15.206723 2026] [php:error] [pid 53618] [client 13.79.87.25:0] script '/domains/ltemple/sidfile.php' not found or unable to stat
[Mon Jan 05 01:17:15.279068 2026] [php:error] [pid 53618] [client 13.79.87.25:0] script '/domains/ltemple/wp-los.php' not found or unable to stat
[Mon Jan 05 01:17:15.353188 2026] [php:error] [pid 53618] [client 13.79.87.25:0] script '/domains/ltemple/xxw.php' not found or unable to stat
[Mon Jan 05 01:17:15.425646 2026] [php:error] [pid 53618] [client 13.79.87.25:0] script '/domains/ltemple/file58.php' not found or unable to stat
[Mon Jan 05 01:17:15.533753 2026] [php:error] [pid 53618] [client 13.79.87.25:0] script '/domains/ltemple/0w1d.php' not found or unable to stat
[Mon Jan 05 01:17:15.721282 2026] [php:error] [pid 53618] [client 13.79.87.25:0] script '/domains/ltemple/ff.php' not found or unable to stat
[Mon Jan 05 01:17:15.830487 2026] [php:error] [pid 53618] [client 13.79.87.25:0] script '/domains/ltemple/strift.php' not found or unable to stat
[Mon Jan 05 01:17:15.910880 2026] [php:error] [pid 53618] [client 13.79.87.25:0] script '/domains/ltemple/bel.php' not found or unable to stat
[Mon Jan 05 01:17:15.982708 2026] [php:error] [pid 53618] [client 13.79.87.25:0] script '/domains/ltemple/rk1.php' not found or unable to stat
[Mon Jan 05 01:17:16.092599 2026] [php:error] [pid 53618] [client 13.79.87.25:0] script '/domains/ltemple/f5.php' not found or unable to stat
[Mon Jan 05 01:17:16.246398 2026] [php:error] [pid 53618] [client 13.79.87.25:0] script '/domains/ltemple/gettest.php' not found or unable to stat
[Mon Jan 05 01:17:16.368968 2026] [php:error] [pid 53618] [client 13.79.87.25:0] script '/domains/ltemple/oga.php' not found or unable to stat
[Mon Jan 05 01:17:16.441528 2026] [php:error] [pid 53618] [client 13.79.87.25:0] script '/domains/ltemple/mini.php' not found or unable to stat
[Mon Jan 05 01:17:16.585375 2026] [php:error] [pid 53618] [client 13.79.87.25:0] script '/domains/ltemple/s1.php' not found or unable to stat
[Mon Jan 05 01:17:16.602530 2026] [rewrite:error] [pid 53571] [client 104.164.126.216:0] AH10508: Unsafe URL with %3f URL rewritten without UnsafeAllow3F
[Mon Jan 05 01:17:16.603056 2026] [rewrite:error] [pid 53614] [client 104.164.126.216:0] AH10508: Unsafe URL with %3f URL rewritten without UnsafeAllow3F
[Mon Jan 05 01:17:16.737712 2026] [php:error] [pid 53618] [client 13.79.87.25:0] script '/domains/ltemple/f2f.php' not found or unable to stat
[Mon Jan 05 01:17:16.873531 2026] [php:error] [pid 53618] [client 13.79.87.25:0] script '/domains/ltemple/ths.php' not found or unable to stat
[Mon Jan 05 01:17:17.039099 2026] [php:error] [pid 53618] [client 13.79.87.25:0] script '/domains/ltemple/xw.php' not found or unable to stat
[Mon Jan 05 01:17:17.126770 2026] [php:error] [pid 53618] [client 13.79.87.25:0] script '/domains/ltemple/ma.php' not found or unable to stat
[Mon Jan 05 01:17:17.318062 2026] [php:error] [pid 53618] [client 13.79.87.25:0] script '/domains/ltemple/lanz.php' not found or unable to stat
[Mon Jan 05 01:17:17.389505 2026] [php:error] [pid 53618] [client 13.79.87.25:0] script '/domains/ltemple/tons.php' not found or unable to stat
[Mon Jan 05 01:17:17.521134 2026] [php:error] [pid 53618] [client 13.79.87.25:0] script '/domains/ltemple/xa.php' not found or unable to stat
[Mon Jan 05 01:17:17.594564 2026] [php:error] [pid 53618] [client 13.79.87.25:0] script '/domains/ltemple/asf.php' not found or unable to stat
[Mon Jan 05 01:17:17.666718 2026] [php:error] [pid 53618] [client 13.79.87.25:0] script '/domains/ltemple/f8.php' not found or unable to stat
[Mon Jan 05 01:17:17.834695 2026] [php:error] [pid 53618] [client 13.79.87.25:0] script '/domains/ltemple/bras.php' not found or unable to stat
[Mon Jan 05 01:17:17.910497 2026] [php:error] [pid 53618] [client 13.79.87.25:0] script '/domains/ltemple/an8.php' not found or unable to stat
[Mon Jan 05 01:17:17.983632 2026] [php:error] [pid 53618] [client 13.79.87.25:0] script '/domains/ltemple/esp.php' not found or unable to stat
[Mon Jan 05 01:17:18.055370 2026] [php:error] [pid 53618] [client 13.79.87.25:0] script '/domains/ltemple/21x.php' not found or unable to stat
[Mon Jan 05 01:17:18.218947 2026] [php:error] [pid 53618] [client 13.79.87.25:0] script '/domains/ltemple/xe.php' not found or unable to stat
[Mon Jan 05 01:17:18.291201 2026] [php:error] [pid 53618] [client 13.79.87.25:0] script '/domains/ltemple/flower2.php' not found or unable to stat
[Mon Jan 05 01:17:18.421799 2026] [php:error] [pid 53618] [client 13.79.87.25:0] script '/domains/ltemple/ws35.php' not found or unable to stat
[Mon Jan 05 01:17:18.497987 2026] [php:error] [pid 53618] [client 13.79.87.25:0] script '/domains/ltemple/nox.php' not found or unable to stat
[Mon Jan 05 01:17:18.579736 2026] [php:error] [pid 53618] [client 13.79.87.25:0] script '/domains/ltemple/ws13.php' not found or unable to stat
[Mon Jan 05 01:17:18.652738 2026] [php:error] [pid 53618] [client 13.79.87.25:0] script '/domains/ltemple/ss1.php' not found or unable to stat
[Mon Jan 05 01:17:18.723101 2026] [rewrite:error] [pid 53622] [client 104.164.126.216:0] AH10508: Unsafe URL with %3f URL rewritten without UnsafeAllow3F
[Mon Jan 05 01:17:18.746987 2026] [php:error] [pid 53618] [client 13.79.87.25:0] script '/domains/ltemple/ww7.php' not found or unable to stat
[Mon Jan 05 01:17:19.029939 2026] [php:error] [pid 53618] [client 13.79.87.25:0] script '/domains/ltemple/w2025.php' not found or unable to stat
[Mon Jan 05 01:17:19.101321 2026] [php:error] [pid 53618] [client 13.79.87.25:0] script '/domains/ltemple/lisa.php' not found or unable to stat
[Mon Jan 05 01:17:19.271673 2026] [php:error] [pid 53618] [client 13.79.87.25:0] script '/domains/ltemple/000.php' not found or unable to stat
[Mon Jan 05 01:17:19.343618 2026] [php:error] [pid 53618] [client 13.79.87.25:0] script '/domains/ltemple/xxxx.php' not found or unable to stat
[Mon Jan 05 01:17:19.463810 2026] [php:error] [pid 53618] [client 13.79.87.25:0] script '/domains/ltemple/wen.php' not found or unable to stat
[Mon Jan 05 01:17:19.572003 2026] [php:error] [pid 53618] [client 13.79.87.25:0] script '/domains/ltemple/bless.php' not found or unable to stat
[Mon Jan 05 01:17:19.705592 2026] [php:error] [pid 53618] [client 13.79.87.25:0] script '/domains/ltemple/rtx.php' not found or unable to stat
[Mon Jan 05 01:17:19.823139 2026] [php:error] [pid 53618] [client 13.79.87.25:0] script '/domains/ltemple/bipas.php' not found or unable to stat
[Mon Jan 05 01:17:19.896257 2026] [php:error] [pid 53618] [client 13.79.87.25:0] script '/domains/ltemple/conte.php' not found or unable to stat
[Mon Jan 05 01:17:20.011642 2026] [php:error] [pid 53618] [client 13.79.87.25:0] script '/domains/ltemple/class3.php' not found or unable to stat
[Mon Jan 05 01:17:20.152626 2026] [php:error] [pid 53618] [client 13.79.87.25:0] script '/domains/ltemple/blurbs18.php' not found or unable to stat
[Mon Jan 05 01:17:20.280033 2026] [php:error] [pid 53618] [client 13.79.87.25:0] script '/domains/ltemple/claa.php' not found or unable to stat
[Mon Jan 05 01:17:20.352600 2026] [php:error] [pid 53618] [client 13.79.87.25:0] script '/domains/ltemple/shoyo.php' not found or unable to stat
[Mon Jan 05 01:17:20.432087 2026] [php:error] [pid 53618] [client 13.79.87.25:0] script '/domains/ltemple/flower.php' not found or unable to stat
[Mon Jan 05 01:17:20.514408 2026] [php:error] [pid 53618] [client 13.79.87.25:0] script '/domains/ltemple/waq.php' not found or unable to stat
[Mon Jan 05 01:17:20.650029 2026] [php:error] [pid 53618] [client 13.79.87.25:0] script '/domains/ltemple/wakak.php' not found or unable to stat
[Mon Jan 05 01:17:20.727139 2026] [php:error] [pid 53618] [client 13.79.87.25:0] script '/domains/ltemple/adminfuns.php' not found or unable to stat
[Mon Jan 05 01:17:20.834468 2026] [php:error] [pid 53618] [client 13.79.87.25:0] script '/domains/ltemple/wp-good.php' not found or unable to stat
[Mon Jan 05 01:17:21.110247 2026] [php:error] [pid 53618] [client 13.79.87.25:0] script '/domains/ltemple/xse25.php' not found or unable to stat
[Mon Jan 05 01:17:21.190378 2026] [php:error] [pid 53618] [client 13.79.87.25:0] script '/domains/ltemple/nox.php' not found or unable to stat
[Mon Jan 05 01:17:21.261891 2026] [php:error] [pid 53618] [client 13.79.87.25:0] script '/domains/ltemple/file48.php' not found or unable to stat
[Mon Jan 05 01:17:21.406542 2026] [php:error] [pid 53618] [client 13.79.87.25:0] script '/domains/ltemple/info.php' not found or unable to stat
[Mon Jan 05 01:17:21.486847 2026] [php:error] [pid 53618] [client 13.79.87.25:0] script '/domains/ltemple/class9.php' not found or unable to stat
[Mon Jan 05 01:17:21.654311 2026] [php:error] [pid 53618] [client 13.79.87.25:0] script '/domains/ltemple/bless11.php' not found or unable to stat
[Mon Jan 05 01:17:21.725904 2026] [php:error] [pid 53618] [client 13.79.87.25:0] script '/domains/ltemple/403.php' not found or unable to stat
[Mon Jan 05 01:17:21.797526 2026] [php:error] [pid 53618] [client 13.79.87.25:0] script '/domains/ltemple/ac.php' not found or unable to stat
[Mon Jan 05 01:17:21.867091 2026] [php:error] [pid 53646] [client 146.190.63.48:0] script '/domains/srakitin/info.php' not found or unable to stat
[Mon Jan 05 01:17:21.869386 2026] [php:error] [pid 53618] [client 13.79.87.25:0] script '/domains/ltemple/az.php' not found or unable to stat
[Mon Jan 05 01:17:21.905385 2026] [php:error] [pid 53645] [client 157.230.19.140:0] script '/domains/covertcomic/info.php' not found or unable to stat
[Mon Jan 05 01:17:21.906667 2026] [php:error] [pid 53647] [client 164.90.208.56:0] script '/domains/covertcomic/info.php' not found or unable to stat
[Mon Jan 05 01:17:21.937295 2026] [php:error] [pid 53649] [client 146.190.63.48:0] script '/domains/srakitin/info.php' not found or unable to stat
[Mon Jan 05 01:17:22.012260 2026] [php:error] [pid 53632] [client 178.128.207.138:0] script '/domains/covertcomic/info.php' not found or unable to stat
[Mon Jan 05 01:17:22.015676 2026] [php:error] [pid 53598] [client 164.90.228.79:0] script '/domains/covertcomic/info.php' not found or unable to stat
[Mon Jan 05 01:17:22.038341 2026] [php:error] [pid 53631] [client 207.154.197.113:0] script '/domains/srakitin/info.php' not found or unable to stat
[Mon Jan 05 01:17:22.168746 2026] [php:error] [pid 53618] [client 13.79.87.25:0] script '/domains/ltemple/galex.php' not found or unable to stat
[Mon Jan 05 01:17:22.268712 2026] [php:error] [pid 53618] [client 13.79.87.25:0] script '/domains/ltemple/rh.php' not found or unable to stat
[Mon Jan 05 01:17:22.356156 2026] [php:error] [pid 53618] [client 13.79.87.25:0] script '/domains/ltemple/chosen.php' not found or unable to stat
[Mon Jan 05 01:17:22.447478 2026] [php:error] [pid 53618] [client 13.79.87.25:0] script '/domains/ltemple/class.php' not found or unable to stat
[Mon Jan 05 01:17:22.519389 2026] [php:error] [pid 53618] [client 13.79.87.25:0] script '/domains/ltemple/bless5.php' not found or unable to stat
[Mon Jan 05 01:17:22.628476 2026] [php:error] [pid 53618] [client 13.79.87.25:0] script '/domains/ltemple/lock360.php' not found or unable to stat
[Mon Jan 05 01:17:22.700664 2026] [php:error] [pid 53618] [client 13.79.87.25:0] script '/domains/ltemple/f35.php' not found or unable to stat
[Mon Jan 05 01:17:22.774593 2026] [php:error] [pid 53618] [client 13.79.87.25:0] script '/domains/ltemple/ha.php' not found or unable to stat
[Mon Jan 05 01:17:22.846713 2026] [php:error] [pid 53618] [client 13.79.87.25:0] script '/domains/ltemple/gg.php' not found or unable to stat
[Mon Jan 05 01:17:22.918766 2026] [php:error] [pid 53618] [client 13.79.87.25:0] script '/domains/ltemple/ar.php' not found or unable to stat
[Mon Jan 05 01:17:23.388967 2026] [php:error] [pid 53618] [client 13.79.87.25:0] script '/domains/ltemple/x.php' not found or unable to stat
[Mon Jan 05 01:17:23.587514 2026] [php:error] [pid 53618] [client 13.79.87.25:0] script '/domains/ltemple/xx.php' not found or unable to stat
[Mon Jan 05 01:17:23.729766 2026] [php:error] [pid 53618] [client 13.79.87.25:0] script '/domains/ltemple/gifclass4.php' not found or unable to stat
[Mon Jan 05 01:17:24.046597 2026] [php:error] [pid 53618] [client 13.79.87.25:0] script '/domains/ltemple/radio.php' not found or unable to stat
[Mon Jan 05 01:17:24.119967 2026] [php:error] [pid 53618] [client 13.79.87.25:0] script '/domains/ltemple/blurbs15.php' not found or unable to stat
[Mon Jan 05 01:17:24.281063 2026] [php:error] [pid 53618] [client 13.79.87.25:0] script '/domains/ltemple/gifclass.php' not found or unable to stat
[Mon Jan 05 01:17:24.356131 2026] [php:error] [pid 53618] [client 13.79.87.25:0] script '/domains/ltemple/security.php' not found or unable to stat
[Mon Jan 05 01:17:24.429217 2026] [php:error] [pid 53618] [client 13.79.87.25:0] script '/domains/ltemple/ww1.php' not found or unable to stat
[Mon Jan 05 01:17:24.501482 2026] [php:error] [pid 53618] [client 13.79.87.25:0] script '/domains/ltemple/alfa.php' not found or unable to stat
[Mon Jan 05 01:17:24.573340 2026] [php:error] [pid 53618] [client 13.79.87.25:0] script '/domains/ltemple/manager.php' not found or unable to stat
[Mon Jan 05 01:17:24.645670 2026] [php:error] [pid 53618] [client 13.79.87.25:0] script '/domains/ltemple/item.php' not found or unable to stat
[Mon Jan 05 01:17:24.722174 2026] [php:error] [pid 53618] [client 13.79.87.25:0] script '/domains/ltemple/sx.php' not found or unable to stat
[Mon Jan 05 01:17:24.794717 2026] [php:error] [pid 53618] [client 13.79.87.25:0] script '/domains/ltemple/inputs.php' not found or unable to stat
[Mon Jan 05 01:17:24.869982 2026] [php:error] [pid 53618] [client 13.79.87.25:0] script '/domains/ltemple/about.php' not found or unable to stat
[Mon Jan 05 01:17:24.944029 2026] [php:error] [pid 53618] [client 13.79.87.25:0] script '/domains/ltemple/classwithtostring.php' not found or unable to stat
[Mon Jan 05 01:17:25.229146 2026] [php:error] [pid 53612] [client 157.245.105.107:0] script '/domains/srakitin/info.php' not found or unable to stat
[Mon Jan 05 01:17:25.288462 2026] [php:error] [pid 53618] [client 13.79.87.25:0] script '/domains/ltemple/abcd.php' not found or unable to stat
[Mon Jan 05 01:17:25.409381 2026] [php:error] [pid 53618] [client 13.79.87.25:0] script '/domains/ltemple/admin.php' not found or unable to stat
[Mon Jan 05 01:17:25.480883 2026] [php:error] [pid 53618] [client 13.79.87.25:0] script '/domains/ltemple/w.php' not found or unable to stat
[Mon Jan 05 01:17:25.641036 2026] [php:error] [pid 53618] [client 13.79.87.25:0] script '/domains/ltemple/404.php' not found or unable to stat
[Mon Jan 05 01:17:25.713273 2026] [php:error] [pid 53618] [client 13.79.87.25:0] script '/domains/ltemple/ioxi-o.php' not found or unable to stat
[Mon Jan 05 01:17:25.798105 2026] [php:error] [pid 53618] [client 13.79.87.25:0] script '/domains/ltemple/0x.php' not found or unable to stat
[Mon Jan 05 01:17:25.882627 2026] [php:error] [pid 53618] [client 13.79.87.25:0] script '/domains/ltemple/css.php' not found or unable to stat
[Mon Jan 05 01:17:25.976440 2026] [php:error] [pid 53618] [client 13.79.87.25:0] script '/domains/ltemple/222.php' not found or unable to stat
[Mon Jan 05 01:17:26.081371 2026] [php:error] [pid 53618] [client 13.79.87.25:0] script '/domains/ltemple/click.php' not found or unable to stat
[Mon Jan 05 01:17:26.198220 2026] [php:error] [pid 53618] [client 13.79.87.25:0] script '/domains/ltemple/install.php' not found or unable to stat
[Mon Jan 05 01:17:26.451181 2026] [php:error] [pid 53646] [client 13.79.87.25:0] script '/domains/ltemple/simple.php' not found or unable to stat
[Mon Jan 05 01:17:26.565591 2026] [php:error] [pid 53646] [client 13.79.87.25:0] script '/domains/ltemple/css.php' not found or unable to stat
[Mon Jan 05 01:17:26.671770 2026] [php:error] [pid 53646] [client 13.79.87.25:0] script '/domains/ltemple/ma1.php' not found or unable to stat
[Mon Jan 05 01:17:26.771462 2026] [php:error] [pid 53646] [client 13.79.87.25:0] script '/domains/ltemple/class19.php' not found or unable to stat
[Mon Jan 05 01:17:26.844845 2026] [php:error] [pid 53646] [client 13.79.87.25:0] script '/domains/ltemple/class20.php' not found or unable to stat
[Mon Jan 05 01:17:26.917586 2026] [php:error] [pid 53646] [client 13.79.87.25:0] script '/domains/ltemple/admin.php' not found or unable to stat
[Mon Jan 05 01:17:27.009893 2026] [php:error] [pid 53646] [client 13.79.87.25:0] script '/domains/ltemple/fwe.php' not found or unable to stat
[Mon Jan 05 01:17:27.092229 2026] [php:error] [pid 53646] [client 13.79.87.25:0] script '/domains/ltemple/g.php' not found or unable to stat
[Mon Jan 05 01:17:27.194357 2026] [php:error] [pid 53646] [client 13.79.87.25:0] script '/domains/ltemple/tx1.php' not found or unable to stat
[Mon Jan 05 01:17:27.267705 2026] [php:error] [pid 53646] [client 13.79.87.25:0] script '/domains/ltemple/xv.php' not found or unable to stat
[Mon Jan 05 01:17:27.341015 2026] [php:error] [pid 53646] [client 13.79.87.25:0] script '/domains/ltemple/fv.php' not found or unable to stat
[Mon Jan 05 01:17:27.426036 2026] [php:error] [pid 53646] [client 13.79.87.25:0] script '/domains/ltemple/as.php' not found or unable to stat
[Mon Jan 05 01:17:27.500577 2026] [php:error] [pid 53646] [client 13.79.87.25:0] script '/domains/ltemple/wsd.php' not found or unable to stat
[Mon Jan 05 01:17:27.573466 2026] [php:error] [pid 53646] [client 13.79.87.25:0] script '/domains/ltemple/gtc.php' not found or unable to stat
[Mon Jan 05 01:17:27.764073 2026] [php:error] [pid 53646] [client 13.79.87.25:0] script '/domains/ltemple/atx.php' not found or unable to stat
[Mon Jan 05 01:17:27.939298 2026] [php:error] [pid 53646] [client 13.79.87.25:0] script '/domains/ltemple/z60.php' not found or unable to stat
[Mon Jan 05 01:17:28.012247 2026] [php:error] [pid 53646] [client 13.79.87.25:0] script '/domains/ltemple/cheka.php' not found or unable to stat
[Mon Jan 05 01:17:28.126487 2026] [php:error] [pid 53646] [client 13.79.87.25:0] script '/domains/ltemple/classgoto24.php' not found or unable to stat
[Mon Jan 05 01:17:28.199775 2026] [php:error] [pid 53646] [client 13.79.87.25:0] script '/domains/ltemple/xtride.php' not found or unable to stat
[Mon Jan 05 01:17:28.273034 2026] [php:error] [pid 53646] [client 13.79.87.25:0] script '/domains/ltemple/ws29.php' not found or unable to stat
[Mon Jan 05 01:17:28.345889 2026] [php:error] [pid 53646] [client 13.79.87.25:0] script '/domains/ltemple/oo.php' not found or unable to stat
[Mon Jan 05 01:17:28.419292 2026] [php:error] [pid 53646] [client 13.79.87.25:0] script '/domains/ltemple/s11.php' not found or unable to stat
[Mon Jan 05 01:17:28.546630 2026] [php:error] [pid 53646] [client 13.79.87.25:0] script '/domains/ltemple/goat.php' not found or unable to stat
[Mon Jan 05 01:17:28.619283 2026] [php:error] [pid 53646] [client 13.79.87.25:0] script '/domains/ltemple/aqw.php' not found or unable to stat
[Mon Jan 05 01:17:28.698695 2026] [php:error] [pid 53646] [client 13.79.87.25:0] script '/domains/ltemple/ca1.php' not found or unable to stat
[Mon Jan 05 01:17:28.772802 2026] [php:error] [pid 53646] [client 13.79.87.25:0] script '/domains/ltemple/abouta.php' not found or unable to stat
[Mon Jan 05 01:17:28.846404 2026] [php:error] [pid 53646] [client 13.79.87.25:0] script '/domains/ltemple/fclas.php' not found or unable to stat
[Mon Jan 05 01:17:28.949074 2026] [php:error] [pid 53646] [client 13.79.87.25:0] script '/domains/ltemple/bbn.php' not found or unable to stat
[Mon Jan 05 01:17:29.048116 2026] [php:error] [pid 53646] [client 13.79.87.25:0] script '/domains/ltemple/class-t.api.php' not found or unable to stat
[Mon Jan 05 01:17:29.154707 2026] [php:error] [pid 53646] [client 13.79.87.25:0] script '/domains/ltemple/xz89.php' not found or unable to stat
[Mon Jan 05 01:17:29.236472 2026] [php:error] [pid 53646] [client 13.79.87.25:0] script '/domains/ltemple/wft.php' not found or unable to stat
[Mon Jan 05 01:17:29.340007 2026] [php:error] [pid 53646] [client 13.79.87.25:0] script '/domains/ltemple/ws28.php' not found or unable to stat
[Mon Jan 05 01:17:34.155475 2026] [php:error] [pid 53646] [client 13.79.87.25:0] script '/domains/ltemple/wsvvs.php' not found or unable to stat
[Mon Jan 05 01:17:34.228246 2026] [php:error] [pid 53646] [client 13.79.87.25:0] script '/domains/ltemple/pn.php' not found or unable to stat
[Mon Jan 05 01:17:34.301276 2026] [php:error] [pid 53646] [client 13.79.87.25:0] script '/domains/ltemple/fz.php' not found or unable to stat
[Mon Jan 05 01:17:34.374349 2026] [php:error] [pid 53646] [client 13.79.87.25:0] script '/domains/ltemple/sang.php' not found or unable to stat
[Mon Jan 05 01:17:34.446998 2026] [php:error] [pid 53646] [client 13.79.87.25:0] script '/domains/ltemple/0o0.php' not found or unable to stat
[Mon Jan 05 01:17:34.519745 2026] [php:error] [pid 53646] [client 13.79.87.25:0] script '/domains/ltemple/zxl.php' not found or unable to stat
[Mon Jan 05 01:17:34.592304 2026] [php:error] [pid 53646] [client 13.79.87.25:0] script '/domains/ltemple/zwso.php' not found or unable to stat
[Mon Jan 05 01:17:34.664961 2026] [php:error] [pid 53646] [client 13.79.87.25:0] script '/domains/ltemple/2clas.php' not found or unable to stat
[Mon Jan 05 01:17:34.738296 2026] [php:error] [pid 53646] [client 13.79.87.25:0] script '/domains/ltemple/pp.php' not found or unable to stat
[Mon Jan 05 01:17:34.811332 2026] [php:error] [pid 53646] [client 13.79.87.25:0] script '/domains/ltemple/files.php' not found or unable to stat
[Mon Jan 05 01:17:34.884424 2026] [php:error] [pid 53646] [client 13.79.87.25:0] script '/domains/ltemple/12.php' not found or unable to stat
[Mon Jan 05 01:17:34.957117 2026] [php:error] [pid 53646] [client 13.79.87.25:0] script '/domains/ltemple/wsrer.php' not found or unable to stat
[Mon Jan 05 01:17:35.030875 2026] [php:error] [pid 53646] [client 13.79.87.25:0] script '/domains/ltemple/xb.php' not found or unable to stat
[Mon Jan 05 01:17:35.104071 2026] [php:error] [pid 53646] [client 13.79.87.25:0] script '/domains/ltemple/enclas.php' not found or unable to stat
[Mon Jan 05 01:17:35.177619 2026] [php:error] [pid 53646] [client 13.79.87.25:0] script '/domains/ltemple/he.php' not found or unable to stat
[Mon Jan 05 01:17:35.250628 2026] [php:error] [pid 53646] [client 13.79.87.25:0] script '/domains/ltemple/sid.php' not found or unable to stat
[Mon Jan 05 01:17:35.329200 2026] [php:error] [pid 53646] [client 13.79.87.25:0] script '/domains/ltemple/f6.php' not found or unable to stat
[Mon Jan 05 01:17:35.458624 2026] [php:error] [pid 53646] [client 13.79.87.25:0] script '/domains/ltemple/10.php' not found or unable to stat
[Mon Jan 05 01:17:40.784176 2026] [access_compat:error] [pid 53596] [client 143.244.168.161:0] AH01797: client denied by server configuration: /domains/rnachum/server-status
[Mon Jan 05 01:17:40.934303 2026] [access_compat:error] [pid 53636] [client 164.90.228.79:0] AH01797: client denied by server configuration: /domains/rnachum/server-status
[Mon Jan 05 01:17:41.102204 2026] [access_compat:error] [pid 53570] [client 209.38.208.202:0] AH01797: client denied by server configuration: /domains/rnachum/server-status
[Mon Jan 05 01:17:41.417229 2026] [access_compat:error] [pid 53620] [client 138.197.191.87:0] AH01797: client denied by server configuration: /domains/rnachum/server-status
[Mon Jan 05 01:17:50.780859 2026] [php:error] [pid 53627] [client 143.244.168.161:0] script '/domains/rnachum/info.php' not found or unable to stat
[Mon Jan 05 01:17:50.966066 2026] [php:error] [pid 53618] [client 164.90.228.79:0] script '/domains/rnachum/info.php' not found or unable to stat
[Mon Jan 05 01:17:51.119977 2026] [php:error] [pid 53614] [client 209.38.208.202:0] script '/domains/rnachum/info.php' not found or unable to stat
[Mon Jan 05 01:17:51.428991 2026] [php:error] [pid 53598] [client 138.197.191.87:0] script '/domains/rnachum/info.php' not found or unable to stat
[Mon Jan 05 01:17:51.738571 2026] [access_compat:error] [pid 53627] [client 165.22.235.3:0] AH01797: client denied by server configuration: /domains/pbuilder/server-status
[Mon Jan 05 01:17:52.367670 2026] [access_compat:error] [pid 53598] [client 138.68.82.23:0] AH01797: client denied by server configuration: /domains/pbuilder/server-status
[Mon Jan 05 01:17:53.804424 2026] [access_compat:error] [pid 53596] [client 206.189.95.232:0] AH01797: client denied by server configuration: /domains/pbuilder/server-status
[Mon Jan 05 01:17:55.185040 2026] [access_compat:error] [pid 53618] [client 206.189.95.232:0] AH01797: client denied by server configuration: /domains/pbuilder/server-status
[Mon Jan 05 01:18:01.738695 2026] [php:error] [pid 53632] [client 165.22.235.3:0] script '/domains/pbuilder/info.php' not found or unable to stat
[Mon Jan 05 01:18:02.371598 2026] [php:error] [pid 53632] [client 138.68.82.23:0] script '/domains/pbuilder/info.php' not found or unable to stat
[Mon Jan 05 01:18:03.235125 2026] [access_compat:error] [pid 53637] [client 157.245.36.108:0] AH01797: client denied by server configuration: /domains/domilici/server-status
[Mon Jan 05 01:18:03.350220 2026] [access_compat:error] [pid 53589] [client 64.227.32.66:0] AH01797: client denied by server configuration: /domains/domilici/server-status
[Mon Jan 05 01:18:03.408653 2026] [access_compat:error] [pid 53608] [client 209.97.180.8:0] AH01797: client denied by server configuration: /domains/domilici/server-status
[Mon Jan 05 01:18:03.807713 2026] [php:error] [pid 53620] [client 206.189.95.232:0] script '/domains/pbuilder/info.php' not found or unable to stat
[Mon Jan 05 01:18:05.191215 2026] [php:error] [pid 53571] [client 206.189.95.232:0] script '/domains/pbuilder/info.php' not found or unable to stat
[Mon Jan 05 01:18:06.709977 2026] [access_compat:error] [pid 53637] [client 68.183.180.73:0] AH01797: client denied by server configuration: /domains/domilici/server-status
[Mon Jan 05 01:18:13.242032 2026] [php:error] [pid 53628] [client 157.245.36.108:0] script '/domains/domilici/info.php' not found or unable to stat
[Mon Jan 05 01:18:13.397587 2026] [php:error] [pid 53598] [client 64.227.32.66:0] script '/domains/domilici/info.php' not found or unable to stat
[Mon Jan 05 01:18:13.412899 2026] [php:error] [pid 53589] [client 209.97.180.8:0] script '/domains/domilici/info.php' not found or unable to stat
[Mon Jan 05 01:18:16.772915 2026] [php:error] [pid 53589] [client 68.183.180.73:0] script '/domains/domilici/info.php' not found or unable to stat
[Mon Jan 05 01:18:25.630876 2026] [access_compat:error] [pid 53652] [client 167.71.81.114:0] AH01797: client denied by server configuration: /domains/telacomp/server-status
[Mon Jan 05 01:18:25.716165 2026] [access_compat:error] [pid 53589] [client 206.189.233.36:0] AH01797: client denied by server configuration: /domains/telacomp/server-status
[Mon Jan 05 01:18:25.781897 2026] [access_compat:error] [pid 53652] [client 134.122.28.88:0] AH01797: client denied by server configuration: /domains/telacomp/server-status
[Mon Jan 05 01:18:26.237153 2026] [access_compat:error] [pid 53589] [client 147.182.200.94:0] AH01797: client denied by server configuration: /domains/telacomp/server-status
[Mon Jan 05 01:18:35.671871 2026] [php:error] [pid 53663] [client 167.71.81.114:0] script '/domains/telacomp/info.php' not found or unable to stat
[Mon Jan 05 01:18:35.724786 2026] [php:error] [pid 53665] [client 206.189.233.36:0] script '/domains/telacomp/info.php' not found or unable to stat
[Mon Jan 05 01:18:35.796465 2026] [php:error] [pid 53663] [client 134.122.28.88:0] script '/domains/telacomp/info.php' not found or unable to stat
[Mon Jan 05 01:18:36.805692 2026] [php:error] [pid 53665] [client 147.182.200.94:0] script '/domains/telacomp/info.php' not found or unable to stat
[Mon Jan 05 01:18:37.661880 2026] [access_compat:error] [pid 53663] [client 143.244.168.161:0] AH01797: client denied by server configuration: /domains/wsmith.enteract/server-status
[Mon Jan 05 01:18:37.681319 2026] [access_compat:error] [pid 53661] [client 206.81.12.187:0] AH01797: client denied by server configuration: /domains/wsmith.enteract/server-status
[Mon Jan 05 01:18:37.967732 2026] [access_compat:error] [pid 53622] [client 64.225.75.246:0] AH01797: client denied by server configuration: /domains/wsmith.enteract/server-status
[Mon Jan 05 01:18:38.911367 2026] [access_compat:error] [pid 53652] [client 209.38.248.17:0] AH01797: client denied by server configuration: /domains/wsmith.enteract/server-status
[Mon Jan 05 01:18:42.633121 2026] [rewrite:error] [pid 53653] [client 107.172.195.227:0] AH10508: Unsafe URL with %3f URL rewritten without UnsafeAllow3F
[Mon Jan 05 01:18:47.670676 2026] [php:error] [pid 53665] [client 143.244.168.161:0] script '/domains/wsmith.enteract/info.php' not found or unable to stat
[Mon Jan 05 01:18:47.688142 2026] [php:error] [pid 53628] [client 206.81.12.187:0] script '/domains/wsmith.enteract/info.php' not found or unable to stat
[Mon Jan 05 01:18:47.693595 2026] [access_compat:error] [pid 53571] [client 206.81.12.187:0] AH01797: client denied by server configuration: /domains/druckrey/server-status
[Mon Jan 05 01:18:47.698426 2026] [access_compat:error] [pid 53612] [client 147.182.149.75:0] AH01797: client denied by server configuration: /domains/druckrey/server-status
[Mon Jan 05 01:18:47.971753 2026] [php:error] [pid 53571] [client 64.225.75.246:0] script '/domains/wsmith.enteract/info.php' not found or unable to stat
[Mon Jan 05 01:18:48.042088 2026] [access_compat:error] [pid 53628] [client 64.227.32.66:0] AH01797: client denied by server configuration: /domains/druckrey/server-status
[Mon Jan 05 01:18:48.938690 2026] [php:error] [pid 53658] [client 209.38.248.17:0] script '/domains/wsmith.enteract/info.php' not found or unable to stat
[Mon Jan 05 01:18:52.163739 2026] [access_compat:error] [pid 53654] [client 146.190.103.103:0] AH01797: client denied by server configuration: /domains/druckrey/server-status
[Mon Jan 05 01:18:57.697202 2026] [php:error] [pid 53652] [client 206.81.12.187:0] script '/domains/druckrey/info.php' not found or unable to stat
[Mon Jan 05 01:18:57.702740 2026] [php:error] [pid 53654] [client 147.182.149.75:0] script '/domains/druckrey/info.php' not found or unable to stat
[Mon Jan 05 01:18:58.051283 2026] [php:error] [pid 53654] [client 64.227.32.66:0] script '/domains/druckrey/info.php' not found or unable to stat
[Mon Jan 05 01:18:58.773472 2026] [access_compat:error] [pid 53665] [client 134.122.28.88:0] AH01797: client denied by server configuration: /domains/egmaweb/server-status
[Mon Jan 05 01:18:58.985360 2026] [access_compat:error] [pid 53670] [client 167.99.182.39:0] AH01797: client denied by server configuration: /domains/egmaweb/server-status
