[Mon Jan 05 03:20:02.270465 2026] [authz_core:error] [pid 79315] [client 138.68.107.204:0] AH01630: client denied by server configuration: /
[Mon Jan 05 03:20:02.273076 2026] [php:error] [pid 79313] [client 145.204.117.195:0] script '/domains/system_default/wp-include.php' not found or unable to stat, referer: https://www.google.de/
[Mon Jan 05 03:20:02.454490 2026] [php:error] [pid 79313] [client 68.51.247.67:0] script '/domains/system_default/wp-links.php' not found or unable to stat, referer: https://www.google.fr/
[Mon Jan 05 03:20:02.462632 2026] [authz_core:error] [pid 79304] [client 138.68.107.204:0] AH01630: client denied by server configuration: /
[Mon Jan 05 03:20:02.636679 2026] [php:error] [pid 79313] [client 186.32.156.171:0] script '/domains/system_default/wp-signin.php' not found or unable to stat, referer: https://www.bing.com/
[Mon Jan 05 03:20:02.818118 2026] [php:error] [pid 79313] [client 4.230.44.177:0] script '/domains/system_default/wp-trackback.php' not found or unable to stat, referer: https://www.yahoo.com/
[Mon Jan 05 03:20:02.905491 2026] [authz_core:error] [pid 79315] [client 138.68.107.204:0] AH01630: client denied by server configuration: /
[Mon Jan 05 03:20:03.000468 2026] [php:error] [pid 79313] [client 178.225.112.38:0] script '/domains/system_default/wp.php' not found or unable to stat, referer: https://duckduckgo.com/
[Mon Jan 05 03:20:03.181891 2026] [php:error] [pid 79313] [client 169.238.16.84:0] script '/domains/system_default/wso.php' not found or unable to stat, referer: https://www.google.de/
[Mon Jan 05 03:20:03.363276 2026] [php:error] [pid 79313] [client 4.193.233.22:0] script '/domains/system_default/xmlrpc.php' not found or unable to stat, referer: https://www.google.fr/
[Mon Jan 05 03:20:03.544724 2026] [php:error] [pid 79313] [client 160.69.4.139:0] script '/domains/system_default/xmrlpc.php' not found or unable to stat, referer: https://www.google.fr/
[Mon Jan 05 03:20:07.873955 2026] [php:error] [pid 79311] [client 185.177.72.13:0] script '/domains/covertcomic/phpinfo.php' not found or unable to stat
[Mon Jan 05 03:20:08.059291 2026] [php:error] [pid 79315] [client 185.177.72.13:0] script '/domains/covertcomic/info.php' not found or unable to stat
[Mon Jan 05 03:20:08.247230 2026] [php:error] [pid 79307] [client 185.177.72.13:0] script '/domains/covertcomic/test.php' not found or unable to stat
[Mon Jan 05 03:20:08.433503 2026] [php:error] [pid 79302] [client 185.177.72.13:0] script '/domains/covertcomic/php.php' not found or unable to stat
[Mon Jan 05 03:20:08.621999 2026] [php:error] [pid 79311] [client 185.177.72.13:0] script '/domains/covertcomic/pi.php' not found or unable to stat
[Mon Jan 05 03:20:08.812179 2026] [php:error] [pid 79315] [client 185.177.72.13:0] script '/domains/covertcomic/i.php' not found or unable to stat
[Mon Jan 05 03:20:12.680310 2026] [php:error] [pid 79302] [client 185.177.72.13:0] script '/domains/covertcomic/config.php.bak' not found or unable to stat
[Mon Jan 05 03:20:32.492784 2026] [php:error] [pid 79322] [client 173.239.236.223:0] script '/domains/familyplayhouse2/manager.php' not found or unable to stat
[Mon Jan 05 03:20:33.206167 2026] [php:error] [pid 79322] [client 173.239.236.223:0] script '/domains/familyplayhouse2/bless.php' not found or unable to stat
[Mon Jan 05 03:20:33.567920 2026] [php:error] [pid 79322] [client 173.239.236.223:0] script '/domains/familyplayhouse2/O-Simple.php' not found or unable to stat
[Mon Jan 05 03:20:33.858078 2026] [php:error] [pid 79322] [client 173.239.236.223:0] script '/domains/familyplayhouse2/lock360.php' not found or unable to stat
[Mon Jan 05 03:20:34.163559 2026] [php:error] [pid 79322] [client 173.239.236.223:0] script '/domains/familyplayhouse2/zwso.php' not found or unable to stat
[Mon Jan 05 03:20:34.599217 2026] [php:error] [pid 79322] [client 173.239.236.223:0] script '/domains/familyplayhouse2/chosen.php' not found or unable to stat
[Mon Jan 05 03:20:34.947617 2026] [php:error] [pid 79322] [client 173.239.236.223:0] script '/domains/familyplayhouse2/about.php' not found or unable to stat
[Mon Jan 05 03:20:35.675007 2026] [php:error] [pid 79322] [client 173.239.236.223:0] script '/domains/familyplayhouse2/admin.php' not found or unable to stat
[Mon Jan 05 03:20:36.561433 2026] [php:error] [pid 79322] [client 173.239.236.223:0] script '/domains/familyplayhouse2/mah.php' not found or unable to stat
[Mon Jan 05 03:20:37.142009 2026] [php:error] [pid 79322] [client 173.239.236.223:0] script '/domains/familyplayhouse2/core.php' not found or unable to stat
[Mon Jan 05 03:20:37.532521 2026] [php:error] [pid 79322] [client 173.239.236.223:0] script '/domains/familyplayhouse2/robots.php' not found or unable to stat
[Mon Jan 05 03:20:37.967490 2026] [php:error] [pid 79322] [client 173.239.236.223:0] script '/domains/familyplayhouse2/inputs.php' not found or unable to stat
[Mon Jan 05 03:20:38.290497 2026] [php:error] [pid 79322] [client 173.239.236.223:0] script '/domains/familyplayhouse2/mini.php' not found or unable to stat
[Mon Jan 05 03:20:38.567793 2026] [php:error] [pid 79322] [client 173.239.236.223:0] script '/domains/familyplayhouse2/goods.php' not found or unable to stat
[Mon Jan 05 03:20:38.920114 2026] [php:error] [pid 79322] [client 173.239.236.223:0] script '/domains/familyplayhouse2/file5.php' not found or unable to stat
[Mon Jan 05 03:20:39.205414 2026] [php:error] [pid 79322] [client 173.239.236.223:0] script '/domains/familyplayhouse2/ahax.php' not found or unable to stat
[Mon Jan 05 03:20:39.543150 2026] [php:error] [pid 79322] [client 173.239.236.223:0] script '/domains/familyplayhouse2/f35.php' not found or unable to stat
[Mon Jan 05 03:20:39.853716 2026] [php:error] [pid 79322] [client 173.239.236.223:0] script '/domains/familyplayhouse2/simple.php' not found or unable to stat
[Mon Jan 05 03:20:43.082760 2026] [php:error] [pid 79322] [client 173.239.236.223:0] script '/domains/familyplayhouse2/images/upload.php' not found or unable to stat
[Mon Jan 05 03:20:44.874709 2026] [php:error] [pid 79323] [client 216.244.66.232:0] script '/domains/hdickens.enteract/kmnj.php' not found or unable to stat
[Mon Jan 05 03:20:48.633865 2026] [php:error] [pid 79322] [client 173.239.236.223:0] script '/domains/familyplayhouse2/classwithtostring.php' not found or unable to stat
[Mon Jan 05 03:20:49.589614 2026] [php:error] [pid 79322] [client 173.239.236.223:0] script '/domains/familyplayhouse2/tinyfilemanager.php' not found or unable to stat
[Mon Jan 05 03:20:50.581016 2026] [php:error] [pid 79322] [client 173.239.236.223:0] script '/domains/familyplayhouse2/file.php' not found or unable to stat
[Mon Jan 05 03:20:51.615354 2026] [php:error] [pid 79322] [client 173.239.236.223:0] script '/domains/familyplayhouse2/buy.php' not found or unable to stat
[Mon Jan 05 03:20:56.361913 2026] [php:error] [pid 79322] [client 173.239.236.223:0] script '/domains/familyplayhouse2/inc.php' not found or unable to stat
[Mon Jan 05 03:20:57.452796 2026] [php:error] [pid 79322] [client 173.239.236.223:0] script '/domains/familyplayhouse2/filemanager.php' not found or unable to stat
[Mon Jan 05 03:20:57.743465 2026] [php:error] [pid 79322] [client 173.239.236.223:0] script '/domains/familyplayhouse2/cgi-bin/bypass.php' not found or unable to stat
[Mon Jan 05 03:20:59.328908 2026] [php:error] [pid 79322] [client 173.239.236.223:0] script '/domains/familyplayhouse2/function.php' not found or unable to stat
[Mon Jan 05 03:21:00.227089 2026] [php:error] [pid 79322] [client 173.239.236.223:0] script '/domains/familyplayhouse2/wp-signup.php' not found or unable to stat
[Mon Jan 05 03:21:01.157928 2026] [php:error] [pid 79322] [client 173.239.236.223:0] script '/domains/familyplayhouse2/wp-blog.php' not found or unable to stat
[Mon Jan 05 03:21:02.568054 2026] [php:error] [pid 79322] [client 173.239.236.223:0] script '/domains/familyplayhouse2/wp-l0gin.php' not found or unable to stat
[Mon Jan 05 03:21:03.292204 2026] [php:error] [pid 79322] [client 173.239.236.223:0] script '/domains/familyplayhouse2/new.php' not found or unable to stat
[Mon Jan 05 03:21:04.862861 2026] [php:error] [pid 79322] [client 173.239.236.223:0] script '/domains/familyplayhouse2/images/DJP9.php' not found or unable to stat
[Mon Jan 05 03:21:06.125242 2026] [php:error] [pid 79322] [client 173.239.236.223:0] script '/domains/familyplayhouse2/natural.php' not found or unable to stat
[Mon Jan 05 03:21:06.564408 2026] [php:error] [pid 79322] [client 173.239.236.223:0] script '/domains/familyplayhouse2/item.php' not found or unable to stat
[Mon Jan 05 03:21:11.948665 2026] [php:error] [pid 79302] [client 173.239.236.69:0] script '/domains/familyplayhouse2/default.php' not found or unable to stat
[Mon Jan 05 03:21:14.293758 2026] [php:error] [pid 79302] [client 173.239.236.69:0] script '/domains/familyplayhouse2/dropdown.php' not found or unable to stat
[Mon Jan 05 03:21:14.651215 2026] [php:error] [pid 79302] [client 173.239.236.69:0] script '/domains/familyplayhouse2/images/admin.php' not found or unable to stat
[Mon Jan 05 03:21:15.018916 2026] [php:error] [pid 79302] [client 173.239.236.69:0] script '/domains/familyplayhouse2/db.php' not found or unable to stat
[Mon Jan 05 03:21:18.070242 2026] [php:error] [pid 79302] [client 173.239.236.69:0] script '/domains/familyplayhouse2/install.php' not found or unable to stat
[Mon Jan 05 03:21:19.203383 2026] [php:error] [pid 79302] [client 173.239.236.69:0] script '/domains/familyplayhouse2/images/class-config.php' not found or unable to stat
[Mon Jan 05 03:21:20.094555 2026] [php:error] [pid 79302] [client 173.239.236.69:0] script '/domains/familyplayhouse2/bypass.php' not found or unable to stat
[Mon Jan 05 03:21:20.370245 2026] [php:error] [pid 79302] [client 173.239.236.69:0] script '/domains/familyplayhouse2/class.php' not found or unable to stat
[Mon Jan 05 03:21:23.009636 2026] [php:error] [pid 79302] [client 173.239.236.69:0] script '/domains/familyplayhouse2/init.php' not found or unable to stat
[Mon Jan 05 03:21:27.168492 2026] [php:error] [pid 79302] [client 173.239.236.69:0] script '/domains/familyplayhouse2/adminfuns.php' not found or unable to stat
[Mon Jan 05 03:21:28.595657 2026] [php:error] [pid 79302] [client 173.239.236.69:0] script '/domains/familyplayhouse2/wp_wlx.php' not found or unable to stat
[Mon Jan 05 03:21:29.611716 2026] [php:error] [pid 79302] [client 173.239.236.69:0] script '/domains/familyplayhouse2/wp.php' not found or unable to stat
[Mon Jan 05 03:21:30.835750 2026] [php:error] [pid 79302] [client 173.239.236.69:0] script '/domains/familyplayhouse2/wp-header.php' not found or unable to stat
[Mon Jan 05 03:21:31.807771 2026] [php:error] [pid 79302] [client 173.239.236.69:0] script '/domains/familyplayhouse2/Marvins.php' not found or unable to stat
[Mon Jan 05 03:21:32.486801 2026] [php:error] [pid 79302] [client 173.239.236.69:0] script '/domains/familyplayhouse2/wp-class.php' not found or unable to stat
[Mon Jan 05 03:21:33.194369 2026] [php:error] [pid 79302] [client 173.239.236.69:0] script '/domains/familyplayhouse2/xx.php' not found or unable to stat
[Mon Jan 05 03:21:33.560324 2026] [php:error] [pid 79302] [client 173.239.236.69:0] script '/domains/familyplayhouse2/autoload_classmap.php' not found or unable to stat
[Mon Jan 05 03:21:34.918435 2026] [php:error] [pid 79302] [client 173.239.236.69:0] script '/domains/familyplayhouse2/content.php' not found or unable to stat
[Mon Jan 05 03:21:40.048110 2026] [php:error] [pid 79302] [client 173.239.236.69:0] script '/domains/familyplayhouse2/images/class.php' not found or unable to stat
[Mon Jan 05 03:21:41.126053 2026] [php:error] [pid 79302] [client 173.239.236.69:0] script '/domains/familyplayhouse2/web.php' not found or unable to stat
[Mon Jan 05 03:21:41.755248 2026] [php:error] [pid 79302] [client 173.239.236.69:0] script '/domains/familyplayhouse2/images/index.php' not found or unable to stat
[Mon Jan 05 03:21:42.127974 2026] [php:error] [pid 79329] [client 40.69.27.251:0] script '/domains/system_suspended/bless14.php' not found or unable to stat
[Mon Jan 05 03:21:42.201114 2026] [php:error] [pid 79329] [client 40.69.27.251:0] script '/domains/system_suspended/nwflm.php' not found or unable to stat
[Mon Jan 05 03:21:42.284181 2026] [php:error] [pid 79329] [client 40.69.27.251:0] script '/domains/system_suspended/blurbs19.php' not found or unable to stat
[Mon Jan 05 03:21:42.358688 2026] [php:error] [pid 79329] [client 40.69.27.251:0] script '/domains/system_suspended/qa.php' not found or unable to stat
[Mon Jan 05 03:21:42.434485 2026] [php:error] [pid 79329] [client 40.69.27.251:0] script '/domains/system_suspended/sidfile.php' not found or unable to stat
[Mon Jan 05 03:21:42.507484 2026] [php:error] [pid 79329] [client 40.69.27.251:0] script '/domains/system_suspended/wp-los.php' not found or unable to stat
[Mon Jan 05 03:21:42.582622 2026] [php:error] [pid 79329] [client 40.69.27.251:0] script '/domains/system_suspended/xxw.php' not found or unable to stat
[Mon Jan 05 03:21:42.656436 2026] [php:error] [pid 79329] [client 40.69.27.251:0] script '/domains/system_suspended/file58.php' not found or unable to stat
[Mon Jan 05 03:21:42.729496 2026] [php:error] [pid 79329] [client 40.69.27.251:0] script '/domains/system_suspended/0w1d.php' not found or unable to stat
[Mon Jan 05 03:21:42.802853 2026] [php:error] [pid 79329] [client 40.69.27.251:0] script '/domains/system_suspended/ff.php' not found or unable to stat
[Mon Jan 05 03:21:42.876576 2026] [php:error] [pid 79329] [client 40.69.27.251:0] script '/domains/system_suspended/strift.php' not found or unable to stat
[Mon Jan 05 03:21:42.950054 2026] [php:error] [pid 79329] [client 40.69.27.251:0] script '/domains/system_suspended/bel.php' not found or unable to stat
[Mon Jan 05 03:21:43.024006 2026] [php:error] [pid 79329] [client 40.69.27.251:0] script '/domains/system_suspended/rk1.php' not found or unable to stat
[Mon Jan 05 03:21:43.076497 2026] [php:error] [pid 79302] [client 173.239.236.69:0] script '/domains/familyplayhouse2/wp-trackback.php' not found or unable to stat
[Mon Jan 05 03:21:43.097185 2026] [php:error] [pid 79329] [client 40.69.27.251:0] script '/domains/system_suspended/f5.php' not found or unable to stat
[Mon Jan 05 03:21:43.170682 2026] [php:error] [pid 79329] [client 40.69.27.251:0] script '/domains/system_suspended/gettest.php' not found or unable to stat
[Mon Jan 05 03:21:43.243834 2026] [php:error] [pid 79329] [client 40.69.27.251:0] script '/domains/system_suspended/oga.php' not found or unable to stat
[Mon Jan 05 03:21:43.316824 2026] [php:error] [pid 79329] [client 40.69.27.251:0] script '/domains/system_suspended/mini.php' not found or unable to stat
[Mon Jan 05 03:21:43.390224 2026] [php:error] [pid 79329] [client 40.69.27.251:0] script '/domains/system_suspended/s1.php' not found or unable to stat
[Mon Jan 05 03:21:43.463330 2026] [php:error] [pid 79329] [client 40.69.27.251:0] script '/domains/system_suspended/f2f.php' not found or unable to stat
[Mon Jan 05 03:21:43.537282 2026] [php:error] [pid 79329] [client 40.69.27.251:0] script '/domains/system_suspended/ths.php' not found or unable to stat
[Mon Jan 05 03:21:43.610862 2026] [php:error] [pid 79329] [client 40.69.27.251:0] script '/domains/system_suspended/xw.php' not found or unable to stat
[Mon Jan 05 03:21:43.684185 2026] [php:error] [pid 79329] [client 40.69.27.251:0] script '/domains/system_suspended/ma.php' not found or unable to stat
[Mon Jan 05 03:21:43.718493 2026] [php:error] [pid 79302] [client 173.239.236.69:0] script '/domains/familyplayhouse2/radio.php' not found or unable to stat
[Mon Jan 05 03:21:43.757784 2026] [php:error] [pid 79329] [client 40.69.27.251:0] script '/domains/system_suspended/lanz.php' not found or unable to stat
[Mon Jan 05 03:21:43.831255 2026] [php:error] [pid 79329] [client 40.69.27.251:0] script '/domains/system_suspended/tons.php' not found or unable to stat
[Mon Jan 05 03:21:43.907043 2026] [php:error] [pid 79329] [client 40.69.27.251:0] script '/domains/system_suspended/xa.php' not found or unable to stat
[Mon Jan 05 03:21:43.980445 2026] [php:error] [pid 79329] [client 40.69.27.251:0] script '/domains/system_suspended/asf.php' not found or unable to stat
[Mon Jan 05 03:21:44.053634 2026] [php:error] [pid 79329] [client 40.69.27.251:0] script '/domains/system_suspended/f8.php' not found or unable to stat
[Mon Jan 05 03:21:44.126894 2026] [php:error] [pid 79329] [client 40.69.27.251:0] script '/domains/system_suspended/bras.php' not found or unable to stat
[Mon Jan 05 03:21:44.200179 2026] [php:error] [pid 79329] [client 40.69.27.251:0] script '/domains/system_suspended/an8.php' not found or unable to stat
[Mon Jan 05 03:21:44.273322 2026] [php:error] [pid 79329] [client 40.69.27.251:0] script '/domains/system_suspended/esp.php' not found or unable to stat
[Mon Jan 05 03:21:44.347000 2026] [php:error] [pid 79329] [client 40.69.27.251:0] script '/domains/system_suspended/21x.php' not found or unable to stat
[Mon Jan 05 03:21:44.420203 2026] [php:error] [pid 79329] [client 40.69.27.251:0] script '/domains/system_suspended/xe.php' not found or unable to stat
[Mon Jan 05 03:21:44.493240 2026] [php:error] [pid 79329] [client 40.69.27.251:0] script '/domains/system_suspended/flower2.php' not found or unable to stat
[Mon Jan 05 03:21:44.566235 2026] [php:error] [pid 79329] [client 40.69.27.251:0] script '/domains/system_suspended/ws35.php' not found or unable to stat
[Mon Jan 05 03:21:44.639713 2026] [php:error] [pid 79329] [client 40.69.27.251:0] script '/domains/system_suspended/nox.php' not found or unable to stat
[Mon Jan 05 03:21:44.713168 2026] [php:error] [pid 79329] [client 40.69.27.251:0] script '/domains/system_suspended/ws13.php' not found or unable to stat
[Mon Jan 05 03:21:44.786245 2026] [php:error] [pid 79329] [client 40.69.27.251:0] script '/domains/system_suspended/ss1.php' not found or unable to stat
[Mon Jan 05 03:21:44.859696 2026] [php:error] [pid 79329] [client 40.69.27.251:0] script '/domains/system_suspended/ww7.php' not found or unable to stat
[Mon Jan 05 03:21:44.933313 2026] [php:error] [pid 79329] [client 40.69.27.251:0] script '/domains/system_suspended/w2025.php' not found or unable to stat
[Mon Jan 05 03:21:44.969094 2026] [php:error] [pid 79302] [client 173.239.236.69:0] script '/domains/familyplayhouse2/wp-conflg.php' not found or unable to stat
[Mon Jan 05 03:21:45.006955 2026] [php:error] [pid 79329] [client 40.69.27.251:0] script '/domains/system_suspended/lisa.php' not found or unable to stat
[Mon Jan 05 03:21:45.080650 2026] [php:error] [pid 79329] [client 40.69.27.251:0] script '/domains/system_suspended/000.php' not found or unable to stat
[Mon Jan 05 03:21:45.153973 2026] [php:error] [pid 79329] [client 40.69.27.251:0] script '/domains/system_suspended/xxxx.php' not found or unable to stat
[Mon Jan 05 03:21:45.227249 2026] [php:error] [pid 79329] [client 40.69.27.251:0] script '/domains/system_suspended/wen.php' not found or unable to stat
[Mon Jan 05 03:21:45.303385 2026] [php:error] [pid 79329] [client 40.69.27.251:0] script '/domains/system_suspended/bless.php' not found or unable to stat
[Mon Jan 05 03:21:45.377051 2026] [php:error] [pid 79329] [client 40.69.27.251:0] script '/domains/system_suspended/rtx.php' not found or unable to stat
[Mon Jan 05 03:21:45.450117 2026] [php:error] [pid 79329] [client 40.69.27.251:0] script '/domains/system_suspended/bipas.php' not found or unable to stat
[Mon Jan 05 03:21:45.523275 2026] [php:error] [pid 79329] [client 40.69.27.251:0] script '/domains/system_suspended/conte.php' not found or unable to stat
[Mon Jan 05 03:21:45.596630 2026] [php:error] [pid 79329] [client 40.69.27.251:0] script '/domains/system_suspended/class3.php' not found or unable to stat
[Mon Jan 05 03:21:45.669742 2026] [php:error] [pid 79329] [client 40.69.27.251:0] script '/domains/system_suspended/blurbs18.php' not found or unable to stat
[Mon Jan 05 03:21:45.708301 2026] [php:error] [pid 79302] [client 173.239.236.69:0] script '/domains/familyplayhouse2/wp-setup.php' not found or unable to stat
[Mon Jan 05 03:21:45.742917 2026] [php:error] [pid 79329] [client 40.69.27.251:0] script '/domains/system_suspended/claa.php' not found or unable to stat
[Mon Jan 05 03:21:45.816189 2026] [php:error] [pid 79329] [client 40.69.27.251:0] script '/domains/system_suspended/shoyo.php' not found or unable to stat
[Mon Jan 05 03:21:45.889305 2026] [php:error] [pid 79329] [client 40.69.27.251:0] script '/domains/system_suspended/flower.php' not found or unable to stat
[Mon Jan 05 03:21:45.962498 2026] [php:error] [pid 79329] [client 40.69.27.251:0] script '/domains/system_suspended/waq.php' not found or unable to stat
[Mon Jan 05 03:21:46.035909 2026] [php:error] [pid 79329] [client 40.69.27.251:0] script '/domains/system_suspended/wakak.php' not found or unable to stat
[Mon Jan 05 03:21:46.053198 2026] [php:error] [pid 79302] [client 173.239.236.69:0] script '/domains/familyplayhouse2/ms-themes.php' not found or unable to stat
[Mon Jan 05 03:21:46.109235 2026] [php:error] [pid 79329] [client 40.69.27.251:0] script '/domains/system_suspended/adminfuns.php' not found or unable to stat
[Mon Jan 05 03:21:46.182299 2026] [php:error] [pid 79329] [client 40.69.27.251:0] script '/domains/system_suspended/wp-good.php' not found or unable to stat
[Mon Jan 05 03:21:46.255514 2026] [php:error] [pid 79329] [client 40.69.27.251:0] script '/domains/system_suspended/xse25.php' not found or unable to stat
[Mon Jan 05 03:21:46.328536 2026] [php:error] [pid 79329] [client 40.69.27.251:0] script '/domains/system_suspended/nox.php' not found or unable to stat
[Mon Jan 05 03:21:46.401773 2026] [php:error] [pid 79329] [client 40.69.27.251:0] script '/domains/system_suspended/file48.php' not found or unable to stat
[Mon Jan 05 03:21:46.474725 2026] [php:error] [pid 79329] [client 40.69.27.251:0] script '/domains/system_suspended/info.php' not found or unable to stat
[Mon Jan 05 03:21:46.547790 2026] [php:error] [pid 79329] [client 40.69.27.251:0] script '/domains/system_suspended/class9.php' not found or unable to stat
[Mon Jan 05 03:21:46.620194 2026] [php:error] [pid 79302] [client 173.239.236.69:0] script '/domains/familyplayhouse2/style.php' not found or unable to stat
[Mon Jan 05 03:21:46.620790 2026] [php:error] [pid 79329] [client 40.69.27.251:0] script '/domains/system_suspended/bless11.php' not found or unable to stat
[Mon Jan 05 03:21:46.694801 2026] [php:error] [pid 79329] [client 40.69.27.251:0] script '/domains/system_suspended/403.php' not found or unable to stat
[Mon Jan 05 03:21:46.768339 2026] [php:error] [pid 79329] [client 40.69.27.251:0] script '/domains/system_suspended/ac.php' not found or unable to stat
[Mon Jan 05 03:21:46.841868 2026] [php:error] [pid 79329] [client 40.69.27.251:0] script '/domains/system_suspended/az.php' not found or unable to stat
[Mon Jan 05 03:21:46.915240 2026] [php:error] [pid 79329] [client 40.69.27.251:0] script '/domains/system_suspended/galex.php' not found or unable to stat
[Mon Jan 05 03:21:46.988724 2026] [php:error] [pid 79329] [client 40.69.27.251:0] script '/domains/system_suspended/rh.php' not found or unable to stat
[Mon Jan 05 03:21:47.062937 2026] [php:error] [pid 79329] [client 40.69.27.251:0] script '/domains/system_suspended/chosen.php' not found or unable to stat
[Mon Jan 05 03:21:47.139275 2026] [php:error] [pid 79329] [client 40.69.27.251:0] script '/domains/system_suspended/class.php' not found or unable to stat
[Mon Jan 05 03:21:47.213126 2026] [php:error] [pid 79329] [client 40.69.27.251:0] script '/domains/system_suspended/bless5.php' not found or unable to stat
[Mon Jan 05 03:21:47.286461 2026] [php:error] [pid 79329] [client 40.69.27.251:0] script '/domains/system_suspended/lock360.php' not found or unable to stat
[Mon Jan 05 03:21:47.369880 2026] [php:error] [pid 79329] [client 40.69.27.251:0] script '/domains/system_suspended/f35.php' not found or unable to stat
[Mon Jan 05 03:21:47.445353 2026] [php:error] [pid 79329] [client 40.69.27.251:0] script '/domains/system_suspended/ha.php' not found or unable to stat
[Mon Jan 05 03:21:47.519151 2026] [php:error] [pid 79329] [client 40.69.27.251:0] script '/domains/system_suspended/gg.php' not found or unable to stat
[Mon Jan 05 03:21:47.567855 2026] [php:error] [pid 79302] [client 173.239.236.69:0] script '/domains/familyplayhouse2/x.php' not found or unable to stat
[Mon Jan 05 03:21:47.592437 2026] [php:error] [pid 79329] [client 40.69.27.251:0] script '/domains/system_suspended/ar.php' not found or unable to stat
[Mon Jan 05 03:21:47.666577 2026] [php:error] [pid 79329] [client 40.69.27.251:0] script '/domains/system_suspended/x.php' not found or unable to stat
[Mon Jan 05 03:21:47.739855 2026] [php:error] [pid 79329] [client 40.69.27.251:0] script '/domains/system_suspended/xx.php' not found or unable to stat
[Mon Jan 05 03:21:47.813239 2026] [php:error] [pid 79329] [client 40.69.27.251:0] script '/domains/system_suspended/gifclass4.php' not found or unable to stat
[Mon Jan 05 03:21:47.889852 2026] [php:error] [pid 79329] [client 40.69.27.251:0] script '/domains/system_suspended/radio.php' not found or unable to stat
[Mon Jan 05 03:21:47.963679 2026] [php:error] [pid 79329] [client 40.69.27.251:0] script '/domains/system_suspended/blurbs15.php' not found or unable to stat
[Mon Jan 05 03:21:48.036981 2026] [php:error] [pid 79329] [client 40.69.27.251:0] script '/domains/system_suspended/gifclass.php' not found or unable to stat
[Mon Jan 05 03:21:48.110349 2026] [php:error] [pid 79329] [client 40.69.27.251:0] script '/domains/system_suspended/security.php' not found or unable to stat
[Mon Jan 05 03:21:48.197412 2026] [php:error] [pid 79329] [client 40.69.27.251:0] script '/domains/system_suspended/ww1.php' not found or unable to stat
[Mon Jan 05 03:21:48.270958 2026] [php:error] [pid 79329] [client 40.69.27.251:0] script '/domains/system_suspended/alfa.php' not found or unable to stat
[Mon Jan 05 03:21:48.344229 2026] [php:error] [pid 79329] [client 40.69.27.251:0] script '/domains/system_suspended/manager.php' not found or unable to stat
[Mon Jan 05 03:21:48.417819 2026] [php:error] [pid 79329] [client 40.69.27.251:0] script '/domains/system_suspended/item.php' not found or unable to stat
[Mon Jan 05 03:21:48.491569 2026] [php:error] [pid 79329] [client 40.69.27.251:0] script '/domains/system_suspended/sx.php' not found or unable to stat
[Mon Jan 05 03:21:48.565165 2026] [php:error] [pid 79329] [client 40.69.27.251:0] script '/domains/system_suspended/inputs.php' not found or unable to stat
[Mon Jan 05 03:21:48.639002 2026] [php:error] [pid 79329] [client 40.69.27.251:0] script '/domains/system_suspended/about.php' not found or unable to stat
[Mon Jan 05 03:21:48.712434 2026] [php:error] [pid 79329] [client 40.69.27.251:0] script '/domains/system_suspended/classwithtostring.php' not found or unable to stat
[Mon Jan 05 03:21:48.785622 2026] [php:error] [pid 79329] [client 40.69.27.251:0] script '/domains/system_suspended/abcd.php' not found or unable to stat
[Mon Jan 05 03:21:48.859326 2026] [php:error] [pid 79329] [client 40.69.27.251:0] script '/domains/system_suspended/admin.php' not found or unable to stat
[Mon Jan 05 03:21:48.933461 2026] [php:error] [pid 79329] [client 40.69.27.251:0] script '/domains/system_suspended/w.php' not found or unable to stat
[Mon Jan 05 03:21:49.006771 2026] [php:error] [pid 79329] [client 40.69.27.251:0] script '/domains/system_suspended/404.php' not found or unable to stat
[Mon Jan 05 03:21:49.079960 2026] [php:error] [pid 79329] [client 40.69.27.251:0] script '/domains/system_suspended/ioxi-o.php' not found or unable to stat
[Mon Jan 05 03:21:49.148960 2026] [php:error] [pid 79302] [client 173.239.236.69:0] script '/domains/familyplayhouse2/images/index22.php' not found or unable to stat
[Mon Jan 05 03:21:49.152882 2026] [php:error] [pid 79329] [client 40.69.27.251:0] script '/domains/system_suspended/0x.php' not found or unable to stat
[Mon Jan 05 03:21:49.226326 2026] [php:error] [pid 79329] [client 40.69.27.251:0] script '/domains/system_suspended/css.php' not found or unable to stat
[Mon Jan 05 03:21:49.299390 2026] [php:error] [pid 79329] [client 40.69.27.251:0] script '/domains/system_suspended/222.php' not found or unable to stat
[Mon Jan 05 03:21:49.372981 2026] [php:error] [pid 79329] [client 40.69.27.251:0] script '/domains/system_suspended/click.php' not found or unable to stat
[Mon Jan 05 03:21:49.446113 2026] [php:error] [pid 79329] [client 40.69.27.251:0] script '/domains/system_suspended/install.php' not found or unable to stat
[Mon Jan 05 03:21:49.481060 2026] [php:error] [pid 79302] [client 173.239.236.69:0] script '/domains/familyplayhouse2/wp-user.php' not found or unable to stat
[Mon Jan 05 03:21:49.600516 2026] [php:error] [pid 79322] [client 40.69.27.251:0] script '/domains/system_suspended/simple.php' not found or unable to stat
[Mon Jan 05 03:21:49.672458 2026] [php:error] [pid 79322] [client 40.69.27.251:0] script '/domains/system_suspended/css.php' not found or unable to stat
[Mon Jan 05 03:21:49.744412 2026] [php:error] [pid 79322] [client 40.69.27.251:0] script '/domains/system_suspended/ma1.php' not found or unable to stat
[Mon Jan 05 03:21:49.815982 2026] [php:error] [pid 79322] [client 40.69.27.251:0] script '/domains/system_suspended/class19.php' not found or unable to stat
[Mon Jan 05 03:21:49.887837 2026] [php:error] [pid 79322] [client 40.69.27.251:0] script '/domains/system_suspended/class20.php' not found or unable to stat
[Mon Jan 05 03:21:49.959333 2026] [php:error] [pid 79322] [client 40.69.27.251:0] script '/domains/system_suspended/admin.php' not found or unable to stat
[Mon Jan 05 03:21:50.030870 2026] [php:error] [pid 79322] [client 40.69.27.251:0] script '/domains/system_suspended/fwe.php' not found or unable to stat
[Mon Jan 05 03:21:50.103610 2026] [php:error] [pid 79322] [client 40.69.27.251:0] script '/domains/system_suspended/g.php' not found or unable to stat
[Mon Jan 05 03:21:50.176820 2026] [php:error] [pid 79322] [client 40.69.27.251:0] script '/domains/system_suspended/tx1.php' not found or unable to stat
[Mon Jan 05 03:21:50.249026 2026] [php:error] [pid 79322] [client 40.69.27.251:0] script '/domains/system_suspended/xv.php' not found or unable to stat
[Mon Jan 05 03:21:50.321491 2026] [php:error] [pid 79322] [client 40.69.27.251:0] script '/domains/system_suspended/fv.php' not found or unable to stat
[Mon Jan 05 03:21:50.384429 2026] [php:error] [pid 79302] [client 173.239.236.69:0] script '/domains/familyplayhouse2/config.php' not found or unable to stat
[Mon Jan 05 03:21:50.393095 2026] [php:error] [pid 79322] [client 40.69.27.251:0] script '/domains/system_suspended/as.php' not found or unable to stat
[Mon Jan 05 03:21:50.464698 2026] [php:error] [pid 79322] [client 40.69.27.251:0] script '/domains/system_suspended/wsd.php' not found or unable to stat
[Mon Jan 05 03:21:50.536488 2026] [php:error] [pid 79322] [client 40.69.27.251:0] script '/domains/system_suspended/gtc.php' not found or unable to stat
[Mon Jan 05 03:21:50.608492 2026] [php:error] [pid 79322] [client 40.69.27.251:0] script '/domains/system_suspended/atx.php' not found or unable to stat
[Mon Jan 05 03:21:50.680495 2026] [php:error] [pid 79322] [client 40.69.27.251:0] script '/domains/system_suspended/z60.php' not found or unable to stat
[Mon Jan 05 03:21:50.752301 2026] [php:error] [pid 79322] [client 40.69.27.251:0] script '/domains/system_suspended/cheka.php' not found or unable to stat
[Mon Jan 05 03:21:50.829893 2026] [php:error] [pid 79322] [client 40.69.27.251:0] script '/domains/system_suspended/classgoto24.php' not found or unable to stat
[Mon Jan 05 03:21:50.850457 2026] [php:error] [pid 79302] [client 173.239.236.69:0] script '/domains/familyplayhouse2/special.php' not found or unable to stat
[Mon Jan 05 03:21:50.901874 2026] [php:error] [pid 79322] [client 40.69.27.251:0] script '/domains/system_suspended/xtride.php' not found or unable to stat
[Mon Jan 05 03:21:50.973766 2026] [php:error] [pid 79322] [client 40.69.27.251:0] script '/domains/system_suspended/ws29.php' not found or unable to stat
[Mon Jan 05 03:21:51.045372 2026] [php:error] [pid 79322] [client 40.69.27.251:0] script '/domains/system_suspended/oo.php' not found or unable to stat
[Mon Jan 05 03:21:51.116969 2026] [php:error] [pid 79322] [client 40.69.27.251:0] script '/domains/system_suspended/s11.php' not found or unable to stat
[Mon Jan 05 03:21:51.189112 2026] [php:error] [pid 79322] [client 40.69.27.251:0] script '/domains/system_suspended/goat.php' not found or unable to stat
[Mon Jan 05 03:21:51.260772 2026] [php:error] [pid 79322] [client 40.69.27.251:0] script '/domains/system_suspended/aqw.php' not found or unable to stat
[Mon Jan 05 03:21:51.332478 2026] [php:error] [pid 79322] [client 40.69.27.251:0] script '/domains/system_suspended/ca1.php' not found or unable to stat
[Mon Jan 05 03:21:51.407212 2026] [php:error] [pid 79322] [client 40.69.27.251:0] script '/domains/system_suspended/abouta.php' not found or unable to stat
[Mon Jan 05 03:21:51.478986 2026] [php:error] [pid 79322] [client 40.69.27.251:0] script '/domains/system_suspended/fclas.php' not found or unable to stat
[Mon Jan 05 03:21:51.550505 2026] [php:error] [pid 79322] [client 40.69.27.251:0] script '/domains/system_suspended/bbn.php' not found or unable to stat
[Mon Jan 05 03:21:51.622249 2026] [php:error] [pid 79322] [client 40.69.27.251:0] script '/domains/system_suspended/class-t.api.php' not found or unable to stat
[Mon Jan 05 03:21:51.694747 2026] [php:error] [pid 79322] [client 40.69.27.251:0] script '/domains/system_suspended/xz89.php' not found or unable to stat
[Mon Jan 05 03:21:51.766526 2026] [php:error] [pid 79322] [client 40.69.27.251:0] script '/domains/system_suspended/wft.php' not found or unable to stat
[Mon Jan 05 03:21:51.838573 2026] [php:error] [pid 79322] [client 40.69.27.251:0] script '/domains/system_suspended/ws28.php' not found or unable to stat
[Mon Jan 05 03:21:51.910211 2026] [php:error] [pid 79322] [client 40.69.27.251:0] script '/domains/system_suspended/wsvvs.php' not found or unable to stat
[Mon Jan 05 03:21:51.981839 2026] [php:error] [pid 79322] [client 40.69.27.251:0] script '/domains/system_suspended/pn.php' not found or unable to stat
[Mon Jan 05 03:21:52.054030 2026] [php:error] [pid 79322] [client 40.69.27.251:0] script '/domains/system_suspended/fz.php' not found or unable to stat
[Mon Jan 05 03:21:52.128034 2026] [php:error] [pid 79322] [client 40.69.27.251:0] script '/domains/system_suspended/sang.php' not found or unable to stat
[Mon Jan 05 03:21:52.200367 2026] [php:error] [pid 79322] [client 40.69.27.251:0] script '/domains/system_suspended/0o0.php' not found or unable to stat
[Mon Jan 05 03:21:52.272328 2026] [php:error] [pid 79322] [client 40.69.27.251:0] script '/domains/system_suspended/zxl.php' not found or unable to stat
[Mon Jan 05 03:21:52.344074 2026] [php:error] [pid 79322] [client 40.69.27.251:0] script '/domains/system_suspended/zwso.php' not found or unable to stat
[Mon Jan 05 03:21:52.415621 2026] [php:error] [pid 79322] [client 40.69.27.251:0] script '/domains/system_suspended/2clas.php' not found or unable to stat
[Mon Jan 05 03:21:52.487269 2026] [php:error] [pid 79322] [client 40.69.27.251:0] script '/domains/system_suspended/pp.php' not found or unable to stat
[Mon Jan 05 03:21:52.559208 2026] [php:error] [pid 79322] [client 40.69.27.251:0] script '/domains/system_suspended/files.php' not found or unable to stat
[Mon Jan 05 03:21:52.630814 2026] [php:error] [pid 79322] [client 40.69.27.251:0] script '/domains/system_suspended/12.php' not found or unable to stat
[Mon Jan 05 03:21:52.703925 2026] [php:error] [pid 79322] [client 40.69.27.251:0] script '/domains/system_suspended/wsrer.php' not found or unable to stat
[Mon Jan 05 03:21:52.775721 2026] [php:error] [pid 79322] [client 40.69.27.251:0] script '/domains/system_suspended/xb.php' not found or unable to stat
[Mon Jan 05 03:21:52.849500 2026] [php:error] [pid 79322] [client 40.69.27.251:0] script '/domains/system_suspended/enclas.php' not found or unable to stat
[Mon Jan 05 03:21:52.921130 2026] [php:error] [pid 79322] [client 40.69.27.251:0] script '/domains/system_suspended/he.php' not found or unable to stat
[Mon Jan 05 03:21:52.992783 2026] [php:error] [pid 79322] [client 40.69.27.251:0] script '/domains/system_suspended/sid.php' not found or unable to stat
[Mon Jan 05 03:21:53.065084 2026] [php:error] [pid 79322] [client 40.69.27.251:0] script '/domains/system_suspended/f6.php' not found or unable to stat
[Mon Jan 05 03:21:53.138043 2026] [php:error] [pid 79322] [client 40.69.27.251:0] script '/domains/system_suspended/10.php' not found or unable to stat
[Mon Jan 05 03:21:53.258893 2026] [php:error] [pid 79329] [client 173.239.236.36:0] script '/domains/familyplayhouse2/cgi-bin/class.api.php' not found or unable to stat
[Mon Jan 05 03:21:55.071937 2026] [php:error] [pid 79329] [client 173.239.236.36:0] script '/domains/familyplayhouse2/webdb.php' not found or unable to stat
[Mon Jan 05 03:21:55.964609 2026] [php:error] [pid 79329] [client 173.239.236.36:0] script '/domains/familyplayhouse2/file2.php' not found or unable to stat
[Mon Jan 05 03:21:56.604129 2026] [php:error] [pid 79329] [client 173.239.236.36:0] script '/domains/familyplayhouse2/alfa.php' not found or unable to stat
[Mon Jan 05 03:21:59.656811 2026] [php:error] [pid 79329] [client 173.239.236.36:0] script '/domains/familyplayhouse2/edit.php' not found or unable to stat
[Mon Jan 05 03:22:00.298892 2026] [php:error] [pid 79329] [client 173.239.236.36:0] script '/domains/familyplayhouse2/cgi-bin/autoload_classmap.php' not found or unable to stat
[Mon Jan 05 03:22:00.611063 2026] [php:error] [pid 79329] [client 173.239.236.36:0] script '/domains/familyplayhouse2/wp-links-opml.php' not found or unable to stat
[Mon Jan 05 03:22:01.579348 2026] [php:error] [pid 79329] [client 173.239.236.36:0] script '/domains/familyplayhouse2/atomlib.php' not found or unable to stat
[Mon Jan 05 03:22:03.988890 2026] [php:error] [pid 79329] [client 173.239.236.36:0] script '/domains/familyplayhouse2/xp.php' not found or unable to stat
[Mon Jan 05 03:22:05.684530 2026] [php:error] [pid 79329] [client 173.239.236.36:0] script '/domains/familyplayhouse2/wp-links.php' not found or unable to stat
[Mon Jan 05 03:22:11.067624 2026] [php:error] [pid 79329] [client 173.239.236.36:0] script '/domains/familyplayhouse2/moon.php' not found or unable to stat
[Mon Jan 05 03:22:12.562529 2026] [php:error] [pid 79329] [client 173.239.236.36:0] script '/domains/familyplayhouse2/webadmin.php' not found or unable to stat
[Mon Jan 05 03:22:13.440062 2026] [php:error] [pid 79333] [client 129.84.177.139:0] script '/domains/system_suspended/0.php' not found or unable to stat, referer: https://www.google.de/
[Mon Jan 05 03:22:13.603657 2026] [php:error] [pid 79333] [client 218.213.98.111:0] script '/domains/system_suspended/1.php' not found or unable to stat, referer: https://www.google.fr/
[Mon Jan 05 03:22:13.679899 2026] [php:error] [pid 79329] [client 173.239.236.36:0] script '/domains/familyplayhouse2/xl2023.php' not found or unable to stat
[Mon Jan 05 03:22:13.766871 2026] [php:error] [pid 79333] [client 178.27.206.74:0] script '/domains/system_suspended/2.php' not found or unable to stat, referer: https://www.google.com/
[Mon Jan 05 03:22:13.929991 2026] [php:error] [pid 79333] [client 139.197.112.180:0] script '/domains/system_suspended/12.php' not found or unable to stat, referer: https://duckduckgo.com/
[Mon Jan 05 03:22:14.093514 2026] [php:error] [pid 79333] [client 186.214.244.124:0] script '/domains/system_suspended/13.php' not found or unable to stat, referer: https://www.google.fr/
[Mon Jan 05 03:22:14.134909 2026] [php:error] [pid 79329] [client 173.239.236.36:0] script '/domains/familyplayhouse2/go.php' not found or unable to stat
[Mon Jan 05 03:22:14.256585 2026] [php:error] [pid 79333] [client 124.36.253.121:0] script '/domains/system_suspended/403.php' not found or unable to stat, referer: https://www.bing.com/
[Mon Jan 05 03:22:14.419753 2026] [php:error] [pid 79333] [client 74.176.56.30:0] script '/domains/system_suspended/404.php' not found or unable to stat, referer: https://www.google.de/
[Mon Jan 05 03:22:14.902480 2026] [php:error] [pid 79342] [client 247.215.222.237:0] script '/domains/tinatina/ioxi-o.php' not found or unable to stat, referer: https://www.yahoo.com/
[Mon Jan 05 03:22:15.363032 2026] [php:error] [pid 79342] [client 23.205.82.249:0] script '/domains/tinatina/0x.php' not found or unable to stat, referer: https://www.google.fr/
[Mon Jan 05 03:22:15.397720 2026] [php:error] [pid 79333] [client 103.169.89.198:0] script '/domains/system_suspended/aa.php' not found or unable to stat, referer: https://duckduckgo.com/
[Mon Jan 05 03:22:15.562245 2026] [php:error] [pid 79333] [client 184.28.185.162:0] script '/domains/system_suspended/abcd.php' not found or unable to stat, referer: https://www.google.com/
[Mon Jan 05 03:22:15.725409 2026] [php:error] [pid 79333] [client 142.99.56.19:0] script '/domains/system_suspended/about.php' not found or unable to stat, referer: https://www.yahoo.com/
[Mon Jan 05 03:22:15.822683 2026] [php:error] [pid 79342] [client 143.238.154.160:0] script '/domains/tinatina/222.php' not found or unable to stat, referer: https://duckduckgo.com/
[Mon Jan 05 03:22:15.888569 2026] [php:error] [pid 79333] [client 243.141.80.129:0] script '/domains/system_suspended/admin.php' not found or unable to stat, referer: https://www.yahoo.com/
[Mon Jan 05 03:22:16.054169 2026] [php:error] [pid 79333] [client 246.120.108.103:0] script '/domains/system_suspended/admin-header.php' not found or unable to stat, referer: https://www.yahoo.com/
[Mon Jan 05 03:22:16.218465 2026] [php:error] [pid 79333] [client 11.81.56.175:0] script '/domains/system_suspended/adminfuns.php' not found or unable to stat, referer: https://www.yahoo.com/
[Mon Jan 05 03:22:16.282121 2026] [php:error] [pid 79342] [client 12.121.160.157:0] script '/domains/tinatina/aa.php' not found or unable to stat, referer: https://www.google.com/
[Mon Jan 05 03:22:16.382014 2026] [php:error] [pid 79333] [client 187.205.96.171:0] script '/domains/system_suspended/ahax.php' not found or unable to stat, referer: https://www.bing.com/
[Mon Jan 05 03:22:16.431833 2026] [php:error] [pid 79329] [client 173.239.236.36:0] script '/domains/familyplayhouse2/cgi-bin/index.php' not found or unable to stat
[Mon Jan 05 03:22:16.545403 2026] [php:error] [pid 79333] [client 156.161.49.16:0] script '/domains/system_suspended/akcc.php' not found or unable to stat, referer: https://www.google.de/
[Mon Jan 05 03:22:16.708891 2026] [php:error] [pid 79333] [client 44.164.210.5:0] script '/domains/system_suspended/alf.php' not found or unable to stat, referer: https://duckduckgo.com/
[Mon Jan 05 03:22:16.742344 2026] [php:error] [pid 79342] [client 171.234.153.96:0] script '/domains/tinatina/abcd.php' not found or unable to stat, referer: https://www.google.fr/
[Mon Jan 05 03:22:16.871945 2026] [php:error] [pid 79333] [client 194.58.239.253:0] script '/domains/system_suspended/alfa.php' not found or unable to stat, referer: https://www.google.com/
[Mon Jan 05 03:22:17.035215 2026] [php:error] [pid 79333] [client 42.173.253.192:0] script '/domains/system_suspended/alfashell.php' not found or unable to stat, referer: https://www.google.fr/
[Mon Jan 05 03:22:17.200524 2026] [php:error] [pid 79333] [client 120.69.228.115:0] script '/domains/system_suspended/api.php' not found or unable to stat, referer: https://www.yahoo.com/
[Mon Jan 05 03:22:17.205515 2026] [php:error] [pid 79342] [client 235.114.106.100:0] script '/domains/tinatina/admin.php' not found or unable to stat, referer: https://duckduckgo.com/
[Mon Jan 05 03:22:17.364144 2026] [php:error] [pid 79333] [client 114.95.133.193:0] script '/domains/system_suspended/app.php' not found or unable to stat, referer: https://www.google.com/
[Mon Jan 05 03:22:17.527260 2026] [php:error] [pid 79333] [client 221.0.225.186:0] script '/domains/system_suspended/as.php' not found or unable to stat, referer: https://www.google.fr/
[Mon Jan 05 03:22:17.690850 2026] [php:error] [pid 79333] [client 99.217.216.248:0] script '/domains/system_suspended/bolt.php' not found or unable to stat, referer: https://www.google.co.uk/
[Mon Jan 05 03:22:17.855664 2026] [php:error] [pid 79333] [client 246.10.50.225:0] script '/domains/system_suspended/buy.php' not found or unable to stat, referer: https://duckduckgo.com/
[Mon Jan 05 03:22:18.019115 2026] [php:error] [pid 79333] [client 147.134.135.56:0] script '/domains/system_suspended/c.php' not found or unable to stat, referer: https://duckduckgo.com/
[Mon Jan 05 03:22:18.125188 2026] [php:error] [pid 79342] [client 250.9.118.85:0] script '/domains/tinatina/adminfuns.php' not found or unable to stat, referer: https://www.bing.com/
[Mon Jan 05 03:22:18.182352 2026] [php:error] [pid 79333] [client 85.106.234.233:0] script '/domains/system_suspended/cc.php' not found or unable to stat, referer: https://www.yahoo.com/
[Mon Jan 05 03:22:18.345647 2026] [php:error] [pid 79333] [client 14.89.32.247:0] script '/domains/system_suspended/chosen.php' not found or unable to stat, referer: https://www.google.com/
[Mon Jan 05 03:22:18.508841 2026] [php:error] [pid 79333] [client 152.230.18.237:0] script '/domains/system_suspended/classwithtostring.php' not found or unable to stat, referer: https://www.bing.com/
[Mon Jan 05 03:22:18.672174 2026] [php:error] [pid 79333] [client 5.143.73.47:0] script '/domains/system_suspended/config.php' not found or unable to stat, referer: https://www.google.fr/
[Mon Jan 05 03:22:18.806760 2026] [php:error] [pid 79342] [client 123.111.160.185:0] script '/domains/tinatina/buy.php' not found or unable to stat, referer: https://duckduckgo.com/
[Mon Jan 05 03:22:18.835291 2026] [php:error] [pid 79333] [client 97.254.101.33:0] script '/domains/system_suspended/content.php' not found or unable to stat, referer: https://www.google.com/
[Mon Jan 05 03:22:18.998801 2026] [php:error] [pid 79333] [client 238.13.10.98:0] script '/domains/system_suspended/dropdown.php' not found or unable to stat, referer: https://www.google.com/
[Mon Jan 05 03:22:19.182960 2026] [php:error] [pid 79333] [client 14.147.41.17:0] script '/domains/system_suspended/edit.php' not found or unable to stat, referer: https://www.google.co.uk/
[Mon Jan 05 03:22:19.269887 2026] [php:error] [pid 79342] [client 217.216.79.6:0] script '/domains/tinatina/cong.php' not found or unable to stat, referer: https://www.bing.com/
[Mon Jan 05 03:22:19.346958 2026] [php:error] [pid 79333] [client 54.224.126.175:0] script '/domains/system_suspended/ee.php' not found or unable to stat, referer: https://duckduckgo.com/
[Mon Jan 05 03:22:19.512316 2026] [php:error] [pid 79333] [client 243.182.125.162:0] script '/domains/system_suspended/favicon.php' not found or unable to stat, referer: https://www.bing.com/
[Mon Jan 05 03:22:19.677303 2026] [php:error] [pid 79333] [client 97.185.140.167:0] script '/domains/system_suspended/file.php' not found or unable to stat, referer: https://www.google.co.uk/
[Mon Jan 05 03:22:19.841765 2026] [php:error] [pid 79333] [client 145.161.190.232:0] script '/domains/system_suspended/fm.php' not found or unable to stat, referer: https://www.bing.com/
[Mon Jan 05 03:22:20.006153 2026] [php:error] [pid 79333] [client 18.8.205.69:0] script '/domains/system_suspended/fx.php' not found or unable to stat, referer: https://www.google.de/
[Mon Jan 05 03:22:20.171212 2026] [php:error] [pid 79333] [client 52.213.34.230:0] script '/domains/system_suspended/gecko.php' not found or unable to stat, referer: https://www.google.com/
[Mon Jan 05 03:22:20.194127 2026] [php:error] [pid 79342] [client 110.114.72.82:0] script '/domains/tinatina/db.php' not found or unable to stat, referer: https://duckduckgo.com/
[Mon Jan 05 03:22:20.334593 2026] [php:error] [pid 79333] [client 110.231.184.234:0] script '/domains/system_suspended/gecko-new.php' not found or unable to stat, referer: https://www.google.com/
[Mon Jan 05 03:22:20.498468 2026] [php:error] [pid 79333] [client 108.162.199.200:0] script '/domains/system_suspended/gel4y.php' not found or unable to stat, referer: https://www.bing.com/
[Mon Jan 05 03:22:20.657162 2026] [php:error] [pid 79342] [client 34.116.72.245:0] script '/domains/tinatina/dropdown.php' not found or unable to stat, referer: https://www.bing.com/
[Mon Jan 05 03:22:20.661312 2026] [php:error] [pid 79333] [client 71.56.66.45:0] script '/domains/system_suspended/gg.php' not found or unable to stat, referer: https://www.bing.com/
[Mon Jan 05 03:22:20.824657 2026] [php:error] [pid 79333] [client 74.176.56.30:0] script '/domains/system_suspended/goods.php' not found or unable to stat, referer: https://www.yahoo.com/
[Mon Jan 05 03:22:20.846190 2026] [php:error] [pid 79329] [client 173.239.236.36:0] script '/domains/familyplayhouse2/hehehehe.php' not found or unable to stat
[Mon Jan 05 03:22:20.989162 2026] [php:error] [pid 79333] [client 119.187.182.194:0] script '/domains/system_suspended/help.php' not found or unable to stat, referer: https://www.yahoo.com/
[Mon Jan 05 03:22:21.161288 2026] [php:error] [pid 79333] [client 244.121.17.234:0] script '/domains/system_suspended/i.php' not found or unable to stat, referer: https://www.google.co.uk/
[Mon Jan 05 03:22:21.324735 2026] [php:error] [pid 79333] [client 133.57.103.186:0] script '/domains/system_suspended/index.php' not found or unable to stat, referer: https://www.google.de/
[Mon Jan 05 03:22:21.337450 2026] [php:error] [pid 79342] [client 9.83.96.152:0] script '/domains/tinatina/goods.php' not found or unable to stat, referer: https://www.yahoo.com/
