[Mon Jan 05 01:06:43.677813 2026] [php:error] [pid 47650] [client 124.173.175.51:0] script '/domains/navarrospring/man.php' not found or unable to stat, referer: https://www.bing.com/
[Mon Jan 05 01:06:43.836877 2026] [php:error] [pid 47650] [client 232.107.18.3:0] script '/domains/navarrospring/mini.php' not found or unable to stat, referer: https://www.google.co.uk/
[Mon Jan 05 01:06:43.995645 2026] [php:error] [pid 47650] [client 22.236.235.241:0] script '/domains/navarrospring/new.php' not found or unable to stat, referer: https://www.google.com/
[Mon Jan 05 01:06:44.157665 2026] [php:error] [pid 47650] [client 67.216.78.66:0] script '/domains/navarrospring/num.php' not found or unable to stat, referer: https://duckduckgo.com/
[Mon Jan 05 01:06:44.349972 2026] [php:error] [pid 47650] [client 131.203.165.59:0] script '/domains/navarrospring/root.php' not found or unable to stat, referer: https://duckduckgo.com/
[Mon Jan 05 01:06:44.508761 2026] [php:error] [pid 47650] [client 55.46.54.64:0] script '/domains/navarrospring/shell.php' not found or unable to stat, referer: https://www.yahoo.com/
[Mon Jan 05 01:06:44.667071 2026] [php:error] [pid 47650] [client 228.83.208.195:0] script '/domains/navarrospring/system.php' not found or unable to stat, referer: https://www.bing.com/
[Mon Jan 05 01:06:44.825579 2026] [php:error] [pid 47650] [client 164.255.226.96:0] script '/domains/navarrospring/termps.php' not found or unable to stat, referer: https://www.google.de/
[Mon Jan 05 01:06:44.984111 2026] [php:error] [pid 47650] [client 141.96.13.226:0] script '/domains/navarrospring/test.php' not found or unable to stat, referer: https://www.google.de/
[Mon Jan 05 01:06:45.142754 2026] [php:error] [pid 47650] [client 108.45.8.238:0] script '/domains/navarrospring/tiny.php' not found or unable to stat, referer: https://www.google.co.uk/
[Mon Jan 05 01:06:45.301188 2026] [php:error] [pid 47650] [client 23.59.184.7:0] script '/domains/navarrospring/user.php' not found or unable to stat, referer: https://www.google.fr/
[Mon Jan 05 01:06:45.493239 2026] [php:error] [pid 47650] [client 138.84.147.34:0] script '/domains/navarrospring/vx.php' not found or unable to stat, referer: https://www.google.fr/
[Mon Jan 05 01:06:45.651816 2026] [php:error] [pid 47650] [client 200.151.146.235:0] script '/domains/navarrospring/wp-admin.php' not found or unable to stat, referer: https://www.google.com/
[Mon Jan 05 01:06:45.810709 2026] [php:error] [pid 47650] [client 215.5.134.180:0] script '/domains/navarrospring/wp-blog.php' not found or unable to stat, referer: https://www.yahoo.com/
[Mon Jan 05 01:06:45.969096 2026] [php:error] [pid 47650] [client 210.57.188.117:0] script '/domains/navarrospring/wp-good.php' not found or unable to stat, referer: https://duckduckgo.com/
[Mon Jan 05 01:06:46.127710 2026] [php:error] [pid 47650] [client 222.14.224.148:0] script '/domains/navarrospring/wp-include.php' not found or unable to stat, referer: https://duckduckgo.com/
[Mon Jan 05 01:06:46.286853 2026] [php:error] [pid 47650] [client 171.205.127.129:0] script '/domains/navarrospring/wp-links.php' not found or unable to stat, referer: https://www.bing.com/
[Mon Jan 05 01:06:46.445554 2026] [php:error] [pid 47650] [client 192.180.9.81:0] script '/domains/navarrospring/wp-signin.php' not found or unable to stat, referer: https://www.google.de/
[Mon Jan 05 01:06:46.604360 2026] [php:error] [pid 47650] [client 195.249.100.177:0] script '/domains/navarrospring/wp-trackback.php' not found or unable to stat, referer: https://www.google.de/
[Mon Jan 05 01:06:46.763681 2026] [php:error] [pid 47650] [client 108.36.16.26:0] script '/domains/navarrospring/wp.php' not found or unable to stat, referer: https://www.google.de/
[Mon Jan 05 01:06:46.922194 2026] [php:error] [pid 47650] [client 194.85.59.101:0] script '/domains/navarrospring/wso.php' not found or unable to stat, referer: https://www.google.com/
[Mon Jan 05 01:06:47.080534 2026] [php:error] [pid 47650] [client 55.135.254.43:0] script '/domains/navarrospring/xmlrpc.php' not found or unable to stat, referer: https://www.google.co.uk/
[Mon Jan 05 01:06:47.238865 2026] [php:error] [pid 47650] [client 151.11.67.52:0] script '/domains/navarrospring/xmrlpc.php' not found or unable to stat, referer: https://duckduckgo.com/
[Mon Jan 05 01:07:20.721940 2026] [php:error] [pid 47649] [client 35.247.243.240:0] script '/domains/rainho/adminer-5.4.1.php' not found or unable to stat
[Mon Jan 05 01:07:46.660286 2026] [access_compat:error] [pid 47696] [client 157.245.36.108:0] AH01797: client denied by server configuration: /domains/windsorweb/server-status
[Mon Jan 05 01:07:46.701226 2026] [access_compat:error] [pid 47684] [client 134.209.25.199:0] AH01797: client denied by server configuration: /domains/windsorweb/server-status
[Mon Jan 05 01:07:46.845335 2026] [access_compat:error] [pid 47684] [client 206.189.19.19:0] AH01797: client denied by server configuration: /domains/windsorweb/server-status
[Mon Jan 05 01:07:47.066503 2026] [access_compat:error] [pid 47698] [client 134.122.28.88:0] AH01797: client denied by server configuration: /domains/antiqueweb1/server-status
[Mon Jan 05 01:07:47.187134 2026] [access_compat:error] [pid 47684] [client 139.59.136.184:0] AH01797: client denied by server configuration: /domains/windsorweb/server-status
[Mon Jan 05 01:07:47.633886 2026] [access_compat:error] [pid 47692] [client 164.92.107.174:0] AH01797: client denied by server configuration: /domains/antiqueweb1/server-status
[Mon Jan 05 01:07:47.639966 2026] [access_compat:error] [pid 47696] [client 159.89.12.166:0] AH01797: client denied by server configuration: /domains/antiqueweb1/server-status
[Mon Jan 05 01:07:48.177722 2026] [access_compat:error] [pid 47692] [client 142.93.143.8:0] AH01797: client denied by server configuration: /domains/antiqueweb1/server-status
[Mon Jan 05 01:07:56.639345 2026] [php:error] [pid 47724] [client 157.245.36.108:0] script '/domains/windsorweb/info.php' not found or unable to stat
[Mon Jan 05 01:07:57.172709 2026] [access_compat:error] [pid 47677] [client 146.190.242.161:0] AH01797: client denied by server configuration: /domains/fairlane1/server-status
[Mon Jan 05 01:07:57.246098 2026] [php:error] [pid 47719] [client 134.209.25.199:0] script '/domains/windsorweb/info.php' not found or unable to stat
[Mon Jan 05 01:07:57.333929 2026] [php:error] [pid 47687] [client 206.189.19.19:0] script '/domains/windsorweb/info.php' not found or unable to stat
[Mon Jan 05 01:07:57.617091 2026] [php:error] [pid 47684] [client 134.122.28.88:0] script '/domains/antiqueweb1/info.php' not found or unable to stat
[Mon Jan 05 01:07:57.684303 2026] [php:error] [pid 47729] [client 35.247.243.250:0] script '/domains/rainho/adminer-5.3.0-en.php' not found or unable to stat
[Mon Jan 05 01:07:58.227622 2026] [php:error] [pid 47701] [client 164.92.107.174:0] script '/domains/antiqueweb1/info.php' not found or unable to stat
[Mon Jan 05 01:07:58.265852 2026] [access_compat:error] [pid 47724] [client 134.209.25.199:0] AH01797: client denied by server configuration: /domains/fairlane1/server-status
[Mon Jan 05 01:07:58.273958 2026] [php:error] [pid 47676] [client 159.89.12.166:0] script '/domains/antiqueweb1/info.php' not found or unable to stat
[Mon Jan 05 01:07:58.320338 2026] [access_compat:error] [pid 47700] [client 209.97.180.8:0] AH01797: client denied by server configuration: /domains/fairlane1/server-status
[Mon Jan 05 01:07:58.355050 2026] [php:error] [pid 47684] [client 139.59.136.184:0] script '/domains/windsorweb/info.php' not found or unable to stat
[Mon Jan 05 01:07:59.274835 2026] [access_compat:error] [pid 47700] [client 209.38.248.17:0] AH01797: client denied by server configuration: /domains/aatweb/server-status
[Mon Jan 05 01:07:59.290815 2026] [access_compat:error] [pid 47684] [client 164.90.208.56:0] AH01797: client denied by server configuration: /domains/aatweb/server-status
[Mon Jan 05 01:07:59.378171 2026] [php:error] [pid 47702] [client 142.93.143.8:0] script '/domains/antiqueweb1/info.php' not found or unable to stat
[Mon Jan 05 01:07:59.413146 2026] [access_compat:error] [pid 47730] [client 159.89.12.166:0] AH01797: client denied by server configuration: /domains/aatweb/server-status
[Mon Jan 05 01:07:59.649326 2026] [access_compat:error] [pid 47689] [client 143.244.168.161:0] AH01797: client denied by server configuration: /domains/efusion1/server-status
[Mon Jan 05 01:08:00.139961 2026] [access_compat:error] [pid 47719] [client 159.89.127.165:0] AH01797: client denied by server configuration: /domains/efusion1/server-status
[Mon Jan 05 01:08:00.160474 2026] [access_compat:error] [pid 47731] [client 165.22.235.3:0] AH01797: client denied by server configuration: /domains/performancepartsinc/server-status
[Mon Jan 05 01:08:00.269884 2026] [access_compat:error] [pid 47697] [client 157.245.36.108:0] AH01797: client denied by server configuration: /domains/performancepartsinc/server-status
[Mon Jan 05 01:08:00.307436 2026] [access_compat:error] [pid 47684] [client 64.23.218.208:0] AH01797: client denied by server configuration: /domains/performancepartsinc/server-status
[Mon Jan 05 01:08:00.649048 2026] [access_compat:error] [pid 47730] [client 157.245.105.107:0] AH01797: client denied by server configuration: /domains/fairlane1/server-status
[Mon Jan 05 01:08:02.768456 2026] [access_compat:error] [pid 47686] [client 68.183.180.73:0] AH01797: client denied by server configuration: /domains/aatweb/server-status
[Mon Jan 05 01:08:03.550748 2026] [access_compat:error] [pid 47711] [client 157.245.204.205:0] AH01797: client denied by server configuration: /domains/efusion1/server-status
[Mon Jan 05 01:08:03.793792 2026] [access_compat:error] [pid 47704] [client 128.199.182.55:0] AH01797: client denied by server configuration: /domains/performancepartsinc/server-status
[Mon Jan 05 01:08:04.778143 2026] [access_compat:error] [pid 47709] [client 128.199.182.55:0] AH01797: client denied by server configuration: /domains/efusion1/server-status
[Mon Jan 05 01:08:07.169959 2026] [php:error] [pid 47726] [client 146.190.242.161:0] script '/domains/fairlane1/info.php' not found or unable to stat
[Mon Jan 05 01:08:08.257533 2026] [php:error] [pid 47696] [client 134.209.25.199:0] script '/domains/fairlane1/info.php' not found or unable to stat
[Mon Jan 05 01:08:08.334312 2026] [php:error] [pid 47711] [client 209.97.180.8:0] script '/domains/fairlane1/info.php' not found or unable to stat
[Mon Jan 05 01:08:09.280329 2026] [php:error] [pid 47664] [client 209.38.248.17:0] script '/domains/aatweb/info.php' not found or unable to stat
[Mon Jan 05 01:08:09.297195 2026] [php:error] [pid 47731] [client 164.90.208.56:0] script '/domains/aatweb/info.php' not found or unable to stat
[Mon Jan 05 01:08:09.503955 2026] [php:error] [pid 47715] [client 159.89.12.166:0] script '/domains/aatweb/info.php' not found or unable to stat
[Mon Jan 05 01:08:09.655091 2026] [php:error] [pid 47719] [client 143.244.168.161:0] script '/domains/efusion1/info.php' not found or unable to stat
[Mon Jan 05 01:08:10.166982 2026] [php:error] [pid 47681] [client 159.89.127.165:0] script '/domains/efusion1/info.php' not found or unable to stat
[Mon Jan 05 01:08:10.180995 2026] [php:error] [pid 47677] [client 165.22.235.3:0] script '/domains/performancepartsinc/info.php' not found or unable to stat
[Mon Jan 05 01:08:10.261242 2026] [php:error] [pid 47728] [client 157.245.36.108:0] script '/domains/performancepartsinc/info.php' not found or unable to stat
[Mon Jan 05 01:08:10.309482 2026] [php:error] [pid 47664] [client 64.23.218.208:0] script '/domains/performancepartsinc/info.php' not found or unable to stat
[Mon Jan 05 01:08:10.648387 2026] [php:error] [pid 47728] [client 157.245.105.107:0] script '/domains/fairlane1/info.php' not found or unable to stat
[Mon Jan 05 01:08:11.147979 2026] [access_compat:error] [pid 47710] [client 142.93.0.66:0] AH01797: client denied by server configuration: /domains/davidbacker/server-status
[Mon Jan 05 01:08:11.160362 2026] [access_compat:error] [pid 47685] [client 165.227.84.14:0] AH01797: client denied by server configuration: /domains/davidbacker/server-status
[Mon Jan 05 01:08:11.169952 2026] [access_compat:error] [pid 47715] [client 206.189.225.181:0] AH01797: client denied by server configuration: /domains/davidbacker/server-status
[Mon Jan 05 01:08:12.773976 2026] [php:error] [pid 47718] [client 68.183.180.73:0] script '/domains/aatweb/info.php' not found or unable to stat
[Mon Jan 05 01:08:13.244630 2026] [access_compat:error] [pid 47679] [client 138.68.144.227:0] AH01797: client denied by server configuration: /domains/davidbacker/server-status
[Mon Jan 05 01:08:13.556878 2026] [php:error] [pid 47676] [client 157.245.204.205:0] script '/domains/efusion1/info.php' not found or unable to stat
[Mon Jan 05 01:08:13.805493 2026] [php:error] [pid 47730] [client 128.199.182.55:0] script '/domains/performancepartsinc/info.php' not found or unable to stat
[Mon Jan 05 01:08:14.303080 2026] [access_compat:error] [pid 47711] [client 165.227.173.41:0] AH01797: client denied by server configuration: /domains/davidbacker/server-status
[Mon Jan 05 01:08:14.397981 2026] [access_compat:error] [pid 47701] [client 139.59.136.184:0] AH01797: client denied by server configuration: /domains/davidbacker/server-status
[Mon Jan 05 01:08:14.774486 2026] [php:error] [pid 47725] [client 128.199.182.55:0] script '/domains/efusion1/info.php' not found or unable to stat
[Mon Jan 05 01:08:21.157450 2026] [php:error] [pid 47718] [client 142.93.0.66:0] script '/domains/davidbacker/info.php' not found or unable to stat
[Mon Jan 05 01:08:21.170564 2026] [php:error] [pid 47709] [client 165.227.84.14:0] script '/domains/davidbacker/info.php' not found or unable to stat
[Mon Jan 05 01:08:21.184984 2026] [php:error] [pid 47683] [client 206.189.225.181:0] script '/domains/davidbacker/info.php' not found or unable to stat
[Mon Jan 05 01:08:23.248674 2026] [php:error] [pid 47711] [client 138.68.144.227:0] script '/domains/davidbacker/info.php' not found or unable to stat
[Mon Jan 05 01:08:24.332739 2026] [php:error] [pid 47680] [client 165.227.173.41:0] script '/domains/davidbacker/info.php' not found or unable to stat
[Mon Jan 05 01:08:24.393644 2026] [php:error] [pid 47699] [client 139.59.136.184:0] script '/domains/davidbacker/info.php' not found or unable to stat
[Mon Jan 05 01:08:30.574973 2026] [access_compat:error] [pid 47725] [client 143.110.217.244:0] AH01797: client denied by server configuration: /domains/dcarlone/server-status
[Mon Jan 05 01:08:30.862706 2026] [access_compat:error] [pid 47677] [client 142.93.129.190:0] AH01797: client denied by server configuration: /domains/dcarlone/server-status
[Mon Jan 05 01:08:31.010397 2026] [access_compat:error] [pid 47725] [client 147.182.200.94:0] AH01797: client denied by server configuration: /domains/dcarlone/server-status
[Mon Jan 05 01:08:31.350629 2026] [access_compat:error] [pid 47732] [client 138.68.82.23:0] AH01797: client denied by server configuration: /domains/dcarlone/server-status
[Mon Jan 05 01:08:31.557299 2026] [access_compat:error] [pid 47709] [client 165.227.173.41:0] AH01797: client denied by server configuration: /domains/familyplayhouse2/server-status
[Mon Jan 05 01:08:31.575516 2026] [access_compat:error] [pid 47732] [client 142.93.143.8:0] AH01797: client denied by server configuration: /domains/familyplayhouse2/server-status
[Mon Jan 05 01:08:31.597676 2026] [access_compat:error] [pid 47709] [client 46.101.1.225:0] AH01797: client denied by server configuration: /domains/familyplayhouse2/server-status
[Mon Jan 05 01:08:31.919147 2026] [access_compat:error] [pid 47733] [client 209.38.248.17:0] AH01797: client denied by server configuration: /domains/familyplayhouse2/server-status
[Mon Jan 05 01:08:40.535791 2026] [php:error] [pid 47734] [client 143.110.217.244:0] script '/domains/dcarlone/info.php' not found or unable to stat
[Mon Jan 05 01:08:40.878675 2026] [php:error] [pid 47735] [client 142.93.129.190:0] script '/domains/dcarlone/info.php' not found or unable to stat
[Mon Jan 05 01:08:41.013297 2026] [php:error] [pid 47680] [client 147.182.200.94:0] script '/domains/dcarlone/info.php' not found or unable to stat
[Mon Jan 05 01:08:41.371440 2026] [php:error] [pid 47711] [client 138.68.82.23:0] script '/domains/dcarlone/info.php' not found or unable to stat
[Mon Jan 05 01:08:41.558084 2026] [php:error] [pid 47725] [client 165.227.173.41:0] script '/domains/familyplayhouse2/info.php' not found or unable to stat
[Mon Jan 05 01:08:41.572313 2026] [php:error] [pid 47738] [client 142.93.143.8:0] script '/domains/familyplayhouse2/info.php' not found or unable to stat
[Mon Jan 05 01:08:41.605632 2026] [php:error] [pid 47709] [client 46.101.1.225:0] script '/domains/familyplayhouse2/info.php' not found or unable to stat
[Mon Jan 05 01:08:41.781426 2026] [php:error] [pid 47735] [client 209.38.248.17:0] script '/domains/familyplayhouse2/info.php' not found or unable to stat
[Mon Jan 05 01:08:53.932790 2026] [access_compat:error] [pid 47711] [client 143.110.217.244:0] AH01797: client denied by server configuration: /domains/ceonlinenews/server-status
[Mon Jan 05 01:08:53.960514 2026] [access_compat:error] [pid 47735] [client 167.99.182.39:0] AH01797: client denied by server configuration: /domains/ceonlinenews/server-status
[Mon Jan 05 01:08:53.962031 2026] [access_compat:error] [pid 47739] [client 167.99.181.249:0] AH01797: client denied by server configuration: /domains/ceonlinenews/server-status
[Mon Jan 05 01:08:54.774851 2026] [access_compat:error] [pid 47705] [client 68.183.9.16:0] AH01797: client denied by server configuration: /domains/ceonlinenews/server-status
[Mon Jan 05 01:09:04.134365 2026] [php:error] [pid 47739] [client 143.110.217.244:0] script '/domains/ceonlinenews/info.php' not found or unable to stat
[Mon Jan 05 01:09:04.612107 2026] [php:error] [pid 47739] [client 167.99.181.249:0] script '/domains/ceonlinenews/info.php' not found or unable to stat
[Mon Jan 05 01:09:05.126007 2026] [php:error] [pid 47740] [client 167.99.182.39:0] script '/domains/ceonlinenews/info.php' not found or unable to stat
[Mon Jan 05 01:09:08.150666 2026] [php:error] [pid 47711] [client 68.183.9.16:0] script '/domains/ceonlinenews/info.php' not found or unable to stat
[Mon Jan 05 01:09:27.128256 2026] [access_compat:error] [pid 47750] [client 165.22.235.3:0] AH01797: client denied by server configuration: /domains/thewalshgroup/server-status
[Mon Jan 05 01:09:27.827724 2026] [access_compat:error] [pid 47750] [client 165.227.173.41:0] AH01797: client denied by server configuration: /domains/thewalshgroup/server-status
[Mon Jan 05 01:09:28.643113 2026] [access_compat:error] [pid 47705] [client 159.65.18.197:0] AH01797: client denied by server configuration: /domains/resourceandeventweb/server-status
[Mon Jan 05 01:09:28.643133 2026] [access_compat:error] [pid 47750] [client 209.97.180.8:0] AH01797: client denied by server configuration: /domains/resourceandeventweb/server-status
[Mon Jan 05 01:09:28.922617 2026] [access_compat:error] [pid 47750] [client 206.81.24.227:0] AH01797: client denied by server configuration: /domains/resourceandeventweb/server-status
[Mon Jan 05 01:09:31.232364 2026] [access_compat:error] [pid 47756] [client 159.89.174.87:0] AH01797: client denied by server configuration: /domains/thewalshgroup/server-status
[Mon Jan 05 01:09:31.947124 2026] [access_compat:error] [pid 47739] [client 146.190.103.103:0] AH01797: client denied by server configuration: /domains/thewalshgroup/server-status
[Mon Jan 05 01:09:32.196343 2026] [access_compat:error] [pid 47713] [client 139.59.231.238:0] AH01797: client denied by server configuration: /domains/resourceandeventweb/server-status
[Mon Jan 05 01:09:37.652657 2026] [php:error] [pid 47766] [client 165.22.235.3:0] script '/domains/thewalshgroup/info.php' not found or unable to stat
[Mon Jan 05 01:09:38.897823 2026] [php:error] [pid 47757] [client 165.227.173.41:0] script '/domains/thewalshgroup/info.php' not found or unable to stat
[Mon Jan 05 01:09:39.672408 2026] [php:error] [pid 47751] [client 209.97.180.8:0] script '/domains/resourceandeventweb/info.php' not found or unable to stat
[Mon Jan 05 01:09:39.686356 2026] [php:error] [pid 47751] [client 159.65.18.197:0] script '/domains/resourceandeventweb/info.php' not found or unable to stat
[Mon Jan 05 01:09:39.870977 2026] [php:error] [pid 47713] [client 206.81.24.227:0] script '/domains/resourceandeventweb/info.php' not found or unable to stat
[Mon Jan 05 01:09:43.054013 2026] [php:error] [pid 47769] [client 146.190.103.103:0] script '/domains/thewalshgroup/info.php' not found or unable to stat
[Mon Jan 05 01:09:43.160394 2026] [php:error] [pid 47754] [client 159.89.174.87:0] script '/domains/thewalshgroup/info.php' not found or unable to stat
[Mon Jan 05 01:09:43.311290 2026] [php:error] [pid 47760] [client 139.59.231.238:0] script '/domains/resourceandeventweb/info.php' not found or unable to stat
[Mon Jan 05 01:09:49.685210 2026] [access_compat:error] [pid 47739] [client 165.227.39.235:0] AH01797: client denied by server configuration: /domains/samscars/server-status
[Mon Jan 05 01:09:49.804029 2026] [access_compat:error] [pid 47758] [client 46.101.111.185:0] AH01797: client denied by server configuration: /domains/samscars/server-status
[Mon Jan 05 01:09:49.809911 2026] [access_compat:error] [pid 47748] [client 164.90.228.79:0] AH01797: client denied by server configuration: /domains/samscars/server-status
[Mon Jan 05 01:09:50.839622 2026] [access_compat:error] [pid 47739] [client 206.189.19.19:0] AH01797: client denied by server configuration: /domains/samscars/server-status
[Mon Jan 05 01:09:53.366799 2026] [rewrite:error] [pid 47766] [client 154.28.229.48:0] AH10508: Unsafe URL with %3f URL rewritten without UnsafeAllow3F
[Mon Jan 05 01:09:57.847705 2026] [access_compat:error] [pid 47774] [client 146.190.242.161:0] AH01797: client denied by server configuration: /domains/homesbyaudrey1/server-status
[Mon Jan 05 01:09:59.695263 2026] [php:error] [pid 47773] [client 165.227.39.235:0] script '/domains/samscars/info.php' not found or unable to stat
[Mon Jan 05 01:09:59.801629 2026] [php:error] [pid 47742] [client 46.101.111.185:0] script '/domains/samscars/info.php' not found or unable to stat
[Mon Jan 05 01:09:59.803016 2026] [php:error] [pid 47750] [client 164.90.228.79:0] script '/domains/samscars/info.php' not found or unable to stat
[Mon Jan 05 01:10:00.880166 2026] [php:error] [pid 47765] [client 206.189.19.19:0] script '/domains/samscars/info.php' not found or unable to stat
[Mon Jan 05 01:10:00.989533 2026] [access_compat:error] [pid 47748] [client 128.199.182.152:0] AH01797: client denied by server configuration: /domains/homesbyaudrey1/server-status
[Mon Jan 05 01:10:03.565165 2026] [access_compat:error] [pid 47742] [client 165.22.235.3:0] AH01797: client denied by server configuration: /domains/redpeninc/server-status
[Mon Jan 05 01:10:03.821004 2026] [access_compat:error] [pid 47742] [client 64.23.218.208:0] AH01797: client denied by server configuration: /domains/redpeninc/server-status
[Mon Jan 05 01:10:03.882226 2026] [access_compat:error] [pid 47748] [client 159.89.12.166:0] AH01797: client denied by server configuration: /domains/redpeninc/server-status
[Mon Jan 05 01:10:04.244199 2026] [access_compat:error] [pid 47765] [client 164.90.208.56:0] AH01797: client denied by server configuration: /domains/redpeninc/server-status
[Mon Jan 05 01:10:07.849322 2026] [php:error] [pid 47753] [client 146.190.242.161:0] script '/domains/homesbyaudrey1/info.php' not found or unable to stat
[Mon Jan 05 01:10:11.066146 2026] [php:error] [pid 47742] [client 128.199.182.152:0] script '/domains/homesbyaudrey1/info.php' not found or unable to stat
[Mon Jan 05 01:10:12.194765 2026] [access_compat:error] [pid 47742] [client 209.97.180.8:0] AH01797: client denied by server configuration: /domains/nmksgroupweb/server-status
[Mon Jan 05 01:10:12.657856 2026] [access_compat:error] [pid 47749] [client 46.101.111.185:0] AH01797: client denied by server configuration: /domains/nmksgroupweb/server-status
[Mon Jan 05 01:10:12.693181 2026] [access_compat:error] [pid 47740] [client 139.59.136.184:0] AH01797: client denied by server configuration: /domains/nmksgroupweb/server-status
[Mon Jan 05 01:10:13.526851 2026] [php:error] [pid 47713] [client 165.22.235.3:0] script '/domains/redpeninc/info.php' not found or unable to stat
[Mon Jan 05 01:10:13.824971 2026] [php:error] [pid 47740] [client 64.23.218.208:0] script '/domains/redpeninc/info.php' not found or unable to stat
[Mon Jan 05 01:10:13.924395 2026] [php:error] [pid 47713] [client 159.89.12.166:0] script '/domains/redpeninc/info.php' not found or unable to stat
[Mon Jan 05 01:10:14.246016 2026] [php:error] [pid 47742] [client 164.90.208.56:0] script '/domains/redpeninc/info.php' not found or unable to stat
[Mon Jan 05 01:10:15.001234 2026] [access_compat:error] [pid 47713] [client 128.199.182.55:0] AH01797: client denied by server configuration: /domains/nmksgroupweb/server-status
[Mon Jan 05 01:10:18.922505 2026] [php:error] [pid 47749] [client 13.74.146.113:0] script '/domains/fifibear/xxxx.php' not found or unable to stat
[Mon Jan 05 01:10:18.992420 2026] [php:error] [pid 47749] [client 13.74.146.113:0] script '/domains/fifibear/amax.php' not found or unable to stat
[Mon Jan 05 01:10:19.062763 2026] [php:error] [pid 47749] [client 13.74.146.113:0] script '/domains/fifibear/s1.php' not found or unable to stat
[Mon Jan 05 01:10:19.132744 2026] [php:error] [pid 47749] [client 13.74.146.113:0] script '/domains/fifibear/ma.php' not found or unable to stat
[Mon Jan 05 01:10:19.202570 2026] [php:error] [pid 47749] [client 13.74.146.113:0] script '/domains/fifibear/990.php' not found or unable to stat
[Mon Jan 05 01:10:19.272479 2026] [php:error] [pid 47749] [client 13.74.146.113:0] script '/domains/fifibear/xa.php' not found or unable to stat
[Mon Jan 05 01:10:19.342540 2026] [php:error] [pid 47749] [client 13.74.146.113:0] script '/domains/fifibear/87.php' not found or unable to stat
[Mon Jan 05 01:10:19.412549 2026] [php:error] [pid 47749] [client 13.74.146.113:0] script '/domains/fifibear/bless14.php' not found or unable to stat
[Mon Jan 05 01:10:19.482368 2026] [php:error] [pid 47749] [client 13.74.146.113:0] script '/domains/fifibear/f8.php' not found or unable to stat
[Mon Jan 05 01:10:22.368349 2026] [php:error] [pid 47753] [client 209.97.180.8:0] script '/domains/nmksgroupweb/info.php' not found or unable to stat
[Mon Jan 05 01:10:23.144859 2026] [php:error] [pid 47777] [client 46.101.111.185:0] script '/domains/nmksgroupweb/info.php' not found or unable to stat
[Mon Jan 05 01:10:23.149366 2026] [php:error] [pid 47777] [client 139.59.136.184:0] script '/domains/nmksgroupweb/info.php' not found or unable to stat
[Mon Jan 05 01:10:24.222552 2026] [access_compat:error] [pid 47783] [client 157.245.113.227:0] AH01797: client denied by server configuration: /domains/assetenhance/server-status
[Mon Jan 05 01:10:25.169022 2026] [access_compat:error] [pid 47784] [client 64.227.70.2:0] AH01797: client denied by server configuration: /domains/assetenhance/server-status
[Mon Jan 05 01:10:25.314014 2026] [php:error] [pid 47788] [client 128.199.182.55:0] script '/domains/nmksgroupweb/info.php' not found or unable to stat
[Mon Jan 05 01:10:33.716476 2026] [access_compat:error] [pid 47713] [client 206.189.233.36:0] AH01797: client denied by server configuration: /domains/traceassoc/server-status
[Mon Jan 05 01:10:34.227028 2026] [php:error] [pid 47762] [client 157.245.113.227:0] script '/domains/assetenhance/info.php' not found or unable to stat
[Mon Jan 05 01:10:35.132351 2026] [php:error] [pid 47790] [client 64.227.70.2:0] script '/domains/assetenhance/info.php' not found or unable to stat
[Mon Jan 05 01:10:36.577632 2026] [access_compat:error] [pid 47788] [client 206.189.95.232:0] AH01797: client denied by server configuration: /domains/traceassoc/server-status
[Mon Jan 05 01:10:38.604982 2026] [access_compat:error] [pid 47782] [client 143.244.168.161:0] AH01797: client denied by server configuration: /domains/fayemoran/server-status
[Mon Jan 05 01:10:38.611919 2026] [access_compat:error] [pid 47781] [client 143.244.168.161:0] AH01797: client denied by server configuration: /domains/fayemoran/server-status
[Mon Jan 05 01:10:39.062609 2026] [access_compat:error] [pid 47782] [client 139.59.136.184:0] AH01797: client denied by server configuration: /domains/fayemoran/server-status
[Mon Jan 05 01:10:39.438869 2026] [access_compat:error] [pid 47781] [client 139.59.136.184:0] AH01797: client denied by server configuration: /domains/fayemoran/server-status
[Mon Jan 05 01:10:45.864764 2026] [php:error] [pid 47797] [client 206.189.233.36:0] script '/domains/traceassoc/info.php' not found or unable to stat
[Mon Jan 05 01:10:47.993706 2026] [access_compat:error] [pid 47813] [client 165.227.84.14:0] AH01797: client denied by server configuration: /domains/conservation1/server-status
[Mon Jan 05 01:10:47.993723 2026] [access_compat:error] [pid 47812] [client 157.245.36.108:0] AH01797: client denied by server configuration: /domains/conservation1/server-status
[Mon Jan 05 01:10:48.215322 2026] [access_compat:error] [pid 47821] [client 178.128.207.138:0] AH01797: client denied by server configuration: /domains/conservation1/server-status
[Mon Jan 05 01:10:49.012924 2026] [php:error] [pid 47820] [client 143.244.168.161:0] script '/domains/fayemoran/info.php' not found or unable to stat
[Mon Jan 05 01:10:49.021742 2026] [php:error] [pid 47811] [client 143.244.168.161:0] script '/domains/fayemoran/info.php' not found or unable to stat
[Mon Jan 05 01:10:49.191217 2026] [access_compat:error] [pid 47818] [client 64.23.218.208:0] AH01797: client denied by server configuration: /domains/conservation1/server-status
[Mon Jan 05 01:10:49.431828 2026] [php:error] [pid 47821] [client 206.189.95.232:0] script '/domains/traceassoc/info.php' not found or unable to stat
[Mon Jan 05 01:10:50.176771 2026] [php:error] [pid 47782] [client 139.59.136.184:0] script '/domains/fayemoran/info.php' not found or unable to stat
[Mon Jan 05 01:10:51.268993 2026] [php:error] [pid 47797] [client 139.59.136.184:0] script '/domains/fayemoran/info.php' not found or unable to stat
[Mon Jan 05 01:10:57.029268 2026] [php:error] [pid 47806] [client 165.227.84.14:0] script '/domains/conservation1/info.php' not found or unable to stat
[Mon Jan 05 01:10:57.153460 2026] [php:error] [pid 47812] [client 157.245.36.108:0] script '/domains/conservation1/info.php' not found or unable to stat
[Mon Jan 05 01:10:58.197707 2026] [php:error] [pid 47802] [client 178.128.207.138:0] script '/domains/conservation1/info.php' not found or unable to stat
[Mon Jan 05 01:10:58.761583 2026] [rewrite:error] [pid 47822] [client 107.172.195.169:0] AH10508: Unsafe URL with %3f URL rewritten without UnsafeAllow3F
[Mon Jan 05 01:10:59.887634 2026] [php:error] [pid 47802] [client 64.23.218.208:0] script '/domains/conservation1/info.php' not found or unable to stat
[Mon Jan 05 01:11:00.561608 2026] [rewrite:error] [pid 47815] [client 107.172.195.169:0] AH10508: Unsafe URL with %3f URL rewritten without UnsafeAllow3F
[Mon Jan 05 01:11:01.460744 2026] [rewrite:error] [pid 47815] [client 107.172.195.169:0] AH10508: Unsafe URL with %3f URL rewritten without UnsafeAllow3F
[Mon Jan 05 01:11:09.237835 2026] [access_compat:error] [pid 47765] [client 206.189.19.19:0] AH01797: client denied by server configuration: /domains/bfitpro2/server-status
[Mon Jan 05 01:11:09.434225 2026] [access_compat:error] [pid 47812] [client 64.226.65.160:0] AH01797: client denied by server configuration: /domains/bfitpro2/server-status
[Mon Jan 05 01:11:18.815187 2026] [access_compat:error] [pid 47799] [client 167.71.175.236:0] AH01797: client denied by server configuration: /domains/afglcweb/server-status
[Mon Jan 05 01:11:18.845568 2026] [access_compat:error] [pid 47765] [client 167.172.232.142:0] AH01797: client denied by server configuration: /domains/afglcweb/server-status
[Mon Jan 05 01:11:19.239025 2026] [php:error] [pid 47801] [client 206.189.19.19:0] script '/domains/bfitpro2/info.php' not found or unable to stat
[Mon Jan 05 01:11:19.428207 2026] [php:error] [pid 47800] [client 64.226.65.160:0] script '/domains/bfitpro2/info.php' not found or unable to stat
[Mon Jan 05 01:11:20.779234 2026] [access_compat:error] [pid 47821] [client 159.89.12.166:0] AH01797: client denied by server configuration: /domains/afglcweb/server-status
[Mon Jan 05 01:11:23.606867 2026] [access_compat:error] [pid 47800] [client 139.59.231.238:0] AH01797: client denied by server configuration: /domains/afglcweb/server-status
[Mon Jan 05 01:11:28.825433 2026] [php:error] [pid 47765] [client 167.71.175.236:0] script '/domains/afglcweb/info.php' not found or unable to stat
[Mon Jan 05 01:11:28.854763 2026] [php:error] [pid 47765] [client 167.172.232.142:0] script '/domains/afglcweb/info.php' not found or unable to stat
[Mon Jan 05 01:11:30.828984 2026] [php:error] [pid 47819] [client 159.89.12.166:0] script '/domains/afglcweb/info.php' not found or unable to stat
[Mon Jan 05 01:11:33.619033 2026] [php:error] [pid 47801] [client 139.59.231.238:0] script '/domains/afglcweb/info.php' not found or unable to stat
[Mon Jan 05 01:11:38.781249 2026] [php:error] [pid 47838] [client 145.239.10.137:0] script '/domains/system_default/ca.php' not found or unable to stat, referer: http://tricordinc-va.com/ca.php
[Mon Jan 05 01:11:51.765913 2026] [php:error] [pid 47842] [client 34.96.162.59:0] script '/domains/rainho/adminer-db.php' not found or unable to stat
[Mon Jan 05 01:11:52.364331 2026] [access_compat:error] [pid 47847] [client 167.71.175.236:0] AH01797: client denied by server configuration: /domains/nostrada/server-status
[Mon Jan 05 01:11:52.671949 2026] [php:error] [pid 47837] [client 80.141.81.138:0] script '/domains/carynm/wp-good.php' not found or unable to stat, referer: https://www.google.com/
[Mon Jan 05 01:11:52.842777 2026] [php:error] [pid 47837] [client 213.68.217.164:0] script '/domains/carynm/file.php' not found or unable to stat, referer: https://www.google.com/
[Mon Jan 05 01:11:53.024180 2026] [php:error] [pid 47837] [client 204.152.199.246:0] script '/domains/carynm/bless.php' not found or unable to stat, referer: https://www.google.fr/
[Mon Jan 05 01:11:53.195053 2026] [php:error] [pid 47837] [client 90.54.186.74:0] script '/domains/carynm/admin.php' not found or unable to stat, referer: https://www.google.co.uk/
[Mon Jan 05 01:11:53.365584 2026] [php:error] [pid 47837] [client 222.63.193.232:0] script '/domains/carynm/ioxi-o.php' not found or unable to stat, referer: https://www.google.com/
[Mon Jan 05 01:11:53.386429 2026] [access_compat:error] [pid 47801] [client 206.189.19.19:0] AH01797: client denied by server configuration: /domains/nostrada/server-status
[Mon Jan 05 01:11:53.388396 2026] [access_compat:error] [pid 47838] [client 207.154.197.113:0] AH01797: client denied by server configuration: /domains/nostrada/server-status
[Mon Jan 05 01:11:53.454899 2026] [access_compat:error] [pid 47843] [client 146.190.63.248:0] AH01797: client denied by server configuration: /domains/nostrada/server-status
[Mon Jan 05 01:11:53.536588 2026] [php:error] [pid 47837] [client 112.179.232.24:0] script '/domains/carynm/adminfuns.php' not found or unable to stat, referer: https://duckduckgo.com/
[Mon Jan 05 01:11:53.878090 2026] [php:error] [pid 47837] [client 61.41.209.214:0] script '/domains/carynm/aa.php' not found or unable to stat, referer: https://www.google.fr/
[Mon Jan 05 01:11:54.055799 2026] [php:error] [pid 47837] [client 143.174.180.0:0] script '/domains/carynm/xmrlpc.php' not found or unable to stat, referer: https://www.google.de/
[Mon Jan 05 01:11:54.227170 2026] [php:error] [pid 47837] [client 235.24.245.42:0] script '/domains/carynm/class.php' not found or unable to stat, referer: https://www.google.com/
[Mon Jan 05 01:11:54.304300 2026] [access_compat:error] [pid 47849] [client 165.227.173.41:0] AH01797: client denied by server configuration: /domains/nostrada/server-status
[Mon Jan 05 01:11:54.397700 2026] [php:error] [pid 47837] [client 46.240.7.208:0] script '/domains/carynm/goods.php' not found or unable to stat, referer: https://www.google.com/
[Mon Jan 05 01:11:54.568828 2026] [php:error] [pid 47837] [client 208.176.226.8:0] script '/domains/carynm/info.php' not found or unable to stat, referer: https://www.yahoo.com/
[Mon Jan 05 01:11:54.739619 2026] [php:error] [pid 47837] [client 68.238.248.197:0] script '/domains/carynm/as.php' not found or unable to stat, referer: https://duckduckgo.com/
[Mon Jan 05 01:11:54.910185 2026] [php:error] [pid 47837] [client 118.118.245.131:0] script '/domains/carynm/aw.php' not found or unable to stat, referer: https://www.yahoo.com/
[Mon Jan 05 01:11:55.081322 2026] [php:error] [pid 47837] [client 232.204.79.130:0] script '/domains/carynm/bb.php' not found or unable to stat, referer: https://www.google.com/
[Mon Jan 05 01:11:55.252290 2026] [php:error] [pid 47837] [client 123.226.80.236:0] script '/domains/carynm/about.php' not found or unable to stat, referer: https://www.google.com/
[Mon Jan 05 01:11:55.422952 2026] [php:error] [pid 47837] [client 39.204.49.167:0] script '/domains/carynm/222.php' not found or unable to stat, referer: https://duckduckgo.com/
[Mon Jan 05 01:11:55.603257 2026] [php:error] [pid 47837] [client 241.238.143.95:0] script '/domains/carynm/test1.php' not found or unable to stat, referer: https://www.google.de/
[Mon Jan 05 01:11:55.773982 2026] [php:error] [pid 47837] [client 40.41.241.46:0] script '/domains/carynm/classwithtostring.php' not found or unable to stat, referer: https://www.google.fr/
[Mon Jan 05 01:11:55.945280 2026] [php:error] [pid 47837] [client 254.5.229.115:0] script '/domains/carynm/css/autoload_classmap.php' not found or unable to stat, referer: https://www.google.co.uk/
[Mon Jan 05 01:11:56.116329 2026] [php:error] [pid 47837] [client 241.77.192.123:0] script '/domains/carynm/fx.php' not found or unable to stat, referer: https://www.google.com/
[Mon Jan 05 01:11:56.287973 2026] [php:error] [pid 47837] [client 170.117.254.47:0] script '/domains/carynm/gelay.php' not found or unable to stat, referer: https://www.google.de/
[Mon Jan 05 01:11:56.459474 2026] [php:error] [pid 47837] [client 190.195.183.82:0] script '/domains/carynm/god4m.php' not found or unable to stat, referer: https://www.google.fr/
[Mon Jan 05 01:11:56.630348 2026] [php:error] [pid 47837] [client 79.149.9.162:0] script '/domains/carynm/mari.php' not found or unable to stat, referer: https://www.google.co.uk/
[Mon Jan 05 01:11:56.800871 2026] [php:error] [pid 47837] [client 95.50.199.10:0] script '/domains/carynm/moon.php' not found or unable to stat, referer: https://www.google.de/
[Mon Jan 05 01:11:56.971607 2026] [php:error] [pid 47837] [client 183.206.0.96:0] script '/domains/carynm/o.php' not found or unable to stat, referer: https://duckduckgo.com/
[Mon Jan 05 01:11:57.142577 2026] [php:error] [pid 47837] [client 154.59.74.148:0] script '/domains/carynm/tmp.php' not found or unable to stat, referer: https://duckduckgo.com/
[Mon Jan 05 01:11:58.264246 2026] [access_compat:error] [pid 47801] [client 167.99.181.249:0] AH01797: client denied by server configuration: /domains/ltemple/server-status
[Mon Jan 05 01:11:58.394105 2026] [access_compat:error] [pid 47844] [client 188.166.108.93:0] AH01797: client denied by server configuration: /domains/ltemple/server-status
[Mon Jan 05 01:11:58.486245 2026] [access_compat:error] [pid 47856] [client 157.245.204.205:0] AH01797: client denied by server configuration: /domains/nostrada/server-status
[Mon Jan 05 01:11:59.296260 2026] [access_compat:error] [pid 47854] [client 139.59.132.8:0] AH01797: client denied by server configuration: /domains/ltemple/server-status
[Mon Jan 05 01:11:59.306800 2026] [access_compat:error] [pid 47853] [client 207.154.212.47:0] AH01797: client denied by server configuration: /domains/ltemple/server-status
[Mon Jan 05 01:12:01.225988 2026] [php:error] [pid 47835] [client 145.239.10.137:0] script '/domains/jeffbell/ca.php' not found or unable to stat, referer: http://tricountyre.com/ca.php
[Mon Jan 05 01:12:02.334208 2026] [php:error] [pid 47845] [client 167.71.175.236:0] script '/domains/nostrada/info.php' not found or unable to stat
[Mon Jan 05 01:12:03.368306 2026] [php:error] [pid 47806] [client 206.189.19.19:0] script '/domains/nostrada/info.php' not found or unable to stat
[Mon Jan 05 01:12:03.404647 2026] [php:error] [pid 47856] [client 207.154.197.113:0] script '/domains/nostrada/info.php' not found or unable to stat
[Mon Jan 05 01:12:03.442514 2026] [php:error] [pid 47849] [client 146.190.63.248:0] script '/domains/nostrada/info.php' not found or unable to stat
[Mon Jan 05 01:12:04.308591 2026] [php:error] [pid 47854] [client 165.227.173.41:0] script '/domains/nostrada/info.php' not found or unable to stat
[Mon Jan 05 01:12:08.269950 2026] [php:error] [pid 47856] [client 167.99.181.249:0] script '/domains/ltemple/info.php' not found or unable to stat
[Mon Jan 05 01:12:08.397539 2026] [php:error] [pid 47845] [client 188.166.108.93:0] script '/domains/ltemple/info.php' not found or unable to stat
[Mon Jan 05 01:12:08.489377 2026] [php:error] [pid 47806] [client 157.245.204.205:0] script '/domains/nostrada/info.php' not found or unable to stat
[Mon Jan 05 01:12:09.314426 2026] [php:error] [pid 47840] [client 207.154.212.47:0] script '/domains/ltemple/info.php' not found or unable to stat
[Mon Jan 05 01:12:09.314668 2026] [php:error] [pid 47856] [client 139.59.132.8:0] script '/domains/ltemple/info.php' not found or unable to stat
[Mon Jan 05 01:12:09.884489 2026] [access_compat:error] [pid 47840] [client 167.172.158.128:0] AH01797: client denied by server configuration: /domains/csiniaws/server-status
[Mon Jan 05 01:12:10.244243 2026] [access_compat:error] [pid 47801] [client 209.97.180.8:0] AH01797: client denied by server configuration: /domains/csiniaws/server-status
[Mon Jan 05 01:12:10.628170 2026] [access_compat:error] [pid 47856] [client 188.166.108.93:0] AH01797: client denied by server configuration: /domains/csiniaws/server-status
[Mon Jan 05 01:12:10.629006 2026] [access_compat:error] [pid 47824] [client 206.81.24.74:0] AH01797: client denied by server configuration: /domains/csiniaws/server-status
[Mon Jan 05 01:12:11.231529 2026] [access_compat:error] [pid 47824] [client 165.227.84.14:0] AH01797: client denied by server configuration: /domains/rfisher.dnai/server-status
[Mon Jan 05 01:12:11.248330 2026] [access_compat:error] [pid 47801] [client 206.81.12.187:0] AH01797: client denied by server configuration: /domains/rfisher.dnai/server-status
[Mon Jan 05 01:12:11.638774 2026] [access_compat:error] [pid 47824] [client 209.38.208.202:0] AH01797: client denied by server configuration: /domains/rfisher.dnai/server-status
[Mon Jan 05 01:12:12.006302 2026] [access_compat:error] [pid 47841] [client 207.154.212.47:0] AH01797: client denied by server configuration: /domains/rfisher.dnai/server-status
[Mon Jan 05 01:12:12.677609 2026] [php:error] [pid 47841] [client 22.248.159.61:0] script '/domains/system_suspended/wp-good.php' not found or unable to stat, referer: https://www.google.co.uk/
[Mon Jan 05 01:12:12.858291 2026] [php:error] [pid 47841] [client 141.252.197.232:0] script '/domains/system_suspended/file.php' not found or unable to stat, referer: https://www.google.co.uk/
[Mon Jan 05 01:12:13.039718 2026] [php:error] [pid 47841] [client 185.175.122.116:0] script '/domains/system_suspended/bless.php' not found or unable to stat, referer: https://www.bing.com/
[Mon Jan 05 01:12:13.220229 2026] [php:error] [pid 47841] [client 225.87.5.245:0] script '/domains/system_suspended/admin.php' not found or unable to stat, referer: https://www.google.fr/
[Mon Jan 05 01:12:13.400779 2026] [php:error] [pid 47841] [client 204.233.0.148:0] script '/domains/system_suspended/ioxi-o.php' not found or unable to stat, referer: https://duckduckgo.com/
[Mon Jan 05 01:12:13.581387 2026] [php:error] [pid 47841] [client 47.126.199.176:0] script '/domains/system_suspended/adminfuns.php' not found or unable to stat, referer: https://www.yahoo.com/
[Mon Jan 05 01:12:13.942631 2026] [php:error] [pid 47841] [client 130.241.71.230:0] script '/domains/system_suspended/aa.php' not found or unable to stat, referer: https://www.bing.com/
[Mon Jan 05 01:12:14.123924 2026] [php:error] [pid 47841] [client 124.82.236.72:0] script '/domains/system_suspended/xmrlpc.php' not found or unable to stat, referer: https://www.google.co.uk/
[Mon Jan 05 01:12:14.304415 2026] [php:error] [pid 47841] [client 125.162.28.236:0] script '/domains/system_suspended/class.php' not found or unable to stat, referer: https://www.google.fr/
[Mon Jan 05 01:12:14.485040 2026] [php:error] [pid 47841] [client 82.26.97.181:0] script '/domains/system_suspended/goods.php' not found or unable to stat, referer: https://www.bing.com/
[Mon Jan 05 01:12:14.665585 2026] [php:error] [pid 47841] [client 64.224.216.185:0] script '/domains/system_suspended/info.php' not found or unable to stat, referer: https://www.google.fr/
[Mon Jan 05 01:12:14.846492 2026] [php:error] [pid 47841] [client 142.128.147.72:0] script '/domains/system_suspended/as.php' not found or unable to stat, referer: https://www.google.co.uk/
[Mon Jan 05 01:12:15.028269 2026] [php:error] [pid 47841] [client 40.197.250.0:0] script '/domains/system_suspended/aw.php' not found or unable to stat, referer: https://www.google.co.uk/
[Mon Jan 05 01:12:15.208875 2026] [php:error] [pid 47841] [client 206.132.10.56:0] script '/domains/system_suspended/bb.php' not found or unable to stat, referer: https://www.yahoo.com/
[Mon Jan 05 01:12:15.389453 2026] [php:error] [pid 47841] [client 142.219.187.148:0] script '/domains/system_suspended/about.php' not found or unable to stat, referer: https://www.google.co.uk/
[Mon Jan 05 01:12:15.574077 2026] [php:error] [pid 47841] [client 235.200.87.169:0] script '/domains/system_suspended/222.php' not found or unable to stat, referer: https://www.google.co.uk/
[Mon Jan 05 01:12:15.754372 2026] [php:error] [pid 47841] [client 152.89.61.207:0] script '/domains/system_suspended/test1.php' not found or unable to stat, referer: https://www.google.com/
[Mon Jan 05 01:12:15.935225 2026] [php:error] [pid 47841] [client 75.199.160.65:0] script '/domains/system_suspended/classwithtostring.php' not found or unable to stat, referer: https://www.google.de/
[Mon Jan 05 01:12:16.296120 2026] [php:error] [pid 47841] [client 21.216.2.208:0] script '/domains/system_suspended/fx.php' not found or unable to stat, referer: https://www.google.com/
[Mon Jan 05 01:12:16.476695 2026] [php:error] [pid 47841] [client 2.232.190.235:0] script '/domains/system_suspended/gelay.php' not found or unable to stat, referer: https://duckduckgo.com/
[Mon Jan 05 01:12:16.657531 2026] [php:error] [pid 47841] [client 8.13.18.218:0] script '/domains/system_suspended/god4m.php' not found or unable to stat, referer: https://www.google.co.uk/
[Mon Jan 05 01:12:16.838385 2026] [php:error] [pid 47841] [client 253.127.220.211:0] script '/domains/system_suspended/mari.php' not found or unable to stat, referer: https://www.yahoo.com/
[Mon Jan 05 01:12:17.019207 2026] [php:error] [pid 47841] [client 207.132.140.7:0] script '/domains/system_suspended/moon.php' not found or unable to stat, referer: https://www.google.co.uk/
[Mon Jan 05 01:12:17.199945 2026] [php:error] [pid 47841] [client 209.0.10.17:0] script '/domains/system_suspended/o.php' not found or unable to stat, referer: https://www.bing.com/
[Mon Jan 05 01:12:17.380447 2026] [php:error] [pid 47841] [client 202.13.45.2:0] script '/domains/system_suspended/tmp.php' not found or unable to stat, referer: https://duckduckgo.com/
[Mon Jan 05 01:12:19.893251 2026] [php:error] [pid 47854] [client 167.172.158.128:0] script '/domains/csiniaws/info.php' not found or unable to stat
[Mon Jan 05 01:12:20.251029 2026] [php:error] [pid 47854] [client 209.97.180.8:0] script '/domains/csiniaws/info.php' not found or unable to stat
[Mon Jan 05 01:12:20.657980 2026] [php:error] [pid 47832] [client 206.81.24.74:0] script '/domains/csiniaws/info.php' not found or unable to stat
[Mon Jan 05 01:12:20.662140 2026] [php:error] [pid 47844] [client 188.166.108.93:0] script '/domains/csiniaws/info.php' not found or unable to stat
[Mon Jan 05 01:12:21.243343 2026] [php:error] [pid 47801] [client 165.227.84.14:0] script '/domains/rfisher.dnai/info.php' not found or unable to stat
[Mon Jan 05 01:12:21.248232 2026] [php:error] [pid 47837] [client 206.81.12.187:0] script '/domains/rfisher.dnai/info.php' not found or unable to stat
[Mon Jan 05 01:12:21.642365 2026] [php:error] [pid 47837] [client 209.38.208.202:0] script '/domains/rfisher.dnai/info.php' not found or unable to stat
[Mon Jan 05 01:12:22.019780 2026] [php:error] [pid 47837] [client 207.154.212.47:0] script '/domains/rfisher.dnai/info.php' not found or unable to stat
[Mon Jan 05 01:12:26.381823 2026] [access_compat:error] [pid 47791] [client 147.182.149.75:0] AH01797: client denied by server configuration: /domains/kandg-pc/server-status
[Mon Jan 05 01:12:26.508066 2026] [access_compat:error] [pid 47791] [client 206.81.24.227:0] AH01797: client denied by server configuration: /domains/kandg-pc/server-status
[Mon Jan 05 01:12:26.681991 2026] [access_compat:error] [pid 47837] [client 206.189.19.19:0] AH01797: client denied by server configuration: /domains/kandg-pc/server-status
[Mon Jan 05 01:12:27.104864 2026] [access_compat:error] [pid 47801] [client 159.89.12.166:0] AH01797: client denied by server configuration: /domains/kandg-pc/server-status
