[Mon Jan 05 01:12:29.407732 2026] [rewrite:error] [pid 47857] [client 17.246.23.15:0] AH10508: Unsafe URL with %3f URL rewritten without UnsafeAllow3F
[Mon Jan 05 01:12:32.450655 2026] [access_compat:error] [pid 47858] [client 68.183.9.16:0] AH01797: client denied by server configuration: /domains/proinc/server-status
[Mon Jan 05 01:12:32.574896 2026] [access_compat:error] [pid 47842] [client 206.81.24.227:0] AH01797: client denied by server configuration: /domains/proinc/server-status
[Mon Jan 05 01:12:32.754113 2026] [access_compat:error] [pid 47858] [client 139.59.143.102:0] AH01797: client denied by server configuration: /domains/proinc/server-status
[Mon Jan 05 01:12:34.336610 2026] [access_compat:error] [pid 47824] [client 139.59.231.238:0] AH01797: client denied by server configuration: /domains/proinc/server-status
[Mon Jan 05 01:12:36.395128 2026] [php:error] [pid 47841] [client 147.182.149.75:0] script '/domains/kandg-pc/info.php' not found or unable to stat
[Mon Jan 05 01:12:36.523100 2026] [php:error] [pid 47841] [client 206.81.24.227:0] script '/domains/kandg-pc/info.php' not found or unable to stat
[Mon Jan 05 01:12:36.695940 2026] [php:error] [pid 47857] [client 206.189.19.19:0] script '/domains/kandg-pc/info.php' not found or unable to stat
[Mon Jan 05 01:12:37.085241 2026] [php:error] [pid 47857] [client 159.89.12.166:0] script '/domains/kandg-pc/info.php' not found or unable to stat
[Mon Jan 05 01:12:42.500954 2026] [php:error] [pid 47859] [client 68.183.9.16:0] script '/domains/proinc/info.php' not found or unable to stat
[Mon Jan 05 01:12:42.598921 2026] [php:error] [pid 47859] [client 206.81.24.227:0] script '/domains/proinc/info.php' not found or unable to stat
[Mon Jan 05 01:12:42.870430 2026] [php:error] [pid 47858] [client 139.59.143.102:0] script '/domains/proinc/info.php' not found or unable to stat
[Mon Jan 05 01:12:44.356330 2026] [php:error] [pid 47837] [client 139.59.231.238:0] script '/domains/proinc/info.php' not found or unable to stat
[Mon Jan 05 01:12:48.349273 2026] [access_compat:error] [pid 47865] [client 147.182.149.75:0] AH01797: client denied by server configuration: /domains/micra/server-status
[Mon Jan 05 01:12:48.445991 2026] [access_compat:error] [pid 47865] [client 206.81.12.187:0] AH01797: client denied by server configuration: /domains/micra/server-status
[Mon Jan 05 01:12:48.524416 2026] [access_compat:error] [pid 47865] [client 157.245.113.227:0] AH01797: client denied by server configuration: /domains/micra/server-status
[Mon Jan 05 01:12:50.868430 2026] [access_compat:error] [pid 47865] [client 159.89.12.166:0] AH01797: client denied by server configuration: /domains/machinadynamica/server-status
[Mon Jan 05 01:12:50.916249 2026] [access_compat:error] [pid 47859] [client 128.199.182.55:0] AH01797: client denied by server configuration: /domains/micra/server-status
[Mon Jan 05 01:12:51.142754 2026] [access_compat:error] [pid 47868] [client 209.38.208.202:0] AH01797: client denied by server configuration: /domains/machinadynamica/server-status
[Mon Jan 05 01:12:51.548825 2026] [access_compat:error] [pid 47859] [client 209.38.248.17:0] AH01797: client denied by server configuration: /domains/machinadynamica/server-status
[Mon Jan 05 01:12:55.084564 2026] [access_compat:error] [pid 47866] [client 146.190.103.103:0] AH01797: client denied by server configuration: /domains/machinadynamica/server-status
[Mon Jan 05 01:12:58.958817 2026] [php:error] [pid 47857] [client 147.182.149.75:0] script '/domains/micra/info.php' not found or unable to stat
[Mon Jan 05 01:12:59.109891 2026] [php:error] [pid 47875] [client 157.245.113.227:0] script '/domains/micra/info.php' not found or unable to stat
[Mon Jan 05 01:12:59.147467 2026] [php:error] [pid 47876] [client 206.81.12.187:0] script '/domains/micra/info.php' not found or unable to stat
[Mon Jan 05 01:13:01.278447 2026] [php:error] [pid 47854] [client 159.89.12.166:0] script '/domains/machinadynamica/info.php' not found or unable to stat
[Mon Jan 05 01:13:01.284413 2026] [php:error] [pid 47875] [client 209.38.208.202:0] script '/domains/machinadynamica/info.php' not found or unable to stat
[Mon Jan 05 01:13:01.550369 2026] [php:error] [pid 47875] [client 128.199.182.55:0] script '/domains/micra/info.php' not found or unable to stat
[Mon Jan 05 01:13:01.561322 2026] [php:error] [pid 47876] [client 209.38.248.17:0] script '/domains/machinadynamica/info.php' not found or unable to stat
[Mon Jan 05 01:13:05.778576 2026] [php:error] [pid 47869] [client 146.190.103.103:0] script '/domains/machinadynamica/info.php' not found or unable to stat
[Mon Jan 05 01:13:19.383574 2026] [php:error] [pid 47880] [client 45.148.10.204:0] script '/domains/abtechsci/phpinfo.php' not found or unable to stat
[Mon Jan 05 01:13:21.763111 2026] [php:error] [pid 47883] [client 45.148.10.204:0] script '/domains/abtechsci/test.php' not found or unable to stat
[Mon Jan 05 01:13:21.985436 2026] [access_compat:error] [pid 47877] [client 159.89.127.165:0] AH01797: client denied by server configuration: /domains/bels/server-status
[Mon Jan 05 01:13:22.057968 2026] [php:error] [pid 47861] [client 45.148.10.204:0] script '/domains/abtechsci/php.php' not found or unable to stat
[Mon Jan 05 01:13:22.247956 2026] [access_compat:error] [pid 47883] [client 139.59.132.8:0] AH01797: client denied by server configuration: /domains/bels/server-status
[Mon Jan 05 01:13:22.266355 2026] [access_compat:error] [pid 47857] [client 209.38.248.17:0] AH01797: client denied by server configuration: /domains/bels/server-status
[Mon Jan 05 01:13:22.313189 2026] [php:error] [pid 47854] [client 45.148.10.204:0] script '/domains/abtechsci/pi.php' not found or unable to stat
[Mon Jan 05 01:13:22.474602 2026] [access_compat:error] [pid 47877] [client 142.93.129.190:0] AH01797: client denied by server configuration: /domains/bels/server-status
[Mon Jan 05 01:13:22.659115 2026] [php:error] [pid 47888] [client 45.148.10.204:0] script '/domains/abtechsci/i.php' not found or unable to stat
[Mon Jan 05 01:13:31.096081 2026] [php:error] [pid 47865] [client 45.148.10.204:0] script '/domains/abtechsci/config.php.bak' not found or unable to stat
[Mon Jan 05 01:13:31.500874 2026] [access_compat:error] [pid 47878] [client 64.227.32.66:0] AH01797: client denied by server configuration: /domains/carynm/server-status
[Mon Jan 05 01:13:31.535524 2026] [access_compat:error] [pid 47857] [client 167.99.181.249:0] AH01797: client denied by server configuration: /domains/abtechsci/server-status
[Mon Jan 05 01:13:31.580508 2026] [access_compat:error] [pid 47865] [client 165.22.235.3:0] AH01797: client denied by server configuration: /domains/abtechsci/server-status
[Mon Jan 05 01:13:32.005344 2026] [php:error] [pid 47878] [client 159.89.127.165:0] script '/domains/bels/info.php' not found or unable to stat
[Mon Jan 05 01:13:32.245960 2026] [php:error] [pid 47890] [client 139.59.132.8:0] script '/domains/bels/info.php' not found or unable to stat
[Mon Jan 05 01:13:32.249715 2026] [php:error] [pid 47878] [client 209.38.248.17:0] script '/domains/bels/info.php' not found or unable to stat
[Mon Jan 05 01:13:32.453511 2026] [php:error] [pid 47857] [client 142.93.129.190:0] script '/domains/bels/info.php' not found or unable to stat
[Mon Jan 05 01:13:32.702246 2026] [access_compat:error] [pid 47890] [client 164.90.228.79:0] AH01797: client denied by server configuration: /domains/abtechsci/server-status
[Mon Jan 05 01:13:33.458953 2026] [access_compat:error] [pid 47868] [client 206.189.233.36:0] AH01797: client denied by server configuration: /domains/ebon/server-status
[Mon Jan 05 01:13:33.728447 2026] [access_compat:error] [pid 47868] [client 165.22.235.3:0] AH01797: client denied by server configuration: /domains/ebon/server-status
[Mon Jan 05 01:13:33.977127 2026] [access_compat:error] [pid 47884] [client 64.225.75.246:0] AH01797: client denied by server configuration: /domains/ebon/server-status
[Mon Jan 05 01:13:34.051251 2026] [access_compat:error] [pid 47890] [client 188.166.108.93:0] AH01797: client denied by server configuration: /domains/ebon/server-status
[Mon Jan 05 01:13:34.862279 2026] [access_compat:error] [pid 47854] [client 157.245.105.107:0] AH01797: client denied by server configuration: /domains/abtechsci/server-status
[Mon Jan 05 01:13:36.481192 2026] [php:error] [pid 47878] [client 20.78.178.249:0] script '/domains/testregisgroup/bless14.php' not found or unable to stat
[Mon Jan 05 01:13:36.713035 2026] [php:error] [pid 47878] [client 20.78.178.249:0] script '/domains/testregisgroup/nwflm.php' not found or unable to stat
[Mon Jan 05 01:13:36.887513 2026] [php:error] [pid 47878] [client 20.78.178.249:0] script '/domains/testregisgroup/blurbs19.php' not found or unable to stat
[Mon Jan 05 01:13:37.057262 2026] [php:error] [pid 47878] [client 20.78.178.249:0] script '/domains/testregisgroup/qa.php' not found or unable to stat
[Mon Jan 05 01:13:37.227123 2026] [php:error] [pid 47878] [client 20.78.178.249:0] script '/domains/testregisgroup/sidfile.php' not found or unable to stat
[Mon Jan 05 01:13:37.485568 2026] [php:error] [pid 47878] [client 20.78.178.249:0] script '/domains/testregisgroup/wp-los.php' not found or unable to stat
[Mon Jan 05 01:13:37.674219 2026] [php:error] [pid 47878] [client 20.78.178.249:0] script '/domains/testregisgroup/xxw.php' not found or unable to stat
[Mon Jan 05 01:13:37.959788 2026] [php:error] [pid 47878] [client 20.78.178.249:0] script '/domains/testregisgroup/file58.php' not found or unable to stat
[Mon Jan 05 01:13:38.165135 2026] [php:error] [pid 47878] [client 20.78.178.249:0] script '/domains/testregisgroup/0w1d.php' not found or unable to stat
[Mon Jan 05 01:13:38.396085 2026] [php:error] [pid 47878] [client 20.78.178.249:0] script '/domains/testregisgroup/ff.php' not found or unable to stat
[Mon Jan 05 01:13:38.629531 2026] [php:error] [pid 47878] [client 20.78.178.249:0] script '/domains/testregisgroup/strift.php' not found or unable to stat
[Mon Jan 05 01:13:38.830172 2026] [php:error] [pid 47878] [client 20.78.178.249:0] script '/domains/testregisgroup/bel.php' not found or unable to stat
[Mon Jan 05 01:13:39.002275 2026] [php:error] [pid 47878] [client 20.78.178.249:0] script '/domains/testregisgroup/rk1.php' not found or unable to stat
[Mon Jan 05 01:13:39.191735 2026] [php:error] [pid 47878] [client 20.78.178.249:0] script '/domains/testregisgroup/f5.php' not found or unable to stat
[Mon Jan 05 01:13:39.372697 2026] [php:error] [pid 47878] [client 20.78.178.249:0] script '/domains/testregisgroup/gettest.php' not found or unable to stat
[Mon Jan 05 01:13:39.608149 2026] [php:error] [pid 47878] [client 20.78.178.249:0] script '/domains/testregisgroup/oga.php' not found or unable to stat
[Mon Jan 05 01:13:39.865573 2026] [php:error] [pid 47878] [client 20.78.178.249:0] script '/domains/testregisgroup/mini.php' not found or unable to stat
[Mon Jan 05 01:13:40.104111 2026] [php:error] [pid 47878] [client 20.78.178.249:0] script '/domains/testregisgroup/s1.php' not found or unable to stat
[Mon Jan 05 01:13:40.300860 2026] [php:error] [pid 47878] [client 20.78.178.249:0] script '/domains/testregisgroup/f2f.php' not found or unable to stat
[Mon Jan 05 01:13:40.470500 2026] [php:error] [pid 47878] [client 20.78.178.249:0] script '/domains/testregisgroup/ths.php' not found or unable to stat
[Mon Jan 05 01:13:40.641102 2026] [php:error] [pid 47878] [client 20.78.178.249:0] script '/domains/testregisgroup/xw.php' not found or unable to stat
[Mon Jan 05 01:13:40.810907 2026] [php:error] [pid 47878] [client 20.78.178.249:0] script '/domains/testregisgroup/ma.php' not found or unable to stat
[Mon Jan 05 01:13:41.068069 2026] [php:error] [pid 47878] [client 20.78.178.249:0] script '/domains/testregisgroup/lanz.php' not found or unable to stat
[Mon Jan 05 01:13:41.497920 2026] [php:error] [pid 47884] [client 64.227.32.66:0] script '/domains/carynm/info.php' not found or unable to stat
[Mon Jan 05 01:13:41.601848 2026] [php:error] [pid 47878] [client 20.78.178.249:0] script '/domains/testregisgroup/tons.php' not found or unable to stat
[Mon Jan 05 01:13:41.784227 2026] [php:error] [pid 47878] [client 20.78.178.249:0] script '/domains/testregisgroup/xa.php' not found or unable to stat
[Mon Jan 05 01:13:41.980618 2026] [php:error] [pid 47878] [client 20.78.178.249:0] script '/domains/testregisgroup/asf.php' not found or unable to stat
[Mon Jan 05 01:13:42.150269 2026] [php:error] [pid 47878] [client 20.78.178.249:0] script '/domains/testregisgroup/f8.php' not found or unable to stat
[Mon Jan 05 01:13:42.357597 2026] [php:error] [pid 47878] [client 20.78.178.249:0] script '/domains/testregisgroup/bras.php' not found or unable to stat
[Mon Jan 05 01:13:42.590922 2026] [php:error] [pid 47878] [client 20.78.178.249:0] script '/domains/testregisgroup/an8.php' not found or unable to stat
[Mon Jan 05 01:13:42.760874 2026] [php:error] [pid 47878] [client 20.78.178.249:0] script '/domains/testregisgroup/esp.php' not found or unable to stat
[Mon Jan 05 01:13:42.930495 2026] [php:error] [pid 47878] [client 20.78.178.249:0] script '/domains/testregisgroup/21x.php' not found or unable to stat
[Mon Jan 05 01:13:43.455645 2026] [php:error] [pid 47893] [client 206.189.233.36:0] script '/domains/ebon/info.php' not found or unable to stat
[Mon Jan 05 01:13:43.733487 2026] [php:error] [pid 47893] [client 165.22.235.3:0] script '/domains/ebon/info.php' not found or unable to stat
[Mon Jan 05 01:13:43.980355 2026] [php:error] [pid 47893] [client 64.225.75.246:0] script '/domains/ebon/info.php' not found or unable to stat
[Mon Jan 05 01:13:44.131700 2026] [php:error] [pid 47895] [client 188.166.108.93:0] script '/domains/ebon/info.php' not found or unable to stat
[Mon Jan 05 01:13:44.158285 2026] [access_compat:error] [pid 47892] [client 165.227.84.14:0] AH01797: client denied by server configuration: /domains/amisol/server-status
[Mon Jan 05 01:13:44.202715 2026] [access_compat:error] [pid 47893] [client 143.244.168.161:0] AH01797: client denied by server configuration: /domains/amisol/server-status
[Mon Jan 05 01:13:44.218435 2026] [access_compat:error] [pid 47894] [client 165.22.34.189:0] AH01797: client denied by server configuration: /domains/amisol/server-status
[Mon Jan 05 01:13:44.242391 2026] [access_compat:error] [pid 47895] [client 157.245.113.227:0] AH01797: client denied by server configuration: /domains/amisol/server-status
[Mon Jan 05 01:13:45.967990 2026] [php:error] [pid 47878] [client 20.78.178.249:0] script '/domains/testregisgroup/xe.php' not found or unable to stat
[Mon Jan 05 01:13:46.137632 2026] [php:error] [pid 47878] [client 20.78.178.249:0] script '/domains/testregisgroup/flower2.php' not found or unable to stat
[Mon Jan 05 01:13:46.309765 2026] [php:error] [pid 47878] [client 20.78.178.249:0] script '/domains/testregisgroup/ws35.php' not found or unable to stat
[Mon Jan 05 01:13:46.479778 2026] [php:error] [pid 47878] [client 20.78.178.249:0] script '/domains/testregisgroup/nox.php' not found or unable to stat
[Mon Jan 05 01:13:46.649956 2026] [php:error] [pid 47878] [client 20.78.178.249:0] script '/domains/testregisgroup/ws13.php' not found or unable to stat
[Mon Jan 05 01:13:46.864207 2026] [php:error] [pid 47878] [client 20.78.178.249:0] script '/domains/testregisgroup/ss1.php' not found or unable to stat
[Mon Jan 05 01:13:47.050638 2026] [php:error] [pid 47878] [client 20.78.178.249:0] script '/domains/testregisgroup/ww7.php' not found or unable to stat
[Mon Jan 05 01:13:47.241470 2026] [php:error] [pid 47878] [client 20.78.178.249:0] script '/domains/testregisgroup/w2025.php' not found or unable to stat
[Mon Jan 05 01:13:47.446944 2026] [php:error] [pid 47878] [client 20.78.178.249:0] script '/domains/testregisgroup/lisa.php' not found or unable to stat
[Mon Jan 05 01:13:47.616848 2026] [php:error] [pid 47878] [client 20.78.178.249:0] script '/domains/testregisgroup/000.php' not found or unable to stat
[Mon Jan 05 01:13:47.786689 2026] [php:error] [pid 47878] [client 20.78.178.249:0] script '/domains/testregisgroup/xxxx.php' not found or unable to stat
[Mon Jan 05 01:13:47.969962 2026] [php:error] [pid 47878] [client 20.78.178.249:0] script '/domains/testregisgroup/wen.php' not found or unable to stat
[Mon Jan 05 01:13:48.182261 2026] [php:error] [pid 47878] [client 20.78.178.249:0] script '/domains/testregisgroup/bless.php' not found or unable to stat
[Mon Jan 05 01:13:48.370171 2026] [php:error] [pid 47878] [client 20.78.178.249:0] script '/domains/testregisgroup/rtx.php' not found or unable to stat
[Mon Jan 05 01:13:48.618802 2026] [php:error] [pid 47878] [client 20.78.178.249:0] script '/domains/testregisgroup/bipas.php' not found or unable to stat
[Mon Jan 05 01:13:48.788869 2026] [php:error] [pid 47878] [client 20.78.178.249:0] script '/domains/testregisgroup/conte.php' not found or unable to stat
[Mon Jan 05 01:13:48.958672 2026] [php:error] [pid 47878] [client 20.78.178.249:0] script '/domains/testregisgroup/class3.php' not found or unable to stat
[Mon Jan 05 01:13:49.128507 2026] [php:error] [pid 47878] [client 20.78.178.249:0] script '/domains/testregisgroup/blurbs18.php' not found or unable to stat
[Mon Jan 05 01:13:49.311975 2026] [php:error] [pid 47878] [client 20.78.178.249:0] script '/domains/testregisgroup/claa.php' not found or unable to stat
[Mon Jan 05 01:13:49.482819 2026] [php:error] [pid 47878] [client 20.78.178.249:0] script '/domains/testregisgroup/shoyo.php' not found or unable to stat
[Mon Jan 05 01:13:49.731008 2026] [php:error] [pid 47878] [client 20.78.178.249:0] script '/domains/testregisgroup/flower.php' not found or unable to stat
[Mon Jan 05 01:13:49.907606 2026] [php:error] [pid 47878] [client 20.78.178.249:0] script '/domains/testregisgroup/waq.php' not found or unable to stat
[Mon Jan 05 01:13:50.094993 2026] [php:error] [pid 47878] [client 20.78.178.249:0] script '/domains/testregisgroup/wakak.php' not found or unable to stat
[Mon Jan 05 01:13:50.264784 2026] [php:error] [pid 47878] [client 20.78.178.249:0] script '/domains/testregisgroup/adminfuns.php' not found or unable to stat
[Mon Jan 05 01:13:50.434567 2026] [php:error] [pid 47878] [client 20.78.178.249:0] script '/domains/testregisgroup/wp-good.php' not found or unable to stat
[Mon Jan 05 01:13:50.604271 2026] [php:error] [pid 47878] [client 20.78.178.249:0] script '/domains/testregisgroup/xse25.php' not found or unable to stat
[Mon Jan 05 01:13:50.776219 2026] [php:error] [pid 47878] [client 20.78.178.249:0] script '/domains/testregisgroup/nox.php' not found or unable to stat
[Mon Jan 05 01:13:50.963188 2026] [php:error] [pid 47878] [client 20.78.178.249:0] script '/domains/testregisgroup/file48.php' not found or unable to stat
[Mon Jan 05 01:13:51.144038 2026] [php:error] [pid 47878] [client 20.78.178.249:0] script '/domains/testregisgroup/info.php' not found or unable to stat
[Mon Jan 05 01:13:51.479836 2026] [php:error] [pid 47878] [client 20.78.178.249:0] script '/domains/testregisgroup/class9.php' not found or unable to stat
[Mon Jan 05 01:13:51.649837 2026] [php:error] [pid 47878] [client 20.78.178.249:0] script '/domains/testregisgroup/bless11.php' not found or unable to stat
[Mon Jan 05 01:13:51.850362 2026] [php:error] [pid 47878] [client 20.78.178.249:0] script '/domains/testregisgroup/403.php' not found or unable to stat
[Mon Jan 05 01:13:52.031313 2026] [php:error] [pid 47878] [client 20.78.178.249:0] script '/domains/testregisgroup/ac.php' not found or unable to stat
[Mon Jan 05 01:13:52.216977 2026] [php:error] [pid 47878] [client 20.78.178.249:0] script '/domains/testregisgroup/az.php' not found or unable to stat
[Mon Jan 05 01:13:52.389078 2026] [php:error] [pid 47878] [client 20.78.178.249:0] script '/domains/testregisgroup/galex.php' not found or unable to stat
[Mon Jan 05 01:13:52.564405 2026] [php:error] [pid 47878] [client 20.78.178.249:0] script '/domains/testregisgroup/rh.php' not found or unable to stat
[Mon Jan 05 01:13:52.747491 2026] [php:error] [pid 47878] [client 20.78.178.249:0] script '/domains/testregisgroup/chosen.php' not found or unable to stat
[Mon Jan 05 01:13:53.235076 2026] [php:error] [pid 47878] [client 20.78.178.249:0] script '/domains/testregisgroup/class.php' not found or unable to stat
[Mon Jan 05 01:13:53.411634 2026] [php:error] [pid 47878] [client 20.78.178.249:0] script '/domains/testregisgroup/bless5.php' not found or unable to stat
[Mon Jan 05 01:13:53.581332 2026] [php:error] [pid 47878] [client 20.78.178.249:0] script '/domains/testregisgroup/lock360.php' not found or unable to stat
[Mon Jan 05 01:13:53.751391 2026] [php:error] [pid 47878] [client 20.78.178.249:0] script '/domains/testregisgroup/f35.php' not found or unable to stat
[Mon Jan 05 01:13:53.945183 2026] [php:error] [pid 47878] [client 20.78.178.249:0] script '/domains/testregisgroup/ha.php' not found or unable to stat
[Mon Jan 05 01:13:54.126979 2026] [php:error] [pid 47878] [client 20.78.178.249:0] script '/domains/testregisgroup/gg.php' not found or unable to stat
[Mon Jan 05 01:13:54.161615 2026] [php:error] [pid 47858] [client 165.227.84.14:0] script '/domains/amisol/info.php' not found or unable to stat
[Mon Jan 05 01:13:54.201865 2026] [php:error] [pid 47895] [client 143.244.168.161:0] script '/domains/amisol/info.php' not found or unable to stat
[Mon Jan 05 01:13:54.220690 2026] [php:error] [pid 47899] [client 165.22.34.189:0] script '/domains/amisol/info.php' not found or unable to stat
[Mon Jan 05 01:13:54.265313 2026] [php:error] [pid 47884] [client 157.245.113.227:0] script '/domains/amisol/info.php' not found or unable to stat
[Mon Jan 05 01:13:54.302549 2026] [php:error] [pid 47878] [client 20.78.178.249:0] script '/domains/testregisgroup/ar.php' not found or unable to stat
[Mon Jan 05 01:13:54.472318 2026] [php:error] [pid 47878] [client 20.78.178.249:0] script '/domains/testregisgroup/x.php' not found or unable to stat
[Mon Jan 05 01:13:54.642102 2026] [php:error] [pid 47878] [client 20.78.178.249:0] script '/domains/testregisgroup/xx.php' not found or unable to stat
[Mon Jan 05 01:13:54.813083 2026] [php:error] [pid 47878] [client 20.78.178.249:0] script '/domains/testregisgroup/gifclass4.php' not found or unable to stat
[Mon Jan 05 01:13:54.985867 2026] [php:error] [pid 47878] [client 20.78.178.249:0] script '/domains/testregisgroup/radio.php' not found or unable to stat
[Mon Jan 05 01:13:55.169756 2026] [php:error] [pid 47878] [client 20.78.178.249:0] script '/domains/testregisgroup/blurbs15.php' not found or unable to stat
[Mon Jan 05 01:13:55.415118 2026] [php:error] [pid 47878] [client 20.78.178.249:0] script '/domains/testregisgroup/gifclass.php' not found or unable to stat
[Mon Jan 05 01:13:55.584879 2026] [php:error] [pid 47878] [client 20.78.178.249:0] script '/domains/testregisgroup/security.php' not found or unable to stat
[Mon Jan 05 01:13:55.754643 2026] [php:error] [pid 47878] [client 20.78.178.249:0] script '/domains/testregisgroup/ww1.php' not found or unable to stat
[Mon Jan 05 01:13:56.050545 2026] [php:error] [pid 47878] [client 20.78.178.249:0] script '/domains/testregisgroup/alfa.php' not found or unable to stat
[Mon Jan 05 01:13:56.237079 2026] [php:error] [pid 47878] [client 20.78.178.249:0] script '/domains/testregisgroup/manager.php' not found or unable to stat
[Mon Jan 05 01:13:56.406739 2026] [php:error] [pid 47878] [client 20.78.178.249:0] script '/domains/testregisgroup/item.php' not found or unable to stat
[Mon Jan 05 01:13:56.576771 2026] [php:error] [pid 47878] [client 20.78.178.249:0] script '/domains/testregisgroup/sx.php' not found or unable to stat
[Mon Jan 05 01:13:56.874430 2026] [php:error] [pid 47878] [client 20.78.178.249:0] script '/domains/testregisgroup/inputs.php' not found or unable to stat
[Mon Jan 05 01:13:57.140159 2026] [php:error] [pid 47878] [client 20.78.178.249:0] script '/domains/testregisgroup/about.php' not found or unable to stat
[Mon Jan 05 01:13:57.309703 2026] [php:error] [pid 47878] [client 20.78.178.249:0] script '/domains/testregisgroup/classwithtostring.php' not found or unable to stat
[Mon Jan 05 01:13:57.481269 2026] [php:error] [pid 47878] [client 20.78.178.249:0] script '/domains/testregisgroup/abcd.php' not found or unable to stat
[Mon Jan 05 01:13:57.664521 2026] [php:error] [pid 47878] [client 20.78.178.249:0] script '/domains/testregisgroup/admin.php' not found or unable to stat
[Mon Jan 05 01:13:57.857358 2026] [php:error] [pid 47878] [client 20.78.178.249:0] script '/domains/testregisgroup/w.php' not found or unable to stat
[Mon Jan 05 01:13:58.095932 2026] [php:error] [pid 47878] [client 20.78.178.249:0] script '/domains/testregisgroup/404.php' not found or unable to stat
[Mon Jan 05 01:13:58.273615 2026] [php:error] [pid 47878] [client 20.78.178.249:0] script '/domains/testregisgroup/ioxi-o.php' not found or unable to stat
[Mon Jan 05 01:13:58.443571 2026] [php:error] [pid 47878] [client 20.78.178.249:0] script '/domains/testregisgroup/0x.php' not found or unable to stat
[Mon Jan 05 01:13:58.615369 2026] [php:error] [pid 47878] [client 20.78.178.249:0] script '/domains/testregisgroup/css.php' not found or unable to stat
[Mon Jan 05 01:13:58.787456 2026] [php:error] [pid 47878] [client 20.78.178.249:0] script '/domains/testregisgroup/222.php' not found or unable to stat
[Mon Jan 05 01:13:58.957641 2026] [php:error] [pid 47878] [client 20.78.178.249:0] script '/domains/testregisgroup/click.php' not found or unable to stat
[Mon Jan 05 01:13:59.144731 2026] [php:error] [pid 47878] [client 20.78.178.249:0] script '/domains/testregisgroup/install.php' not found or unable to stat
[Mon Jan 05 01:14:01.015831 2026] [php:error] [pid 47884] [client 20.78.178.249:0] script '/domains/testregisgroup/simple.php' not found or unable to stat
[Mon Jan 05 01:14:01.184354 2026] [php:error] [pid 47884] [client 20.78.178.249:0] script '/domains/testregisgroup/css.php' not found or unable to stat
[Mon Jan 05 01:14:01.408782 2026] [access_compat:error] [pid 51841] [client 165.22.235.3:0] AH01797: client denied by server configuration: /domains/hofficer1/server-status
[Mon Jan 05 01:14:01.415357 2026] [access_compat:error] [pid 51844] [client 64.227.70.2:0] AH01797: client denied by server configuration: /domains/hofficer1/server-status
[Mon Jan 05 01:14:01.417117 2026] [access_compat:error] [pid 51844] [client 46.101.1.225:0] AH01797: client denied by server configuration: /domains/hofficer1/server-status
[Mon Jan 05 01:14:01.478135 2026] [php:error] [pid 47884] [client 20.78.178.249:0] script '/domains/testregisgroup/ma1.php' not found or unable to stat
[Mon Jan 05 01:14:01.667040 2026] [access_compat:error] [pid 51841] [client 142.93.129.190:0] AH01797: client denied by server configuration: /domains/hofficer1/server-status
[Mon Jan 05 01:14:01.750103 2026] [php:error] [pid 47884] [client 20.78.178.249:0] script '/domains/testregisgroup/class19.php' not found or unable to stat
[Mon Jan 05 01:14:01.928398 2026] [php:error] [pid 47884] [client 20.78.178.249:0] script '/domains/testregisgroup/class20.php' not found or unable to stat
[Mon Jan 05 01:14:02.105841 2026] [php:error] [pid 47884] [client 20.78.178.249:0] script '/domains/testregisgroup/admin.php' not found or unable to stat
[Mon Jan 05 01:14:02.295568 2026] [php:error] [pid 47884] [client 20.78.178.249:0] script '/domains/testregisgroup/fwe.php' not found or unable to stat
[Mon Jan 05 01:14:02.464571 2026] [php:error] [pid 47884] [client 20.78.178.249:0] script '/domains/testregisgroup/g.php' not found or unable to stat
[Mon Jan 05 01:14:02.698676 2026] [php:error] [pid 47884] [client 20.78.178.249:0] script '/domains/testregisgroup/tx1.php' not found or unable to stat
[Mon Jan 05 01:14:02.867635 2026] [php:error] [pid 47884] [client 20.78.178.249:0] script '/domains/testregisgroup/xv.php' not found or unable to stat
[Mon Jan 05 01:14:03.041848 2026] [php:error] [pid 47884] [client 20.78.178.249:0] script '/domains/testregisgroup/fv.php' not found or unable to stat
[Mon Jan 05 01:14:03.328530 2026] [php:error] [pid 47884] [client 20.78.178.249:0] script '/domains/testregisgroup/as.php' not found or unable to stat
[Mon Jan 05 01:14:03.668562 2026] [php:error] [pid 47884] [client 20.78.178.249:0] script '/domains/testregisgroup/wsd.php' not found or unable to stat
[Mon Jan 05 01:14:03.838399 2026] [php:error] [pid 47884] [client 20.78.178.249:0] script '/domains/testregisgroup/gtc.php' not found or unable to stat
[Mon Jan 05 01:14:04.117697 2026] [php:error] [pid 47884] [client 20.78.178.249:0] script '/domains/testregisgroup/atx.php' not found or unable to stat
[Mon Jan 05 01:14:04.287501 2026] [php:error] [pid 47884] [client 20.78.178.249:0] script '/domains/testregisgroup/z60.php' not found or unable to stat
[Mon Jan 05 01:14:04.489042 2026] [php:error] [pid 47884] [client 20.78.178.249:0] script '/domains/testregisgroup/cheka.php' not found or unable to stat
[Mon Jan 05 01:14:04.658209 2026] [php:error] [pid 47884] [client 20.78.178.249:0] script '/domains/testregisgroup/classgoto24.php' not found or unable to stat
[Mon Jan 05 01:14:04.883298 2026] [php:error] [pid 47884] [client 20.78.178.249:0] script '/domains/testregisgroup/xtride.php' not found or unable to stat
[Mon Jan 05 01:14:05.053852 2026] [php:error] [pid 47884] [client 20.78.178.249:0] script '/domains/testregisgroup/ws29.php' not found or unable to stat
[Mon Jan 05 01:14:05.241149 2026] [php:error] [pid 47884] [client 20.78.178.249:0] script '/domains/testregisgroup/oo.php' not found or unable to stat
[Mon Jan 05 01:14:05.461956 2026] [php:error] [pid 47884] [client 20.78.178.249:0] script '/domains/testregisgroup/s11.php' not found or unable to stat
[Mon Jan 05 01:14:05.631380 2026] [php:error] [pid 47884] [client 20.78.178.249:0] script '/domains/testregisgroup/goat.php' not found or unable to stat
[Mon Jan 05 01:14:05.832321 2026] [php:error] [pid 47884] [client 20.78.178.249:0] script '/domains/testregisgroup/aqw.php' not found or unable to stat
[Mon Jan 05 01:14:06.013557 2026] [php:error] [pid 47884] [client 20.78.178.249:0] script '/domains/testregisgroup/ca1.php' not found or unable to stat
[Mon Jan 05 01:14:06.209562 2026] [php:error] [pid 47884] [client 20.78.178.249:0] script '/domains/testregisgroup/abouta.php' not found or unable to stat
[Mon Jan 05 01:14:06.381280 2026] [php:error] [pid 47884] [client 20.78.178.249:0] script '/domains/testregisgroup/fclas.php' not found or unable to stat
[Mon Jan 05 01:14:06.809345 2026] [php:error] [pid 47884] [client 20.78.178.249:0] script '/domains/testregisgroup/bbn.php' not found or unable to stat
[Mon Jan 05 01:14:06.978268 2026] [php:error] [pid 47884] [client 20.78.178.249:0] script '/domains/testregisgroup/class-t.api.php' not found or unable to stat
[Mon Jan 05 01:14:07.196393 2026] [php:error] [pid 47884] [client 20.78.178.249:0] script '/domains/testregisgroup/xz89.php' not found or unable to stat
[Mon Jan 05 01:14:07.441545 2026] [php:error] [pid 47884] [client 20.78.178.249:0] script '/domains/testregisgroup/wft.php' not found or unable to stat
[Mon Jan 05 01:14:07.615894 2026] [php:error] [pid 47884] [client 20.78.178.249:0] script '/domains/testregisgroup/ws28.php' not found or unable to stat
[Mon Jan 05 01:14:07.790483 2026] [php:error] [pid 47884] [client 20.78.178.249:0] script '/domains/testregisgroup/wsvvs.php' not found or unable to stat
[Mon Jan 05 01:14:08.017389 2026] [php:error] [pid 47884] [client 20.78.178.249:0] script '/domains/testregisgroup/pn.php' not found or unable to stat
[Mon Jan 05 01:14:08.202404 2026] [access_compat:error] [pid 47858] [client 206.189.19.19:0] AH01797: client denied by server configuration: /domains/nlyfoods/server-status
[Mon Jan 05 01:14:08.205309 2026] [php:error] [pid 47884] [client 20.78.178.249:0] script '/domains/testregisgroup/fz.php' not found or unable to stat
[Mon Jan 05 01:14:08.254480 2026] [access_compat:error] [pid 47878] [client 138.68.144.227:0] AH01797: client denied by server configuration: /domains/nlyfoods/server-status
[Mon Jan 05 01:14:08.383131 2026] [access_compat:error] [pid 47858] [client 64.227.32.66:0] AH01797: client denied by server configuration: /domains/nlyfoods/server-status
[Mon Jan 05 01:14:08.432803 2026] [php:error] [pid 47884] [client 20.78.178.249:0] script '/domains/testregisgroup/sang.php' not found or unable to stat
[Mon Jan 05 01:14:08.603405 2026] [php:error] [pid 47884] [client 20.78.178.249:0] script '/domains/testregisgroup/0o0.php' not found or unable to stat
[Mon Jan 05 01:14:08.792620 2026] [php:error] [pid 47884] [client 20.78.178.249:0] script '/domains/testregisgroup/zxl.php' not found or unable to stat
[Mon Jan 05 01:14:08.961359 2026] [php:error] [pid 47884] [client 20.78.178.249:0] script '/domains/testregisgroup/zwso.php' not found or unable to stat
[Mon Jan 05 01:14:09.247257 2026] [php:error] [pid 47884] [client 20.78.178.249:0] script '/domains/testregisgroup/2clas.php' not found or unable to stat
[Mon Jan 05 01:14:09.415908 2026] [php:error] [pid 47884] [client 20.78.178.249:0] script '/domains/testregisgroup/pp.php' not found or unable to stat
[Mon Jan 05 01:14:09.619115 2026] [php:error] [pid 47884] [client 20.78.178.249:0] script '/domains/testregisgroup/files.php' not found or unable to stat
[Mon Jan 05 01:14:09.794388 2026] [php:error] [pid 47884] [client 20.78.178.249:0] script '/domains/testregisgroup/12.php' not found or unable to stat
[Mon Jan 05 01:14:09.968259 2026] [php:error] [pid 47884] [client 20.78.178.249:0] script '/domains/testregisgroup/wsrer.php' not found or unable to stat
[Mon Jan 05 01:14:10.736593 2026] [php:error] [pid 47884] [client 20.78.178.249:0] script '/domains/testregisgroup/xb.php' not found or unable to stat
[Mon Jan 05 01:14:10.793808 2026] [php:error] [pid 47895] [client 165.22.235.3:0] script '/domains/hofficer1/info.php' not found or unable to stat
[Mon Jan 05 01:14:10.916094 2026] [php:error] [pid 47884] [client 20.78.178.249:0] script '/domains/testregisgroup/enclas.php' not found or unable to stat
[Mon Jan 05 01:14:11.201279 2026] [php:error] [pid 47858] [client 64.227.70.2:0] script '/domains/hofficer1/info.php' not found or unable to stat
[Mon Jan 05 01:14:11.206553 2026] [php:error] [pid 47884] [client 20.78.178.249:0] script '/domains/testregisgroup/he.php' not found or unable to stat
[Mon Jan 05 01:14:11.253077 2026] [php:error] [pid 52966] [client 46.101.1.225:0] script '/domains/hofficer1/info.php' not found or unable to stat
[Mon Jan 05 01:14:11.445293 2026] [php:error] [pid 47884] [client 20.78.178.249:0] script '/domains/testregisgroup/sid.php' not found or unable to stat
[Mon Jan 05 01:14:11.606141 2026] [access_compat:error] [pid 47899] [client 143.110.213.72:0] AH01797: client denied by server configuration: /domains/gohover/server-status
[Mon Jan 05 01:14:11.615109 2026] [php:error] [pid 47884] [client 20.78.178.249:0] script '/domains/testregisgroup/f6.php' not found or unable to stat
[Mon Jan 05 01:14:11.678390 2026] [php:error] [pid 52966] [client 142.93.129.190:0] script '/domains/hofficer1/info.php' not found or unable to stat
[Mon Jan 05 01:14:11.786994 2026] [php:error] [pid 47884] [client 20.78.178.249:0] script '/domains/testregisgroup/10.php' not found or unable to stat
[Mon Jan 05 01:14:12.189794 2026] [access_compat:error] [pid 47878] [client 138.68.82.23:0] AH01797: client denied by server configuration: /domains/gohover/server-status
[Mon Jan 05 01:14:12.201180 2026] [access_compat:error] [pid 50768] [client 142.93.129.190:0] AH01797: client denied by server configuration: /domains/gohover/server-status
[Mon Jan 05 01:14:12.331964 2026] [access_compat:error] [pid 50768] [client 142.93.129.190:0] AH01797: client denied by server configuration: /domains/gohover/server-status
[Mon Jan 05 01:14:12.690238 2026] [access_compat:error] [pid 52966] [client 139.59.231.238:0] AH01797: client denied by server configuration: /domains/nlyfoods/server-status
[Mon Jan 05 01:14:13.687158 2026] [php:error] [pid 52966] [client 35.247.243.240:0] script '/domains/rainho/adminer-5.0.3-mysql.php' not found or unable to stat
[Mon Jan 05 01:14:18.203260 2026] [php:error] [pid 48681] [client 206.189.19.19:0] script '/domains/nlyfoods/info.php' not found or unable to stat
[Mon Jan 05 01:14:18.252299 2026] [php:error] [pid 52964] [client 138.68.144.227:0] script '/domains/nlyfoods/info.php' not found or unable to stat
[Mon Jan 05 01:14:18.861499 2026] [php:error] [pid 53540] [client 64.227.32.66:0] script '/domains/nlyfoods/info.php' not found or unable to stat
[Mon Jan 05 01:14:20.933780 2026] [access_compat:error] [pid 53544] [client 138.68.86.32:0] AH01797: client denied by server configuration: /domains/astrosfm/server-status
[Mon Jan 05 01:14:20.934046 2026] [access_compat:error] [pid 47884] [client 167.99.210.137:0] AH01797: client denied by server configuration: /domains/astrosfm/server-status
[Mon Jan 05 01:14:20.936541 2026] [access_compat:error] [pid 53544] [client 68.183.9.16:0] AH01797: client denied by server configuration: /domains/astrosfm/server-status
[Mon Jan 05 01:14:22.078463 2026] [php:error] [pid 53548] [client 143.110.213.72:0] script '/domains/gohover/info.php' not found or unable to stat
[Mon Jan 05 01:14:23.150154 2026] [php:error] [pid 53549] [client 138.68.82.23:0] script '/domains/gohover/info.php' not found or unable to stat
[Mon Jan 05 01:14:23.157513 2026] [php:error] [pid 53551] [client 142.93.129.190:0] script '/domains/gohover/info.php' not found or unable to stat
[Mon Jan 05 01:14:23.254966 2026] [php:error] [pid 53549] [client 142.93.129.190:0] script '/domains/gohover/info.php' not found or unable to stat
[Mon Jan 05 01:14:24.637945 2026] [php:error] [pid 47902] [client 139.59.231.238:0] script '/domains/nlyfoods/info.php' not found or unable to stat
[Mon Jan 05 01:14:24.643185 2026] [access_compat:error] [pid 53551] [client 146.190.103.103:0] AH01797: client denied by server configuration: /domains/astrosfm/server-status
[Mon Jan 05 01:14:30.175404 2026] [php:error] [pid 53551] [client 167.99.210.137:0] script '/domains/astrosfm/info.php' not found or unable to stat
[Mon Jan 05 01:14:30.176189 2026] [php:error] [pid 53544] [client 138.68.86.32:0] script '/domains/astrosfm/info.php' not found or unable to stat
[Mon Jan 05 01:14:30.278817 2026] [php:error] [pid 53540] [client 68.183.9.16:0] script '/domains/astrosfm/info.php' not found or unable to stat
[Mon Jan 05 01:14:34.936047 2026] [php:error] [pid 48681] [client 146.190.103.103:0] script '/domains/astrosfm/info.php' not found or unable to stat
[Mon Jan 05 01:14:41.802113 2026] [php:error] [pid 53549] [client 45.148.10.204:0] script '/domains/abtechsci/phpinfo.php' not found or unable to stat
[Mon Jan 05 01:14:42.657386 2026] [php:error] [pid 53557] [client 45.148.10.204:0] script '/domains/abtechsci/test.php' not found or unable to stat
[Mon Jan 05 01:14:42.828922 2026] [php:error] [pid 53557] [client 45.148.10.204:0] script '/domains/abtechsci/php.php' not found or unable to stat
[Mon Jan 05 01:14:42.997294 2026] [php:error] [pid 53557] [client 45.148.10.204:0] script '/domains/abtechsci/pi.php' not found or unable to stat
[Mon Jan 05 01:14:43.169633 2026] [php:error] [pid 53543] [client 45.148.10.204:0] script '/domains/abtechsci/i.php' not found or unable to stat
[Mon Jan 05 01:14:46.882475 2026] [php:error] [pid 47883] [client 45.148.10.204:0] script '/domains/abtechsci/wp-config.php.bak' not found or unable to stat
[Mon Jan 05 01:14:47.054456 2026] [php:error] [pid 47872] [client 45.148.10.204:0] script '/domains/abtechsci/config.php.bak' not found or unable to stat
[Mon Jan 05 01:14:52.984044 2026] [access_compat:error] [pid 53547] [client 159.89.127.165:0] AH01797: client denied by server configuration: /domains/deltaele/server-status
[Mon Jan 05 01:14:53.292471 2026] [access_compat:error] [pid 47883] [client 206.81.24.227:0] AH01797: client denied by server configuration: /domains/deltaele/server-status
[Mon Jan 05 01:14:53.716692 2026] [access_compat:error] [pid 47883] [client 64.227.70.2:0] AH01797: client denied by server configuration: /domains/deltaele/server-status
[Mon Jan 05 01:14:53.928459 2026] [access_compat:error] [pid 53557] [client 64.227.70.2:0] AH01797: client denied by server configuration: /domains/deltaele/server-status
[Mon Jan 05 01:14:55.551692 2026] [access_compat:error] [pid 53557] [client 146.190.63.48:0] AH01797: client denied by server configuration: /domains/markrose/server-status
[Mon Jan 05 01:14:56.368005 2026] [access_compat:error] [pid 53557] [client 139.59.132.8:0] AH01797: client denied by server configuration: /domains/markrose/server-status
[Mon Jan 05 01:14:57.370603 2026] [access_compat:error] [pid 53555] [client 206.81.24.74:0] AH01797: client denied by server configuration: /domains/markrose/server-status
[Mon Jan 05 01:15:00.438531 2026] [access_compat:error] [pid 53573] [client 159.89.174.87:0] AH01797: client denied by server configuration: /domains/markrose/server-status
[Mon Jan 05 01:15:02.989887 2026] [php:error] [pid 53557] [client 159.89.127.165:0] script '/domains/deltaele/info.php' not found or unable to stat
[Mon Jan 05 01:15:03.299630 2026] [php:error] [pid 47883] [client 206.81.24.227:0] script '/domains/deltaele/info.php' not found or unable to stat
[Mon Jan 05 01:15:03.727143 2026] [php:error] [pid 53556] [client 64.227.70.2:0] script '/domains/deltaele/info.php' not found or unable to stat
[Mon Jan 05 01:15:03.940534 2026] [php:error] [pid 53557] [client 64.227.70.2:0] script '/domains/deltaele/info.php' not found or unable to stat
[Mon Jan 05 01:15:05.853586 2026] [php:error] [pid 47883] [client 146.190.63.48:0] script '/domains/markrose/info.php' not found or unable to stat
[Mon Jan 05 01:15:06.821217 2026] [php:error] [pid 53570] [client 139.59.132.8:0] script '/domains/markrose/info.php' not found or unable to stat
[Mon Jan 05 01:15:07.013641 2026] [php:error] [pid 53565] [client 206.81.24.74:0] script '/domains/markrose/info.php' not found or unable to stat
[Mon Jan 05 01:15:10.471043 2026] [php:error] [pid 53560] [client 159.89.174.87:0] script '/domains/markrose/info.php' not found or unable to stat
[Mon Jan 05 01:15:15.063700 2026] [access_compat:error] [pid 53565] [client 46.101.111.185:0] AH01797: client denied by server configuration: /domains/tmandel/server-status
[Mon Jan 05 01:15:15.138367 2026] [access_compat:error] [pid 53566] [client 138.68.144.227:0] AH01797: client denied by server configuration: /domains/tmandel/server-status
[Mon Jan 05 01:15:15.273231 2026] [access_compat:error] [pid 53551] [client 142.93.129.190:0] AH01797: client denied by server configuration: /domains/tmandel/server-status
[Mon Jan 05 01:15:18.185627 2026] [access_compat:error] [pid 53564] [client 206.189.95.232:0] AH01797: client denied by server configuration: /domains/tmandel/server-status
[Mon Jan 05 01:15:25.082090 2026] [php:error] [pid 53554] [client 46.101.111.185:0] script '/domains/tmandel/info.php' not found or unable to stat
[Mon Jan 05 01:15:25.140884 2026] [php:error] [pid 53556] [client 138.68.144.227:0] script '/domains/tmandel/info.php' not found or unable to stat
[Mon Jan 05 01:15:25.326702 2026] [php:error] [pid 53554] [client 142.93.129.190:0] script '/domains/tmandel/info.php' not found or unable to stat
[Mon Jan 05 01:15:26.502437 2026] [access_compat:error] [pid 53567] [client 206.189.225.181:0] AH01797: client denied by server configuration: /domains/ferguson.interport/server-status
[Mon Jan 05 01:15:26.602248 2026] [access_compat:error] [pid 53577] [client 157.245.113.227:0] AH01797: client denied by server configuration: /domains/ferguson.interport/server-status
[Mon Jan 05 01:15:27.039138 2026] [access_compat:error] [pid 47883] [client 138.68.144.227:0] AH01797: client denied by server configuration: /domains/ferguson.interport/server-status
[Mon Jan 05 01:15:27.118478 2026] [access_compat:error] [pid 53564] [client 139.59.136.184:0] AH01797: client denied by server configuration: /domains/ferguson.interport/server-status
[Mon Jan 05 01:15:28.191589 2026] [php:error] [pid 53556] [client 206.189.95.232:0] script '/domains/tmandel/info.php' not found or unable to stat
[Mon Jan 05 01:15:36.523843 2026] [php:error] [pid 53553] [client 206.189.225.181:0] script '/domains/ferguson.interport/info.php' not found or unable to stat
[Mon Jan 05 01:15:36.601112 2026] [php:error] [pid 53553] [client 157.245.113.227:0] script '/domains/ferguson.interport/info.php' not found or unable to stat
[Mon Jan 05 01:15:37.047660 2026] [php:error] [pid 53553] [client 138.68.144.227:0] script '/domains/ferguson.interport/info.php' not found or unable to stat
[Mon Jan 05 01:15:37.164779 2026] [php:error] [pid 53555] [client 139.59.136.184:0] script '/domains/ferguson.interport/info.php' not found or unable to stat
[Mon Jan 05 01:15:38.138903 2026] [access_compat:error] [pid 53553] [client 167.71.81.114:0] AH01797: client denied by server configuration: /domains/gk3c/server-status
[Mon Jan 05 01:15:38.530893 2026] [access_compat:error] [pid 53580] [client 206.81.24.227:0] AH01797: client denied by server configuration: /domains/gk3c/server-status
[Mon Jan 05 01:15:38.540134 2026] [access_compat:error] [pid 53553] [client 147.182.200.94:0] AH01797: client denied by server configuration: /domains/gk3c/server-status
[Mon Jan 05 01:15:41.967372 2026] [access_compat:error] [pid 53581] [client 128.199.182.55:0] AH01797: client denied by server configuration: /domains/gk3c/server-status
[Mon Jan 05 01:15:43.823628 2026] [php:error] [pid 47883] [client 238.49.141.49:0] script '/domains/redpeninc/0.php' not found or unable to stat, referer: https://www.yahoo.com/
[Mon Jan 05 01:15:43.993712 2026] [php:error] [pid 47883] [client 64.50.133.59:0] script '/domains/redpeninc/1.php' not found or unable to stat, referer: https://www.google.fr/
[Mon Jan 05 01:15:44.164073 2026] [php:error] [pid 47883] [client 217.97.62.12:0] script '/domains/redpeninc/2.php' not found or unable to stat, referer: https://www.google.de/
[Mon Jan 05 01:15:44.336562 2026] [php:error] [pid 47883] [client 61.66.47.167:0] script '/domains/redpeninc/12.php' not found or unable to stat, referer: https://www.google.com/
[Mon Jan 05 01:15:44.506822 2026] [php:error] [pid 47883] [client 111.11.142.141:0] script '/domains/redpeninc/13.php' not found or unable to stat, referer: https://www.google.com/
[Mon Jan 05 01:15:44.677231 2026] [php:error] [pid 47883] [client 235.50.8.141:0] script '/domains/redpeninc/403.php' not found or unable to stat, referer: https://www.bing.com/
[Mon Jan 05 01:15:44.847324 2026] [php:error] [pid 47883] [client 163.162.143.40:0] script '/domains/redpeninc/404.php' not found or unable to stat, referer: https://www.bing.com/
[Mon Jan 05 01:15:45.017501 2026] [php:error] [pid 47883] [client 50.59.253.231:0] script '/domains/redpeninc/a.php' not found or unable to stat, referer: https://www.google.co.uk/
[Mon Jan 05 01:15:45.187555 2026] [php:error] [pid 47883] [client 124.227.36.181:0] script '/domains/redpeninc/aa.php' not found or unable to stat, referer: https://www.bing.com/
[Mon Jan 05 01:15:45.357836 2026] [php:error] [pid 47883] [client 89.183.182.20:0] script '/domains/redpeninc/abcd.php' not found or unable to stat, referer: https://www.bing.com/
[Mon Jan 05 01:15:45.527852 2026] [php:error] [pid 47883] [client 177.96.27.31:0] script '/domains/redpeninc/about.php' not found or unable to stat, referer: https://duckduckgo.com/
[Mon Jan 05 01:15:45.697810 2026] [php:error] [pid 47883] [client 130.154.155.212:0] script '/domains/redpeninc/admin.php' not found or unable to stat, referer: https://www.google.de/
[Mon Jan 05 01:15:45.867861 2026] [php:error] [pid 47883] [client 251.57.84.216:0] script '/domains/redpeninc/admin-header.php' not found or unable to stat, referer: https://www.yahoo.com/
[Mon Jan 05 01:15:46.037838 2026] [php:error] [pid 47883] [client 2.164.14.50:0] script '/domains/redpeninc/adminfuns.php' not found or unable to stat, referer: https://www.google.fr/
[Mon Jan 05 01:15:46.208060 2026] [php:error] [pid 47883] [client 194.210.243.254:0] script '/domains/redpeninc/ahax.php' not found or unable to stat, referer: https://www.google.fr/
[Mon Jan 05 01:15:46.378343 2026] [php:error] [pid 47883] [client 210.49.86.84:0] script '/domains/redpeninc/akcc.php' not found or unable to stat, referer: https://www.google.co.uk/
[Mon Jan 05 01:15:46.548461 2026] [php:error] [pid 47883] [client 190.61.39.177:0] script '/domains/redpeninc/alf.php' not found or unable to stat, referer: https://www.google.co.uk/
[Mon Jan 05 01:15:46.718747 2026] [php:error] [pid 47883] [client 142.180.247.117:0] script '/domains/redpeninc/alfa.php' not found or unable to stat, referer: https://www.google.fr/
[Mon Jan 05 01:15:46.889149 2026] [php:error] [pid 47883] [client 4.190.203.84:0] script '/domains/redpeninc/alfashell.php' not found or unable to stat, referer: https://www.google.co.uk/
[Mon Jan 05 01:15:47.059244 2026] [php:error] [pid 47883] [client 50.48.135.0:0] script '/domains/redpeninc/api.php' not found or unable to stat, referer: https://www.google.com/
[Mon Jan 05 01:15:47.230012 2026] [php:error] [pid 47883] [client 9.220.178.18:0] script '/domains/redpeninc/app.php' not found or unable to stat, referer: https://www.google.de/
[Mon Jan 05 01:15:47.400213 2026] [php:error] [pid 47883] [client 229.79.53.252:0] script '/domains/redpeninc/as.php' not found or unable to stat, referer: https://www.google.fr/
[Mon Jan 05 01:15:47.570348 2026] [php:error] [pid 47883] [client 170.83.137.20:0] script '/domains/redpeninc/bolt.php' not found or unable to stat, referer: https://www.google.fr/
[Mon Jan 05 01:15:47.740858 2026] [php:error] [pid 47883] [client 179.40.49.115:0] script '/domains/redpeninc/buy.php' not found or unable to stat, referer: https://www.google.com/
[Mon Jan 05 01:15:47.912733 2026] [php:error] [pid 47883] [client 179.101.39.3:0] script '/domains/redpeninc/c.php' not found or unable to stat, referer: https://www.bing.com/
