[Mon Jan 05 03:33:20.449054 2026] [php:error] [pid 79469] [client 40.113.19.56:0] script '/domains/astweb/blurbs18.php' not found or unable to stat
[Mon Jan 05 03:33:20.610552 2026] [php:error] [pid 79469] [client 40.113.19.56:0] script '/domains/astweb/claa.php' not found or unable to stat
[Mon Jan 05 03:33:20.683570 2026] [php:error] [pid 79469] [client 40.113.19.56:0] script '/domains/astweb/shoyo.php' not found or unable to stat
[Mon Jan 05 03:33:20.776316 2026] [php:error] [pid 79469] [client 40.113.19.56:0] script '/domains/astweb/flower.php' not found or unable to stat
[Mon Jan 05 03:33:20.846352 2026] [php:error] [pid 79469] [client 40.113.19.56:0] script '/domains/astweb/waq.php' not found or unable to stat
[Mon Jan 05 03:33:21.018185 2026] [php:error] [pid 79469] [client 40.113.19.56:0] script '/domains/astweb/wakak.php' not found or unable to stat
[Mon Jan 05 03:33:21.177573 2026] [php:error] [pid 79469] [client 40.113.19.56:0] script '/domains/astweb/adminfuns.php' not found or unable to stat
[Mon Jan 05 03:33:21.247923 2026] [php:error] [pid 79469] [client 40.113.19.56:0] script '/domains/astweb/wp-good.php' not found or unable to stat
[Mon Jan 05 03:33:21.335859 2026] [php:error] [pid 79469] [client 40.113.19.56:0] script '/domains/astweb/xse25.php' not found or unable to stat
[Mon Jan 05 03:33:21.412889 2026] [php:error] [pid 79469] [client 40.113.19.56:0] script '/domains/astweb/nox.php' not found or unable to stat
[Mon Jan 05 03:33:21.483408 2026] [php:error] [pid 79469] [client 40.113.19.56:0] script '/domains/astweb/file48.php' not found or unable to stat
[Mon Jan 05 03:33:21.611551 2026] [php:error] [pid 79469] [client 40.113.19.56:0] script '/domains/astweb/info.php' not found or unable to stat
[Mon Jan 05 03:33:21.707738 2026] [php:error] [pid 79469] [client 40.113.19.56:0] script '/domains/astweb/class9.php' not found or unable to stat
[Mon Jan 05 03:33:21.858424 2026] [php:error] [pid 79469] [client 40.113.19.56:0] script '/domains/astweb/bless11.php' not found or unable to stat
[Mon Jan 05 03:33:22.009361 2026] [php:error] [pid 79469] [client 40.113.19.56:0] script '/domains/astweb/403.php' not found or unable to stat
[Mon Jan 05 03:33:22.146361 2026] [php:error] [pid 79469] [client 40.113.19.56:0] script '/domains/astweb/ac.php' not found or unable to stat
[Mon Jan 05 03:33:22.312285 2026] [php:error] [pid 79469] [client 40.113.19.56:0] script '/domains/astweb/az.php' not found or unable to stat
[Mon Jan 05 03:33:22.419125 2026] [php:error] [pid 79469] [client 40.113.19.56:0] script '/domains/astweb/galex.php' not found or unable to stat
[Mon Jan 05 03:33:22.489211 2026] [php:error] [pid 79469] [client 40.113.19.56:0] script '/domains/astweb/rh.php' not found or unable to stat
[Mon Jan 05 03:33:22.696301 2026] [php:error] [pid 79469] [client 40.113.19.56:0] script '/domains/astweb/chosen.php' not found or unable to stat
[Mon Jan 05 03:33:22.829161 2026] [php:error] [pid 79469] [client 40.113.19.56:0] script '/domains/astweb/class.php' not found or unable to stat
[Mon Jan 05 03:33:22.899769 2026] [php:error] [pid 79469] [client 40.113.19.56:0] script '/domains/astweb/bless5.php' not found or unable to stat
[Mon Jan 05 03:33:23.189490 2026] [php:error] [pid 79469] [client 40.113.19.56:0] script '/domains/astweb/lock360.php' not found or unable to stat
[Mon Jan 05 03:33:23.263512 2026] [php:error] [pid 79469] [client 40.113.19.56:0] script '/domains/astweb/f35.php' not found or unable to stat
[Mon Jan 05 03:33:23.337823 2026] [php:error] [pid 79469] [client 40.113.19.56:0] script '/domains/astweb/ha.php' not found or unable to stat
[Mon Jan 05 03:33:23.417808 2026] [php:error] [pid 79469] [client 40.113.19.56:0] script '/domains/astweb/gg.php' not found or unable to stat
[Mon Jan 05 03:33:23.488042 2026] [php:error] [pid 79469] [client 40.113.19.56:0] script '/domains/astweb/ar.php' not found or unable to stat
[Mon Jan 05 03:33:23.679201 2026] [php:error] [pid 79469] [client 40.113.19.56:0] script '/domains/astweb/x.php' not found or unable to stat
[Mon Jan 05 03:33:23.833136 2026] [php:error] [pid 79469] [client 40.113.19.56:0] script '/domains/astweb/xx.php' not found or unable to stat
[Mon Jan 05 03:33:23.931122 2026] [php:error] [pid 79469] [client 40.113.19.56:0] script '/domains/astweb/gifclass4.php' not found or unable to stat
[Mon Jan 05 03:33:24.243715 2026] [php:error] [pid 79469] [client 40.113.19.56:0] script '/domains/astweb/radio.php' not found or unable to stat
[Mon Jan 05 03:33:24.313931 2026] [php:error] [pid 79469] [client 40.113.19.56:0] script '/domains/astweb/blurbs15.php' not found or unable to stat
[Mon Jan 05 03:33:24.385255 2026] [php:error] [pid 79469] [client 40.113.19.56:0] script '/domains/astweb/gifclass.php' not found or unable to stat
[Mon Jan 05 03:33:24.629983 2026] [php:error] [pid 79469] [client 40.113.19.56:0] script '/domains/astweb/security.php' not found or unable to stat
[Mon Jan 05 03:33:24.734145 2026] [php:error] [pid 79469] [client 40.113.19.56:0] script '/domains/astweb/ww1.php' not found or unable to stat
[Mon Jan 05 03:33:24.806466 2026] [php:error] [pid 79469] [client 40.113.19.56:0] script '/domains/astweb/alfa.php' not found or unable to stat
[Mon Jan 05 03:33:24.876770 2026] [php:error] [pid 79469] [client 40.113.19.56:0] script '/domains/astweb/manager.php' not found or unable to stat
[Mon Jan 05 03:33:25.001613 2026] [php:error] [pid 79469] [client 40.113.19.56:0] script '/domains/astweb/item.php' not found or unable to stat
[Mon Jan 05 03:33:25.071878 2026] [php:error] [pid 79469] [client 40.113.19.56:0] script '/domains/astweb/sx.php' not found or unable to stat
[Mon Jan 05 03:33:25.276809 2026] [php:error] [pid 79469] [client 40.113.19.56:0] script '/domains/astweb/inputs.php' not found or unable to stat
[Mon Jan 05 03:33:25.358810 2026] [php:error] [pid 79469] [client 40.113.19.56:0] script '/domains/astweb/about.php' not found or unable to stat
[Mon Jan 05 03:33:25.442830 2026] [php:error] [pid 79469] [client 40.113.19.56:0] script '/domains/astweb/classwithtostring.php' not found or unable to stat
[Mon Jan 05 03:33:25.563685 2026] [php:error] [pid 79469] [client 40.113.19.56:0] script '/domains/astweb/abcd.php' not found or unable to stat
[Mon Jan 05 03:33:25.642285 2026] [php:error] [pid 79469] [client 40.113.19.56:0] script '/domains/astweb/admin.php' not found or unable to stat
[Mon Jan 05 03:33:25.734640 2026] [php:error] [pid 79469] [client 40.113.19.56:0] script '/domains/astweb/w.php' not found or unable to stat
[Mon Jan 05 03:33:25.912738 2026] [php:error] [pid 79469] [client 40.113.19.56:0] script '/domains/astweb/404.php' not found or unable to stat
[Mon Jan 05 03:33:25.983221 2026] [php:error] [pid 79469] [client 40.113.19.56:0] script '/domains/astweb/ioxi-o.php' not found or unable to stat
[Mon Jan 05 03:33:26.080332 2026] [php:error] [pid 79469] [client 40.113.19.56:0] script '/domains/astweb/0x.php' not found or unable to stat
[Mon Jan 05 03:33:26.196237 2026] [php:error] [pid 79469] [client 40.113.19.56:0] script '/domains/astweb/css.php' not found or unable to stat
[Mon Jan 05 03:33:26.267209 2026] [php:error] [pid 79469] [client 40.113.19.56:0] script '/domains/astweb/222.php' not found or unable to stat
[Mon Jan 05 03:33:26.374894 2026] [php:error] [pid 79469] [client 40.113.19.56:0] script '/domains/astweb/click.php' not found or unable to stat
[Mon Jan 05 03:33:26.488665 2026] [php:error] [pid 79469] [client 40.113.19.56:0] script '/domains/astweb/install.php' not found or unable to stat
[Mon Jan 05 03:33:26.558714 2026] [php:error] [pid 79469] [client 40.113.19.56:0] script '/domains/astweb/simple.php' not found or unable to stat
[Mon Jan 05 03:33:26.628494 2026] [php:error] [pid 79469] [client 40.113.19.56:0] script '/domains/astweb/css.php' not found or unable to stat
[Mon Jan 05 03:33:26.741435 2026] [php:error] [pid 79469] [client 40.113.19.56:0] script '/domains/astweb/ma1.php' not found or unable to stat
[Mon Jan 05 03:33:26.812062 2026] [php:error] [pid 79469] [client 40.113.19.56:0] script '/domains/astweb/class19.php' not found or unable to stat
[Mon Jan 05 03:33:26.897377 2026] [php:error] [pid 79469] [client 40.113.19.56:0] script '/domains/astweb/class20.php' not found or unable to stat
[Mon Jan 05 03:33:27.022332 2026] [php:error] [pid 79469] [client 40.113.19.56:0] script '/domains/astweb/admin.php' not found or unable to stat
[Mon Jan 05 03:33:27.132780 2026] [php:error] [pid 79469] [client 40.113.19.56:0] script '/domains/astweb/fwe.php' not found or unable to stat
[Mon Jan 05 03:33:27.246435 2026] [php:error] [pid 79469] [client 40.113.19.56:0] script '/domains/astweb/g.php' not found or unable to stat
[Mon Jan 05 03:33:27.316655 2026] [php:error] [pid 79469] [client 40.113.19.56:0] script '/domains/astweb/tx1.php' not found or unable to stat
[Mon Jan 05 03:33:27.448366 2026] [php:error] [pid 79469] [client 40.113.19.56:0] script '/domains/astweb/xv.php' not found or unable to stat
[Mon Jan 05 03:33:27.519577 2026] [php:error] [pid 79469] [client 40.113.19.56:0] script '/domains/astweb/fv.php' not found or unable to stat
[Mon Jan 05 03:33:27.591285 2026] [php:error] [pid 79469] [client 40.113.19.56:0] script '/domains/astweb/as.php' not found or unable to stat
[Mon Jan 05 03:33:27.688319 2026] [php:error] [pid 79469] [client 40.113.19.56:0] script '/domains/astweb/wsd.php' not found or unable to stat
[Mon Jan 05 03:33:27.759970 2026] [php:error] [pid 79469] [client 40.113.19.56:0] script '/domains/astweb/gtc.php' not found or unable to stat
[Mon Jan 05 03:33:27.879693 2026] [php:error] [pid 79469] [client 40.113.19.56:0] script '/domains/astweb/atx.php' not found or unable to stat
[Mon Jan 05 03:33:27.953719 2026] [php:error] [pid 79469] [client 40.113.19.56:0] script '/domains/astweb/z60.php' not found or unable to stat
[Mon Jan 05 03:33:28.190873 2026] [php:error] [pid 79469] [client 40.113.19.56:0] script '/domains/astweb/cheka.php' not found or unable to stat
[Mon Jan 05 03:33:28.483421 2026] [php:error] [pid 79469] [client 40.113.19.56:0] script '/domains/astweb/classgoto24.php' not found or unable to stat
[Mon Jan 05 03:33:29.122271 2026] [php:error] [pid 79401] [client 40.113.19.56:0] script '/domains/astweb/xtride.php' not found or unable to stat
[Mon Jan 05 03:33:29.255227 2026] [php:error] [pid 79401] [client 40.113.19.56:0] script '/domains/astweb/ws29.php' not found or unable to stat
[Mon Jan 05 03:33:30.102316 2026] [php:error] [pid 79401] [client 40.113.19.56:0] script '/domains/astweb/oo.php' not found or unable to stat
[Mon Jan 05 03:33:30.176868 2026] [php:error] [pid 79401] [client 40.113.19.56:0] script '/domains/astweb/s11.php' not found or unable to stat
[Mon Jan 05 03:33:30.281823 2026] [php:error] [pid 79401] [client 40.113.19.56:0] script '/domains/astweb/goat.php' not found or unable to stat
[Mon Jan 05 03:33:30.354735 2026] [php:error] [pid 79401] [client 40.113.19.56:0] script '/domains/astweb/aqw.php' not found or unable to stat
[Mon Jan 05 03:33:30.427735 2026] [php:error] [pid 79401] [client 40.113.19.56:0] script '/domains/astweb/ca1.php' not found or unable to stat
[Mon Jan 05 03:33:30.514984 2026] [php:error] [pid 79401] [client 40.113.19.56:0] script '/domains/astweb/abouta.php' not found or unable to stat
[Mon Jan 05 03:33:30.590323 2026] [php:error] [pid 79401] [client 40.113.19.56:0] script '/domains/astweb/fclas.php' not found or unable to stat
[Mon Jan 05 03:33:30.662989 2026] [php:error] [pid 79401] [client 40.113.19.56:0] script '/domains/astweb/bbn.php' not found or unable to stat
[Mon Jan 05 03:33:30.736685 2026] [php:error] [pid 79401] [client 40.113.19.56:0] script '/domains/astweb/class-t.api.php' not found or unable to stat
[Mon Jan 05 03:33:30.865557 2026] [php:error] [pid 79401] [client 40.113.19.56:0] script '/domains/astweb/xz89.php' not found or unable to stat
[Mon Jan 05 03:33:31.002011 2026] [php:error] [pid 79401] [client 40.113.19.56:0] script '/domains/astweb/wft.php' not found or unable to stat
[Mon Jan 05 03:33:31.152903 2026] [php:error] [pid 79401] [client 40.113.19.56:0] script '/domains/astweb/ws28.php' not found or unable to stat
[Mon Jan 05 03:33:31.225347 2026] [php:error] [pid 79401] [client 40.113.19.56:0] script '/domains/astweb/wsvvs.php' not found or unable to stat
[Mon Jan 05 03:33:31.298622 2026] [php:error] [pid 79401] [client 40.113.19.56:0] script '/domains/astweb/pn.php' not found or unable to stat
[Mon Jan 05 03:33:31.451614 2026] [php:error] [pid 79401] [client 40.113.19.56:0] script '/domains/astweb/fz.php' not found or unable to stat
[Mon Jan 05 03:33:31.528196 2026] [php:error] [pid 79401] [client 40.113.19.56:0] script '/domains/astweb/sang.php' not found or unable to stat
[Mon Jan 05 03:33:31.682039 2026] [php:error] [pid 79401] [client 40.113.19.56:0] script '/domains/astweb/0o0.php' not found or unable to stat
[Mon Jan 05 03:33:31.754444 2026] [php:error] [pid 79401] [client 40.113.19.56:0] script '/domains/astweb/zxl.php' not found or unable to stat
[Mon Jan 05 03:33:31.866722 2026] [php:error] [pid 79401] [client 40.113.19.56:0] script '/domains/astweb/zwso.php' not found or unable to stat
[Mon Jan 05 03:33:31.939020 2026] [php:error] [pid 79401] [client 40.113.19.56:0] script '/domains/astweb/2clas.php' not found or unable to stat
[Mon Jan 05 03:33:32.218571 2026] [php:error] [pid 79401] [client 40.113.19.56:0] script '/domains/astweb/pp.php' not found or unable to stat
[Mon Jan 05 03:33:32.335387 2026] [php:error] [pid 79401] [client 40.113.19.56:0] script '/domains/astweb/files.php' not found or unable to stat
[Mon Jan 05 03:33:32.451376 2026] [php:error] [pid 79401] [client 40.113.19.56:0] script '/domains/astweb/12.php' not found or unable to stat
[Mon Jan 05 03:33:32.570196 2026] [php:error] [pid 79401] [client 40.113.19.56:0] script '/domains/astweb/wsrer.php' not found or unable to stat
[Mon Jan 05 03:33:32.642723 2026] [php:error] [pid 79401] [client 40.113.19.56:0] script '/domains/astweb/xb.php' not found or unable to stat
[Mon Jan 05 03:33:32.715928 2026] [php:error] [pid 79401] [client 40.113.19.56:0] script '/domains/astweb/enclas.php' not found or unable to stat
[Mon Jan 05 03:33:32.945333 2026] [php:error] [pid 79401] [client 40.113.19.56:0] script '/domains/astweb/he.php' not found or unable to stat
[Mon Jan 05 03:33:33.083780 2026] [php:error] [pid 79401] [client 40.113.19.56:0] script '/domains/astweb/sid.php' not found or unable to stat
[Mon Jan 05 03:33:33.188576 2026] [php:error] [pid 79401] [client 40.113.19.56:0] script '/domains/astweb/f6.php' not found or unable to stat
[Mon Jan 05 03:33:33.275674 2026] [php:error] [pid 79401] [client 40.113.19.56:0] script '/domains/astweb/10.php' not found or unable to stat
[Mon Jan 05 03:36:42.954728 2026] [php:error] [pid 79486] [client 55.108.203.29:0] script '/domains/tennex/0.php' not found or unable to stat, referer: https://duckduckgo.com/
[Mon Jan 05 03:36:43.136578 2026] [php:error] [pid 79486] [client 33.253.116.118:0] script '/domains/tennex/1.php' not found or unable to stat, referer: https://www.bing.com/
[Mon Jan 05 03:36:43.317466 2026] [php:error] [pid 79486] [client 167.23.16.156:0] script '/domains/tennex/2.php' not found or unable to stat, referer: https://duckduckgo.com/
[Mon Jan 05 03:36:43.499131 2026] [php:error] [pid 79486] [client 150.37.129.224:0] script '/domains/tennex/12.php' not found or unable to stat, referer: https://www.google.de/
[Mon Jan 05 03:36:43.680957 2026] [php:error] [pid 79486] [client 66.97.179.92:0] script '/domains/tennex/13.php' not found or unable to stat, referer: https://www.google.de/
[Mon Jan 05 03:36:43.938634 2026] [php:error] [pid 79486] [client 139.8.93.193:0] script '/domains/tennex/403.php' not found or unable to stat, referer: https://www.bing.com/
[Mon Jan 05 03:36:44.119207 2026] [php:error] [pid 79486] [client 193.55.170.73:0] script '/domains/tennex/404.php' not found or unable to stat, referer: https://www.google.de/
[Mon Jan 05 03:36:44.299817 2026] [php:error] [pid 79486] [client 66.135.95.177:0] script '/domains/tennex/a.php' not found or unable to stat, referer: https://www.google.co.uk/
[Mon Jan 05 03:36:44.481486 2026] [php:error] [pid 79486] [client 86.248.179.61:0] script '/domains/tennex/aa.php' not found or unable to stat, referer: https://www.google.fr/
[Mon Jan 05 03:36:44.662653 2026] [php:error] [pid 79486] [client 130.242.218.148:0] script '/domains/tennex/abcd.php' not found or unable to stat, referer: https://www.google.fr/
[Mon Jan 05 03:36:44.843172 2026] [php:error] [pid 79486] [client 138.239.208.179:0] script '/domains/tennex/about.php' not found or unable to stat, referer: https://www.google.fr/
[Mon Jan 05 03:36:45.024136 2026] [php:error] [pid 79486] [client 207.118.43.178:0] script '/domains/tennex/admin.php' not found or unable to stat, referer: https://www.bing.com/
[Mon Jan 05 03:36:45.204925 2026] [php:error] [pid 79486] [client 150.152.71.17:0] script '/domains/tennex/admin-header.php' not found or unable to stat, referer: https://www.google.com/
[Mon Jan 05 03:36:45.386090 2026] [php:error] [pid 79486] [client 139.118.98.107:0] script '/domains/tennex/adminfuns.php' not found or unable to stat, referer: https://www.google.fr/
[Mon Jan 05 03:36:45.567620 2026] [php:error] [pid 79486] [client 1.155.196.134:0] script '/domains/tennex/ahax.php' not found or unable to stat, referer: https://www.google.fr/
[Mon Jan 05 03:36:45.748120 2026] [php:error] [pid 79486] [client 243.164.171.41:0] script '/domains/tennex/akcc.php' not found or unable to stat, referer: https://www.google.de/
[Mon Jan 05 03:36:45.928644 2026] [php:error] [pid 79486] [client 205.86.26.30:0] script '/domains/tennex/alf.php' not found or unable to stat, referer: https://www.yahoo.com/
[Mon Jan 05 03:36:46.110029 2026] [php:error] [pid 79486] [client 164.225.229.100:0] script '/domains/tennex/alfa.php' not found or unable to stat, referer: https://www.bing.com/
[Mon Jan 05 03:36:46.338078 2026] [php:error] [pid 79486] [client 74.148.37.84:0] script '/domains/tennex/alfashell.php' not found or unable to stat, referer: https://duckduckgo.com/
[Mon Jan 05 03:36:46.518530 2026] [php:error] [pid 79486] [client 234.197.231.243:0] script '/domains/tennex/api.php' not found or unable to stat, referer: https://www.yahoo.com/
[Mon Jan 05 03:36:46.699222 2026] [php:error] [pid 79486] [client 144.213.115.211:0] script '/domains/tennex/app.php' not found or unable to stat, referer: https://duckduckgo.com/
[Mon Jan 05 03:36:46.880405 2026] [php:error] [pid 79486] [client 26.154.68.121:0] script '/domains/tennex/as.php' not found or unable to stat, referer: https://www.google.de/
[Mon Jan 05 03:36:47.060951 2026] [php:error] [pid 79486] [client 152.182.124.179:0] script '/domains/tennex/bolt.php' not found or unable to stat, referer: https://www.yahoo.com/
[Mon Jan 05 03:36:47.241581 2026] [php:error] [pid 79486] [client 219.224.123.18:0] script '/domains/tennex/buy.php' not found or unable to stat, referer: https://www.google.fr/
[Mon Jan 05 03:36:47.422912 2026] [php:error] [pid 79486] [client 14.49.231.155:0] script '/domains/tennex/c.php' not found or unable to stat, referer: https://www.google.fr/
[Mon Jan 05 03:36:47.671599 2026] [php:error] [pid 79486] [client 53.153.206.28:0] script '/domains/tennex/cc.php' not found or unable to stat, referer: https://www.google.fr/
[Mon Jan 05 03:36:47.852100 2026] [php:error] [pid 79486] [client 35.138.182.176:0] script '/domains/tennex/chosen.php' not found or unable to stat, referer: https://duckduckgo.com/
[Mon Jan 05 03:36:48.032501 2026] [php:error] [pid 79486] [client 235.215.125.212:0] script '/domains/tennex/classwithtostring.php' not found or unable to stat, referer: https://www.yahoo.com/
[Mon Jan 05 03:36:48.213105 2026] [php:error] [pid 79486] [client 88.125.241.50:0] script '/domains/tennex/config.php' not found or unable to stat, referer: https://www.google.co.uk/
[Mon Jan 05 03:36:48.393520 2026] [php:error] [pid 79486] [client 130.30.72.207:0] script '/domains/tennex/content.php' not found or unable to stat, referer: https://www.yahoo.com/
[Mon Jan 05 03:36:48.574236 2026] [php:error] [pid 79486] [client 198.141.126.71:0] script '/domains/tennex/dropdown.php' not found or unable to stat, referer: https://www.google.com/
[Mon Jan 05 03:36:48.792874 2026] [php:error] [pid 79486] [client 199.109.117.159:0] script '/domains/tennex/edit.php' not found or unable to stat, referer: https://duckduckgo.com/
[Mon Jan 05 03:36:48.973675 2026] [php:error] [pid 79486] [client 179.56.230.164:0] script '/domains/tennex/ee.php' not found or unable to stat, referer: https://www.yahoo.com/
[Mon Jan 05 03:36:49.154225 2026] [php:error] [pid 79486] [client 108.19.92.236:0] script '/domains/tennex/favicon.php' not found or unable to stat, referer: https://www.google.co.uk/
[Mon Jan 05 03:36:49.335203 2026] [php:error] [pid 79486] [client 79.97.22.13:0] script '/domains/tennex/file.php' not found or unable to stat, referer: https://www.bing.com/
[Mon Jan 05 03:36:49.515526 2026] [php:error] [pid 79486] [client 198.216.158.127:0] script '/domains/tennex/fm.php' not found or unable to stat, referer: https://duckduckgo.com/
[Mon Jan 05 03:36:49.696287 2026] [php:error] [pid 79486] [client 149.210.255.22:0] script '/domains/tennex/fx.php' not found or unable to stat, referer: https://www.google.com/
[Mon Jan 05 03:36:49.876800 2026] [php:error] [pid 79486] [client 40.111.81.188:0] script '/domains/tennex/gecko.php' not found or unable to stat, referer: https://duckduckgo.com/
[Mon Jan 05 03:36:50.070296 2026] [php:error] [pid 79486] [client 173.243.17.66:0] script '/domains/tennex/gecko-new.php' not found or unable to stat, referer: https://www.google.fr/
[Mon Jan 05 03:36:50.250897 2026] [php:error] [pid 79486] [client 154.184.138.191:0] script '/domains/tennex/gel4y.php' not found or unable to stat, referer: https://www.google.co.uk/
[Mon Jan 05 03:36:50.431508 2026] [php:error] [pid 79486] [client 130.66.244.112:0] script '/domains/tennex/gg.php' not found or unable to stat, referer: https://www.google.de/
[Mon Jan 05 03:36:50.612283 2026] [php:error] [pid 79486] [client 151.79.161.59:0] script '/domains/tennex/goods.php' not found or unable to stat, referer: https://duckduckgo.com/
[Mon Jan 05 03:36:50.793298 2026] [php:error] [pid 79486] [client 233.66.117.103:0] script '/domains/tennex/help.php' not found or unable to stat, referer: https://www.google.fr/
[Mon Jan 05 03:36:50.973942 2026] [php:error] [pid 79486] [client 147.124.17.236:0] script '/domains/tennex/i.php' not found or unable to stat, referer: https://www.google.de/
[Mon Jan 05 03:36:51.154635 2026] [php:error] [pid 79486] [client 139.99.77.101:0] script '/domains/tennex/index.php' not found or unable to stat, referer: https://www.google.de/
[Mon Jan 05 03:36:51.335106 2026] [php:error] [pid 79486] [client 85.212.144.72:0] script '/domains/tennex/info.php' not found or unable to stat, referer: https://www.google.com/
[Mon Jan 05 03:36:51.515630 2026] [php:error] [pid 79486] [client 239.63.71.39:0] script '/domains/tennex/ioxi-o.php' not found or unable to stat, referer: https://www.google.de/
[Mon Jan 05 03:36:51.696392 2026] [php:error] [pid 79486] [client 58.156.58.88:0] script '/domains/tennex/k.php' not found or unable to stat, referer: https://www.google.co.uk/
[Mon Jan 05 03:36:51.877820 2026] [php:error] [pid 79486] [client 54.245.232.84:0] script '/domains/tennex/link.php' not found or unable to stat, referer: https://www.google.de/
[Mon Jan 05 03:36:52.058723 2026] [php:error] [pid 79486] [client 5.144.195.53:0] script '/domains/tennex/man.php' not found or unable to stat, referer: https://www.google.de/
[Mon Jan 05 03:36:52.239517 2026] [php:error] [pid 79486] [client 2.111.95.167:0] script '/domains/tennex/mini.php' not found or unable to stat, referer: https://www.google.fr/
[Mon Jan 05 03:36:52.435880 2026] [php:error] [pid 79486] [client 47.203.222.5:0] script '/domains/tennex/new.php' not found or unable to stat, referer: https://duckduckgo.com/
[Mon Jan 05 03:36:52.620494 2026] [php:error] [pid 79486] [client 150.218.0.117:0] script '/domains/tennex/num.php' not found or unable to stat, referer: https://www.bing.com/
[Mon Jan 05 03:36:52.801424 2026] [php:error] [pid 79486] [client 159.52.143.211:0] script '/domains/tennex/root.php' not found or unable to stat, referer: https://www.google.co.uk/
[Mon Jan 05 03:36:52.981969 2026] [php:error] [pid 79486] [client 85.206.96.245:0] script '/domains/tennex/shell.php' not found or unable to stat, referer: https://www.bing.com/
[Mon Jan 05 03:36:53.167934 2026] [php:error] [pid 79486] [client 103.75.188.1:0] script '/domains/tennex/system.php' not found or unable to stat, referer: https://www.google.co.uk/
[Mon Jan 05 03:36:53.348565 2026] [php:error] [pid 79486] [client 234.182.246.100:0] script '/domains/tennex/termps.php' not found or unable to stat, referer: https://duckduckgo.com/
[Mon Jan 05 03:36:53.529304 2026] [php:error] [pid 79486] [client 46.62.233.179:0] script '/domains/tennex/test.php' not found or unable to stat, referer: https://www.google.de/
[Mon Jan 05 03:36:53.717942 2026] [php:error] [pid 79486] [client 217.194.101.27:0] script '/domains/tennex/tiny.php' not found or unable to stat, referer: https://www.google.fr/
[Mon Jan 05 03:36:53.898495 2026] [php:error] [pid 79486] [client 57.38.162.13:0] script '/domains/tennex/user.php' not found or unable to stat, referer: https://www.google.co.uk/
[Mon Jan 05 03:36:54.079074 2026] [php:error] [pid 79486] [client 103.172.4.199:0] script '/domains/tennex/vx.php' not found or unable to stat, referer: https://www.google.co.uk/
[Mon Jan 05 03:36:54.269233 2026] [php:error] [pid 79486] [client 184.112.188.30:0] script '/domains/tennex/wp-admin.php' not found or unable to stat, referer: https://duckduckgo.com/
[Mon Jan 05 03:36:54.449686 2026] [php:error] [pid 79486] [client 21.176.226.105:0] script '/domains/tennex/wp-blog.php' not found or unable to stat, referer: https://www.google.co.uk/
[Mon Jan 05 03:36:54.630387 2026] [php:error] [pid 79486] [client 110.117.28.32:0] script '/domains/tennex/wp-good.php' not found or unable to stat, referer: https://duckduckgo.com/
[Mon Jan 05 03:36:54.811025 2026] [php:error] [pid 79486] [client 134.89.134.104:0] script '/domains/tennex/wp-include.php' not found or unable to stat, referer: https://www.google.de/
[Mon Jan 05 03:36:54.992062 2026] [php:error] [pid 79486] [client 249.99.167.51:0] script '/domains/tennex/wp-links.php' not found or unable to stat, referer: https://duckduckgo.com/
[Mon Jan 05 03:36:55.182141 2026] [php:error] [pid 79486] [client 23.175.159.34:0] script '/domains/tennex/wp-signin.php' not found or unable to stat, referer: https://www.bing.com/
[Mon Jan 05 03:36:55.363519 2026] [php:error] [pid 79486] [client 31.204.151.210:0] script '/domains/tennex/wp-trackback.php' not found or unable to stat, referer: https://www.google.com/
[Mon Jan 05 03:36:55.544040 2026] [php:error] [pid 79486] [client 96.78.160.139:0] script '/domains/tennex/wp.php' not found or unable to stat, referer: https://www.google.fr/
[Mon Jan 05 03:36:55.724657 2026] [php:error] [pid 79486] [client 124.24.176.93:0] script '/domains/tennex/wso.php' not found or unable to stat, referer: https://www.google.de/
[Mon Jan 05 03:36:55.918690 2026] [php:error] [pid 79486] [client 41.250.7.237:0] script '/domains/tennex/xmlrpc.php' not found or unable to stat, referer: https://www.yahoo.com/
[Mon Jan 05 03:36:56.101284 2026] [php:error] [pid 79486] [client 236.157.84.248:0] script '/domains/tennex/xmrlpc.php' not found or unable to stat, referer: https://www.bing.com/
[Mon Jan 05 03:37:22.985430 2026] [php:error] [pid 79527] [client 145.239.10.137:0] script '/domains/acagolf1/403.php' not found or unable to stat, referer: http://acagolf.com/403.php
[Mon Jan 05 03:38:42.189503 2026] [php:error] [pid 79529] [client 177.84.164.105:0] script '/domains/deltaele/ioxi-o.php' not found or unable to stat, referer: https://duckduckgo.com/
[Mon Jan 05 03:38:42.359629 2026] [php:error] [pid 79529] [client 137.177.198.183:0] script '/domains/deltaele/0x.php' not found or unable to stat, referer: https://www.google.co.uk/
[Mon Jan 05 03:38:42.529845 2026] [php:error] [pid 79529] [client 99.108.150.244:0] script '/domains/deltaele/222.php' not found or unable to stat, referer: https://www.google.com/
[Mon Jan 05 03:38:42.699991 2026] [php:error] [pid 79529] [client 165.141.220.30:0] script '/domains/deltaele/aa.php' not found or unable to stat, referer: https://duckduckgo.com/
[Mon Jan 05 03:38:42.869980 2026] [php:error] [pid 79529] [client 52.147.68.81:0] script '/domains/deltaele/abcd.php' not found or unable to stat, referer: https://www.bing.com/
[Mon Jan 05 03:38:43.040186 2026] [php:error] [pid 79529] [client 218.107.83.75:0] script '/domains/deltaele/admin.php' not found or unable to stat, referer: https://www.bing.com/
[Mon Jan 05 03:38:43.381910 2026] [php:error] [pid 79529] [client 213.124.114.130:0] script '/domains/deltaele/adminfuns.php' not found or unable to stat, referer: https://www.google.fr/
[Mon Jan 05 03:38:43.553334 2026] [php:error] [pid 79529] [client 174.7.42.139:0] script '/domains/deltaele/akc.php' not found or unable to stat, referer: https://duckduckgo.com/
[Mon Jan 05 03:38:43.724495 2026] [php:error] [pid 79529] [client 39.233.243.14:0] script '/domains/deltaele/buy.php' not found or unable to stat, referer: https://www.bing.com/
[Mon Jan 05 03:38:43.894832 2026] [php:error] [pid 79529] [client 159.250.69.241:0] script '/domains/deltaele/cong.php' not found or unable to stat, referer: https://www.google.de/
[Mon Jan 05 03:38:44.236565 2026] [php:error] [pid 79529] [client 252.121.221.178:0] script '/domains/deltaele/db.php' not found or unable to stat, referer: https://www.google.de/
[Mon Jan 05 03:38:44.406574 2026] [php:error] [pid 79529] [client 241.39.243.41:0] script '/domains/deltaele/dropdown.php' not found or unable to stat, referer: https://www.google.com/
[Mon Jan 05 03:38:44.576907 2026] [php:error] [pid 79529] [client 232.165.4.139:0] script '/domains/deltaele/file.php' not found or unable to stat, referer: https://www.google.de/
[Mon Jan 05 03:38:44.748505 2026] [php:error] [pid 79529] [client 54.201.58.52:0] script '/domains/deltaele/goods.php' not found or unable to stat, referer: https://www.google.com/
[Mon Jan 05 03:38:44.920060 2026] [php:error] [pid 79529] [client 5.194.187.6:0] script '/domains/deltaele/hplfuns.php' not found or unable to stat, referer: https://www.google.de/
[Mon Jan 05 03:38:45.090400 2026] [php:error] [pid 79529] [client 18.119.194.145:0] script '/domains/deltaele/htaccess.php' not found or unable to stat, referer: https://www.google.fr/
[Mon Jan 05 03:38:45.603054 2026] [php:error] [pid 79529] [client 227.178.145.254:0] script '/domains/deltaele/info.php' not found or unable to stat, referer: https://www.yahoo.com/
[Mon Jan 05 03:38:45.774533 2026] [php:error] [pid 79529] [client 209.191.137.221:0] script '/domains/deltaele/profile.php' not found or unable to stat, referer: https://www.google.com/
[Mon Jan 05 03:38:45.945156 2026] [php:error] [pid 79529] [client 203.92.147.225:0] script '/domains/deltaele/sx.php' not found or unable to stat, referer: https://www.google.co.uk/
[Mon Jan 05 03:38:49.690990 2026] [php:error] [pid 79529] [client 109.243.228.39:0] script '/domains/deltaele/wp-fclass.php' not found or unable to stat, referer: https://www.google.de/
[Mon Jan 05 03:38:52.950564 2026] [php:error] [pid 79529] [client 37.90.82.14:0] script '/domains/deltaele/wp-themes.php' not found or unable to stat, referer: https://www.google.co.uk/
[Mon Jan 05 03:38:53.120883 2026] [php:error] [pid 79529] [client 158.102.191.244:0] script '/domains/deltaele/xmlrpc.php' not found or unable to stat, referer: https://www.bing.com/
[Mon Jan 05 03:39:58.192060 2026] [php:error] [pid 79538] [client 226.199.162.133:0] script '/domains/pmglobal/adminfuns.php' not found or unable to stat, referer: https://www.google.de/
[Mon Jan 05 03:40:00.016523 2026] [php:error] [pid 79538] [client 27.173.112.2:0] script '/domains/pmglobal/images/index.php' not found or unable to stat, referer: https://www.bing.com/
[Mon Jan 05 03:40:00.198622 2026] [php:error] [pid 79538] [client 17.3.75.79:0] script '/domains/pmglobal/images/install.php' not found or unable to stat, referer: https://www.bing.com/
[Mon Jan 05 03:40:00.201807 2026] [php:error] [pid 79559] [client 20.214.246.23:0] script '/domains/fbardin/222.php' not found or unable to stat
[Mon Jan 05 03:40:00.379919 2026] [php:error] [pid 79538] [client 36.178.167.52:0] script '/domains/pmglobal/index.php' not found or unable to stat, referer: https://www.yahoo.com/
[Mon Jan 05 03:40:00.399431 2026] [php:error] [pid 79559] [client 20.214.246.23:0] script '/domains/fbardin/Nsa9EF.php' not found or unable to stat
[Mon Jan 05 03:40:00.579449 2026] [php:error] [pid 79559] [client 20.214.246.23:0] script '/domains/fbardin/http.php' not found or unable to stat
[Mon Jan 05 03:40:00.776520 2026] [php:error] [pid 79559] [client 20.214.246.23:0] script '/domains/fbardin/IMlikd8XOHn.php' not found or unable to stat
[Mon Jan 05 03:40:00.956970 2026] [php:error] [pid 79559] [client 20.214.246.23:0] script '/domains/fbardin/ol.php' not found or unable to stat
[Mon Jan 05 03:40:01.136963 2026] [php:error] [pid 79559] [client 20.214.246.23:0] script '/domains/fbardin/class629.php' not found or unable to stat
[Mon Jan 05 03:40:01.317090 2026] [php:error] [pid 79559] [client 20.214.246.23:0] script '/domains/fbardin/wp-lose.php' not found or unable to stat
[Mon Jan 05 03:40:01.514908 2026] [php:error] [pid 79559] [client 20.214.246.23:0] script '/domains/fbardin/adminfuns.php' not found or unable to stat
[Mon Jan 05 03:40:01.695640 2026] [php:error] [pid 79559] [client 20.214.246.23:0] script '/domains/fbardin/321.php' not found or unable to stat
[Mon Jan 05 03:40:01.878832 2026] [php:error] [pid 79559] [client 20.214.246.23:0] script '/domains/fbardin/z60.php' not found or unable to stat
[Mon Jan 05 03:40:02.048678 2026] [php:error] [pid 79557] [client 40.119.197.161:0] script '/domains/system_default/smklh.php' not found or unable to stat
[Mon Jan 05 03:40:02.074626 2026] [php:error] [pid 79559] [client 20.214.246.23:0] script '/domains/fbardin/general-template.php' not found or unable to stat
[Mon Jan 05 03:40:02.254768 2026] [php:error] [pid 79559] [client 20.214.246.23:0] script '/domains/fbardin/load.php' not found or unable to stat
[Mon Jan 05 03:40:02.285660 2026] [php:error] [pid 79557] [client 40.119.197.161:0] script '/domains/system_default/rzki.php' not found or unable to stat
[Mon Jan 05 03:40:02.451009 2026] [php:error] [pid 79559] [client 20.214.246.23:0] script '/domains/fbardin/4tBVafYN1Sb.php' not found or unable to stat
[Mon Jan 05 03:40:02.522432 2026] [php:error] [pid 79557] [client 40.119.197.161:0] script '/domains/system_default/oysdxc.php' not found or unable to stat
[Mon Jan 05 03:40:02.792801 2026] [php:error] [pid 79557] [client 40.119.197.161:0] script '/domains/system_default/xopvne.php' not found or unable to stat
[Mon Jan 05 03:40:03.038611 2026] [php:error] [pid 79557] [client 40.119.197.161:0] script '/domains/system_default/moie.php' not found or unable to stat
[Mon Jan 05 03:40:03.301260 2026] [php:error] [pid 79557] [client 40.119.197.161:0] script '/domains/system_default/hilk.php' not found or unable to stat
[Mon Jan 05 03:40:03.876914 2026] [php:error] [pid 79557] [client 40.119.197.161:0] script '/domains/system_default/gm.php' not found or unable to stat
[Mon Jan 05 03:40:03.987536 2026] [php:error] [pid 79559] [client 20.214.246.23:0] script '/domains/fbardin/wp-mails.php' not found or unable to stat
[Mon Jan 05 03:40:04.150040 2026] [php:error] [pid 79557] [client 40.119.197.161:0] script '/domains/system_default/iko.php' not found or unable to stat
[Mon Jan 05 03:40:04.197206 2026] [php:error] [pid 79559] [client 20.214.246.23:0] script '/domains/fbardin/blox.php' not found or unable to stat
[Mon Jan 05 03:40:04.381738 2026] [php:error] [pid 79559] [client 20.214.246.23:0] script '/domains/fbardin/wpc2.php' not found or unable to stat
[Mon Jan 05 03:40:04.440726 2026] [php:error] [pid 79557] [client 40.119.197.161:0] script '/domains/system_default/hlonk.php' not found or unable to stat
[Mon Jan 05 03:40:04.564091 2026] [php:error] [pid 79559] [client 20.214.246.23:0] script '/domains/fbardin/wp670.php' not found or unable to stat
[Mon Jan 05 03:40:04.745602 2026] [php:error] [pid 79557] [client 40.119.197.161:0] script '/domains/system_default/sagym.php' not found or unable to stat
[Mon Jan 05 03:40:04.764744 2026] [php:error] [pid 79559] [client 20.214.246.23:0] script '/domains/fbardin/class-wpdb.php' not found or unable to stat
[Mon Jan 05 03:40:04.945534 2026] [php:error] [pid 79559] [client 20.214.246.23:0] script '/domains/fbardin/core461.php' not found or unable to stat
[Mon Jan 05 03:40:04.987529 2026] [php:error] [pid 79557] [client 40.119.197.161:0] script '/domains/system_default/qvaaq.php' not found or unable to stat
[Mon Jan 05 03:40:05.157429 2026] [php:error] [pid 79559] [client 20.214.246.23:0] script '/domains/fbardin/wp-x7.php' not found or unable to stat
[Mon Jan 05 03:40:05.224285 2026] [php:error] [pid 79557] [client 40.119.197.161:0] script '/domains/system_default/content.php' not found or unable to stat
[Mon Jan 05 03:40:05.465666 2026] [php:error] [pid 79557] [client 40.119.197.161:0] script '/domains/system_default/gi.php' not found or unable to stat
[Mon Jan 05 03:40:05.705692 2026] [php:error] [pid 79557] [client 40.119.197.161:0] script '/domains/system_default/ccou.php' not found or unable to stat
[Mon Jan 05 03:40:05.785178 2026] [php:error] [pid 79559] [client 20.214.246.23:0] script '/domains/fbardin/TXL82e.php' not found or unable to stat
[Mon Jan 05 03:40:05.956835 2026] [php:error] [pid 79557] [client 40.119.197.161:0] script '/domains/system_default/wp-freya.php' not found or unable to stat
[Mon Jan 05 03:40:06.045904 2026] [php:error] [pid 79559] [client 20.214.246.23:0] script '/domains/fbardin/data_5dc22ab3.php' not found or unable to stat
[Mon Jan 05 03:40:06.194125 2026] [php:error] [pid 79557] [client 40.119.197.161:0] script '/domains/system_default/frg.php' not found or unable to stat
[Mon Jan 05 03:40:06.225946 2026] [php:error] [pid 79559] [client 20.214.246.23:0] script '/domains/fbardin/strift.php' not found or unable to stat
[Mon Jan 05 03:40:06.881583 2026] [php:error] [pid 79559] [client 20.214.246.23:0] script '/domains/fbardin/jjhf.php' not found or unable to stat
[Mon Jan 05 03:40:07.078742 2026] [php:error] [pid 79559] [client 20.214.246.23:0] script '/domains/fbardin/l10n.php' not found or unable to stat
[Mon Jan 05 03:40:07.236355 2026] [php:error] [pid 79557] [client 40.119.197.161:0] script '/domains/system_default/hly.php' not found or unable to stat
[Mon Jan 05 03:40:07.277311 2026] [php:error] [pid 79559] [client 20.214.246.23:0] script '/domains/fbardin/core885.php' not found or unable to stat
[Mon Jan 05 03:40:07.459126 2026] [php:error] [pid 79559] [client 20.214.246.23:0] script '/domains/fbardin/yxr6m.php' not found or unable to stat
[Mon Jan 05 03:40:07.484614 2026] [php:error] [pid 79557] [client 40.119.197.161:0] script '/domains/system_default/to.php' not found or unable to stat
[Mon Jan 05 03:40:07.644071 2026] [php:error] [pid 79559] [client 20.214.246.23:0] script '/domains/fbardin/acxx.php' not found or unable to stat
[Mon Jan 05 03:40:07.835899 2026] [php:error] [pid 79559] [client 20.214.246.23:0] script '/domains/fbardin/TPR9lLbsVBS.php' not found or unable to stat
[Mon Jan 05 03:40:07.958032 2026] [php:error] [pid 79557] [client 40.119.197.161:0] script '/domains/system_default/v2.php' not found or unable to stat
[Mon Jan 05 03:40:08.113142 2026] [php:error] [pid 79559] [client 20.214.246.23:0] script '/domains/fbardin/api137.php' not found or unable to stat
[Mon Jan 05 03:40:08.294165 2026] [php:error] [pid 79559] [client 20.214.246.23:0] script '/domains/fbardin/lib068.php' not found or unable to stat
[Mon Jan 05 03:40:08.701834 2026] [php:error] [pid 79559] [client 20.214.246.23:0] script '/domains/fbardin/edit.php' not found or unable to stat
[Mon Jan 05 03:40:08.903313 2026] [php:error] [pid 79559] [client 20.214.246.23:0] script '/domains/fbardin/asus.php' not found or unable to stat
[Mon Jan 05 03:40:09.100525 2026] [php:error] [pid 79559] [client 20.214.246.23:0] script '/domains/fbardin/index685.php' not found or unable to stat
[Mon Jan 05 03:40:09.174892 2026] [php:error] [pid 79557] [client 40.119.197.161:0] script '/domains/system_default/class-.php' not found or unable to stat
[Mon Jan 05 03:40:09.280929 2026] [php:error] [pid 79559] [client 20.214.246.23:0] script '/domains/fbardin/rest-api.php' not found or unable to stat
[Mon Jan 05 03:40:09.417331 2026] [php:error] [pid 79557] [client 40.119.197.161:0] script '/domains/system_default/fso.php' not found or unable to stat
[Mon Jan 05 03:40:09.461535 2026] [php:error] [pid 79559] [client 20.214.246.23:0] script '/domains/fbardin/feed.php' not found or unable to stat
[Mon Jan 05 03:40:09.644699 2026] [php:error] [pid 79559] [client 20.214.246.23:0] script '/domains/fbardin/admin-bar.php' not found or unable to stat
[Mon Jan 05 03:40:09.654140 2026] [php:error] [pid 79557] [client 40.119.197.161:0] script '/domains/system_default/nox.php' not found or unable to stat
[Mon Jan 05 03:40:09.839569 2026] [php:error] [pid 79559] [client 20.214.246.23:0] script '/domains/fbardin/core928.php' not found or unable to stat
[Mon Jan 05 03:40:09.954176 2026] [php:error] [pid 79557] [client 40.119.197.161:0] script '/domains/system_default/fdd2.php' not found or unable to stat
[Mon Jan 05 03:40:10.020926 2026] [php:error] [pid 79559] [client 20.214.246.23:0] script '/domains/fbardin/raw.php' not found or unable to stat
[Mon Jan 05 03:40:10.233574 2026] [php:error] [pid 79557] [client 40.119.197.161:0] script '/domains/system_default/aQw.php' not found or unable to stat
[Mon Jan 05 03:40:10.470484 2026] [php:error] [pid 79557] [client 40.119.197.161:0] script '/domains/system_default/rh.php' not found or unable to stat
[Mon Jan 05 03:40:10.541392 2026] [php:error] [pid 79559] [client 20.214.246.23:0] script '/domains/fbardin/xxxl.php' not found or unable to stat
[Mon Jan 05 03:40:10.707425 2026] [php:error] [pid 79557] [client 40.119.197.161:0] script '/domains/system_default/sto.php' not found or unable to stat
[Mon Jan 05 03:40:10.945180 2026] [php:error] [pid 79559] [client 20.214.246.23:0] script '/domains/fbardin/lib182.php' not found or unable to stat
[Mon Jan 05 03:40:10.954396 2026] [php:error] [pid 79557] [client 40.119.197.161:0] script '/domains/system_default/bipas.php' not found or unable to stat
[Mon Jan 05 03:40:11.125477 2026] [php:error] [pid 79559] [client 20.214.246.23:0] script '/domains/fbardin/data532.php' not found or unable to stat
[Mon Jan 05 03:40:11.191641 2026] [php:error] [pid 79557] [client 40.119.197.161:0] script '/domains/system_default/xaz.php' not found or unable to stat
[Mon Jan 05 03:40:11.317515 2026] [php:error] [pid 79559] [client 20.214.246.23:0] script '/domains/fbardin/wp-yasd5m7afq.php' not found or unable to stat
[Mon Jan 05 03:40:11.444430 2026] [php:error] [pid 79557] [client 40.119.197.161:0] script '/domains/system_default/conte.php' not found or unable to stat
[Mon Jan 05 03:40:11.497888 2026] [php:error] [pid 79559] [client 20.214.246.23:0] script '/domains/fbardin/k.php' not found or unable to stat
[Mon Jan 05 03:40:11.682076 2026] [php:error] [pid 79557] [client 40.119.197.161:0] script '/domains/system_default/lopst.php' not found or unable to stat
[Mon Jan 05 03:40:11.919237 2026] [php:error] [pid 79557] [client 40.119.197.161:0] script '/domains/system_default/xv.php' not found or unable to stat
[Mon Jan 05 03:40:12.157752 2026] [php:error] [pid 79559] [client 20.214.246.23:0] script '/domains/fbardin/widgets.php' not found or unable to stat
[Mon Jan 05 03:40:12.162934 2026] [php:error] [pid 79557] [client 40.119.197.161:0] script '/domains/system_default/ixj.php' not found or unable to stat
[Mon Jan 05 03:40:12.414145 2026] [php:error] [pid 79557] [client 40.119.197.161:0] script '/domains/system_default/nansa.php' not found or unable to stat
[Mon Jan 05 03:40:12.674234 2026] [php:error] [pid 79557] [client 40.119.197.161:0] script '/domains/system_default/gecko.php' not found or unable to stat
[Mon Jan 05 03:40:12.838431 2026] [php:error] [pid 79559] [client 20.214.246.23:0] script '/domains/fbardin/data225.php' not found or unable to stat
[Mon Jan 05 03:40:13.019752 2026] [php:error] [pid 79559] [client 20.214.246.23:0] script '/domains/fbardin/fonts.php' not found or unable to stat
[Mon Jan 05 03:40:13.064512 2026] [php:error] [pid 79557] [client 40.119.197.161:0] script '/domains/system_default/blurbs.php' not found or unable to stat
[Mon Jan 05 03:40:13.224210 2026] [php:error] [pid 79559] [client 20.214.246.23:0] script '/domains/fbardin/cache795.php' not found or unable to stat
[Mon Jan 05 03:40:13.301337 2026] [php:error] [pid 79557] [client 40.119.197.161:0] script '/domains/system_default/18299.php' not found or unable to stat
[Mon Jan 05 03:40:13.409675 2026] [php:error] [pid 79559] [client 20.214.246.23:0] script '/domains/fbardin/index282.php' not found or unable to stat
[Mon Jan 05 03:40:13.538290 2026] [php:error] [pid 79557] [client 40.119.197.161:0] script '/domains/system_default/wl.php' not found or unable to stat
[Mon Jan 05 03:40:13.594500 2026] [php:error] [pid 79559] [client 20.214.246.23:0] script '/domains/fbardin/api986.php' not found or unable to stat
[Mon Jan 05 03:40:13.775031 2026] [php:error] [pid 79559] [client 20.214.246.23:0] script '/domains/fbardin/nav-menu.php' not found or unable to stat
[Mon Jan 05 03:40:13.958702 2026] [php:error] [pid 79559] [client 20.214.246.23:0] script '/domains/fbardin/out.php' not found or unable to stat
[Mon Jan 05 03:40:13.958841 2026] [php:error] [pid 79557] [client 40.119.197.161:0] script '/domains/system_default/xsas.php' not found or unable to stat
[Mon Jan 05 03:40:14.159086 2026] [php:error] [pid 79559] [client 20.214.246.23:0] script '/domains/fbardin/t.php' not found or unable to stat
[Mon Jan 05 03:40:14.195850 2026] [php:error] [pid 79557] [client 40.119.197.161:0] script '/domains/system_default/pn.php' not found or unable to stat
[Mon Jan 05 03:40:14.433913 2026] [php:error] [pid 79557] [client 40.119.197.161:0] script '/domains/system_default/x50.php' not found or unable to stat
[Mon Jan 05 03:40:14.671245 2026] [php:error] [pid 79557] [client 40.119.197.161:0] script '/domains/system_default/ant.php' not found or unable to stat
[Mon Jan 05 03:40:14.866167 2026] [php:error] [pid 79559] [client 20.214.246.23:0] script '/domains/fbardin/ckv.php' not found or unable to stat
[Mon Jan 05 03:40:14.913904 2026] [php:error] [pid 79557] [client 40.119.197.161:0] script '/domains/system_default/show.php' not found or unable to stat
[Mon Jan 05 03:40:15.046503 2026] [php:error] [pid 79559] [client 20.214.246.23:0] script '/domains/fbardin/pu1.php' not found or unable to stat
[Mon Jan 05 03:40:15.150692 2026] [php:error] [pid 79557] [client 40.119.197.161:0] script '/domains/system_default/cro.php' not found or unable to stat
[Mon Jan 05 03:40:15.229631 2026] [php:error] [pid 79559] [client 20.214.246.23:0] script '/domains/fbardin/k11dSQ.php' not found or unable to stat
[Mon Jan 05 03:40:15.389216 2026] [php:error] [pid 79557] [client 40.119.197.161:0] script '/domains/system_default/wo.php' not found or unable to stat
[Mon Jan 05 03:40:15.420588 2026] [php:error] [pid 79559] [client 20.214.246.23:0] script '/domains/fbardin/FII.php' not found or unable to stat
[Mon Jan 05 03:40:15.614062 2026] [php:error] [pid 79559] [client 20.214.246.23:0] script '/domains/fbardin/d9.php' not found or unable to stat
[Mon Jan 05 03:40:15.794101 2026] [php:error] [pid 79559] [client 20.214.246.23:0] script '/domains/fbardin/class-wp.php' not found or unable to stat
[Mon Jan 05 03:40:15.886087 2026] [php:error] [pid 79557] [client 40.119.197.161:0] script '/domains/system_default/shoyo.php' not found or unable to stat
[Mon Jan 05 03:40:15.990043 2026] [php:error] [pid 79559] [client 20.214.246.23:0] script '/domains/fbardin/admin836.php' not found or unable to stat
[Mon Jan 05 03:40:16.166034 2026] [php:error] [pid 79557] [client 40.119.197.161:0] script '/domains/system_default/qqq.php' not found or unable to stat
[Mon Jan 05 03:40:16.416074 2026] [php:error] [pid 79557] [client 40.119.197.161:0] script '/domains/system_default/ccou.php' not found or unable to stat
[Mon Jan 05 03:40:16.676167 2026] [php:error] [pid 79557] [client 40.119.197.161:0] script '/domains/system_default/fz.php' not found or unable to stat
[Mon Jan 05 03:40:16.940866 2026] [php:error] [pid 79557] [client 40.119.197.161:0] script '/domains/system_default/congab.php' not found or unable to stat
[Mon Jan 05 03:40:16.980776 2026] [php:error] [pid 79559] [client 20.214.246.23:0] script '/domains/fbardin/1JkAg3.php' not found or unable to stat
[Mon Jan 05 03:40:17.188543 2026] [php:error] [pid 79559] [client 20.214.246.23:0] script '/domains/fbardin/query.php' not found or unable to stat
[Mon Jan 05 03:40:17.199928 2026] [php:error] [pid 79557] [client 40.119.197.161:0] script '/domains/system_default/fv.php' not found or unable to stat
[Mon Jan 05 03:40:17.384312 2026] [php:error] [pid 79559] [client 20.214.246.23:0] script '/domains/fbardin/zz8.php' not found or unable to stat
[Mon Jan 05 03:40:17.446369 2026] [php:error] [pid 79557] [client 40.119.197.161:0] script '/domains/system_default/X7x.php' not found or unable to stat
[Mon Jan 05 03:40:17.700431 2026] [php:error] [pid 79557] [client 40.119.197.161:0] script '/domains/system_default/xvent.php' not found or unable to stat
