[Mon Jan 05 03:57:33.376033 2026] [php:error] [pid 85385] [client 193.247.58.216:0] script '/domains/schellin/ioxi-o.php' not found or unable to stat, referer: https://www.google.co.uk/
[Mon Jan 05 03:57:33.539848 2026] [php:error] [pid 85385] [client 19.16.86.80:0] script '/domains/schellin/k.php' not found or unable to stat, referer: https://www.google.de/
[Mon Jan 05 03:57:33.703846 2026] [php:error] [pid 85385] [client 59.180.236.180:0] script '/domains/schellin/link.php' not found or unable to stat, referer: https://www.google.co.uk/
[Mon Jan 05 03:57:33.867876 2026] [php:error] [pid 85385] [client 28.191.162.235:0] script '/domains/schellin/man.php' not found or unable to stat, referer: https://www.google.co.uk/
[Mon Jan 05 03:57:34.031827 2026] [php:error] [pid 85385] [client 196.70.90.200:0] script '/domains/schellin/mini.php' not found or unable to stat, referer: https://www.google.com/
[Mon Jan 05 03:57:34.195691 2026] [php:error] [pid 85385] [client 68.255.23.163:0] script '/domains/schellin/new.php' not found or unable to stat, referer: https://www.google.com/
[Mon Jan 05 03:57:34.359677 2026] [php:error] [pid 85385] [client 39.180.23.119:0] script '/domains/schellin/num.php' not found or unable to stat, referer: https://www.yahoo.com/
[Mon Jan 05 03:57:34.523297 2026] [php:error] [pid 85385] [client 89.132.127.57:0] script '/domains/schellin/root.php' not found or unable to stat, referer: https://www.google.de/
[Mon Jan 05 03:57:34.687137 2026] [php:error] [pid 85385] [client 248.237.62.253:0] script '/domains/schellin/shell.php' not found or unable to stat, referer: https://www.google.fr/
[Mon Jan 05 03:57:34.851117 2026] [php:error] [pid 85385] [client 130.250.107.255:0] script '/domains/schellin/system.php' not found or unable to stat, referer: https://www.google.fr/
[Mon Jan 05 03:57:35.014895 2026] [php:error] [pid 85385] [client 184.214.200.74:0] script '/domains/schellin/termps.php' not found or unable to stat, referer: https://www.google.com/
[Mon Jan 05 03:57:35.180264 2026] [php:error] [pid 85385] [client 223.15.167.59:0] script '/domains/schellin/test.php' not found or unable to stat, referer: https://www.google.de/
[Mon Jan 05 03:57:35.344311 2026] [php:error] [pid 85385] [client 151.133.66.49:0] script '/domains/schellin/tiny.php' not found or unable to stat, referer: https://duckduckgo.com/
[Mon Jan 05 03:57:35.508202 2026] [php:error] [pid 85385] [client 120.70.38.21:0] script '/domains/schellin/user.php' not found or unable to stat, referer: https://duckduckgo.com/
[Mon Jan 05 03:57:35.672543 2026] [php:error] [pid 85385] [client 163.19.35.129:0] script '/domains/schellin/vx.php' not found or unable to stat, referer: https://www.google.de/
[Mon Jan 05 03:57:35.836638 2026] [php:error] [pid 85385] [client 245.31.46.17:0] script '/domains/schellin/wp-admin.php' not found or unable to stat, referer: https://www.yahoo.com/
[Mon Jan 05 03:57:36.001224 2026] [php:error] [pid 85385] [client 194.84.215.119:0] script '/domains/schellin/wp-blog.php' not found or unable to stat, referer: https://www.yahoo.com/
[Mon Jan 05 03:57:36.165422 2026] [php:error] [pid 85385] [client 76.251.218.93:0] script '/domains/schellin/wp-good.php' not found or unable to stat, referer: https://www.yahoo.com/
[Mon Jan 05 03:57:36.329572 2026] [php:error] [pid 85385] [client 130.4.51.205:0] script '/domains/schellin/wp-include.php' not found or unable to stat, referer: https://www.google.fr/
[Mon Jan 05 03:57:36.493147 2026] [php:error] [pid 85385] [client 15.130.184.151:0] script '/domains/schellin/wp-links.php' not found or unable to stat, referer: https://www.google.com/
[Mon Jan 05 03:57:36.657623 2026] [php:error] [pid 85385] [client 242.10.141.187:0] script '/domains/schellin/wp-signin.php' not found or unable to stat, referer: https://www.google.com/
[Mon Jan 05 03:57:36.821771 2026] [php:error] [pid 85385] [client 46.148.57.218:0] script '/domains/schellin/wp-trackback.php' not found or unable to stat, referer: https://duckduckgo.com/
[Mon Jan 05 03:57:36.986481 2026] [php:error] [pid 85385] [client 232.204.31.0:0] script '/domains/schellin/wp.php' not found or unable to stat, referer: https://www.bing.com/
[Mon Jan 05 03:57:37.151802 2026] [php:error] [pid 85385] [client 59.93.102.184:0] script '/domains/schellin/wso.php' not found or unable to stat, referer: https://www.bing.com/
[Mon Jan 05 03:57:37.315935 2026] [php:error] [pid 85385] [client 100.219.208.133:0] script '/domains/schellin/xmlrpc.php' not found or unable to stat, referer: https://www.bing.com/
[Mon Jan 05 03:57:37.479644 2026] [php:error] [pid 85385] [client 102.89.230.245:0] script '/domains/schellin/xmrlpc.php' not found or unable to stat, referer: https://www.google.de/
[Mon Jan 05 03:57:42.628769 2026] [php:error] [pid 85366] [client 231.51.180.223:0] script '/domains/system_default/0.php' not found or unable to stat, referer: https://duckduckgo.com/
[Mon Jan 05 03:57:42.810598 2026] [php:error] [pid 85366] [client 123.69.84.178:0] script '/domains/system_default/1.php' not found or unable to stat, referer: https://www.google.com/
[Mon Jan 05 03:57:42.992545 2026] [php:error] [pid 85366] [client 247.33.123.227:0] script '/domains/system_default/2.php' not found or unable to stat, referer: https://www.google.co.uk/
[Mon Jan 05 03:57:43.174444 2026] [php:error] [pid 85366] [client 22.220.84.243:0] script '/domains/system_default/12.php' not found or unable to stat, referer: https://www.yahoo.com/
[Mon Jan 05 03:57:43.356312 2026] [php:error] [pid 85366] [client 183.166.101.49:0] script '/domains/system_default/13.php' not found or unable to stat, referer: https://www.yahoo.com/
[Mon Jan 05 03:57:43.538462 2026] [php:error] [pid 85366] [client 53.51.150.38:0] script '/domains/system_default/403.php' not found or unable to stat, referer: https://www.bing.com/
[Mon Jan 05 03:57:43.721420 2026] [php:error] [pid 85366] [client 82.108.8.214:0] script '/domains/system_default/404.php' not found or unable to stat, referer: https://www.bing.com/
[Mon Jan 05 03:57:44.986950 2026] [php:error] [pid 85366] [client 249.215.183.250:0] script '/domains/system_default/aa.php' not found or unable to stat, referer: https://www.google.fr/
[Mon Jan 05 03:57:45.168872 2026] [php:error] [pid 85366] [client 237.180.251.193:0] script '/domains/system_default/abcd.php' not found or unable to stat, referer: https://duckduckgo.com/
[Mon Jan 05 03:57:45.350876 2026] [php:error] [pid 85366] [client 244.196.39.235:0] script '/domains/system_default/about.php' not found or unable to stat, referer: https://www.google.de/
[Mon Jan 05 03:57:45.532598 2026] [php:error] [pid 85366] [client 107.67.34.15:0] script '/domains/system_default/admin.php' not found or unable to stat, referer: https://www.google.co.uk/
[Mon Jan 05 03:57:45.714992 2026] [php:error] [pid 85366] [client 17.242.122.175:0] script '/domains/system_default/admin-header.php' not found or unable to stat, referer: https://www.google.fr/
[Mon Jan 05 03:57:45.897960 2026] [php:error] [pid 85366] [client 40.180.26.69:0] script '/domains/system_default/adminfuns.php' not found or unable to stat, referer: https://www.google.de/
[Mon Jan 05 03:57:46.079941 2026] [php:error] [pid 85366] [client 204.66.89.90:0] script '/domains/system_default/ahax.php' not found or unable to stat, referer: https://www.google.co.uk/
[Mon Jan 05 03:57:46.261762 2026] [php:error] [pid 85366] [client 80.133.193.161:0] script '/domains/system_default/akcc.php' not found or unable to stat, referer: https://www.google.co.uk/
[Mon Jan 05 03:57:46.443979 2026] [php:error] [pid 85366] [client 232.163.41.25:0] script '/domains/system_default/alf.php' not found or unable to stat, referer: https://www.google.com/
[Mon Jan 05 03:57:46.626280 2026] [php:error] [pid 85366] [client 170.47.172.44:0] script '/domains/system_default/alfa.php' not found or unable to stat, referer: https://www.yahoo.com/
[Mon Jan 05 03:57:46.808353 2026] [php:error] [pid 85366] [client 232.138.210.45:0] script '/domains/system_default/alfashell.php' not found or unable to stat, referer: https://www.bing.com/
[Mon Jan 05 03:57:46.990457 2026] [php:error] [pid 85366] [client 248.35.149.107:0] script '/domains/system_default/api.php' not found or unable to stat, referer: https://www.yahoo.com/
[Mon Jan 05 03:57:47.172642 2026] [php:error] [pid 85366] [client 48.230.12.246:0] script '/domains/system_default/app.php' not found or unable to stat, referer: https://www.google.com/
[Mon Jan 05 03:57:47.354526 2026] [php:error] [pid 85366] [client 136.245.57.38:0] script '/domains/system_default/as.php' not found or unable to stat, referer: https://www.google.com/
[Mon Jan 05 03:57:47.536705 2026] [php:error] [pid 85366] [client 13.80.41.161:0] script '/domains/system_default/bolt.php' not found or unable to stat, referer: https://www.google.co.uk/
[Mon Jan 05 03:57:47.718701 2026] [php:error] [pid 85366] [client 246.230.216.71:0] script '/domains/system_default/buy.php' not found or unable to stat, referer: https://duckduckgo.com/
[Mon Jan 05 03:57:47.900851 2026] [php:error] [pid 85366] [client 154.212.217.36:0] script '/domains/system_default/c.php' not found or unable to stat, referer: https://www.google.com/
[Mon Jan 05 03:57:48.083172 2026] [php:error] [pid 85366] [client 174.80.148.88:0] script '/domains/system_default/cc.php' not found or unable to stat, referer: https://www.yahoo.com/
[Mon Jan 05 03:57:48.265192 2026] [php:error] [pid 85366] [client 112.164.206.36:0] script '/domains/system_default/chosen.php' not found or unable to stat, referer: https://duckduckgo.com/
[Mon Jan 05 03:57:48.447361 2026] [php:error] [pid 85366] [client 113.162.107.208:0] script '/domains/system_default/classwithtostring.php' not found or unable to stat, referer: https://www.yahoo.com/
[Mon Jan 05 03:57:48.629370 2026] [php:error] [pid 85366] [client 4.230.44.177:0] script '/domains/system_default/config.php' not found or unable to stat, referer: https://www.bing.com/
[Mon Jan 05 03:57:48.811731 2026] [php:error] [pid 85366] [client 147.115.191.169:0] script '/domains/system_default/content.php' not found or unable to stat, referer: https://www.google.fr/
[Mon Jan 05 03:57:48.993655 2026] [php:error] [pid 85366] [client 79.91.134.224:0] script '/domains/system_default/dropdown.php' not found or unable to stat, referer: https://www.google.de/
[Mon Jan 05 03:57:49.175581 2026] [php:error] [pid 85366] [client 121.141.178.26:0] script '/domains/system_default/edit.php' not found or unable to stat, referer: https://www.google.de/
[Mon Jan 05 03:57:49.357566 2026] [php:error] [pid 85366] [client 13.102.138.148:0] script '/domains/system_default/ee.php' not found or unable to stat, referer: https://duckduckgo.com/
[Mon Jan 05 03:57:49.539463 2026] [php:error] [pid 85366] [client 117.71.192.30:0] script '/domains/system_default/favicon.php' not found or unable to stat, referer: https://www.google.de/
[Mon Jan 05 03:57:49.721610 2026] [php:error] [pid 85366] [client 187.20.171.203:0] script '/domains/system_default/file.php' not found or unable to stat, referer: https://www.google.co.uk/
[Mon Jan 05 03:57:49.904073 2026] [php:error] [pid 85366] [client 55.234.255.153:0] script '/domains/system_default/fm.php' not found or unable to stat, referer: https://duckduckgo.com/
[Mon Jan 05 03:57:50.086009 2026] [php:error] [pid 85366] [client 129.216.160.78:0] script '/domains/system_default/fx.php' not found or unable to stat, referer: https://duckduckgo.com/
[Mon Jan 05 03:57:50.268785 2026] [php:error] [pid 85366] [client 44.172.7.9:0] script '/domains/system_default/gecko.php' not found or unable to stat, referer: https://www.yahoo.com/
[Mon Jan 05 03:57:50.450651 2026] [php:error] [pid 85366] [client 175.199.187.92:0] script '/domains/system_default/gecko-new.php' not found or unable to stat, referer: https://duckduckgo.com/
[Mon Jan 05 03:57:50.633013 2026] [php:error] [pid 85366] [client 233.132.50.243:0] script '/domains/system_default/gel4y.php' not found or unable to stat, referer: https://www.yahoo.com/
[Mon Jan 05 03:57:50.815010 2026] [php:error] [pid 85366] [client 245.71.194.80:0] script '/domains/system_default/gg.php' not found or unable to stat, referer: https://www.yahoo.com/
[Mon Jan 05 03:57:51.000587 2026] [php:error] [pid 85366] [client 42.38.65.31:0] script '/domains/system_default/goods.php' not found or unable to stat, referer: https://www.google.co.uk/
[Mon Jan 05 03:57:51.182499 2026] [php:error] [pid 85366] [client 162.16.253.32:0] script '/domains/system_default/help.php' not found or unable to stat, referer: https://www.google.fr/
[Mon Jan 05 03:57:51.365407 2026] [php:error] [pid 85366] [client 185.229.210.211:0] script '/domains/system_default/i.php' not found or unable to stat, referer: https://www.google.de/
[Mon Jan 05 03:57:51.548048 2026] [php:error] [pid 85366] [client 207.57.63.204:0] script '/domains/system_default/index.php' not found or unable to stat, referer: https://www.google.de/
[Mon Jan 05 03:57:51.731191 2026] [php:error] [pid 85366] [client 236.237.171.36:0] script '/domains/system_default/info.php' not found or unable to stat, referer: https://www.yahoo.com/
[Mon Jan 05 03:57:51.913953 2026] [php:error] [pid 85366] [client 179.184.155.39:0] script '/domains/system_default/ioxi-o.php' not found or unable to stat, referer: https://duckduckgo.com/
[Mon Jan 05 03:57:52.095775 2026] [php:error] [pid 85366] [client 49.1.144.75:0] script '/domains/system_default/k.php' not found or unable to stat, referer: https://www.yahoo.com/
[Mon Jan 05 03:57:52.278818 2026] [php:error] [pid 85366] [client 211.70.18.25:0] script '/domains/system_default/link.php' not found or unable to stat, referer: https://www.google.fr/
[Mon Jan 05 03:57:52.461328 2026] [php:error] [pid 85366] [client 192.174.181.66:0] script '/domains/system_default/man.php' not found or unable to stat, referer: https://www.yahoo.com/
[Mon Jan 05 03:57:52.643214 2026] [php:error] [pid 85366] [client 212.89.117.157:0] script '/domains/system_default/mini.php' not found or unable to stat, referer: https://duckduckgo.com/
[Mon Jan 05 03:57:52.825896 2026] [php:error] [pid 85366] [client 6.25.217.250:0] script '/domains/system_default/new.php' not found or unable to stat, referer: https://www.google.com/
[Mon Jan 05 03:57:53.008900 2026] [php:error] [pid 85366] [client 178.95.62.8:0] script '/domains/system_default/num.php' not found or unable to stat, referer: https://www.google.co.uk/
[Mon Jan 05 03:57:53.191120 2026] [php:error] [pid 85366] [client 190.199.151.18:0] script '/domains/system_default/root.php' not found or unable to stat, referer: https://duckduckgo.com/
[Mon Jan 05 03:57:53.373005 2026] [php:error] [pid 85366] [client 2.136.27.161:0] script '/domains/system_default/shell.php' not found or unable to stat, referer: https://www.google.fr/
[Mon Jan 05 03:57:53.554937 2026] [php:error] [pid 85366] [client 158.42.58.48:0] script '/domains/system_default/system.php' not found or unable to stat, referer: https://www.bing.com/
[Mon Jan 05 03:57:53.736711 2026] [php:error] [pid 85366] [client 191.200.96.160:0] script '/domains/system_default/termps.php' not found or unable to stat, referer: https://www.yahoo.com/
[Mon Jan 05 03:57:53.918623 2026] [php:error] [pid 85366] [client 126.184.63.32:0] script '/domains/system_default/test.php' not found or unable to stat, referer: https://duckduckgo.com/
[Mon Jan 05 03:57:54.100607 2026] [php:error] [pid 85366] [client 156.18.209.236:0] script '/domains/system_default/tiny.php' not found or unable to stat, referer: https://www.bing.com/
[Mon Jan 05 03:57:54.282555 2026] [php:error] [pid 85366] [client 75.188.251.23:0] script '/domains/system_default/user.php' not found or unable to stat, referer: https://www.google.fr/
[Mon Jan 05 03:57:54.464824 2026] [php:error] [pid 85366] [client 228.106.93.177:0] script '/domains/system_default/vx.php' not found or unable to stat, referer: https://www.google.com/
[Mon Jan 05 03:57:54.646600 2026] [php:error] [pid 85366] [client 141.192.2.200:0] script '/domains/system_default/wp-admin.php' not found or unable to stat, referer: https://www.google.fr/
[Mon Jan 05 03:57:54.828513 2026] [php:error] [pid 85366] [client 92.19.166.164:0] script '/domains/system_default/wp-blog.php' not found or unable to stat, referer: https://www.bing.com/
[Mon Jan 05 03:57:55.011537 2026] [php:error] [pid 85366] [client 27.137.191.249:0] script '/domains/system_default/wp-good.php' not found or unable to stat, referer: https://www.bing.com/
[Mon Jan 05 03:57:55.194225 2026] [php:error] [pid 85366] [client 22.115.80.185:0] script '/domains/system_default/wp-include.php' not found or unable to stat, referer: https://duckduckgo.com/
[Mon Jan 05 03:57:55.376103 2026] [php:error] [pid 85366] [client 62.112.22.93:0] script '/domains/system_default/wp-links.php' not found or unable to stat, referer: https://www.bing.com/
[Mon Jan 05 03:57:55.558239 2026] [php:error] [pid 85366] [client 12.197.8.102:0] script '/domains/system_default/wp-signin.php' not found or unable to stat, referer: https://www.bing.com/
[Mon Jan 05 03:57:55.740275 2026] [php:error] [pid 85366] [client 159.151.69.166:0] script '/domains/system_default/wp-trackback.php' not found or unable to stat, referer: https://duckduckgo.com/
[Mon Jan 05 03:57:55.922386 2026] [php:error] [pid 85366] [client 83.174.134.136:0] script '/domains/system_default/wp.php' not found or unable to stat, referer: https://www.google.fr/
[Mon Jan 05 03:57:56.104247 2026] [php:error] [pid 85366] [client 232.227.104.220:0] script '/domains/system_default/wso.php' not found or unable to stat, referer: https://www.yahoo.com/
[Mon Jan 05 03:57:56.287305 2026] [php:error] [pid 85366] [client 124.192.141.196:0] script '/domains/system_default/xmlrpc.php' not found or unable to stat, referer: https://www.bing.com/
[Mon Jan 05 03:57:56.469323 2026] [php:error] [pid 85366] [client 111.48.168.148:0] script '/domains/system_default/xmrlpc.php' not found or unable to stat, referer: https://www.google.de/
[Mon Jan 05 04:00:26.022875 2026] [authz_core:error] [pid 85437] [client 216.180.246.59:0] AH01630: client denied by server configuration: /
[Mon Jan 05 04:00:50.213866 2026] [php:error] [pid 85436] [client 145.239.10.137:0] script '/domains/jrp.interport/dds.php' not found or unable to stat, referer: http://themacgoddess.com/dds.php
[Mon Jan 05 04:01:15.075735 2026] [php:error] [pid 85443] [client 71.45.12.61:0] script '/domains/nlyfoods/wp-good.php' not found or unable to stat, referer: https://www.google.fr/
[Mon Jan 05 04:01:15.240006 2026] [php:error] [pid 85443] [client 221.23.154.129:0] script '/domains/nlyfoods/file.php' not found or unable to stat, referer: https://www.google.com/
[Mon Jan 05 04:01:15.404165 2026] [php:error] [pid 85443] [client 194.61.185.99:0] script '/domains/nlyfoods/bless.php' not found or unable to stat, referer: https://www.google.de/
[Mon Jan 05 04:01:15.568535 2026] [php:error] [pid 85443] [client 13.92.121.130:0] script '/domains/nlyfoods/admin.php' not found or unable to stat, referer: https://www.google.co.uk/
[Mon Jan 05 04:01:15.732737 2026] [php:error] [pid 85443] [client 74.2.32.74:0] script '/domains/nlyfoods/ioxi-o.php' not found or unable to stat, referer: https://www.yahoo.com/
[Mon Jan 05 04:01:15.897689 2026] [php:error] [pid 85443] [client 108.140.220.110:0] script '/domains/nlyfoods/adminfuns.php' not found or unable to stat, referer: https://duckduckgo.com/
[Mon Jan 05 04:01:16.225907 2026] [php:error] [pid 85443] [client 141.237.146.198:0] script '/domains/nlyfoods/aa.php' not found or unable to stat, referer: https://www.yahoo.com/
[Mon Jan 05 04:01:16.389851 2026] [php:error] [pid 85443] [client 106.101.9.127:0] script '/domains/nlyfoods/xmrlpc.php' not found or unable to stat, referer: https://www.google.de/
[Mon Jan 05 04:01:16.553966 2026] [php:error] [pid 85443] [client 239.122.64.153:0] script '/domains/nlyfoods/class.php' not found or unable to stat, referer: https://www.bing.com/
[Mon Jan 05 04:01:16.718226 2026] [php:error] [pid 85443] [client 3.10.160.237:0] script '/domains/nlyfoods/goods.php' not found or unable to stat, referer: https://www.google.de/
[Mon Jan 05 04:01:16.882077 2026] [php:error] [pid 85443] [client 24.164.46.24:0] script '/domains/nlyfoods/info.php' not found or unable to stat, referer: https://www.yahoo.com/
[Mon Jan 05 04:01:17.046098 2026] [php:error] [pid 85443] [client 59.175.127.103:0] script '/domains/nlyfoods/num.php' not found or unable to stat, referer: https://www.google.com/
[Mon Jan 05 04:01:17.210448 2026] [php:error] [pid 85443] [client 100.24.88.193:0] script '/domains/nlyfoods/txets.php' not found or unable to stat, referer: https://www.google.com/
[Mon Jan 05 04:01:18.028939 2026] [php:error] [pid 85443] [client 134.0.225.10:0] script '/domains/nlyfoods/wp-blog.php' not found or unable to stat, referer: https://www.yahoo.com/
[Mon Jan 05 04:01:18.356671 2026] [php:error] [pid 85443] [client 92.161.112.61:0] script '/domains/nlyfoods/13.php' not found or unable to stat, referer: https://www.google.co.uk/
[Mon Jan 05 04:01:18.684845 2026] [php:error] [pid 85443] [client 224.221.171.77:0] script '/domains/nlyfoods/alf.php' not found or unable to stat, referer: https://www.google.fr/
[Mon Jan 05 04:01:18.849283 2026] [php:error] [pid 85443] [client 12.203.88.63:0] script '/domains/nlyfoods/as.php' not found or unable to stat, referer: https://www.google.de/
[Mon Jan 05 04:01:19.013141 2026] [php:error] [pid 85443] [client 11.31.217.176:0] script '/domains/nlyfoods/classwithtostring.php' not found or unable to stat, referer: https://www.google.co.uk/
[Mon Jan 05 04:01:19.177245 2026] [php:error] [pid 85443] [client 73.143.84.13:0] script '/domains/nlyfoods/gecko.php' not found or unable to stat, referer: https://www.google.com/
[Mon Jan 05 04:01:19.341013 2026] [php:error] [pid 85443] [client 242.152.244.177:0] script '/domains/nlyfoods/gelay.php' not found or unable to stat, referer: https://www.yahoo.com/
[Mon Jan 05 04:01:19.509700 2026] [php:error] [pid 85443] [client 47.66.162.27:0] script '/domains/nlyfoods/o.php' not found or unable to stat, referer: https://www.google.co.uk/
[Mon Jan 05 04:01:19.673750 2026] [php:error] [pid 85443] [client 80.4.211.164:0] script '/domains/nlyfoods/radio.php' not found or unable to stat, referer: https://www.yahoo.com/
[Mon Jan 05 04:01:19.837869 2026] [php:error] [pid 85443] [client 139.143.47.158:0] script '/domains/nlyfoods/server.php' not found or unable to stat, referer: https://www.google.de/
[Mon Jan 05 04:01:22.130746 2026] [php:error] [pid 85443] [client 60.23.149.110:0] script '/domains/nlyfoods/wp.php' not found or unable to stat, referer: https://www.google.fr/
[Mon Jan 05 04:01:26.443321 2026] [php:error] [pid 85409] [client 235.106.35.52:0] script '/domains/pookie.dnai/ioxi-o.php' not found or unable to stat, referer: https://www.google.fr/
[Mon Jan 05 04:01:26.614334 2026] [php:error] [pid 85409] [client 147.101.94.55:0] script '/domains/pookie.dnai/0x.php' not found or unable to stat, referer: https://www.google.co.uk/
[Mon Jan 05 04:01:26.785104 2026] [php:error] [pid 85409] [client 141.44.22.54:0] script '/domains/pookie.dnai/222.php' not found or unable to stat, referer: https://www.google.co.uk/
[Mon Jan 05 04:01:26.958499 2026] [php:error] [pid 85409] [client 101.66.72.127:0] script '/domains/pookie.dnai/aa.php' not found or unable to stat, referer: https://www.google.co.uk/
[Mon Jan 05 04:01:27.129468 2026] [php:error] [pid 85409] [client 161.240.8.200:0] script '/domains/pookie.dnai/abcd.php' not found or unable to stat, referer: https://www.google.co.uk/
[Mon Jan 05 04:01:27.301166 2026] [php:error] [pid 85409] [client 250.208.210.230:0] script '/domains/pookie.dnai/admin.php' not found or unable to stat, referer: https://www.google.de/
[Mon Jan 05 04:01:27.643160 2026] [php:error] [pid 85409] [client 254.194.144.76:0] script '/domains/pookie.dnai/adminfuns.php' not found or unable to stat, referer: https://www.google.de/
[Mon Jan 05 04:01:27.814512 2026] [php:error] [pid 85409] [client 248.189.160.198:0] script '/domains/pookie.dnai/akc.php' not found or unable to stat, referer: https://www.google.co.uk/
[Mon Jan 05 04:01:27.985360 2026] [php:error] [pid 85409] [client 187.66.195.26:0] script '/domains/pookie.dnai/buy.php' not found or unable to stat, referer: https://www.yahoo.com/
[Mon Jan 05 04:01:28.156234 2026] [php:error] [pid 85409] [client 162.34.19.61:0] script '/domains/pookie.dnai/cong.php' not found or unable to stat, referer: https://duckduckgo.com/
[Mon Jan 05 04:01:28.509130 2026] [php:error] [pid 85409] [client 137.68.64.150:0] script '/domains/pookie.dnai/db.php' not found or unable to stat, referer: https://duckduckgo.com/
[Mon Jan 05 04:01:28.680036 2026] [php:error] [pid 85409] [client 181.50.25.223:0] script '/domains/pookie.dnai/dropdown.php' not found or unable to stat, referer: https://www.google.de/
[Mon Jan 05 04:01:28.850951 2026] [php:error] [pid 85409] [client 31.13.200.131:0] script '/domains/pookie.dnai/file.php' not found or unable to stat, referer: https://www.google.co.uk/
[Mon Jan 05 04:01:29.021784 2026] [php:error] [pid 85409] [client 117.50.192.207:0] script '/domains/pookie.dnai/goods.php' not found or unable to stat, referer: https://www.google.com/
[Mon Jan 05 04:01:29.193418 2026] [php:error] [pid 85409] [client 121.205.217.172:0] script '/domains/pookie.dnai/hplfuns.php' not found or unable to stat, referer: https://www.yahoo.com/
[Mon Jan 05 04:01:29.364385 2026] [php:error] [pid 85409] [client 255.222.63.131:0] script '/domains/pookie.dnai/htaccess.php' not found or unable to stat, referer: https://www.google.co.uk/
[Mon Jan 05 04:01:29.877746 2026] [php:error] [pid 85409] [client 213.225.107.128:0] script '/domains/pookie.dnai/info.php' not found or unable to stat, referer: https://www.bing.com/
[Mon Jan 05 04:01:30.048700 2026] [php:error] [pid 85409] [client 165.12.26.173:0] script '/domains/pookie.dnai/profile.php' not found or unable to stat, referer: https://www.google.co.uk/
[Mon Jan 05 04:01:30.219736 2026] [php:error] [pid 85409] [client 57.111.101.153:0] script '/domains/pookie.dnai/sx.php' not found or unable to stat, referer: https://www.google.co.uk/
[Mon Jan 05 04:01:33.979298 2026] [php:error] [pid 85409] [client 78.217.216.232:0] script '/domains/pookie.dnai/wp-fclass.php' not found or unable to stat, referer: https://www.bing.com/
[Mon Jan 05 04:01:37.223986 2026] [php:error] [pid 85409] [client 53.248.89.234:0] script '/domains/pookie.dnai/wp-themes.php' not found or unable to stat, referer: https://www.yahoo.com/
[Mon Jan 05 04:01:37.394876 2026] [php:error] [pid 85409] [client 144.95.24.50:0] script '/domains/pookie.dnai/xmlrpc.php' not found or unable to stat, referer: https://www.yahoo.com/
[Mon Jan 05 04:02:00.850915 2026] [php:error] [pid 85443] [client 152.69.210.5:0] script '/domains/perless2web/wp-login.php' not found or unable to stat
[Mon Jan 05 04:02:05.991667 2026] [php:error] [pid 85464] [client 203.25.124.112:0] script '/domains/viamonte3/manager.php' not found or unable to stat
[Mon Jan 05 04:02:06.199877 2026] [php:error] [pid 85464] [client 203.25.124.112:0] script '/domains/viamonte3/bless.php' not found or unable to stat
[Mon Jan 05 04:02:06.407951 2026] [php:error] [pid 85464] [client 203.25.124.112:0] script '/domains/viamonte3/O-Simple.php' not found or unable to stat
[Mon Jan 05 04:02:06.620763 2026] [php:error] [pid 85464] [client 203.25.124.112:0] script '/domains/viamonte3/lock360.php' not found or unable to stat
[Mon Jan 05 04:02:06.828065 2026] [php:error] [pid 85464] [client 203.25.124.112:0] script '/domains/viamonte3/zwso.php' not found or unable to stat
[Mon Jan 05 04:02:07.036425 2026] [php:error] [pid 85464] [client 203.25.124.112:0] script '/domains/viamonte3/chosen.php' not found or unable to stat
[Mon Jan 05 04:02:07.245789 2026] [php:error] [pid 85464] [client 203.25.124.112:0] script '/domains/viamonte3/about.php' not found or unable to stat
[Mon Jan 05 04:02:07.452557 2026] [php:error] [pid 85464] [client 203.25.124.112:0] script '/domains/viamonte3/admin.php' not found or unable to stat
[Mon Jan 05 04:02:07.866712 2026] [php:error] [pid 85464] [client 203.25.124.112:0] script '/domains/viamonte3/mah.php' not found or unable to stat
[Mon Jan 05 04:02:08.281415 2026] [php:error] [pid 85464] [client 203.25.124.112:0] script '/domains/viamonte3/core.php' not found or unable to stat
[Mon Jan 05 04:02:08.489021 2026] [php:error] [pid 85464] [client 203.25.124.112:0] script '/domains/viamonte3/robots.php' not found or unable to stat
[Mon Jan 05 04:02:08.696472 2026] [php:error] [pid 85464] [client 203.25.124.112:0] script '/domains/viamonte3/inputs.php' not found or unable to stat
[Mon Jan 05 04:02:08.908178 2026] [php:error] [pid 85464] [client 203.25.124.112:0] script '/domains/viamonte3/mini.php' not found or unable to stat
[Mon Jan 05 04:02:09.115463 2026] [php:error] [pid 85464] [client 203.25.124.112:0] script '/domains/viamonte3/goods.php' not found or unable to stat
[Mon Jan 05 04:02:09.322787 2026] [php:error] [pid 85464] [client 203.25.124.112:0] script '/domains/viamonte3/file5.php' not found or unable to stat
[Mon Jan 05 04:02:09.530225 2026] [php:error] [pid 85464] [client 203.25.124.112:0] script '/domains/viamonte3/ahax.php' not found or unable to stat
[Mon Jan 05 04:02:09.736997 2026] [php:error] [pid 85464] [client 203.25.124.112:0] script '/domains/viamonte3/f35.php' not found or unable to stat
[Mon Jan 05 04:02:09.945886 2026] [php:error] [pid 85464] [client 203.25.124.112:0] script '/domains/viamonte3/simple.php' not found or unable to stat
[Mon Jan 05 04:02:11.605719 2026] [php:error] [pid 85464] [client 203.25.124.112:0] script '/domains/viamonte3/images/upload.php' not found or unable to stat
[Mon Jan 05 04:02:14.529522 2026] [php:error] [pid 85464] [client 203.25.124.112:0] script '/domains/viamonte3/classwithtostring.php' not found or unable to stat
[Mon Jan 05 04:02:15.151736 2026] [php:error] [pid 85464] [client 203.25.124.112:0] script '/domains/viamonte3/tinyfilemanager.php' not found or unable to stat
[Mon Jan 05 04:02:15.772077 2026] [php:error] [pid 85464] [client 203.25.124.112:0] script '/domains/viamonte3/file.php' not found or unable to stat
[Mon Jan 05 04:02:16.393861 2026] [php:error] [pid 85464] [client 203.25.124.112:0] script '/domains/viamonte3/buy.php' not found or unable to stat
[Mon Jan 05 04:02:19.296460 2026] [php:error] [pid 85464] [client 203.25.124.112:0] script '/domains/viamonte3/inc.php' not found or unable to stat
[Mon Jan 05 04:02:19.711247 2026] [php:error] [pid 85464] [client 203.25.124.112:0] script '/domains/viamonte3/filemanager.php' not found or unable to stat
[Mon Jan 05 04:02:20.957544 2026] [php:error] [pid 85464] [client 203.25.124.112:0] script '/domains/viamonte3/function.php' not found or unable to stat
[Mon Jan 05 04:02:21.371830 2026] [php:error] [pid 85464] [client 203.25.124.112:0] script '/domains/viamonte3/wp-signup.php' not found or unable to stat
[Mon Jan 05 04:02:21.993071 2026] [php:error] [pid 85464] [client 203.25.124.112:0] script '/domains/viamonte3/wp-blog.php' not found or unable to stat
[Mon Jan 05 04:02:22.821167 2026] [php:error] [pid 85464] [client 203.25.124.112:0] script '/domains/viamonte3/wp-l0gin.php' not found or unable to stat
[Mon Jan 05 04:02:23.239714 2026] [php:error] [pid 85464] [client 203.25.124.112:0] script '/domains/viamonte3/new.php' not found or unable to stat
[Mon Jan 05 04:02:23.861044 2026] [php:error] [pid 85464] [client 203.25.124.112:0] script '/domains/viamonte3/images/DJP9.php' not found or unable to stat
[Mon Jan 05 04:02:24.486250 2026] [php:error] [pid 85464] [client 203.25.124.112:0] script '/domains/viamonte3/natural.php' not found or unable to stat
[Mon Jan 05 04:02:24.693721 2026] [php:error] [pid 85464] [client 203.25.124.112:0] script '/domains/viamonte3/item.php' not found or unable to stat
[Mon Jan 05 04:02:27.184334 2026] [php:error] [pid 85468] [client 203.25.124.112:0] script '/domains/viamonte3/default.php' not found or unable to stat
[Mon Jan 05 04:02:28.429364 2026] [php:error] [pid 85468] [client 203.25.124.112:0] script '/domains/viamonte3/dropdown.php' not found or unable to stat
[Mon Jan 05 04:02:28.636473 2026] [php:error] [pid 85468] [client 203.25.124.112:0] script '/domains/viamonte3/images/admin.php' not found or unable to stat
[Mon Jan 05 04:02:28.843458 2026] [php:error] [pid 85468] [client 203.25.124.112:0] script '/domains/viamonte3/db.php' not found or unable to stat
[Mon Jan 05 04:02:30.745757 2026] [php:error] [pid 85468] [client 203.25.124.112:0] script '/domains/viamonte3/install.php' not found or unable to stat
[Mon Jan 05 04:02:31.166886 2026] [php:error] [pid 85468] [client 203.25.124.112:0] script '/domains/viamonte3/images/class-config.php' not found or unable to stat
[Mon Jan 05 04:02:31.788748 2026] [php:error] [pid 85468] [client 203.25.124.112:0] script '/domains/viamonte3/bypass.php' not found or unable to stat
[Mon Jan 05 04:02:31.996194 2026] [php:error] [pid 85468] [client 203.25.124.112:0] script '/domains/viamonte3/class.php' not found or unable to stat
[Mon Jan 05 04:02:33.449656 2026] [php:error] [pid 85468] [client 203.25.124.112:0] script '/domains/viamonte3/init.php' not found or unable to stat
[Mon Jan 05 04:02:34.869470 2026] [php:error] [pid 85464] [client 96.15.238.72:0] script '/domains/bfitpro2/0.php' not found or unable to stat, referer: https://www.google.de/
[Mon Jan 05 04:02:35.066376 2026] [php:error] [pid 85464] [client 171.71.249.201:0] script '/domains/bfitpro2/1.php' not found or unable to stat, referer: https://www.google.de/
[Mon Jan 05 04:02:35.118221 2026] [php:error] [pid 85468] [client 203.25.124.112:0] script '/domains/viamonte3/adminfuns.php' not found or unable to stat
[Mon Jan 05 04:02:35.283242 2026] [php:error] [pid 85464] [client 24.198.134.188:0] script '/domains/bfitpro2/2.php' not found or unable to stat, referer: https://www.google.co.uk/
[Mon Jan 05 04:02:35.482905 2026] [php:error] [pid 85464] [client 4.213.56.0:0] script '/domains/bfitpro2/12.php' not found or unable to stat, referer: https://www.google.de/
[Mon Jan 05 04:02:35.566746 2026] [php:error] [pid 85468] [client 203.25.124.112:0] script '/domains/viamonte3/wp_wlx.php' not found or unable to stat
[Mon Jan 05 04:02:35.679877 2026] [php:error] [pid 85464] [client 67.4.67.110:0] script '/domains/bfitpro2/13.php' not found or unable to stat, referer: https://www.google.com/
[Mon Jan 05 04:02:35.876528 2026] [php:error] [pid 85464] [client 105.232.26.71:0] script '/domains/bfitpro2/403.php' not found or unable to stat, referer: https://www.yahoo.com/
[Mon Jan 05 04:02:36.073128 2026] [php:error] [pid 85464] [client 187.222.189.236:0] script '/domains/bfitpro2/404.php' not found or unable to stat, referer: https://www.google.fr/
[Mon Jan 05 04:02:36.187413 2026] [php:error] [pid 85468] [client 203.25.124.112:0] script '/domains/viamonte3/wp.php' not found or unable to stat
[Mon Jan 05 04:02:36.269667 2026] [php:error] [pid 85464] [client 71.160.53.81:0] script '/domains/bfitpro2/a.php' not found or unable to stat, referer: https://www.google.fr/
[Mon Jan 05 04:02:36.485247 2026] [php:error] [pid 85464] [client 123.246.122.50:0] script '/domains/bfitpro2/aa.php' not found or unable to stat, referer: https://www.google.de/
[Mon Jan 05 04:02:36.681777 2026] [php:error] [pid 85464] [client 110.137.205.247:0] script '/domains/bfitpro2/abcd.php' not found or unable to stat, referer: https://www.google.co.uk/
[Mon Jan 05 04:02:36.808493 2026] [php:error] [pid 85468] [client 203.25.124.112:0] script '/domains/viamonte3/wp-header.php' not found or unable to stat
[Mon Jan 05 04:02:36.878332 2026] [php:error] [pid 85464] [client 21.81.141.223:0] script '/domains/bfitpro2/about.php' not found or unable to stat, referer: https://www.google.fr/
[Mon Jan 05 04:02:37.074950 2026] [php:error] [pid 85464] [client 228.123.131.76:0] script '/domains/bfitpro2/admin.php' not found or unable to stat, referer: https://www.google.de/
[Mon Jan 05 04:02:37.226382 2026] [php:error] [pid 85468] [client 203.25.124.112:0] script '/domains/viamonte3/Marvins.php' not found or unable to stat
[Mon Jan 05 04:02:37.271715 2026] [php:error] [pid 85464] [client 130.160.119.19:0] script '/domains/bfitpro2/admin-header.php' not found or unable to stat, referer: https://www.google.de/
[Mon Jan 05 04:02:37.468730 2026] [php:error] [pid 85464] [client 248.94.158.162:0] script '/domains/bfitpro2/adminfuns.php' not found or unable to stat, referer: https://www.google.com/
[Mon Jan 05 04:02:37.642280 2026] [php:error] [pid 85468] [client 203.25.124.112:0] script '/domains/viamonte3/wp-class.php' not found or unable to stat
[Mon Jan 05 04:02:37.665932 2026] [php:error] [pid 85464] [client 229.11.22.217:0] script '/domains/bfitpro2/ahax.php' not found or unable to stat, referer: https://duckduckgo.com/
[Mon Jan 05 04:02:37.862235 2026] [php:error] [pid 85464] [client 101.117.55.142:0] script '/domains/bfitpro2/akcc.php' not found or unable to stat, referer: https://www.google.com/
[Mon Jan 05 04:02:38.056896 2026] [php:error] [pid 85468] [client 203.25.124.112:0] script '/domains/viamonte3/xx.php' not found or unable to stat
[Mon Jan 05 04:02:38.058742 2026] [php:error] [pid 85464] [client 5.18.116.14:0] script '/domains/bfitpro2/alf.php' not found or unable to stat, referer: https://www.google.com/
[Mon Jan 05 04:02:38.255479 2026] [php:error] [pid 85464] [client 138.135.25.7:0] script '/domains/bfitpro2/alfa.php' not found or unable to stat, referer: https://www.google.de/
[Mon Jan 05 04:02:38.263643 2026] [php:error] [pid 85468] [client 203.25.124.112:0] script '/domains/viamonte3/autoload_classmap.php' not found or unable to stat
[Mon Jan 05 04:02:38.452069 2026] [php:error] [pid 85464] [client 154.6.181.75:0] script '/domains/bfitpro2/alfashell.php' not found or unable to stat, referer: https://www.google.de/
[Mon Jan 05 04:02:38.649066 2026] [php:error] [pid 85464] [client 99.154.135.220:0] script '/domains/bfitpro2/api.php' not found or unable to stat, referer: https://duckduckgo.com/
[Mon Jan 05 04:02:38.845749 2026] [php:error] [pid 85464] [client 77.222.52.205:0] script '/domains/bfitpro2/app.php' not found or unable to stat, referer: https://www.google.com/
[Mon Jan 05 04:02:38.885993 2026] [php:error] [pid 85468] [client 203.25.124.112:0] script '/domains/viamonte3/content.php' not found or unable to stat
[Mon Jan 05 04:02:39.042657 2026] [php:error] [pid 85464] [client 102.104.150.212:0] script '/domains/bfitpro2/as.php' not found or unable to stat, referer: https://duckduckgo.com/
[Mon Jan 05 04:02:39.239370 2026] [php:error] [pid 85464] [client 209.148.85.5:0] script '/domains/bfitpro2/bolt.php' not found or unable to stat, referer: https://www.google.fr/
[Mon Jan 05 04:02:39.435967 2026] [php:error] [pid 85464] [client 207.220.117.168:0] script '/domains/bfitpro2/buy.php' not found or unable to stat, referer: https://www.google.de/
[Mon Jan 05 04:02:39.632609 2026] [php:error] [pid 85464] [client 224.217.0.173:0] script '/domains/bfitpro2/c.php' not found or unable to stat, referer: https://www.google.fr/
[Mon Jan 05 04:02:39.840456 2026] [php:error] [pid 85464] [client 184.89.120.47:0] script '/domains/bfitpro2/cc.php' not found or unable to stat, referer: https://www.bing.com/
[Mon Jan 05 04:02:40.037393 2026] [php:error] [pid 85464] [client 27.144.19.166:0] script '/domains/bfitpro2/chosen.php' not found or unable to stat, referer: https://www.google.de/
[Mon Jan 05 04:02:40.234289 2026] [php:error] [pid 85464] [client 134.109.223.73:0] script '/domains/bfitpro2/classwithtostring.php' not found or unable to stat, referer: https://www.bing.com/
[Mon Jan 05 04:02:40.375729 2026] [php:error] [pid 85443] [client 20.255.99.217:0] script '/domains/davidbacker/ca4.php' not found or unable to stat
[Mon Jan 05 04:02:40.433444 2026] [php:error] [pid 85464] [client 82.207.126.155:0] script '/domains/bfitpro2/config.php' not found or unable to stat, referer: https://www.google.fr/
[Mon Jan 05 04:02:40.607514 2026] [php:error] [pid 85443] [client 20.255.99.217:0] script '/domains/davidbacker/p.php' not found or unable to stat
[Mon Jan 05 04:02:40.630633 2026] [php:error] [pid 85464] [client 218.214.11.115:0] script '/domains/bfitpro2/content.php' not found or unable to stat, referer: https://www.bing.com/
[Mon Jan 05 04:02:40.827639 2026] [php:error] [pid 85464] [client 70.155.232.225:0] script '/domains/bfitpro2/dropdown.php' not found or unable to stat, referer: https://www.google.de/
[Mon Jan 05 04:02:41.024571 2026] [php:error] [pid 85464] [client 204.160.118.204:0] script '/domains/bfitpro2/edit.php' not found or unable to stat, referer: https://duckduckgo.com/
[Mon Jan 05 04:02:41.222175 2026] [php:error] [pid 85464] [client 173.138.54.79:0] script '/domains/bfitpro2/ee.php' not found or unable to stat, referer: https://duckduckgo.com/
[Mon Jan 05 04:02:41.251551 2026] [php:error] [pid 85443] [client 20.255.99.217:0] script '/domains/davidbacker/inwp.php' not found or unable to stat
[Mon Jan 05 04:02:41.421819 2026] [php:error] [pid 85464] [client 42.59.74.245:0] script '/domains/bfitpro2/favicon.php' not found or unable to stat, referer: https://www.google.com/
[Mon Jan 05 04:02:41.464947 2026] [php:error] [pid 85468] [client 203.25.124.112:0] script '/domains/viamonte3/images/class.php' not found or unable to stat
[Mon Jan 05 04:02:41.495223 2026] [php:error] [pid 85443] [client 20.255.99.217:0] script '/domains/davidbacker/file22.php' not found or unable to stat
[Mon Jan 05 04:02:41.618278 2026] [php:error] [pid 85464] [client 18.46.156.251:0] script '/domains/bfitpro2/file.php' not found or unable to stat, referer: https://www.google.fr/
[Mon Jan 05 04:02:41.815188 2026] [php:error] [pid 85464] [client 27.146.74.249:0] script '/domains/bfitpro2/fm.php' not found or unable to stat, referer: https://www.google.fr/
[Mon Jan 05 04:02:41.883520 2026] [php:error] [pid 85443] [client 20.255.99.217:0] script '/domains/davidbacker/7logs.php' not found or unable to stat
[Mon Jan 05 04:02:41.898429 2026] [php:error] [pid 85468] [client 203.25.124.112:0] script '/domains/viamonte3/web.php' not found or unable to stat
[Mon Jan 05 04:02:42.012005 2026] [php:error] [pid 85464] [client 232.142.202.75:0] script '/domains/bfitpro2/fx.php' not found or unable to stat, referer: https://www.google.com/
[Mon Jan 05 04:02:42.097953 2026] [php:error] [pid 85443] [client 20.255.99.217:0] script '/domains/davidbacker/tanjiro.php' not found or unable to stat
[Mon Jan 05 04:02:42.209900 2026] [php:error] [pid 85464] [client 65.132.210.180:0] script '/domains/bfitpro2/gecko.php' not found or unable to stat, referer: https://www.google.fr/
[Mon Jan 05 04:02:42.315675 2026] [php:error] [pid 85443] [client 20.255.99.217:0] script '/domains/davidbacker/wefile.php' not found or unable to stat
[Mon Jan 05 04:02:42.315678 2026] [php:error] [pid 85468] [client 203.25.124.112:0] script '/domains/viamonte3/images/index.php' not found or unable to stat
[Mon Jan 05 04:02:42.406439 2026] [php:error] [pid 85464] [client 110.53.173.29:0] script '/domains/bfitpro2/gecko-new.php' not found or unable to stat, referer: https://www.yahoo.com/
[Mon Jan 05 04:02:42.539127 2026] [php:error] [pid 85443] [client 20.255.99.217:0] script '/domains/davidbacker/ad1.php' not found or unable to stat
[Mon Jan 05 04:02:42.602825 2026] [php:error] [pid 85464] [client 254.100.242.128:0] script '/domains/bfitpro2/gel4y.php' not found or unable to stat, referer: https://www.yahoo.com/
[Mon Jan 05 04:02:42.753381 2026] [php:error] [pid 85443] [client 20.255.99.217:0] script '/domains/davidbacker/bjfl.php' not found or unable to stat
[Mon Jan 05 04:02:42.799719 2026] [php:error] [pid 85464] [client 31.73.169.194:0] script '/domains/bfitpro2/gg.php' not found or unable to stat, referer: https://www.google.de/
[Mon Jan 05 04:02:42.991595 2026] [php:error] [pid 85443] [client 20.255.99.217:0] script '/domains/davidbacker/wen.php' not found or unable to stat
[Mon Jan 05 04:02:42.996794 2026] [php:error] [pid 85464] [client 109.71.133.88:0] script '/domains/bfitpro2/goods.php' not found or unable to stat, referer: https://www.google.co.uk/
[Mon Jan 05 04:02:43.145689 2026] [php:error] [pid 85468] [client 203.25.124.112:0] script '/domains/viamonte3/wp-trackback.php' not found or unable to stat
[Mon Jan 05 04:02:43.194570 2026] [php:error] [pid 85464] [client 131.30.121.179:0] script '/domains/bfitpro2/help.php' not found or unable to stat, referer: https://www.bing.com/
[Mon Jan 05 04:02:43.206871 2026] [php:error] [pid 85443] [client 20.255.99.217:0] script '/domains/davidbacker/anz.php' not found or unable to stat
[Mon Jan 05 04:02:43.391851 2026] [php:error] [pid 85464] [client 9.7.130.218:0] script '/domains/bfitpro2/i.php' not found or unable to stat, referer: https://www.google.co.uk/
[Mon Jan 05 04:02:43.458936 2026] [php:error] [pid 85443] [client 20.255.99.217:0] script '/domains/davidbacker/bnn_.php' not found or unable to stat
[Mon Jan 05 04:02:43.561073 2026] [php:error] [pid 85468] [client 203.25.124.112:0] script '/domains/viamonte3/radio.php' not found or unable to stat
[Mon Jan 05 04:02:43.588652 2026] [php:error] [pid 85464] [client 202.110.241.1:0] script '/domains/bfitpro2/index.php' not found or unable to stat, referer: https://www.google.de/
[Mon Jan 05 04:02:43.693615 2026] [php:error] [pid 85443] [client 20.255.99.217:0] script '/domains/davidbacker/motu.php' not found or unable to stat
[Mon Jan 05 04:02:43.785282 2026] [php:error] [pid 85464] [client 250.141.191.219:0] script '/domains/bfitpro2/info.php' not found or unable to stat, referer: https://www.google.fr/
[Mon Jan 05 04:02:43.942586 2026] [php:error] [pid 85443] [client 20.255.99.217:0] script '/domains/davidbacker/file66.php' not found or unable to stat
[Mon Jan 05 04:02:43.981698 2026] [php:error] [pid 85464] [client 151.221.75.79:0] script '/domains/bfitpro2/ioxi-o.php' not found or unable to stat, referer: https://www.bing.com/
[Mon Jan 05 04:02:44.178175 2026] [php:error] [pid 85464] [client 107.56.60.101:0] script '/domains/bfitpro2/k.php' not found or unable to stat, referer: https://www.bing.com/
[Mon Jan 05 04:02:44.186516 2026] [php:error] [pid 85443] [client 20.255.99.217:0] script '/domains/davidbacker/kure.php' not found or unable to stat
[Mon Jan 05 04:02:44.374965 2026] [php:error] [pid 85464] [client 186.59.4.154:0] script '/domains/bfitpro2/link.php' not found or unable to stat, referer: https://www.google.co.uk/
[Mon Jan 05 04:02:44.389736 2026] [php:error] [pid 85468] [client 203.25.124.112:0] script '/domains/viamonte3/wp-conflg.php' not found or unable to stat
[Mon Jan 05 04:02:44.401013 2026] [php:error] [pid 85443] [client 20.255.99.217:0] script '/domains/davidbacker/gaje.php' not found or unable to stat
[Mon Jan 05 04:02:44.571806 2026] [php:error] [pid 85464] [client 89.210.181.149:0] script '/domains/bfitpro2/man.php' not found or unable to stat, referer: https://www.bing.com/
[Mon Jan 05 04:02:44.600560 2026] [php:error] [pid 85468] [client 203.25.124.112:0] script '/domains/viamonte3/wp-setup.php' not found or unable to stat
[Mon Jan 05 04:02:44.615404 2026] [php:error] [pid 85443] [client 20.255.99.217:0] script '/domains/davidbacker/blnux.php' not found or unable to stat
[Mon Jan 05 04:02:44.768275 2026] [php:error] [pid 85464] [client 69.183.24.152:0] script '/domains/bfitpro2/mini.php' not found or unable to stat, referer: https://www.bing.com/
[Mon Jan 05 04:02:44.808973 2026] [php:error] [pid 85468] [client 203.25.124.112:0] script '/domains/viamonte3/ms-themes.php' not found or unable to stat
[Mon Jan 05 04:02:44.844643 2026] [php:error] [pid 85443] [client 20.255.99.217:0] script '/domains/davidbacker/fgd.php' not found or unable to stat
[Mon Jan 05 04:02:45.012420 2026] [php:error] [pid 85464] [client 174.211.59.248:0] script '/domains/bfitpro2/new.php' not found or unable to stat, referer: https://www.google.co.uk/
[Mon Jan 05 04:02:45.209051 2026] [php:error] [pid 85464] [client 189.144.68.144:0] script '/domains/bfitpro2/num.php' not found or unable to stat, referer: https://www.google.co.uk/
[Mon Jan 05 04:02:45.231259 2026] [php:error] [pid 85468] [client 203.25.124.112:0] script '/domains/viamonte3/style.php' not found or unable to stat
[Mon Jan 05 04:02:45.318433 2026] [php:error] [pid 85443] [client 20.255.99.217:0] script '/domains/davidbacker/msy.php' not found or unable to stat
[Mon Jan 05 04:02:45.405830 2026] [php:error] [pid 85464] [client 174.197.29.166:0] script '/domains/bfitpro2/root.php' not found or unable to stat, referer: https://www.google.de/
[Mon Jan 05 04:02:45.541043 2026] [php:error] [pid 85443] [client 20.255.99.217:0] script '/domains/davidbacker/alog.php' not found or unable to stat
[Mon Jan 05 04:02:45.602437 2026] [php:error] [pid 85464] [client 119.86.199.94:0] script '/domains/bfitpro2/shell.php' not found or unable to stat, referer: https://www.google.de/
[Mon Jan 05 04:02:45.755615 2026] [php:error] [pid 85443] [client 20.255.99.217:0] script '/domains/davidbacker/X7T6.php' not found or unable to stat
[Mon Jan 05 04:02:45.799019 2026] [php:error] [pid 85464] [client 69.84.238.235:0] script '/domains/bfitpro2/system.php' not found or unable to stat, referer: https://www.yahoo.com/
[Mon Jan 05 04:02:45.852569 2026] [php:error] [pid 85468] [client 203.25.124.112:0] script '/domains/viamonte3/x.php' not found or unable to stat
[Mon Jan 05 04:02:45.981019 2026] [php:error] [pid 85443] [client 20.255.99.217:0] script '/domains/davidbacker/xwpg.php' not found or unable to stat
[Mon Jan 05 04:02:45.995690 2026] [php:error] [pid 85464] [client 107.84.12.131:0] script '/domains/bfitpro2/termps.php' not found or unable to stat, referer: https://www.google.co.uk/
