[Mon Jan 05 01:18:59.327598 2026] [access_compat:error] [pid 53654] [client 46.101.111.185:0] AH01797: client denied by server configuration: /domains/byardrealestate/server-status
[Mon Jan 05 01:18:59.548577 2026] [access_compat:error] [pid 53671] [client 207.154.197.113:0] AH01797: client denied by server configuration: /domains/egmaweb/server-status
[Mon Jan 05 01:18:59.578161 2026] [access_compat:error] [pid 53652] [client 178.128.207.138:0] AH01797: client denied by server configuration: /domains/byardrealestate/server-status
[Mon Jan 05 01:19:01.367980 2026] [access_compat:error] [pid 53671] [client 206.189.95.232:0] AH01797: client denied by server configuration: /domains/egmaweb/server-status
[Mon Jan 05 01:19:01.646999 2026] [access_compat:error] [pid 53671] [client 68.183.180.73:0] AH01797: client denied by server configuration: /domains/byardrealestate/server-status
[Mon Jan 05 01:19:02.167414 2026] [php:error] [pid 53654] [client 146.190.103.103:0] script '/domains/druckrey/info.php' not found or unable to stat
[Mon Jan 05 01:19:02.843262 2026] [access_compat:error] [pid 53671] [client 165.22.34.189:0] AH01797: client denied by server configuration: /domains/fryer/server-status
[Mon Jan 05 01:19:03.034025 2026] [access_compat:error] [pid 53671] [client 167.99.181.249:0] AH01797: client denied by server configuration: /domains/fryer/server-status
[Mon Jan 05 01:19:03.546578 2026] [access_compat:error] [pid 53671] [client 139.59.231.238:0] AH01797: client denied by server configuration: /domains/byardrealestate/server-status
[Mon Jan 05 01:19:04.452046 2026] [access_compat:error] [pid 53671] [client 165.22.235.3:0] AH01797: client denied by server configuration: /domains/dcoffman/server-status
[Mon Jan 05 01:19:04.646367 2026] [access_compat:error] [pid 53671] [client 64.23.218.208:0] AH01797: client denied by server configuration: /domains/dcoffman/server-status
[Mon Jan 05 01:19:07.009349 2026] [access_compat:error] [pid 53671] [client 159.89.174.87:0] AH01797: client denied by server configuration: /domains/fryer/server-status
[Mon Jan 05 01:19:08.073764 2026] [access_compat:error] [pid 53628] [client 206.189.95.232:0] AH01797: client denied by server configuration: /domains/fryer/server-status
[Mon Jan 05 01:19:08.601605 2026] [access_compat:error] [pid 53681] [client 157.245.204.205:0] AH01797: client denied by server configuration: /domains/dcoffman/server-status
[Mon Jan 05 01:19:09.032529 2026] [php:error] [pid 53682] [client 134.122.28.88:0] script '/domains/egmaweb/info.php' not found or unable to stat
[Mon Jan 05 01:19:09.061186 2026] [php:error] [pid 53684] [client 167.99.182.39:0] script '/domains/egmaweb/info.php' not found or unable to stat
[Mon Jan 05 01:19:09.547941 2026] [access_compat:error] [pid 53589] [client 157.245.204.205:0] AH01797: client denied by server configuration: /domains/dcoffman/server-status
[Mon Jan 05 01:19:09.734783 2026] [php:error] [pid 53683] [client 46.101.111.185:0] script '/domains/byardrealestate/info.php' not found or unable to stat
[Mon Jan 05 01:19:09.835449 2026] [php:error] [pid 53684] [client 178.128.207.138:0] script '/domains/byardrealestate/info.php' not found or unable to stat
[Mon Jan 05 01:19:09.841886 2026] [php:error] [pid 53663] [client 207.154.197.113:0] script '/domains/egmaweb/info.php' not found or unable to stat
[Mon Jan 05 01:19:12.046512 2026] [php:error] [pid 53687] [client 68.183.180.73:0] script '/domains/byardrealestate/info.php' not found or unable to stat
[Mon Jan 05 01:19:12.124538 2026] [php:error] [pid 53687] [client 206.189.95.232:0] script '/domains/egmaweb/info.php' not found or unable to stat
[Mon Jan 05 01:19:13.084250 2026] [php:error] [pid 53658] [client 165.22.34.189:0] script '/domains/fryer/info.php' not found or unable to stat
[Mon Jan 05 01:19:13.085771 2026] [php:error] [pid 53663] [client 167.99.181.249:0] script '/domains/fryer/info.php' not found or unable to stat
[Mon Jan 05 01:19:14.552525 2026] [php:error] [pid 53676] [client 139.59.231.238:0] script '/domains/byardrealestate/info.php' not found or unable to stat
[Mon Jan 05 01:19:14.589283 2026] [php:error] [pid 53665] [client 165.22.235.3:0] script '/domains/dcoffman/info.php' not found or unable to stat
[Mon Jan 05 01:19:14.690099 2026] [php:error] [pid 53685] [client 64.23.218.208:0] script '/domains/dcoffman/info.php' not found or unable to stat
[Mon Jan 05 01:19:16.576601 2026] [php:error] [pid 53653] [client 159.89.174.87:0] script '/domains/fryer/info.php' not found or unable to stat
[Mon Jan 05 01:19:16.681146 2026] [php:error] [pid 53676] [client 35.247.243.246:0] script '/domains/rainho/adminer-4.1.0.php' not found or unable to stat
[Mon Jan 05 01:19:17.764548 2026] [php:error] [pid 53664] [client 206.189.95.232:0] script '/domains/fryer/info.php' not found or unable to stat
[Mon Jan 05 01:19:18.063154 2026] [php:error] [pid 53628] [client 157.245.204.205:0] script '/domains/dcoffman/info.php' not found or unable to stat
[Mon Jan 05 01:19:19.552384 2026] [php:error] [pid 53671] [client 157.245.204.205:0] script '/domains/dcoffman/info.php' not found or unable to stat
[Mon Jan 05 01:19:21.063936 2026] [access_compat:error] [pid 53671] [client 147.182.149.75:0] AH01797: client denied by server configuration: /domains/pookie.dnai/server-status
[Mon Jan 05 01:19:21.065504 2026] [access_compat:error] [pid 53628] [client 159.89.127.165:0] AH01797: client denied by server configuration: /domains/pookie.dnai/server-status
[Mon Jan 05 01:19:21.768969 2026] [access_compat:error] [pid 53628] [client 64.23.218.208:0] AH01797: client denied by server configuration: /domains/pookie.dnai/server-status
[Mon Jan 05 01:19:21.786532 2026] [access_compat:error] [pid 53589] [client 147.182.200.94:0] AH01797: client denied by server configuration: /domains/pookie.dnai/server-status
[Mon Jan 05 01:19:31.068559 2026] [php:error] [pid 53628] [client 159.89.127.165:0] script '/domains/pookie.dnai/info.php' not found or unable to stat
[Mon Jan 05 01:19:31.080067 2026] [php:error] [pid 53651] [client 147.182.149.75:0] script '/domains/pookie.dnai/info.php' not found or unable to stat
[Mon Jan 05 01:19:31.772159 2026] [php:error] [pid 53653] [client 64.23.218.208:0] script '/domains/pookie.dnai/info.php' not found or unable to stat
[Mon Jan 05 01:19:31.791486 2026] [php:error] [pid 53676] [client 147.182.200.94:0] script '/domains/pookie.dnai/info.php' not found or unable to stat
[Mon Jan 05 01:19:43.699958 2026] [access_compat:error] [pid 53693] [client 206.81.12.187:0] AH01797: client denied by server configuration: /domains/memanuel/server-status
[Mon Jan 05 01:19:43.717637 2026] [access_compat:error] [pid 53628] [client 206.189.233.36:0] AH01797: client denied by server configuration: /domains/memanuel/server-status
[Mon Jan 05 01:19:43.845758 2026] [access_compat:error] [pid 53628] [client 143.244.168.161:0] AH01797: client denied by server configuration: /domains/emsco1/server-status
[Mon Jan 05 01:19:43.998159 2026] [access_compat:error] [pid 53693] [client 167.99.182.39:0] AH01797: client denied by server configuration: /domains/emsco1/server-status
[Mon Jan 05 01:19:44.013900 2026] [access_compat:error] [pid 53628] [client 165.227.39.235:0] AH01797: client denied by server configuration: /domains/emsco1/server-status
[Mon Jan 05 01:19:44.142942 2026] [access_compat:error] [pid 53671] [client 64.227.70.2:0] AH01797: client denied by server configuration: /domains/memanuel/server-status
[Mon Jan 05 01:19:44.347639 2026] [access_compat:error] [pid 53693] [client 138.68.144.227:0] AH01797: client denied by server configuration: /domains/memanuel/server-status
[Mon Jan 05 01:19:44.383555 2026] [access_compat:error] [pid 53628] [client 142.93.129.190:0] AH01797: client denied by server configuration: /domains/emsco1/server-status
[Mon Jan 05 01:19:47.125076 2026] [access_compat:error] [pid 53628] [client 142.93.129.190:0] AH01797: client denied by server configuration: /domains/quintet/server-status
[Mon Jan 05 01:19:47.756269 2026] [access_compat:error] [pid 53571] [client 138.68.82.23:0] AH01797: client denied by server configuration: /domains/quintet/server-status
[Mon Jan 05 01:19:49.697902 2026] [access_compat:error] [pid 53695] [client 146.190.103.103:0] AH01797: client denied by server configuration: /domains/quintet/server-status
[Mon Jan 05 01:19:51.142362 2026] [access_compat:error] [pid 53695] [client 128.199.182.152:0] AH01797: client denied by server configuration: /domains/quintet/server-status
[Mon Jan 05 01:19:53.701699 2026] [php:error] [pid 53664] [client 206.81.12.187:0] script '/domains/memanuel/info.php' not found or unable to stat
[Mon Jan 05 01:19:53.721167 2026] [php:error] [pid 53701] [client 206.189.233.36:0] script '/domains/memanuel/info.php' not found or unable to stat
[Mon Jan 05 01:19:53.849303 2026] [php:error] [pid 53664] [client 143.244.168.161:0] script '/domains/emsco1/info.php' not found or unable to stat
[Mon Jan 05 01:19:54.004826 2026] [php:error] [pid 53664] [client 167.99.182.39:0] script '/domains/emsco1/info.php' not found or unable to stat
[Mon Jan 05 01:19:54.026408 2026] [php:error] [pid 53697] [client 165.227.39.235:0] script '/domains/emsco1/info.php' not found or unable to stat
[Mon Jan 05 01:19:54.134170 2026] [php:error] [pid 53701] [client 64.227.70.2:0] script '/domains/memanuel/info.php' not found or unable to stat
[Mon Jan 05 01:19:54.391341 2026] [php:error] [pid 53674] [client 142.93.129.190:0] script '/domains/emsco1/info.php' not found or unable to stat
[Mon Jan 05 01:19:54.393722 2026] [php:error] [pid 53700] [client 138.68.144.227:0] script '/domains/memanuel/info.php' not found or unable to stat
[Mon Jan 05 01:19:56.757169 2026] [access_compat:error] [pid 53700] [client 146.190.242.161:0] AH01797: client denied by server configuration: /domains/takie/server-status
[Mon Jan 05 01:19:56.779836 2026] [access_compat:error] [pid 53702] [client 167.99.181.249:0] AH01797: client denied by server configuration: /domains/takie/server-status
[Mon Jan 05 01:19:56.957453 2026] [access_compat:error] [pid 53697] [client 64.226.65.160:0] AH01797: client denied by server configuration: /domains/takie/server-status
[Mon Jan 05 01:19:57.127462 2026] [php:error] [pid 53702] [client 142.93.129.190:0] script '/domains/quintet/info.php' not found or unable to stat
[Mon Jan 05 01:19:57.276256 2026] [access_compat:error] [pid 53677] [client 143.110.217.244:0] AH01797: client denied by server configuration: /domains/sjsachs/server-status
[Mon Jan 05 01:19:57.284952 2026] [access_compat:error] [pid 53650] [client 134.122.28.88:0] AH01797: client denied by server configuration: /domains/sjsachs/server-status
[Mon Jan 05 01:19:57.759611 2026] [php:error] [pid 53693] [client 138.68.82.23:0] script '/domains/quintet/info.php' not found or unable to stat
[Mon Jan 05 01:19:57.914875 2026] [access_compat:error] [pid 53671] [client 138.68.82.23:0] AH01797: client denied by server configuration: /domains/sjsachs/server-status
[Mon Jan 05 01:19:58.130273 2026] [access_compat:error] [pid 53650] [client 139.59.136.184:0] AH01797: client denied by server configuration: /domains/sjsachs/server-status
[Mon Jan 05 01:19:59.084901 2026] [access_compat:error] [pid 53697] [client 146.190.103.103:0] AH01797: client denied by server configuration: /domains/takie/server-status
[Mon Jan 05 01:19:59.474972 2026] [access_compat:error] [pid 53702] [client 142.93.0.66:0] AH01797: client denied by server configuration: /domains/brenties/server-status
[Mon Jan 05 01:19:59.601127 2026] [access_compat:error] [pid 53697] [client 147.182.149.75:0] AH01797: client denied by server configuration: /domains/brenties/server-status
[Mon Jan 05 01:19:59.700250 2026] [php:error] [pid 53696] [client 146.190.103.103:0] script '/domains/quintet/info.php' not found or unable to stat
[Mon Jan 05 01:19:59.889704 2026] [access_compat:error] [pid 53702] [client 138.68.86.32:0] AH01797: client denied by server configuration: /domains/brenties/server-status
[Mon Jan 05 01:20:01.149491 2026] [php:error] [pid 53696] [client 128.199.182.152:0] script '/domains/quintet/info.php' not found or unable to stat
[Mon Jan 05 01:20:02.876674 2026] [access_compat:error] [pid 53664] [client 68.183.180.73:0] AH01797: client denied by server configuration: /domains/brenties/server-status
[Mon Jan 05 01:20:08.768497 2026] [php:error] [pid 53719] [client 146.190.242.161:0] script '/domains/takie/info.php' not found or unable to stat
[Mon Jan 05 01:20:08.778011 2026] [php:error] [pid 53722] [client 167.99.181.249:0] script '/domains/takie/info.php' not found or unable to stat
[Mon Jan 05 01:20:08.917391 2026] [php:error] [pid 53723] [client 134.122.28.88:0] script '/domains/sjsachs/info.php' not found or unable to stat
[Mon Jan 05 01:20:08.957011 2026] [php:error] [pid 53722] [client 64.226.65.160:0] script '/domains/takie/info.php' not found or unable to stat
[Mon Jan 05 01:20:08.975202 2026] [php:error] [pid 53717] [client 143.110.217.244:0] script '/domains/sjsachs/info.php' not found or unable to stat
[Mon Jan 05 01:20:09.943411 2026] [php:error] [pid 53571] [client 138.68.82.23:0] script '/domains/sjsachs/info.php' not found or unable to stat
[Mon Jan 05 01:20:10.118120 2026] [php:error] [pid 53717] [client 139.59.136.184:0] script '/domains/sjsachs/info.php' not found or unable to stat
[Mon Jan 05 01:20:10.935852 2026] [php:error] [pid 53571] [client 142.93.0.66:0] script '/domains/brenties/info.php' not found or unable to stat
[Mon Jan 05 01:20:10.977676 2026] [php:error] [pid 53721] [client 147.182.149.75:0] script '/domains/brenties/info.php' not found or unable to stat
[Mon Jan 05 01:20:11.086446 2026] [php:error] [pid 53722] [client 138.68.86.32:0] script '/domains/brenties/info.php' not found or unable to stat
[Mon Jan 05 01:20:11.107336 2026] [php:error] [pid 53719] [client 146.190.103.103:0] script '/domains/takie/info.php' not found or unable to stat
[Mon Jan 05 01:20:13.876384 2026] [access_compat:error] [pid 53708] [client 167.172.232.142:0] AH01797: client denied by server configuration: /domains/highlandlabs/server-status
[Mon Jan 05 01:20:13.949461 2026] [access_compat:error] [pid 53709] [client 143.110.217.244:0] AH01797: client denied by server configuration: /domains/highlandlabs/server-status
[Mon Jan 05 01:20:14.421454 2026] [access_compat:error] [pid 53722] [client 138.68.82.23:0] AH01797: client denied by server configuration: /domains/highlandlabs/server-status
[Mon Jan 05 01:20:14.680633 2026] [php:error] [pid 53712] [client 68.183.180.73:0] script '/domains/brenties/info.php' not found or unable to stat
[Mon Jan 05 01:20:17.937260 2026] [access_compat:error] [pid 53701] [client 206.189.95.232:0] AH01797: client denied by server configuration: /domains/highlandlabs/server-status
[Mon Jan 05 01:20:23.880416 2026] [php:error] [pid 53697] [client 167.172.232.142:0] script '/domains/highlandlabs/info.php' not found or unable to stat
[Mon Jan 05 01:20:23.955339 2026] [php:error] [pid 53710] [client 143.110.217.244:0] script '/domains/highlandlabs/info.php' not found or unable to stat
[Mon Jan 05 01:20:24.425454 2026] [php:error] [pid 53719] [client 138.68.82.23:0] script '/domains/highlandlabs/info.php' not found or unable to stat
[Mon Jan 05 01:20:25.741060 2026] [access_compat:error] [pid 53694] [client 64.23.218.208:0] AH01797: client denied by server configuration: /domains/supolo/server-status
[Mon Jan 05 01:20:25.954116 2026] [access_compat:error] [pid 53697] [client 68.183.9.16:0] AH01797: client denied by server configuration: /domains/supolo/server-status
[Mon Jan 05 01:20:26.203863 2026] [access_compat:error] [pid 53708] [client 64.227.70.2:0] AH01797: client denied by server configuration: /domains/supolo/server-status
[Mon Jan 05 01:20:27.943562 2026] [php:error] [pid 53697] [client 206.189.95.232:0] script '/domains/highlandlabs/info.php' not found or unable to stat
[Mon Jan 05 01:20:31.271959 2026] [access_compat:error] [pid 53713] [client 159.89.174.87:0] AH01797: client denied by server configuration: /domains/supolo/server-status
[Mon Jan 05 01:20:35.700031 2026] [php:error] [pid 53674] [client 35.247.243.251:0] script '/domains/rainho/adminer-5.4.0.php' not found or unable to stat
[Mon Jan 05 01:20:35.746050 2026] [php:error] [pid 53701] [client 64.23.218.208:0] script '/domains/supolo/info.php' not found or unable to stat
[Mon Jan 05 01:20:35.971977 2026] [php:error] [pid 53693] [client 68.183.9.16:0] script '/domains/supolo/info.php' not found or unable to stat
[Mon Jan 05 01:20:36.206852 2026] [php:error] [pid 53674] [client 64.227.70.2:0] script '/domains/supolo/info.php' not found or unable to stat
[Mon Jan 05 01:20:41.271005 2026] [php:error] [pid 53724] [client 159.89.174.87:0] script '/domains/supolo/info.php' not found or unable to stat
[Mon Jan 05 01:20:50.576565 2026] [rewrite:error] [pid 53697] [client 104.164.173.203:0] AH10508: Unsafe URL with %3f URL rewritten without UnsafeAllow3F
[Mon Jan 05 01:20:59.078473 2026] [rewrite:error] [pid 53735] [client 104.164.173.203:0] AH10508: Unsafe URL with %3f URL rewritten without UnsafeAllow3F
[Mon Jan 05 01:21:00.173710 2026] [rewrite:error] [pid 53736] [client 104.164.173.203:0] AH10508: Unsafe URL with %3f URL rewritten without UnsafeAllow3F
[Mon Jan 05 01:21:00.173714 2026] [rewrite:error] [pid 53734] [client 104.164.173.203:0] AH10508: Unsafe URL with %3f URL rewritten without UnsafeAllow3F
[Mon Jan 05 01:21:03.482254 2026] [rewrite:error] [pid 53732] [client 154.28.229.200:0] AH10508: Unsafe URL with %3f URL rewritten without UnsafeAllow3F
[Mon Jan 05 01:21:06.497493 2026] [rewrite:error] [pid 53701] [client 154.28.229.200:0] AH10508: Unsafe URL with %3f URL rewritten without UnsafeAllow3F
[Mon Jan 05 01:21:07.824774 2026] [access_compat:error] [pid 53741] [client 157.245.113.227:0] AH01797: client denied by server configuration: /domains/hdickens.enteract/server-status
[Mon Jan 05 01:21:08.168406 2026] [access_compat:error] [pid 53741] [client 206.81.24.227:0] AH01797: client denied by server configuration: /domains/hdickens.enteract/server-status
[Mon Jan 05 01:21:09.051243 2026] [access_compat:error] [pid 53674] [client 159.65.18.197:0] AH01797: client denied by server configuration: /domains/hdickens.enteract/server-status
[Mon Jan 05 01:21:11.316626 2026] [access_compat:error] [pid 53743] [client 157.245.105.107:0] AH01797: client denied by server configuration: /domains/hdickens.enteract/server-status
[Mon Jan 05 01:21:14.917766 2026] [access_compat:error] [pid 53703] [client 143.244.168.161:0] AH01797: client denied by server configuration: /domains/tcrlle/server-status
[Mon Jan 05 01:21:15.718416 2026] [access_compat:error] [pid 53703] [client 138.197.191.87:0] AH01797: client denied by server configuration: /domains/tcrlle/server-status
[Mon Jan 05 01:21:16.182642 2026] [access_compat:error] [pid 53743] [client 138.68.86.32:0] AH01797: client denied by server configuration: /domains/tcrlle/server-status
[Mon Jan 05 01:21:17.835594 2026] [php:error] [pid 53703] [client 157.245.113.227:0] script '/domains/hdickens.enteract/info.php' not found or unable to stat
[Mon Jan 05 01:21:18.196444 2026] [php:error] [pid 53718] [client 206.81.24.227:0] script '/domains/hdickens.enteract/info.php' not found or unable to stat
[Mon Jan 05 01:21:19.033382 2026] [php:error] [pid 53674] [client 159.65.18.197:0] script '/domains/hdickens.enteract/info.php' not found or unable to stat
[Mon Jan 05 01:21:21.300928 2026] [php:error] [pid 53744] [client 157.245.105.107:0] script '/domains/hdickens.enteract/info.php' not found or unable to stat
[Mon Jan 05 01:21:24.961648 2026] [php:error] [pid 53701] [client 143.244.168.161:0] script '/domains/tcrlle/info.php' not found or unable to stat
[Mon Jan 05 01:21:25.722674 2026] [php:error] [pid 53744] [client 138.197.191.87:0] script '/domains/tcrlle/info.php' not found or unable to stat
[Mon Jan 05 01:21:26.174999 2026] [php:error] [pid 53742] [client 138.68.86.32:0] script '/domains/tcrlle/info.php' not found or unable to stat
[Mon Jan 05 01:21:35.118101 2026] [access_compat:error] [pid 53742] [client 143.244.168.161:0] AH01797: client denied by server configuration: /domains/jrp.interport/server-status
[Mon Jan 05 01:21:35.252622 2026] [access_compat:error] [pid 53703] [client 206.189.225.181:0] AH01797: client denied by server configuration: /domains/jrp.interport/server-status
[Mon Jan 05 01:21:39.378227 2026] [access_compat:error] [pid 53757] [client 68.183.9.16:0] AH01797: client denied by server configuration: /domains/jrp.interport/server-status
[Mon Jan 05 01:21:39.379794 2026] [rewrite:error] [pid 53757] [client 104.164.126.108:0] AH10508: Unsafe URL with %3f URL rewritten without UnsafeAllow3F
[Mon Jan 05 01:21:40.875486 2026] [access_compat:error] [pid 53774] [client 206.189.95.232:0] AH01797: client denied by server configuration: /domains/jrp.interport/server-status
[Mon Jan 05 01:21:47.450359 2026] [php:error] [pid 53768] [client 143.244.168.161:0] script '/domains/jrp.interport/info.php' not found or unable to stat
[Mon Jan 05 01:21:47.465675 2026] [php:error] [pid 53694] [client 206.189.225.181:0] script '/domains/jrp.interport/info.php' not found or unable to stat
[Mon Jan 05 01:21:48.716998 2026] [access_compat:error] [pid 53755] [client 165.22.34.189:0] AH01797: client denied by server configuration: /domains/mschmid/server-status
[Mon Jan 05 01:21:48.723765 2026] [php:error] [pid 53762] [client 68.183.9.16:0] script '/domains/jrp.interport/info.php' not found or unable to stat
[Mon Jan 05 01:21:49.743415 2026] [access_compat:error] [pid 53713] [client 157.230.19.140:0] AH01797: client denied by server configuration: /domains/mschmid/server-status
[Mon Jan 05 01:21:50.994014 2026] [php:error] [pid 53760] [client 206.189.95.232:0] script '/domains/jrp.interport/info.php' not found or unable to stat
[Mon Jan 05 01:21:51.889325 2026] [access_compat:error] [pid 53711] [client 68.183.180.73:0] AH01797: client denied by server configuration: /domains/mschmid/server-status
[Mon Jan 05 01:21:53.106118 2026] [access_compat:error] [pid 53728] [client 128.199.182.152:0] AH01797: client denied by server configuration: /domains/mschmid/server-status
[Mon Jan 05 01:21:58.357832 2026] [rewrite:error] [pid 53756] [client 104.252.191.54:0] AH10508: Unsafe URL with %3f URL rewritten without UnsafeAllow3F
[Mon Jan 05 01:21:58.726566 2026] [php:error] [pid 53746] [client 165.22.34.189:0] script '/domains/mschmid/info.php' not found or unable to stat
[Mon Jan 05 01:21:59.748850 2026] [php:error] [pid 53711] [client 157.230.19.140:0] script '/domains/mschmid/info.php' not found or unable to stat
[Mon Jan 05 01:22:02.189250 2026] [access_compat:error] [pid 53785] [client 165.227.84.14:0] AH01797: client denied by server configuration: /domains/trodine/server-status
[Mon Jan 05 01:22:02.189751 2026] [access_compat:error] [pid 53786] [client 206.189.225.181:0] AH01797: client denied by server configuration: /domains/trodine/server-status
[Mon Jan 05 01:22:02.190296 2026] [access_compat:error] [pid 53785] [client 143.244.168.161:0] AH01797: client denied by server configuration: /domains/trodine/server-status
[Mon Jan 05 01:22:03.269417 2026] [php:error] [pid 53790] [client 68.183.180.73:0] script '/domains/mschmid/info.php' not found or unable to stat
[Mon Jan 05 01:22:03.745075 2026] [access_compat:error] [pid 53753] [client 128.199.182.152:0] AH01797: client denied by server configuration: /domains/trodine/server-status
[Mon Jan 05 01:22:03.845344 2026] [php:error] [pid 53771] [client 163.122.54.38:0] script '/domains/abtechsci/C3B/0.php' not found or unable to stat, referer: https://www.google.com/
[Mon Jan 05 01:22:04.280736 2026] [php:error] [pid 53771] [client 147.53.115.197:0] script '/domains/abtechsci/C3B/1.php' not found or unable to stat, referer: https://www.google.co.uk/
[Mon Jan 05 01:22:04.412759 2026] [php:error] [pid 53757] [client 128.199.182.152:0] script '/domains/mschmid/info.php' not found or unable to stat
[Mon Jan 05 01:22:04.715319 2026] [php:error] [pid 53771] [client 225.1.130.46:0] script '/domains/abtechsci/C3B/2.php' not found or unable to stat, referer: https://www.google.co.uk/
[Mon Jan 05 01:22:05.433630 2026] [php:error] [pid 53771] [client 7.173.127.19:0] script '/domains/abtechsci/C3B/13.php' not found or unable to stat, referer: https://www.google.de/
[Mon Jan 05 01:22:05.878445 2026] [php:error] [pid 53771] [client 43.123.202.69:0] script '/domains/abtechsci/C3B/403.php' not found or unable to stat, referer: https://www.yahoo.com/
[Mon Jan 05 01:22:06.315532 2026] [php:error] [pid 53771] [client 45.16.240.30:0] script '/domains/abtechsci/C3B/404.php' not found or unable to stat, referer: https://www.google.de/
[Mon Jan 05 01:22:06.760823 2026] [php:error] [pid 53771] [client 230.75.191.4:0] script '/domains/abtechsci/C3B/a.php' not found or unable to stat, referer: https://www.google.fr/
[Mon Jan 05 01:22:07.198010 2026] [php:error] [pid 53771] [client 0.11.131.96:0] script '/domains/abtechsci/C3B/aa.php' not found or unable to stat, referer: https://www.google.co.uk/
[Mon Jan 05 01:22:07.633545 2026] [php:error] [pid 53771] [client 38.186.195.83:0] script '/domains/abtechsci/C3B/abcd.php' not found or unable to stat, referer: https://www.yahoo.com/
[Mon Jan 05 01:22:08.095916 2026] [php:error] [pid 53771] [client 69.56.219.219:0] script '/domains/abtechsci/C3B/about.php' not found or unable to stat, referer: https://www.google.fr/
[Mon Jan 05 01:22:08.531572 2026] [php:error] [pid 53771] [client 110.131.122.249:0] script '/domains/abtechsci/C3B/admin.php' not found or unable to stat, referer: https://www.google.co.uk/
[Mon Jan 05 01:22:08.753772 2026] [rewrite:error] [pid 53756] [client 103.4.250.41:0] AH10508: Unsafe URL with %3f URL rewritten without UnsafeAllow3F
[Mon Jan 05 01:22:08.971245 2026] [php:error] [pid 53771] [client 245.59.65.138:0] script '/domains/abtechsci/C3B/admin-header.php' not found or unable to stat, referer: https://www.google.co.uk/
[Mon Jan 05 01:22:09.408480 2026] [php:error] [pid 53771] [client 147.77.217.21:0] script '/domains/abtechsci/C3B/adminfuns.php' not found or unable to stat, referer: https://www.google.fr/
[Mon Jan 05 01:22:09.845444 2026] [php:error] [pid 53771] [client 201.45.178.32:0] script '/domains/abtechsci/C3B/ahax.php' not found or unable to stat, referer: https://www.google.com/
[Mon Jan 05 01:22:10.281757 2026] [php:error] [pid 53771] [client 102.24.138.45:0] script '/domains/abtechsci/C3B/akcc.php' not found or unable to stat, referer: https://www.yahoo.com/
[Mon Jan 05 01:22:10.449633 2026] [access_compat:error] [pid 53793] [client 68.183.9.16:0] AH01797: client denied by server configuration: /domains/msintl/server-status
[Mon Jan 05 01:22:10.450552 2026] [access_compat:error] [pid 53793] [client 142.93.129.190:0] AH01797: client denied by server configuration: /domains/msintl/server-status
[Mon Jan 05 01:22:10.451238 2026] [access_compat:error] [pid 53793] [client 139.59.143.102:0] AH01797: client denied by server configuration: /domains/msintl/server-status
[Mon Jan 05 01:22:10.451920 2026] [access_compat:error] [pid 53793] [client 207.154.197.113:0] AH01797: client denied by server configuration: /domains/msintl/server-status
[Mon Jan 05 01:22:10.736314 2026] [php:error] [pid 53771] [client 23.145.221.235:0] script '/domains/abtechsci/C3B/alf.php' not found or unable to stat, referer: https://www.bing.com/
[Mon Jan 05 01:22:11.171250 2026] [php:error] [pid 53771] [client 77.34.9.251:0] script '/domains/abtechsci/C3B/alfa.php' not found or unable to stat, referer: https://www.google.com/
[Mon Jan 05 01:22:11.464668 2026] [php:error] [pid 53764] [client 165.227.84.14:0] script '/domains/trodine/info.php' not found or unable to stat
[Mon Jan 05 01:22:11.474778 2026] [php:error] [pid 53763] [client 206.189.225.181:0] script '/domains/trodine/info.php' not found or unable to stat
[Mon Jan 05 01:22:11.478954 2026] [php:error] [pid 53764] [client 143.244.168.161:0] script '/domains/trodine/info.php' not found or unable to stat
[Mon Jan 05 01:22:11.606007 2026] [php:error] [pid 53771] [client 130.77.1.127:0] script '/domains/abtechsci/C3B/alfashell.php' not found or unable to stat, referer: https://www.google.com/
[Mon Jan 05 01:22:12.071440 2026] [php:error] [pid 53771] [client 57.42.3.101:0] script '/domains/abtechsci/C3B/api.php' not found or unable to stat, referer: https://www.google.com/
[Mon Jan 05 01:22:12.510234 2026] [php:error] [pid 53771] [client 219.78.29.62:0] script '/domains/abtechsci/C3B/app.php' not found or unable to stat, referer: https://www.yahoo.com/
[Mon Jan 05 01:22:12.992356 2026] [php:error] [pid 53771] [client 72.24.121.126:0] script '/domains/abtechsci/C3B/as.php' not found or unable to stat, referer: https://www.bing.com/
[Mon Jan 05 01:22:13.430954 2026] [php:error] [pid 53771] [client 139.190.2.172:0] script '/domains/abtechsci/C3B/bolt.php' not found or unable to stat, referer: https://www.google.com/
[Mon Jan 05 01:22:13.869321 2026] [php:error] [pid 53771] [client 108.116.149.66:0] script '/domains/abtechsci/C3B/buy.php' not found or unable to stat, referer: https://www.google.com/
[Mon Jan 05 01:22:14.307774 2026] [php:error] [pid 53771] [client 219.44.177.250:0] script '/domains/abtechsci/C3B/c.php' not found or unable to stat, referer: https://www.google.co.uk/
[Mon Jan 05 01:22:14.620266 2026] [php:error] [pid 53795] [client 128.199.182.152:0] script '/domains/trodine/info.php' not found or unable to stat
[Mon Jan 05 01:22:14.745501 2026] [php:error] [pid 53771] [client 230.63.23.75:0] script '/domains/abtechsci/C3B/cc.php' not found or unable to stat, referer: https://www.google.de/
[Mon Jan 05 01:22:15.188303 2026] [php:error] [pid 53771] [client 249.68.202.137:0] script '/domains/abtechsci/C3B/chosen.php' not found or unable to stat, referer: https://www.google.fr/
[Mon Jan 05 01:22:15.624866 2026] [php:error] [pid 53771] [client 242.60.172.1:0] script '/domains/abtechsci/C3B/classwithtostring.php' not found or unable to stat, referer: https://duckduckgo.com/
[Mon Jan 05 01:22:16.064866 2026] [php:error] [pid 53771] [client 252.61.42.204:0] script '/domains/abtechsci/C3B/config.php' not found or unable to stat, referer: https://www.google.de/
[Mon Jan 05 01:22:16.504509 2026] [php:error] [pid 53771] [client 194.100.253.168:0] script '/domains/abtechsci/C3B/content.php' not found or unable to stat, referer: https://www.bing.com/
[Mon Jan 05 01:22:16.944698 2026] [php:error] [pid 53771] [client 229.163.204.207:0] script '/domains/abtechsci/C3B/dropdown.php' not found or unable to stat, referer: https://www.google.fr/
[Mon Jan 05 01:22:17.379722 2026] [php:error] [pid 53771] [client 203.134.7.206:0] script '/domains/abtechsci/C3B/edit.php' not found or unable to stat, referer: https://www.yahoo.com/
[Mon Jan 05 01:22:17.815670 2026] [php:error] [pid 53771] [client 45.101.103.145:0] script '/domains/abtechsci/C3B/ee.php' not found or unable to stat, referer: https://www.google.de/
[Mon Jan 05 01:22:18.251684 2026] [php:error] [pid 53771] [client 174.85.33.199:0] script '/domains/abtechsci/C3B/favicon.php' not found or unable to stat, referer: https://www.google.fr/
[Mon Jan 05 01:22:18.686699 2026] [php:error] [pid 53771] [client 139.149.108.155:0] script '/domains/abtechsci/C3B/file.php' not found or unable to stat, referer: https://www.google.de/
[Mon Jan 05 01:22:19.125257 2026] [php:error] [pid 53771] [client 186.105.133.234:0] script '/domains/abtechsci/C3B/fm.php' not found or unable to stat, referer: https://www.bing.com/
[Mon Jan 05 01:22:19.565252 2026] [php:error] [pid 53771] [client 172.214.63.75:0] script '/domains/abtechsci/C3B/fx.php' not found or unable to stat, referer: https://www.google.de/
[Mon Jan 05 01:22:19.649389 2026] [php:error] [pid 53703] [client 68.183.9.16:0] script '/domains/msintl/info.php' not found or unable to stat
[Mon Jan 05 01:22:19.659233 2026] [php:error] [pid 53787] [client 142.93.129.190:0] script '/domains/msintl/info.php' not found or unable to stat
[Mon Jan 05 01:22:19.735129 2026] [php:error] [pid 53794] [client 139.59.143.102:0] script '/domains/msintl/info.php' not found or unable to stat
[Mon Jan 05 01:22:19.738245 2026] [php:error] [pid 53792] [client 207.154.197.113:0] script '/domains/msintl/info.php' not found or unable to stat
[Mon Jan 05 01:22:20.336124 2026] [php:error] [pid 53771] [client 179.66.45.58:0] script '/domains/abtechsci/C3B/gecko.php' not found or unable to stat, referer: https://www.google.co.uk/
[Mon Jan 05 01:22:20.772245 2026] [php:error] [pid 53771] [client 64.171.103.231:0] script '/domains/abtechsci/C3B/gecko-new.php' not found or unable to stat, referer: https://www.google.fr/
[Mon Jan 05 01:22:21.209266 2026] [php:error] [pid 53771] [client 50.227.234.9:0] script '/domains/abtechsci/C3B/gel4y.php' not found or unable to stat, referer: https://www.google.com/
[Mon Jan 05 01:22:21.644147 2026] [php:error] [pid 53771] [client 14.242.129.226:0] script '/domains/abtechsci/C3B/gg.php' not found or unable to stat, referer: https://www.google.co.uk/
[Mon Jan 05 01:22:22.080143 2026] [php:error] [pid 53771] [client 201.188.161.215:0] script '/domains/abtechsci/C3B/goods.php' not found or unable to stat, referer: https://www.google.com/
[Mon Jan 05 01:22:22.528608 2026] [php:error] [pid 53771] [client 173.21.147.156:0] script '/domains/abtechsci/C3B/help.php' not found or unable to stat, referer: https://www.google.de/
[Mon Jan 05 01:22:23.008171 2026] [php:error] [pid 53771] [client 8.47.210.187:0] script '/domains/abtechsci/C3B/i.php' not found or unable to stat, referer: https://www.yahoo.com/
[Mon Jan 05 01:22:23.444453 2026] [php:error] [pid 53771] [client 252.26.239.228:0] script '/domains/abtechsci/C3B/index.php' not found or unable to stat, referer: https://www.google.com/
[Mon Jan 05 01:22:23.929783 2026] [php:error] [pid 53771] [client 156.244.189.126:0] script '/domains/abtechsci/C3B/info.php' not found or unable to stat, referer: https://duckduckgo.com/
[Mon Jan 05 01:22:24.369402 2026] [php:error] [pid 53771] [client 166.204.149.22:0] script '/domains/abtechsci/C3B/ioxi-o.php' not found or unable to stat, referer: https://www.google.fr/
[Mon Jan 05 01:22:24.806224 2026] [php:error] [pid 53771] [client 157.155.137.249:0] script '/domains/abtechsci/C3B/k.php' not found or unable to stat, referer: https://www.google.co.uk/
[Mon Jan 05 01:22:25.250682 2026] [php:error] [pid 53771] [client 39.43.50.113:0] script '/domains/abtechsci/C3B/link.php' not found or unable to stat, referer: https://www.yahoo.com/
[Mon Jan 05 01:22:25.691755 2026] [php:error] [pid 53771] [client 181.23.254.117:0] script '/domains/abtechsci/C3B/man.php' not found or unable to stat, referer: https://duckduckgo.com/
[Mon Jan 05 01:22:26.126167 2026] [php:error] [pid 53771] [client 207.225.71.24:0] script '/domains/abtechsci/C3B/mini.php' not found or unable to stat, referer: https://www.google.de/
[Mon Jan 05 01:22:26.654295 2026] [php:error] [pid 53771] [client 175.4.226.79:0] script '/domains/abtechsci/C3B/new.php' not found or unable to stat, referer: https://duckduckgo.com/
[Mon Jan 05 01:22:27.120131 2026] [php:error] [pid 53771] [client 18.216.183.236:0] script '/domains/abtechsci/C3B/num.php' not found or unable to stat, referer: https://www.google.com/
[Mon Jan 05 01:22:27.577049 2026] [php:error] [pid 53771] [client 128.183.176.18:0] script '/domains/abtechsci/C3B/root.php' not found or unable to stat, referer: https://www.yahoo.com/
[Mon Jan 05 01:22:28.017521 2026] [php:error] [pid 53771] [client 241.155.46.1:0] script '/domains/abtechsci/C3B/shell.php' not found or unable to stat, referer: https://www.yahoo.com/
[Mon Jan 05 01:22:28.459196 2026] [php:error] [pid 53771] [client 213.15.173.66:0] script '/domains/abtechsci/C3B/system.php' not found or unable to stat, referer: https://www.yahoo.com/
[Mon Jan 05 01:22:28.922803 2026] [php:error] [pid 53771] [client 26.84.109.214:0] script '/domains/abtechsci/C3B/termps.php' not found or unable to stat, referer: https://www.google.com/
[Mon Jan 05 01:22:29.359663 2026] [php:error] [pid 53771] [client 137.84.184.163:0] script '/domains/abtechsci/C3B/test.php' not found or unable to stat, referer: https://duckduckgo.com/
[Mon Jan 05 01:22:29.795648 2026] [php:error] [pid 53771] [client 153.83.172.51:0] script '/domains/abtechsci/C3B/tiny.php' not found or unable to stat, referer: https://www.yahoo.com/
[Mon Jan 05 01:22:30.248656 2026] [php:error] [pid 53771] [client 93.68.220.150:0] script '/domains/abtechsci/C3B/user.php' not found or unable to stat, referer: https://www.yahoo.com/
[Mon Jan 05 01:22:30.684837 2026] [php:error] [pid 53771] [client 168.34.124.202:0] script '/domains/abtechsci/C3B/vx.php' not found or unable to stat, referer: https://www.google.fr/
[Mon Jan 05 01:22:31.120877 2026] [php:error] [pid 53771] [client 2.82.141.36:0] script '/domains/abtechsci/C3B/wp-admin.php' not found or unable to stat, referer: https://www.google.co.uk/
[Mon Jan 05 01:22:31.566105 2026] [php:error] [pid 53771] [client 237.90.138.253:0] script '/domains/abtechsci/C3B/wp-blog.php' not found or unable to stat, referer: https://duckduckgo.com/
[Mon Jan 05 01:22:32.019004 2026] [php:error] [pid 53771] [client 193.58.183.96:0] script '/domains/abtechsci/C3B/wp-good.php' not found or unable to stat, referer: https://www.google.de/
[Mon Jan 05 01:22:32.472916 2026] [php:error] [pid 53771] [client 37.152.186.186:0] script '/domains/abtechsci/C3B/wp-include.php' not found or unable to stat, referer: https://www.google.co.uk/
[Mon Jan 05 01:22:32.787443 2026] [access_compat:error] [pid 53801] [client 167.172.232.142:0] AH01797: client denied by server configuration: /domains/king1969/server-status
[Mon Jan 05 01:22:32.803090 2026] [access_compat:error] [pid 53757] [client 206.81.12.187:0] AH01797: client denied by server configuration: /domains/king1969/server-status
[Mon Jan 05 01:22:32.841181 2026] [access_compat:error] [pid 53795] [client 143.110.217.244:0] AH01797: client denied by server configuration: /domains/king1969/server-status
[Mon Jan 05 01:22:32.843909 2026] [access_compat:error] [pid 53801] [client 167.99.181.249:0] AH01797: client denied by server configuration: /domains/king1969/server-status
[Mon Jan 05 01:22:32.852035 2026] [access_compat:error] [pid 53794] [client 142.93.0.66:0] AH01797: client denied by server configuration: /domains/king1969/server-status
[Mon Jan 05 01:22:32.938245 2026] [php:error] [pid 53771] [client 91.199.198.185:0] script '/domains/abtechsci/C3B/wp-links.php' not found or unable to stat, referer: https://www.google.de/
[Mon Jan 05 01:22:32.976382 2026] [access_compat:error] [pid 53795] [client 134.209.25.199:0] AH01797: client denied by server configuration: /domains/biehlweb/server-status
[Mon Jan 05 01:22:32.987677 2026] [access_compat:error] [pid 53751] [client 206.189.2.13:0] AH01797: client denied by server configuration: /domains/biehlweb/server-status
[Mon Jan 05 01:22:32.991185 2026] [access_compat:error] [pid 53801] [client 139.59.143.102:0] AH01797: client denied by server configuration: /domains/biehlweb/server-status
[Mon Jan 05 01:22:33.042375 2026] [access_compat:error] [pid 53757] [client 147.182.200.94:0] AH01797: client denied by server configuration: /domains/king1969/server-status
[Mon Jan 05 01:22:33.051967 2026] [access_compat:error] [pid 53751] [client 209.97.180.8:0] AH01797: client denied by server configuration: /domains/biehlweb/server-status
[Mon Jan 05 01:22:33.054291 2026] [access_compat:error] [pid 53801] [client 206.189.19.19:0] AH01797: client denied by server configuration: /domains/biehlweb/server-status
[Mon Jan 05 01:22:33.220053 2026] [access_compat:error] [pid 53751] [client 209.38.208.202:0] AH01797: client denied by server configuration: /domains/biehlweb/server-status
[Mon Jan 05 01:22:33.385032 2026] [php:error] [pid 53771] [client 67.151.228.245:0] script '/domains/abtechsci/C3B/wp-signin.php' not found or unable to stat, referer: https://duckduckgo.com/
[Mon Jan 05 01:22:33.858467 2026] [php:error] [pid 53771] [client 249.165.200.213:0] script '/domains/abtechsci/C3B/wp-trackback.php' not found or unable to stat, referer: https://www.yahoo.com/
[Mon Jan 05 01:22:34.221749 2026] [access_compat:error] [pid 53766] [client 64.227.70.2:0] AH01797: client denied by server configuration: /domains/king1969/server-status
[Mon Jan 05 01:22:34.308528 2026] [php:error] [pid 53771] [client 68.26.231.21:0] script '/domains/abtechsci/C3B/wp.php' not found or unable to stat, referer: https://www.google.com/
[Mon Jan 05 01:22:34.748713 2026] [php:error] [pid 53771] [client 7.246.31.220:0] script '/domains/abtechsci/C3B/wso.php' not found or unable to stat, referer: https://www.google.co.uk/
[Mon Jan 05 01:22:35.459945 2026] [php:error] [pid 53771] [client 31.205.10.31:0] script '/domains/abtechsci/C3B/xmrlpc.php' not found or unable to stat, referer: https://www.bing.com/
[Mon Jan 05 01:22:36.107304 2026] [access_compat:error] [pid 53814] [client 159.89.127.165:0] AH01797: client denied by server configuration: /domains/tamara1/server-status
[Mon Jan 05 01:22:36.109111 2026] [access_compat:error] [pid 53813] [client 143.110.217.244:0] AH01797: client denied by server configuration: /domains/tamara1/server-status
[Mon Jan 05 01:22:36.110206 2026] [access_compat:error] [pid 53814] [client 157.245.204.205:0] AH01797: client denied by server configuration: /domains/king1969/server-status
[Mon Jan 05 01:22:36.113384 2026] [access_compat:error] [pid 53815] [client 159.89.174.87:0] AH01797: client denied by server configuration: /domains/king1969/server-status
[Mon Jan 05 01:22:36.358397 2026] [access_compat:error] [pid 53813] [client 207.154.197.113:0] AH01797: client denied by server configuration: /domains/tamara1/server-status
[Mon Jan 05 01:22:39.785307 2026] [access_compat:error] [pid 53793] [client 128.199.182.55:0] AH01797: client denied by server configuration: /domains/tamara1/server-status
[Mon Jan 05 01:22:42.790693 2026] [php:error] [pid 53809] [client 167.172.232.142:0] script '/domains/king1969/info.php' not found or unable to stat
[Mon Jan 05 01:22:42.804666 2026] [php:error] [pid 53810] [client 206.81.12.187:0] script '/domains/king1969/info.php' not found or unable to stat
[Mon Jan 05 01:22:42.842078 2026] [php:error] [pid 53811] [client 143.110.217.244:0] script '/domains/king1969/info.php' not found or unable to stat
[Mon Jan 05 01:22:42.844083 2026] [php:error] [pid 53805] [client 167.99.181.249:0] script '/domains/king1969/info.php' not found or unable to stat
[Mon Jan 05 01:22:42.857082 2026] [php:error] [pid 53795] [client 142.93.0.66:0] script '/domains/king1969/info.php' not found or unable to stat
[Mon Jan 05 01:22:43.053634 2026] [php:error] [pid 53803] [client 147.182.200.94:0] script '/domains/king1969/info.php' not found or unable to stat
[Mon Jan 05 01:22:44.063669 2026] [php:error] [pid 53756] [client 64.227.70.2:0] script '/domains/king1969/info.php' not found or unable to stat
[Mon Jan 05 01:22:45.235232 2026] [php:error] [pid 53809] [client 159.89.127.165:0] script '/domains/tamara1/info.php' not found or unable to stat
[Mon Jan 05 01:22:45.257530 2026] [php:error] [pid 53811] [client 143.110.217.244:0] script '/domains/tamara1/info.php' not found or unable to stat
[Mon Jan 05 01:22:45.278003 2026] [php:error] [pid 53808] [client 134.209.25.199:0] script '/domains/biehlweb/info.php' not found or unable to stat
[Mon Jan 05 01:22:45.310243 2026] [php:error] [pid 53752] [client 206.189.2.13:0] script '/domains/biehlweb/info.php' not found or unable to stat
[Mon Jan 05 01:22:45.413123 2026] [php:error] [pid 53768] [client 139.59.143.102:0] script '/domains/biehlweb/info.php' not found or unable to stat
[Mon Jan 05 01:22:45.578219 2026] [php:error] [pid 53813] [client 157.245.204.205:0] script '/domains/king1969/info.php' not found or unable to stat
[Mon Jan 05 01:22:45.731407 2026] [php:error] [pid 53814] [client 159.89.174.87:0] script '/domains/king1969/info.php' not found or unable to stat
[Mon Jan 05 01:22:45.841302 2026] [access_compat:error] [pid 53771] [client 167.71.175.236:0] AH01797: client denied by server configuration: /domains/cccweb/server-status
[Mon Jan 05 01:22:45.855820 2026] [access_compat:error] [pid 53801] [client 142.93.0.66:0] AH01797: client denied by server configuration: /domains/cccweb/server-status
[Mon Jan 05 01:22:45.892618 2026] [access_compat:error] [pid 53703] [client 167.99.182.39:0] AH01797: client denied by server configuration: /domains/cccweb/server-status
[Mon Jan 05 01:22:45.957890 2026] [php:error] [pid 53810] [client 209.97.180.8:0] script '/domains/biehlweb/info.php' not found or unable to stat
[Mon Jan 05 01:22:45.966472 2026] [php:error] [pid 53765] [client 206.189.19.19:0] script '/domains/biehlweb/info.php' not found or unable to stat
[Mon Jan 05 01:22:46.118151 2026] [php:error] [pid 53811] [client 207.154.197.113:0] script '/domains/tamara1/info.php' not found or unable to stat
[Mon Jan 05 01:22:46.487853 2026] [access_compat:error] [pid 53771] [client 68.183.9.16:0] AH01797: client denied by server configuration: /domains/cccweb/server-status
[Mon Jan 05 01:22:46.586421 2026] [php:error] [pid 53703] [client 209.38.208.202:0] script '/domains/biehlweb/info.php' not found or unable to stat
[Mon Jan 05 01:22:49.796477 2026] [php:error] [pid 53815] [client 128.199.182.55:0] script '/domains/tamara1/info.php' not found or unable to stat
[Mon Jan 05 01:22:53.207732 2026] [access_compat:error] [pid 53752] [client 206.81.12.187:0] AH01797: client denied by server configuration: /domains/awciii/server-status
[Mon Jan 05 01:22:53.262849 2026] [access_compat:error] [pid 53768] [client 167.99.181.249:0] AH01797: client denied by server configuration: /domains/awciii/server-status
[Mon Jan 05 01:22:53.346794 2026] [access_compat:error] [pid 53812] [client 143.110.213.72:0] AH01797: client denied by server configuration: /domains/awciii/server-status
[Mon Jan 05 01:22:53.701920 2026] [access_compat:error] [pid 53808] [client 167.99.210.137:0] AH01797: client denied by server configuration: /domains/awciii/server-status
[Mon Jan 05 01:22:54.469591 2026] [access_compat:error] [pid 53795] [client 167.172.158.128:0] AH01797: client denied by server configuration: /domains/fifibear/server-status
[Mon Jan 05 01:22:54.568853 2026] [access_compat:error] [pid 53809] [client 143.110.213.72:0] AH01797: client denied by server configuration: /domains/fifibear/server-status
[Mon Jan 05 01:22:55.310286 2026] [access_compat:error] [pid 53809] [client 134.209.25.199:0] AH01797: client denied by server configuration: /domains/fifibear/server-status
[Mon Jan 05 01:22:55.849877 2026] [php:error] [pid 53795] [client 167.71.175.236:0] script '/domains/cccweb/info.php' not found or unable to stat
[Mon Jan 05 01:22:55.857085 2026] [php:error] [pid 53765] [client 142.93.0.66:0] script '/domains/cccweb/info.php' not found or unable to stat
[Mon Jan 05 01:22:55.897819 2026] [php:error] [pid 53795] [client 167.99.182.39:0] script '/domains/cccweb/info.php' not found or unable to stat
[Mon Jan 05 01:22:56.364409 2026] [access_compat:error] [pid 53808] [client 157.245.36.108:0] AH01797: client denied by server configuration: /domains/fifibear/server-status
[Mon Jan 05 01:22:56.479286 2026] [php:error] [pid 53808] [client 68.183.9.16:0] script '/domains/cccweb/info.php' not found or unable to stat
[Mon Jan 05 01:23:01.879221 2026] [access_compat:error] [pid 53802] [client 159.223.132.86:0] AH01797: client denied by server configuration: /domains/drsuper/server-status
[Mon Jan 05 01:23:01.994969 2026] [access_compat:error] [pid 53765] [client 147.182.200.94:0] AH01797: client denied by server configuration: /domains/drsuper/server-status
[Mon Jan 05 01:23:03.214615 2026] [php:error] [pid 53765] [client 206.81.12.187:0] script '/domains/awciii/info.php' not found or unable to stat
[Mon Jan 05 01:23:03.264339 2026] [php:error] [pid 53752] [client 167.99.181.249:0] script '/domains/awciii/info.php' not found or unable to stat
[Mon Jan 05 01:23:03.367407 2026] [php:error] [pid 53808] [client 143.110.213.72:0] script '/domains/awciii/info.php' not found or unable to stat
[Mon Jan 05 01:23:03.711923 2026] [php:error] [pid 53808] [client 167.99.210.137:0] script '/domains/awciii/info.php' not found or unable to stat
[Mon Jan 05 01:23:06.951705 2026] [php:error] [pid 53820] [client 167.172.158.128:0] script '/domains/fifibear/info.php' not found or unable to stat
[Mon Jan 05 01:23:06.952806 2026] [php:error] [pid 53822] [client 143.110.213.72:0] script '/domains/fifibear/info.php' not found or unable to stat
[Mon Jan 05 01:23:08.925535 2026] [php:error] [pid 53764] [client 134.209.25.199:0] script '/domains/fifibear/info.php' not found or unable to stat
[Mon Jan 05 01:23:08.953906 2026] [access_compat:error] [pid 53805] [client 128.199.182.55:0] AH01797: client denied by server configuration: /domains/drsuper/server-status
[Mon Jan 05 01:23:08.954005 2026] [access_compat:error] [pid 53752] [client 206.189.95.232:0] AH01797: client denied by server configuration: /domains/drsuper/server-status
[Mon Jan 05 01:23:09.169478 2026] [php:error] [pid 53845] [client 157.245.36.108:0] script '/domains/fifibear/info.php' not found or unable to stat
[Mon Jan 05 01:23:14.900351 2026] [php:error] [pid 53802] [client 159.223.132.86:0] script '/domains/drsuper/info.php' not found or unable to stat
[Mon Jan 05 01:23:15.063144 2026] [php:error] [pid 53810] [client 147.182.200.94:0] script '/domains/drsuper/info.php' not found or unable to stat
[Mon Jan 05 01:23:18.626423 2026] [php:error] [pid 53846] [client 206.189.95.232:0] script '/domains/drsuper/info.php' not found or unable to stat
[Mon Jan 05 01:23:18.638389 2026] [php:error] [pid 53844] [client 128.199.182.55:0] script '/domains/drsuper/info.php' not found or unable to stat
