[Mon Jan 05 01:29:24.367097 2026] [php:error] [pid 54022] [client 132.227.183.181:0] script '/domains/fdcarter/new.php' not found or unable to stat, referer: https://www.yahoo.com/
[Mon Jan 05 01:29:24.604985 2026] [php:error] [pid 54022] [client 82.25.102.123:0] script '/domains/fdcarter/num.php' not found or unable to stat, referer: https://www.google.com/
[Mon Jan 05 01:29:24.842884 2026] [php:error] [pid 54022] [client 142.99.199.156:0] script '/domains/fdcarter/root.php' not found or unable to stat, referer: https://www.google.fr/
[Mon Jan 05 01:29:25.080707 2026] [php:error] [pid 54022] [client 179.36.158.61:0] script '/domains/fdcarter/shell.php' not found or unable to stat, referer: https://www.bing.com/
[Mon Jan 05 01:29:25.318976 2026] [php:error] [pid 54022] [client 74.248.204.124:0] script '/domains/fdcarter/system.php' not found or unable to stat, referer: https://www.google.fr/
[Mon Jan 05 01:29:25.557206 2026] [php:error] [pid 54022] [client 103.228.21.122:0] script '/domains/fdcarter/termps.php' not found or unable to stat, referer: https://www.google.co.uk/
[Mon Jan 05 01:29:25.795197 2026] [php:error] [pid 54022] [client 90.4.17.24:0] script '/domains/fdcarter/test.php' not found or unable to stat, referer: https://www.google.com/
[Mon Jan 05 01:29:26.033343 2026] [php:error] [pid 54022] [client 75.122.216.52:0] script '/domains/fdcarter/tiny.php' not found or unable to stat, referer: https://www.google.com/
[Mon Jan 05 01:29:26.271534 2026] [php:error] [pid 54022] [client 81.177.64.200:0] script '/domains/fdcarter/user.php' not found or unable to stat, referer: https://www.google.co.uk/
[Mon Jan 05 01:29:26.509316 2026] [php:error] [pid 54022] [client 233.192.97.193:0] script '/domains/fdcarter/vx.php' not found or unable to stat, referer: https://www.google.com/
[Mon Jan 05 01:29:26.747059 2026] [php:error] [pid 54022] [client 72.84.120.117:0] script '/domains/fdcarter/wp-admin.php' not found or unable to stat, referer: https://www.yahoo.com/
[Mon Jan 05 01:29:26.985068 2026] [php:error] [pid 54022] [client 48.185.26.110:0] script '/domains/fdcarter/wp-blog.php' not found or unable to stat, referer: https://duckduckgo.com/
[Mon Jan 05 01:29:27.223149 2026] [php:error] [pid 54022] [client 112.175.30.117:0] script '/domains/fdcarter/wp-good.php' not found or unable to stat, referer: https://www.bing.com/
[Mon Jan 05 01:29:27.461029 2026] [php:error] [pid 54022] [client 119.199.73.205:0] script '/domains/fdcarter/wp-include.php' not found or unable to stat, referer: https://www.google.fr/
[Mon Jan 05 01:29:27.698981 2026] [php:error] [pid 54022] [client 227.203.62.224:0] script '/domains/fdcarter/wp-links.php' not found or unable to stat, referer: https://duckduckgo.com/
[Mon Jan 05 01:29:27.945906 2026] [php:error] [pid 54022] [client 205.67.90.96:0] script '/domains/fdcarter/wp-signin.php' not found or unable to stat, referer: https://www.google.de/
[Mon Jan 05 01:29:28.184075 2026] [php:error] [pid 54022] [client 155.9.24.144:0] script '/domains/fdcarter/wp-trackback.php' not found or unable to stat, referer: https://www.google.fr/
[Mon Jan 05 01:29:28.421966 2026] [php:error] [pid 54022] [client 175.155.116.0:0] script '/domains/fdcarter/wp.php' not found or unable to stat, referer: https://www.yahoo.com/
[Mon Jan 05 01:29:28.660002 2026] [php:error] [pid 54022] [client 76.245.70.154:0] script '/domains/fdcarter/wso.php' not found or unable to stat, referer: https://www.google.fr/
[Mon Jan 05 01:29:28.908081 2026] [php:error] [pid 54022] [client 93.2.24.117:0] script '/domains/fdcarter/xmlrpc.php' not found or unable to stat, referer: https://www.bing.com/
[Mon Jan 05 01:29:29.160668 2026] [php:error] [pid 54022] [client 162.126.226.6:0] script '/domains/fdcarter/xmrlpc.php' not found or unable to stat, referer: https://www.google.fr/
[Mon Jan 05 01:29:29.372710 2026] [rewrite:error] [pid 54005] [client 104.164.173.204:0] AH10508: Unsafe URL with %3f URL rewritten without UnsafeAllow3F
[Mon Jan 05 01:29:33.973247 2026] [php:error] [pid 54018] [client 209.97.180.8:0] script '/domains/conceptlabs1/info.php' not found or unable to stat
[Mon Jan 05 01:29:34.006227 2026] [php:error] [pid 54009] [client 167.99.210.137:0] script '/domains/conceptlabs1/info.php' not found or unable to stat
[Mon Jan 05 01:29:34.047547 2026] [php:error] [pid 53998] [client 134.209.25.199:0] script '/domains/conceptlabs1/info.php' not found or unable to stat
[Mon Jan 05 01:29:34.055277 2026] [php:error] [pid 54040] [client 138.68.144.227:0] script '/domains/conceptlabs1/info.php' not found or unable to stat
[Mon Jan 05 01:29:55.485914 2026] [php:error] [pid 53996] [client 45.67.97.48:0] script '/domains/larrysr/manager.php' not found or unable to stat
[Mon Jan 05 01:29:55.959687 2026] [php:error] [pid 53996] [client 45.67.97.48:0] script '/domains/larrysr/bless.php' not found or unable to stat
[Mon Jan 05 01:29:56.444792 2026] [php:error] [pid 53996] [client 45.67.97.48:0] script '/domains/larrysr/O-Simple.php' not found or unable to stat
[Mon Jan 05 01:29:56.992615 2026] [php:error] [pid 53996] [client 45.67.97.48:0] script '/domains/larrysr/lock360.php' not found or unable to stat
[Mon Jan 05 01:29:57.489295 2026] [php:error] [pid 53996] [client 45.67.97.48:0] script '/domains/larrysr/zwso.php' not found or unable to stat
[Mon Jan 05 01:29:57.967037 2026] [php:error] [pid 53996] [client 45.67.97.48:0] script '/domains/larrysr/chosen.php' not found or unable to stat
[Mon Jan 05 01:29:58.397874 2026] [php:error] [pid 53996] [client 45.67.97.48:0] script '/domains/larrysr/about.php' not found or unable to stat
[Mon Jan 05 01:29:58.899867 2026] [php:error] [pid 53996] [client 45.67.97.48:0] script '/domains/larrysr/admin.php' not found or unable to stat
[Mon Jan 05 01:29:59.134382 2026] [access_compat:error] [pid 54034] [client 206.81.12.187:0] AH01797: client denied by server configuration: /domains/hand-hammerweb/server-status
[Mon Jan 05 01:29:59.197700 2026] [access_compat:error] [pid 54060] [client 46.101.1.225:0] AH01797: client denied by server configuration: /domains/hand-hammerweb/server-status
[Mon Jan 05 01:29:59.942445 2026] [php:error] [pid 53996] [client 45.67.97.48:0] script '/domains/larrysr/mah.php' not found or unable to stat
[Mon Jan 05 01:30:00.359011 2026] [access_compat:error] [pid 54017] [client 159.65.18.197:0] AH01797: client denied by server configuration: /domains/hand-hammerweb/server-status
[Mon Jan 05 01:30:00.405313 2026] [access_compat:error] [pid 54057] [client 209.38.208.202:0] AH01797: client denied by server configuration: /domains/hand-hammerweb/server-status
[Mon Jan 05 01:30:02.395658 2026] [php:error] [pid 53996] [client 45.67.97.48:0] script '/domains/larrysr/core.php' not found or unable to stat
[Mon Jan 05 01:30:02.847277 2026] [php:error] [pid 53996] [client 45.67.97.48:0] script '/domains/larrysr/robots.php' not found or unable to stat
[Mon Jan 05 01:30:03.226200 2026] [php:error] [pid 53996] [client 45.67.97.48:0] script '/domains/larrysr/inputs.php' not found or unable to stat
[Mon Jan 05 01:30:03.640293 2026] [php:error] [pid 53996] [client 45.67.97.48:0] script '/domains/larrysr/mini.php' not found or unable to stat
[Mon Jan 05 01:30:04.104552 2026] [php:error] [pid 53996] [client 45.67.97.48:0] script '/domains/larrysr/goods.php' not found or unable to stat
[Mon Jan 05 01:30:04.931626 2026] [php:error] [pid 53996] [client 45.67.97.48:0] script '/domains/larrysr/file5.php' not found or unable to stat
[Mon Jan 05 01:30:05.379995 2026] [php:error] [pid 53996] [client 45.67.97.48:0] script '/domains/larrysr/ahax.php' not found or unable to stat
[Mon Jan 05 01:30:05.828474 2026] [php:error] [pid 53996] [client 45.67.97.48:0] script '/domains/larrysr/f35.php' not found or unable to stat
[Mon Jan 05 01:30:06.282556 2026] [php:error] [pid 53996] [client 45.67.97.48:0] script '/domains/larrysr/simple.php' not found or unable to stat
[Mon Jan 05 01:30:09.140487 2026] [php:error] [pid 54078] [client 206.81.12.187:0] script '/domains/hand-hammerweb/info.php' not found or unable to stat
[Mon Jan 05 01:30:09.227456 2026] [php:error] [pid 54011] [client 46.101.1.225:0] script '/domains/hand-hammerweb/info.php' not found or unable to stat
[Mon Jan 05 01:30:10.127566 2026] [php:error] [pid 53996] [client 45.67.97.48:0] script '/domains/larrysr/images/upload.php' not found or unable to stat
[Mon Jan 05 01:30:10.358914 2026] [php:error] [pid 54056] [client 159.65.18.197:0] script '/domains/hand-hammerweb/info.php' not found or unable to stat
[Mon Jan 05 01:30:11.308233 2026] [php:error] [pid 54078] [client 209.38.208.202:0] script '/domains/hand-hammerweb/info.php' not found or unable to stat
[Mon Jan 05 01:30:16.082942 2026] [access_compat:error] [pid 54045] [client 165.22.34.189:0] AH01797: client denied by server configuration: /domains/koenig.interport/server-status
[Mon Jan 05 01:30:16.268862 2026] [access_compat:error] [pid 54017] [client 64.226.65.160:0] AH01797: client denied by server configuration: /domains/nealis/server-status
[Mon Jan 05 01:30:16.360739 2026] [access_compat:error] [pid 54016] [client 206.189.2.13:0] AH01797: client denied by server configuration: /domains/koenig.interport/server-status
[Mon Jan 05 01:30:16.704905 2026] [php:error] [pid 53996] [client 45.67.97.48:0] script '/domains/larrysr/classwithtostring.php' not found or unable to stat
[Mon Jan 05 01:30:17.230521 2026] [access_compat:error] [pid 54061] [client 138.68.82.23:0] AH01797: client denied by server configuration: /domains/koenig.interport/server-status
[Mon Jan 05 01:30:17.315718 2026] [access_compat:error] [pid 54045] [client 142.93.129.190:0] AH01797: client denied by server configuration: /domains/koenig.interport/server-status
[Mon Jan 05 01:30:18.232837 2026] [php:error] [pid 53996] [client 45.67.97.48:0] script '/domains/larrysr/tinyfilemanager.php' not found or unable to stat
[Mon Jan 05 01:30:19.749808 2026] [php:error] [pid 53996] [client 45.67.97.48:0] script '/domains/larrysr/file.php' not found or unable to stat
[Mon Jan 05 01:30:19.796686 2026] [access_compat:error] [pid 54029] [client 139.59.231.238:0] AH01797: client denied by server configuration: /domains/nealis/server-status
[Mon Jan 05 01:30:21.168645 2026] [php:error] [pid 53996] [client 45.67.97.48:0] script '/domains/larrysr/buy.php' not found or unable to stat
[Mon Jan 05 01:30:26.123483 2026] [access_compat:error] [pid 54074] [client 167.172.232.142:0] AH01797: client denied by server configuration: /domains/hpveweb/server-status
[Mon Jan 05 01:30:26.127688 2026] [access_compat:error] [pid 54057] [client 206.189.233.36:0] AH01797: client denied by server configuration: /domains/hpveweb/server-status
[Mon Jan 05 01:30:26.148376 2026] [php:error] [pid 54027] [client 165.22.34.189:0] script '/domains/koenig.interport/info.php' not found or unable to stat
[Mon Jan 05 01:30:26.231586 2026] [access_compat:error] [pid 54073] [client 138.68.144.227:0] AH01797: client denied by server configuration: /domains/hpveweb/server-status
[Mon Jan 05 01:30:26.232838 2026] [access_compat:error] [pid 54074] [client 146.190.63.48:0] AH01797: client denied by server configuration: /domains/hpveweb/server-status
[Mon Jan 05 01:30:26.270560 2026] [php:error] [pid 54027] [client 64.226.65.160:0] script '/domains/nealis/info.php' not found or unable to stat
[Mon Jan 05 01:30:26.288754 2026] [access_compat:error] [pid 54068] [client 142.93.143.8:0] AH01797: client denied by server configuration: /domains/hpveweb/server-status
[Mon Jan 05 01:30:26.366567 2026] [php:error] [pid 53994] [client 206.189.2.13:0] script '/domains/koenig.interport/info.php' not found or unable to stat
[Mon Jan 05 01:30:26.574957 2026] [access_compat:error] [pid 54074] [client 206.189.19.19:0] AH01797: client denied by server configuration: /domains/hpveweb/server-status
[Mon Jan 05 01:30:27.224806 2026] [php:error] [pid 54002] [client 138.68.82.23:0] script '/domains/koenig.interport/info.php' not found or unable to stat
[Mon Jan 05 01:30:27.414955 2026] [php:error] [pid 54004] [client 142.93.129.190:0] script '/domains/koenig.interport/info.php' not found or unable to stat
[Mon Jan 05 01:30:29.896327 2026] [php:error] [pid 54060] [client 139.59.231.238:0] script '/domains/nealis/info.php' not found or unable to stat
[Mon Jan 05 01:30:29.905642 2026] [php:error] [pid 53996] [client 45.67.97.48:0] script '/domains/larrysr/inc.php' not found or unable to stat
[Mon Jan 05 01:30:31.620924 2026] [php:error] [pid 53996] [client 45.67.97.48:0] script '/domains/larrysr/filemanager.php' not found or unable to stat
[Mon Jan 05 01:30:34.760860 2026] [php:error] [pid 53996] [client 45.67.97.48:0] script '/domains/larrysr/function.php' not found or unable to stat
[Mon Jan 05 01:30:35.817020 2026] [php:error] [pid 53996] [client 45.67.97.48:0] script '/domains/larrysr/wp-signup.php' not found or unable to stat
[Mon Jan 05 01:30:36.130061 2026] [php:error] [pid 54061] [client 167.172.232.142:0] script '/domains/hpveweb/info.php' not found or unable to stat
[Mon Jan 05 01:30:36.144290 2026] [php:error] [pid 54080] [client 206.189.233.36:0] script '/domains/hpveweb/info.php' not found or unable to stat
[Mon Jan 05 01:30:36.234996 2026] [php:error] [pid 54075] [client 138.68.144.227:0] script '/domains/hpveweb/info.php' not found or unable to stat
[Mon Jan 05 01:30:36.240478 2026] [php:error] [pid 54061] [client 146.190.63.48:0] script '/domains/hpveweb/info.php' not found or unable to stat
[Mon Jan 05 01:30:36.291674 2026] [php:error] [pid 54075] [client 142.93.143.8:0] script '/domains/hpveweb/info.php' not found or unable to stat
[Mon Jan 05 01:30:36.513063 2026] [php:error] [pid 54061] [client 206.189.19.19:0] script '/domains/hpveweb/info.php' not found or unable to stat
[Mon Jan 05 01:30:37.919342 2026] [php:error] [pid 53996] [client 45.67.97.48:0] script '/domains/larrysr/wp-blog.php' not found or unable to stat
[Mon Jan 05 01:30:39.801516 2026] [php:error] [pid 53996] [client 45.67.97.48:0] script '/domains/larrysr/wp-l0gin.php' not found or unable to stat
[Mon Jan 05 01:30:40.815870 2026] [php:error] [pid 53996] [client 45.67.97.48:0] script '/domains/larrysr/new.php' not found or unable to stat
[Mon Jan 05 01:30:42.644056 2026] [php:error] [pid 53996] [client 45.67.97.48:0] script '/domains/larrysr/images/DJP9.php' not found or unable to stat
[Mon Jan 05 01:30:44.171525 2026] [php:error] [pid 53996] [client 45.67.97.48:0] script '/domains/larrysr/natural.php' not found or unable to stat
[Mon Jan 05 01:30:44.653360 2026] [php:error] [pid 53996] [client 45.67.97.48:0] script '/domains/larrysr/item.php' not found or unable to stat
[Mon Jan 05 01:30:51.048752 2026] [php:error] [pid 54085] [client 45.67.97.47:0] script '/domains/larrysr/default.php' not found or unable to stat
[Mon Jan 05 01:30:54.039409 2026] [php:error] [pid 54085] [client 45.67.97.47:0] script '/domains/larrysr/dropdown.php' not found or unable to stat
[Mon Jan 05 01:30:54.556294 2026] [php:error] [pid 54085] [client 45.67.97.47:0] script '/domains/larrysr/images/admin.php' not found or unable to stat
[Mon Jan 05 01:30:55.137445 2026] [php:error] [pid 54085] [client 45.67.97.47:0] script '/domains/larrysr/db.php' not found or unable to stat
[Mon Jan 05 01:30:57.330497 2026] [access_compat:error] [pid 54088] [client 164.90.208.56:0] AH01797: client denied by server configuration: /domains/testregisgroup/server-status
[Mon Jan 05 01:30:57.400924 2026] [access_compat:error] [pid 54057] [client 64.227.70.2:0] AH01797: client denied by server configuration: /domains/testregisgroup/server-status
[Mon Jan 05 01:30:57.754747 2026] [access_compat:error] [pid 54061] [client 164.92.244.132:0] AH01797: client denied by server configuration: /domains/testregisgroup/server-status
[Mon Jan 05 01:30:57.784546 2026] [access_compat:error] [pid 54016] [client 138.68.82.23:0] AH01797: client denied by server configuration: /domains/testregisgroup/server-status
[Mon Jan 05 01:30:59.886022 2026] [php:error] [pid 54085] [client 45.67.97.47:0] script '/domains/larrysr/install.php' not found or unable to stat
[Mon Jan 05 01:31:02.216195 2026] [php:error] [pid 54085] [client 45.67.97.47:0] script '/domains/larrysr/images/class-config.php' not found or unable to stat
[Mon Jan 05 01:31:03.494848 2026] [php:error] [pid 54085] [client 45.67.97.47:0] script '/domains/larrysr/bypass.php' not found or unable to stat
[Mon Jan 05 01:31:03.952176 2026] [php:error] [pid 54085] [client 45.67.97.47:0] script '/domains/larrysr/class.php' not found or unable to stat
[Mon Jan 05 01:31:07.152750 2026] [php:error] [pid 54085] [client 45.67.97.47:0] script '/domains/larrysr/init.php' not found or unable to stat
[Mon Jan 05 01:31:07.353344 2026] [php:error] [pid 54083] [client 164.90.208.56:0] script '/domains/testregisgroup/info.php' not found or unable to stat
[Mon Jan 05 01:31:07.377138 2026] [php:error] [pid 54089] [client 64.227.70.2:0] script '/domains/testregisgroup/info.php' not found or unable to stat
[Mon Jan 05 01:31:07.765579 2026] [php:error] [pid 54078] [client 164.92.244.132:0] script '/domains/testregisgroup/info.php' not found or unable to stat
[Mon Jan 05 01:31:07.804482 2026] [php:error] [pid 53994] [client 138.68.82.23:0] script '/domains/testregisgroup/info.php' not found or unable to stat
[Mon Jan 05 01:31:11.194823 2026] [php:error] [pid 54085] [client 45.67.97.47:0] script '/domains/larrysr/adminfuns.php' not found or unable to stat
[Mon Jan 05 01:31:12.295315 2026] [php:error] [pid 54085] [client 45.67.97.47:0] script '/domains/larrysr/wp_wlx.php' not found or unable to stat
[Mon Jan 05 01:31:13.916586 2026] [php:error] [pid 54085] [client 45.67.97.47:0] script '/domains/larrysr/wp.php' not found or unable to stat
[Mon Jan 05 01:31:15.370858 2026] [php:error] [pid 54085] [client 45.67.97.47:0] script '/domains/larrysr/wp-header.php' not found or unable to stat
[Mon Jan 05 01:31:16.585746 2026] [php:error] [pid 54085] [client 45.67.97.47:0] script '/domains/larrysr/Marvins.php' not found or unable to stat
[Mon Jan 05 01:31:17.878503 2026] [php:error] [pid 54085] [client 45.67.97.47:0] script '/domains/larrysr/wp-class.php' not found or unable to stat
[Mon Jan 05 01:31:19.003350 2026] [php:error] [pid 54104] [client 105.242.47.45:0] script '/domains/system_default/wp-good.php' not found or unable to stat, referer: https://www.yahoo.com/
[Mon Jan 05 01:31:19.140230 2026] [php:error] [pid 54085] [client 45.67.97.47:0] script '/domains/larrysr/xx.php' not found or unable to stat
[Mon Jan 05 01:31:19.168732 2026] [php:error] [pid 54104] [client 36.139.125.53:0] script '/domains/system_default/file.php' not found or unable to stat, referer: https://www.google.com/
[Mon Jan 05 01:31:19.332764 2026] [php:error] [pid 54104] [client 213.11.65.32:0] script '/domains/system_default/bless.php' not found or unable to stat, referer: https://www.yahoo.com/
[Mon Jan 05 01:31:19.497422 2026] [php:error] [pid 54104] [client 219.191.46.55:0] script '/domains/system_default/admin.php' not found or unable to stat, referer: https://duckduckgo.com/
[Mon Jan 05 01:31:19.661235 2026] [php:error] [pid 54104] [client 206.33.23.13:0] script '/domains/system_default/ioxi-o.php' not found or unable to stat, referer: https://www.google.fr/
[Mon Jan 05 01:31:19.824932 2026] [php:error] [pid 54104] [client 35.14.68.34:0] script '/domains/system_default/adminfuns.php' not found or unable to stat, referer: https://duckduckgo.com/
[Mon Jan 05 01:31:19.925222 2026] [php:error] [pid 54085] [client 45.67.97.47:0] script '/domains/larrysr/autoload_classmap.php' not found or unable to stat
[Mon Jan 05 01:31:20.152325 2026] [php:error] [pid 54104] [client 168.33.186.100:0] script '/domains/system_default/aa.php' not found or unable to stat, referer: https://www.yahoo.com/
[Mon Jan 05 01:31:20.316128 2026] [php:error] [pid 54104] [client 16.67.180.97:0] script '/domains/system_default/xmrlpc.php' not found or unable to stat, referer: https://www.google.com/
[Mon Jan 05 01:31:20.480090 2026] [php:error] [pid 54104] [client 181.196.194.122:0] script '/domains/system_default/class.php' not found or unable to stat, referer: https://www.google.fr/
[Mon Jan 05 01:31:20.644537 2026] [php:error] [pid 54104] [client 120.221.90.245:0] script '/domains/system_default/goods.php' not found or unable to stat, referer: https://www.yahoo.com/
[Mon Jan 05 01:31:20.808245 2026] [php:error] [pid 54104] [client 198.127.195.72:0] script '/domains/system_default/info.php' not found or unable to stat, referer: https://www.google.de/
[Mon Jan 05 01:31:20.972017 2026] [php:error] [pid 54104] [client 17.194.194.24:0] script '/domains/system_default/as.php' not found or unable to stat, referer: https://www.bing.com/
[Mon Jan 05 01:31:21.135951 2026] [php:error] [pid 54104] [client 140.226.55.144:0] script '/domains/system_default/aw.php' not found or unable to stat, referer: https://www.google.com/
[Mon Jan 05 01:31:21.302126 2026] [php:error] [pid 54104] [client 143.245.227.201:0] script '/domains/system_default/bb.php' not found or unable to stat, referer: https://www.yahoo.com/
[Mon Jan 05 01:31:21.466043 2026] [php:error] [pid 54104] [client 132.61.122.146:0] script '/domains/system_default/about.php' not found or unable to stat, referer: https://www.google.co.uk/
[Mon Jan 05 01:31:21.629681 2026] [php:error] [pid 54104] [client 65.130.146.33:0] script '/domains/system_default/222.php' not found or unable to stat, referer: https://www.bing.com/
[Mon Jan 05 01:31:21.793730 2026] [php:error] [pid 54104] [client 221.196.82.163:0] script '/domains/system_default/test1.php' not found or unable to stat, referer: https://www.bing.com/
[Mon Jan 05 01:31:21.957713 2026] [php:error] [pid 54104] [client 183.252.0.187:0] script '/domains/system_default/classwithtostring.php' not found or unable to stat, referer: https://www.google.co.uk/
[Mon Jan 05 01:31:22.238415 2026] [php:error] [pid 54085] [client 45.67.97.47:0] script '/domains/larrysr/content.php' not found or unable to stat
[Mon Jan 05 01:31:22.285303 2026] [php:error] [pid 54104] [client 24.18.74.175:0] script '/domains/system_default/fx.php' not found or unable to stat, referer: https://www.google.co.uk/
[Mon Jan 05 01:31:22.449137 2026] [php:error] [pid 54104] [client 119.237.216.196:0] script '/domains/system_default/gelay.php' not found or unable to stat, referer: https://duckduckgo.com/
[Mon Jan 05 01:31:22.613020 2026] [php:error] [pid 54104] [client 21.163.244.192:0] script '/domains/system_default/god4m.php' not found or unable to stat, referer: https://duckduckgo.com/
[Mon Jan 05 01:31:22.777164 2026] [php:error] [pid 54104] [client 230.75.184.25:0] script '/domains/system_default/mari.php' not found or unable to stat, referer: https://www.google.de/
[Mon Jan 05 01:31:22.945432 2026] [php:error] [pid 54104] [client 77.205.103.255:0] script '/domains/system_default/moon.php' not found or unable to stat, referer: https://www.google.com/
[Mon Jan 05 01:31:23.109385 2026] [php:error] [pid 54104] [client 121.66.110.231:0] script '/domains/system_default/o.php' not found or unable to stat, referer: https://www.google.de/
[Mon Jan 05 01:31:23.273310 2026] [php:error] [pid 54104] [client 23.52.183.16:0] script '/domains/system_default/tmp.php' not found or unable to stat, referer: https://www.google.fr/
[Mon Jan 05 01:31:31.184224 2026] [php:error] [pid 54102] [client 243.11.65.112:0] script '/domains/drsuper/adminfuns.php' not found or unable to stat, referer: https://www.google.com/
[Mon Jan 05 01:31:33.087897 2026] [php:error] [pid 54102] [client 163.90.14.107:0] script '/domains/drsuper/images/index.php' not found or unable to stat, referer: https://duckduckgo.com/
[Mon Jan 05 01:31:33.271547 2026] [php:error] [pid 54085] [client 45.67.97.47:0] script '/domains/larrysr/images/class.php' not found or unable to stat
[Mon Jan 05 01:31:33.276753 2026] [php:error] [pid 54102] [client 22.50.45.107:0] script '/domains/drsuper/images/install.php' not found or unable to stat, referer: https://duckduckgo.com/
[Mon Jan 05 01:31:33.465806 2026] [php:error] [pid 54102] [client 242.202.104.58:0] script '/domains/drsuper/index.php' not found or unable to stat, referer: https://www.yahoo.com/
[Mon Jan 05 01:31:34.537569 2026] [php:error] [pid 54085] [client 45.67.97.47:0] script '/domains/larrysr/web.php' not found or unable to stat
[Mon Jan 05 01:31:35.939522 2026] [php:error] [pid 54085] [client 45.67.97.47:0] script '/domains/larrysr/images/index.php' not found or unable to stat
[Mon Jan 05 01:31:38.390573 2026] [php:error] [pid 54085] [client 45.67.97.47:0] script '/domains/larrysr/wp-trackback.php' not found or unable to stat
[Mon Jan 05 01:31:39.395768 2026] [php:error] [pid 54085] [client 45.67.97.47:0] script '/domains/larrysr/radio.php' not found or unable to stat
[Mon Jan 05 01:31:41.437732 2026] [php:error] [pid 54085] [client 45.67.97.47:0] script '/domains/larrysr/wp-conflg.php' not found or unable to stat
[Mon Jan 05 01:31:41.978532 2026] [php:error] [pid 54085] [client 45.67.97.47:0] script '/domains/larrysr/wp-setup.php' not found or unable to stat
[Mon Jan 05 01:31:42.530192 2026] [php:error] [pid 54085] [client 45.67.97.47:0] script '/domains/larrysr/ms-themes.php' not found or unable to stat
[Mon Jan 05 01:31:43.606323 2026] [php:error] [pid 54085] [client 45.67.97.47:0] script '/domains/larrysr/style.php' not found or unable to stat
[Mon Jan 05 01:31:45.327684 2026] [php:error] [pid 54085] [client 45.67.97.47:0] script '/domains/larrysr/x.php' not found or unable to stat
[Mon Jan 05 01:31:46.910018 2026] [php:error] [pid 54085] [client 45.67.97.47:0] script '/domains/larrysr/images/index22.php' not found or unable to stat
[Mon Jan 05 01:31:47.491771 2026] [php:error] [pid 54085] [client 45.67.97.47:0] script '/domains/larrysr/wp-user.php' not found or unable to stat
[Mon Jan 05 01:31:49.182521 2026] [php:error] [pid 54085] [client 45.67.97.47:0] script '/domains/larrysr/config.php' not found or unable to stat
[Mon Jan 05 01:31:49.696571 2026] [php:error] [pid 54085] [client 45.67.97.47:0] script '/domains/larrysr/special.php' not found or unable to stat
[Mon Jan 05 01:31:52.883077 2026] [php:error] [pid 54108] [client 166.136.141.28:0] script '/domains/astweb/0.php' not found or unable to stat, referer: https://www.bing.com/
[Mon Jan 05 01:31:53.046954 2026] [php:error] [pid 54108] [client 0.228.202.172:0] script '/domains/astweb/1.php' not found or unable to stat, referer: https://www.bing.com/
[Mon Jan 05 01:31:53.210838 2026] [php:error] [pid 54108] [client 74.176.56.30:0] script '/domains/astweb/2.php' not found or unable to stat, referer: https://www.google.co.uk/
[Mon Jan 05 01:31:53.374725 2026] [php:error] [pid 54108] [client 130.142.79.208:0] script '/domains/astweb/12.php' not found or unable to stat, referer: https://www.yahoo.com/
[Mon Jan 05 01:31:53.539300 2026] [php:error] [pid 54108] [client 57.211.110.95:0] script '/domains/astweb/13.php' not found or unable to stat, referer: https://www.google.fr/
[Mon Jan 05 01:31:53.703012 2026] [php:error] [pid 54108] [client 233.227.35.80:0] script '/domains/astweb/403.php' not found or unable to stat, referer: https://duckduckgo.com/
[Mon Jan 05 01:31:53.866983 2026] [php:error] [pid 54108] [client 143.183.127.27:0] script '/domains/astweb/404.php' not found or unable to stat, referer: https://www.google.com/
[Mon Jan 05 01:31:54.030790 2026] [php:error] [pid 54108] [client 43.116.87.132:0] script '/domains/astweb/a.php' not found or unable to stat, referer: https://www.google.co.uk/
[Mon Jan 05 01:31:54.194789 2026] [php:error] [pid 54108] [client 93.29.170.218:0] script '/domains/astweb/aa.php' not found or unable to stat, referer: https://www.google.fr/
[Mon Jan 05 01:31:54.359052 2026] [php:error] [pid 54108] [client 17.214.250.74:0] script '/domains/astweb/abcd.php' not found or unable to stat, referer: https://www.google.de/
[Mon Jan 05 01:31:54.522828 2026] [php:error] [pid 54108] [client 182.111.178.85:0] script '/domains/astweb/about.php' not found or unable to stat, referer: https://www.yahoo.com/
[Mon Jan 05 01:31:54.686587 2026] [php:error] [pid 54108] [client 166.26.154.176:0] script '/domains/astweb/admin.php' not found or unable to stat, referer: https://www.google.fr/
[Mon Jan 05 01:31:54.850513 2026] [php:error] [pid 54108] [client 63.142.123.35:0] script '/domains/astweb/admin-header.php' not found or unable to stat, referer: https://www.yahoo.com/
[Mon Jan 05 01:31:55.014194 2026] [php:error] [pid 54108] [client 96.19.57.116:0] script '/domains/astweb/adminfuns.php' not found or unable to stat, referer: https://duckduckgo.com/
[Mon Jan 05 01:31:55.178264 2026] [php:error] [pid 54108] [client 189.89.204.3:0] script '/domains/astweb/ahax.php' not found or unable to stat, referer: https://www.bing.com/
[Mon Jan 05 01:31:55.341959 2026] [php:error] [pid 54108] [client 142.80.165.35:0] script '/domains/astweb/akcc.php' not found or unable to stat, referer: https://www.google.fr/
[Mon Jan 05 01:31:55.507409 2026] [php:error] [pid 54108] [client 189.77.168.19:0] script '/domains/astweb/alf.php' not found or unable to stat, referer: https://www.google.com/
[Mon Jan 05 01:31:55.671642 2026] [php:error] [pid 54108] [client 191.150.192.180:0] script '/domains/astweb/alfa.php' not found or unable to stat, referer: https://www.google.de/
[Mon Jan 05 01:31:55.837553 2026] [php:error] [pid 54108] [client 244.31.117.194:0] script '/domains/astweb/alfashell.php' not found or unable to stat, referer: https://www.google.co.uk/
[Mon Jan 05 01:31:56.002183 2026] [php:error] [pid 54108] [client 212.219.80.109:0] script '/domains/astweb/api.php' not found or unable to stat, referer: https://duckduckgo.com/
[Mon Jan 05 01:31:56.166121 2026] [php:error] [pid 54108] [client 186.93.185.78:0] script '/domains/astweb/app.php' not found or unable to stat, referer: https://www.google.com/
[Mon Jan 05 01:31:56.330277 2026] [php:error] [pid 54108] [client 69.50.242.169:0] script '/domains/astweb/as.php' not found or unable to stat, referer: https://www.google.fr/
[Mon Jan 05 01:31:56.430763 2026] [php:error] [pid 54099] [client 45.67.97.47:0] script '/domains/larrysr/webdb.php' not found or unable to stat
[Mon Jan 05 01:31:56.493958 2026] [php:error] [pid 54108] [client 175.235.92.44:0] script '/domains/astweb/bolt.php' not found or unable to stat, referer: https://duckduckgo.com/
[Mon Jan 05 01:31:56.657994 2026] [php:error] [pid 54108] [client 253.114.31.240:0] script '/domains/astweb/buy.php' not found or unable to stat, referer: https://duckduckgo.com/
[Mon Jan 05 01:31:56.822002 2026] [php:error] [pid 54108] [client 246.238.15.160:0] script '/domains/astweb/c.php' not found or unable to stat, referer: https://www.google.co.uk/
[Mon Jan 05 01:31:56.985746 2026] [php:error] [pid 54108] [client 172.73.91.198:0] script '/domains/astweb/cc.php' not found or unable to stat, referer: https://www.google.com/
[Mon Jan 05 01:31:57.149661 2026] [php:error] [pid 54108] [client 48.150.49.160:0] script '/domains/astweb/chosen.php' not found or unable to stat, referer: https://www.google.de/
[Mon Jan 05 01:31:57.314151 2026] [php:error] [pid 54108] [client 253.194.73.237:0] script '/domains/astweb/classwithtostring.php' not found or unable to stat, referer: https://www.google.de/
[Mon Jan 05 01:31:57.477969 2026] [php:error] [pid 54108] [client 1.198.145.134:0] script '/domains/astweb/config.php' not found or unable to stat, referer: https://www.yahoo.com/
[Mon Jan 05 01:31:57.527650 2026] [php:error] [pid 54099] [client 45.67.97.47:0] script '/domains/larrysr/file2.php' not found or unable to stat
[Mon Jan 05 01:31:57.642102 2026] [php:error] [pid 54108] [client 156.122.107.15:0] script '/domains/astweb/content.php' not found or unable to stat, referer: https://www.google.co.uk/
[Mon Jan 05 01:31:57.806109 2026] [php:error] [pid 54108] [client 27.182.113.203:0] script '/domains/astweb/dropdown.php' not found or unable to stat, referer: https://www.google.fr/
[Mon Jan 05 01:31:57.970063 2026] [php:error] [pid 54108] [client 230.168.74.169:0] script '/domains/astweb/edit.php' not found or unable to stat, referer: https://www.google.fr/
[Mon Jan 05 01:31:58.133909 2026] [php:error] [pid 54108] [client 95.178.126.75:0] script '/domains/astweb/ee.php' not found or unable to stat, referer: https://duckduckgo.com/
[Mon Jan 05 01:31:58.297950 2026] [php:error] [pid 54108] [client 132.42.50.95:0] script '/domains/astweb/favicon.php' not found or unable to stat, referer: https://www.google.de/
[Mon Jan 05 01:31:58.461828 2026] [php:error] [pid 54108] [client 60.80.34.88:0] script '/domains/astweb/file.php' not found or unable to stat, referer: https://www.yahoo.com/
[Mon Jan 05 01:31:58.626904 2026] [php:error] [pid 54108] [client 133.18.15.233:0] script '/domains/astweb/fm.php' not found or unable to stat, referer: https://www.google.de/
[Mon Jan 05 01:31:58.791132 2026] [php:error] [pid 54108] [client 165.39.162.191:0] script '/domains/astweb/fx.php' not found or unable to stat, referer: https://www.yahoo.com/
[Mon Jan 05 01:31:58.955117 2026] [php:error] [pid 54108] [client 73.165.59.39:0] script '/domains/astweb/gecko.php' not found or unable to stat, referer: https://www.google.co.uk/
[Mon Jan 05 01:31:59.119377 2026] [php:error] [pid 54108] [client 165.176.216.67:0] script '/domains/astweb/gecko-new.php' not found or unable to stat, referer: https://www.google.co.uk/
[Mon Jan 05 01:31:59.283486 2026] [php:error] [pid 54108] [client 222.166.205.247:0] script '/domains/astweb/gel4y.php' not found or unable to stat, referer: https://www.google.com/
[Mon Jan 05 01:31:59.298102 2026] [php:error] [pid 54099] [client 45.67.97.47:0] script '/domains/larrysr/alfa.php' not found or unable to stat
[Mon Jan 05 01:31:59.447340 2026] [php:error] [pid 54108] [client 228.94.198.16:0] script '/domains/astweb/gg.php' not found or unable to stat, referer: https://www.google.com/
[Mon Jan 05 01:31:59.611176 2026] [php:error] [pid 54108] [client 69.6.36.251:0] script '/domains/astweb/goods.php' not found or unable to stat, referer: https://www.google.de/
[Mon Jan 05 01:31:59.775437 2026] [php:error] [pid 54108] [client 76.169.239.123:0] script '/domains/astweb/help.php' not found or unable to stat, referer: https://www.google.fr/
[Mon Jan 05 01:31:59.939350 2026] [php:error] [pid 54108] [client 198.0.102.212:0] script '/domains/astweb/i.php' not found or unable to stat, referer: https://duckduckgo.com/
[Mon Jan 05 01:32:00.105147 2026] [php:error] [pid 54108] [client 179.63.102.182:0] script '/domains/astweb/index.php' not found or unable to stat, referer: https://duckduckgo.com/
[Mon Jan 05 01:32:00.269710 2026] [php:error] [pid 54108] [client 202.107.153.118:0] script '/domains/astweb/info.php' not found or unable to stat, referer: https://www.bing.com/
[Mon Jan 05 01:32:00.433761 2026] [php:error] [pid 54108] [client 147.210.243.21:0] script '/domains/astweb/ioxi-o.php' not found or unable to stat, referer: https://www.google.com/
[Mon Jan 05 01:32:00.597492 2026] [php:error] [pid 54108] [client 184.129.7.20:0] script '/domains/astweb/k.php' not found or unable to stat, referer: https://www.yahoo.com/
[Mon Jan 05 01:32:00.761228 2026] [php:error] [pid 54108] [client 30.141.46.181:0] script '/domains/astweb/link.php' not found or unable to stat, referer: https://www.google.de/
[Mon Jan 05 01:32:00.924944 2026] [php:error] [pid 54108] [client 163.114.109.112:0] script '/domains/astweb/man.php' not found or unable to stat, referer: https://www.google.de/
[Mon Jan 05 01:32:01.088942 2026] [php:error] [pid 54108] [client 179.11.32.84:0] script '/domains/astweb/mini.php' not found or unable to stat, referer: https://www.google.fr/
[Mon Jan 05 01:32:01.253766 2026] [php:error] [pid 54108] [client 192.157.56.94:0] script '/domains/astweb/new.php' not found or unable to stat, referer: https://duckduckgo.com/
[Mon Jan 05 01:32:01.418976 2026] [php:error] [pid 54108] [client 30.159.80.218:0] script '/domains/astweb/num.php' not found or unable to stat, referer: https://www.google.fr/
[Mon Jan 05 01:32:01.583842 2026] [php:error] [pid 54108] [client 144.246.236.247:0] script '/domains/astweb/root.php' not found or unable to stat, referer: https://www.google.co.uk/
[Mon Jan 05 01:32:01.752006 2026] [php:error] [pid 54108] [client 8.233.25.102:0] script '/domains/astweb/shell.php' not found or unable to stat, referer: https://www.google.fr/
[Mon Jan 05 01:32:01.917063 2026] [php:error] [pid 54108] [client 8.77.39.186:0] script '/domains/astweb/system.php' not found or unable to stat, referer: https://www.google.co.uk/
[Mon Jan 05 01:32:02.082290 2026] [php:error] [pid 54108] [client 49.38.186.79:0] script '/domains/astweb/termps.php' not found or unable to stat, referer: https://www.yahoo.com/
[Mon Jan 05 01:32:02.246223 2026] [php:error] [pid 54108] [client 123.97.152.167:0] script '/domains/astweb/test.php' not found or unable to stat, referer: https://www.google.com/
[Mon Jan 05 01:32:02.410015 2026] [php:error] [pid 54108] [client 240.189.169.255:0] script '/domains/astweb/tiny.php' not found or unable to stat, referer: https://www.yahoo.com/
[Mon Jan 05 01:32:02.573816 2026] [php:error] [pid 54108] [client 18.174.150.44:0] script '/domains/astweb/user.php' not found or unable to stat, referer: https://www.google.fr/
[Mon Jan 05 01:32:02.737483 2026] [php:error] [pid 54108] [client 131.93.208.8:0] script '/domains/astweb/vx.php' not found or unable to stat, referer: https://www.google.fr/
[Mon Jan 05 01:32:02.901344 2026] [php:error] [pid 54108] [client 232.191.255.102:0] script '/domains/astweb/wp-admin.php' not found or unable to stat, referer: https://www.bing.com/
[Mon Jan 05 01:32:03.065251 2026] [php:error] [pid 54108] [client 78.179.92.165:0] script '/domains/astweb/wp-blog.php' not found or unable to stat, referer: https://www.bing.com/
[Mon Jan 05 01:32:03.230333 2026] [php:error] [pid 54108] [client 54.209.25.3:0] script '/domains/astweb/wp-good.php' not found or unable to stat, referer: https://www.google.co.uk/
[Mon Jan 05 01:32:03.394823 2026] [php:error] [pid 54108] [client 213.144.101.125:0] script '/domains/astweb/wp-include.php' not found or unable to stat, referer: https://duckduckgo.com/
[Mon Jan 05 01:32:03.560525 2026] [php:error] [pid 54108] [client 63.132.73.131:0] script '/domains/astweb/wp-links.php' not found or unable to stat, referer: https://www.bing.com/
[Mon Jan 05 01:32:03.688228 2026] [php:error] [pid 54115] [client 34.96.162.54:0] script '/domains/rainho/adminer-5.2.1-en.php' not found or unable to stat
[Mon Jan 05 01:32:03.724137 2026] [php:error] [pid 54108] [client 43.155.146.228:0] script '/domains/astweb/wp-signin.php' not found or unable to stat, referer: https://www.google.de/
[Mon Jan 05 01:32:03.888014 2026] [php:error] [pid 54108] [client 242.66.219.213:0] script '/domains/astweb/wp-trackback.php' not found or unable to stat, referer: https://www.yahoo.com/
[Mon Jan 05 01:32:04.051647 2026] [php:error] [pid 54108] [client 165.180.37.230:0] script '/domains/astweb/wp.php' not found or unable to stat, referer: https://www.yahoo.com/
[Mon Jan 05 01:32:04.215931 2026] [php:error] [pid 54108] [client 71.214.254.245:0] script '/domains/astweb/wso.php' not found or unable to stat, referer: https://www.google.com/
[Mon Jan 05 01:32:04.380439 2026] [php:error] [pid 54108] [client 113.3.185.52:0] script '/domains/astweb/xmlrpc.php' not found or unable to stat, referer: https://www.google.co.uk/
[Mon Jan 05 01:32:04.544623 2026] [php:error] [pid 54108] [client 112.48.76.160:0] script '/domains/astweb/xmrlpc.php' not found or unable to stat, referer: https://duckduckgo.com/
[Mon Jan 05 01:32:04.599823 2026] [php:error] [pid 54099] [client 45.67.97.47:0] script '/domains/larrysr/edit.php' not found or unable to stat
[Mon Jan 05 01:32:06.088931 2026] [php:error] [pid 54099] [client 45.67.97.47:0] script '/domains/larrysr/wp-links-opml.php' not found or unable to stat
[Mon Jan 05 01:32:07.091121 2026] [php:error] [pid 54099] [client 45.67.97.47:0] script '/domains/larrysr/atomlib.php' not found or unable to stat
[Mon Jan 05 01:32:09.821748 2026] [php:error] [pid 54099] [client 45.67.97.47:0] script '/domains/larrysr/xp.php' not found or unable to stat
[Mon Jan 05 01:32:11.397982 2026] [php:error] [pid 54099] [client 45.67.97.47:0] script '/domains/larrysr/wp-links.php' not found or unable to stat
[Mon Jan 05 01:32:17.281648 2026] [php:error] [pid 54099] [client 45.67.97.47:0] script '/domains/larrysr/moon.php' not found or unable to stat
[Mon Jan 05 01:32:18.744663 2026] [php:error] [pid 54099] [client 45.67.97.47:0] script '/domains/larrysr/webadmin.php' not found or unable to stat
[Mon Jan 05 01:32:20.212805 2026] [php:error] [pid 54099] [client 45.67.97.47:0] script '/domains/larrysr/xl2023.php' not found or unable to stat
[Mon Jan 05 01:32:20.715732 2026] [php:error] [pid 54099] [client 45.67.97.47:0] script '/domains/larrysr/go.php' not found or unable to stat
[Mon Jan 05 01:32:30.405249 2026] [php:error] [pid 54099] [client 45.67.97.47:0] script '/domains/larrysr/hehehehe.php' not found or unable to stat
[Mon Jan 05 01:32:46.183932 2026] [php:error] [pid 54118] [client 45.67.97.47:0] script '/domains/larrysr/byp.php' not found or unable to stat
[Mon Jan 05 01:32:51.942044 2026] [php:error] [pid 54118] [client 45.67.97.47:0] script '/domains/larrysr/class.api.php' not found or unable to stat
[Mon Jan 05 01:32:54.188732 2026] [php:error] [pid 54118] [client 45.67.97.47:0] script '/domains/larrysr/system_log.php' not found or unable to stat
[Mon Jan 05 01:32:54.857419 2026] [php:error] [pid 54118] [client 45.67.97.47:0] script '/domains/larrysr/.alf.php' not found or unable to stat
[Mon Jan 05 01:32:55.474633 2026] [php:error] [pid 54118] [client 45.67.97.47:0] script '/domains/larrysr/wso.php' not found or unable to stat
[Mon Jan 05 01:32:56.975648 2026] [php:error] [pid 54118] [client 45.67.97.47:0] script '/domains/larrysr/flower.php' not found or unable to stat
[Mon Jan 05 01:32:58.230219 2026] [php:error] [pid 54132] [client 156.159.233.48:0] script '/domains/rnachum/0.php' not found or unable to stat, referer: https://www.google.de/
[Mon Jan 05 01:32:58.432215 2026] [php:error] [pid 54132] [client 141.247.185.146:0] script '/domains/rnachum/1.php' not found or unable to stat, referer: https://www.yahoo.com/
[Mon Jan 05 01:32:58.635527 2026] [php:error] [pid 54132] [client 24.114.114.82:0] script '/domains/rnachum/2.php' not found or unable to stat, referer: https://duckduckgo.com/
[Mon Jan 05 01:32:58.836793 2026] [php:error] [pid 54132] [client 224.20.12.241:0] script '/domains/rnachum/12.php' not found or unable to stat, referer: https://www.google.de/
[Mon Jan 05 01:32:59.038697 2026] [php:error] [pid 54132] [client 255.123.145.106:0] script '/domains/rnachum/13.php' not found or unable to stat, referer: https://www.google.fr/
[Mon Jan 05 01:32:59.240142 2026] [php:error] [pid 54132] [client 118.178.126.98:0] script '/domains/rnachum/403.php' not found or unable to stat, referer: https://www.google.fr/
[Mon Jan 05 01:32:59.441559 2026] [php:error] [pid 54132] [client 21.159.178.215:0] script '/domains/rnachum/404.php' not found or unable to stat, referer: https://www.google.com/
[Mon Jan 05 01:32:59.643242 2026] [php:error] [pid 54132] [client 18.244.247.82:0] script '/domains/rnachum/a.php' not found or unable to stat, referer: https://www.google.co.uk/
[Mon Jan 05 01:32:59.844372 2026] [php:error] [pid 54132] [client 46.238.156.137:0] script '/domains/rnachum/aa.php' not found or unable to stat, referer: https://www.bing.com/
[Mon Jan 05 01:32:59.871390 2026] [php:error] [pid 54118] [client 45.67.97.47:0] script '/domains/larrysr/ioxi-o.php' not found or unable to stat
[Mon Jan 05 01:33:00.045809 2026] [php:error] [pid 54132] [client 49.181.81.14:0] script '/domains/rnachum/abcd.php' not found or unable to stat, referer: https://duckduckgo.com/
[Mon Jan 05 01:33:00.247129 2026] [php:error] [pid 54132] [client 149.106.53.140:0] script '/domains/rnachum/about.php' not found or unable to stat, referer: https://www.google.de/
[Mon Jan 05 01:33:00.449750 2026] [php:error] [pid 54132] [client 138.69.22.28:0] script '/domains/rnachum/admin.php' not found or unable to stat, referer: https://www.google.co.uk/
[Mon Jan 05 01:33:00.651173 2026] [php:error] [pid 54132] [client 134.213.61.30:0] script '/domains/rnachum/admin-header.php' not found or unable to stat, referer: https://www.google.de/
[Mon Jan 05 01:33:00.853529 2026] [php:error] [pid 54132] [client 162.160.112.191:0] script '/domains/rnachum/adminfuns.php' not found or unable to stat, referer: https://www.google.com/
[Mon Jan 05 01:33:01.030776 2026] [php:error] [pid 54118] [client 45.67.97.47:0] script '/domains/larrysr/info.php' not found or unable to stat
[Mon Jan 05 01:33:01.056112 2026] [php:error] [pid 54132] [client 157.108.101.101:0] script '/domains/rnachum/ahax.php' not found or unable to stat, referer: https://www.google.de/
[Mon Jan 05 01:33:01.257693 2026] [php:error] [pid 54132] [client 215.40.38.195:0] script '/domains/rnachum/akcc.php' not found or unable to stat, referer: https://duckduckgo.com/
[Mon Jan 05 01:33:01.459355 2026] [php:error] [pid 54132] [client 29.20.18.70:0] script '/domains/rnachum/alf.php' not found or unable to stat, referer: https://duckduckgo.com/
[Mon Jan 05 01:33:01.660727 2026] [php:error] [pid 54132] [client 38.20.63.34:0] script '/domains/rnachum/alfa.php' not found or unable to stat, referer: https://www.yahoo.com/
[Mon Jan 05 01:33:01.862053 2026] [php:error] [pid 54132] [client 92.176.191.94:0] script '/domains/rnachum/alfashell.php' not found or unable to stat, referer: https://www.bing.com/
[Mon Jan 05 01:33:01.984754 2026] [php:error] [pid 54118] [client 45.67.97.47:0] script '/domains/larrysr/setup.php' not found or unable to stat
[Mon Jan 05 01:33:02.063333 2026] [php:error] [pid 54132] [client 231.47.47.75:0] script '/domains/rnachum/api.php' not found or unable to stat, referer: https://www.google.co.uk/
[Mon Jan 05 01:33:02.264737 2026] [php:error] [pid 54132] [client 215.49.155.29:0] script '/domains/rnachum/app.php' not found or unable to stat, referer: https://www.yahoo.com/
[Mon Jan 05 01:33:02.465879 2026] [php:error] [pid 54132] [client 217.238.231.210:0] script '/domains/rnachum/as.php' not found or unable to stat, referer: https://www.google.com/
[Mon Jan 05 01:33:02.667337 2026] [php:error] [pid 54132] [client 158.50.204.135:0] script '/domains/rnachum/bolt.php' not found or unable to stat, referer: https://www.google.fr/
[Mon Jan 05 01:33:02.868599 2026] [php:error] [pid 54132] [client 87.215.105.236:0] script '/domains/rnachum/buy.php' not found or unable to stat, referer: https://www.google.com/
[Mon Jan 05 01:33:03.078647 2026] [php:error] [pid 54132] [client 247.55.14.246:0] script '/domains/rnachum/c.php' not found or unable to stat, referer: https://www.bing.com/
[Mon Jan 05 01:33:03.279911 2026] [php:error] [pid 54132] [client 15.229.186.56:0] script '/domains/rnachum/cc.php' not found or unable to stat, referer: https://www.bing.com/
[Mon Jan 05 01:33:03.481182 2026] [php:error] [pid 54132] [client 178.244.18.213:0] script '/domains/rnachum/chosen.php' not found or unable to stat, referer: https://duckduckgo.com/
[Mon Jan 05 01:33:03.682394 2026] [php:error] [pid 54132] [client 217.133.226.67:0] script '/domains/rnachum/classwithtostring.php' not found or unable to stat, referer: https://www.google.co.uk/
[Mon Jan 05 01:33:03.883855 2026] [php:error] [pid 54132] [client 11.102.55.3:0] script '/domains/rnachum/config.php' not found or unable to stat, referer: https://www.google.co.uk/
[Mon Jan 05 01:33:04.086355 2026] [php:error] [pid 54132] [client 76.134.176.2:0] script '/domains/rnachum/content.php' not found or unable to stat, referer: https://www.google.com/
[Mon Jan 05 01:33:04.287592 2026] [php:error] [pid 54132] [client 48.156.147.230:0] script '/domains/rnachum/dropdown.php' not found or unable to stat, referer: https://www.google.de/
[Mon Jan 05 01:33:04.488732 2026] [php:error] [pid 54132] [client 138.238.138.80:0] script '/domains/rnachum/edit.php' not found or unable to stat, referer: https://www.google.de/
[Mon Jan 05 01:33:04.689841 2026] [php:error] [pid 54132] [client 239.204.110.87:0] script '/domains/rnachum/ee.php' not found or unable to stat, referer: https://www.google.fr/
[Mon Jan 05 01:33:04.693451 2026] [php:error] [pid 54118] [client 45.67.97.47:0] script '/domains/larrysr/as.php' not found or unable to stat
[Mon Jan 05 01:33:04.891143 2026] [php:error] [pid 54132] [client 139.142.116.35:0] script '/domains/rnachum/favicon.php' not found or unable to stat, referer: https://www.yahoo.com/
[Mon Jan 05 01:33:05.092332 2026] [php:error] [pid 54132] [client 146.74.56.213:0] script '/domains/rnachum/file.php' not found or unable to stat, referer: https://www.google.com/
[Mon Jan 05 01:33:05.221117 2026] [php:error] [pid 54118] [client 45.67.97.47:0] script '/domains/larrysr/cc.php' not found or unable to stat
[Mon Jan 05 01:33:05.293536 2026] [php:error] [pid 54132] [client 164.225.243.58:0] script '/domains/rnachum/fm.php' not found or unable to stat, referer: https://www.google.co.uk/
[Mon Jan 05 01:33:05.494788 2026] [php:error] [pid 54132] [client 135.78.139.254:0] script '/domains/rnachum/fx.php' not found or unable to stat, referer: https://www.bing.com/
[Mon Jan 05 01:33:05.696044 2026] [php:error] [pid 54132] [client 52.76.186.136:0] script '/domains/rnachum/gecko.php' not found or unable to stat, referer: https://www.google.de/
[Mon Jan 05 01:33:05.897352 2026] [php:error] [pid 54132] [client 238.209.226.244:0] script '/domains/rnachum/gecko-new.php' not found or unable to stat, referer: https://www.google.fr/
[Mon Jan 05 01:33:06.112467 2026] [php:error] [pid 54132] [client 162.6.74.63:0] script '/domains/rnachum/gel4y.php' not found or unable to stat, referer: https://duckduckgo.com/
