[Fri Jan 02 01:03:03.717169 2026] [php:error] [pid 71889] [client 63.215.180.108:0] script '/domains/system_suspended/about.php' not found or unable to stat, referer: https://www.bing.com/
[Fri Jan 02 01:03:03.943192 2026] [php:error] [pid 71889] [client 186.107.191.25:0] script '/domains/system_suspended/admin.php' not found or unable to stat, referer: https://www.google.de/
[Fri Jan 02 01:03:04.169404 2026] [php:error] [pid 71889] [client 48.56.63.122:0] script '/domains/system_suspended/edit.php' not found or unable to stat, referer: https://duckduckgo.com/
[Fri Jan 02 01:03:04.395231 2026] [php:error] [pid 71889] [client 255.108.139.36:0] script '/domains/system_suspended/ahax.php' not found or unable to stat, referer: https://www.google.de/
[Fri Jan 02 01:03:04.620872 2026] [php:error] [pid 71889] [client 201.191.169.97:0] script '/domains/system_suspended/ioxi-o.php' not found or unable to stat, referer: https://www.google.de/
[Fri Jan 02 01:03:04.846356 2026] [php:error] [pid 71889] [client 63.238.91.139:0] script '/domains/system_suspended/bless.php' not found or unable to stat, referer: https://www.yahoo.com/
[Fri Jan 02 01:03:05.073090 2026] [php:error] [pid 71889] [client 240.0.147.19:0] script '/domains/system_suspended/bolt.php' not found or unable to stat, referer: https://www.google.fr/
[Fri Jan 02 01:03:05.298919 2026] [php:error] [pid 71889] [client 96.171.23.40:0] script '/domains/system_suspended/adminfuns.php' not found or unable to stat, referer: https://www.bing.com/
[Fri Jan 02 01:03:05.532724 2026] [php:error] [pid 71889] [client 93.153.3.16:0] script '/domains/system_suspended/classwithtostring.php' not found or unable to stat, referer: https://www.yahoo.com/
[Fri Jan 02 01:03:05.759393 2026] [php:error] [pid 71889] [client 71.54.36.126:0] script '/domains/system_suspended/file.php' not found or unable to stat, referer: https://www.google.co.uk/
[Fri Jan 02 01:03:05.984796 2026] [php:error] [pid 71889] [client 70.87.240.116:0] script '/domains/system_suspended/abcd.php' not found or unable to stat, referer: https://www.google.de/
[Fri Jan 02 01:03:06.210460 2026] [php:error] [pid 71889] [client 231.214.95.109:0] script '/domains/system_suspended/akcc.php' not found or unable to stat, referer: https://www.yahoo.com/
[Fri Jan 02 01:03:06.436685 2026] [php:error] [pid 71889] [client 135.181.116.226:0] script '/domains/system_suspended/k.php' not found or unable to stat, referer: https://www.google.com/
[Fri Jan 02 01:03:06.662346 2026] [php:error] [pid 71889] [client 106.246.172.137:0] script '/domains/system_suspended/xmlrpc.php' not found or unable to stat, referer: https://www.yahoo.com/
[Fri Jan 02 01:03:06.888006 2026] [php:error] [pid 71889] [client 207.236.137.47:0] script '/domains/system_suspended/xmrlpc.php' not found or unable to stat, referer: https://www.google.co.uk/
[Fri Jan 02 01:03:07.114698 2026] [php:error] [pid 71889] [client 243.119.7.20:0] script '/domains/system_suspended/wp.php' not found or unable to stat, referer: https://www.google.fr/
[Fri Jan 02 01:03:07.340435 2026] [php:error] [pid 71889] [client 177.104.53.93:0] script '/domains/system_suspended/yas.php' not found or unable to stat, referer: https://www.google.fr/
[Fri Jan 02 01:03:08.360985 2026] [php:error] [pid 71889] [client 83.100.77.198:0] script '/domains/system_suspended/simple.php' not found or unable to stat, referer: https://www.bing.com/
[Fri Jan 02 01:03:08.586617 2026] [php:error] [pid 71889] [client 186.103.222.40:0] script '/domains/system_suspended/goods.php' not found or unable to stat, referer: https://www.google.de/
[Fri Jan 02 01:03:08.812388 2026] [php:error] [pid 71889] [client 147.156.57.28:0] script '/domains/system_suspended/wp-good.php' not found or unable to stat, referer: https://www.google.co.uk/
[Fri Jan 02 01:03:10.274760 2026] [php:error] [pid 71882] [client 66.93.79.175:0] script '/domains/emsco1/info.php' not found or unable to stat, referer: https://www.google.de/
[Fri Jan 02 01:03:10.438658 2026] [php:error] [pid 71882] [client 157.10.184.199:0] script '/domains/emsco1/about.php' not found or unable to stat, referer: https://www.google.co.uk/
[Fri Jan 02 01:03:10.602515 2026] [php:error] [pid 71882] [client 42.54.36.24:0] script '/domains/emsco1/admin.php' not found or unable to stat, referer: https://www.google.de/
[Fri Jan 02 01:03:10.767178 2026] [php:error] [pid 71882] [client 108.90.221.232:0] script '/domains/emsco1/edit.php' not found or unable to stat, referer: https://www.google.fr/
[Fri Jan 02 01:03:10.931416 2026] [php:error] [pid 71882] [client 181.226.205.102:0] script '/domains/emsco1/ahax.php' not found or unable to stat, referer: https://www.google.com/
[Fri Jan 02 01:03:11.095022 2026] [php:error] [pid 71882] [client 23.47.101.203:0] script '/domains/emsco1/ioxi-o.php' not found or unable to stat, referer: https://www.bing.com/
[Fri Jan 02 01:03:11.258361 2026] [php:error] [pid 71882] [client 205.56.136.225:0] script '/domains/emsco1/bless.php' not found or unable to stat, referer: https://www.google.co.uk/
[Fri Jan 02 01:03:11.423146 2026] [php:error] [pid 71882] [client 22.178.251.191:0] script '/domains/emsco1/bolt.php' not found or unable to stat, referer: https://www.bing.com/
[Fri Jan 02 01:03:11.587852 2026] [php:error] [pid 71882] [client 133.25.66.246:0] script '/domains/emsco1/adminfuns.php' not found or unable to stat, referer: https://www.google.fr/
[Fri Jan 02 01:03:11.751198 2026] [php:error] [pid 71882] [client 201.110.16.82:0] script '/domains/emsco1/classwithtostring.php' not found or unable to stat, referer: https://www.google.co.uk/
[Fri Jan 02 01:03:11.914811 2026] [php:error] [pid 71882] [client 150.174.100.207:0] script '/domains/emsco1/file.php' not found or unable to stat, referer: https://duckduckgo.com/
[Fri Jan 02 01:03:12.078573 2026] [php:error] [pid 71882] [client 234.49.51.35:0] script '/domains/emsco1/abcd.php' not found or unable to stat, referer: https://www.google.fr/
[Fri Jan 02 01:03:12.245529 2026] [php:error] [pid 71882] [client 250.78.239.161:0] script '/domains/emsco1/akcc.php' not found or unable to stat, referer: https://www.yahoo.com/
[Fri Jan 02 01:03:12.409417 2026] [php:error] [pid 71882] [client 221.108.243.174:0] script '/domains/emsco1/k.php' not found or unable to stat, referer: https://www.yahoo.com/
[Fri Jan 02 01:03:12.573602 2026] [php:error] [pid 71882] [client 189.101.101.114:0] script '/domains/emsco1/xmlrpc.php' not found or unable to stat, referer: https://www.google.co.uk/
[Fri Jan 02 01:03:12.738168 2026] [php:error] [pid 71882] [client 107.200.246.20:0] script '/domains/emsco1/xmrlpc.php' not found or unable to stat, referer: https://www.yahoo.com/
[Fri Jan 02 01:03:12.901507 2026] [php:error] [pid 71882] [client 37.184.192.129:0] script '/domains/emsco1/wp.php' not found or unable to stat, referer: https://www.yahoo.com/
[Fri Jan 02 01:03:13.065006 2026] [php:error] [pid 71882] [client 114.204.57.206:0] script '/domains/emsco1/yas.php' not found or unable to stat, referer: https://www.google.fr/
[Fri Jan 02 01:03:13.228347 2026] [php:error] [pid 71882] [client 165.17.115.178:0] script '/domains/emsco1/simple.php' not found or unable to stat, referer: https://www.yahoo.com/
[Fri Jan 02 01:03:13.391619 2026] [php:error] [pid 71882] [client 17.67.81.133:0] script '/domains/emsco1/goods.php' not found or unable to stat, referer: https://www.google.com/
[Fri Jan 02 01:03:13.557061 2026] [php:error] [pid 71882] [client 96.3.8.58:0] script '/domains/emsco1/wp-good.php' not found or unable to stat, referer: https://www.google.co.uk/
[Fri Jan 02 01:03:14.501742 2026] [php:error] [pid 71888] [client 45.69.211.151:0] script '/domains/dcarlone/fw.php' not found or unable to stat, referer: https://www.google.com/
[Fri Jan 02 01:03:14.726902 2026] [php:error] [pid 71888] [client 116.10.105.37:0] script '/domains/dcarlone/gelay.php' not found or unable to stat, referer: https://www.yahoo.com/
[Fri Jan 02 01:03:14.951837 2026] [php:error] [pid 71888] [client 255.11.213.69:0] script '/domains/dcarlone/goat.php' not found or unable to stat, referer: https://www.google.com/
[Fri Jan 02 01:03:15.177058 2026] [php:error] [pid 71888] [client 89.215.40.246:0] script '/domains/dcarlone/god4m.php' not found or unable to stat, referer: https://www.google.fr/
[Fri Jan 02 01:03:15.402233 2026] [php:error] [pid 71888] [client 147.109.206.208:0] script '/domains/dcarlone/adminfuns.php' not found or unable to stat, referer: https://www.yahoo.com/
[Fri Jan 02 01:03:15.627194 2026] [php:error] [pid 71888] [client 57.227.176.19:0] script '/domains/dcarlone/goods.php' not found or unable to stat, referer: https://www.yahoo.com/
[Fri Jan 02 01:03:15.852970 2026] [php:error] [pid 71888] [client 54.169.249.180:0] script '/domains/dcarlone/images/alfa.php' not found or unable to stat, referer: https://www.yahoo.com/
[Fri Jan 02 01:03:16.078206 2026] [php:error] [pid 71888] [client 200.245.250.195:0] script '/domains/dcarlone/images/index.php' not found or unable to stat, referer: https://duckduckgo.com/
[Fri Jan 02 01:03:16.303656 2026] [php:error] [pid 71888] [client 71.234.140.0:0] script '/domains/dcarlone/images/wso.php' not found or unable to stat, referer: https://www.google.fr/
[Fri Jan 02 01:03:16.528548 2026] [php:error] [pid 71888] [client 133.129.134.25:0] script '/domains/dcarlone/images/xmrlpc.php' not found or unable to stat, referer: https://www.google.co.uk/
[Fri Jan 02 01:03:16.754003 2026] [php:error] [pid 71888] [client 51.147.188.103:0] script '/domains/dcarlone/index2.php' not found or unable to stat, referer: https://www.google.com/
[Fri Jan 02 01:03:16.979019 2026] [php:error] [pid 71888] [client 70.89.138.33:0] script '/domains/dcarlone/install.php' not found or unable to stat, referer: https://www.google.co.uk/
[Fri Jan 02 01:03:17.204074 2026] [php:error] [pid 71888] [client 54.34.96.91:0] script '/domains/dcarlone/lock360.php' not found or unable to stat, referer: https://www.google.de/
[Fri Jan 02 01:03:17.429245 2026] [php:error] [pid 71888] [client 219.38.9.145:0] script '/domains/dcarlone/networks.php' not found or unable to stat, referer: https://www.google.com/
[Fri Jan 02 01:03:17.654161 2026] [php:error] [pid 71888] [client 211.1.176.137:0] script '/domains/dcarlone/log.php' not found or unable to stat, referer: https://www.google.fr/
[Fri Jan 02 01:03:17.879479 2026] [php:error] [pid 71888] [client 205.77.91.9:0] script '/domains/dcarlone/luuf.php' not found or unable to stat, referer: https://www.google.de/
[Fri Jan 02 01:03:18.104936 2026] [php:error] [pid 71888] [client 38.176.254.153:0] script '/domains/dcarlone/makeasmtp.php' not found or unable to stat, referer: https://duckduckgo.com/
[Fri Jan 02 01:03:18.329926 2026] [php:error] [pid 71888] [client 168.209.76.225:0] script '/domains/dcarlone/mari.php' not found or unable to stat, referer: https://www.google.fr/
[Fri Jan 02 01:03:18.554924 2026] [php:error] [pid 71888] [client 187.103.64.65:0] script '/domains/dcarlone/mm.php' not found or unable to stat, referer: https://www.google.de/
[Fri Jan 02 01:03:18.780312 2026] [php:error] [pid 71888] [client 209.238.69.91:0] script '/domains/dcarlone/moon.php' not found or unable to stat, referer: https://www.google.com/
[Fri Jan 02 01:03:19.005430 2026] [php:error] [pid 71888] [client 15.20.173.211:0] script '/domains/dcarlone/nc4.php' not found or unable to stat, referer: https://www.google.fr/
[Fri Jan 02 01:03:19.236228 2026] [php:error] [pid 71888] [client 164.79.83.41:0] script '/domains/dcarlone/new.php' not found or unable to stat, referer: https://www.bing.com/
[Fri Jan 02 01:03:19.461672 2026] [php:error] [pid 71888] [client 160.27.221.94:0] script '/domains/dcarlone/wp-good.php' not found or unable to stat, referer: https://www.bing.com/
[Fri Jan 02 01:03:19.686748 2026] [php:error] [pid 71888] [client 71.128.14.199:0] script '/domains/dcarlone/h.php' not found or unable to stat, referer: https://www.google.de/
[Fri Jan 02 01:03:19.912564 2026] [php:error] [pid 71888] [client 66.28.101.148:0] script '/domains/dcarlone/tmp.php' not found or unable to stat, referer: https://www.yahoo.com/
[Fri Jan 02 01:03:23.296078 2026] [php:error] [pid 71888] [client 200.203.10.81:0] script '/domains/dcarlone/www.php' not found or unable to stat, referer: https://www.yahoo.com/
[Fri Jan 02 01:03:23.753397 2026] [php:error] [pid 71888] [client 65.129.37.14:0] script '/domains/dcarlone/d.php' not found or unable to stat, referer: https://www.yahoo.com/
[Fri Jan 02 01:03:23.932968 2026] [php:error] [pid 71893] [client 203.177.207.80:0] script '/domains/emsco1/adminfuns.php' not found or unable to stat, referer: https://www.google.co.uk/
[Fri Jan 02 01:03:23.978386 2026] [php:error] [pid 71888] [client 234.220.254.32:0] script '/domains/dcarlone/head.php' not found or unable to stat, referer: https://www.google.fr/
[Fri Jan 02 01:03:24.203426 2026] [php:error] [pid 71888] [client 134.34.179.122:0] script '/domains/dcarlone/phpinfo.php' not found or unable to stat, referer: https://www.google.de/
[Fri Jan 02 01:03:24.428838 2026] [php:error] [pid 71888] [client 154.132.255.249:0] script '/domains/dcarlone/sa.php' not found or unable to stat, referer: https://www.google.com/
[Fri Jan 02 01:03:24.653808 2026] [php:error] [pid 71888] [client 246.125.26.173:0] script '/domains/dcarlone/sx.php' not found or unable to stat, referer: https://www.yahoo.com/
[Fri Jan 02 01:03:24.879289 2026] [php:error] [pid 71888] [client 253.63.134.66:0] script '/domains/dcarlone/uploaded_script.php' not found or unable to stat, referer: https://www.google.de/
[Fri Jan 02 01:03:25.989804 2026] [php:error] [pid 71893] [client 4.59.63.2:0] script '/domains/emsco1/index.php' not found or unable to stat, referer: https://duckduckgo.com/
[Fri Jan 02 01:03:38.229336 2026] [php:error] [pid 71894] [client 77.140.129.109:0] script '/domains/machinadynamica/info.php' not found or unable to stat, referer: https://www.google.com/
[Fri Jan 02 01:03:38.393287 2026] [php:error] [pid 71894] [client 131.164.25.124:0] script '/domains/machinadynamica/about.php' not found or unable to stat, referer: https://duckduckgo.com/
[Fri Jan 02 01:03:38.548010 2026] [php:error] [pid 71888] [client 170.222.98.185:0] script '/domains/fbardin/0.php' not found or unable to stat, referer: https://duckduckgo.com/
[Fri Jan 02 01:03:38.566210 2026] [php:error] [pid 71894] [client 136.122.93.209:0] script '/domains/machinadynamica/admin.php' not found or unable to stat, referer: https://www.bing.com/
[Fri Jan 02 01:03:38.731109 2026] [php:error] [pid 71894] [client 56.108.14.54:0] script '/domains/machinadynamica/edit.php' not found or unable to stat, referer: https://duckduckgo.com/
[Fri Jan 02 01:03:38.746105 2026] [php:error] [pid 71888] [client 194.241.147.201:0] script '/domains/fbardin/1.php' not found or unable to stat, referer: https://www.google.com/
[Fri Jan 02 01:03:38.894963 2026] [php:error] [pid 71894] [client 6.148.146.82:0] script '/domains/machinadynamica/ahax.php' not found or unable to stat, referer: https://www.google.de/
[Fri Jan 02 01:03:38.938850 2026] [php:error] [pid 71888] [client 143.229.120.247:0] script '/domains/fbardin/2.php' not found or unable to stat, referer: https://www.bing.com/
[Fri Jan 02 01:03:39.062181 2026] [php:error] [pid 71894] [client 34.100.198.216:0] script '/domains/machinadynamica/ioxi-o.php' not found or unable to stat, referer: https://www.bing.com/
[Fri Jan 02 01:03:39.129994 2026] [php:error] [pid 71888] [client 120.90.20.87:0] script '/domains/fbardin/12.php' not found or unable to stat, referer: https://www.google.de/
[Fri Jan 02 01:03:39.226616 2026] [php:error] [pid 71894] [client 132.121.236.80:0] script '/domains/machinadynamica/bless.php' not found or unable to stat, referer: https://www.yahoo.com/
[Fri Jan 02 01:03:39.322799 2026] [php:error] [pid 71888] [client 0.3.177.23:0] script '/domains/fbardin/13.php' not found or unable to stat, referer: https://www.bing.com/
[Fri Jan 02 01:03:39.390131 2026] [php:error] [pid 71894] [client 95.25.239.174:0] script '/domains/machinadynamica/bolt.php' not found or unable to stat, referer: https://www.bing.com/
[Fri Jan 02 01:03:39.514172 2026] [php:error] [pid 71888] [client 178.174.194.168:0] script '/domains/fbardin/403.php' not found or unable to stat, referer: https://www.google.co.uk/
[Fri Jan 02 01:03:39.573231 2026] [php:error] [pid 71894] [client 56.21.224.111:0] script '/domains/machinadynamica/adminfuns.php' not found or unable to stat, referer: https://www.google.de/
[Fri Jan 02 01:03:39.706701 2026] [php:error] [pid 71888] [client 108.168.9.219:0] script '/domains/fbardin/404.php' not found or unable to stat, referer: https://www.google.de/
[Fri Jan 02 01:03:39.736934 2026] [php:error] [pid 71894] [client 241.77.208.182:0] script '/domains/machinadynamica/classwithtostring.php' not found or unable to stat, referer: https://www.google.fr/
[Fri Jan 02 01:03:39.901913 2026] [php:error] [pid 71894] [client 67.85.174.197:0] script '/domains/machinadynamica/file.php' not found or unable to stat, referer: https://www.google.fr/
[Fri Jan 02 01:03:39.919208 2026] [php:error] [pid 71888] [client 109.55.53.209:0] script '/domains/fbardin/a.php' not found or unable to stat, referer: https://www.google.co.uk/
[Fri Jan 02 01:03:40.067912 2026] [php:error] [pid 71894] [client 198.129.229.174:0] script '/domains/machinadynamica/abcd.php' not found or unable to stat, referer: https://www.bing.com/
[Fri Jan 02 01:03:40.117534 2026] [php:error] [pid 71888] [client 178.170.64.33:0] script '/domains/fbardin/aa.php' not found or unable to stat, referer: https://www.bing.com/
[Fri Jan 02 01:03:40.231588 2026] [php:error] [pid 71894] [client 95.89.230.26:0] script '/domains/machinadynamica/akcc.php' not found or unable to stat, referer: https://www.yahoo.com/
[Fri Jan 02 01:03:40.308974 2026] [php:error] [pid 71888] [client 19.145.120.181:0] script '/domains/fbardin/abcd.php' not found or unable to stat, referer: https://www.yahoo.com/
[Fri Jan 02 01:03:40.389309 2026] [php:error] [pid 71889] [client 40.83.96.65:0] script '/domains/system_default/class-t.api.php' not found or unable to stat
[Fri Jan 02 01:03:40.395299 2026] [php:error] [pid 71894] [client 193.58.71.38:0] script '/domains/machinadynamica/k.php' not found or unable to stat, referer: https://www.google.de/
[Fri Jan 02 01:03:40.501183 2026] [php:error] [pid 71888] [client 204.119.205.90:0] script '/domains/fbardin/about.php' not found or unable to stat, referer: https://www.google.fr/
[Fri Jan 02 01:03:40.573024 2026] [php:error] [pid 71894] [client 6.224.116.161:0] script '/domains/machinadynamica/xmlrpc.php' not found or unable to stat, referer: https://duckduckgo.com/
[Fri Jan 02 01:03:40.602020 2026] [php:error] [pid 71889] [client 40.83.96.65:0] script '/domains/system_default/zwso.php' not found or unable to stat
[Fri Jan 02 01:03:40.692709 2026] [php:error] [pid 71888] [client 23.100.5.139:0] script '/domains/fbardin/admin.php' not found or unable to stat, referer: https://www.google.co.uk/
[Fri Jan 02 01:03:40.736780 2026] [php:error] [pid 71894] [client 88.204.119.231:0] script '/domains/machinadynamica/xmrlpc.php' not found or unable to stat, referer: https://duckduckgo.com/
[Fri Jan 02 01:03:40.884345 2026] [php:error] [pid 71888] [client 6.234.200.231:0] script '/domains/fbardin/admin-header.php' not found or unable to stat, referer: https://www.bing.com/
[Fri Jan 02 01:03:40.900229 2026] [php:error] [pid 71894] [client 153.38.2.109:0] script '/domains/machinadynamica/wp.php' not found or unable to stat, referer: https://www.google.com/
[Fri Jan 02 01:03:41.028471 2026] [php:error] [pid 71889] [client 40.83.96.65:0] script '/domains/system_default/class19.php' not found or unable to stat
[Fri Jan 02 01:03:41.063819 2026] [php:error] [pid 71894] [client 103.77.16.189:0] script '/domains/machinadynamica/yas.php' not found or unable to stat, referer: https://duckduckgo.com/
[Fri Jan 02 01:03:41.075555 2026] [php:error] [pid 71888] [client 19.227.76.163:0] script '/domains/fbardin/adminfuns.php' not found or unable to stat, referer: https://www.google.co.uk/
[Fri Jan 02 01:03:41.228108 2026] [php:error] [pid 71894] [client 208.203.163.27:0] script '/domains/machinadynamica/simple.php' not found or unable to stat, referer: https://www.google.fr/
[Fri Jan 02 01:03:41.255308 2026] [php:error] [pid 71889] [client 40.83.96.65:0] script '/domains/system_default/class20.php' not found or unable to stat
[Fri Jan 02 01:03:41.274834 2026] [php:error] [pid 71888] [client 12.128.169.202:0] script '/domains/fbardin/ahax.php' not found or unable to stat, referer: https://www.google.com/
[Fri Jan 02 01:03:41.392958 2026] [php:error] [pid 71894] [client 100.145.46.64:0] script '/domains/machinadynamica/goods.php' not found or unable to stat, referer: https://www.yahoo.com/
[Fri Jan 02 01:03:41.466440 2026] [php:error] [pid 71888] [client 58.102.48.96:0] script '/domains/fbardin/akcc.php' not found or unable to stat, referer: https://www.bing.com/
[Fri Jan 02 01:03:41.467038 2026] [php:error] [pid 71889] [client 40.83.96.65:0] script '/domains/system_default/admin.php' not found or unable to stat
[Fri Jan 02 01:03:41.557898 2026] [php:error] [pid 71894] [client 7.128.29.194:0] script '/domains/machinadynamica/wp-good.php' not found or unable to stat, referer: https://www.google.fr/
[Fri Jan 02 01:03:41.658618 2026] [php:error] [pid 71888] [client 0.62.100.166:0] script '/domains/fbardin/alf.php' not found or unable to stat, referer: https://duckduckgo.com/
[Fri Jan 02 01:03:41.677288 2026] [php:error] [pid 71889] [client 40.83.96.65:0] script '/domains/system_default/randkeyword.php' not found or unable to stat
[Fri Jan 02 01:03:41.849790 2026] [php:error] [pid 71888] [client 216.135.31.131:0] script '/domains/fbardin/alfa.php' not found or unable to stat, referer: https://www.yahoo.com/
[Fri Jan 02 01:03:41.888670 2026] [php:error] [pid 71889] [client 40.83.96.65:0] script '/domains/system_default/fwe.php' not found or unable to stat
[Fri Jan 02 01:03:42.041329 2026] [php:error] [pid 71888] [client 15.121.113.19:0] script '/domains/fbardin/alfashell.php' not found or unable to stat, referer: https://www.yahoo.com/
[Fri Jan 02 01:03:42.232845 2026] [php:error] [pid 71888] [client 87.219.94.50:0] script '/domains/fbardin/api.php' not found or unable to stat, referer: https://www.yahoo.com/
[Fri Jan 02 01:03:42.309246 2026] [php:error] [pid 71889] [client 40.83.96.65:0] script '/domains/system_default/g.php' not found or unable to stat
[Fri Jan 02 01:03:42.424129 2026] [php:error] [pid 71888] [client 153.61.81.55:0] script '/domains/fbardin/app.php' not found or unable to stat, referer: https://www.bing.com/
[Fri Jan 02 01:03:42.521745 2026] [php:error] [pid 71889] [client 40.83.96.65:0] script '/domains/system_default/tx1.php' not found or unable to stat
[Fri Jan 02 01:03:42.616322 2026] [php:error] [pid 71888] [client 62.48.170.84:0] script '/domains/fbardin/as.php' not found or unable to stat, referer: https://www.google.co.uk/
[Fri Jan 02 01:03:42.732417 2026] [php:error] [pid 71889] [client 40.83.96.65:0] script '/domains/system_default/xv.php' not found or unable to stat
[Fri Jan 02 01:03:42.807517 2026] [php:error] [pid 71888] [client 215.174.190.224:0] script '/domains/fbardin/bolt.php' not found or unable to stat, referer: https://www.google.com/
[Fri Jan 02 01:03:42.943910 2026] [php:error] [pid 71889] [client 40.83.96.65:0] script '/domains/system_default/x56.php' not found or unable to stat
[Fri Jan 02 01:03:42.999977 2026] [php:error] [pid 71888] [client 1.127.199.58:0] script '/domains/fbardin/buy.php' not found or unable to stat, referer: https://duckduckgo.com/
[Fri Jan 02 01:03:43.154685 2026] [php:error] [pid 71889] [client 40.83.96.65:0] script '/domains/system_default/htaccess.php' not found or unable to stat
[Fri Jan 02 01:03:43.190847 2026] [php:error] [pid 71888] [client 75.140.216.227:0] script '/domains/fbardin/c.php' not found or unable to stat, referer: https://www.yahoo.com/
[Fri Jan 02 01:03:43.365105 2026] [php:error] [pid 71889] [client 40.83.96.65:0] script '/domains/system_default/readme.php' not found or unable to stat
[Fri Jan 02 01:03:43.383672 2026] [php:error] [pid 71888] [client 85.114.38.227:0] script '/domains/fbardin/cc.php' not found or unable to stat, referer: https://www.google.co.uk/
[Fri Jan 02 01:03:43.575102 2026] [php:error] [pid 71888] [client 13.157.8.176:0] script '/domains/fbardin/chosen.php' not found or unable to stat, referer: https://www.google.fr/
[Fri Jan 02 01:03:43.646743 2026] [php:error] [pid 71889] [client 40.83.96.65:0] script '/domains/system_default/x50.php' not found or unable to stat
[Fri Jan 02 01:03:43.773376 2026] [php:error] [pid 71888] [client 139.223.65.231:0] script '/domains/fbardin/classwithtostring.php' not found or unable to stat, referer: https://www.google.com/
[Fri Jan 02 01:03:43.857178 2026] [php:error] [pid 71889] [client 40.83.96.65:0] script '/domains/system_default/fv.php' not found or unable to stat
[Fri Jan 02 01:03:43.964374 2026] [php:error] [pid 71888] [client 146.224.149.172:0] script '/domains/fbardin/config.php' not found or unable to stat, referer: https://www.yahoo.com/
[Fri Jan 02 01:03:44.067552 2026] [php:error] [pid 71889] [client 40.83.96.65:0] script '/domains/system_default/file.php' not found or unable to stat
[Fri Jan 02 01:03:44.156016 2026] [php:error] [pid 71888] [client 137.221.237.246:0] script '/domains/fbardin/content.php' not found or unable to stat, referer: https://www.google.de/
[Fri Jan 02 01:03:44.281768 2026] [php:error] [pid 71889] [client 40.83.96.65:0] script '/domains/system_default/lsd.php' not found or unable to stat
[Fri Jan 02 01:03:44.348328 2026] [php:error] [pid 71888] [client 51.228.115.217:0] script '/domains/fbardin/dropdown.php' not found or unable to stat, referer: https://www.bing.com/
[Fri Jan 02 01:03:44.492252 2026] [php:error] [pid 71889] [client 40.83.96.65:0] script '/domains/system_default/as.php' not found or unable to stat
[Fri Jan 02 01:03:44.539577 2026] [php:error] [pid 71888] [client 61.184.204.126:0] script '/domains/fbardin/edit.php' not found or unable to stat, referer: https://www.google.de/
[Fri Jan 02 01:03:44.704878 2026] [php:error] [pid 71889] [client 40.83.96.65:0] script '/domains/system_default/wsd.php' not found or unable to stat
[Fri Jan 02 01:03:44.730621 2026] [php:error] [pid 71888] [client 235.81.218.211:0] script '/domains/fbardin/ee.php' not found or unable to stat, referer: https://www.google.de/
[Fri Jan 02 01:03:44.916401 2026] [php:error] [pid 71889] [client 40.83.96.65:0] script '/domains/system_default/gtc.php' not found or unable to stat
[Fri Jan 02 01:03:45.098382 2026] [php:error] [pid 71888] [client 170.0.62.195:0] script '/domains/fbardin/favicon.php' not found or unable to stat, referer: https://www.google.com/
[Fri Jan 02 01:03:45.128087 2026] [php:error] [pid 71889] [client 40.83.96.65:0] script '/domains/system_default/atx.php' not found or unable to stat
[Fri Jan 02 01:03:45.289423 2026] [php:error] [pid 71888] [client 139.85.184.118:0] script '/domains/fbardin/file.php' not found or unable to stat, referer: https://www.bing.com/
[Fri Jan 02 01:03:45.338781 2026] [php:error] [pid 71889] [client 40.83.96.65:0] script '/domains/system_default/z60.php' not found or unable to stat
[Fri Jan 02 01:03:45.480453 2026] [php:error] [pid 71888] [client 173.5.202.207:0] script '/domains/fbardin/fm.php' not found or unable to stat, referer: https://www.yahoo.com/
[Fri Jan 02 01:03:45.549977 2026] [php:error] [pid 71889] [client 40.83.96.65:0] script '/domains/system_default/403.php' not found or unable to stat
[Fri Jan 02 01:03:45.672361 2026] [php:error] [pid 71888] [client 48.237.194.34:0] script '/domains/fbardin/fx.php' not found or unable to stat, referer: https://www.google.co.uk/
[Fri Jan 02 01:03:45.760564 2026] [php:error] [pid 71889] [client 40.83.96.65:0] script '/domains/system_default/m.php' not found or unable to stat
[Fri Jan 02 01:03:45.863308 2026] [php:error] [pid 71888] [client 212.8.31.184:0] script '/domains/fbardin/gecko.php' not found or unable to stat, referer: https://duckduckgo.com/
[Fri Jan 02 01:03:45.974547 2026] [php:error] [pid 71889] [client 40.83.96.65:0] script '/domains/system_default/themes.php' not found or unable to stat
[Fri Jan 02 01:03:46.054214 2026] [php:error] [pid 71888] [client 79.110.50.95:0] script '/domains/fbardin/gecko-new.php' not found or unable to stat, referer: https://www.google.co.uk/
[Fri Jan 02 01:03:46.246671 2026] [php:error] [pid 71888] [client 188.27.88.196:0] script '/domains/fbardin/gel4y.php' not found or unable to stat, referer: https://www.bing.com/
[Fri Jan 02 01:03:46.468228 2026] [php:error] [pid 71888] [client 248.7.138.101:0] script '/domains/fbardin/gg.php' not found or unable to stat, referer: https://www.google.de/
[Fri Jan 02 01:03:46.646782 2026] [php:error] [pid 71889] [client 40.83.96.65:0] script '/domains/system_default/click.php' not found or unable to stat
[Fri Jan 02 01:03:46.659650 2026] [php:error] [pid 71888] [client 67.15.155.103:0] script '/domains/fbardin/goods.php' not found or unable to stat, referer: https://www.google.fr/
[Fri Jan 02 01:03:46.850945 2026] [php:error] [pid 71888] [client 198.68.80.219:0] script '/domains/fbardin/help.php' not found or unable to stat, referer: https://www.google.com/
[Fri Jan 02 01:03:46.857598 2026] [php:error] [pid 71889] [client 40.83.96.65:0] script '/domains/system_default/install.php' not found or unable to stat
[Fri Jan 02 01:03:47.042477 2026] [php:error] [pid 71888] [client 11.109.26.69:0] script '/domains/fbardin/i.php' not found or unable to stat, referer: https://www.google.co.uk/
[Fri Jan 02 01:03:47.067806 2026] [php:error] [pid 71889] [client 40.83.96.65:0] script '/domains/system_default/lv.php' not found or unable to stat
[Fri Jan 02 01:03:47.233843 2026] [php:error] [pid 71888] [client 235.12.4.68:0] script '/domains/fbardin/index.php' not found or unable to stat, referer: https://www.google.de/
[Fri Jan 02 01:03:47.285242 2026] [php:error] [pid 71889] [client 40.83.96.65:0] script '/domains/system_default/simple.php' not found or unable to stat
[Fri Jan 02 01:03:47.424990 2026] [php:error] [pid 71888] [client 250.109.41.144:0] script '/domains/fbardin/info.php' not found or unable to stat, referer: https://www.google.com/
[Fri Jan 02 01:03:47.495913 2026] [php:error] [pid 71889] [client 40.83.96.65:0] script '/domains/system_default/css.php' not found or unable to stat
[Fri Jan 02 01:03:47.616123 2026] [php:error] [pid 71888] [client 82.15.164.118:0] script '/domains/fbardin/ioxi-o.php' not found or unable to stat, referer: https://www.google.de/
[Fri Jan 02 01:03:47.714683 2026] [php:error] [pid 71889] [client 40.83.96.65:0] script '/domains/system_default/cong.php' not found or unable to stat
[Fri Jan 02 01:03:47.807224 2026] [php:error] [pid 71888] [client 226.122.235.229:0] script '/domains/fbardin/k.php' not found or unable to stat, referer: https://www.google.co.uk/
[Fri Jan 02 01:03:47.998935 2026] [php:error] [pid 71888] [client 128.231.183.185:0] script '/domains/fbardin/link.php' not found or unable to stat, referer: https://www.yahoo.com/
[Fri Jan 02 01:03:48.135515 2026] [php:error] [pid 71889] [client 40.83.96.65:0] script '/domains/system_default/cong.php' not found or unable to stat
[Fri Jan 02 01:03:48.190012 2026] [php:error] [pid 71888] [client 16.84.98.209:0] script '/domains/fbardin/man.php' not found or unable to stat, referer: https://www.google.com/
[Fri Jan 02 01:03:48.347376 2026] [php:error] [pid 71889] [client 40.83.96.65:0] script '/domains/system_default/w.php' not found or unable to stat
[Fri Jan 02 01:03:48.381215 2026] [php:error] [pid 71888] [client 102.33.20.181:0] script '/domains/fbardin/mini.php' not found or unable to stat, referer: https://www.yahoo.com/
[Fri Jan 02 01:03:48.558132 2026] [php:error] [pid 71889] [client 40.83.96.65:0] script '/domains/system_default/404.php' not found or unable to stat
[Fri Jan 02 01:03:48.572068 2026] [php:error] [pid 71888] [client 77.138.212.115:0] script '/domains/fbardin/new.php' not found or unable to stat, referer: https://www.google.fr/
[Fri Jan 02 01:03:48.772378 2026] [php:error] [pid 71889] [client 40.83.96.65:0] script '/domains/system_default/ioxi-o.php' not found or unable to stat
[Fri Jan 02 01:03:48.816710 2026] [php:error] [pid 71888] [client 220.126.90.52:0] script '/domains/fbardin/num.php' not found or unable to stat, referer: https://duckduckgo.com/
[Fri Jan 02 01:03:48.982728 2026] [php:error] [pid 71889] [client 40.83.96.65:0] script '/domains/system_default/0x.php' not found or unable to stat
[Fri Jan 02 01:03:49.007980 2026] [php:error] [pid 71888] [client 88.66.31.246:0] script '/domains/fbardin/root.php' not found or unable to stat, referer: https://www.bing.com/
[Fri Jan 02 01:03:49.192851 2026] [php:error] [pid 71889] [client 40.83.96.65:0] script '/domains/system_default/css.php' not found or unable to stat
[Fri Jan 02 01:03:49.199098 2026] [php:error] [pid 71888] [client 85.61.221.50:0] script '/domains/fbardin/shell.php' not found or unable to stat, referer: https://duckduckgo.com/
[Fri Jan 02 01:03:49.390131 2026] [php:error] [pid 71888] [client 110.200.14.219:0] script '/domains/fbardin/system.php' not found or unable to stat, referer: https://duckduckgo.com/
[Fri Jan 02 01:03:49.402941 2026] [php:error] [pid 71889] [client 40.83.96.65:0] script '/domains/system_default/222.php' not found or unable to stat
[Fri Jan 02 01:03:49.581337 2026] [php:error] [pid 71888] [client 183.80.173.145:0] script '/domains/fbardin/termps.php' not found or unable to stat, referer: https://duckduckgo.com/
[Fri Jan 02 01:03:49.772485 2026] [php:error] [pid 71888] [client 124.38.40.117:0] script '/domains/fbardin/test.php' not found or unable to stat, referer: https://www.yahoo.com/
[Fri Jan 02 01:03:49.824008 2026] [php:error] [pid 71889] [client 40.83.96.65:0] script '/domains/system_default/admin.php' not found or unable to stat
[Fri Jan 02 01:03:50.029573 2026] [php:error] [pid 71888] [client 186.105.178.87:0] script '/domains/fbardin/tiny.php' not found or unable to stat, referer: https://www.google.de/
[Fri Jan 02 01:03:50.221264 2026] [php:error] [pid 71888] [client 131.198.55.183:0] script '/domains/fbardin/user.php' not found or unable to stat, referer: https://www.google.com/
[Fri Jan 02 01:03:50.254425 2026] [php:error] [pid 71889] [client 40.83.96.65:0] script '/domains/system_default/classwithtostring.php' not found or unable to stat
[Fri Jan 02 01:03:50.412493 2026] [php:error] [pid 71888] [client 4.213.56.0:0] script '/domains/fbardin/vx.php' not found or unable to stat, referer: https://www.google.com/
[Fri Jan 02 01:03:50.487160 2026] [php:error] [pid 71889] [client 40.83.96.65:0] script '/domains/system_default/abcd.php' not found or unable to stat
[Fri Jan 02 01:03:50.603794 2026] [php:error] [pid 71888] [client 49.198.64.138:0] script '/domains/fbardin/wp-admin.php' not found or unable to stat, referer: https://www.google.co.uk/
[Fri Jan 02 01:03:50.697709 2026] [php:error] [pid 71889] [client 40.83.96.65:0] script '/domains/system_default/autoload_classmap.php' not found or unable to stat
[Fri Jan 02 01:03:50.795444 2026] [php:error] [pid 71888] [client 172.209.44.17:0] script '/domains/fbardin/wp-blog.php' not found or unable to stat, referer: https://www.bing.com/
[Fri Jan 02 01:03:50.917463 2026] [php:error] [pid 71889] [client 40.83.96.65:0] script '/domains/system_default/inputs.php' not found or unable to stat
[Fri Jan 02 01:03:50.986527 2026] [php:error] [pid 71888] [client 101.134.98.132:0] script '/domains/fbardin/wp-good.php' not found or unable to stat, referer: https://duckduckgo.com/
[Fri Jan 02 01:03:51.128059 2026] [php:error] [pid 71889] [client 40.83.96.65:0] script '/domains/system_default/about.php' not found or unable to stat
[Fri Jan 02 01:03:51.179007 2026] [php:error] [pid 71888] [client 175.163.226.16:0] script '/domains/fbardin/wp-include.php' not found or unable to stat, referer: https://www.yahoo.com/
[Fri Jan 02 01:03:51.338754 2026] [php:error] [pid 71889] [client 40.83.96.65:0] script '/domains/system_default/alfa.php' not found or unable to stat
[Fri Jan 02 01:03:51.371147 2026] [php:error] [pid 71888] [client 93.227.185.35:0] script '/domains/fbardin/wp-links.php' not found or unable to stat, referer: https://www.google.co.uk/
[Fri Jan 02 01:03:51.562417 2026] [php:error] [pid 71888] [client 28.36.62.143:0] script '/domains/fbardin/wp-signin.php' not found or unable to stat, referer: https://www.yahoo.com/
[Fri Jan 02 01:03:51.753675 2026] [php:error] [pid 71888] [client 235.44.145.235:0] script '/domains/fbardin/wp-trackback.php' not found or unable to stat, referer: https://duckduckgo.com/
[Fri Jan 02 01:03:51.945065 2026] [php:error] [pid 71888] [client 19.24.65.102:0] script '/domains/fbardin/wp.php' not found or unable to stat, referer: https://www.yahoo.com/
[Fri Jan 02 01:03:52.135845 2026] [php:error] [pid 71888] [client 143.105.50.54:0] script '/domains/fbardin/wso.php' not found or unable to stat, referer: https://www.google.com/
[Fri Jan 02 01:03:52.328530 2026] [php:error] [pid 71888] [client 36.180.215.47:0] script '/domains/fbardin/xmlrpc.php' not found or unable to stat, referer: https://www.google.com/
[Fri Jan 02 01:03:52.400265 2026] [php:error] [pid 71889] [client 40.83.96.65:0] script '/domains/system_default/manager.php' not found or unable to stat
[Fri Jan 02 01:03:52.519430 2026] [php:error] [pid 71888] [client 178.38.1.183:0] script '/domains/fbardin/xmrlpc.php' not found or unable to stat, referer: https://www.bing.com/
[Fri Jan 02 01:03:52.610964 2026] [php:error] [pid 71889] [client 40.83.96.65:0] script '/domains/system_default/item.php' not found or unable to stat
[Fri Jan 02 01:03:53.035363 2026] [php:error] [pid 71889] [client 40.83.96.65:0] script '/domains/system_default/404.php' not found or unable to stat
[Fri Jan 02 01:03:53.253172 2026] [php:error] [pid 71889] [client 40.83.96.65:0] script '/domains/system_default/mail.php' not found or unable to stat
[Fri Jan 02 01:03:53.674181 2026] [php:error] [pid 71889] [client 40.83.96.65:0] script '/domains/system_default/sx.php' not found or unable to stat
[Fri Jan 02 01:03:54.115457 2026] [php:error] [pid 71889] [client 40.83.96.65:0] script '/domains/system_default/alfa.php' not found or unable to stat
[Fri Jan 02 01:03:54.329762 2026] [php:error] [pid 71889] [client 40.83.96.65:0] script '/domains/system_default/1.php' not found or unable to stat
[Fri Jan 02 01:03:54.541025 2026] [php:error] [pid 71889] [client 40.83.96.65:0] script '/domains/system_default/byp.php' not found or unable to stat
[Fri Jan 02 01:03:54.752354 2026] [php:error] [pid 71889] [client 40.83.96.65:0] script '/domains/system_default/wp-trackback.php' not found or unable to stat
[Fri Jan 02 01:03:55.601238 2026] [php:error] [pid 71889] [client 40.83.96.65:0] script '/domains/system_default/gmo.php' not found or unable to stat
[Fri Jan 02 01:03:58.118601 2026] [php:error] [pid 71889] [client 40.83.96.65:0] script '/domains/system_default/ww1.php' not found or unable to stat
[Fri Jan 02 01:03:59.398474 2026] [php:error] [pid 71896] [client 40.83.96.65:0] script '/domains/system_default/security.php' not found or unable to stat
[Fri Jan 02 01:04:02.028200 2026] [php:error] [pid 71896] [client 40.83.96.65:0] script '/domains/system_default/class.php' not found or unable to stat
[Fri Jan 02 01:04:02.180769 2026] [php:error] [pid 71895] [client 53.200.158.25:0] script '/domains/homesbyaudrey1/0.php' not found or unable to stat, referer: https://www.google.de/
[Fri Jan 02 01:04:02.238475 2026] [php:error] [pid 71896] [client 40.83.96.65:0] script '/domains/system_default/bless5.php' not found or unable to stat
[Fri Jan 02 01:04:02.381984 2026] [php:error] [pid 71895] [client 163.193.211.185:0] script '/domains/homesbyaudrey1/1.php' not found or unable to stat, referer: https://www.yahoo.com/
[Fri Jan 02 01:04:02.583138 2026] [php:error] [pid 71895] [client 20.73.180.254:0] script '/domains/homesbyaudrey1/2.php' not found or unable to stat, referer: https://www.google.co.uk/
[Fri Jan 02 01:04:02.784168 2026] [php:error] [pid 71895] [client 170.21.32.66:0] script '/domains/homesbyaudrey1/12.php' not found or unable to stat, referer: https://www.google.com/
[Fri Jan 02 01:04:02.870340 2026] [php:error] [pid 71896] [client 40.83.96.65:0] script '/domains/system_default/lock360.php' not found or unable to stat
[Fri Jan 02 01:04:02.986159 2026] [php:error] [pid 71895] [client 168.120.175.24:0] script '/domains/homesbyaudrey1/13.php' not found or unable to stat, referer: https://www.google.fr/
[Fri Jan 02 01:04:03.110712 2026] [php:error] [pid 71896] [client 40.83.96.65:0] script '/domains/system_default/f35.php' not found or unable to stat
[Fri Jan 02 01:04:03.187189 2026] [php:error] [pid 71895] [client 150.19.186.121:0] script '/domains/homesbyaudrey1/403.php' not found or unable to stat, referer: https://www.yahoo.com/
[Fri Jan 02 01:04:03.321345 2026] [php:error] [pid 71896] [client 40.83.96.65:0] script '/domains/system_default/ioxi-o1.php' not found or unable to stat
[Fri Jan 02 01:04:03.388375 2026] [php:error] [pid 71895] [client 157.74.98.85:0] script '/domains/homesbyaudrey1/404.php' not found or unable to stat, referer: https://duckduckgo.com/
[Fri Jan 02 01:04:03.532023 2026] [php:error] [pid 71896] [client 40.83.96.65:0] script '/domains/system_default/juuuu.php' not found or unable to stat
[Fri Jan 02 01:04:03.589287 2026] [php:error] [pid 71895] [client 0.18.147.253:0] script '/domains/homesbyaudrey1/a.php' not found or unable to stat, referer: https://www.google.co.uk/
[Fri Jan 02 01:04:03.742233 2026] [php:error] [pid 71896] [client 40.83.96.65:0] script '/domains/system_default/ha.php' not found or unable to stat
[Fri Jan 02 01:04:03.790983 2026] [php:error] [pid 71895] [client 73.162.161.95:0] script '/domains/homesbyaudrey1/aa.php' not found or unable to stat, referer: https://duckduckgo.com/
[Fri Jan 02 01:04:03.952880 2026] [php:error] [pid 71896] [client 40.83.96.65:0] script '/domains/system_default/gg.php' not found or unable to stat
[Fri Jan 02 01:04:03.991865 2026] [php:error] [pid 71895] [client 176.138.34.114:0] script '/domains/homesbyaudrey1/abcd.php' not found or unable to stat, referer: https://www.google.co.uk/
[Fri Jan 02 01:04:04.163517 2026] [php:error] [pid 71896] [client 40.83.96.65:0] script '/domains/system_default/we2.php' not found or unable to stat
[Fri Jan 02 01:04:04.199194 2026] [php:error] [pid 71895] [client 13.135.124.22:0] script '/domains/homesbyaudrey1/about.php' not found or unable to stat, referer: https://www.google.com/
[Fri Jan 02 01:04:04.376235 2026] [php:error] [pid 71896] [client 40.83.96.65:0] script '/domains/system_default/04.php' not found or unable to stat
[Fri Jan 02 01:04:04.400215 2026] [php:error] [pid 71895] [client 41.4.252.205:0] script '/domains/homesbyaudrey1/admin.php' not found or unable to stat, referer: https://www.google.fr/
[Fri Jan 02 01:04:04.603694 2026] [php:error] [pid 71895] [client 4.197.176.207:0] script '/domains/homesbyaudrey1/admin-header.php' not found or unable to stat, referer: https://www.bing.com/
[Fri Jan 02 01:04:04.603701 2026] [php:error] [pid 71896] [client 40.83.96.65:0] script '/domains/system_default/333.php' not found or unable to stat
[Fri Jan 02 01:04:04.804865 2026] [php:error] [pid 71895] [client 153.241.190.67:0] script '/domains/homesbyaudrey1/adminfuns.php' not found or unable to stat, referer: https://www.bing.com/
[Fri Jan 02 01:04:04.814137 2026] [php:error] [pid 71896] [client 40.83.96.65:0] script '/domains/system_default/520.php' not found or unable to stat
[Fri Jan 02 01:04:05.006399 2026] [php:error] [pid 71895] [client 240.175.148.254:0] script '/domains/homesbyaudrey1/ahax.php' not found or unable to stat, referer: https://www.bing.com/
[Fri Jan 02 01:04:05.024698 2026] [php:error] [pid 71896] [client 40.83.96.65:0] script '/domains/system_default/ar.php' not found or unable to stat
[Fri Jan 02 01:04:05.207495 2026] [php:error] [pid 71895] [client 15.87.53.49:0] script '/domains/homesbyaudrey1/akcc.php' not found or unable to stat, referer: https://www.google.com/
[Fri Jan 02 01:04:05.235119 2026] [php:error] [pid 71896] [client 40.83.96.65:0] script '/domains/system_default/x.php' not found or unable to stat
[Fri Jan 02 01:04:05.409912 2026] [php:error] [pid 71895] [client 72.85.82.103:0] script '/domains/homesbyaudrey1/alf.php' not found or unable to stat, referer: https://www.bing.com/
[Fri Jan 02 01:04:05.445609 2026] [php:error] [pid 71896] [client 40.83.96.65:0] script '/domains/system_default/xx.php' not found or unable to stat
[Fri Jan 02 01:04:05.612355 2026] [php:error] [pid 71895] [client 15.205.156.182:0] script '/domains/homesbyaudrey1/alfa.php' not found or unable to stat, referer: https://www.google.fr/
[Fri Jan 02 01:04:05.656728 2026] [php:error] [pid 71896] [client 40.83.96.65:0] script '/domains/system_default/gifclass4.php' not found or unable to stat
[Fri Jan 02 01:04:05.813209 2026] [php:error] [pid 71895] [client 254.221.191.159:0] script '/domains/homesbyaudrey1/alfashell.php' not found or unable to stat, referer: https://duckduckgo.com/
[Fri Jan 02 01:04:05.867408 2026] [php:error] [pid 71896] [client 40.83.96.65:0] script '/domains/system_default/2clas.php' not found or unable to stat
[Fri Jan 02 01:04:06.014122 2026] [php:error] [pid 71895] [client 56.8.77.149:0] script '/domains/homesbyaudrey1/api.php' not found or unable to stat, referer: https://www.yahoo.com/
[Fri Jan 02 01:04:06.077722 2026] [php:error] [pid 71896] [client 40.83.96.65:0] script '/domains/system_default/ave.php' not found or unable to stat
[Fri Jan 02 01:04:06.216105 2026] [php:error] [pid 71895] [client 211.225.98.237:0] script '/domains/homesbyaudrey1/app.php' not found or unable to stat, referer: https://www.google.de/
[Fri Jan 02 01:04:06.295738 2026] [php:error] [pid 71896] [client 40.83.96.65:0] script '/domains/system_default/wrt.php' not found or unable to stat
[Fri Jan 02 01:04:06.421155 2026] [php:error] [pid 71895] [client 2.133.128.119:0] script '/domains/homesbyaudrey1/as.php' not found or unable to stat, referer: https://www.google.de/
[Fri Jan 02 01:04:06.524020 2026] [php:error] [pid 71896] [client 40.83.96.65:0] script '/domains/system_default/bibil.php' not found or unable to stat
[Fri Jan 02 01:04:06.622144 2026] [php:error] [pid 71895] [client 63.230.24.108:0] script '/domains/homesbyaudrey1/bolt.php' not found or unable to stat, referer: https://www.google.com/
[Fri Jan 02 01:04:06.735884 2026] [php:error] [pid 71896] [client 40.83.96.65:0] script '/domains/system_default/radio.php' not found or unable to stat
[Fri Jan 02 01:04:06.823310 2026] [php:error] [pid 71895] [client 196.92.139.187:0] script '/domains/homesbyaudrey1/buy.php' not found or unable to stat, referer: https://duckduckgo.com/
[Fri Jan 02 01:04:06.946291 2026] [php:error] [pid 71896] [client 40.83.96.65:0] script '/domains/system_default/files.php' not found or unable to stat
[Fri Jan 02 01:04:07.025234 2026] [php:error] [pid 71895] [client 198.239.185.160:0] script '/domains/homesbyaudrey1/c.php' not found or unable to stat, referer: https://www.bing.com/
[Fri Jan 02 01:04:07.158660 2026] [php:error] [pid 71896] [client 40.83.96.65:0] script '/domains/system_default/file7.php' not found or unable to stat
[Fri Jan 02 01:04:07.235519 2026] [php:error] [pid 71895] [client 63.212.21.125:0] script '/domains/homesbyaudrey1/cc.php' not found or unable to stat, referer: https://www.google.fr/
[Fri Jan 02 01:04:07.369293 2026] [php:error] [pid 71896] [client 40.83.96.65:0] script '/domains/system_default/gifclass.php' not found or unable to stat
[Fri Jan 02 01:04:07.436484 2026] [php:error] [pid 71895] [client 117.101.169.15:0] script '/domains/homesbyaudrey1/chosen.php' not found or unable to stat, referer: https://duckduckgo.com/
[Fri Jan 02 01:04:07.637454 2026] [php:error] [pid 71895] [client 167.50.115.180:0] script '/domains/homesbyaudrey1/classwithtostring.php' not found or unable to stat, referer: https://www.bing.com/
[Fri Jan 02 01:04:07.791416 2026] [php:error] [pid 71896] [client 40.83.96.65:0] script '/domains/system_default/nox.php' not found or unable to stat
[Fri Jan 02 01:04:07.838859 2026] [php:error] [pid 71895] [client 110.45.120.143:0] script '/domains/homesbyaudrey1/config.php' not found or unable to stat, referer: https://www.google.de/
[Fri Jan 02 01:04:08.040206 2026] [php:error] [pid 71895] [client 217.188.238.71:0] script '/domains/homesbyaudrey1/content.php' not found or unable to stat, referer: https://www.google.fr/
[Fri Jan 02 01:04:08.081541 2026] [php:error] [pid 71896] [client 40.83.96.65:0] script '/domains/system_default/file48.php' not found or unable to stat
[Fri Jan 02 01:04:08.264015 2026] [php:error] [pid 71895] [client 169.92.24.49:0] script '/domains/homesbyaudrey1/dropdown.php' not found or unable to stat, referer: https://www.google.co.uk/
[Fri Jan 02 01:04:08.297315 2026] [php:error] [pid 71896] [client 40.83.96.65:0] script '/domains/system_default/info.php' not found or unable to stat
[Fri Jan 02 01:04:08.465014 2026] [php:error] [pid 71895] [client 4.197.176.207:0] script '/domains/homesbyaudrey1/edit.php' not found or unable to stat, referer: https://www.yahoo.com/
[Fri Jan 02 01:04:08.530689 2026] [php:error] [pid 71896] [client 40.83.96.65:0] script '/domains/system_default/class9.php' not found or unable to stat
[Fri Jan 02 01:04:08.668428 2026] [php:error] [pid 71895] [client 153.81.252.245:0] script '/domains/homesbyaudrey1/ee.php' not found or unable to stat, referer: https://duckduckgo.com/
[Fri Jan 02 01:04:08.745872 2026] [php:error] [pid 71896] [client 40.83.96.65:0] script '/domains/system_default/la.php' not found or unable to stat
