[Fri Jan 02 02:02:24.172907 2026] [php:error] [pid 83830] [client 233.204.72.113:0] script '/domains/conceptlabs1/server.php' not found or unable to stat, referer: https://www.google.de/
[Fri Jan 02 02:02:24.364211 2026] [php:error] [pid 83830] [client 81.143.180.20:0] script '/domains/conceptlabs1/asasx.php' not found or unable to stat, referer: https://www.google.co.uk/
[Fri Jan 02 02:02:24.747205 2026] [php:error] [pid 83830] [client 145.254.40.67:0] script '/domains/conceptlabs1/bolt.php' not found or unable to stat, referer: https://www.bing.com/
[Fri Jan 02 02:02:25.320885 2026] [php:error] [pid 83830] [client 20.187.192.75:0] script '/domains/conceptlabs1/buy.php' not found or unable to stat, referer: https://www.google.de/
[Fri Jan 02 02:02:25.702912 2026] [php:error] [pid 83830] [client 210.236.74.216:0] script '/domains/conceptlabs1/fx.php' not found or unable to stat, referer: https://www.google.de/
[Fri Jan 02 02:02:36.517932 2026] [php:error] [pid 83830] [client 35.247.243.245:0] script '/domains/machinadynamica/adminer-5.0.1-en.php' not found or unable to stat
[Fri Jan 02 02:02:36.832853 2026] [php:error] [pid 83833] [client 34.96.162.63:0] script '/domains/machinadynamica/adminer-5.0.3.php' not found or unable to stat
[Fri Jan 02 02:02:38.588471 2026] [php:error] [pid 83833] [client 20.184.35.52:0] script '/domains/ltemple/info.php' not found or unable to stat, referer: https://www.google.de/
[Fri Jan 02 02:02:38.813087 2026] [php:error] [pid 83833] [client 38.117.74.102:0] script '/domains/ltemple/about.php' not found or unable to stat, referer: https://www.google.fr/
[Fri Jan 02 02:02:39.037753 2026] [php:error] [pid 83833] [client 142.109.145.183:0] script '/domains/ltemple/admin.php' not found or unable to stat, referer: https://www.google.fr/
[Fri Jan 02 02:02:39.262418 2026] [php:error] [pid 83833] [client 122.131.73.186:0] script '/domains/ltemple/edit.php' not found or unable to stat, referer: https://www.yahoo.com/
[Fri Jan 02 02:02:39.487015 2026] [php:error] [pid 83833] [client 80.49.3.247:0] script '/domains/ltemple/ahax.php' not found or unable to stat, referer: https://www.google.fr/
[Fri Jan 02 02:02:39.711900 2026] [php:error] [pid 83833] [client 148.70.146.168:0] script '/domains/ltemple/ioxi-o.php' not found or unable to stat, referer: https://www.bing.com/
[Fri Jan 02 02:02:39.939062 2026] [php:error] [pid 83833] [client 48.2.58.83:0] script '/domains/ltemple/bless.php' not found or unable to stat, referer: https://www.google.de/
[Fri Jan 02 02:02:40.163523 2026] [php:error] [pid 83833] [client 174.245.75.7:0] script '/domains/ltemple/bolt.php' not found or unable to stat, referer: https://www.yahoo.com/
[Fri Jan 02 02:02:40.388141 2026] [php:error] [pid 83833] [client 169.219.123.40:0] script '/domains/ltemple/adminfuns.php' not found or unable to stat, referer: https://www.google.fr/
[Fri Jan 02 02:02:40.613582 2026] [php:error] [pid 83833] [client 170.42.127.101:0] script '/domains/ltemple/classwithtostring.php' not found or unable to stat, referer: https://www.google.de/
[Fri Jan 02 02:02:40.838255 2026] [php:error] [pid 83833] [client 49.239.140.116:0] script '/domains/ltemple/file.php' not found or unable to stat, referer: https://www.google.fr/
[Fri Jan 02 02:02:41.063280 2026] [php:error] [pid 83833] [client 14.28.191.75:0] script '/domains/ltemple/abcd.php' not found or unable to stat, referer: https://www.yahoo.com/
[Fri Jan 02 02:02:41.077291 2026] [php:error] [pid 83829] [client 35.247.243.248:0] script '/domains/machinadynamica/Adminer.php' not found or unable to stat
[Fri Jan 02 02:02:41.288095 2026] [php:error] [pid 83833] [client 117.241.56.106:0] script '/domains/ltemple/akcc.php' not found or unable to stat, referer: https://www.google.co.uk/
[Fri Jan 02 02:02:41.512648 2026] [php:error] [pid 83833] [client 209.243.79.227:0] script '/domains/ltemple/k.php' not found or unable to stat, referer: https://www.bing.com/
[Fri Jan 02 02:02:41.738716 2026] [php:error] [pid 83833] [client 232.163.89.70:0] script '/domains/ltemple/xmlrpc.php' not found or unable to stat, referer: https://www.yahoo.com/
[Fri Jan 02 02:02:41.964753 2026] [php:error] [pid 83833] [client 186.193.164.242:0] script '/domains/ltemple/xmrlpc.php' not found or unable to stat, referer: https://www.google.com/
[Fri Jan 02 02:02:42.189502 2026] [php:error] [pid 83833] [client 148.64.61.81:0] script '/domains/ltemple/wp.php' not found or unable to stat, referer: https://www.bing.com/
[Fri Jan 02 02:02:42.414287 2026] [php:error] [pid 83833] [client 180.161.251.108:0] script '/domains/ltemple/yas.php' not found or unable to stat, referer: https://www.google.co.uk/
[Fri Jan 02 02:02:42.638995 2026] [php:error] [pid 83833] [client 202.215.96.230:0] script '/domains/ltemple/simple.php' not found or unable to stat, referer: https://www.yahoo.com/
[Fri Jan 02 02:02:42.863747 2026] [php:error] [pid 83833] [client 246.82.8.15:0] script '/domains/ltemple/goods.php' not found or unable to stat, referer: https://www.yahoo.com/
[Fri Jan 02 02:02:43.088515 2026] [php:error] [pid 83833] [client 29.239.90.39:0] script '/domains/ltemple/wp-good.php' not found or unable to stat, referer: https://www.google.com/
[Fri Jan 02 02:02:43.282624 2026] [php:error] [pid 83830] [client 252.24.188.235:0] script '/domains/system_suspended/adminfuns.php' not found or unable to stat, referer: https://www.google.com/
[Fri Jan 02 02:02:45.337709 2026] [php:error] [pid 83830] [client 231.8.211.73:0] script '/domains/system_suspended/index.php' not found or unable to stat, referer: https://duckduckgo.com/
[Fri Jan 02 02:02:50.853135 2026] [php:error] [pid 83840] [client 34.96.162.59:0] script '/domains/fryer/adminer-5.0.0-en.php' not found or unable to stat
[Fri Jan 02 02:03:12.193200 2026] [php:error] [pid 83846] [client 35.247.243.248:0] script '/domains/machinadynamica/adminer-5.1.0.php' not found or unable to stat
[Fri Jan 02 02:03:19.679700 2026] [php:error] [pid 83840] [client 225.31.136.74:0] script '/domains/system_default/fw.php' not found or unable to stat, referer: https://www.google.com/
[Fri Jan 02 02:03:19.868640 2026] [php:error] [pid 83840] [client 163.48.48.237:0] script '/domains/system_default/gelay.php' not found or unable to stat, referer: https://duckduckgo.com/
[Fri Jan 02 02:03:20.057513 2026] [php:error] [pid 83840] [client 241.249.99.34:0] script '/domains/system_default/goat.php' not found or unable to stat, referer: https://www.google.de/
[Fri Jan 02 02:03:20.247260 2026] [php:error] [pid 83840] [client 84.9.83.190:0] script '/domains/system_default/god4m.php' not found or unable to stat, referer: https://www.google.de/
[Fri Jan 02 02:03:20.436043 2026] [php:error] [pid 83840] [client 146.227.89.52:0] script '/domains/system_default/adminfuns.php' not found or unable to stat, referer: https://duckduckgo.com/
[Fri Jan 02 02:03:20.625022 2026] [php:error] [pid 83840] [client 38.239.222.235:0] script '/domains/system_default/goods.php' not found or unable to stat, referer: https://www.google.de/
[Fri Jan 02 02:03:21.569061 2026] [php:error] [pid 83840] [client 109.22.246.10:0] script '/domains/system_default/index2.php' not found or unable to stat, referer: https://www.google.com/
[Fri Jan 02 02:03:21.758949 2026] [php:error] [pid 83840] [client 24.235.173.147:0] script '/domains/system_default/install.php' not found or unable to stat, referer: https://www.bing.com/
[Fri Jan 02 02:03:21.948499 2026] [php:error] [pid 83840] [client 4.213.160.187:0] script '/domains/system_default/lock360.php' not found or unable to stat, referer: https://www.google.com/
[Fri Jan 02 02:03:22.137148 2026] [php:error] [pid 83840] [client 120.71.104.204:0] script '/domains/system_default/networks.php' not found or unable to stat, referer: https://www.google.de/
[Fri Jan 02 02:03:22.326076 2026] [php:error] [pid 83840] [client 88.253.164.226:0] script '/domains/system_default/log.php' not found or unable to stat, referer: https://duckduckgo.com/
[Fri Jan 02 02:03:22.515461 2026] [php:error] [pid 83840] [client 254.82.136.104:0] script '/domains/system_default/luuf.php' not found or unable to stat, referer: https://www.google.com/
[Fri Jan 02 02:03:22.705014 2026] [php:error] [pid 83840] [client 179.246.58.250:0] script '/domains/system_default/makeasmtp.php' not found or unable to stat, referer: https://www.google.co.uk/
[Fri Jan 02 02:03:22.894617 2026] [php:error] [pid 83840] [client 87.25.200.16:0] script '/domains/system_default/mari.php' not found or unable to stat, referer: https://www.bing.com/
[Fri Jan 02 02:03:23.083553 2026] [php:error] [pid 83840] [client 209.187.75.12:0] script '/domains/system_default/mm.php' not found or unable to stat, referer: https://duckduckgo.com/
[Fri Jan 02 02:03:23.272461 2026] [php:error] [pid 83840] [client 15.193.230.206:0] script '/domains/system_default/moon.php' not found or unable to stat, referer: https://www.google.co.uk/
[Fri Jan 02 02:03:23.461380 2026] [php:error] [pid 83840] [client 33.198.216.208:0] script '/domains/system_default/nc4.php' not found or unable to stat, referer: https://duckduckgo.com/
[Fri Jan 02 02:03:23.650247 2026] [php:error] [pid 83840] [client 6.28.159.31:0] script '/domains/system_default/new.php' not found or unable to stat, referer: https://duckduckgo.com/
[Fri Jan 02 02:03:23.839412 2026] [php:error] [pid 83840] [client 252.18.205.59:0] script '/domains/system_default/wp-good.php' not found or unable to stat, referer: https://www.bing.com/
[Fri Jan 02 02:03:24.028744 2026] [php:error] [pid 83840] [client 50.18.151.121:0] script '/domains/system_default/h.php' not found or unable to stat, referer: https://www.google.de/
[Fri Jan 02 02:03:24.218308 2026] [php:error] [pid 83840] [client 240.174.250.58:0] script '/domains/system_default/tmp.php' not found or unable to stat, referer: https://www.yahoo.com/
[Fri Jan 02 02:03:25.313190 2026] [php:error] [pid 83833] [client 145.239.10.137:0] script '/domains/system_suspended/byy.php' not found or unable to stat, referer: http://dcss.org/byy.php
[Fri Jan 02 02:03:25.313291 2026] [php:error] [pid 83829] [client 145.239.10.137:0] script '/domains/system_suspended/shine.php' not found or unable to stat, referer: http://dcss.org/shine.php
[Fri Jan 02 02:03:27.053888 2026] [php:error] [pid 83840] [client 138.172.22.19:0] script '/domains/system_default/www.php' not found or unable to stat, referer: https://www.google.de/
[Fri Jan 02 02:03:27.433239 2026] [php:error] [pid 83840] [client 181.180.18.31:0] script '/domains/system_default/d.php' not found or unable to stat, referer: https://duckduckgo.com/
[Fri Jan 02 02:03:27.622145 2026] [php:error] [pid 83840] [client 130.207.240.188:0] script '/domains/system_default/head.php' not found or unable to stat, referer: https://www.google.de/
[Fri Jan 02 02:03:27.811317 2026] [php:error] [pid 83840] [client 128.194.220.153:0] script '/domains/system_default/phpinfo.php' not found or unable to stat, referer: https://www.yahoo.com/
[Fri Jan 02 02:03:28.000587 2026] [php:error] [pid 83840] [client 210.106.186.72:0] script '/domains/system_default/sa.php' not found or unable to stat, referer: https://www.yahoo.com/
[Fri Jan 02 02:03:28.189512 2026] [php:error] [pid 83840] [client 71.214.75.213:0] script '/domains/system_default/sx.php' not found or unable to stat, referer: https://duckduckgo.com/
[Fri Jan 02 02:03:28.378319 2026] [php:error] [pid 83840] [client 17.91.23.213:0] script '/domains/system_default/uploaded_script.php' not found or unable to stat, referer: https://www.google.de/
[Fri Jan 02 02:03:44.731661 2026] [php:error] [pid 83855] [client 35.247.243.247:0] script '/domains/fryer/adminer-5.4.0.php' not found or unable to stat
[Fri Jan 02 02:03:47.358388 2026] [php:error] [pid 83856] [client 35.247.243.251:0] script '/domains/fryer/adminer-5.0.2.php' not found or unable to stat
[Fri Jan 02 02:03:55.372605 2026] [php:error] [pid 83841] [client 34.96.162.53:0] script '/domains/fryer/unzipper.php' not found or unable to stat
[Fri Jan 02 02:03:55.625491 2026] [php:error] [pid 83844] [client 4.213.56.118:0] script '/domains/proinc/class-t.api.php' not found or unable to stat
[Fri Jan 02 02:03:55.815362 2026] [php:error] [pid 83844] [client 4.213.56.118:0] script '/domains/proinc/zwso.php' not found or unable to stat
[Fri Jan 02 02:03:56.435943 2026] [php:error] [pid 83844] [client 4.213.56.118:0] script '/domains/proinc/class19.php' not found or unable to stat
[Fri Jan 02 02:03:56.625936 2026] [php:error] [pid 83844] [client 4.213.56.118:0] script '/domains/proinc/class20.php' not found or unable to stat
[Fri Jan 02 02:03:56.827430 2026] [php:error] [pid 83844] [client 4.213.56.118:0] script '/domains/proinc/admin.php' not found or unable to stat
[Fri Jan 02 02:03:57.279893 2026] [php:error] [pid 83844] [client 4.213.56.118:0] script '/domains/proinc/randkeyword.php' not found or unable to stat
[Fri Jan 02 02:03:57.470115 2026] [php:error] [pid 83844] [client 4.213.56.118:0] script '/domains/proinc/fwe.php' not found or unable to stat
[Fri Jan 02 02:03:58.046968 2026] [php:error] [pid 83844] [client 4.213.56.118:0] script '/domains/proinc/g.php' not found or unable to stat
[Fri Jan 02 02:03:58.237409 2026] [php:error] [pid 83844] [client 4.213.56.118:0] script '/domains/proinc/tx1.php' not found or unable to stat
[Fri Jan 02 02:03:58.427335 2026] [php:error] [pid 83844] [client 4.213.56.118:0] script '/domains/proinc/xv.php' not found or unable to stat
[Fri Jan 02 02:03:58.743976 2026] [php:error] [pid 83844] [client 4.213.56.118:0] script '/domains/proinc/x56.php' not found or unable to stat
[Fri Jan 02 02:03:58.933976 2026] [php:error] [pid 83844] [client 4.213.56.118:0] script '/domains/proinc/htaccess.php' not found or unable to stat
[Fri Jan 02 02:03:59.885714 2026] [php:error] [pid 83844] [client 4.213.56.118:0] script '/domains/proinc/readme.php' not found or unable to stat
[Fri Jan 02 02:04:00.089139 2026] [php:error] [pid 83844] [client 4.213.56.118:0] script '/domains/proinc/x50.php' not found or unable to stat
[Fri Jan 02 02:04:00.281136 2026] [php:error] [pid 83844] [client 4.213.56.118:0] script '/domains/proinc/fv.php' not found or unable to stat
[Fri Jan 02 02:04:00.471088 2026] [php:error] [pid 83844] [client 4.213.56.118:0] script '/domains/proinc/file.php' not found or unable to stat
[Fri Jan 02 02:04:00.668627 2026] [php:error] [pid 83844] [client 4.213.56.118:0] script '/domains/proinc/lsd.php' not found or unable to stat
[Fri Jan 02 02:04:00.858655 2026] [php:error] [pid 83844] [client 4.213.56.118:0] script '/domains/proinc/as.php' not found or unable to stat
[Fri Jan 02 02:04:01.074282 2026] [php:error] [pid 83844] [client 4.213.56.118:0] script '/domains/proinc/wsd.php' not found or unable to stat
[Fri Jan 02 02:04:01.264535 2026] [php:error] [pid 83844] [client 4.213.56.118:0] script '/domains/proinc/gtc.php' not found or unable to stat
[Fri Jan 02 02:04:01.283382 2026] [php:error] [pid 83853] [client 34.96.162.60:0] script '/domains/fryer/adminer-5.2.0.php' not found or unable to stat
[Fri Jan 02 02:04:01.457444 2026] [php:error] [pid 83844] [client 4.213.56.118:0] script '/domains/proinc/atx.php' not found or unable to stat
[Fri Jan 02 02:04:01.647135 2026] [php:error] [pid 83844] [client 4.213.56.118:0] script '/domains/proinc/z60.php' not found or unable to stat
[Fri Jan 02 02:04:01.836622 2026] [php:error] [pid 83844] [client 4.213.56.118:0] script '/domains/proinc/403.php' not found or unable to stat
[Fri Jan 02 02:04:02.026646 2026] [php:error] [pid 83844] [client 4.213.56.118:0] script '/domains/proinc/m.php' not found or unable to stat
[Fri Jan 02 02:04:02.218155 2026] [php:error] [pid 83844] [client 4.213.56.118:0] script '/domains/proinc/themes.php' not found or unable to stat
[Fri Jan 02 02:04:02.969276 2026] [php:error] [pid 83844] [client 4.213.56.118:0] script '/domains/proinc/click.php' not found or unable to stat
[Fri Jan 02 02:04:03.169849 2026] [php:error] [pid 83844] [client 4.213.56.118:0] script '/domains/proinc/install.php' not found or unable to stat
[Fri Jan 02 02:04:03.359829 2026] [php:error] [pid 83844] [client 4.213.56.118:0] script '/domains/proinc/lv.php' not found or unable to stat
[Fri Jan 02 02:04:03.549716 2026] [php:error] [pid 83844] [client 4.213.56.118:0] script '/domains/proinc/simple.php' not found or unable to stat
[Fri Jan 02 02:04:03.740051 2026] [php:error] [pid 83844] [client 4.213.56.118:0] script '/domains/proinc/css.php' not found or unable to stat
[Fri Jan 02 02:04:03.929759 2026] [php:error] [pid 83844] [client 4.213.56.118:0] script '/domains/proinc/cong.php' not found or unable to stat
[Fri Jan 02 02:04:04.310887 2026] [php:error] [pid 83844] [client 4.213.56.118:0] script '/domains/proinc/cong.php' not found or unable to stat
[Fri Jan 02 02:04:04.500931 2026] [php:error] [pid 83844] [client 4.213.56.118:0] script '/domains/proinc/w.php' not found or unable to stat
[Fri Jan 02 02:04:04.690657 2026] [php:error] [pid 83844] [client 4.213.56.118:0] script '/domains/proinc/404.php' not found or unable to stat
[Fri Jan 02 02:04:04.880687 2026] [php:error] [pid 83844] [client 4.213.56.118:0] script '/domains/proinc/ioxi-o.php' not found or unable to stat
[Fri Jan 02 02:04:05.084581 2026] [php:error] [pid 83844] [client 4.213.56.118:0] script '/domains/proinc/0x.php' not found or unable to stat
[Fri Jan 02 02:04:05.274525 2026] [php:error] [pid 83844] [client 4.213.56.118:0] script '/domains/proinc/css.php' not found or unable to stat
[Fri Jan 02 02:04:05.464441 2026] [php:error] [pid 83844] [client 4.213.56.118:0] script '/domains/proinc/222.php' not found or unable to stat
[Fri Jan 02 02:04:05.843081 2026] [php:error] [pid 83844] [client 4.213.56.118:0] script '/domains/proinc/admin.php' not found or unable to stat
[Fri Jan 02 02:04:06.229670 2026] [php:error] [pid 83844] [client 4.213.56.118:0] script '/domains/proinc/classwithtostring.php' not found or unable to stat
[Fri Jan 02 02:04:06.422452 2026] [php:error] [pid 83844] [client 4.213.56.118:0] script '/domains/proinc/abcd.php' not found or unable to stat
[Fri Jan 02 02:04:06.730857 2026] [php:error] [pid 83844] [client 4.213.56.118:0] script '/domains/proinc/autoload_classmap.php' not found or unable to stat
[Fri Jan 02 02:04:06.920491 2026] [php:error] [pid 83844] [client 4.213.56.118:0] script '/domains/proinc/inputs.php' not found or unable to stat
[Fri Jan 02 02:04:07.159241 2026] [php:error] [pid 83844] [client 4.213.56.118:0] script '/domains/proinc/about.php' not found or unable to stat
[Fri Jan 02 02:04:07.389514 2026] [php:error] [pid 83844] [client 4.213.56.118:0] script '/domains/proinc/alfa.php' not found or unable to stat
[Fri Jan 02 02:04:08.446100 2026] [php:error] [pid 83844] [client 4.213.56.118:0] script '/domains/proinc/manager.php' not found or unable to stat
[Fri Jan 02 02:04:08.713411 2026] [php:error] [pid 83844] [client 4.213.56.118:0] script '/domains/proinc/item.php' not found or unable to stat
[Fri Jan 02 02:04:09.095432 2026] [php:error] [pid 83844] [client 4.213.56.118:0] script '/domains/proinc/404.php' not found or unable to stat
[Fri Jan 02 02:04:09.284919 2026] [php:error] [pid 83844] [client 4.213.56.118:0] script '/domains/proinc/mail.php' not found or unable to stat
[Fri Jan 02 02:04:09.762116 2026] [php:error] [pid 83844] [client 4.213.56.118:0] script '/domains/proinc/sx.php' not found or unable to stat
[Fri Jan 02 02:04:10.145172 2026] [php:error] [pid 83844] [client 4.213.56.118:0] script '/domains/proinc/alfa.php' not found or unable to stat
[Fri Jan 02 02:04:10.339171 2026] [php:error] [pid 83844] [client 4.213.56.118:0] script '/domains/proinc/1.php' not found or unable to stat
[Fri Jan 02 02:04:10.530653 2026] [php:error] [pid 83844] [client 4.213.56.118:0] script '/domains/proinc/byp.php' not found or unable to stat
[Fri Jan 02 02:04:10.720723 2026] [php:error] [pid 83844] [client 4.213.56.118:0] script '/domains/proinc/wp-trackback.php' not found or unable to stat
[Fri Jan 02 02:04:11.485684 2026] [php:error] [pid 83844] [client 4.213.56.118:0] script '/domains/proinc/gmo.php' not found or unable to stat
[Fri Jan 02 02:04:13.621145 2026] [php:error] [pid 83844] [client 4.213.56.118:0] script '/domains/proinc/ww1.php' not found or unable to stat
[Fri Jan 02 02:04:14.872878 2026] [php:error] [pid 83862] [client 4.213.56.118:0] script '/domains/proinc/security.php' not found or unable to stat
[Fri Jan 02 02:04:17.216697 2026] [php:error] [pid 83862] [client 4.213.56.118:0] script '/domains/proinc/class.php' not found or unable to stat
[Fri Jan 02 02:04:17.407273 2026] [php:error] [pid 83862] [client 4.213.56.118:0] script '/domains/proinc/bless5.php' not found or unable to stat
[Fri Jan 02 02:04:17.974381 2026] [php:error] [pid 83862] [client 4.213.56.118:0] script '/domains/proinc/lock360.php' not found or unable to stat
[Fri Jan 02 02:04:18.003991 2026] [php:error] [pid 83841] [client 34.96.162.53:0] script '/domains/machinadynamica/adminer-5.4.1.php' not found or unable to stat
[Fri Jan 02 02:04:18.163496 2026] [php:error] [pid 83862] [client 4.213.56.118:0] script '/domains/proinc/f35.php' not found or unable to stat
[Fri Jan 02 02:04:18.352643 2026] [php:error] [pid 83862] [client 4.213.56.118:0] script '/domains/proinc/ioxi-o1.php' not found or unable to stat
[Fri Jan 02 02:04:18.541732 2026] [php:error] [pid 83862] [client 4.213.56.118:0] script '/domains/proinc/juuuu.php' not found or unable to stat
[Fri Jan 02 02:04:18.741025 2026] [php:error] [pid 83862] [client 4.213.56.118:0] script '/domains/proinc/ha.php' not found or unable to stat
[Fri Jan 02 02:04:18.930867 2026] [php:error] [pid 83862] [client 4.213.56.118:0] script '/domains/proinc/gg.php' not found or unable to stat
[Fri Jan 02 02:04:19.120613 2026] [php:error] [pid 83862] [client 4.213.56.118:0] script '/domains/proinc/we2.php' not found or unable to stat
[Fri Jan 02 02:04:19.318212 2026] [php:error] [pid 83862] [client 4.213.56.118:0] script '/domains/proinc/04.php' not found or unable to stat
[Fri Jan 02 02:04:19.518072 2026] [php:error] [pid 83862] [client 4.213.56.118:0] script '/domains/proinc/333.php' not found or unable to stat
[Fri Jan 02 02:04:19.708523 2026] [php:error] [pid 83862] [client 4.213.56.118:0] script '/domains/proinc/520.php' not found or unable to stat
[Fri Jan 02 02:04:19.748708 2026] [php:error] [pid 83867] [client 117.236.133.142:0] script '/domains/system_suspended/num.php' not found or unable to stat, referer: https://www.google.com/
[Fri Jan 02 02:04:19.912478 2026] [php:error] [pid 83867] [client 92.145.61.199:0] script '/domains/system_suspended/about.php' not found or unable to stat, referer: https://www.yahoo.com/
[Fri Jan 02 02:04:19.914486 2026] [php:error] [pid 83862] [client 4.213.56.118:0] script '/domains/proinc/ar.php' not found or unable to stat
[Fri Jan 02 02:04:20.076305 2026] [php:error] [pid 83867] [client 40.115.151.128:0] script '/domains/system_suspended/admin.php' not found or unable to stat, referer: https://www.google.com/
[Fri Jan 02 02:04:20.103502 2026] [php:error] [pid 83862] [client 4.213.56.118:0] script '/domains/proinc/x.php' not found or unable to stat
[Fri Jan 02 02:04:20.295941 2026] [php:error] [pid 83862] [client 4.213.56.118:0] script '/domains/proinc/xx.php' not found or unable to stat
[Fri Jan 02 02:04:20.500416 2026] [php:error] [pid 83862] [client 4.213.56.118:0] script '/domains/proinc/gifclass4.php' not found or unable to stat
[Fri Jan 02 02:04:20.802202 2026] [php:error] [pid 83862] [client 4.213.56.118:0] script '/domains/proinc/2clas.php' not found or unable to stat
[Fri Jan 02 02:04:20.894113 2026] [php:error] [pid 83867] [client 137.161.85.214:0] script '/domains/system_suspended/bb.php' not found or unable to stat, referer: https://duckduckgo.com/
[Fri Jan 02 02:04:21.199169 2026] [php:error] [pid 83862] [client 4.213.56.118:0] script '/domains/proinc/ave.php' not found or unable to stat
[Fri Jan 02 02:04:21.402935 2026] [php:error] [pid 83862] [client 4.213.56.118:0] script '/domains/proinc/wrt.php' not found or unable to stat
[Fri Jan 02 02:04:21.562963 2026] [php:error] [pid 83867] [client 65.6.27.140:0] script '/domains/system_suspended/wso.php' not found or unable to stat, referer: https://www.google.co.uk/
[Fri Jan 02 02:04:21.592077 2026] [php:error] [pid 83862] [client 4.213.56.118:0] script '/domains/proinc/bibil.php' not found or unable to stat
[Fri Jan 02 02:04:21.726588 2026] [php:error] [pid 83867] [client 249.35.162.150:0] script '/domains/system_suspended/alfa.php' not found or unable to stat, referer: https://www.google.de/
[Fri Jan 02 02:04:21.781088 2026] [php:error] [pid 83862] [client 4.213.56.118:0] script '/domains/proinc/radio.php' not found or unable to stat
[Fri Jan 02 02:04:21.890223 2026] [php:error] [pid 83867] [client 240.15.151.141:0] script '/domains/system_suspended/as.php' not found or unable to stat, referer: https://duckduckgo.com/
[Fri Jan 02 02:04:21.962162 2026] [php:error] [pid 83851] [client 35.247.243.254:0] script '/domains/machinadynamica/adminer-5.3.0-mysql.php' not found or unable to stat
[Fri Jan 02 02:04:21.994023 2026] [php:error] [pid 83862] [client 4.213.56.118:0] script '/domains/proinc/files.php' not found or unable to stat
[Fri Jan 02 02:04:22.053848 2026] [php:error] [pid 83867] [client 161.154.236.169:0] script '/domains/system_suspended/info.php' not found or unable to stat, referer: https://www.google.fr/
[Fri Jan 02 02:04:22.183453 2026] [php:error] [pid 83862] [client 4.213.56.118:0] script '/domains/proinc/file7.php' not found or unable to stat
[Fri Jan 02 02:04:22.217337 2026] [php:error] [pid 83867] [client 121.62.111.22:0] script '/domains/system_suspended/themes.php' not found or unable to stat, referer: https://www.google.fr/
[Fri Jan 02 02:04:22.373653 2026] [php:error] [pid 83862] [client 4.213.56.118:0] script '/domains/proinc/gifclass.php' not found or unable to stat
[Fri Jan 02 02:04:22.707382 2026] [php:error] [pid 83867] [client 40.185.8.218:0] script '/domains/system_suspended/wp-editor.php' not found or unable to stat, referer: https://www.google.co.uk/
[Fri Jan 02 02:04:22.775956 2026] [php:error] [pid 83862] [client 4.213.56.118:0] script '/domains/proinc/nox.php' not found or unable to stat
[Fri Jan 02 02:04:22.965183 2026] [php:error] [pid 83862] [client 4.213.56.118:0] script '/domains/proinc/file48.php' not found or unable to stat
[Fri Jan 02 02:04:23.154718 2026] [php:error] [pid 83862] [client 4.213.56.118:0] script '/domains/proinc/info.php' not found or unable to stat
[Fri Jan 02 02:04:23.198478 2026] [php:error] [pid 83867] [client 161.8.40.97:0] script '/domains/system_suspended/wp1.php' not found or unable to stat, referer: https://www.google.co.uk/
[Fri Jan 02 02:04:23.343884 2026] [php:error] [pid 83862] [client 4.213.56.118:0] script '/domains/proinc/class9.php' not found or unable to stat
[Fri Jan 02 02:04:23.361995 2026] [php:error] [pid 83867] [client 13.161.82.143:0] script '/domains/system_suspended/chosen.php' not found or unable to stat, referer: https://duckduckgo.com/
[Fri Jan 02 02:04:23.533417 2026] [php:error] [pid 83862] [client 4.213.56.118:0] script '/domains/proinc/la.php' not found or unable to stat
[Fri Jan 02 02:04:23.722804 2026] [php:error] [pid 83862] [client 4.213.56.118:0] script '/domains/proinc/bless11.php' not found or unable to stat
[Fri Jan 02 02:04:23.912149 2026] [php:error] [pid 83862] [client 4.213.56.118:0] script '/domains/proinc/ccou.php' not found or unable to stat
[Fri Jan 02 02:04:24.101671 2026] [php:error] [pid 83862] [client 4.213.56.118:0] script '/domains/proinc/ton.php' not found or unable to stat
[Fri Jan 02 02:04:24.186867 2026] [php:error] [pid 83867] [client 115.16.41.12:0] script '/domains/system_suspended/alfav4.1-tesla.php' not found or unable to stat, referer: https://www.google.de/
[Fri Jan 02 02:04:24.290472 2026] [php:error] [pid 83862] [client 4.213.56.118:0] script '/domains/proinc/403.php' not found or unable to stat
[Fri Jan 02 02:04:24.350292 2026] [php:error] [pid 83867] [client 157.16.191.48:0] script '/domains/system_suspended/asd.php' not found or unable to stat, referer: https://www.google.fr/
[Fri Jan 02 02:04:24.479813 2026] [php:error] [pid 83862] [client 4.213.56.118:0] script '/domains/proinc/file9.php' not found or unable to stat
[Fri Jan 02 02:04:24.669535 2026] [php:error] [pid 83862] [client 4.213.56.118:0] script '/domains/proinc/ac.php' not found or unable to stat
[Fri Jan 02 02:04:24.677170 2026] [php:error] [pid 83867] [client 89.81.41.214:0] script '/domains/system_suspended/atomlib.php' not found or unable to stat, referer: https://www.bing.com/
[Fri Jan 02 02:04:24.840610 2026] [php:error] [pid 83867] [client 152.68.71.248:0] script '/domains/system_suspended/autoload_classmap.php' not found or unable to stat, referer: https://www.google.co.uk/
[Fri Jan 02 02:04:24.858937 2026] [php:error] [pid 83862] [client 4.213.56.118:0] script '/domains/proinc/new4.php' not found or unable to stat
[Fri Jan 02 02:04:25.048228 2026] [php:error] [pid 83862] [client 4.213.56.118:0] script '/domains/proinc/pop.php' not found or unable to stat
[Fri Jan 02 02:04:25.167845 2026] [php:error] [pid 83867] [client 213.168.234.238:0] script '/domains/system_suspended/aw.php' not found or unable to stat, referer: https://www.google.de/
[Fri Jan 02 02:04:25.237293 2026] [php:error] [pid 83862] [client 4.213.56.118:0] script '/domains/proinc/az.php' not found or unable to stat
[Fri Jan 02 02:04:25.331304 2026] [php:error] [pid 83867] [client 204.189.16.91:0] script '/domains/system_suspended/bak.php' not found or unable to stat, referer: https://www.bing.com/
[Fri Jan 02 02:04:25.428310 2026] [php:error] [pid 83862] [client 4.213.56.118:0] script '/domains/proinc/xaz.php' not found or unable to stat
[Fri Jan 02 02:04:25.494723 2026] [php:error] [pid 83867] [client 254.105.0.129:0] script '/domains/system_suspended/black.php' not found or unable to stat, referer: https://www.google.fr/
[Fri Jan 02 02:04:25.629817 2026] [php:error] [pid 83862] [client 4.213.56.118:0] script '/domains/proinc/up4.php' not found or unable to stat
[Fri Jan 02 02:04:25.822644 2026] [php:error] [pid 83867] [client 248.21.89.50:0] script '/domains/system_suspended/cong.php' not found or unable to stat, referer: https://www.google.de/
[Fri Jan 02 02:04:25.986290 2026] [php:error] [pid 83867] [client 236.41.156.218:0] script '/domains/system_suspended/css.php' not found or unable to stat, referer: https://www.yahoo.com/
[Fri Jan 02 02:04:26.015031 2026] [php:error] [pid 83862] [client 4.213.56.118:0] script '/domains/proinc/1aa.php' not found or unable to stat
[Fri Jan 02 02:04:26.205478 2026] [php:error] [pid 83862] [client 4.213.56.118:0] script '/domains/proinc/elp.php' not found or unable to stat
[Fri Jan 02 02:04:26.320662 2026] [php:error] [pid 83867] [client 29.106.113.165:0] script '/domains/system_suspended/cyber.php' not found or unable to stat, referer: https://www.google.de/
[Fri Jan 02 02:04:26.395504 2026] [php:error] [pid 83862] [client 4.213.56.118:0] script '/domains/proinc/wtz.php' not found or unable to stat
[Fri Jan 02 02:04:26.486443 2026] [php:error] [pid 83867] [client 216.146.123.141:0] script '/domains/system_suspended/default.php' not found or unable to stat, referer: https://www.google.de/
[Fri Jan 02 02:04:26.585426 2026] [php:error] [pid 83862] [client 4.213.56.118:0] script '/domains/proinc/galex.php' not found or unable to stat
[Fri Jan 02 02:04:26.649877 2026] [php:error] [pid 83867] [client 104.101.53.19:0] script '/domains/system_suspended/defaults.php' not found or unable to stat, referer: https://duckduckgo.com/
[Fri Jan 02 02:04:26.782069 2026] [php:error] [pid 83862] [client 4.213.56.118:0] script '/domains/proinc/xb.php' not found or unable to stat
[Fri Jan 02 02:04:26.814304 2026] [php:error] [pid 83867] [client 50.224.66.196:0] script '/domains/system_suspended/ds.php' not found or unable to stat, referer: https://www.google.com/
[Fri Jan 02 02:04:26.971586 2026] [php:error] [pid 83862] [client 4.213.56.118:0] script '/domains/proinc/ova.php' not found or unable to stat
[Fri Jan 02 02:04:26.977899 2026] [php:error] [pid 83867] [client 45.181.203.42:0] script '/domains/system_suspended/file.php' not found or unable to stat, referer: https://www.bing.com/
[Fri Jan 02 02:04:27.141700 2026] [php:error] [pid 83867] [client 18.101.135.14:0] script '/domains/system_suspended/file2.php' not found or unable to stat, referer: https://www.google.com/
[Fri Jan 02 02:04:27.160881 2026] [php:error] [pid 83862] [client 4.213.56.118:0] script '/domains/proinc/vx.php' not found or unable to stat
[Fri Jan 02 02:04:27.305728 2026] [php:error] [pid 83867] [client 221.254.101.68:0] script '/domains/system_suspended/filemanager.php' not found or unable to stat, referer: https://www.bing.com/
[Fri Jan 02 02:04:27.350506 2026] [php:error] [pid 83862] [client 4.213.56.118:0] script '/domains/proinc/rh.php' not found or unable to stat
[Fri Jan 02 02:04:27.469352 2026] [php:error] [pid 83867] [client 47.164.120.203:0] script '/domains/system_suspended/flower.php' not found or unable to stat, referer: https://www.google.com/
[Fri Jan 02 02:04:33.674435 2026] [php:error] [pid 83860] [client 161.122.5.73:0] script '/domains/telacomp/adminfuns.php' not found or unable to stat, referer: https://www.google.com/
[Fri Jan 02 02:04:35.572654 2026] [php:error] [pid 83860] [client 8.206.172.238:0] script '/domains/telacomp/images/index.php' not found or unable to stat, referer: https://www.google.de/
[Fri Jan 02 02:04:35.761931 2026] [php:error] [pid 83860] [client 201.248.167.73:0] script '/domains/telacomp/images/install.php' not found or unable to stat, referer: https://www.google.co.uk/
[Fri Jan 02 02:04:35.951182 2026] [php:error] [pid 83860] [client 55.206.18.185:0] script '/domains/telacomp/index.php' not found or unable to stat, referer: https://www.google.com/
[Fri Jan 02 02:04:39.105183 2026] [php:error] [pid 83851] [client 191.135.61.69:0] script '/domains/gk3c/wp-blog.php' not found or unable to stat, referer: https://www.bing.com/
[Fri Jan 02 02:04:39.331189 2026] [php:error] [pid 83851] [client 213.143.243.37:0] script '/domains/gk3c/o.php' not found or unable to stat, referer: https://www.google.com/
[Fri Jan 02 02:04:39.555814 2026] [php:error] [pid 83851] [client 28.24.87.95:0] script '/domains/gk3c/adminfuns.php' not found or unable to stat, referer: https://www.google.fr/
[Fri Jan 02 02:04:39.780749 2026] [php:error] [pid 83851] [client 23.39.44.202:0] script '/domains/gk3c/phpmailer.lang-sv.php' not found or unable to stat, referer: https://www.google.co.uk/
[Fri Jan 02 02:04:42.696171 2026] [php:error] [pid 83851] [client 205.72.116.95:0] script '/domains/gk3c/wp-signin.php' not found or unable to stat, referer: https://www.yahoo.com/
[Fri Jan 02 02:04:42.920393 2026] [php:error] [pid 83851] [client 113.109.221.112:0] script '/domains/gk3c/xmrlpc.php' not found or unable to stat, referer: https://www.google.fr/
[Fri Jan 02 02:04:43.144536 2026] [php:error] [pid 83851] [client 40.192.16.255:0] script '/domains/gk3c/wp-xml.php' not found or unable to stat, referer: https://www.bing.com/
[Fri Jan 02 02:04:43.593211 2026] [php:error] [pid 83851] [client 221.185.227.145:0] script '/domains/gk3c/radio.php' not found or unable to stat, referer: https://www.google.fr/
[Fri Jan 02 02:04:43.817346 2026] [php:error] [pid 83851] [client 6.154.12.136:0] script '/domains/gk3c/schallfuns.php' not found or unable to stat, referer: https://www.google.de/
[Fri Jan 02 02:04:44.267281 2026] [php:error] [pid 83851] [client 19.221.205.0:0] script '/domains/gk3c/test1.php' not found or unable to stat, referer: https://www.google.de/
[Fri Jan 02 02:04:44.323537 2026] [php:error] [pid 83841] [client 237.11.230.233:0] script '/domains/system_default/adminfuns.php' not found or unable to stat, referer: https://www.google.co.uk/
[Fri Jan 02 02:04:44.942256 2026] [php:error] [pid 83851] [client 103.231.237.85:0] script '/domains/gk3c/w.php' not found or unable to stat, referer: https://duckduckgo.com/
[Fri Jan 02 02:04:46.417017 2026] [php:error] [pid 83841] [client 235.248.139.232:0] script '/domains/system_default/index.php' not found or unable to stat, referer: https://www.google.de/
[Fri Jan 02 02:04:48.305856 2026] [php:error] [pid 83851] [client 169.232.186.39:0] script '/domains/gk3c/wp-api.php' not found or unable to stat, referer: https://www.yahoo.com/
[Fri Jan 02 02:04:51.640211 2026] [php:error] [pid 83872] [client 215.236.165.78:0] script '/domains/system_default/fw.php' not found or unable to stat, referer: https://duckduckgo.com/
[Fri Jan 02 02:04:51.798666 2026] [php:error] [pid 83872] [client 144.155.93.153:0] script '/domains/system_default/gelay.php' not found or unable to stat, referer: https://www.yahoo.com/
[Fri Jan 02 02:04:51.957145 2026] [php:error] [pid 83872] [client 88.251.221.237:0] script '/domains/system_default/goat.php' not found or unable to stat, referer: https://www.google.fr/
[Fri Jan 02 02:04:52.080142 2026] [php:error] [pid 83873] [client 35.247.243.248:0] script '/domains/fryer/DB.php' not found or unable to stat
[Fri Jan 02 02:04:52.115667 2026] [php:error] [pid 83872] [client 38.204.184.65:0] script '/domains/system_default/god4m.php' not found or unable to stat, referer: https://www.google.co.uk/
[Fri Jan 02 02:04:52.273889 2026] [php:error] [pid 83872] [client 58.142.77.235:0] script '/domains/system_default/adminfuns.php' not found or unable to stat, referer: https://www.google.fr/
[Fri Jan 02 02:04:52.432487 2026] [php:error] [pid 83872] [client 225.238.155.43:0] script '/domains/system_default/goods.php' not found or unable to stat, referer: https://www.google.fr/
[Fri Jan 02 02:04:53.226340 2026] [php:error] [pid 83872] [client 68.18.198.40:0] script '/domains/system_default/index2.php' not found or unable to stat, referer: https://www.google.fr/
[Fri Jan 02 02:04:53.384854 2026] [php:error] [pid 83872] [client 87.120.17.99:0] script '/domains/system_default/install.php' not found or unable to stat, referer: https://www.google.de/
[Fri Jan 02 02:04:53.543366 2026] [php:error] [pid 83872] [client 132.69.23.108:0] script '/domains/system_default/lock360.php' not found or unable to stat, referer: https://www.google.de/
[Fri Jan 02 02:04:53.701987 2026] [php:error] [pid 83872] [client 220.72.14.239:0] script '/domains/system_default/networks.php' not found or unable to stat, referer: https://duckduckgo.com/
[Fri Jan 02 02:04:53.860795 2026] [php:error] [pid 83872] [client 166.155.227.38:0] script '/domains/system_default/log.php' not found or unable to stat, referer: https://www.bing.com/
[Fri Jan 02 02:04:54.019488 2026] [php:error] [pid 83872] [client 102.154.35.106:0] script '/domains/system_default/luuf.php' not found or unable to stat, referer: https://www.google.co.uk/
[Fri Jan 02 02:04:54.178289 2026] [php:error] [pid 83872] [client 57.32.225.180:0] script '/domains/system_default/makeasmtp.php' not found or unable to stat, referer: https://www.bing.com/
[Fri Jan 02 02:04:54.336835 2026] [php:error] [pid 83872] [client 212.23.34.3:0] script '/domains/system_default/mari.php' not found or unable to stat, referer: https://www.google.de/
[Fri Jan 02 02:04:54.495295 2026] [php:error] [pid 83872] [client 22.25.66.77:0] script '/domains/system_default/mm.php' not found or unable to stat, referer: https://duckduckgo.com/
[Fri Jan 02 02:04:54.653779 2026] [php:error] [pid 83872] [client 81.11.211.50:0] script '/domains/system_default/moon.php' not found or unable to stat, referer: https://www.bing.com/
[Fri Jan 02 02:04:54.812874 2026] [php:error] [pid 83872] [client 168.159.197.33:0] script '/domains/system_default/nc4.php' not found or unable to stat, referer: https://www.google.de/
[Fri Jan 02 02:04:54.971687 2026] [php:error] [pid 83872] [client 14.9.165.227:0] script '/domains/system_default/new.php' not found or unable to stat, referer: https://www.google.co.uk/
[Fri Jan 02 02:04:55.130218 2026] [php:error] [pid 83872] [client 217.211.98.55:0] script '/domains/system_default/wp-good.php' not found or unable to stat, referer: https://www.bing.com/
[Fri Jan 02 02:04:55.289323 2026] [php:error] [pid 83872] [client 62.171.194.30:0] script '/domains/system_default/h.php' not found or unable to stat, referer: https://www.yahoo.com/
[Fri Jan 02 02:04:55.449633 2026] [php:error] [pid 83872] [client 232.0.172.54:0] script '/domains/system_default/tmp.php' not found or unable to stat, referer: https://www.google.fr/
[Fri Jan 02 02:04:57.832612 2026] [php:error] [pid 83872] [client 56.87.172.167:0] script '/domains/system_default/www.php' not found or unable to stat, referer: https://www.yahoo.com/
[Fri Jan 02 02:04:58.149793 2026] [php:error] [pid 83872] [client 230.153.192.202:0] script '/domains/system_default/d.php' not found or unable to stat, referer: https://www.bing.com/
[Fri Jan 02 02:04:58.308914 2026] [php:error] [pid 83872] [client 18.7.107.209:0] script '/domains/system_default/head.php' not found or unable to stat, referer: https://www.google.com/
[Fri Jan 02 02:04:58.467528 2026] [php:error] [pid 83872] [client 55.101.199.189:0] script '/domains/system_default/phpinfo.php' not found or unable to stat, referer: https://www.bing.com/
[Fri Jan 02 02:04:58.626416 2026] [php:error] [pid 83872] [client 59.173.125.231:0] script '/domains/system_default/sa.php' not found or unable to stat, referer: https://www.bing.com/
[Fri Jan 02 02:04:58.785158 2026] [php:error] [pid 83872] [client 45.139.5.88:0] script '/domains/system_default/sx.php' not found or unable to stat, referer: https://www.google.co.uk/
[Fri Jan 02 02:04:58.943803 2026] [php:error] [pid 83872] [client 24.11.237.24:0] script '/domains/system_default/uploaded_script.php' not found or unable to stat, referer: https://duckduckgo.com/
[Fri Jan 02 02:05:00.206890 2026] [php:error] [pid 83844] [client 34.96.162.48:0] script '/domains/fryer/adminer-5.1.0-mysql-en.php' not found or unable to stat
[Fri Jan 02 02:05:03.195248 2026] [php:error] [pid 83841] [client 34.96.162.53:0] script '/domains/fryer/adminer-4.6.2.php' not found or unable to stat
[Fri Jan 02 02:05:08.806710 2026] [php:error] [pid 83869] [client 60.219.59.13:0] script '/domains/system_default/adminfuns.php' not found or unable to stat, referer: https://duckduckgo.com/
[Fri Jan 02 02:05:11.518191 2026] [php:error] [pid 83869] [client 223.48.106.63:0] script '/domains/system_default/index.php' not found or unable to stat, referer: https://www.bing.com/
[Fri Jan 02 02:05:15.864032 2026] [php:error] [pid 83844] [client 35.247.243.243:0] script '/domains/fryer/adminer-4.7.5.php' not found or unable to stat
[Fri Jan 02 02:05:24.445331 2026] [php:error] [pid 83841] [client 35.247.243.246:0] script '/domains/machinadynamica/adminer-5.3.0-en.php' not found or unable to stat
[Fri Jan 02 02:05:38.902263 2026] [php:error] [pid 83841] [client 34.96.162.58:0] script '/domains/fryer/adminer-5.0.3.php' not found or unable to stat
[Fri Jan 02 02:05:41.573812 2026] [php:error] [pid 83881] [client 34.96.162.48:0] script '/domains/fryer/adminer-4.3.1.php' not found or unable to stat
[Fri Jan 02 02:05:58.300518 2026] [php:error] [pid 83871] [client 35.247.243.255:0] script '/domains/fryer/adminer-5.4.1-mysql.php' not found or unable to stat
[Fri Jan 02 02:06:00.189642 2026] [php:error] [pid 83880] [client 35.247.243.253:0] script '/domains/machinadynamica/adminer-5.3.0.php' not found or unable to stat
[Fri Jan 02 02:06:14.762182 2026] [php:error] [pid 83841] [client 74.176.56.30:0] script '/domains/antiqueweb1/adminfuns.php' not found or unable to stat, referer: https://www.google.de/
[Fri Jan 02 02:06:16.408904 2026] [php:error] [pid 83841] [client 187.188.52.253:0] script '/domains/antiqueweb1/images/index.php' not found or unable to stat, referer: https://duckduckgo.com/
[Fri Jan 02 02:06:16.581894 2026] [php:error] [pid 83841] [client 152.142.191.179:0] script '/domains/antiqueweb1/images/install.php' not found or unable to stat, referer: https://www.google.com/
[Fri Jan 02 02:06:16.745517 2026] [php:error] [pid 83841] [client 24.191.87.92:0] script '/domains/antiqueweb1/index.php' not found or unable to stat, referer: https://duckduckgo.com/
[Fri Jan 02 02:06:30.419854 2026] [php:error] [pid 83871] [client 47.79.119.137:0] script '/domains/hdickens.enteract/kmnj.php' not found or unable to stat
[Fri Jan 02 02:06:31.084083 2026] [php:error] [pid 83841] [client 113.36.193.39:0] script '/domains/aatweb/info.php' not found or unable to stat, referer: https://www.bing.com/
[Fri Jan 02 02:06:31.253299 2026] [php:error] [pid 83841] [client 251.40.234.109:0] script '/domains/aatweb/about.php' not found or unable to stat, referer: https://www.google.de/
[Fri Jan 02 02:06:31.422815 2026] [php:error] [pid 83841] [client 34.113.122.231:0] script '/domains/aatweb/admin.php' not found or unable to stat, referer: https://www.google.com/
[Fri Jan 02 02:06:31.592135 2026] [php:error] [pid 83841] [client 91.57.54.11:0] script '/domains/aatweb/edit.php' not found or unable to stat, referer: https://www.google.fr/
[Fri Jan 02 02:06:31.761476 2026] [php:error] [pid 83841] [client 108.117.214.72:0] script '/domains/aatweb/ahax.php' not found or unable to stat, referer: https://www.google.com/
[Fri Jan 02 02:06:31.931175 2026] [php:error] [pid 83841] [client 149.126.124.34:0] script '/domains/aatweb/ioxi-o.php' not found or unable to stat, referer: https://www.google.fr/
[Fri Jan 02 02:06:32.101015 2026] [php:error] [pid 83841] [client 6.105.187.156:0] script '/domains/aatweb/bless.php' not found or unable to stat, referer: https://www.yahoo.com/
[Fri Jan 02 02:06:32.270403 2026] [php:error] [pid 83841] [client 164.88.250.207:0] script '/domains/aatweb/bolt.php' not found or unable to stat, referer: https://www.bing.com/
[Fri Jan 02 02:06:32.440391 2026] [php:error] [pid 83841] [client 249.172.99.51:0] script '/domains/aatweb/adminfuns.php' not found or unable to stat, referer: https://duckduckgo.com/
[Fri Jan 02 02:06:32.609836 2026] [php:error] [pid 83841] [client 9.167.11.80:0] script '/domains/aatweb/classwithtostring.php' not found or unable to stat, referer: https://www.google.de/
[Fri Jan 02 02:06:32.780235 2026] [php:error] [pid 83841] [client 23.154.143.243:0] script '/domains/aatweb/file.php' not found or unable to stat, referer: https://www.google.co.uk/
[Fri Jan 02 02:06:32.950956 2026] [php:error] [pid 83841] [client 104.185.150.142:0] script '/domains/aatweb/abcd.php' not found or unable to stat, referer: https://www.yahoo.com/
[Fri Jan 02 02:06:33.120335 2026] [php:error] [pid 83841] [client 18.107.225.242:0] script '/domains/aatweb/akcc.php' not found or unable to stat, referer: https://www.yahoo.com/
[Fri Jan 02 02:06:33.290828 2026] [php:error] [pid 83841] [client 164.22.20.236:0] script '/domains/aatweb/k.php' not found or unable to stat, referer: https://www.google.fr/
[Fri Jan 02 02:06:33.460863 2026] [php:error] [pid 83841] [client 158.208.192.85:0] script '/domains/aatweb/xmlrpc.php' not found or unable to stat, referer: https://www.yahoo.com/
[Fri Jan 02 02:06:33.630340 2026] [php:error] [pid 83841] [client 239.225.190.76:0] script '/domains/aatweb/xmrlpc.php' not found or unable to stat, referer: https://www.bing.com/
[Fri Jan 02 02:06:33.799741 2026] [php:error] [pid 83841] [client 37.191.51.171:0] script '/domains/aatweb/wp.php' not found or unable to stat, referer: https://www.google.fr/
[Fri Jan 02 02:06:33.969850 2026] [php:error] [pid 83841] [client 24.168.251.10:0] script '/domains/aatweb/yas.php' not found or unable to stat, referer: https://www.google.de/
[Fri Jan 02 02:06:34.141446 2026] [php:error] [pid 83841] [client 131.85.229.12:0] script '/domains/aatweb/simple.php' not found or unable to stat, referer: https://www.yahoo.com/
[Fri Jan 02 02:06:34.310873 2026] [php:error] [pid 83841] [client 98.12.48.3:0] script '/domains/aatweb/goods.php' not found or unable to stat, referer: https://www.google.com/
[Fri Jan 02 02:06:34.480655 2026] [php:error] [pid 83841] [client 124.123.32.121:0] script '/domains/aatweb/wp-good.php' not found or unable to stat, referer: https://www.google.fr/
[Fri Jan 02 02:06:36.162419 2026] [php:error] [pid 83885] [client 202.121.21.213:0] script '/domains/efusion1/adminfuns.php' not found or unable to stat, referer: https://www.google.fr/
[Fri Jan 02 02:06:51.103547 2026] [php:error] [pid 83888] [client 34.96.162.49:0] script '/domains/machinadynamica/adminer-5.0.6.php' not found or unable to stat
[Fri Jan 02 02:06:51.327400 2026] [php:error] [pid 83889] [client 34.96.162.54:0] script '/domains/fryer/adminer.php' not found or unable to stat
[Fri Jan 02 02:06:52.347364 2026] [php:error] [pid 83881] [client 35.247.243.242:0] script '/domains/machinadynamica/_adminer.php' not found or unable to stat
[Fri Jan 02 02:06:55.453413 2026] [php:error] [pid 83881] [client 35.247.243.254:0] script '/domains/machinadynamica/adminer-4.7.6.php' not found or unable to stat
[Fri Jan 02 02:06:59.771680 2026] [php:error] [pid 83888] [client 34.96.162.56:0] script '/domains/machinadynamica/ADMINER.php' not found or unable to stat
[Fri Jan 02 02:07:07.217154 2026] [php:error] [pid 83888] [client 35.247.243.251:0] script '/domains/fryer/adminer-5.0.4-mysql.php' not found or unable to stat
[Fri Jan 02 02:07:21.262105 2026] [php:error] [pid 83881] [client 34.96.162.59:0] script '/domains/machinadynamica/adminer-5.0.5-mysql-en.php' not found or unable to stat
[Fri Jan 02 02:07:21.725067 2026] [php:error] [pid 83841] [client 71.197.64.117:0] script '/domains/hpveweb/fw.php' not found or unable to stat, referer: https://www.yahoo.com/
[Fri Jan 02 02:07:21.905063 2026] [php:error] [pid 83841] [client 113.218.148.32:0] script '/domains/hpveweb/gelay.php' not found or unable to stat, referer: https://www.bing.com/
[Fri Jan 02 02:07:22.084994 2026] [php:error] [pid 83841] [client 233.131.60.222:0] script '/domains/hpveweb/goat.php' not found or unable to stat, referer: https://www.google.co.uk/
