[Fri Jan 02 01:04:08.875699 2026] [php:error] [pid 71895] [client 191.176.33.36:0] script '/domains/homesbyaudrey1/favicon.php' not found or unable to stat, referer: https://www.google.com/
[Fri Jan 02 01:04:08.957106 2026] [php:error] [pid 71896] [client 40.83.96.65:0] script '/domains/system_default/bless11.php' not found or unable to stat
[Fri Jan 02 01:04:09.076489 2026] [php:error] [pid 71895] [client 242.77.82.65:0] script '/domains/homesbyaudrey1/file.php' not found or unable to stat, referer: https://www.google.com/
[Fri Jan 02 01:04:09.168045 2026] [php:error] [pid 71896] [client 40.83.96.65:0] script '/domains/system_default/ccou.php' not found or unable to stat
[Fri Jan 02 01:04:09.300274 2026] [php:error] [pid 71895] [client 210.190.84.110:0] script '/domains/homesbyaudrey1/fm.php' not found or unable to stat, referer: https://www.google.de/
[Fri Jan 02 01:04:09.393974 2026] [php:error] [pid 71896] [client 40.83.96.65:0] script '/domains/system_default/ton.php' not found or unable to stat
[Fri Jan 02 01:04:09.501160 2026] [php:error] [pid 71895] [client 241.64.120.116:0] script '/domains/homesbyaudrey1/fx.php' not found or unable to stat, referer: https://www.google.de/
[Fri Jan 02 01:04:09.604225 2026] [php:error] [pid 71896] [client 40.83.96.65:0] script '/domains/system_default/403.php' not found or unable to stat
[Fri Jan 02 01:04:09.703252 2026] [php:error] [pid 71895] [client 7.166.209.7:0] script '/domains/homesbyaudrey1/gecko.php' not found or unable to stat, referer: https://www.google.co.uk/
[Fri Jan 02 01:04:09.815295 2026] [php:error] [pid 71896] [client 40.83.96.65:0] script '/domains/system_default/file9.php' not found or unable to stat
[Fri Jan 02 01:04:09.913742 2026] [php:error] [pid 71895] [client 82.120.21.10:0] script '/domains/homesbyaudrey1/gecko-new.php' not found or unable to stat, referer: https://www.google.fr/
[Fri Jan 02 01:04:10.025629 2026] [php:error] [pid 71896] [client 40.83.96.65:0] script '/domains/system_default/ac.php' not found or unable to stat
[Fri Jan 02 01:04:10.115695 2026] [php:error] [pid 71895] [client 104.3.79.181:0] script '/domains/homesbyaudrey1/gel4y.php' not found or unable to stat, referer: https://duckduckgo.com/
[Fri Jan 02 01:04:10.252057 2026] [php:error] [pid 71896] [client 40.83.96.65:0] script '/domains/system_default/new4.php' not found or unable to stat
[Fri Jan 02 01:04:10.316615 2026] [php:error] [pid 71895] [client 245.74.130.125:0] script '/domains/homesbyaudrey1/gg.php' not found or unable to stat, referer: https://www.bing.com/
[Fri Jan 02 01:04:10.463448 2026] [php:error] [pid 71896] [client 40.83.96.65:0] script '/domains/system_default/pop.php' not found or unable to stat
[Fri Jan 02 01:04:10.517753 2026] [php:error] [pid 71895] [client 167.75.247.69:0] script '/domains/homesbyaudrey1/goods.php' not found or unable to stat, referer: https://www.google.com/
[Fri Jan 02 01:04:10.673792 2026] [php:error] [pid 71896] [client 40.83.96.65:0] script '/domains/system_default/az.php' not found or unable to stat
[Fri Jan 02 01:04:10.718489 2026] [php:error] [pid 71895] [client 167.103.3.67:0] script '/domains/homesbyaudrey1/help.php' not found or unable to stat, referer: https://www.google.fr/
[Fri Jan 02 01:04:10.885735 2026] [php:error] [pid 71896] [client 40.83.96.65:0] script '/domains/system_default/xaz.php' not found or unable to stat
[Fri Jan 02 01:04:10.923532 2026] [php:error] [pid 71895] [client 38.167.149.108:0] script '/domains/homesbyaudrey1/i.php' not found or unable to stat, referer: https://www.yahoo.com/
[Fri Jan 02 01:04:11.135337 2026] [php:error] [pid 71895] [client 196.179.171.18:0] script '/domains/homesbyaudrey1/index.php' not found or unable to stat, referer: https://www.google.com/
[Fri Jan 02 01:04:11.136050 2026] [php:error] [pid 71896] [client 40.83.96.65:0] script '/domains/system_default/up4.php' not found or unable to stat
[Fri Jan 02 01:04:11.336952 2026] [php:error] [pid 71895] [client 246.224.228.182:0] script '/domains/homesbyaudrey1/info.php' not found or unable to stat, referer: https://www.google.fr/
[Fri Jan 02 01:04:11.346412 2026] [php:error] [pid 71896] [client 40.83.96.65:0] script '/domains/system_default/1aa.php' not found or unable to stat
[Fri Jan 02 01:04:11.539261 2026] [php:error] [pid 71895] [client 243.105.138.62:0] script '/domains/homesbyaudrey1/ioxi-o.php' not found or unable to stat, referer: https://www.yahoo.com/
[Fri Jan 02 01:04:11.556573 2026] [php:error] [pid 71896] [client 40.83.96.65:0] script '/domains/system_default/elp.php' not found or unable to stat
[Fri Jan 02 01:04:11.741452 2026] [php:error] [pid 71895] [client 189.255.17.159:0] script '/domains/homesbyaudrey1/k.php' not found or unable to stat, referer: https://www.google.co.uk/
[Fri Jan 02 01:04:11.768690 2026] [php:error] [pid 71896] [client 40.83.96.65:0] script '/domains/system_default/wtz.php' not found or unable to stat
[Fri Jan 02 01:04:11.942357 2026] [php:error] [pid 71895] [client 78.107.78.166:0] script '/domains/homesbyaudrey1/link.php' not found or unable to stat, referer: https://www.yahoo.com/
[Fri Jan 02 01:04:11.984896 2026] [php:error] [pid 71896] [client 40.83.96.65:0] script '/domains/system_default/galex.php' not found or unable to stat
[Fri Jan 02 01:04:12.143528 2026] [php:error] [pid 71895] [client 84.202.251.194:0] script '/domains/homesbyaudrey1/man.php' not found or unable to stat, referer: https://www.yahoo.com/
[Fri Jan 02 01:04:12.213285 2026] [php:error] [pid 71896] [client 40.83.96.65:0] script '/domains/system_default/xb.php' not found or unable to stat
[Fri Jan 02 01:04:12.345534 2026] [php:error] [pid 71895] [client 174.133.161.148:0] script '/domains/homesbyaudrey1/mini.php' not found or unable to stat, referer: https://www.bing.com/
[Fri Jan 02 01:04:12.423878 2026] [php:error] [pid 71896] [client 40.83.96.65:0] script '/domains/system_default/ova.php' not found or unable to stat
[Fri Jan 02 01:04:12.546685 2026] [php:error] [pid 71895] [client 126.117.151.186:0] script '/domains/homesbyaudrey1/new.php' not found or unable to stat, referer: https://www.google.de/
[Fri Jan 02 01:04:12.634479 2026] [php:error] [pid 71896] [client 40.83.96.65:0] script '/domains/system_default/vx.php' not found or unable to stat
[Fri Jan 02 01:04:12.748359 2026] [php:error] [pid 71895] [client 62.110.36.205:0] script '/domains/homesbyaudrey1/num.php' not found or unable to stat, referer: https://www.google.de/
[Fri Jan 02 01:04:12.844983 2026] [php:error] [pid 71896] [client 40.83.96.65:0] script '/domains/system_default/rh.php' not found or unable to stat
[Fri Jan 02 01:04:12.950449 2026] [php:error] [pid 71895] [client 131.102.254.155:0] script '/domains/homesbyaudrey1/root.php' not found or unable to stat, referer: https://www.google.com/
[Fri Jan 02 01:04:13.151892 2026] [php:error] [pid 71895] [client 213.99.4.212:0] script '/domains/homesbyaudrey1/shell.php' not found or unable to stat, referer: https://www.google.co.uk/
[Fri Jan 02 01:04:13.353142 2026] [php:error] [pid 71895] [client 249.151.193.184:0] script '/domains/homesbyaudrey1/system.php' not found or unable to stat, referer: https://www.bing.com/
[Fri Jan 02 01:04:13.554253 2026] [php:error] [pid 71895] [client 153.74.8.136:0] script '/domains/homesbyaudrey1/termps.php' not found or unable to stat, referer: https://www.google.com/
[Fri Jan 02 01:04:13.755451 2026] [php:error] [pid 71895] [client 224.41.74.66:0] script '/domains/homesbyaudrey1/test.php' not found or unable to stat, referer: https://www.google.com/
[Fri Jan 02 01:04:13.957473 2026] [php:error] [pid 71895] [client 168.2.105.47:0] script '/domains/homesbyaudrey1/tiny.php' not found or unable to stat, referer: https://www.yahoo.com/
[Fri Jan 02 01:04:14.158483 2026] [php:error] [pid 71895] [client 86.239.194.151:0] script '/domains/homesbyaudrey1/user.php' not found or unable to stat, referer: https://www.google.fr/
[Fri Jan 02 01:04:14.369659 2026] [php:error] [pid 71895] [client 122.160.21.31:0] script '/domains/homesbyaudrey1/vx.php' not found or unable to stat, referer: https://www.bing.com/
[Fri Jan 02 01:04:14.578690 2026] [php:error] [pid 71895] [client 225.122.174.74:0] script '/domains/homesbyaudrey1/wp-admin.php' not found or unable to stat, referer: https://www.yahoo.com/
[Fri Jan 02 01:04:14.779698 2026] [php:error] [pid 71895] [client 200.134.174.182:0] script '/domains/homesbyaudrey1/wp-blog.php' not found or unable to stat, referer: https://www.google.com/
[Fri Jan 02 01:04:14.981424 2026] [php:error] [pid 71895] [client 67.31.182.5:0] script '/domains/homesbyaudrey1/wp-good.php' not found or unable to stat, referer: https://www.yahoo.com/
[Fri Jan 02 01:04:15.183376 2026] [php:error] [pid 71895] [client 172.133.10.9:0] script '/domains/homesbyaudrey1/wp-include.php' not found or unable to stat, referer: https://duckduckgo.com/
[Fri Jan 02 01:04:15.384488 2026] [php:error] [pid 71895] [client 193.191.51.7:0] script '/domains/homesbyaudrey1/wp-links.php' not found or unable to stat, referer: https://www.yahoo.com/
[Fri Jan 02 01:04:15.585961 2026] [php:error] [pid 71895] [client 133.183.171.48:0] script '/domains/homesbyaudrey1/wp-signin.php' not found or unable to stat, referer: https://duckduckgo.com/
[Fri Jan 02 01:04:15.787089 2026] [php:error] [pid 71895] [client 70.113.7.118:0] script '/domains/homesbyaudrey1/wp-trackback.php' not found or unable to stat, referer: https://www.google.de/
[Fri Jan 02 01:04:15.988380 2026] [php:error] [pid 71895] [client 54.56.120.145:0] script '/domains/homesbyaudrey1/wp.php' not found or unable to stat, referer: https://www.google.com/
[Fri Jan 02 01:04:16.190425 2026] [php:error] [pid 71895] [client 204.162.213.97:0] script '/domains/homesbyaudrey1/wso.php' not found or unable to stat, referer: https://www.google.com/
[Fri Jan 02 01:04:16.392556 2026] [php:error] [pid 71895] [client 91.108.192.245:0] script '/domains/homesbyaudrey1/xmlrpc.php' not found or unable to stat, referer: https://www.bing.com/
[Fri Jan 02 01:04:16.593552 2026] [php:error] [pid 71895] [client 220.150.44.70:0] script '/domains/homesbyaudrey1/xmrlpc.php' not found or unable to stat, referer: https://duckduckgo.com/
[Fri Jan 02 01:04:18.571512 2026] [php:error] [pid 71888] [client 34.96.162.48:0] script '/domains/machinadynamica/__adm.php' not found or unable to stat
[Fri Jan 02 01:04:33.335339 2026] [php:error] [pid 71888] [client 118.37.110.168:0] script '/domains/testregisgroup/info.php' not found or unable to stat, referer: https://www.google.co.uk/
[Fri Jan 02 01:04:33.515864 2026] [php:error] [pid 71888] [client 93.126.193.198:0] script '/domains/testregisgroup/about.php' not found or unable to stat, referer: https://www.bing.com/
[Fri Jan 02 01:04:33.696503 2026] [php:error] [pid 71888] [client 136.117.128.37:0] script '/domains/testregisgroup/admin.php' not found or unable to stat, referer: https://www.google.fr/
[Fri Jan 02 01:04:33.877553 2026] [php:error] [pid 71888] [client 63.84.12.210:0] script '/domains/testregisgroup/edit.php' not found or unable to stat, referer: https://www.bing.com/
[Fri Jan 02 01:04:34.059132 2026] [php:error] [pid 71888] [client 136.92.222.192:0] script '/domains/testregisgroup/ahax.php' not found or unable to stat, referer: https://www.bing.com/
[Fri Jan 02 01:04:34.239116 2026] [php:error] [pid 71888] [client 118.189.75.35:0] script '/domains/testregisgroup/ioxi-o.php' not found or unable to stat, referer: https://www.google.co.uk/
[Fri Jan 02 01:04:34.419346 2026] [php:error] [pid 71888] [client 248.64.220.223:0] script '/domains/testregisgroup/bless.php' not found or unable to stat, referer: https://www.google.com/
[Fri Jan 02 01:04:34.599754 2026] [php:error] [pid 71888] [client 110.183.108.219:0] script '/domains/testregisgroup/bolt.php' not found or unable to stat, referer: https://www.bing.com/
[Fri Jan 02 01:04:34.779776 2026] [php:error] [pid 71888] [client 128.32.25.61:0] script '/domains/testregisgroup/adminfuns.php' not found or unable to stat, referer: https://www.yahoo.com/
[Fri Jan 02 01:04:34.960545 2026] [php:error] [pid 71888] [client 157.204.74.2:0] script '/domains/testregisgroup/classwithtostring.php' not found or unable to stat, referer: https://www.google.co.uk/
[Fri Jan 02 01:04:35.141591 2026] [php:error] [pid 71888] [client 142.99.133.144:0] script '/domains/testregisgroup/file.php' not found or unable to stat, referer: https://www.bing.com/
[Fri Jan 02 01:04:35.321631 2026] [php:error] [pid 71888] [client 254.214.90.115:0] script '/domains/testregisgroup/abcd.php' not found or unable to stat, referer: https://www.google.co.uk/
[Fri Jan 02 01:04:35.501985 2026] [php:error] [pid 71888] [client 6.85.192.166:0] script '/domains/testregisgroup/akcc.php' not found or unable to stat, referer: https://www.google.fr/
[Fri Jan 02 01:04:35.682379 2026] [php:error] [pid 71888] [client 245.58.141.26:0] script '/domains/testregisgroup/k.php' not found or unable to stat, referer: https://www.google.co.uk/
[Fri Jan 02 01:04:35.862797 2026] [php:error] [pid 71888] [client 236.7.51.197:0] script '/domains/testregisgroup/xmlrpc.php' not found or unable to stat, referer: https://www.google.co.uk/
[Fri Jan 02 01:04:36.044673 2026] [php:error] [pid 71888] [client 36.112.218.8:0] script '/domains/testregisgroup/xmrlpc.php' not found or unable to stat, referer: https://www.google.de/
[Fri Jan 02 01:04:36.224667 2026] [php:error] [pid 71888] [client 16.236.235.103:0] script '/domains/testregisgroup/wp.php' not found or unable to stat, referer: https://www.yahoo.com/
[Fri Jan 02 01:04:36.405009 2026] [php:error] [pid 71888] [client 211.135.41.167:0] script '/domains/testregisgroup/yas.php' not found or unable to stat, referer: https://www.bing.com/
[Fri Jan 02 01:04:36.586091 2026] [php:error] [pid 71888] [client 209.186.224.99:0] script '/domains/testregisgroup/simple.php' not found or unable to stat, referer: https://www.google.fr/
[Fri Jan 02 01:04:36.766269 2026] [php:error] [pid 71888] [client 196.32.149.254:0] script '/domains/testregisgroup/goods.php' not found or unable to stat, referer: https://www.yahoo.com/
[Fri Jan 02 01:04:36.946455 2026] [php:error] [pid 71888] [client 30.109.84.189:0] script '/domains/testregisgroup/wp-good.php' not found or unable to stat, referer: https://www.google.com/
[Fri Jan 02 01:04:50.391402 2026] [php:error] [pid 71895] [client 12.74.156.77:0] script '/domains/tinatina/num.php' not found or unable to stat, referer: https://www.google.fr/
[Fri Jan 02 01:04:50.620192 2026] [php:error] [pid 71895] [client 89.160.56.120:0] script '/domains/tinatina/about.php' not found or unable to stat, referer: https://duckduckgo.com/
[Fri Jan 02 01:04:50.849175 2026] [php:error] [pid 71895] [client 4.193.190.39:0] script '/domains/tinatina/admin.php' not found or unable to stat, referer: https://www.bing.com/
[Fri Jan 02 01:04:51.999162 2026] [php:error] [pid 71895] [client 3.110.135.116:0] script '/domains/tinatina/bb.php' not found or unable to stat, referer: https://duckduckgo.com/
[Fri Jan 02 01:04:52.914754 2026] [php:error] [pid 71895] [client 54.156.210.142:0] script '/domains/tinatina/wso.php' not found or unable to stat, referer: https://www.bing.com/
[Fri Jan 02 01:04:53.144127 2026] [php:error] [pid 71895] [client 170.124.181.140:0] script '/domains/tinatina/alfa.php' not found or unable to stat, referer: https://www.google.de/
[Fri Jan 02 01:04:53.373241 2026] [php:error] [pid 71895] [client 13.20.75.102:0] script '/domains/tinatina/as.php' not found or unable to stat, referer: https://www.google.fr/
[Fri Jan 02 01:04:53.603038 2026] [php:error] [pid 71895] [client 91.228.194.97:0] script '/domains/tinatina/info.php' not found or unable to stat, referer: https://www.yahoo.com/
[Fri Jan 02 01:04:53.832183 2026] [php:error] [pid 71895] [client 62.189.187.112:0] script '/domains/tinatina/themes.php' not found or unable to stat, referer: https://www.google.de/
[Fri Jan 02 01:04:54.519773 2026] [php:error] [pid 71895] [client 56.143.111.233:0] script '/domains/tinatina/wp-editor.php' not found or unable to stat, referer: https://www.bing.com/
[Fri Jan 02 01:04:55.214788 2026] [php:error] [pid 71895] [client 135.225.232.170:0] script '/domains/tinatina/wp1.php' not found or unable to stat, referer: https://www.google.co.uk/
[Fri Jan 02 01:04:55.443777 2026] [php:error] [pid 71895] [client 22.83.7.81:0] script '/domains/tinatina/chosen.php' not found or unable to stat, referer: https://duckduckgo.com/
[Fri Jan 02 01:04:56.588198 2026] [php:error] [pid 71895] [client 4.193.190.39:0] script '/domains/tinatina/alfav4.1-tesla.php' not found or unable to stat, referer: https://www.bing.com/
[Fri Jan 02 01:04:56.828953 2026] [php:error] [pid 71895] [client 50.43.245.60:0] script '/domains/tinatina/asd.php' not found or unable to stat, referer: https://www.google.de/
[Fri Jan 02 01:04:57.286464 2026] [php:error] [pid 71895] [client 37.53.64.1:0] script '/domains/tinatina/atomlib.php' not found or unable to stat, referer: https://www.google.co.uk/
[Fri Jan 02 01:04:57.515350 2026] [php:error] [pid 71895] [client 105.72.198.56:0] script '/domains/tinatina/autoload_classmap.php' not found or unable to stat, referer: https://www.google.com/
[Fri Jan 02 01:04:57.973730 2026] [php:error] [pid 71895] [client 253.117.70.129:0] script '/domains/tinatina/aw.php' not found or unable to stat, referer: https://www.google.de/
[Fri Jan 02 01:04:58.202455 2026] [php:error] [pid 71895] [client 231.223.197.196:0] script '/domains/tinatina/bak.php' not found or unable to stat, referer: https://www.bing.com/
[Fri Jan 02 01:04:58.431674 2026] [php:error] [pid 71895] [client 248.75.254.220:0] script '/domains/tinatina/black.php' not found or unable to stat, referer: https://www.google.com/
[Fri Jan 02 01:04:58.889874 2026] [php:error] [pid 71895] [client 212.153.110.104:0] script '/domains/tinatina/cong.php' not found or unable to stat, referer: https://www.bing.com/
[Fri Jan 02 01:04:59.118896 2026] [php:error] [pid 71895] [client 185.223.21.165:0] script '/domains/tinatina/css.php' not found or unable to stat, referer: https://www.google.de/
[Fri Jan 02 01:04:59.576355 2026] [php:error] [pid 71895] [client 40.72.7.1:0] script '/domains/tinatina/cyber.php' not found or unable to stat, referer: https://www.yahoo.com/
[Fri Jan 02 01:04:59.805461 2026] [php:error] [pid 71895] [client 134.71.11.221:0] script '/domains/tinatina/default.php' not found or unable to stat, referer: https://www.google.fr/
[Fri Jan 02 01:05:00.035126 2026] [php:error] [pid 71895] [client 194.26.3.99:0] script '/domains/tinatina/defaults.php' not found or unable to stat, referer: https://www.google.co.uk/
[Fri Jan 02 01:05:00.263697 2026] [php:error] [pid 71895] [client 234.184.223.59:0] script '/domains/tinatina/ds.php' not found or unable to stat, referer: https://www.google.fr/
[Fri Jan 02 01:05:00.493348 2026] [php:error] [pid 71895] [client 58.122.148.203:0] script '/domains/tinatina/file.php' not found or unable to stat, referer: https://www.yahoo.com/
[Fri Jan 02 01:05:00.722630 2026] [php:error] [pid 71895] [client 31.118.116.109:0] script '/domains/tinatina/file2.php' not found or unable to stat, referer: https://www.google.co.uk/
[Fri Jan 02 01:05:00.951480 2026] [php:error] [pid 71895] [client 244.254.201.187:0] script '/domains/tinatina/filemanager.php' not found or unable to stat, referer: https://www.yahoo.com/
[Fri Jan 02 01:05:01.180691 2026] [php:error] [pid 71895] [client 115.42.187.125:0] script '/domains/tinatina/flower.php' not found or unable to stat, referer: https://www.bing.com/
[Fri Jan 02 01:05:32.884198 2026] [php:error] [pid 71874] [client 149.50.224.43:0] script '/domains/windsorweb/info.php' not found or unable to stat, referer: https://www.yahoo.com/
[Fri Jan 02 01:05:33.074464 2026] [php:error] [pid 71874] [client 11.71.176.154:0] script '/domains/windsorweb/about.php' not found or unable to stat, referer: https://www.yahoo.com/
[Fri Jan 02 01:05:33.264176 2026] [php:error] [pid 71874] [client 60.5.165.90:0] script '/domains/windsorweb/admin.php' not found or unable to stat, referer: https://www.yahoo.com/
[Fri Jan 02 01:05:33.455115 2026] [php:error] [pid 71874] [client 76.71.249.196:0] script '/domains/windsorweb/edit.php' not found or unable to stat, referer: https://www.google.de/
[Fri Jan 02 01:05:33.646305 2026] [php:error] [pid 71874] [client 176.16.75.176:0] script '/domains/windsorweb/ahax.php' not found or unable to stat, referer: https://www.google.co.uk/
[Fri Jan 02 01:05:33.836626 2026] [php:error] [pid 71874] [client 238.188.62.77:0] script '/domains/windsorweb/ioxi-o.php' not found or unable to stat, referer: https://www.bing.com/
[Fri Jan 02 01:05:34.026646 2026] [php:error] [pid 71874] [client 155.145.17.200:0] script '/domains/windsorweb/bless.php' not found or unable to stat, referer: https://www.google.com/
[Fri Jan 02 01:05:34.216383 2026] [php:error] [pid 71874] [client 42.221.217.160:0] script '/domains/windsorweb/bolt.php' not found or unable to stat, referer: https://www.google.com/
[Fri Jan 02 01:05:34.406351 2026] [php:error] [pid 71874] [client 73.7.0.223:0] script '/domains/windsorweb/adminfuns.php' not found or unable to stat, referer: https://www.yahoo.com/
[Fri Jan 02 01:05:34.596203 2026] [php:error] [pid 71874] [client 143.83.170.85:0] script '/domains/windsorweb/classwithtostring.php' not found or unable to stat, referer: https://www.google.co.uk/
[Fri Jan 02 01:05:34.786080 2026] [php:error] [pid 71874] [client 46.36.55.22:0] script '/domains/windsorweb/file.php' not found or unable to stat, referer: https://www.google.fr/
[Fri Jan 02 01:05:34.976311 2026] [php:error] [pid 71874] [client 77.217.215.141:0] script '/domains/windsorweb/abcd.php' not found or unable to stat, referer: https://www.google.com/
[Fri Jan 02 01:05:35.167283 2026] [php:error] [pid 71874] [client 102.19.148.10:0] script '/domains/windsorweb/akcc.php' not found or unable to stat, referer: https://www.google.de/
[Fri Jan 02 01:05:35.358439 2026] [php:error] [pid 71874] [client 147.37.47.202:0] script '/domains/windsorweb/k.php' not found or unable to stat, referer: https://www.google.fr/
[Fri Jan 02 01:05:35.549061 2026] [php:error] [pid 71874] [client 227.149.117.135:0] script '/domains/windsorweb/xmlrpc.php' not found or unable to stat, referer: https://www.google.fr/
[Fri Jan 02 01:05:35.739174 2026] [php:error] [pid 71874] [client 240.214.113.81:0] script '/domains/windsorweb/xmrlpc.php' not found or unable to stat, referer: https://www.google.de/
[Fri Jan 02 01:05:35.929218 2026] [php:error] [pid 71874] [client 25.138.77.19:0] script '/domains/windsorweb/wp.php' not found or unable to stat, referer: https://www.bing.com/
[Fri Jan 02 01:05:36.119400 2026] [php:error] [pid 71874] [client 183.249.189.211:0] script '/domains/windsorweb/yas.php' not found or unable to stat, referer: https://www.google.fr/
[Fri Jan 02 01:05:36.163153 2026] [php:error] [pid 71907] [client 221.31.112.125:0] script '/domains/lover/info.php' not found or unable to stat, referer: https://www.google.de/
[Fri Jan 02 01:05:36.309606 2026] [php:error] [pid 71874] [client 85.166.24.39:0] script '/domains/windsorweb/simple.php' not found or unable to stat, referer: https://www.google.com/
[Fri Jan 02 01:05:36.333529 2026] [php:error] [pid 71907] [client 138.74.96.229:0] script '/domains/lover/about.php' not found or unable to stat, referer: https://www.bing.com/
[Fri Jan 02 01:05:36.499618 2026] [php:error] [pid 71874] [client 9.22.122.72:0] script '/domains/windsorweb/goods.php' not found or unable to stat, referer: https://www.google.fr/
[Fri Jan 02 01:05:36.504469 2026] [php:error] [pid 71907] [client 245.101.234.192:0] script '/domains/lover/admin.php' not found or unable to stat, referer: https://www.google.de/
[Fri Jan 02 01:05:36.674831 2026] [php:error] [pid 71907] [client 153.56.196.236:0] script '/domains/lover/edit.php' not found or unable to stat, referer: https://duckduckgo.com/
[Fri Jan 02 01:05:36.689368 2026] [php:error] [pid 71874] [client 43.232.130.87:0] script '/domains/windsorweb/wp-good.php' not found or unable to stat, referer: https://www.google.fr/
[Fri Jan 02 01:05:36.846248 2026] [php:error] [pid 71907] [client 191.61.47.196:0] script '/domains/lover/ahax.php' not found or unable to stat, referer: https://www.google.fr/
[Fri Jan 02 01:05:37.016753 2026] [php:error] [pid 71907] [client 166.92.102.23:0] script '/domains/lover/ioxi-o.php' not found or unable to stat, referer: https://www.google.fr/
[Fri Jan 02 01:05:37.187733 2026] [php:error] [pid 71907] [client 189.76.117.175:0] script '/domains/lover/bless.php' not found or unable to stat, referer: https://www.bing.com/
[Fri Jan 02 01:05:37.358821 2026] [php:error] [pid 71907] [client 244.46.224.42:0] script '/domains/lover/bolt.php' not found or unable to stat, referer: https://www.google.de/
[Fri Jan 02 01:05:37.529053 2026] [php:error] [pid 71907] [client 254.234.65.92:0] script '/domains/lover/adminfuns.php' not found or unable to stat, referer: https://www.yahoo.com/
[Fri Jan 02 01:05:37.699383 2026] [php:error] [pid 71907] [client 176.50.50.118:0] script '/domains/lover/classwithtostring.php' not found or unable to stat, referer: https://www.google.fr/
[Fri Jan 02 01:05:37.869542 2026] [php:error] [pid 71907] [client 169.241.180.178:0] script '/domains/lover/file.php' not found or unable to stat, referer: https://www.google.fr/
[Fri Jan 02 01:05:38.040043 2026] [php:error] [pid 71907] [client 166.116.104.43:0] script '/domains/lover/abcd.php' not found or unable to stat, referer: https://www.google.co.uk/
[Fri Jan 02 01:05:38.209999 2026] [php:error] [pid 71907] [client 33.195.49.114:0] script '/domains/lover/akcc.php' not found or unable to stat, referer: https://www.yahoo.com/
[Fri Jan 02 01:05:38.384974 2026] [php:error] [pid 71907] [client 97.59.184.254:0] script '/domains/lover/k.php' not found or unable to stat, referer: https://www.google.com/
[Fri Jan 02 01:05:38.555353 2026] [php:error] [pid 71907] [client 16.105.105.133:0] script '/domains/lover/xmlrpc.php' not found or unable to stat, referer: https://www.google.com/
[Fri Jan 02 01:05:38.725749 2026] [php:error] [pid 71907] [client 226.246.236.164:0] script '/domains/lover/xmrlpc.php' not found or unable to stat, referer: https://www.google.co.uk/
[Fri Jan 02 01:05:38.897897 2026] [php:error] [pid 71907] [client 0.225.161.232:0] script '/domains/lover/wp.php' not found or unable to stat, referer: https://www.google.de/
[Fri Jan 02 01:05:39.067934 2026] [php:error] [pid 71907] [client 103.176.245.58:0] script '/domains/lover/yas.php' not found or unable to stat, referer: https://www.yahoo.com/
[Fri Jan 02 01:05:39.238825 2026] [php:error] [pid 71907] [client 252.211.176.136:0] script '/domains/lover/simple.php' not found or unable to stat, referer: https://www.google.com/
[Fri Jan 02 01:05:39.328679 2026] [php:error] [pid 71910] [client 35.247.243.244:0] script '/domains/machinadynamica/adminer-5.2.1-mysql-en.php' not found or unable to stat
[Fri Jan 02 01:05:39.409284 2026] [php:error] [pid 71907] [client 4.190.203.84:0] script '/domains/lover/goods.php' not found or unable to stat, referer: https://www.google.co.uk/
[Fri Jan 02 01:05:39.579321 2026] [php:error] [pid 71907] [client 43.185.108.84:0] script '/domains/lover/wp-good.php' not found or unable to stat, referer: https://www.bing.com/
[Fri Jan 02 01:05:42.591777 2026] [php:error] [pid 71911] [client 195.178.110.132:0] script '/domains/miles.interport/wp-config.php' not found or unable to stat
[Fri Jan 02 01:05:42.682295 2026] [php:error] [pid 71911] [client 195.178.110.132:0] script '/domains/miles.interport/wp-config.php.old' not found or unable to stat
[Fri Jan 02 01:05:42.768682 2026] [php:error] [pid 71911] [client 195.178.110.132:0] script '/domains/miles.interport/config.php' not found or unable to stat
[Fri Jan 02 01:05:42.860319 2026] [php:error] [pid 71911] [client 195.178.110.132:0] script '/domains/miles.interport/config.php.bak' not found or unable to stat
[Fri Jan 02 01:05:43.845372 2026] [php:error] [pid 71896] [client 202.79.135.96:0] script '/domains/fryer/wp-blog.php' not found or unable to stat, referer: https://www.google.co.uk/
[Fri Jan 02 01:05:44.046375 2026] [php:error] [pid 71896] [client 123.59.107.247:0] script '/domains/fryer/o.php' not found or unable to stat, referer: https://www.google.com/
[Fri Jan 02 01:05:44.247473 2026] [php:error] [pid 71896] [client 125.100.188.109:0] script '/domains/fryer/adminfuns.php' not found or unable to stat, referer: https://duckduckgo.com/
[Fri Jan 02 01:05:44.450060 2026] [php:error] [pid 71896] [client 137.12.46.114:0] script '/domains/fryer/phpmailer.lang-sv.php' not found or unable to stat, referer: https://www.yahoo.com/
[Fri Jan 02 01:05:47.076700 2026] [php:error] [pid 71896] [client 176.153.45.0:0] script '/domains/fryer/wp-signin.php' not found or unable to stat, referer: https://www.bing.com/
[Fri Jan 02 01:05:47.279322 2026] [php:error] [pid 71896] [client 81.177.8.201:0] script '/domains/fryer/xmrlpc.php' not found or unable to stat, referer: https://www.yahoo.com/
[Fri Jan 02 01:05:47.480470 2026] [php:error] [pid 71896] [client 24.40.222.92:0] script '/domains/fryer/wp-xml.php' not found or unable to stat, referer: https://duckduckgo.com/
[Fri Jan 02 01:05:47.885582 2026] [php:error] [pid 71896] [client 119.40.79.244:0] script '/domains/fryer/radio.php' not found or unable to stat, referer: https://www.google.co.uk/
[Fri Jan 02 01:05:48.086458 2026] [php:error] [pid 71896] [client 59.186.222.196:0] script '/domains/fryer/schallfuns.php' not found or unable to stat, referer: https://www.bing.com/
[Fri Jan 02 01:05:48.489335 2026] [php:error] [pid 71896] [client 184.130.22.19:0] script '/domains/fryer/test1.php' not found or unable to stat, referer: https://duckduckgo.com/
[Fri Jan 02 01:05:49.093097 2026] [php:error] [pid 71896] [client 130.85.197.137:0] script '/domains/fryer/w.php' not found or unable to stat, referer: https://www.google.fr/
[Fri Jan 02 01:05:52.109645 2026] [php:error] [pid 71896] [client 91.148.129.73:0] script '/domains/fryer/wp-api.php' not found or unable to stat, referer: https://www.google.co.uk/
[Fri Jan 02 01:05:56.387753 2026] [php:error] [pid 71874] [client 35.247.243.247:0] script '/domains/machinadynamica/adminer-4.8.1-en.php' not found or unable to stat
[Fri Jan 02 01:06:00.487088 2026] [php:error] [pid 71905] [client 167.20.180.180:0] script '/domains/braniff/fw.php' not found or unable to stat, referer: https://www.google.de/
[Fri Jan 02 01:06:00.651010 2026] [php:error] [pid 71905] [client 207.101.224.230:0] script '/domains/braniff/gelay.php' not found or unable to stat, referer: https://www.bing.com/
[Fri Jan 02 01:06:00.814834 2026] [php:error] [pid 71905] [client 125.43.239.151:0] script '/domains/braniff/goat.php' not found or unable to stat, referer: https://www.google.fr/
[Fri Jan 02 01:06:00.978370 2026] [php:error] [pid 71905] [client 33.93.177.209:0] script '/domains/braniff/god4m.php' not found or unable to stat, referer: https://www.google.com/
[Fri Jan 02 01:06:01.141844 2026] [php:error] [pid 71905] [client 228.219.237.132:0] script '/domains/braniff/adminfuns.php' not found or unable to stat, referer: https://www.bing.com/
[Fri Jan 02 01:06:01.305310 2026] [php:error] [pid 71905] [client 148.68.129.119:0] script '/domains/braniff/goods.php' not found or unable to stat, referer: https://www.google.com/
[Fri Jan 02 01:06:01.469437 2026] [php:error] [pid 71905] [client 232.236.28.143:0] script '/domains/braniff/images/alfa.php' not found or unable to stat, referer: https://www.google.com/
[Fri Jan 02 01:06:01.634270 2026] [php:error] [pid 71905] [client 201.238.115.240:0] script '/domains/braniff/images/index.php' not found or unable to stat, referer: https://www.yahoo.com/
[Fri Jan 02 01:06:01.798140 2026] [php:error] [pid 71905] [client 211.248.97.189:0] script '/domains/braniff/images/wso.php' not found or unable to stat, referer: https://www.google.de/
[Fri Jan 02 01:06:01.962010 2026] [php:error] [pid 71905] [client 167.66.80.226:0] script '/domains/braniff/images/xmrlpc.php' not found or unable to stat, referer: https://www.google.de/
[Fri Jan 02 01:06:02.125470 2026] [php:error] [pid 71905] [client 161.31.23.112:0] script '/domains/braniff/index2.php' not found or unable to stat, referer: https://www.google.com/
[Fri Jan 02 01:06:02.288847 2026] [php:error] [pid 71905] [client 131.244.145.205:0] script '/domains/braniff/install.php' not found or unable to stat, referer: https://www.bing.com/
[Fri Jan 02 01:06:02.452932 2026] [php:error] [pid 71905] [client 222.212.78.76:0] script '/domains/braniff/lock360.php' not found or unable to stat, referer: https://duckduckgo.com/
[Fri Jan 02 01:06:02.617564 2026] [php:error] [pid 71905] [client 7.38.101.191:0] script '/domains/braniff/networks.php' not found or unable to stat, referer: https://www.bing.com/
[Fri Jan 02 01:06:02.781096 2026] [php:error] [pid 71905] [client 226.143.57.243:0] script '/domains/braniff/log.php' not found or unable to stat, referer: https://www.bing.com/
[Fri Jan 02 01:06:02.944973 2026] [php:error] [pid 71905] [client 220.97.251.108:0] script '/domains/braniff/luuf.php' not found or unable to stat, referer: https://www.google.fr/
[Fri Jan 02 01:06:03.108492 2026] [php:error] [pid 71905] [client 82.32.115.108:0] script '/domains/braniff/makeasmtp.php' not found or unable to stat, referer: https://www.yahoo.com/
[Fri Jan 02 01:06:03.271860 2026] [php:error] [pid 71905] [client 7.247.219.107:0] script '/domains/braniff/mari.php' not found or unable to stat, referer: https://www.bing.com/
[Fri Jan 02 01:06:03.435421 2026] [php:error] [pid 71905] [client 151.118.107.146:0] script '/domains/braniff/mm.php' not found or unable to stat, referer: https://www.google.co.uk/
[Fri Jan 02 01:06:03.600156 2026] [php:error] [pid 71905] [client 80.86.36.193:0] script '/domains/braniff/moon.php' not found or unable to stat, referer: https://www.bing.com/
[Fri Jan 02 01:06:03.763729 2026] [php:error] [pid 71905] [client 83.189.28.131:0] script '/domains/braniff/nc4.php' not found or unable to stat, referer: https://www.google.com/
[Fri Jan 02 01:06:03.927235 2026] [php:error] [pid 71905] [client 75.8.67.5:0] script '/domains/braniff/new.php' not found or unable to stat, referer: https://www.google.de/
[Fri Jan 02 01:06:04.090668 2026] [php:error] [pid 71905] [client 219.116.146.154:0] script '/domains/braniff/wp-good.php' not found or unable to stat, referer: https://www.google.co.uk/
[Fri Jan 02 01:06:04.254007 2026] [php:error] [pid 71905] [client 190.37.199.207:0] script '/domains/braniff/h.php' not found or unable to stat, referer: https://www.google.com/
[Fri Jan 02 01:06:04.418439 2026] [php:error] [pid 71905] [client 92.143.236.10:0] script '/domains/braniff/tmp.php' not found or unable to stat, referer: https://www.google.fr/
[Fri Jan 02 01:06:04.487807 2026] [php:error] [pid 71893] [client 69.192.176.112:0] script '/domains/telacomp/.alf.php' not found or unable to stat, referer: https://www.google.de/
[Fri Jan 02 01:06:04.888261 2026] [php:error] [pid 71893] [client 129.243.231.122:0] script '/domains/telacomp/0x.php' not found or unable to stat, referer: https://www.google.co.uk/
[Fri Jan 02 01:06:05.088488 2026] [php:error] [pid 71893] [client 90.122.209.155:0] script '/domains/telacomp/1.php' not found or unable to stat, referer: https://www.bing.com/
[Fri Jan 02 01:06:05.288618 2026] [php:error] [pid 71893] [client 43.128.16.36:0] script '/domains/telacomp/13.php' not found or unable to stat, referer: https://www.google.fr/
[Fri Jan 02 01:06:05.489327 2026] [php:error] [pid 71893] [client 38.70.83.179:0] script '/domains/telacomp/222.php' not found or unable to stat, referer: https://www.google.co.uk/
[Fri Jan 02 01:06:05.690644 2026] [php:error] [pid 71893] [client 69.31.5.75:0] script '/domains/telacomp/403.php' not found or unable to stat, referer: https://www.yahoo.com/
[Fri Jan 02 01:06:05.891523 2026] [php:error] [pid 71893] [client 147.244.190.239:0] script '/domains/telacomp/404.php' not found or unable to stat, referer: https://www.bing.com/
[Fri Jan 02 01:06:06.091570 2026] [php:error] [pid 71893] [client 205.46.245.103:0] script '/domains/telacomp/9.php' not found or unable to stat, referer: https://www.yahoo.com/
[Fri Jan 02 01:06:06.291825 2026] [php:error] [pid 71893] [client 106.27.205.134:0] script '/domains/telacomp/aa.php' not found or unable to stat, referer: https://www.google.fr/
[Fri Jan 02 01:06:06.492313 2026] [php:error] [pid 71893] [client 16.28.75.100:0] script '/domains/telacomp/abcd.php' not found or unable to stat, referer: https://www.yahoo.com/
[Fri Jan 02 01:06:06.692681 2026] [php:error] [pid 71893] [client 47.6.163.207:0] script '/domains/telacomp/admin.php' not found or unable to stat, referer: https://www.yahoo.com/
[Fri Jan 02 01:06:06.875571 2026] [php:error] [pid 71905] [client 43.57.210.27:0] script '/domains/braniff/www.php' not found or unable to stat, referer: https://www.bing.com/
[Fri Jan 02 01:06:07.037912 2026] [php:error] [pid 71874] [client 146.143.250.236:0] script '/domains/system_default/num.php' not found or unable to stat, referer: https://www.google.co.uk/
[Fri Jan 02 01:06:07.093110 2026] [php:error] [pid 71893] [client 27.196.254.255:0] script '/domains/telacomp/adminfuns.php' not found or unable to stat, referer: https://www.google.de/
[Fri Jan 02 01:06:07.202504 2026] [php:error] [pid 71905] [client 49.158.222.26:0] script '/domains/braniff/d.php' not found or unable to stat, referer: https://www.yahoo.com/
[Fri Jan 02 01:06:07.208003 2026] [php:error] [pid 71874] [client 223.148.37.151:0] script '/domains/system_default/about.php' not found or unable to stat, referer: https://www.google.de/
[Fri Jan 02 01:06:07.293522 2026] [php:error] [pid 71893] [client 227.108.181.224:0] script '/domains/telacomp/ahax.php' not found or unable to stat, referer: https://duckduckgo.com/
[Fri Jan 02 01:06:07.366339 2026] [php:error] [pid 71905] [client 225.9.234.149:0] script '/domains/braniff/head.php' not found or unable to stat, referer: https://www.google.de/
[Fri Jan 02 01:06:07.378267 2026] [php:error] [pid 71874] [client 244.138.66.105:0] script '/domains/system_default/admin.php' not found or unable to stat, referer: https://www.google.fr/
[Fri Jan 02 01:06:07.493498 2026] [php:error] [pid 71893] [client 54.172.182.40:0] script '/domains/telacomp/akc.php' not found or unable to stat, referer: https://duckduckgo.com/
[Fri Jan 02 01:06:07.533567 2026] [php:error] [pid 71905] [client 189.27.194.55:0] script '/domains/braniff/phpinfo.php' not found or unable to stat, referer: https://www.google.de/
[Fri Jan 02 01:06:07.694202 2026] [php:error] [pid 71893] [client 66.222.198.120:0] script '/domains/telacomp/akcc.php' not found or unable to stat, referer: https://www.google.co.uk/
[Fri Jan 02 01:06:07.696766 2026] [php:error] [pid 71905] [client 124.104.193.143:0] script '/domains/braniff/sa.php' not found or unable to stat, referer: https://www.bing.com/
[Fri Jan 02 01:06:07.860692 2026] [php:error] [pid 71905] [client 13.88.132.188:0] script '/domains/braniff/sx.php' not found or unable to stat, referer: https://duckduckgo.com/
[Fri Jan 02 01:06:07.894254 2026] [php:error] [pid 71893] [client 217.160.79.71:0] script '/domains/telacomp/alf.php' not found or unable to stat, referer: https://www.google.de/
[Fri Jan 02 01:06:08.024183 2026] [php:error] [pid 71905] [client 206.57.60.138:0] script '/domains/braniff/uploaded_script.php' not found or unable to stat, referer: https://duckduckgo.com/
[Fri Jan 02 01:06:08.230822 2026] [php:error] [pid 71874] [client 97.219.16.252:0] script '/domains/system_default/bb.php' not found or unable to stat, referer: https://www.google.co.uk/
[Fri Jan 02 01:06:08.294598 2026] [php:error] [pid 71893] [client 117.197.118.241:0] script '/domains/telacomp/file.php' not found or unable to stat, referer: https://www.yahoo.com/
[Fri Jan 02 01:06:08.494623 2026] [php:error] [pid 71893] [client 116.162.190.118:0] script '/domains/telacomp/ioxi-o.php' not found or unable to stat, referer: https://duckduckgo.com/
[Fri Jan 02 01:06:08.695033 2026] [php:error] [pid 71893] [client 72.29.82.237:0] script '/domains/telacomp/inputs.php' not found or unable to stat, referer: https://www.bing.com/
[Fri Jan 02 01:06:08.895530 2026] [php:error] [pid 71893] [client 131.123.124.97:0] script '/domains/telacomp/bless.php' not found or unable to stat, referer: https://www.google.co.uk/
[Fri Jan 02 01:06:08.912861 2026] [php:error] [pid 71874] [client 180.219.250.117:0] script '/domains/system_default/wso.php' not found or unable to stat, referer: https://www.bing.com/
[Fri Jan 02 01:06:09.084158 2026] [php:error] [pid 71874] [client 168.137.5.118:0] script '/domains/system_default/alfa.php' not found or unable to stat, referer: https://www.google.com/
[Fri Jan 02 01:06:09.255410 2026] [php:error] [pid 71874] [client 140.54.89.237:0] script '/domains/system_default/as.php' not found or unable to stat, referer: https://www.google.de/
[Fri Jan 02 01:06:09.295680 2026] [php:error] [pid 71893] [client 239.201.143.223:0] script '/domains/telacomp/classwithtostring.php' not found or unable to stat, referer: https://www.google.fr/
[Fri Jan 02 01:06:09.425893 2026] [php:error] [pid 71874] [client 85.105.161.26:0] script '/domains/system_default/info.php' not found or unable to stat, referer: https://www.google.fr/
[Fri Jan 02 01:06:09.495794 2026] [php:error] [pid 71893] [client 232.70.19.199:0] script '/domains/telacomp/edit.php' not found or unable to stat, referer: https://www.google.co.uk/
[Fri Jan 02 01:06:09.598215 2026] [php:error] [pid 71874] [client 104.7.210.181:0] script '/domains/system_default/themes.php' not found or unable to stat, referer: https://www.bing.com/
[Fri Jan 02 01:06:10.096505 2026] [php:error] [pid 71893] [client 227.164.94.209:0] script '/domains/telacomp/class.php' not found or unable to stat, referer: https://www.yahoo.com/
[Fri Jan 02 01:06:10.109920 2026] [php:error] [pid 71874] [client 62.127.230.198:0] script '/domains/system_default/wp-editor.php' not found or unable to stat, referer: https://www.google.co.uk/
[Fri Jan 02 01:06:10.296564 2026] [php:error] [pid 71893] [client 62.77.25.168:0] script '/domains/telacomp/wp.php' not found or unable to stat, referer: https://www.bing.com/
[Fri Jan 02 01:06:10.496733 2026] [php:error] [pid 71893] [client 119.202.65.119:0] script '/domains/telacomp/s.php' not found or unable to stat, referer: https://duckduckgo.com/
[Fri Jan 02 01:06:10.623964 2026] [php:error] [pid 71874] [client 159.128.105.203:0] script '/domains/system_default/wp1.php' not found or unable to stat, referer: https://duckduckgo.com/
[Fri Jan 02 01:06:10.794646 2026] [php:error] [pid 71874] [client 41.195.49.129:0] script '/domains/system_default/chosen.php' not found or unable to stat, referer: https://www.google.de/
[Fri Jan 02 01:06:10.897673 2026] [php:error] [pid 71893] [client 188.193.61.42:0] script '/domains/telacomp/php.php' not found or unable to stat, referer: https://www.yahoo.com/
[Fri Jan 02 01:06:11.300417 2026] [php:error] [pid 71893] [client 167.200.54.70:0] script '/domains/telacomp/wp-conflg.php' not found or unable to stat, referer: https://duckduckgo.com/
[Fri Jan 02 01:06:11.502066 2026] [php:error] [pid 71893] [client 75.29.140.244:0] script '/domains/telacomp/server.php' not found or unable to stat, referer: https://www.google.de/
[Fri Jan 02 01:06:11.648200 2026] [php:error] [pid 71874] [client 1.231.45.75:0] script '/domains/system_default/alfav4.1-tesla.php' not found or unable to stat, referer: https://www.google.de/
[Fri Jan 02 01:06:11.702354 2026] [php:error] [pid 71893] [client 240.207.172.114:0] script '/domains/telacomp/asasx.php' not found or unable to stat, referer: https://duckduckgo.com/
[Fri Jan 02 01:06:11.818741 2026] [php:error] [pid 71874] [client 188.52.11.92:0] script '/domains/system_default/asd.php' not found or unable to stat, referer: https://www.yahoo.com/
[Fri Jan 02 01:06:12.102852 2026] [php:error] [pid 71893] [client 83.94.26.0:0] script '/domains/telacomp/bolt.php' not found or unable to stat, referer: https://duckduckgo.com/
[Fri Jan 02 01:06:12.159572 2026] [php:error] [pid 71874] [client 126.245.168.69:0] script '/domains/system_default/atomlib.php' not found or unable to stat, referer: https://www.yahoo.com/
[Fri Jan 02 01:06:12.182602 2026] [php:error] [pid 71896] [client 98.159.37.234:0] script '/domains/homesbyaudrey1/xmlrpc.php' not found or unable to stat
[Fri Jan 02 01:06:12.330156 2026] [php:error] [pid 71874] [client 54.46.21.39:0] script '/domains/system_default/autoload_classmap.php' not found or unable to stat, referer: https://www.google.fr/
[Fri Jan 02 01:06:12.377247 2026] [php:error] [pid 71896] [client 173.239.218.3:0] script '/domains/homesbyaudrey1/wp-login.php' not found or unable to stat
[Fri Jan 02 01:06:12.671920 2026] [php:error] [pid 71874] [client 39.149.204.235:0] script '/domains/system_default/aw.php' not found or unable to stat, referer: https://www.google.co.uk/
[Fri Jan 02 01:06:12.704424 2026] [php:error] [pid 71893] [client 125.56.197.81:0] script '/domains/telacomp/buy.php' not found or unable to stat, referer: https://www.google.de/
[Fri Jan 02 01:06:12.842388 2026] [php:error] [pid 71874] [client 85.9.122.79:0] script '/domains/system_default/bak.php' not found or unable to stat, referer: https://www.google.co.uk/
[Fri Jan 02 01:06:13.012869 2026] [php:error] [pid 71874] [client 146.189.54.210:0] script '/domains/system_default/black.php' not found or unable to stat, referer: https://www.google.com/
[Fri Jan 02 01:06:13.105128 2026] [php:error] [pid 71893] [client 34.148.48.97:0] script '/domains/telacomp/fx.php' not found or unable to stat, referer: https://duckduckgo.com/
[Fri Jan 02 01:06:13.354063 2026] [php:error] [pid 71874] [client 201.27.4.83:0] script '/domains/system_default/cong.php' not found or unable to stat, referer: https://www.yahoo.com/
[Fri Jan 02 01:06:13.524233 2026] [php:error] [pid 71874] [client 53.184.121.219:0] script '/domains/system_default/css.php' not found or unable to stat, referer: https://www.google.fr/
[Fri Jan 02 01:06:13.867866 2026] [php:error] [pid 71874] [client 78.202.226.252:0] script '/domains/system_default/cyber.php' not found or unable to stat, referer: https://duckduckgo.com/
[Fri Jan 02 01:06:14.039513 2026] [php:error] [pid 71874] [client 45.81.4.195:0] script '/domains/system_default/default.php' not found or unable to stat, referer: https://www.yahoo.com/
[Fri Jan 02 01:06:14.210131 2026] [php:error] [pid 71874] [client 68.138.41.190:0] script '/domains/system_default/defaults.php' not found or unable to stat, referer: https://www.google.fr/
[Fri Jan 02 01:06:14.380731 2026] [php:error] [pid 71874] [client 214.118.54.99:0] script '/domains/system_default/ds.php' not found or unable to stat, referer: https://www.yahoo.com/
[Fri Jan 02 01:06:14.551272 2026] [php:error] [pid 71874] [client 44.164.36.160:0] script '/domains/system_default/file.php' not found or unable to stat, referer: https://www.google.co.uk/
[Fri Jan 02 01:06:14.722359 2026] [php:error] [pid 71874] [client 31.174.217.70:0] script '/domains/system_default/file2.php' not found or unable to stat, referer: https://duckduckgo.com/
[Fri Jan 02 01:06:14.893151 2026] [php:error] [pid 71874] [client 115.21.40.1:0] script '/domains/system_default/filemanager.php' not found or unable to stat, referer: https://www.google.fr/
[Fri Jan 02 01:06:15.063562 2026] [php:error] [pid 71874] [client 139.47.73.64:0] script '/domains/system_default/flower.php' not found or unable to stat, referer: https://www.google.co.uk/
[Fri Jan 02 01:06:37.704480 2026] [php:error] [pid 71912] [client 20.184.35.52:0] script '/domains/supolo/0.php' not found or unable to stat, referer: https://www.google.fr/
[Fri Jan 02 01:06:37.931231 2026] [php:error] [pid 71912] [client 210.60.96.173:0] script '/domains/supolo/1.php' not found or unable to stat, referer: https://duckduckgo.com/
[Fri Jan 02 01:06:38.066540 2026] [php:error] [pid 71896] [client 216.244.66.232:0] script '/domains/hdickens.enteract/kmnj.php' not found or unable to stat
[Fri Jan 02 01:06:38.158982 2026] [php:error] [pid 71912] [client 157.183.163.194:0] script '/domains/supolo/2.php' not found or unable to stat, referer: https://www.google.co.uk/
[Fri Jan 02 01:06:38.386520 2026] [php:error] [pid 71912] [client 73.184.37.243:0] script '/domains/supolo/12.php' not found or unable to stat, referer: https://www.google.co.uk/
[Fri Jan 02 01:06:38.612385 2026] [php:error] [pid 71912] [client 61.99.41.41:0] script '/domains/supolo/13.php' not found or unable to stat, referer: https://www.google.com/
[Fri Jan 02 01:06:38.839181 2026] [php:error] [pid 71912] [client 122.59.182.121:0] script '/domains/supolo/403.php' not found or unable to stat, referer: https://www.bing.com/
[Fri Jan 02 01:06:39.065518 2026] [php:error] [pid 71912] [client 42.229.90.117:0] script '/domains/supolo/404.php' not found or unable to stat, referer: https://duckduckgo.com/
[Fri Jan 02 01:06:39.292508 2026] [php:error] [pid 71912] [client 39.200.240.133:0] script '/domains/supolo/a.php' not found or unable to stat, referer: https://www.google.com/
[Fri Jan 02 01:06:39.519382 2026] [php:error] [pid 71912] [client 193.9.133.129:0] script '/domains/supolo/aa.php' not found or unable to stat, referer: https://www.google.fr/
[Fri Jan 02 01:06:39.746098 2026] [php:error] [pid 71912] [client 8.39.204.210:0] script '/domains/supolo/abcd.php' not found or unable to stat, referer: https://www.google.co.uk/
[Fri Jan 02 01:06:39.973368 2026] [php:error] [pid 71912] [client 23.38.199.156:0] script '/domains/supolo/about.php' not found or unable to stat, referer: https://duckduckgo.com/
[Fri Jan 02 01:06:40.200065 2026] [php:error] [pid 71912] [client 65.20.40.163:0] script '/domains/supolo/admin.php' not found or unable to stat, referer: https://duckduckgo.com/
