[Sun Mar 08 03:11:39.838135 2026] [php:error] [pid 90862] [client 20.219.23.223:0] script '/domains/system_default/file.php' not found or unable to stat
[Sun Mar 08 03:11:40.058051 2026] [php:error] [pid 90862] [client 20.219.23.223:0] script '/domains/system_default/goods.php' not found or unable to stat
[Sun Mar 08 03:11:40.279723 2026] [php:error] [pid 90862] [client 20.219.23.223:0] script '/domains/system_default/hplfuns.php' not found or unable to stat
[Sun Mar 08 03:11:40.512214 2026] [php:error] [pid 90862] [client 20.219.23.223:0] script '/domains/system_default/htaccess.php' not found or unable to stat
[Sun Mar 08 03:11:41.212640 2026] [php:error] [pid 90862] [client 20.219.23.223:0] script '/domains/system_default/info.php' not found or unable to stat
[Sun Mar 08 03:11:41.431777 2026] [php:error] [pid 90862] [client 20.219.23.223:0] script '/domains/system_default/profile.php' not found or unable to stat
[Sun Mar 08 03:11:41.673893 2026] [php:error] [pid 90862] [client 20.219.23.223:0] script '/domains/system_default/sx.php' not found or unable to stat
[Sun Mar 08 03:11:46.706898 2026] [php:error] [pid 90862] [client 20.219.23.223:0] script '/domains/system_default/wp-fclass.php' not found or unable to stat
[Sun Mar 08 03:11:50.892386 2026] [php:error] [pid 90862] [client 20.219.23.223:0] script '/domains/system_default/wp-themes.php' not found or unable to stat
[Sun Mar 08 03:11:51.106874 2026] [php:error] [pid 90862] [client 20.219.23.223:0] script '/domains/system_default/xmlrpc.php' not found or unable to stat
[Sun Mar 08 03:12:12.898952 2026] [php:error] [pid 90862] [client 104.28.203.60:0] script '/domains/conservation1/style.php' not found or unable to stat
[Sun Mar 08 03:12:13.322679 2026] [php:error] [pid 90862] [client 104.28.203.60:0] script '/domains/conservation1/chosen.php' not found or unable to stat
[Sun Mar 08 03:12:13.397642 2026] [php:error] [pid 90862] [client 104.28.203.60:0] script '/domains/conservation1/file.php' not found or unable to stat
[Sun Mar 08 03:12:13.520945 2026] [php:error] [pid 90862] [client 104.28.203.60:0] script '/domains/conservation1/flower.php' not found or unable to stat
[Sun Mar 08 03:12:13.631504 2026] [php:error] [pid 90862] [client 104.28.203.60:0] script '/domains/conservation1/gifclass.php' not found or unable to stat
[Sun Mar 08 03:12:13.700448 2026] [php:error] [pid 90862] [client 104.28.203.60:0] script '/domains/conservation1/bless.php' not found or unable to stat
[Sun Mar 08 03:12:13.787833 2026] [php:error] [pid 90862] [client 104.28.203.60:0] script '/domains/conservation1/class-t.api.php' not found or unable to stat
[Sun Mar 08 03:12:13.866596 2026] [php:error] [pid 90862] [client 104.28.203.60:0] script '/domains/conservation1/blurbs.php' not found or unable to stat
[Sun Mar 08 03:12:13.992928 2026] [php:error] [pid 90862] [client 104.28.203.60:0] script '/domains/conservation1/akcc.php' not found or unable to stat
[Sun Mar 08 03:12:14.083595 2026] [php:error] [pid 90862] [client 104.28.203.60:0] script '/domains/conservation1/abcd.php' not found or unable to stat
[Sun Mar 08 03:12:14.152042 2026] [php:error] [pid 90862] [client 104.28.203.60:0] script '/domains/conservation1/shelp.php' not found or unable to stat
[Sun Mar 08 03:12:14.232503 2026] [php:error] [pid 90862] [client 104.28.203.60:0] script '/domains/conservation1/cord.php' not found or unable to stat
[Sun Mar 08 03:12:14.395211 2026] [php:error] [pid 90862] [client 104.28.203.60:0] script '/domains/conservation1/dex.php' not found or unable to stat
[Sun Mar 08 03:12:14.638165 2026] [php:error] [pid 90862] [client 104.28.203.60:0] script '/domains/conservation1/file2.php' not found or unable to stat
[Sun Mar 08 03:12:14.749322 2026] [php:error] [pid 90862] [client 104.28.203.60:0] script '/domains/conservation1/zwso.php' not found or unable to stat
[Sun Mar 08 03:12:15.097083 2026] [php:error] [pid 90862] [client 104.28.203.60:0] script '/domains/conservation1/bolt.php' not found or unable to stat
[Sun Mar 08 03:12:15.195541 2026] [php:error] [pid 90862] [client 104.28.203.60:0] script '/domains/conservation1/shlo.php' not found or unable to stat
[Sun Mar 08 03:12:15.262984 2026] [php:error] [pid 90862] [client 104.28.203.60:0] script '/domains/conservation1/133.php' not found or unable to stat
[Sun Mar 08 03:12:15.330560 2026] [php:error] [pid 90862] [client 104.28.203.60:0] script '/domains/conservation1/ahax.php' not found or unable to stat
[Sun Mar 08 03:12:15.399112 2026] [php:error] [pid 90862] [client 104.28.203.60:0] script '/domains/conservation1/php8.php' not found or unable to stat
[Sun Mar 08 03:12:15.465819 2026] [php:error] [pid 90862] [client 104.28.203.60:0] script '/domains/conservation1/lufix1.php' not found or unable to stat
[Sun Mar 08 03:12:15.532893 2026] [php:error] [pid 90862] [client 104.28.203.60:0] script '/domains/conservation1/witmm.php' not found or unable to stat
[Sun Mar 08 03:12:15.874241 2026] [php:error] [pid 90862] [client 104.28.203.60:0] script '/domains/conservation1/ioxi-o.php' not found or unable to stat
[Sun Mar 08 03:12:15.956716 2026] [php:error] [pid 90862] [client 104.28.203.60:0] script '/domains/conservation1/222.php' not found or unable to stat
[Sun Mar 08 03:12:16.042039 2026] [php:error] [pid 90862] [client 104.28.203.60:0] script '/domains/conservation1/files.php' not found or unable to stat
[Sun Mar 08 03:12:16.119372 2026] [php:error] [pid 90862] [client 104.28.203.60:0] script '/domains/conservation1/wp-editor.php' not found or unable to stat
[Sun Mar 08 03:12:16.196356 2026] [php:error] [pid 90862] [client 104.28.203.60:0] script '/domains/conservation1/txets.php' not found or unable to stat
[Sun Mar 08 03:12:16.501830 2026] [php:error] [pid 90862] [client 104.28.203.60:0] script '/domains/conservation1/postnews.php' not found or unable to stat
[Sun Mar 08 03:12:39.783483 2026] [php:error] [pid 90867] [client 104.28.203.60:0] script '/domains/efusion1/style.php' not found or unable to stat
[Sun Mar 08 03:12:40.212575 2026] [php:error] [pid 90867] [client 104.28.203.60:0] script '/domains/efusion1/chosen.php' not found or unable to stat
[Sun Mar 08 03:12:40.294489 2026] [php:error] [pid 90867] [client 104.28.203.60:0] script '/domains/efusion1/file.php' not found or unable to stat
[Sun Mar 08 03:12:40.424371 2026] [php:error] [pid 90867] [client 104.28.203.60:0] script '/domains/efusion1/flower.php' not found or unable to stat
[Sun Mar 08 03:12:40.632556 2026] [php:error] [pid 90867] [client 104.28.203.60:0] script '/domains/efusion1/gifclass.php' not found or unable to stat
[Sun Mar 08 03:12:40.747973 2026] [php:error] [pid 90867] [client 104.28.203.60:0] script '/domains/efusion1/bless.php' not found or unable to stat
[Sun Mar 08 03:12:40.840386 2026] [php:error] [pid 90867] [client 104.28.203.60:0] script '/domains/efusion1/class-t.api.php' not found or unable to stat
[Sun Mar 08 03:12:40.928285 2026] [php:error] [pid 90867] [client 104.28.203.60:0] script '/domains/efusion1/blurbs.php' not found or unable to stat
[Sun Mar 08 03:12:41.029793 2026] [php:error] [pid 90867] [client 104.28.203.60:0] script '/domains/efusion1/akcc.php' not found or unable to stat
[Sun Mar 08 03:12:41.105108 2026] [php:error] [pid 90867] [client 104.28.203.60:0] script '/domains/efusion1/abcd.php' not found or unable to stat
[Sun Mar 08 03:12:41.202210 2026] [php:error] [pid 90867] [client 104.28.203.60:0] script '/domains/efusion1/shelp.php' not found or unable to stat
[Sun Mar 08 03:12:41.359787 2026] [php:error] [pid 90867] [client 104.28.203.60:0] script '/domains/efusion1/cord.php' not found or unable to stat
[Sun Mar 08 03:12:41.470850 2026] [php:error] [pid 90867] [client 104.28.203.60:0] script '/domains/efusion1/dex.php' not found or unable to stat
[Sun Mar 08 03:12:41.632816 2026] [php:error] [pid 90867] [client 104.28.203.60:0] script '/domains/efusion1/file2.php' not found or unable to stat
[Sun Mar 08 03:12:41.704243 2026] [php:error] [pid 90867] [client 104.28.203.60:0] script '/domains/efusion1/zwso.php' not found or unable to stat
[Sun Mar 08 03:12:41.994579 2026] [php:error] [pid 90867] [client 104.28.203.60:0] script '/domains/efusion1/bolt.php' not found or unable to stat
[Sun Mar 08 03:12:42.097798 2026] [php:error] [pid 90867] [client 104.28.203.60:0] script '/domains/efusion1/shlo.php' not found or unable to stat
[Sun Mar 08 03:12:42.207105 2026] [php:error] [pid 90867] [client 104.28.203.60:0] script '/domains/efusion1/133.php' not found or unable to stat
[Sun Mar 08 03:12:42.277320 2026] [php:error] [pid 90867] [client 104.28.203.60:0] script '/domains/efusion1/ahax.php' not found or unable to stat
[Sun Mar 08 03:12:42.375468 2026] [php:error] [pid 90867] [client 104.28.203.60:0] script '/domains/efusion1/php8.php' not found or unable to stat
[Sun Mar 08 03:12:42.452170 2026] [php:error] [pid 90867] [client 104.28.203.60:0] script '/domains/efusion1/lufix1.php' not found or unable to stat
[Sun Mar 08 03:12:42.561553 2026] [php:error] [pid 90867] [client 104.28.203.60:0] script '/domains/efusion1/witmm.php' not found or unable to stat
[Sun Mar 08 03:12:42.911863 2026] [php:error] [pid 90867] [client 104.28.203.60:0] script '/domains/efusion1/ioxi-o.php' not found or unable to stat
[Sun Mar 08 03:12:42.993767 2026] [php:error] [pid 90867] [client 104.28.203.60:0] script '/domains/efusion1/222.php' not found or unable to stat
[Sun Mar 08 03:12:43.064171 2026] [php:error] [pid 90867] [client 104.28.203.60:0] script '/domains/efusion1/files.php' not found or unable to stat
[Sun Mar 08 03:12:43.163192 2026] [php:error] [pid 90867] [client 104.28.203.60:0] script '/domains/efusion1/wp-editor.php' not found or unable to stat
[Sun Mar 08 03:12:43.252838 2026] [php:error] [pid 90867] [client 104.28.203.60:0] script '/domains/efusion1/txets.php' not found or unable to stat
[Sun Mar 08 03:12:43.518113 2026] [php:error] [pid 90867] [client 104.28.203.60:0] script '/domains/efusion1/postnews.php' not found or unable to stat
[Sun Mar 08 03:13:42.418295 2026] [php:error] [pid 90883] [client 104.28.235.57:0] script '/domains/fairlane1/style.php' not found or unable to stat
[Sun Mar 08 03:13:42.457292 2026] [php:error] [pid 90882] [client 104.28.235.57:0] script '/domains/nostrada/style.php' not found or unable to stat
[Sun Mar 08 03:13:42.782668 2026] [php:error] [pid 90883] [client 104.28.235.57:0] script '/domains/fairlane1/chosen.php' not found or unable to stat
[Sun Mar 08 03:13:42.846103 2026] [php:error] [pid 90882] [client 104.28.235.57:0] script '/domains/nostrada/chosen.php' not found or unable to stat
[Sun Mar 08 03:13:42.852779 2026] [php:error] [pid 90883] [client 104.28.235.57:0] script '/domains/fairlane1/file.php' not found or unable to stat
[Sun Mar 08 03:13:42.915049 2026] [php:error] [pid 90882] [client 104.28.235.57:0] script '/domains/nostrada/file.php' not found or unable to stat
[Sun Mar 08 03:13:42.922936 2026] [php:error] [pid 90883] [client 104.28.235.57:0] script '/domains/fairlane1/flower.php' not found or unable to stat
[Sun Mar 08 03:13:42.988413 2026] [php:error] [pid 90882] [client 104.28.235.57:0] script '/domains/nostrada/flower.php' not found or unable to stat
[Sun Mar 08 03:13:42.993808 2026] [php:error] [pid 90883] [client 104.28.235.57:0] script '/domains/fairlane1/gifclass.php' not found or unable to stat
[Sun Mar 08 03:13:43.055562 2026] [php:error] [pid 90882] [client 104.28.235.57:0] script '/domains/nostrada/gifclass.php' not found or unable to stat
[Sun Mar 08 03:13:43.086335 2026] [php:error] [pid 90883] [client 104.28.235.57:0] script '/domains/fairlane1/bless.php' not found or unable to stat
[Sun Mar 08 03:13:43.124931 2026] [php:error] [pid 90882] [client 104.28.235.57:0] script '/domains/nostrada/bless.php' not found or unable to stat
[Sun Mar 08 03:13:43.185882 2026] [php:error] [pid 90883] [client 104.28.235.57:0] script '/domains/fairlane1/class-t.api.php' not found or unable to stat
[Sun Mar 08 03:13:43.201202 2026] [php:error] [pid 90882] [client 104.28.235.57:0] script '/domains/nostrada/class-t.api.php' not found or unable to stat
[Sun Mar 08 03:13:43.257753 2026] [php:error] [pid 90883] [client 104.28.235.57:0] script '/domains/fairlane1/blurbs.php' not found or unable to stat
[Sun Mar 08 03:13:43.276006 2026] [php:error] [pid 90882] [client 104.28.235.57:0] script '/domains/nostrada/blurbs.php' not found or unable to stat
[Sun Mar 08 03:13:43.328281 2026] [php:error] [pid 90883] [client 104.28.235.57:0] script '/domains/fairlane1/akcc.php' not found or unable to stat
[Sun Mar 08 03:13:43.392317 2026] [php:error] [pid 90882] [client 104.28.235.57:0] script '/domains/nostrada/akcc.php' not found or unable to stat
[Sun Mar 08 03:13:43.421481 2026] [php:error] [pid 90883] [client 104.28.235.57:0] script '/domains/fairlane1/abcd.php' not found or unable to stat
[Sun Mar 08 03:13:43.461877 2026] [php:error] [pid 90882] [client 104.28.235.57:0] script '/domains/nostrada/abcd.php' not found or unable to stat
[Sun Mar 08 03:13:43.515830 2026] [php:error] [pid 90883] [client 104.28.235.57:0] script '/domains/fairlane1/shelp.php' not found or unable to stat
[Sun Mar 08 03:13:43.527522 2026] [php:error] [pid 90882] [client 104.28.235.57:0] script '/domains/nostrada/shelp.php' not found or unable to stat
[Sun Mar 08 03:13:43.593801 2026] [php:error] [pid 90882] [client 104.28.235.57:0] script '/domains/nostrada/cord.php' not found or unable to stat
[Sun Mar 08 03:13:43.606980 2026] [php:error] [pid 90883] [client 104.28.235.57:0] script '/domains/fairlane1/cord.php' not found or unable to stat
[Sun Mar 08 03:13:43.660398 2026] [php:error] [pid 90882] [client 104.28.235.57:0] script '/domains/nostrada/dex.php' not found or unable to stat
[Sun Mar 08 03:13:43.691300 2026] [php:error] [pid 90883] [client 104.28.235.57:0] script '/domains/fairlane1/dex.php' not found or unable to stat
[Sun Mar 08 03:13:43.806570 2026] [php:error] [pid 90882] [client 104.28.235.57:0] script '/domains/nostrada/file2.php' not found or unable to stat
[Sun Mar 08 03:13:43.877281 2026] [php:error] [pid 90882] [client 104.28.235.57:0] script '/domains/nostrada/zwso.php' not found or unable to stat
[Sun Mar 08 03:13:43.882147 2026] [php:error] [pid 90883] [client 104.28.235.57:0] script '/domains/fairlane1/file2.php' not found or unable to stat
[Sun Mar 08 03:13:43.954720 2026] [php:error] [pid 90883] [client 104.28.235.57:0] script '/domains/fairlane1/zwso.php' not found or unable to stat
[Sun Mar 08 03:13:44.091577 2026] [php:error] [pid 90882] [client 104.28.235.57:0] script '/domains/nostrada/bolt.php' not found or unable to stat
[Sun Mar 08 03:13:44.193386 2026] [php:error] [pid 90882] [client 104.28.235.57:0] script '/domains/nostrada/shlo.php' not found or unable to stat
[Sun Mar 08 03:13:44.193731 2026] [php:error] [pid 90883] [client 104.28.235.57:0] script '/domains/fairlane1/bolt.php' not found or unable to stat
[Sun Mar 08 03:13:44.259935 2026] [php:error] [pid 90882] [client 104.28.235.57:0] script '/domains/nostrada/133.php' not found or unable to stat
[Sun Mar 08 03:13:44.260229 2026] [php:error] [pid 90883] [client 104.28.235.57:0] script '/domains/fairlane1/shlo.php' not found or unable to stat
[Sun Mar 08 03:13:44.352243 2026] [php:error] [pid 90883] [client 104.28.235.57:0] script '/domains/fairlane1/133.php' not found or unable to stat
[Sun Mar 08 03:13:44.352252 2026] [php:error] [pid 90882] [client 104.28.235.57:0] script '/domains/nostrada/ahax.php' not found or unable to stat
[Sun Mar 08 03:13:44.419582 2026] [php:error] [pid 90882] [client 104.28.235.57:0] script '/domains/nostrada/php8.php' not found or unable to stat
[Sun Mar 08 03:13:44.419925 2026] [php:error] [pid 90883] [client 104.28.235.57:0] script '/domains/fairlane1/ahax.php' not found or unable to stat
[Sun Mar 08 03:13:44.540206 2026] [php:error] [pid 90882] [client 104.28.235.57:0] script '/domains/nostrada/lufix1.php' not found or unable to stat
[Sun Mar 08 03:13:44.540605 2026] [php:error] [pid 90883] [client 104.28.235.57:0] script '/domains/fairlane1/php8.php' not found or unable to stat
[Sun Mar 08 03:13:44.608776 2026] [php:error] [pid 90882] [client 104.28.235.57:0] script '/domains/nostrada/witmm.php' not found or unable to stat
[Sun Mar 08 03:13:44.608975 2026] [php:error] [pid 90883] [client 104.28.235.57:0] script '/domains/fairlane1/lufix1.php' not found or unable to stat
[Sun Mar 08 03:13:44.684128 2026] [php:error] [pid 90883] [client 104.28.235.57:0] script '/domains/fairlane1/witmm.php' not found or unable to stat
[Sun Mar 08 03:13:44.912199 2026] [php:error] [pid 90882] [client 104.28.235.57:0] script '/domains/nostrada/ioxi-o.php' not found or unable to stat
[Sun Mar 08 03:13:45.033786 2026] [php:error] [pid 90883] [client 104.28.235.57:0] script '/domains/fairlane1/ioxi-o.php' not found or unable to stat
[Sun Mar 08 03:13:45.054983 2026] [php:error] [pid 90882] [client 104.28.235.57:0] script '/domains/nostrada/222.php' not found or unable to stat
[Sun Mar 08 03:13:45.114125 2026] [php:error] [pid 90883] [client 104.28.235.57:0] script '/domains/fairlane1/222.php' not found or unable to stat
[Sun Mar 08 03:13:45.122526 2026] [php:error] [pid 90882] [client 104.28.235.57:0] script '/domains/nostrada/files.php' not found or unable to stat
[Sun Mar 08 03:13:45.214035 2026] [php:error] [pid 90882] [client 104.28.235.57:0] script '/domains/nostrada/wp-editor.php' not found or unable to stat
[Sun Mar 08 03:13:45.214279 2026] [php:error] [pid 90883] [client 104.28.235.57:0] script '/domains/fairlane1/files.php' not found or unable to stat
[Sun Mar 08 03:13:45.281913 2026] [php:error] [pid 90882] [client 104.28.235.57:0] script '/domains/nostrada/txets.php' not found or unable to stat
[Sun Mar 08 03:13:45.282157 2026] [php:error] [pid 90883] [client 104.28.235.57:0] script '/domains/fairlane1/wp-editor.php' not found or unable to stat
[Sun Mar 08 03:13:45.401735 2026] [php:error] [pid 90883] [client 104.28.235.57:0] script '/domains/fairlane1/txets.php' not found or unable to stat
[Sun Mar 08 03:13:45.546790 2026] [php:error] [pid 90882] [client 104.28.235.57:0] script '/domains/nostrada/postnews.php' not found or unable to stat
[Sun Mar 08 03:13:45.680621 2026] [php:error] [pid 90883] [client 104.28.235.57:0] script '/domains/fairlane1/postnews.php' not found or unable to stat
[Sun Mar 08 03:14:38.219052 2026] [php:error] [pid 90884] [client 20.219.8.79:0] script '/domains/ebon/wp-links.php' not found or unable to stat
[Sun Mar 08 03:14:40.043191 2026] [php:error] [pid 90907] [client 68.183.8.87:0] script '/domains/drsuper/xmlrpc.php' not found or unable to stat
[Sun Mar 08 03:14:51.974177 2026] [php:error] [pid 90884] [client 20.219.8.79:0] script '/domains/ebon/bk.php' not found or unable to stat
[Sun Mar 08 03:14:52.180899 2026] [php:error] [pid 90884] [client 20.219.8.79:0] script '/domains/ebon/public.php' not found or unable to stat
[Sun Mar 08 03:14:52.308606 2026] [php:error] [pid 90905] [client 104.28.203.60:0] script '/domains/afglcweb/style.php' not found or unable to stat
[Sun Mar 08 03:14:52.868711 2026] [php:error] [pid 90905] [client 104.28.203.60:0] script '/domains/afglcweb/chosen.php' not found or unable to stat
[Sun Mar 08 03:14:52.941441 2026] [php:error] [pid 90905] [client 104.28.203.60:0] script '/domains/afglcweb/file.php' not found or unable to stat
[Sun Mar 08 03:14:53.034402 2026] [php:error] [pid 90905] [client 104.28.203.60:0] script '/domains/afglcweb/flower.php' not found or unable to stat
[Sun Mar 08 03:14:53.121249 2026] [php:error] [pid 90905] [client 104.28.203.60:0] script '/domains/afglcweb/gifclass.php' not found or unable to stat
[Sun Mar 08 03:14:53.212203 2026] [php:error] [pid 90905] [client 104.28.203.60:0] script '/domains/afglcweb/bless.php' not found or unable to stat
[Sun Mar 08 03:14:53.343177 2026] [php:error] [pid 90905] [client 104.28.203.60:0] script '/domains/afglcweb/class-t.api.php' not found or unable to stat
[Sun Mar 08 03:14:53.410970 2026] [php:error] [pid 90905] [client 104.28.203.60:0] script '/domains/afglcweb/blurbs.php' not found or unable to stat
[Sun Mar 08 03:14:53.484408 2026] [php:error] [pid 90905] [client 104.28.203.60:0] script '/domains/afglcweb/akcc.php' not found or unable to stat
[Sun Mar 08 03:14:53.578371 2026] [php:error] [pid 90905] [client 104.28.203.60:0] script '/domains/afglcweb/abcd.php' not found or unable to stat
[Sun Mar 08 03:14:53.689373 2026] [php:error] [pid 90898] [client 159.69.64.245:0] script '/domains/ferguson.interport/wp-login.php' not found or unable to stat
[Sun Mar 08 03:14:53.694215 2026] [php:error] [pid 90905] [client 104.28.203.60:0] script '/domains/afglcweb/shelp.php' not found or unable to stat
[Sun Mar 08 03:14:53.773904 2026] [php:error] [pid 90905] [client 104.28.203.60:0] script '/domains/afglcweb/cord.php' not found or unable to stat
[Sun Mar 08 03:14:53.903411 2026] [php:error] [pid 90905] [client 104.28.203.60:0] script '/domains/afglcweb/dex.php' not found or unable to stat
[Sun Mar 08 03:14:53.904704 2026] [php:error] [pid 90891] [client 159.69.64.245:0] script '/domains/ferguson.interport/wp-login.php' not found or unable to stat
[Sun Mar 08 03:14:54.092559 2026] [php:error] [pid 90905] [client 104.28.203.60:0] script '/domains/afglcweb/file2.php' not found or unable to stat
[Sun Mar 08 03:14:54.208442 2026] [php:error] [pid 90905] [client 104.28.203.60:0] script '/domains/afglcweb/zwso.php' not found or unable to stat
[Sun Mar 08 03:14:54.433200 2026] [php:error] [pid 90905] [client 104.28.203.60:0] script '/domains/afglcweb/bolt.php' not found or unable to stat
[Sun Mar 08 03:14:54.512367 2026] [php:error] [pid 90905] [client 104.28.203.60:0] script '/domains/afglcweb/shlo.php' not found or unable to stat
[Sun Mar 08 03:14:54.643369 2026] [php:error] [pid 90905] [client 104.28.203.60:0] script '/domains/afglcweb/133.php' not found or unable to stat
[Sun Mar 08 03:14:54.779331 2026] [php:error] [pid 90905] [client 104.28.203.60:0] script '/domains/afglcweb/ahax.php' not found or unable to stat
[Sun Mar 08 03:14:54.865777 2026] [php:error] [pid 90905] [client 104.28.203.60:0] script '/domains/afglcweb/php8.php' not found or unable to stat
[Sun Mar 08 03:14:54.907035 2026] [php:error] [pid 90898] [client 159.69.64.245:0] script '/domains/biehlweb/wp-login.php' not found or unable to stat
[Sun Mar 08 03:14:54.935780 2026] [php:error] [pid 90905] [client 104.28.203.60:0] script '/domains/afglcweb/lufix1.php' not found or unable to stat
[Sun Mar 08 03:14:55.043146 2026] [php:error] [pid 90905] [client 104.28.203.60:0] script '/domains/afglcweb/witmm.php' not found or unable to stat
[Sun Mar 08 03:14:55.131725 2026] [php:error] [pid 90896] [client 159.69.64.245:0] script '/domains/biehlweb/wp-login.php' not found or unable to stat
[Sun Mar 08 03:14:55.557147 2026] [php:error] [pid 90905] [client 104.28.203.60:0] script '/domains/afglcweb/ioxi-o.php' not found or unable to stat
[Sun Mar 08 03:14:55.626841 2026] [php:error] [pid 90905] [client 104.28.203.60:0] script '/domains/afglcweb/222.php' not found or unable to stat
[Sun Mar 08 03:14:55.698197 2026] [php:error] [pid 90905] [client 104.28.203.60:0] script '/domains/afglcweb/files.php' not found or unable to stat
[Sun Mar 08 03:14:55.766316 2026] [php:error] [pid 90905] [client 104.28.203.60:0] script '/domains/afglcweb/wp-editor.php' not found or unable to stat
[Sun Mar 08 03:14:55.859075 2026] [php:error] [pid 90905] [client 104.28.203.60:0] script '/domains/afglcweb/txets.php' not found or unable to stat
[Sun Mar 08 03:14:56.235721 2026] [php:error] [pid 90896] [client 159.69.64.245:0] script '/domains/mjbradley/wp-login.php' not found or unable to stat
[Sun Mar 08 03:14:56.273950 2026] [php:error] [pid 90905] [client 104.28.203.60:0] script '/domains/afglcweb/postnews.php' not found or unable to stat
[Sun Mar 08 03:14:56.459596 2026] [php:error] [pid 90892] [client 159.69.64.245:0] script '/domains/mjbradley/wp-login.php' not found or unable to stat
[Sun Mar 08 03:14:57.375725 2026] [php:error] [pid 90908] [client 159.69.64.245:0] script '/domains/system_suspended/wp-login.php' not found or unable to stat
[Sun Mar 08 03:14:57.614824 2026] [php:error] [pid 90896] [client 159.69.64.245:0] script '/domains/system_suspended/wp-login.php' not found or unable to stat
[Sun Mar 08 03:14:59.405710 2026] [php:error] [pid 90909] [client 159.69.64.245:0] script '/domains/rnachum/wp-login.php' not found or unable to stat
[Sun Mar 08 03:14:59.630160 2026] [php:error] [pid 90908] [client 159.69.64.245:0] script '/domains/rnachum/wp-login.php' not found or unable to stat
[Sun Mar 08 03:15:00.448006 2026] [php:error] [pid 90905] [client 159.69.64.245:0] script '/domains/micra/wp-login.php' not found or unable to stat
[Sun Mar 08 03:15:00.670598 2026] [php:error] [pid 90884] [client 159.69.64.245:0] script '/domains/micra/wp-login.php' not found or unable to stat
[Sun Mar 08 03:15:01.864690 2026] [php:error] [pid 90907] [client 159.69.64.245:0] script '/domains/peterbmiller/wp-login.php' not found or unable to stat
[Sun Mar 08 03:15:02.092734 2026] [php:error] [pid 90895] [client 159.69.64.245:0] script '/domains/peterbmiller/wp-login.php' not found or unable to stat
[Sun Mar 08 03:15:02.862294 2026] [php:error] [pid 90900] [client 159.69.64.245:0] script '/domains/smartny/wp-login.php' not found or unable to stat
[Sun Mar 08 03:15:03.284286 2026] [php:error] [pid 90900] [client 159.69.64.245:0] script '/domains/smartny/wp-login.php' not found or unable to stat
[Sun Mar 08 03:15:04.359421 2026] [php:error] [pid 90895] [client 159.69.64.245:0] script '/domains/system_suspended/wp-login.php' not found or unable to stat
[Sun Mar 08 03:15:04.582832 2026] [php:error] [pid 90903] [client 159.69.64.245:0] script '/domains/system_suspended/wp-login.php' not found or unable to stat
[Sun Mar 08 03:15:05.602776 2026] [php:error] [pid 90890] [client 159.69.64.245:0] script '/domains/druckrey/wp-login.php' not found or unable to stat
[Sun Mar 08 03:15:05.845090 2026] [php:error] [pid 90906] [client 159.69.64.245:0] script '/domains/druckrey/wp-login.php' not found or unable to stat
[Sun Mar 08 03:15:06.557824 2026] [php:error] [pid 90900] [client 159.69.64.245:0] script '/domains/system_default/wp-login.php' not found or unable to stat
[Sun Mar 08 03:15:06.890807 2026] [php:error] [pid 90891] [client 159.69.64.245:0] script '/domains/system_default/wp-login.php' not found or unable to stat
[Sun Mar 08 03:15:07.783572 2026] [php:error] [pid 90903] [client 159.69.64.245:0] script '/domains/system_suspended/wp-login.php' not found or unable to stat
[Sun Mar 08 03:15:08.008782 2026] [php:error] [pid 90906] [client 159.69.64.245:0] script '/domains/system_suspended/wp-login.php' not found or unable to stat
[Sun Mar 08 03:15:09.191662 2026] [php:error] [pid 90903] [client 104.28.203.60:0] script '/domains/csiniaws/style.php' not found or unable to stat
[Sun Mar 08 03:15:09.723487 2026] [php:error] [pid 90903] [client 104.28.203.60:0] script '/domains/csiniaws/chosen.php' not found or unable to stat
[Sun Mar 08 03:15:09.912659 2026] [php:error] [pid 90890] [client 159.69.64.245:0] script '/domains/wsmith.enteract/wp-login.php' not found or unable to stat
[Sun Mar 08 03:15:09.978832 2026] [php:error] [pid 90903] [client 104.28.203.60:0] script '/domains/csiniaws/file.php' not found or unable to stat
[Sun Mar 08 03:15:10.101500 2026] [php:error] [pid 90903] [client 104.28.203.60:0] script '/domains/csiniaws/flower.php' not found or unable to stat
[Sun Mar 08 03:15:10.163674 2026] [php:error] [pid 90915] [client 159.69.64.245:0] script '/domains/wsmith.enteract/wp-login.php' not found or unable to stat
[Sun Mar 08 03:15:10.235754 2026] [php:error] [pid 90903] [client 104.28.203.60:0] script '/domains/csiniaws/gifclass.php' not found or unable to stat
[Sun Mar 08 03:15:10.301870 2026] [php:error] [pid 90903] [client 104.28.203.60:0] script '/domains/csiniaws/bless.php' not found or unable to stat
[Sun Mar 08 03:15:10.413473 2026] [php:error] [pid 90903] [client 104.28.203.60:0] script '/domains/csiniaws/class-t.api.php' not found or unable to stat
[Sun Mar 08 03:15:10.564370 2026] [php:error] [pid 90903] [client 104.28.203.60:0] script '/domains/csiniaws/blurbs.php' not found or unable to stat
[Sun Mar 08 03:15:10.663533 2026] [php:error] [pid 90903] [client 104.28.203.60:0] script '/domains/csiniaws/akcc.php' not found or unable to stat
[Sun Mar 08 03:15:10.815008 2026] [php:error] [pid 90903] [client 104.28.203.60:0] script '/domains/csiniaws/abcd.php' not found or unable to stat
[Sun Mar 08 03:15:10.967977 2026] [php:error] [pid 90903] [client 104.28.203.60:0] script '/domains/csiniaws/shelp.php' not found or unable to stat
[Sun Mar 08 03:15:11.139071 2026] [php:error] [pid 90903] [client 104.28.203.60:0] script '/domains/csiniaws/cord.php' not found or unable to stat
[Sun Mar 08 03:15:11.243072 2026] [php:error] [pid 90903] [client 104.28.203.60:0] script '/domains/csiniaws/dex.php' not found or unable to stat
[Sun Mar 08 03:15:11.383948 2026] [php:error] [pid 90917] [client 159.69.64.245:0] script '/domains/resourceandeventweb/wp-login.php' not found or unable to stat
[Sun Mar 08 03:15:11.473880 2026] [php:error] [pid 90903] [client 104.28.203.60:0] script '/domains/csiniaws/file2.php' not found or unable to stat
[Sun Mar 08 03:15:11.562365 2026] [php:error] [pid 90903] [client 104.28.203.60:0] script '/domains/csiniaws/zwso.php' not found or unable to stat
[Sun Mar 08 03:15:11.721804 2026] [php:error] [pid 90916] [client 159.69.64.245:0] script '/domains/resourceandeventweb/wp-login.php' not found or unable to stat
[Sun Mar 08 03:15:11.873164 2026] [php:error] [pid 90903] [client 104.28.203.60:0] script '/domains/csiniaws/bolt.php' not found or unable to stat
[Sun Mar 08 03:15:11.942725 2026] [php:error] [pid 90903] [client 104.28.203.60:0] script '/domains/csiniaws/shlo.php' not found or unable to stat
[Sun Mar 08 03:15:12.012732 2026] [php:error] [pid 90903] [client 104.28.203.60:0] script '/domains/csiniaws/133.php' not found or unable to stat
[Sun Mar 08 03:15:12.170518 2026] [php:error] [pid 90903] [client 104.28.203.60:0] script '/domains/csiniaws/ahax.php' not found or unable to stat
[Sun Mar 08 03:15:12.346137 2026] [php:error] [pid 90903] [client 104.28.203.60:0] script '/domains/csiniaws/php8.php' not found or unable to stat
[Sun Mar 08 03:15:12.431730 2026] [php:error] [pid 90903] [client 104.28.203.60:0] script '/domains/csiniaws/lufix1.php' not found or unable to stat
[Sun Mar 08 03:15:12.506935 2026] [php:error] [pid 90903] [client 104.28.203.60:0] script '/domains/csiniaws/witmm.php' not found or unable to stat
[Sun Mar 08 03:15:13.072260 2026] [php:error] [pid 90903] [client 104.28.203.60:0] script '/domains/csiniaws/ioxi-o.php' not found or unable to stat
[Sun Mar 08 03:15:13.174966 2026] [php:error] [pid 90903] [client 104.28.203.60:0] script '/domains/csiniaws/222.php' not found or unable to stat
[Sun Mar 08 03:15:13.275572 2026] [php:error] [pid 90903] [client 104.28.203.60:0] script '/domains/csiniaws/files.php' not found or unable to stat
[Sun Mar 08 03:15:13.345238 2026] [php:error] [pid 90903] [client 104.28.203.60:0] script '/domains/csiniaws/wp-editor.php' not found or unable to stat
[Sun Mar 08 03:15:13.422295 2026] [php:error] [pid 90903] [client 104.28.203.60:0] script '/domains/csiniaws/txets.php' not found or unable to stat
[Sun Mar 08 03:15:13.832005 2026] [php:error] [pid 90895] [client 159.69.64.245:0] script '/domains/testregisgroup/wp-login.php' not found or unable to stat
[Sun Mar 08 03:15:13.856374 2026] [php:error] [pid 90903] [client 104.28.203.60:0] script '/domains/csiniaws/postnews.php' not found or unable to stat
[Sun Mar 08 03:15:14.143298 2026] [php:error] [pid 90918] [client 159.69.64.245:0] script '/domains/testregisgroup/wp-login.php' not found or unable to stat
[Sun Mar 08 03:15:15.560070 2026] [php:error] [pid 90900] [client 159.69.64.245:0] script '/domains/hpveweb/wp-login.php' not found or unable to stat
[Sun Mar 08 03:15:15.920352 2026] [php:error] [pid 90885] [client 159.69.64.245:0] script '/domains/hpveweb/wp-login.php' not found or unable to stat
[Sun Mar 08 03:15:17.200131 2026] [php:error] [pid 90890] [client 159.69.64.245:0] script '/domains/system_suspended/wp-login.php' not found or unable to stat
[Sun Mar 08 03:15:17.439467 2026] [php:error] [pid 90891] [client 159.69.64.245:0] script '/domains/system_suspended/wp-login.php' not found or unable to stat
[Sun Mar 08 03:15:18.243599 2026] [php:error] [pid 90903] [client 159.69.64.245:0] script '/domains/frog.interport1/wp-login.php' not found or unable to stat
[Sun Mar 08 03:15:18.485823 2026] [php:error] [pid 90895] [client 159.69.64.245:0] script '/domains/frog.interport1/wp-login.php' not found or unable to stat
[Sun Mar 08 03:15:19.583381 2026] [php:error] [pid 90885] [client 159.69.64.245:0] script '/domains/fdcarter/wp-login.php' not found or unable to stat
[Sun Mar 08 03:15:19.866263 2026] [php:error] [pid 90895] [client 159.69.64.245:0] script '/domains/fdcarter/wp-login.php' not found or unable to stat
[Sun Mar 08 03:15:21.816932 2026] [php:error] [pid 90885] [client 159.69.64.245:0] script '/domains/homesbyaudrey1/wp-login.php' not found or unable to stat
[Sun Mar 08 03:15:22.028488 2026] [php:error] [pid 90902] [client 159.69.64.245:0] script '/domains/homesbyaudrey1/wp-login.php' not found or unable to stat
[Sun Mar 08 03:15:24.063740 2026] [php:error] [pid 90885] [client 159.69.64.245:0] script '/domains/acagolf1/wp-login.php' not found or unable to stat
[Sun Mar 08 03:15:24.458443 2026] [php:error] [pid 90903] [client 159.69.64.245:0] script '/domains/acagolf1/wp-login.php' not found or unable to stat
[Sun Mar 08 03:15:25.584605 2026] [php:error] [pid 90919] [client 159.69.64.245:0] script '/domains/fbardin/wp-login.php' not found or unable to stat
[Sun Mar 08 03:15:25.868589 2026] [php:error] [pid 90902] [client 159.69.64.245:0] script '/domains/fbardin/wp-login.php' not found or unable to stat
[Sun Mar 08 03:15:26.779391 2026] [php:error] [pid 90895] [client 159.69.64.245:0] script '/domains/pbuilder/wp-login.php' not found or unable to stat
[Sun Mar 08 03:15:27.196344 2026] [php:error] [pid 90885] [client 159.69.64.245:0] script '/domains/pbuilder/wp-login.php' not found or unable to stat
[Sun Mar 08 03:15:29.832991 2026] [php:error] [pid 90918] [client 159.69.64.245:0] script '/domains/hungariantasteweb/wp-login.php' not found or unable to stat
[Sun Mar 08 03:15:30.051742 2026] [php:error] [pid 90895] [client 159.69.64.245:0] script '/domains/hungariantasteweb/wp-login.php' not found or unable to stat
[Sun Mar 08 03:15:31.252572 2026] [php:error] [pid 90895] [client 159.69.64.245:0] script '/domains/nlyfoods/wp-login.php' not found or unable to stat
[Sun Mar 08 03:15:31.494495 2026] [php:error] [pid 90918] [client 159.69.64.245:0] script '/domains/nlyfoods/wp-login.php' not found or unable to stat
[Sun Mar 08 03:15:32.293052 2026] [php:error] [pid 90895] [client 159.69.64.245:0] script '/domains/system_default/wp-login.php' not found or unable to stat
[Sun Mar 08 03:15:32.537284 2026] [php:error] [pid 90918] [client 159.69.64.245:0] script '/domains/system_default/wp-login.php' not found or unable to stat
[Sun Mar 08 03:15:33.991854 2026] [php:error] [pid 90919] [client 159.69.64.245:0] script '/domains/windsorweb/wp-login.php' not found or unable to stat
[Sun Mar 08 03:15:34.219253 2026] [php:error] [pid 90902] [client 159.69.64.245:0] script '/domains/windsorweb/wp-login.php' not found or unable to stat
[Sun Mar 08 03:15:35.601546 2026] [php:error] [pid 90902] [client 159.69.64.245:0] script '/domains/system_suspended/wp-login.php' not found or unable to stat
[Sun Mar 08 03:15:35.916103 2026] [php:error] [pid 90895] [client 159.69.64.245:0] script '/domains/system_suspended/wp-login.php' not found or unable to stat
[Sun Mar 08 03:15:37.299138 2026] [php:error] [pid 90902] [client 159.69.64.245:0] script '/domains/proinc/wp-login.php' not found or unable to stat
[Sun Mar 08 03:15:37.623755 2026] [php:error] [pid 90919] [client 159.69.64.245:0] script '/domains/proinc/wp-login.php' not found or unable to stat
[Sun Mar 08 03:15:38.366639 2026] [php:error] [pid 90920] [client 159.69.64.245:0] script '/domains/jaspen/wp-login.php' not found or unable to stat
[Sun Mar 08 03:15:38.594563 2026] [php:error] [pid 90918] [client 159.69.64.245:0] script '/domains/jaspen/wp-login.php' not found or unable to stat
[Sun Mar 08 03:15:40.645517 2026] [php:error] [pid 90921] [client 159.69.64.245:0] script '/domains/byardrealestate/wp-login.php' not found or unable to stat
[Sun Mar 08 03:15:40.868974 2026] [php:error] [pid 90919] [client 159.69.64.245:0] script '/domains/byardrealestate/wp-login.php' not found or unable to stat
[Sun Mar 08 03:15:41.954032 2026] [php:error] [pid 90920] [client 159.69.64.245:0] script '/domains/system_suspended/wp-login.php' not found or unable to stat
[Sun Mar 08 03:15:42.401316 2026] [php:error] [pid 90922] [client 159.69.64.245:0] script '/domains/system_suspended/wp-login.php' not found or unable to stat
[Sun Mar 08 03:15:44.652637 2026] [php:error] [pid 90922] [client 104.28.203.60:0] script '/domains/redpeninc/style.php' not found or unable to stat
[Sun Mar 08 03:15:45.223148 2026] [php:error] [pid 90922] [client 104.28.203.60:0] script '/domains/redpeninc/chosen.php' not found or unable to stat
[Sun Mar 08 03:15:45.294398 2026] [php:error] [pid 90922] [client 104.28.203.60:0] script '/domains/redpeninc/file.php' not found or unable to stat
[Sun Mar 08 03:15:45.379183 2026] [php:error] [pid 90922] [client 104.28.203.60:0] script '/domains/redpeninc/flower.php' not found or unable to stat
[Sun Mar 08 03:15:45.452709 2026] [php:error] [pid 90922] [client 104.28.203.60:0] script '/domains/redpeninc/gifclass.php' not found or unable to stat
[Sun Mar 08 03:15:45.522112 2026] [php:error] [pid 90922] [client 104.28.203.60:0] script '/domains/redpeninc/bless.php' not found or unable to stat
[Sun Mar 08 03:15:45.620610 2026] [php:error] [pid 90922] [client 104.28.203.60:0] script '/domains/redpeninc/class-t.api.php' not found or unable to stat
[Sun Mar 08 03:15:45.719120 2026] [php:error] [pid 90922] [client 104.28.203.60:0] script '/domains/redpeninc/blurbs.php' not found or unable to stat
[Sun Mar 08 03:15:45.917039 2026] [php:error] [pid 90922] [client 104.28.203.60:0] script '/domains/redpeninc/akcc.php' not found or unable to stat
[Sun Mar 08 03:15:45.945075 2026] [php:error] [pid 90903] [client 159.69.64.245:0] script '/domains/pmglobal/wp-login.php' not found or unable to stat
[Sun Mar 08 03:15:45.988843 2026] [php:error] [pid 90922] [client 104.28.203.60:0] script '/domains/redpeninc/abcd.php' not found or unable to stat
[Sun Mar 08 03:15:46.059898 2026] [php:error] [pid 90922] [client 104.28.203.60:0] script '/domains/redpeninc/shelp.php' not found or unable to stat
[Sun Mar 08 03:15:46.141623 2026] [php:error] [pid 90922] [client 104.28.203.60:0] script '/domains/redpeninc/cord.php' not found or unable to stat
[Sun Mar 08 03:15:46.230068 2026] [php:error] [pid 90922] [client 104.28.203.60:0] script '/domains/redpeninc/dex.php' not found or unable to stat
[Sun Mar 08 03:15:46.260849 2026] [php:error] [pid 90920] [client 159.69.64.245:0] script '/domains/pmglobal/wp-login.php' not found or unable to stat
[Sun Mar 08 03:15:46.669444 2026] [php:error] [pid 90922] [client 104.28.203.60:0] script '/domains/redpeninc/file2.php' not found or unable to stat
[Sun Mar 08 03:15:46.806264 2026] [php:error] [pid 90922] [client 104.28.203.60:0] script '/domains/redpeninc/zwso.php' not found or unable to stat
[Sun Mar 08 03:15:48.422062 2026] [php:error] [pid 90922] [client 104.28.203.60:0] script '/domains/redpeninc/bolt.php' not found or unable to stat
[Sun Mar 08 03:15:48.510190 2026] [php:error] [pid 90922] [client 104.28.203.60:0] script '/domains/redpeninc/shlo.php' not found or unable to stat
[Sun Mar 08 03:15:48.578765 2026] [php:error] [pid 90922] [client 104.28.203.60:0] script '/domains/redpeninc/133.php' not found or unable to stat
[Sun Mar 08 03:15:48.648630 2026] [php:error] [pid 90922] [client 104.28.203.60:0] script '/domains/redpeninc/ahax.php' not found or unable to stat
[Sun Mar 08 03:15:48.718529 2026] [php:error] [pid 90922] [client 104.28.203.60:0] script '/domains/redpeninc/php8.php' not found or unable to stat
[Sun Mar 08 03:15:48.784549 2026] [php:error] [pid 90922] [client 104.28.203.60:0] script '/domains/redpeninc/lufix1.php' not found or unable to stat
[Sun Mar 08 03:15:48.823536 2026] [php:error] [pid 90919] [client 159.69.64.245:0] script '/domains/tmandel/wp-login.php' not found or unable to stat
[Sun Mar 08 03:15:48.891679 2026] [php:error] [pid 90922] [client 104.28.203.60:0] script '/domains/redpeninc/witmm.php' not found or unable to stat
[Sun Mar 08 03:15:49.051293 2026] [php:error] [pid 90895] [client 159.69.64.245:0] script '/domains/tmandel/wp-login.php' not found or unable to stat
[Sun Mar 08 03:15:49.393316 2026] [php:error] [pid 90922] [client 104.28.203.60:0] script '/domains/redpeninc/ioxi-o.php' not found or unable to stat
[Sun Mar 08 03:15:49.459124 2026] [php:error] [pid 90922] [client 104.28.203.60:0] script '/domains/redpeninc/222.php' not found or unable to stat
[Sun Mar 08 03:15:49.597136 2026] [php:error] [pid 90922] [client 104.28.203.60:0] script '/domains/redpeninc/files.php' not found or unable to stat
[Sun Mar 08 03:15:49.803336 2026] [php:error] [pid 90922] [client 104.28.203.60:0] script '/domains/redpeninc/wp-editor.php' not found or unable to stat
[Sun Mar 08 03:15:49.927151 2026] [php:error] [pid 90922] [client 104.28.203.60:0] script '/domains/redpeninc/txets.php' not found or unable to stat
[Sun Mar 08 03:15:50.260140 2026] [php:error] [pid 90922] [client 104.28.203.60:0] script '/domains/redpeninc/postnews.php' not found or unable to stat
[Sun Mar 08 03:15:53.916893 2026] [php:error] [pid 90921] [client 159.69.64.245:0] script '/domains/bels/wp-login.php' not found or unable to stat
[Sun Mar 08 03:15:54.185170 2026] [php:error] [pid 90902] [client 159.69.64.245:0] script '/domains/bels/wp-login.php' not found or unable to stat
[Sun Mar 08 03:15:59.528700 2026] [php:error] [pid 90924] [client 159.69.64.245:0] script '/domains/bruceweb/wp-login.php' not found or unable to stat
[Sun Mar 08 03:15:59.790932 2026] [php:error] [pid 90925] [client 159.69.64.245:0] script '/domains/bruceweb/wp-login.php' not found or unable to stat
[Sun Mar 08 03:16:01.250480 2026] [php:error] [pid 90925] [client 159.69.64.245:0] script '/domains/system_default/wp-login.php' not found or unable to stat
[Sun Mar 08 03:16:01.474718 2026] [php:error] [pid 90926] [client 159.69.64.245:0] script '/domains/system_default/wp-login.php' not found or unable to stat
[Sun Mar 08 03:16:03.221215 2026] [php:error] [pid 90926] [client 159.69.64.245:0] script '/domains/system_suspended/wp-login.php' not found or unable to stat
[Sun Mar 08 03:16:03.521084 2026] [php:error] [pid 90925] [client 159.69.64.245:0] script '/domains/system_suspended/wp-login.php' not found or unable to stat
[Sun Mar 08 03:16:05.257294 2026] [php:error] [pid 90925] [client 159.69.64.245:0] script '/domains/astweb/wp-login.php' not found or unable to stat
[Sun Mar 08 03:16:05.490952 2026] [php:error] [pid 90926] [client 159.69.64.245:0] script '/domains/astweb/wp-login.php' not found or unable to stat
[Sun Mar 08 03:16:08.104156 2026] [php:error] [pid 90921] [client 159.69.64.245:0] script '/domains/familyplayhouse2/wp-login.php' not found or unable to stat
[Sun Mar 08 03:16:08.332599 2026] [php:error] [pid 90924] [client 159.69.64.245:0] script '/domains/familyplayhouse2/wp-login.php' not found or unable to stat
[Sun Mar 08 03:16:11.449978 2026] [php:error] [pid 90926] [client 159.69.64.245:0] script '/domains/csiniaws/wp-login.php' not found or unable to stat
[Sun Mar 08 03:16:11.681707 2026] [php:error] [pid 90927] [client 159.69.64.245:0] script '/domains/csiniaws/wp-login.php' not found or unable to stat
[Sun Mar 08 03:16:13.247554 2026] [php:error] [pid 90927] [client 159.69.64.245:0] script '/domains/gohover/wp-login.php' not found or unable to stat
[Sun Mar 08 03:16:13.499461 2026] [php:error] [pid 90926] [client 159.69.64.245:0] script '/domains/gohover/wp-login.php' not found or unable to stat
[Sun Mar 08 03:16:15.551631 2026] [php:error] [pid 90926] [client 159.69.64.245:0] script '/domains/sjsachs/wp-login.php' not found or unable to stat
[Sun Mar 08 03:16:15.836677 2026] [php:error] [pid 90924] [client 159.69.64.245:0] script '/domains/sjsachs/wp-login.php' not found or unable to stat
[Sun Mar 08 03:16:16.926933 2026] [php:error] [pid 90929] [client 159.69.64.245:0] script '/domains/system_default/wp-login.php' not found or unable to stat
[Sun Mar 08 03:16:17.155504 2026] [php:error] [pid 90921] [client 159.69.64.245:0] script '/domains/system_default/wp-login.php' not found or unable to stat
[Sun Mar 08 03:16:18.601001 2026] [php:error] [pid 90926] [client 159.69.64.245:0] script '/domains/magicjim/wp-login.php' not found or unable to stat
[Sun Mar 08 03:16:19.103363 2026] [php:error] [pid 90929] [client 159.69.64.245:0] script '/domains/magicjim/wp-login.php' not found or unable to stat
[Sun Mar 08 03:16:20.806128 2026] [php:error] [pid 90924] [client 159.69.64.245:0] script '/domains/perless2web/wp-login.php' not found or unable to stat
[Sun Mar 08 03:16:21.050590 2026] [php:error] [pid 90921] [client 159.69.64.245:0] script '/domains/perless2web/wp-login.php' not found or unable to stat
[Sun Mar 08 03:16:22.323048 2026] [php:error] [pid 90927] [client 159.69.64.245:0] script '/domains/pookie.dnai/wp-login.php' not found or unable to stat
[Sun Mar 08 03:16:22.568338 2026] [php:error] [pid 90921] [client 159.69.64.245:0] script '/domains/pookie.dnai/wp-login.php' not found or unable to stat
[Sun Mar 08 03:16:25.056099 2026] [php:error] [pid 90926] [client 159.69.64.245:0] script '/domains/antiqueweb1/wp-login.php' not found or unable to stat
[Sun Mar 08 03:16:25.351447 2026] [php:error] [pid 90921] [client 159.69.64.245:0] script '/domains/antiqueweb1/wp-login.php' not found or unable to stat
[Sun Mar 08 03:16:27.056916 2026] [php:error] [pid 90927] [client 159.69.64.245:0] script '/domains/trodine/wp-login.php' not found or unable to stat
[Sun Mar 08 03:16:27.334888 2026] [php:error] [pid 90924] [client 159.69.64.245:0] script '/domains/trodine/wp-login.php' not found or unable to stat
[Sun Mar 08 03:16:28.051379 2026] [php:error] [pid 90926] [client 159.69.64.245:0] script '/domains/nsmd2/wp-login.php' not found or unable to stat
[Sun Mar 08 03:16:28.404391 2026] [php:error] [pid 90929] [client 159.69.64.245:0] script '/domains/nsmd2/wp-login.php' not found or unable to stat
[Sun Mar 08 03:16:32.573246 2026] [php:error] [pid 90926] [client 159.69.64.245:0] script '/domains/braniff/wp-login.php' not found or unable to stat
[Sun Mar 08 03:16:33.003999 2026] [php:error] [pid 90921] [client 159.69.64.245:0] script '/domains/braniff/wp-login.php' not found or unable to stat
[Sun Mar 08 03:16:38.244429 2026] [php:error] [pid 90929] [client 159.69.64.245:0] script '/domains/memanuel/wp-login.php' not found or unable to stat
[Sun Mar 08 03:16:38.658359 2026] [php:error] [pid 90921] [client 159.69.64.245:0] script '/domains/memanuel/wp-login.php' not found or unable to stat
[Sun Mar 08 03:16:39.713993 2026] [php:error] [pid 90927] [client 159.69.64.245:0] script '/domains/system_default/wp-login.php' not found or unable to stat
[Sun Mar 08 03:16:39.935971 2026] [php:error] [pid 90929] [client 159.69.64.245:0] script '/domains/system_default/wp-login.php' not found or unable to stat
[Sun Mar 08 03:16:41.000030 2026] [php:error] [pid 90926] [client 159.69.64.245:0] script '/domains/ceonlinenews/wp-login.php' not found or unable to stat
[Sun Mar 08 03:16:41.218388 2026] [php:error] [pid 90924] [client 159.69.64.245:0] script '/domains/ceonlinenews/wp-login.php' not found or unable to stat
[Sun Mar 08 03:16:42.974156 2026] [php:error] [pid 90926] [client 159.69.64.245:0] script '/domains/aatweb/wp-login.php' not found or unable to stat
[Sun Mar 08 03:16:43.252996 2026] [php:error] [pid 90927] [client 159.69.64.245:0] script '/domains/aatweb/wp-login.php' not found or unable to stat
[Sun Mar 08 03:16:44.128531 2026] [php:error] [pid 90931] [client 159.69.64.245:0] script '/domains/jrp.interport/wp-login.php' not found or unable to stat
[Sun Mar 08 03:16:44.353403 2026] [php:error] [pid 90921] [client 159.69.64.245:0] script '/domains/jrp.interport/wp-login.php' not found or unable to stat
[Sun Mar 08 03:16:46.447605 2026] [php:error] [pid 90924] [client 159.69.64.245:0] script '/domains/miles.interport/wp-login.php' not found or unable to stat
[Sun Mar 08 03:16:46.741401 2026] [php:error] [pid 90921] [client 159.69.64.245:0] script '/domains/miles.interport/wp-login.php' not found or unable to stat
[Sun Mar 08 03:16:48.525778 2026] [php:error] [pid 90926] [client 159.69.64.245:0] script '/domains/system_suspended/wp-login.php' not found or unable to stat
[Sun Mar 08 03:16:48.777743 2026] [php:error] [pid 90921] [client 159.69.64.245:0] script '/domains/system_suspended/wp-login.php' not found or unable to stat
[Sun Mar 08 03:16:50.767253 2026] [php:error] [pid 90926] [client 159.69.64.245:0] script '/domains/tbarnhil/wp-login.php' not found or unable to stat
[Sun Mar 08 03:16:51.171409 2026] [php:error] [pid 90929] [client 159.69.64.245:0] script '/domains/tbarnhil/wp-login.php' not found or unable to stat
[Sun Mar 08 03:16:54.016048 2026] [php:error] [pid 90924] [client 159.69.64.245:0] script '/domains/lover/wp-login.php' not found or unable to stat
[Sun Mar 08 03:16:54.355609 2026] [php:error] [pid 90927] [client 159.69.64.245:0] script '/domains/lover/wp-login.php' not found or unable to stat
[Sun Mar 08 03:16:55.244618 2026] [php:error] [pid 90929] [client 159.69.64.245:0] script '/domains/tcrlle/wp-login.php' not found or unable to stat
