[Sun Mar 08 03:38:04.807859 2026] [php:error] [pid 91201] [client 104.28.203.60:0] script '/domains/fdcarter/222.php' not found or unable to stat
[Sun Mar 08 03:38:04.923253 2026] [php:error] [pid 91201] [client 104.28.203.60:0] script '/domains/fdcarter/files.php' not found or unable to stat
[Sun Mar 08 03:38:05.210217 2026] [php:error] [pid 91201] [client 104.28.203.60:0] script '/domains/fdcarter/wp-editor.php' not found or unable to stat
[Sun Mar 08 03:38:05.310734 2026] [php:error] [pid 91201] [client 104.28.203.60:0] script '/domains/fdcarter/txets.php' not found or unable to stat
[Sun Mar 08 03:38:06.951880 2026] [php:error] [pid 91201] [client 104.28.203.60:0] script '/domains/fdcarter/postnews.php' not found or unable to stat
[Sun Mar 08 03:38:07.924281 2026] [php:error] [pid 91209] [client 104.28.203.60:0] script '/domains/hpveweb/style.php' not found or unable to stat
[Sun Mar 08 03:38:08.007461 2026] [php:error] [pid 91203] [client 104.28.203.60:0] script '/domains/hpveweb/style.php' not found or unable to stat
[Sun Mar 08 03:38:09.093627 2026] [php:error] [pid 91209] [client 104.28.203.60:0] script '/domains/hpveweb/chosen.php' not found or unable to stat
[Sun Mar 08 03:38:09.253694 2026] [php:error] [pid 91209] [client 104.28.203.60:0] script '/domains/hpveweb/file.php' not found or unable to stat
[Sun Mar 08 03:38:09.296965 2026] [php:error] [pid 91203] [client 104.28.203.60:0] script '/domains/hpveweb/chosen.php' not found or unable to stat
[Sun Mar 08 03:38:09.357314 2026] [php:error] [pid 91209] [client 104.28.203.60:0] script '/domains/hpveweb/flower.php' not found or unable to stat
[Sun Mar 08 03:38:09.384198 2026] [php:error] [pid 91203] [client 104.28.203.60:0] script '/domains/hpveweb/file.php' not found or unable to stat
[Sun Mar 08 03:38:09.473423 2026] [php:error] [pid 91203] [client 104.28.203.60:0] script '/domains/hpveweb/flower.php' not found or unable to stat
[Sun Mar 08 03:38:09.585231 2026] [php:error] [pid 91203] [client 104.28.203.60:0] script '/domains/hpveweb/gifclass.php' not found or unable to stat
[Sun Mar 08 03:38:09.761689 2026] [php:error] [pid 91209] [client 104.28.203.60:0] script '/domains/hpveweb/gifclass.php' not found or unable to stat
[Sun Mar 08 03:38:09.762055 2026] [php:error] [pid 91203] [client 104.28.203.60:0] script '/domains/hpveweb/bless.php' not found or unable to stat
[Sun Mar 08 03:38:10.158722 2026] [php:error] [pid 91209] [client 104.28.203.60:0] script '/domains/hpveweb/bless.php' not found or unable to stat
[Sun Mar 08 03:38:10.159014 2026] [php:error] [pid 91203] [client 104.28.203.60:0] script '/domains/hpveweb/class-t.api.php' not found or unable to stat
[Sun Mar 08 03:38:10.233739 2026] [php:error] [pid 91203] [client 104.28.203.60:0] script '/domains/hpveweb/blurbs.php' not found or unable to stat
[Sun Mar 08 03:38:10.390904 2026] [php:error] [pid 91203] [client 104.28.203.60:0] script '/domains/hpveweb/akcc.php' not found or unable to stat
[Sun Mar 08 03:38:10.438595 2026] [php:error] [pid 91209] [client 104.28.203.60:0] script '/domains/hpveweb/class-t.api.php' not found or unable to stat
[Sun Mar 08 03:38:10.524357 2026] [php:error] [pid 91209] [client 104.28.203.60:0] script '/domains/hpveweb/blurbs.php' not found or unable to stat
[Sun Mar 08 03:38:10.568918 2026] [php:error] [pid 91203] [client 104.28.203.60:0] script '/domains/hpveweb/abcd.php' not found or unable to stat
[Sun Mar 08 03:38:10.734844 2026] [php:error] [pid 91203] [client 104.28.203.60:0] script '/domains/hpveweb/shelp.php' not found or unable to stat
[Sun Mar 08 03:38:10.755398 2026] [php:error] [pid 91209] [client 104.28.203.60:0] script '/domains/hpveweb/akcc.php' not found or unable to stat
[Sun Mar 08 03:38:10.804152 2026] [php:error] [pid 91203] [client 104.28.203.60:0] script '/domains/hpveweb/cord.php' not found or unable to stat
[Sun Mar 08 03:38:10.876916 2026] [php:error] [pid 91203] [client 104.28.203.60:0] script '/domains/hpveweb/dex.php' not found or unable to stat
[Sun Mar 08 03:38:10.891026 2026] [php:error] [pid 91209] [client 104.28.203.60:0] script '/domains/hpveweb/abcd.php' not found or unable to stat
[Sun Mar 08 03:38:11.010195 2026] [php:error] [pid 91209] [client 104.28.203.60:0] script '/domains/hpveweb/shelp.php' not found or unable to stat
[Sun Mar 08 03:38:11.089898 2026] [php:error] [pid 91209] [client 104.28.203.60:0] script '/domains/hpveweb/cord.php' not found or unable to stat
[Sun Mar 08 03:38:11.157500 2026] [php:error] [pid 91209] [client 104.28.203.60:0] script '/domains/hpveweb/dex.php' not found or unable to stat
[Sun Mar 08 03:38:11.275619 2026] [php:error] [pid 91203] [client 104.28.203.60:0] script '/domains/hpveweb/file2.php' not found or unable to stat
[Sun Mar 08 03:38:11.344729 2026] [php:error] [pid 91209] [client 104.28.203.60:0] script '/domains/hpveweb/file2.php' not found or unable to stat
[Sun Mar 08 03:38:11.348191 2026] [php:error] [pid 91203] [client 104.28.203.60:0] script '/domains/hpveweb/zwso.php' not found or unable to stat
[Sun Mar 08 03:38:11.410962 2026] [php:error] [pid 91209] [client 104.28.203.60:0] script '/domains/hpveweb/zwso.php' not found or unable to stat
[Sun Mar 08 03:38:11.566659 2026] [php:error] [pid 91203] [client 104.28.203.60:0] script '/domains/hpveweb/bolt.php' not found or unable to stat
[Sun Mar 08 03:38:11.727210 2026] [php:error] [pid 91209] [client 104.28.203.60:0] script '/domains/hpveweb/bolt.php' not found or unable to stat
[Sun Mar 08 03:38:11.740378 2026] [php:error] [pid 91203] [client 104.28.203.60:0] script '/domains/hpveweb/shlo.php' not found or unable to stat
[Sun Mar 08 03:38:11.808048 2026] [php:error] [pid 91209] [client 104.28.203.60:0] script '/domains/hpveweb/shlo.php' not found or unable to stat
[Sun Mar 08 03:38:11.956665 2026] [php:error] [pid 91209] [client 104.28.203.60:0] script '/domains/hpveweb/133.php' not found or unable to stat
[Sun Mar 08 03:38:12.278606 2026] [php:error] [pid 91203] [client 104.28.203.60:0] script '/domains/hpveweb/133.php' not found or unable to stat
[Sun Mar 08 03:38:12.590396 2026] [php:error] [pid 91209] [client 104.28.203.60:0] script '/domains/hpveweb/ahax.php' not found or unable to stat
[Sun Mar 08 03:38:12.889345 2026] [php:error] [pid 91203] [client 104.28.203.60:0] script '/domains/hpveweb/ahax.php' not found or unable to stat
[Sun Mar 08 03:38:12.902041 2026] [php:error] [pid 91209] [client 104.28.203.60:0] script '/domains/hpveweb/php8.php' not found or unable to stat
[Sun Mar 08 03:38:13.010926 2026] [php:error] [pid 91203] [client 104.28.203.60:0] script '/domains/hpveweb/php8.php' not found or unable to stat
[Sun Mar 08 03:38:13.280598 2026] [php:error] [pid 91203] [client 104.28.203.60:0] script '/domains/hpveweb/lufix1.php' not found or unable to stat
[Sun Mar 08 03:38:13.330054 2026] [php:error] [pid 91209] [client 104.28.203.60:0] script '/domains/hpveweb/lufix1.php' not found or unable to stat
[Sun Mar 08 03:38:13.478707 2026] [php:error] [pid 91209] [client 104.28.203.60:0] script '/domains/hpveweb/witmm.php' not found or unable to stat
[Sun Mar 08 03:38:13.550081 2026] [php:error] [pid 91203] [client 104.28.203.60:0] script '/domains/hpveweb/witmm.php' not found or unable to stat
[Sun Mar 08 03:38:14.139573 2026] [php:error] [pid 91203] [client 104.28.203.60:0] script '/domains/hpveweb/ioxi-o.php' not found or unable to stat
[Sun Mar 08 03:38:14.186646 2026] [php:error] [pid 91209] [client 104.28.203.60:0] script '/domains/hpveweb/ioxi-o.php' not found or unable to stat
[Sun Mar 08 03:38:14.232284 2026] [php:error] [pid 91203] [client 104.28.203.60:0] script '/domains/hpveweb/222.php' not found or unable to stat
[Sun Mar 08 03:38:14.308751 2026] [php:error] [pid 91209] [client 104.28.203.60:0] script '/domains/hpveweb/222.php' not found or unable to stat
[Sun Mar 08 03:38:14.376305 2026] [php:error] [pid 91209] [client 104.28.203.60:0] script '/domains/hpveweb/files.php' not found or unable to stat
[Sun Mar 08 03:38:15.093962 2026] [php:error] [pid 91203] [client 104.28.203.60:0] script '/domains/hpveweb/files.php' not found or unable to stat
[Sun Mar 08 03:38:15.095382 2026] [php:error] [pid 91209] [client 104.28.203.60:0] script '/domains/hpveweb/wp-editor.php' not found or unable to stat
[Sun Mar 08 03:38:15.161026 2026] [php:error] [pid 91203] [client 104.28.203.60:0] script '/domains/hpveweb/wp-editor.php' not found or unable to stat
[Sun Mar 08 03:38:15.237247 2026] [php:error] [pid 91209] [client 104.28.203.60:0] script '/domains/hpveweb/txets.php' not found or unable to stat
[Sun Mar 08 03:38:15.320893 2026] [php:error] [pid 91203] [client 104.28.203.60:0] script '/domains/hpveweb/txets.php' not found or unable to stat
[Sun Mar 08 03:38:15.662178 2026] [php:error] [pid 91209] [client 104.28.203.60:0] script '/domains/hpveweb/postnews.php' not found or unable to stat
[Sun Mar 08 03:38:16.202889 2026] [php:error] [pid 91203] [client 104.28.203.60:0] script '/domains/hpveweb/postnews.php' not found or unable to stat
[Sun Mar 08 03:38:47.291821 2026] [php:error] [pid 91212] [client 20.151.11.236:0] script '/domains/magicjim/gptsh.php' not found or unable to stat
[Sun Mar 08 03:38:47.316130 2026] [php:error] [pid 91212] [client 20.151.11.236:0] script '/domains/magicjim/albin.php' not found or unable to stat
[Sun Mar 08 03:38:47.340234 2026] [php:error] [pid 91212] [client 20.151.11.236:0] script '/domains/magicjim/yos.php' not found or unable to stat
[Sun Mar 08 03:38:47.364146 2026] [php:error] [pid 91212] [client 20.151.11.236:0] script '/domains/magicjim/utky.php' not found or unable to stat
[Sun Mar 08 03:38:47.388447 2026] [php:error] [pid 91212] [client 20.151.11.236:0] script '/domains/magicjim/settings.php' not found or unable to stat
[Sun Mar 08 03:38:47.412770 2026] [php:error] [pid 91212] [client 20.151.11.236:0] script '/domains/magicjim/fsgdjkl.php' not found or unable to stat
[Sun Mar 08 03:38:47.436988 2026] [php:error] [pid 91212] [client 20.151.11.236:0] script '/domains/magicjim/uuu.php' not found or unable to stat
[Sun Mar 08 03:38:47.461770 2026] [php:error] [pid 91212] [client 20.151.11.236:0] script '/domains/magicjim/x12.php' not found or unable to stat
[Sun Mar 08 03:38:47.486586 2026] [php:error] [pid 91212] [client 20.151.11.236:0] script '/domains/magicjim/by.php' not found or unable to stat
[Sun Mar 08 03:38:47.510725 2026] [php:error] [pid 91212] [client 20.151.11.236:0] script '/domains/magicjim/sf.php' not found or unable to stat
[Sun Mar 08 03:38:47.534880 2026] [php:error] [pid 91212] [client 20.151.11.236:0] script '/domains/magicjim/asw.php' not found or unable to stat
[Sun Mar 08 03:38:47.558909 2026] [php:error] [pid 91212] [client 20.151.11.236:0] script '/domains/magicjim/eee.php' not found or unable to stat
[Sun Mar 08 03:38:47.582833 2026] [php:error] [pid 91212] [client 20.151.11.236:0] script '/domains/magicjim/lp6.php' not found or unable to stat
[Sun Mar 08 03:38:47.606790 2026] [php:error] [pid 91212] [client 20.151.11.236:0] script '/domains/magicjim/akses.php' not found or unable to stat
[Sun Mar 08 03:38:47.630594 2026] [php:error] [pid 91212] [client 20.151.11.236:0] script '/domains/magicjim/no1.php' not found or unable to stat
[Sun Mar 08 03:38:47.654723 2026] [php:error] [pid 91212] [client 20.151.11.236:0] script '/domains/magicjim/teee.php' not found or unable to stat
[Sun Mar 08 03:38:47.678883 2026] [php:error] [pid 91212] [client 20.151.11.236:0] script '/domains/magicjim/elabel.php' not found or unable to stat
[Sun Mar 08 03:38:47.702944 2026] [php:error] [pid 91212] [client 20.151.11.236:0] script '/domains/magicjim/bafFz.php' not found or unable to stat
[Sun Mar 08 03:38:47.726915 2026] [php:error] [pid 91212] [client 20.151.11.236:0] script '/domains/magicjim/rere.php' not found or unable to stat
[Sun Mar 08 03:38:47.750852 2026] [php:error] [pid 91212] [client 20.151.11.236:0] script '/domains/magicjim/jocundly.php' not found or unable to stat
[Sun Mar 08 03:38:47.774861 2026] [php:error] [pid 91212] [client 20.151.11.236:0] script '/domains/magicjim/wo.php' not found or unable to stat
[Sun Mar 08 03:38:47.798944 2026] [php:error] [pid 91212] [client 20.151.11.236:0] script '/domains/magicjim/h2h.php' not found or unable to stat
[Sun Mar 08 03:38:47.823488 2026] [php:error] [pid 91212] [client 20.151.11.236:0] script '/domains/magicjim/rithin.php' not found or unable to stat
[Sun Mar 08 03:38:47.848037 2026] [php:error] [pid 91212] [client 20.151.11.236:0] script '/domains/magicjim/kk.php' not found or unable to stat
[Sun Mar 08 03:38:47.872045 2026] [php:error] [pid 91212] [client 20.151.11.236:0] script '/domains/magicjim/path.php' not found or unable to stat
[Sun Mar 08 03:38:47.896095 2026] [php:error] [pid 91212] [client 20.151.11.236:0] script '/domains/magicjim/cs.php' not found or unable to stat
[Sun Mar 08 03:38:47.920119 2026] [php:error] [pid 91212] [client 20.151.11.236:0] script '/domains/magicjim/w2025.php' not found or unable to stat
[Sun Mar 08 03:38:47.944054 2026] [php:error] [pid 91212] [client 20.151.11.236:0] script '/domains/magicjim/foxr.php' not found or unable to stat
[Sun Mar 08 03:38:47.967918 2026] [php:error] [pid 91212] [client 20.151.11.236:0] script '/domains/magicjim/swallowable.php' not found or unable to stat
[Sun Mar 08 03:38:47.991986 2026] [php:error] [pid 91212] [client 20.151.11.236:0] script '/domains/magicjim/claw.php' not found or unable to stat
[Sun Mar 08 03:38:48.015881 2026] [php:error] [pid 91212] [client 20.151.11.236:0] script '/domains/magicjim/fvvff.php' not found or unable to stat
[Sun Mar 08 03:38:48.040000 2026] [php:error] [pid 91212] [client 20.151.11.236:0] script '/domains/magicjim/a2.php' not found or unable to stat
[Sun Mar 08 03:38:48.064084 2026] [php:error] [pid 91212] [client 20.151.11.236:0] script '/domains/magicjim/sty.php' not found or unable to stat
[Sun Mar 08 03:38:48.088974 2026] [php:error] [pid 91212] [client 20.151.11.236:0] script '/domains/magicjim/xxxx.php' not found or unable to stat
[Sun Mar 08 03:38:48.130492 2026] [php:error] [pid 91212] [client 20.151.11.236:0] script '/domains/magicjim/h.php' not found or unable to stat
[Sun Mar 08 03:38:48.154564 2026] [php:error] [pid 91212] [client 20.151.11.236:0] script '/domains/magicjim/g.php' not found or unable to stat
[Sun Mar 08 03:38:48.180304 2026] [php:error] [pid 91212] [client 20.151.11.236:0] script '/domains/magicjim/pp.php' not found or unable to stat
[Sun Mar 08 03:38:48.204396 2026] [php:error] [pid 91212] [client 20.151.11.236:0] script '/domains/magicjim/sys.php' not found or unable to stat
[Sun Mar 08 03:38:48.232091 2026] [php:error] [pid 91212] [client 20.151.11.236:0] script '/domains/magicjim/txets.php' not found or unable to stat
[Sun Mar 08 03:38:48.256264 2026] [php:error] [pid 91212] [client 20.151.11.236:0] script '/domains/magicjim/wp9.php' not found or unable to stat
[Sun Mar 08 03:38:48.279986 2026] [php:error] [pid 91212] [client 20.151.11.236:0] script '/domains/magicjim/path.php' not found or unable to stat
[Sun Mar 08 03:38:48.303788 2026] [php:error] [pid 91212] [client 20.151.11.236:0] script '/domains/magicjim/wdf.php' not found or unable to stat
[Sun Mar 08 03:38:48.327931 2026] [php:error] [pid 91212] [client 20.151.11.236:0] script '/domains/magicjim/2.php' not found or unable to stat
[Sun Mar 08 03:38:48.354147 2026] [php:error] [pid 91212] [client 20.151.11.236:0] script '/domains/magicjim/mga.php' not found or unable to stat
[Sun Mar 08 03:38:48.378021 2026] [php:error] [pid 91212] [client 20.151.11.236:0] script '/domains/magicjim/maxro.php' not found or unable to stat
[Sun Mar 08 03:38:48.404642 2026] [php:error] [pid 91212] [client 20.151.11.236:0] script '/domains/magicjim/pass2.php' not found or unable to stat
[Sun Mar 08 03:38:48.430271 2026] [php:error] [pid 91212] [client 20.151.11.236:0] script '/domains/magicjim/wsvvs.php' not found or unable to stat
[Sun Mar 08 03:38:48.454190 2026] [php:error] [pid 91212] [client 20.151.11.236:0] script '/domains/magicjim/3.php' not found or unable to stat
[Sun Mar 08 03:38:48.486746 2026] [php:error] [pid 91212] [client 20.151.11.236:0] script '/domains/magicjim/edit.php' not found or unable to stat
[Sun Mar 08 03:38:48.511134 2026] [php:error] [pid 91212] [client 20.151.11.236:0] script '/domains/magicjim/ioxi-o.php' not found or unable to stat
[Sun Mar 08 03:38:48.559540 2026] [php:error] [pid 91212] [client 20.151.11.236:0] script '/domains/magicjim/66.php' not found or unable to stat
[Sun Mar 08 03:38:48.613709 2026] [php:error] [pid 91212] [client 20.151.11.236:0] script '/domains/magicjim/gifclass.php' not found or unable to stat
[Sun Mar 08 03:38:48.743934 2026] [php:error] [pid 91212] [client 20.151.11.236:0] script '/domains/magicjim/sc.php' not found or unable to stat
[Sun Mar 08 03:38:48.767915 2026] [php:error] [pid 91212] [client 20.151.11.236:0] script '/domains/magicjim/xmlrpc.php' not found or unable to stat
[Sun Mar 08 03:38:48.793013 2026] [php:error] [pid 91212] [client 20.151.11.236:0] script '/domains/magicjim/ol.php' not found or unable to stat
[Sun Mar 08 03:38:48.816918 2026] [php:error] [pid 91212] [client 20.151.11.236:0] script '/domains/magicjim/f6.php' not found or unable to stat
[Sun Mar 08 03:38:48.843970 2026] [php:error] [pid 91212] [client 20.151.11.236:0] script '/domains/magicjim/inputs.php' not found or unable to stat
[Sun Mar 08 03:38:48.867994 2026] [php:error] [pid 91212] [client 20.151.11.236:0] script '/domains/magicjim/style.php' not found or unable to stat
[Sun Mar 08 03:38:48.892097 2026] [php:error] [pid 91212] [client 20.151.11.236:0] script '/domains/magicjim/bgymj.php' not found or unable to stat
[Sun Mar 08 03:38:48.916105 2026] [php:error] [pid 91212] [client 20.151.11.236:0] script '/domains/magicjim/aa.php' not found or unable to stat
[Sun Mar 08 03:38:48.940810 2026] [php:error] [pid 91212] [client 20.151.11.236:0] script '/domains/magicjim/1.php' not found or unable to stat
[Sun Mar 08 03:38:48.966164 2026] [php:error] [pid 91212] [client 20.151.11.236:0] script '/domains/magicjim/sc.php' not found or unable to stat
[Sun Mar 08 03:38:48.990136 2026] [php:error] [pid 91212] [client 20.151.11.236:0] script '/domains/magicjim/av.php' not found or unable to stat
[Sun Mar 08 03:38:49.014690 2026] [php:error] [pid 91212] [client 20.151.11.236:0] script '/domains/magicjim/file.php' not found or unable to stat
[Sun Mar 08 03:38:49.039148 2026] [php:error] [pid 91212] [client 20.151.11.236:0] script '/domains/magicjim/file59.php' not found or unable to stat
[Sun Mar 08 03:38:49.063466 2026] [php:error] [pid 91212] [client 20.151.11.236:0] script '/domains/magicjim/bless.php' not found or unable to stat
[Sun Mar 08 03:38:49.087180 2026] [php:error] [pid 91212] [client 20.151.11.236:0] script '/domains/magicjim/wp9.php' not found or unable to stat
[Sun Mar 08 03:38:49.111655 2026] [php:error] [pid 91212] [client 20.151.11.236:0] script '/domains/magicjim/wp-act.php' not found or unable to stat
[Sun Mar 08 03:38:49.136189 2026] [php:error] [pid 91212] [client 20.151.11.236:0] script '/domains/magicjim/class-t.api.php' not found or unable to stat
[Sun Mar 08 03:38:49.160352 2026] [php:error] [pid 91212] [client 20.151.11.236:0] script '/domains/magicjim/xqq.php' not found or unable to stat
[Sun Mar 08 03:38:49.208391 2026] [php:error] [pid 91212] [client 20.151.11.236:0] script '/domains/magicjim/a.php' not found or unable to stat
[Sun Mar 08 03:38:49.241002 2026] [php:error] [pid 91212] [client 20.151.11.236:0] script '/domains/magicjim/06.php' not found or unable to stat
[Sun Mar 08 03:38:49.264863 2026] [php:error] [pid 91212] [client 20.151.11.236:0] script '/domains/magicjim/plss3.php' not found or unable to stat
[Sun Mar 08 03:38:49.289410 2026] [php:error] [pid 91212] [client 20.151.11.236:0] script '/domains/magicjim/aaa.php' not found or unable to stat
[Sun Mar 08 03:38:49.313322 2026] [php:error] [pid 91212] [client 20.151.11.236:0] script '/domains/magicjim/classwithtostring.php' not found or unable to stat
[Sun Mar 08 03:38:49.377045 2026] [php:error] [pid 91212] [client 20.151.11.236:0] script '/domains/magicjim/tinyfilemanager.php' not found or unable to stat
[Sun Mar 08 03:38:49.402700 2026] [php:error] [pid 91212] [client 20.151.11.236:0] script '/domains/magicjim/x.php' not found or unable to stat
[Sun Mar 08 03:38:49.426597 2026] [php:error] [pid 91212] [client 20.151.11.236:0] script '/domains/magicjim/ms.php' not found or unable to stat
[Sun Mar 08 03:38:49.474310 2026] [php:error] [pid 91212] [client 20.151.11.236:0] script '/domains/magicjim/wp-update.php' not found or unable to stat
[Sun Mar 08 03:38:49.498448 2026] [php:error] [pid 91212] [client 20.151.11.236:0] script '/domains/magicjim/sbhu.php' not found or unable to stat
[Sun Mar 08 03:38:49.546998 2026] [php:error] [pid 91212] [client 20.151.11.236:0] script '/domains/magicjim/wp-blog.php' not found or unable to stat
[Sun Mar 08 03:38:49.571007 2026] [php:error] [pid 91212] [client 20.151.11.236:0] script '/domains/magicjim/test1.php' not found or unable to stat
[Sun Mar 08 03:38:49.623196 2026] [php:error] [pid 91212] [client 20.151.11.236:0] script '/domains/magicjim/166.php' not found or unable to stat
[Sun Mar 08 03:38:49.671039 2026] [php:error] [pid 91212] [client 20.151.11.236:0] script '/domains/magicjim/ms-edit.php' not found or unable to stat
[Sun Mar 08 03:38:49.695010 2026] [php:error] [pid 91212] [client 20.151.11.236:0] script '/domains/magicjim/adminfuns.php' not found or unable to stat
[Sun Mar 08 03:38:49.720404 2026] [php:error] [pid 91212] [client 20.151.11.236:0] script '/domains/magicjim/goods.php' not found or unable to stat
[Sun Mar 08 03:38:49.744148 2026] [php:error] [pid 91212] [client 20.151.11.236:0] script '/domains/magicjim/ms-edit.php' not found or unable to stat
[Sun Mar 08 03:38:49.768080 2026] [php:error] [pid 91212] [client 20.151.11.236:0] script '/domains/magicjim/222.php' not found or unable to stat
[Sun Mar 08 03:38:49.816501 2026] [php:error] [pid 91213] [client 20.151.11.236:0] script '/domains/magicjim/plugins.php' not found or unable to stat
[Sun Mar 08 03:38:49.888422 2026] [php:error] [pid 91213] [client 20.151.11.236:0] script '/domains/magicjim/ff1.php' not found or unable to stat
[Sun Mar 08 03:38:49.912493 2026] [php:error] [pid 91213] [client 20.151.11.236:0] script '/domains/magicjim/fff.php' not found or unable to stat
[Sun Mar 08 03:38:49.960176 2026] [php:error] [pid 91213] [client 20.151.11.236:0] script '/domains/magicjim/goat.php' not found or unable to stat
[Sun Mar 08 03:38:49.984336 2026] [php:error] [pid 91213] [client 20.151.11.236:0] script '/domains/magicjim/155.php' not found or unable to stat
[Sun Mar 08 03:38:50.008358 2026] [php:error] [pid 91213] [client 20.151.11.236:0] script '/domains/magicjim/we.php' not found or unable to stat
[Sun Mar 08 03:38:50.032784 2026] [php:error] [pid 91213] [client 20.151.11.236:0] script '/domains/magicjim/alpha.php' not found or unable to stat
[Sun Mar 08 03:38:50.056902 2026] [php:error] [pid 91213] [client 20.151.11.236:0] script '/domains/magicjim/makeasmtp.php' not found or unable to stat
[Sun Mar 08 03:38:50.081182 2026] [php:error] [pid 91213] [client 20.151.11.236:0] script '/domains/magicjim/wp-michan.php' not found or unable to stat
[Sun Mar 08 03:38:50.129975 2026] [php:error] [pid 91213] [client 20.151.11.236:0] script '/domains/magicjim/wp-the.php' not found or unable to stat
[Sun Mar 08 03:38:50.177571 2026] [php:error] [pid 91213] [client 20.151.11.236:0] script '/domains/magicjim/BDKR28WP.php' not found or unable to stat
[Sun Mar 08 03:38:50.225225 2026] [php:error] [pid 91213] [client 20.151.11.236:0] script '/domains/magicjim/wp.php' not found or unable to stat
[Sun Mar 08 03:38:50.275661 2026] [php:error] [pid 91213] [client 20.151.11.236:0] script '/domains/magicjim/w4.php' not found or unable to stat
[Sun Mar 08 03:38:50.326815 2026] [php:error] [pid 91213] [client 20.151.11.236:0] script '/domains/magicjim/ok.php' not found or unable to stat
[Sun Mar 08 03:38:50.358526 2026] [php:error] [pid 91213] [client 20.151.11.236:0] script '/domains/magicjim/about.php' not found or unable to stat
[Sun Mar 08 03:38:50.407084 2026] [php:error] [pid 91213] [client 20.151.11.236:0] script '/domains/magicjim/fe5.php' not found or unable to stat
[Sun Mar 08 03:38:50.431604 2026] [php:error] [pid 91213] [client 20.151.11.236:0] script '/domains/magicjim/kj.php' not found or unable to stat
[Sun Mar 08 03:38:50.479309 2026] [php:error] [pid 91213] [client 20.151.11.236:0] script '/domains/magicjim/av.php' not found or unable to stat
[Sun Mar 08 03:38:50.503792 2026] [php:error] [pid 91213] [client 20.151.11.236:0] script '/domains/magicjim/abcd.php' not found or unable to stat
[Sun Mar 08 03:38:50.529332 2026] [php:error] [pid 91213] [client 20.151.11.236:0] script '/domains/magicjim/init.php' not found or unable to stat
[Sun Mar 08 03:38:50.553161 2026] [php:error] [pid 91213] [client 20.151.11.236:0] script '/domains/magicjim/fi.php' not found or unable to stat
[Sun Mar 08 03:38:50.577070 2026] [php:error] [pid 91213] [client 20.151.11.236:0] script '/domains/magicjim/a1.php' not found or unable to stat
[Sun Mar 08 03:38:50.649275 2026] [php:error] [pid 91213] [client 20.151.11.236:0] script '/domains/magicjim/f35.php' not found or unable to stat
[Sun Mar 08 03:38:50.673346 2026] [php:error] [pid 91213] [client 20.151.11.236:0] script '/domains/magicjim/hi.php' not found or unable to stat
[Sun Mar 08 03:38:50.698370 2026] [php:error] [pid 91213] [client 20.151.11.236:0] script '/domains/magicjim/lb.php' not found or unable to stat
[Sun Mar 08 03:38:50.769837 2026] [php:error] [pid 91213] [client 20.151.11.236:0] script '/domains/magicjim/prv8.php' not found or unable to stat
[Sun Mar 08 03:38:50.793643 2026] [php:error] [pid 91213] [client 20.151.11.236:0] script '/domains/magicjim/k.php' not found or unable to stat
[Sun Mar 08 03:38:50.817808 2026] [php:error] [pid 91213] [client 20.151.11.236:0] script '/domains/magicjim/dev.php' not found or unable to stat
[Sun Mar 08 03:38:50.841958 2026] [php:error] [pid 91213] [client 20.151.11.236:0] script '/domains/magicjim/bal.php' not found or unable to stat
[Sun Mar 08 03:38:50.865789 2026] [php:error] [pid 91213] [client 20.151.11.236:0] script '/domains/magicjim/in.php' not found or unable to stat
[Sun Mar 08 03:38:50.889562 2026] [php:error] [pid 91213] [client 20.151.11.236:0] script '/domains/magicjim/gssdd.php' not found or unable to stat
[Sun Mar 08 03:38:50.913631 2026] [php:error] [pid 91213] [client 20.151.11.236:0] script '/domains/magicjim/motu.php' not found or unable to stat
[Sun Mar 08 03:38:50.937551 2026] [php:error] [pid 91213] [client 20.151.11.236:0] script '/domains/magicjim/bs1.php' not found or unable to stat
[Sun Mar 08 03:38:50.961442 2026] [php:error] [pid 91213] [client 20.151.11.236:0] script '/domains/magicjim/bengi.php' not found or unable to stat
[Sun Mar 08 03:38:50.985614 2026] [php:error] [pid 91213] [client 20.151.11.236:0] script '/domains/magicjim/miansha.php' not found or unable to stat
[Sun Mar 08 03:38:51.010018 2026] [php:error] [pid 91213] [client 20.151.11.236:0] script '/domains/magicjim/erty.php' not found or unable to stat
[Sun Mar 08 03:38:51.058108 2026] [php:error] [pid 91213] [client 20.151.11.236:0] script '/domains/magicjim/X57.php' not found or unable to stat
[Sun Mar 08 03:38:51.086007 2026] [php:error] [pid 91213] [client 20.151.11.236:0] script '/domains/magicjim/axx.php' not found or unable to stat
[Sun Mar 08 03:38:51.109831 2026] [php:error] [pid 91213] [client 20.151.11.236:0] script '/domains/magicjim/alfashell.php' not found or unable to stat
[Sun Mar 08 03:38:51.133885 2026] [php:error] [pid 91213] [client 20.151.11.236:0] script '/domains/magicjim/re.php' not found or unable to stat
[Sun Mar 08 03:38:51.158298 2026] [php:error] [pid 91213] [client 20.151.11.236:0] script '/domains/magicjim/styll.php' not found or unable to stat
[Sun Mar 08 03:38:51.182428 2026] [php:error] [pid 91213] [client 20.151.11.236:0] script '/domains/magicjim/flower.php' not found or unable to stat
[Sun Mar 08 03:38:51.209978 2026] [php:error] [pid 91213] [client 20.151.11.236:0] script '/domains/magicjim/4h.php' not found or unable to stat
[Sun Mar 08 03:38:51.234507 2026] [php:error] [pid 91213] [client 20.151.11.236:0] script '/domains/magicjim/gettest.php' not found or unable to stat
[Sun Mar 08 03:38:51.258546 2026] [php:error] [pid 91213] [client 20.151.11.236:0] script '/domains/magicjim/acp.php' not found or unable to stat
[Sun Mar 08 03:38:51.283516 2026] [php:error] [pid 91213] [client 20.151.11.236:0] script '/domains/magicjim/database.php' not found or unable to stat
[Sun Mar 08 03:39:12.780655 2026] [php:error] [pid 91214] [client 20.63.83.113:0] script '/domains/system_suspended/hoket.php' not found or unable to stat
[Sun Mar 08 03:39:12.804504 2026] [php:error] [pid 91214] [client 20.63.83.113:0] script '/domains/system_suspended/lock360.php' not found or unable to stat
[Sun Mar 08 03:39:12.838209 2026] [php:error] [pid 91214] [client 20.63.83.113:0] script '/domains/system_suspended/file17.php' not found or unable to stat
[Sun Mar 08 03:39:12.915359 2026] [php:error] [pid 91214] [client 20.63.83.113:0] script '/domains/system_suspended/file9.php' not found or unable to stat
[Sun Mar 08 03:39:12.939751 2026] [php:error] [pid 91214] [client 20.63.83.113:0] script '/domains/system_suspended/file.php' not found or unable to stat
[Sun Mar 08 03:39:12.963625 2026] [php:error] [pid 91214] [client 20.63.83.113:0] script '/domains/system_suspended/file7.php' not found or unable to stat
[Sun Mar 08 03:39:12.988255 2026] [php:error] [pid 91214] [client 20.63.83.113:0] script '/domains/system_suspended/file2.php' not found or unable to stat
[Sun Mar 08 03:39:13.025754 2026] [php:error] [pid 91214] [client 20.63.83.113:0] script '/domains/system_suspended/file5.php' not found or unable to stat
[Sun Mar 08 03:39:13.052010 2026] [php:error] [pid 91214] [client 20.63.83.113:0] script '/domains/system_suspended/file15.php' not found or unable to stat
[Sun Mar 08 03:39:13.075890 2026] [php:error] [pid 91214] [client 20.63.83.113:0] script '/domains/system_suspended/file18.php' not found or unable to stat
[Sun Mar 08 03:39:13.222463 2026] [php:error] [pid 91214] [client 20.63.83.113:0] script '/domains/system_suspended/law2.php' not found or unable to stat
[Sun Mar 08 03:39:13.246637 2026] [php:error] [pid 91214] [client 20.63.83.113:0] script '/domains/system_suspended/law.php' not found or unable to stat
[Sun Mar 08 03:39:13.429478 2026] [php:error] [pid 91214] [client 20.63.83.113:0] script '/domains/system_suspended/mar.php' not found or unable to stat
[Sun Mar 08 03:39:13.453407 2026] [php:error] [pid 91214] [client 20.63.83.113:0] script '/domains/system_suspended/wp-info.php' not found or unable to stat
[Sun Mar 08 03:40:50.456583 2026] [php:error] [pid 91232] [client 35.205.148.205:0] script '/domains/wsmith.enteract/install.php' not found or unable to stat
[Sun Mar 08 03:41:09.733345 2026] [php:error] [pid 91245] [client 104.28.203.60:0] script '/domains/mjbradley/style.php' not found or unable to stat
[Sun Mar 08 03:41:10.339399 2026] [php:error] [pid 91245] [client 104.28.203.60:0] script '/domains/mjbradley/chosen.php' not found or unable to stat
[Sun Mar 08 03:41:10.575382 2026] [php:error] [pid 91245] [client 104.28.203.60:0] script '/domains/mjbradley/file.php' not found or unable to stat
[Sun Mar 08 03:41:10.994243 2026] [php:error] [pid 91245] [client 104.28.203.60:0] script '/domains/mjbradley/flower.php' not found or unable to stat
[Sun Mar 08 03:41:11.073053 2026] [php:error] [pid 91245] [client 104.28.203.60:0] script '/domains/mjbradley/gifclass.php' not found or unable to stat
[Sun Mar 08 03:41:11.530535 2026] [php:error] [pid 91245] [client 104.28.203.60:0] script '/domains/mjbradley/bless.php' not found or unable to stat
[Sun Mar 08 03:41:11.811224 2026] [php:error] [pid 91245] [client 104.28.203.60:0] script '/domains/mjbradley/class-t.api.php' not found or unable to stat
[Sun Mar 08 03:41:12.573066 2026] [php:error] [pid 91245] [client 104.28.203.60:0] script '/domains/mjbradley/blurbs.php' not found or unable to stat
[Sun Mar 08 03:41:12.758353 2026] [php:error] [pid 91245] [client 104.28.203.60:0] script '/domains/mjbradley/akcc.php' not found or unable to stat
[Sun Mar 08 03:41:12.931358 2026] [php:error] [pid 91245] [client 104.28.203.60:0] script '/domains/mjbradley/abcd.php' not found or unable to stat
[Sun Mar 08 03:41:13.042040 2026] [php:error] [pid 91245] [client 104.28.203.60:0] script '/domains/mjbradley/shelp.php' not found or unable to stat
[Sun Mar 08 03:41:13.228717 2026] [php:error] [pid 91245] [client 104.28.203.60:0] script '/domains/mjbradley/cord.php' not found or unable to stat
[Sun Mar 08 03:41:13.426230 2026] [php:error] [pid 91245] [client 104.28.203.60:0] script '/domains/mjbradley/dex.php' not found or unable to stat
[Sun Mar 08 03:41:13.604404 2026] [php:error] [pid 91245] [client 104.28.203.60:0] script '/domains/mjbradley/file2.php' not found or unable to stat
[Sun Mar 08 03:41:13.746902 2026] [php:error] [pid 91245] [client 104.28.203.60:0] script '/domains/mjbradley/zwso.php' not found or unable to stat
[Sun Mar 08 03:41:13.826040 2026] [php:error] [pid 91242] [client 20.219.8.79:0] script '/domains/afglcweb/wp-links.php' not found or unable to stat
[Sun Mar 08 03:41:14.488032 2026] [php:error] [pid 91245] [client 104.28.203.60:0] script '/domains/mjbradley/bolt.php' not found or unable to stat
[Sun Mar 08 03:41:14.741674 2026] [php:error] [pid 91245] [client 104.28.203.60:0] script '/domains/mjbradley/shlo.php' not found or unable to stat
[Sun Mar 08 03:41:14.820007 2026] [php:error] [pid 91245] [client 104.28.203.60:0] script '/domains/mjbradley/133.php' not found or unable to stat
[Sun Mar 08 03:41:14.993105 2026] [php:error] [pid 91245] [client 104.28.203.60:0] script '/domains/mjbradley/ahax.php' not found or unable to stat
[Sun Mar 08 03:41:15.259079 2026] [php:error] [pid 91245] [client 104.28.203.60:0] script '/domains/mjbradley/php8.php' not found or unable to stat
[Sun Mar 08 03:41:15.513273 2026] [php:error] [pid 91245] [client 104.28.203.60:0] script '/domains/mjbradley/lufix1.php' not found or unable to stat
[Sun Mar 08 03:41:15.614442 2026] [php:error] [pid 91245] [client 104.28.203.60:0] script '/domains/mjbradley/witmm.php' not found or unable to stat
[Sun Mar 08 03:41:15.963512 2026] [php:error] [pid 91245] [client 104.28.203.60:0] script '/domains/mjbradley/ioxi-o.php' not found or unable to stat
[Sun Mar 08 03:41:16.194861 2026] [php:error] [pid 91245] [client 104.28.203.60:0] script '/domains/mjbradley/222.php' not found or unable to stat
[Sun Mar 08 03:41:16.368449 2026] [php:error] [pid 91245] [client 104.28.203.60:0] script '/domains/mjbradley/files.php' not found or unable to stat
[Sun Mar 08 03:41:16.452811 2026] [php:error] [pid 91245] [client 104.28.203.60:0] script '/domains/mjbradley/wp-editor.php' not found or unable to stat
[Sun Mar 08 03:41:16.526380 2026] [php:error] [pid 91245] [client 104.28.203.60:0] script '/domains/mjbradley/txets.php' not found or unable to stat
[Sun Mar 08 03:41:17.036492 2026] [php:error] [pid 91245] [client 104.28.203.60:0] script '/domains/mjbradley/postnews.php' not found or unable to stat
[Sun Mar 08 03:41:22.547241 2026] [php:error] [pid 91234] [client 20.53.240.38:0] script '/domains/king1969/ioxi-o.php' not found or unable to stat
[Sun Mar 08 03:41:22.747968 2026] [php:error] [pid 91234] [client 20.53.240.38:0] script '/domains/king1969/0x.php' not found or unable to stat
[Sun Mar 08 03:41:22.949383 2026] [php:error] [pid 91234] [client 20.53.240.38:0] script '/domains/king1969/222.php' not found or unable to stat
[Sun Mar 08 03:41:23.152359 2026] [php:error] [pid 91234] [client 20.53.240.38:0] script '/domains/king1969/aa.php' not found or unable to stat
[Sun Mar 08 03:41:23.353144 2026] [php:error] [pid 91234] [client 20.53.240.38:0] script '/domains/king1969/abcd.php' not found or unable to stat
[Sun Mar 08 03:41:23.563645 2026] [php:error] [pid 91234] [client 20.53.240.38:0] script '/domains/king1969/admin.php' not found or unable to stat
[Sun Mar 08 03:41:23.968164 2026] [php:error] [pid 91234] [client 20.53.240.38:0] script '/domains/king1969/adminfuns.php' not found or unable to stat
[Sun Mar 08 03:41:24.168465 2026] [php:error] [pid 91234] [client 20.53.240.38:0] script '/domains/king1969/akc.php' not found or unable to stat
[Sun Mar 08 03:41:24.368904 2026] [php:error] [pid 91234] [client 20.53.240.38:0] script '/domains/king1969/buy.php' not found or unable to stat
[Sun Mar 08 03:41:24.569297 2026] [php:error] [pid 91234] [client 20.53.240.38:0] script '/domains/king1969/cong.php' not found or unable to stat
[Sun Mar 08 03:41:24.770674 2026] [php:error] [pid 91234] [client 20.53.240.38:0] script '/domains/king1969/css/classwithtostring.php' not found or unable to stat
[Sun Mar 08 03:41:24.971219 2026] [php:error] [pid 91234] [client 20.53.240.38:0] script '/domains/king1969/db.php' not found or unable to stat
[Sun Mar 08 03:41:25.171876 2026] [php:error] [pid 91234] [client 20.53.240.38:0] script '/domains/king1969/dropdown.php' not found or unable to stat
[Sun Mar 08 03:41:25.372642 2026] [php:error] [pid 91234] [client 20.53.240.38:0] script '/domains/king1969/file.php' not found or unable to stat
[Sun Mar 08 03:41:25.494535 2026] [php:error] [pid 91246] [client 104.28.203.60:0] script '/domains/tennex/style.php' not found or unable to stat
[Sun Mar 08 03:41:25.573904 2026] [php:error] [pid 91234] [client 20.53.240.38:0] script '/domains/king1969/goods.php' not found or unable to stat
[Sun Mar 08 03:41:25.797395 2026] [php:error] [pid 91234] [client 20.53.240.38:0] script '/domains/king1969/hplfuns.php' not found or unable to stat
[Sun Mar 08 03:41:25.998547 2026] [php:error] [pid 91234] [client 20.53.240.38:0] script '/domains/king1969/htaccess.php' not found or unable to stat
[Sun Mar 08 03:41:26.601022 2026] [php:error] [pid 91234] [client 20.53.240.38:0] script '/domains/king1969/info.php' not found or unable to stat
[Sun Mar 08 03:41:26.702823 2026] [php:error] [pid 91246] [client 104.28.203.60:0] script '/domains/tennex/chosen.php' not found or unable to stat
[Sun Mar 08 03:41:26.801562 2026] [php:error] [pid 91234] [client 20.53.240.38:0] script '/domains/king1969/profile.php' not found or unable to stat
[Sun Mar 08 03:41:26.971490 2026] [php:error] [pid 91246] [client 104.28.203.60:0] script '/domains/tennex/file.php' not found or unable to stat
[Sun Mar 08 03:41:27.002125 2026] [php:error] [pid 91234] [client 20.53.240.38:0] script '/domains/king1969/sx.php' not found or unable to stat
[Sun Mar 08 03:41:27.216039 2026] [php:error] [pid 91246] [client 104.28.203.60:0] script '/domains/tennex/flower.php' not found or unable to stat
[Sun Mar 08 03:41:27.501744 2026] [php:error] [pid 91246] [client 104.28.203.60:0] script '/domains/tennex/gifclass.php' not found or unable to stat
[Sun Mar 08 03:41:27.701264 2026] [php:error] [pid 91246] [client 104.28.203.60:0] script '/domains/tennex/bless.php' not found or unable to stat
[Sun Mar 08 03:41:27.771904 2026] [php:error] [pid 91246] [client 104.28.203.60:0] script '/domains/tennex/class-t.api.php' not found or unable to stat
[Sun Mar 08 03:41:27.824569 2026] [php:error] [pid 91242] [client 20.219.8.79:0] script '/domains/afglcweb/bk.php' not found or unable to stat
[Sun Mar 08 03:41:27.886857 2026] [php:error] [pid 91246] [client 104.28.203.60:0] script '/domains/tennex/blurbs.php' not found or unable to stat
[Sun Mar 08 03:41:28.015292 2026] [php:error] [pid 91246] [client 104.28.203.60:0] script '/domains/tennex/akcc.php' not found or unable to stat
[Sun Mar 08 03:41:28.030707 2026] [php:error] [pid 91242] [client 20.219.8.79:0] script '/domains/afglcweb/public.php' not found or unable to stat
[Sun Mar 08 03:41:28.101022 2026] [php:error] [pid 91246] [client 104.28.203.60:0] script '/domains/tennex/abcd.php' not found or unable to stat
[Sun Mar 08 03:41:28.367089 2026] [php:error] [pid 91246] [client 104.28.203.60:0] script '/domains/tennex/shelp.php' not found or unable to stat
[Sun Mar 08 03:41:28.692146 2026] [php:error] [pid 91246] [client 104.28.203.60:0] script '/domains/tennex/cord.php' not found or unable to stat
[Sun Mar 08 03:41:29.284460 2026] [php:error] [pid 91246] [client 104.28.203.60:0] script '/domains/tennex/dex.php' not found or unable to stat
[Sun Mar 08 03:41:29.653435 2026] [php:error] [pid 91246] [client 104.28.203.60:0] script '/domains/tennex/file2.php' not found or unable to stat
[Sun Mar 08 03:41:30.807655 2026] [php:error] [pid 91246] [client 104.28.203.60:0] script '/domains/tennex/zwso.php' not found or unable to stat
[Sun Mar 08 03:41:31.531498 2026] [php:error] [pid 91234] [client 20.53.240.38:0] script '/domains/king1969/wp-fclass.php' not found or unable to stat
[Sun Mar 08 03:41:35.007067 2026] [php:error] [pid 91246] [client 104.28.203.60:0] script '/domains/tennex/bolt.php' not found or unable to stat
[Sun Mar 08 03:41:35.322717 2026] [php:error] [pid 91246] [client 104.28.203.60:0] script '/domains/tennex/shlo.php' not found or unable to stat
[Sun Mar 08 03:41:35.424734 2026] [php:error] [pid 91246] [client 104.28.203.60:0] script '/domains/tennex/133.php' not found or unable to stat
[Sun Mar 08 03:41:35.432812 2026] [php:error] [pid 91234] [client 20.53.240.38:0] script '/domains/king1969/wp-themes.php' not found or unable to stat
[Sun Mar 08 03:41:35.633657 2026] [php:error] [pid 91234] [client 20.53.240.38:0] script '/domains/king1969/xmlrpc.php' not found or unable to stat
[Sun Mar 08 03:41:35.922453 2026] [php:error] [pid 91246] [client 104.28.203.60:0] script '/domains/tennex/ahax.php' not found or unable to stat
[Sun Mar 08 03:41:38.106078 2026] [php:error] [pid 91246] [client 104.28.203.60:0] script '/domains/tennex/php8.php' not found or unable to stat
[Sun Mar 08 03:41:39.708631 2026] [php:error] [pid 91246] [client 104.28.203.60:0] script '/domains/tennex/lufix1.php' not found or unable to stat
[Sun Mar 08 03:41:39.796270 2026] [php:error] [pid 91246] [client 104.28.203.60:0] script '/domains/tennex/witmm.php' not found or unable to stat
[Sun Mar 08 03:41:42.380789 2026] [php:error] [pid 91246] [client 104.28.203.60:0] script '/domains/tennex/ioxi-o.php' not found or unable to stat
[Sun Mar 08 03:41:42.479781 2026] [php:error] [pid 91246] [client 104.28.203.60:0] script '/domains/tennex/222.php' not found or unable to stat
[Sun Mar 08 03:41:42.745491 2026] [php:error] [pid 91246] [client 104.28.203.60:0] script '/domains/tennex/files.php' not found or unable to stat
[Sun Mar 08 03:41:42.933439 2026] [php:error] [pid 91246] [client 104.28.203.60:0] script '/domains/tennex/wp-editor.php' not found or unable to stat
[Sun Mar 08 03:41:43.001292 2026] [php:error] [pid 91246] [client 104.28.203.60:0] script '/domains/tennex/txets.php' not found or unable to stat
[Sun Mar 08 03:41:43.370802 2026] [php:error] [pid 91246] [client 104.28.203.60:0] script '/domains/tennex/postnews.php' not found or unable to stat
[Sun Mar 08 03:42:25.527652 2026] [php:error] [pid 91212] [client 20.219.8.79:0] script '/domains/ltemple/ioxi-o.php' not found or unable to stat
[Sun Mar 08 03:42:25.736977 2026] [php:error] [pid 91212] [client 20.219.8.79:0] script '/domains/ltemple/0x.php' not found or unable to stat
[Sun Mar 08 03:42:25.947485 2026] [php:error] [pid 91212] [client 20.219.8.79:0] script '/domains/ltemple/222.php' not found or unable to stat
[Sun Mar 08 03:42:26.153885 2026] [php:error] [pid 91212] [client 20.219.8.79:0] script '/domains/ltemple/aa.php' not found or unable to stat
[Sun Mar 08 03:42:26.360836 2026] [php:error] [pid 91212] [client 20.219.8.79:0] script '/domains/ltemple/abcd.php' not found or unable to stat
[Sun Mar 08 03:42:26.567126 2026] [php:error] [pid 91212] [client 20.219.8.79:0] script '/domains/ltemple/admin.php' not found or unable to stat
[Sun Mar 08 03:42:26.999003 2026] [php:error] [pid 91212] [client 20.219.8.79:0] script '/domains/ltemple/adminfuns.php' not found or unable to stat
[Sun Mar 08 03:42:27.207880 2026] [php:error] [pid 91212] [client 20.219.8.79:0] script '/domains/ltemple/akc.php' not found or unable to stat
[Sun Mar 08 03:42:27.430904 2026] [php:error] [pid 91212] [client 20.219.8.79:0] script '/domains/ltemple/buy.php' not found or unable to stat
[Sun Mar 08 03:42:27.641988 2026] [php:error] [pid 91212] [client 20.219.8.79:0] script '/domains/ltemple/cong.php' not found or unable to stat
[Sun Mar 08 03:42:28.083273 2026] [php:error] [pid 91212] [client 20.219.8.79:0] script '/domains/ltemple/db.php' not found or unable to stat
[Sun Mar 08 03:42:28.302784 2026] [php:error] [pid 91212] [client 20.219.8.79:0] script '/domains/ltemple/dropdown.php' not found or unable to stat
[Sun Mar 08 03:42:28.509032 2026] [php:error] [pid 91212] [client 20.219.8.79:0] script '/domains/ltemple/file.php' not found or unable to stat
[Sun Mar 08 03:42:28.720026 2026] [php:error] [pid 91212] [client 20.219.8.79:0] script '/domains/ltemple/goods.php' not found or unable to stat
[Sun Mar 08 03:42:28.935845 2026] [php:error] [pid 91212] [client 20.219.8.79:0] script '/domains/ltemple/hplfuns.php' not found or unable to stat
[Sun Mar 08 03:42:29.157850 2026] [php:error] [pid 91212] [client 20.219.8.79:0] script '/domains/ltemple/htaccess.php' not found or unable to stat
[Sun Mar 08 03:42:29.376682 2026] [php:error] [pid 91212] [client 20.219.8.79:0] script '/domains/ltemple/images/wso.php' not found or unable to stat
[Sun Mar 08 03:42:29.790807 2026] [php:error] [pid 91212] [client 20.219.8.79:0] script '/domains/ltemple/info.php' not found or unable to stat
[Sun Mar 08 03:42:30.007591 2026] [php:error] [pid 91212] [client 20.219.8.79:0] script '/domains/ltemple/profile.php' not found or unable to stat
[Sun Mar 08 03:42:30.230246 2026] [php:error] [pid 91212] [client 20.219.8.79:0] script '/domains/ltemple/sx.php' not found or unable to stat
[Sun Mar 08 03:42:35.025793 2026] [php:error] [pid 91212] [client 20.219.8.79:0] script '/domains/ltemple/wp-fclass.php' not found or unable to stat
[Sun Mar 08 03:42:39.212338 2026] [php:error] [pid 91212] [client 20.219.8.79:0] script '/domains/ltemple/wp-themes.php' not found or unable to stat
[Sun Mar 08 03:42:39.425758 2026] [php:error] [pid 91212] [client 20.219.8.79:0] script '/domains/ltemple/xmlrpc.php' not found or unable to stat
[Sun Mar 08 03:42:46.164244 2026] [php:error] [pid 91242] [client 80.72.25.131:0] script '/domains/brigadeweb/xmlrpc.php' not found or unable to stat
[Sun Mar 08 03:43:28.239980 2026] [php:error] [pid 91255] [client 37.46.190.251:0] script '/domains/byardrealestate/xmlrpc.php' not found or unable to stat
[Sun Mar 08 03:43:47.652616 2026] [php:error] [pid 91269] [client 223.235.103.142:0] script '/domains/supolo/xmlrpc.php' not found or unable to stat
[Sun Mar 08 03:44:09.910803 2026] [php:error] [pid 91257] [client 20.53.240.38:0] script '/domains/system_default/wp-links.php' not found or unable to stat
[Sun Mar 08 03:44:23.724555 2026] [php:error] [pid 91257] [client 20.53.240.38:0] script '/domains/system_default/bk.php' not found or unable to stat
[Sun Mar 08 03:44:23.925464 2026] [php:error] [pid 91257] [client 20.53.240.38:0] script '/domains/system_default/public.php' not found or unable to stat
[Sun Mar 08 03:44:43.476363 2026] [php:error] [pid 91288] [client 20.219.132.149:0] script '/domains/system_default/ioxi-o.php' not found or unable to stat
[Sun Mar 08 03:44:43.683062 2026] [php:error] [pid 91288] [client 20.219.132.149:0] script '/domains/system_default/0x.php' not found or unable to stat
[Sun Mar 08 03:44:43.890247 2026] [php:error] [pid 91288] [client 20.219.132.149:0] script '/domains/system_default/222.php' not found or unable to stat
[Sun Mar 08 03:44:44.106456 2026] [php:error] [pid 91288] [client 20.219.132.149:0] script '/domains/system_default/aa.php' not found or unable to stat
[Sun Mar 08 03:44:44.312913 2026] [php:error] [pid 91288] [client 20.219.132.149:0] script '/domains/system_default/abcd.php' not found or unable to stat
[Sun Mar 08 03:44:44.519634 2026] [php:error] [pid 91288] [client 20.219.132.149:0] script '/domains/system_default/admin.php' not found or unable to stat
[Sun Mar 08 03:44:44.934176 2026] [php:error] [pid 91288] [client 20.219.132.149:0] script '/domains/system_default/adminfuns.php' not found or unable to stat
[Sun Mar 08 03:44:45.141334 2026] [php:error] [pid 91288] [client 20.219.132.149:0] script '/domains/system_default/akc.php' not found or unable to stat
[Sun Mar 08 03:44:45.347769 2026] [php:error] [pid 91288] [client 20.219.132.149:0] script '/domains/system_default/buy.php' not found or unable to stat
[Sun Mar 08 03:44:45.554298 2026] [php:error] [pid 91288] [client 20.219.132.149:0] script '/domains/system_default/cong.php' not found or unable to stat
[Sun Mar 08 03:44:45.986539 2026] [php:error] [pid 91288] [client 20.219.132.149:0] script '/domains/system_default/db.php' not found or unable to stat
[Sun Mar 08 03:44:46.193379 2026] [php:error] [pid 91288] [client 20.219.132.149:0] script '/domains/system_default/dropdown.php' not found or unable to stat
[Sun Mar 08 03:44:46.399747 2026] [php:error] [pid 91288] [client 20.219.132.149:0] script '/domains/system_default/file.php' not found or unable to stat
[Sun Mar 08 03:44:46.606218 2026] [php:error] [pid 91288] [client 20.219.132.149:0] script '/domains/system_default/goods.php' not found or unable to stat
[Sun Mar 08 03:44:46.812708 2026] [php:error] [pid 91288] [client 20.219.132.149:0] script '/domains/system_default/hplfuns.php' not found or unable to stat
[Sun Mar 08 03:44:47.019455 2026] [php:error] [pid 91288] [client 20.219.132.149:0] script '/domains/system_default/htaccess.php' not found or unable to stat
