[Sun Mar 08 05:11:29.433179 2026] [php:error] [pid 92672] [client 13.75.194.66:0] script '/domains/efusion1/images/wso.php' not found or unable to stat
[Sun Mar 08 05:11:29.826405 2026] [php:error] [pid 92672] [client 13.75.194.66:0] script '/domains/efusion1/info.php' not found or unable to stat
[Sun Mar 08 05:11:30.023225 2026] [php:error] [pid 92672] [client 13.75.194.66:0] script '/domains/efusion1/profile.php' not found or unable to stat
[Sun Mar 08 05:11:30.219453 2026] [php:error] [pid 92672] [client 13.75.194.66:0] script '/domains/efusion1/sx.php' not found or unable to stat
[Sun Mar 08 05:11:34.691438 2026] [php:error] [pid 92672] [client 13.75.194.66:0] script '/domains/efusion1/wp-fclass.php' not found or unable to stat
[Sun Mar 08 05:11:38.497987 2026] [php:error] [pid 92672] [client 13.75.194.66:0] script '/domains/efusion1/wp-themes.php' not found or unable to stat
[Sun Mar 08 05:11:38.695148 2026] [php:error] [pid 92672] [client 13.75.194.66:0] script '/domains/efusion1/xmlrpc.php' not found or unable to stat
[Sun Mar 08 05:11:49.577720 2026] [php:error] [pid 92710] [client 104.28.203.60:0] script '/domains/agribiz/style.php' not found or unable to stat
[Sun Mar 08 05:11:50.198509 2026] [php:error] [pid 92710] [client 104.28.203.60:0] script '/domains/agribiz/chosen.php' not found or unable to stat
[Sun Mar 08 05:11:50.277529 2026] [php:error] [pid 92710] [client 104.28.203.60:0] script '/domains/agribiz/file.php' not found or unable to stat
[Sun Mar 08 05:11:50.347523 2026] [php:error] [pid 92710] [client 104.28.203.60:0] script '/domains/agribiz/flower.php' not found or unable to stat
[Sun Mar 08 05:11:50.556380 2026] [php:error] [pid 92710] [client 104.28.203.60:0] script '/domains/agribiz/gifclass.php' not found or unable to stat
[Sun Mar 08 05:11:50.872628 2026] [php:error] [pid 92710] [client 104.28.203.60:0] script '/domains/agribiz/bless.php' not found or unable to stat
[Sun Mar 08 05:11:50.940372 2026] [php:error] [pid 92710] [client 104.28.203.60:0] script '/domains/agribiz/class-t.api.php' not found or unable to stat
[Sun Mar 08 05:11:51.018442 2026] [php:error] [pid 92710] [client 104.28.203.60:0] script '/domains/agribiz/blurbs.php' not found or unable to stat
[Sun Mar 08 05:11:51.261964 2026] [php:error] [pid 92710] [client 104.28.203.60:0] script '/domains/agribiz/akcc.php' not found or unable to stat
[Sun Mar 08 05:11:51.580823 2026] [php:error] [pid 92710] [client 104.28.203.60:0] script '/domains/agribiz/abcd.php' not found or unable to stat
[Sun Mar 08 05:11:51.988944 2026] [php:error] [pid 92710] [client 104.28.203.60:0] script '/domains/agribiz/shelp.php' not found or unable to stat
[Sun Mar 08 05:11:52.174982 2026] [php:error] [pid 92710] [client 104.28.203.60:0] script '/domains/agribiz/cord.php' not found or unable to stat
[Sun Mar 08 05:11:52.608460 2026] [php:error] [pid 92710] [client 104.28.203.60:0] script '/domains/agribiz/dex.php' not found or unable to stat
[Sun Mar 08 05:11:52.962365 2026] [php:error] [pid 92710] [client 104.28.203.60:0] script '/domains/agribiz/file2.php' not found or unable to stat
[Sun Mar 08 05:11:53.071765 2026] [php:error] [pid 92710] [client 104.28.203.60:0] script '/domains/agribiz/zwso.php' not found or unable to stat
[Sun Mar 08 05:11:53.938905 2026] [php:error] [pid 92710] [client 104.28.203.60:0] script '/domains/agribiz/bolt.php' not found or unable to stat
[Sun Mar 08 05:11:54.287669 2026] [php:error] [pid 92710] [client 104.28.203.60:0] script '/domains/agribiz/shlo.php' not found or unable to stat
[Sun Mar 08 05:11:54.453225 2026] [php:error] [pid 92710] [client 104.28.203.60:0] script '/domains/agribiz/133.php' not found or unable to stat
[Sun Mar 08 05:11:54.679143 2026] [php:error] [pid 92710] [client 104.28.203.60:0] script '/domains/agribiz/ahax.php' not found or unable to stat
[Sun Mar 08 05:11:54.765126 2026] [php:error] [pid 92710] [client 104.28.203.60:0] script '/domains/agribiz/php8.php' not found or unable to stat
[Sun Mar 08 05:11:55.013406 2026] [php:error] [pid 92710] [client 104.28.203.60:0] script '/domains/agribiz/lufix1.php' not found or unable to stat
[Sun Mar 08 05:11:55.261952 2026] [php:error] [pid 92710] [client 104.28.203.60:0] script '/domains/agribiz/witmm.php' not found or unable to stat
[Sun Mar 08 05:12:02.024311 2026] [php:error] [pid 92710] [client 104.28.203.60:0] script '/domains/agribiz/ioxi-o.php' not found or unable to stat
[Sun Mar 08 05:12:02.221043 2026] [php:error] [pid 92710] [client 104.28.203.60:0] script '/domains/agribiz/222.php' not found or unable to stat
[Sun Mar 08 05:12:02.330489 2026] [php:error] [pid 92710] [client 104.28.203.60:0] script '/domains/agribiz/files.php' not found or unable to stat
[Sun Mar 08 05:12:02.413312 2026] [php:error] [pid 92710] [client 104.28.203.60:0] script '/domains/agribiz/wp-editor.php' not found or unable to stat
[Sun Mar 08 05:12:02.627832 2026] [php:error] [pid 92710] [client 104.28.203.60:0] script '/domains/agribiz/txets.php' not found or unable to stat
[Sun Mar 08 05:12:02.965116 2026] [php:error] [pid 92710] [client 104.28.203.60:0] script '/domains/agribiz/postnews.php' not found or unable to stat
[Sun Mar 08 05:12:06.042921 2026] [php:error] [pid 92685] [client 20.205.227.70:0] script '/domains/frog.interport1/edit.php' not found or unable to stat
[Sun Mar 08 05:12:06.269870 2026] [php:error] [pid 92685] [client 20.205.227.70:0] script '/domains/frog.interport1/ammika.php' not found or unable to stat
[Sun Mar 08 05:12:06.497183 2026] [php:error] [pid 92685] [client 20.205.227.70:0] script '/domains/frog.interport1/atomlib.php' not found or unable to stat
[Sun Mar 08 05:12:06.724329 2026] [php:error] [pid 92685] [client 20.205.227.70:0] script '/domains/frog.interport1/adminfuns.php' not found or unable to stat
[Sun Mar 08 05:12:06.951700 2026] [php:error] [pid 92685] [client 20.205.227.70:0] script '/domains/frog.interport1/ioxi-o.php' not found or unable to stat
[Sun Mar 08 05:12:07.178862 2026] [php:error] [pid 92685] [client 20.205.227.70:0] script '/domains/frog.interport1/rip.php' not found or unable to stat
[Sun Mar 08 05:12:07.405925 2026] [php:error] [pid 92685] [client 20.205.227.70:0] script '/domains/frog.interport1/fff.php' not found or unable to stat
[Sun Mar 08 05:12:07.633016 2026] [php:error] [pid 92685] [client 20.205.227.70:0] script '/domains/frog.interport1/222.php' not found or unable to stat
[Sun Mar 08 05:12:07.859609 2026] [php:error] [pid 92685] [client 20.205.227.70:0] script '/domains/frog.interport1/server.php' not found or unable to stat
[Sun Mar 08 05:12:08.087776 2026] [php:error] [pid 92685] [client 20.205.227.70:0] script '/domains/frog.interport1/about.php' not found or unable to stat
[Sun Mar 08 05:12:08.314786 2026] [php:error] [pid 92685] [client 20.205.227.70:0] script '/domains/frog.interport1/bless.php' not found or unable to stat
[Sun Mar 08 05:12:08.542151 2026] [php:error] [pid 92685] [client 20.205.227.70:0] script '/domains/frog.interport1/bolt.php' not found or unable to stat
[Sun Mar 08 05:12:08.769692 2026] [php:error] [pid 92685] [client 20.205.227.70:0] script '/domains/frog.interport1/wp-editor.php' not found or unable to stat
[Sun Mar 08 05:12:08.997069 2026] [php:error] [pid 92685] [client 20.205.227.70:0] script '/domains/frog.interport1/wp-blog.php' not found or unable to stat
[Sun Mar 08 05:12:09.250665 2026] [php:error] [pid 92685] [client 20.205.227.70:0] script '/domains/frog.interport1/xmrlpc.php' not found or unable to stat
[Sun Mar 08 05:12:09.706345 2026] [php:error] [pid 92685] [client 20.205.227.70:0] script '/domains/frog.interport1/admin.php' not found or unable to stat
[Sun Mar 08 05:12:09.933793 2026] [php:error] [pid 92685] [client 20.205.227.70:0] script '/domains/frog.interport1/nux.php' not found or unable to stat
[Sun Mar 08 05:12:10.168233 2026] [php:error] [pid 92685] [client 20.205.227.70:0] script '/domains/frog.interport1/sx.php' not found or unable to stat
[Sun Mar 08 05:12:10.415734 2026] [php:error] [pid 92685] [client 20.205.227.70:0] script '/domains/frog.interport1/11.php' not found or unable to stat
[Sun Mar 08 05:12:10.656722 2026] [php:error] [pid 92685] [client 20.205.227.70:0] script '/domains/frog.interport1/hel.php' not found or unable to stat
[Sun Mar 08 05:12:10.883837 2026] [php:error] [pid 92685] [client 20.205.227.70:0] script '/domains/frog.interport1/submitticket.php' not found or unable to stat
[Sun Mar 08 05:12:11.111331 2026] [php:error] [pid 92685] [client 20.205.227.70:0] script '/domains/frog.interport1/rep.php' not found or unable to stat
[Sun Mar 08 05:12:11.353622 2026] [php:error] [pid 92685] [client 20.205.227.70:0] script '/domains/frog.interport1/sql.php' not found or unable to stat
[Sun Mar 08 05:12:11.581291 2026] [php:error] [pid 92685] [client 20.205.227.70:0] script '/domains/frog.interport1/s.php' not found or unable to stat
[Sun Mar 08 05:12:11.808311 2026] [php:error] [pid 92685] [client 20.205.227.70:0] script '/domains/frog.interport1/mariju.php' not found or unable to stat
[Sun Mar 08 05:12:12.036065 2026] [php:error] [pid 92685] [client 20.205.227.70:0] script '/domains/frog.interport1/hel.php' not found or unable to stat
[Sun Mar 08 05:12:12.276589 2026] [php:error] [pid 92685] [client 20.205.227.70:0] script '/domains/frog.interport1/assacc.php' not found or unable to stat
[Sun Mar 08 05:12:12.503972 2026] [php:error] [pid 92685] [client 20.205.227.70:0] script '/domains/frog.interport1/gk.php' not found or unable to stat
[Sun Mar 08 05:12:12.731915 2026] [php:error] [pid 92685] [client 20.205.227.70:0] script '/domains/frog.interport1/chati.php' not found or unable to stat
[Sun Mar 08 05:12:12.982263 2026] [php:error] [pid 92685] [client 20.205.227.70:0] script '/domains/frog.interport1/autodiagnosis.php' not found or unable to stat
[Sun Mar 08 05:12:13.243490 2026] [php:error] [pid 92685] [client 20.205.227.70:0] script '/domains/frog.interport1/mountps.php' not found or unable to stat
[Sun Mar 08 05:12:14.250093 2026] [php:error] [pid 92685] [client 20.205.227.70:0] script '/domains/frog.interport1/images/send.php' not found or unable to stat
[Sun Mar 08 05:12:14.485662 2026] [php:error] [pid 92685] [client 20.205.227.70:0] script '/domains/frog.interport1/images/footer.php' not found or unable to stat
[Sun Mar 08 05:12:17.215730 2026] [php:error] [pid 92689] [client 104.28.235.57:0] script '/domains/king1969/style.php' not found or unable to stat
[Sun Mar 08 05:12:17.900144 2026] [php:error] [pid 92725] [client 104.28.235.57:0] script '/domains/king1969/style.php' not found or unable to stat
[Sun Mar 08 05:12:18.835787 2026] [php:error] [pid 92689] [client 104.28.235.57:0] script '/domains/king1969/chosen.php' not found or unable to stat
[Sun Mar 08 05:12:18.845049 2026] [php:error] [pid 92725] [client 104.28.235.57:0] script '/domains/king1969/chosen.php' not found or unable to stat
[Sun Mar 08 05:12:19.558180 2026] [php:error] [pid 92725] [client 104.28.235.57:0] script '/domains/king1969/file.php' not found or unable to stat
[Sun Mar 08 05:12:19.616299 2026] [php:error] [pid 92689] [client 104.28.235.57:0] script '/domains/king1969/file.php' not found or unable to stat
[Sun Mar 08 05:12:19.656528 2026] [php:error] [pid 92725] [client 104.28.235.57:0] script '/domains/king1969/flower.php' not found or unable to stat
[Sun Mar 08 05:12:19.691503 2026] [php:error] [pid 92689] [client 104.28.235.57:0] script '/domains/king1969/flower.php' not found or unable to stat
[Sun Mar 08 05:12:19.802012 2026] [php:error] [pid 92689] [client 104.28.235.57:0] script '/domains/king1969/gifclass.php' not found or unable to stat
[Sun Mar 08 05:12:19.953643 2026] [php:error] [pid 92725] [client 104.28.235.57:0] script '/domains/king1969/gifclass.php' not found or unable to stat
[Sun Mar 08 05:12:20.019785 2026] [php:error] [pid 92689] [client 104.28.235.57:0] script '/domains/king1969/bless.php' not found or unable to stat
[Sun Mar 08 05:12:20.090158 2026] [php:error] [pid 92725] [client 104.28.235.57:0] script '/domains/king1969/bless.php' not found or unable to stat
[Sun Mar 08 05:12:20.118464 2026] [php:error] [pid 92689] [client 104.28.235.57:0] script '/domains/king1969/class-t.api.php' not found or unable to stat
[Sun Mar 08 05:12:20.210454 2026] [php:error] [pid 92725] [client 104.28.235.57:0] script '/domains/king1969/class-t.api.php' not found or unable to stat
[Sun Mar 08 05:12:20.244515 2026] [php:error] [pid 92689] [client 104.28.235.57:0] script '/domains/king1969/blurbs.php' not found or unable to stat
[Sun Mar 08 05:12:20.297812 2026] [php:error] [pid 92725] [client 104.28.235.57:0] script '/domains/king1969/blurbs.php' not found or unable to stat
[Sun Mar 08 05:12:20.529732 2026] [php:error] [pid 92725] [client 104.28.235.57:0] script '/domains/king1969/akcc.php' not found or unable to stat
[Sun Mar 08 05:12:20.539124 2026] [php:error] [pid 92689] [client 104.28.235.57:0] script '/domains/king1969/akcc.php' not found or unable to stat
[Sun Mar 08 05:12:20.887349 2026] [php:error] [pid 92725] [client 104.28.235.57:0] script '/domains/king1969/abcd.php' not found or unable to stat
[Sun Mar 08 05:12:20.887725 2026] [php:error] [pid 92689] [client 104.28.235.57:0] script '/domains/king1969/abcd.php' not found or unable to stat
[Sun Mar 08 05:12:21.041764 2026] [php:error] [pid 92689] [client 104.28.235.57:0] script '/domains/king1969/shelp.php' not found or unable to stat
[Sun Mar 08 05:12:21.153294 2026] [php:error] [pid 92689] [client 104.28.235.57:0] script '/domains/king1969/cord.php' not found or unable to stat
[Sun Mar 08 05:12:21.746810 2026] [php:error] [pid 92725] [client 104.28.235.57:0] script '/domains/king1969/shelp.php' not found or unable to stat
[Sun Mar 08 05:12:21.748234 2026] [php:error] [pid 92689] [client 104.28.235.57:0] script '/domains/king1969/dex.php' not found or unable to stat
[Sun Mar 08 05:12:22.678937 2026] [php:error] [pid 92725] [client 104.28.235.57:0] script '/domains/king1969/cord.php' not found or unable to stat
[Sun Mar 08 05:12:22.794855 2026] [php:error] [pid 92689] [client 104.28.235.57:0] script '/domains/king1969/file2.php' not found or unable to stat
[Sun Mar 08 05:12:22.901085 2026] [php:error] [pid 92725] [client 104.28.235.57:0] script '/domains/king1969/dex.php' not found or unable to stat
[Sun Mar 08 05:12:22.902273 2026] [php:error] [pid 92689] [client 104.28.235.57:0] script '/domains/king1969/zwso.php' not found or unable to stat
[Sun Mar 08 05:12:23.225849 2026] [php:error] [pid 92725] [client 104.28.235.57:0] script '/domains/king1969/file2.php' not found or unable to stat
[Sun Mar 08 05:12:23.258528 2026] [php:error] [pid 92689] [client 104.28.235.57:0] script '/domains/king1969/bolt.php' not found or unable to stat
[Sun Mar 08 05:12:23.372242 2026] [php:error] [pid 92725] [client 104.28.235.57:0] script '/domains/king1969/zwso.php' not found or unable to stat
[Sun Mar 08 05:12:24.084902 2026] [php:error] [pid 92689] [client 104.28.235.57:0] script '/domains/king1969/shlo.php' not found or unable to stat
[Sun Mar 08 05:12:24.178022 2026] [php:error] [pid 92725] [client 104.28.235.57:0] script '/domains/king1969/bolt.php' not found or unable to stat
[Sun Mar 08 05:12:24.225403 2026] [php:error] [pid 92689] [client 104.28.235.57:0] script '/domains/king1969/133.php' not found or unable to stat
[Sun Mar 08 05:12:24.350295 2026] [php:error] [pid 92725] [client 104.28.235.57:0] script '/domains/king1969/shlo.php' not found or unable to stat
[Sun Mar 08 05:12:24.399808 2026] [php:error] [pid 92689] [client 104.28.235.57:0] script '/domains/king1969/ahax.php' not found or unable to stat
[Sun Mar 08 05:12:24.431356 2026] [php:error] [pid 92725] [client 104.28.235.57:0] script '/domains/king1969/133.php' not found or unable to stat
[Sun Mar 08 05:12:24.508663 2026] [php:error] [pid 92725] [client 104.28.235.57:0] script '/domains/king1969/ahax.php' not found or unable to stat
[Sun Mar 08 05:12:24.588747 2026] [php:error] [pid 92725] [client 104.28.235.57:0] script '/domains/king1969/php8.php' not found or unable to stat
[Sun Mar 08 05:12:24.654018 2026] [php:error] [pid 92689] [client 104.28.235.57:0] script '/domains/king1969/php8.php' not found or unable to stat
[Sun Mar 08 05:12:24.733809 2026] [php:error] [pid 92689] [client 104.28.235.57:0] script '/domains/king1969/lufix1.php' not found or unable to stat
[Sun Mar 08 05:12:24.743437 2026] [php:error] [pid 92725] [client 104.28.235.57:0] script '/domains/king1969/lufix1.php' not found or unable to stat
[Sun Mar 08 05:12:24.819211 2026] [php:error] [pid 92725] [client 104.28.235.57:0] script '/domains/king1969/witmm.php' not found or unable to stat
[Sun Mar 08 05:12:24.862085 2026] [php:error] [pid 92689] [client 104.28.235.57:0] script '/domains/king1969/witmm.php' not found or unable to stat
[Sun Mar 08 05:12:25.337198 2026] [php:error] [pid 92725] [client 104.28.235.57:0] script '/domains/king1969/ioxi-o.php' not found or unable to stat
[Sun Mar 08 05:12:25.407462 2026] [php:error] [pid 92725] [client 104.28.235.57:0] script '/domains/king1969/222.php' not found or unable to stat
[Sun Mar 08 05:12:25.487894 2026] [php:error] [pid 92725] [client 104.28.235.57:0] script '/domains/king1969/files.php' not found or unable to stat
[Sun Mar 08 05:12:25.492176 2026] [php:error] [pid 92689] [client 104.28.235.57:0] script '/domains/king1969/ioxi-o.php' not found or unable to stat
[Sun Mar 08 05:12:25.649993 2026] [php:error] [pid 92725] [client 104.28.235.57:0] script '/domains/king1969/wp-editor.php' not found or unable to stat
[Sun Mar 08 05:12:25.650298 2026] [php:error] [pid 92689] [client 104.28.235.57:0] script '/domains/king1969/222.php' not found or unable to stat
[Sun Mar 08 05:12:25.824859 2026] [php:error] [pid 92689] [client 104.28.235.57:0] script '/domains/king1969/files.php' not found or unable to stat
[Sun Mar 08 05:12:25.843920 2026] [php:error] [pid 92725] [client 104.28.235.57:0] script '/domains/king1969/txets.php' not found or unable to stat
[Sun Mar 08 05:12:25.954212 2026] [php:error] [pid 92689] [client 104.28.235.57:0] script '/domains/king1969/wp-editor.php' not found or unable to stat
[Sun Mar 08 05:12:26.101121 2026] [php:error] [pid 92689] [client 104.28.235.57:0] script '/domains/king1969/txets.php' not found or unable to stat
[Sun Mar 08 05:12:26.257622 2026] [php:error] [pid 92725] [client 104.28.235.57:0] script '/domains/king1969/postnews.php' not found or unable to stat
[Sun Mar 08 05:12:27.416602 2026] [php:error] [pid 92689] [client 104.28.235.57:0] script '/domains/king1969/postnews.php' not found or unable to stat
[Sun Mar 08 05:12:52.807238 2026] [php:error] [pid 92685] [client 161.178.140.192:0] script '/domains/nsmd2/phpinfo.php' not found or unable to stat
[Sun Mar 08 05:12:53.440282 2026] [php:error] [pid 92739] [client 161.178.140.192:0] script '/domains/nsmd2/test.php' not found or unable to stat
[Sun Mar 08 05:13:40.821717 2026] [php:error] [pid 92715] [client 104.28.203.60:0] script '/domains/perless2web/style.php' not found or unable to stat
[Sun Mar 08 05:13:41.351938 2026] [php:error] [pid 92715] [client 104.28.203.60:0] script '/domains/perless2web/chosen.php' not found or unable to stat
[Sun Mar 08 05:13:41.590958 2026] [php:error] [pid 92695] [client 20.151.2.242:0] script '/domains/assetenhance/miansha.php' not found or unable to stat
[Sun Mar 08 05:13:41.620883 2026] [php:error] [pid 92715] [client 104.28.203.60:0] script '/domains/perless2web/file.php' not found or unable to stat
[Sun Mar 08 05:13:41.693397 2026] [php:error] [pid 92715] [client 104.28.203.60:0] script '/domains/perless2web/flower.php' not found or unable to stat
[Sun Mar 08 05:13:41.859659 2026] [php:error] [pid 92715] [client 104.28.203.60:0] script '/domains/perless2web/gifclass.php' not found or unable to stat
[Sun Mar 08 05:13:41.993791 2026] [php:error] [pid 92715] [client 104.28.203.60:0] script '/domains/perless2web/bless.php' not found or unable to stat
[Sun Mar 08 05:13:42.023140 2026] [php:error] [pid 92695] [client 20.151.2.242:0] script '/domains/assetenhance/a5.php' not found or unable to stat
[Sun Mar 08 05:13:42.099749 2026] [php:error] [pid 92715] [client 104.28.203.60:0] script '/domains/perless2web/class-t.api.php' not found or unable to stat
[Sun Mar 08 05:13:42.166949 2026] [php:error] [pid 92715] [client 104.28.203.60:0] script '/domains/perless2web/blurbs.php' not found or unable to stat
[Sun Mar 08 05:13:42.199722 2026] [php:error] [pid 92695] [client 20.151.2.242:0] script '/domains/assetenhance/ta0ol.php' not found or unable to stat
[Sun Mar 08 05:13:42.236491 2026] [php:error] [pid 92715] [client 104.28.203.60:0] script '/domains/perless2web/akcc.php' not found or unable to stat
[Sun Mar 08 05:13:42.303364 2026] [php:error] [pid 92715] [client 104.28.203.60:0] script '/domains/perless2web/abcd.php' not found or unable to stat
[Sun Mar 08 05:13:42.370153 2026] [php:error] [pid 92695] [client 20.151.2.242:0] script '/domains/assetenhance/wo.php' not found or unable to stat
[Sun Mar 08 05:13:42.431177 2026] [php:error] [pid 92715] [client 104.28.203.60:0] script '/domains/perless2web/shelp.php' not found or unable to stat
[Sun Mar 08 05:13:42.468916 2026] [php:error] [pid 92695] [client 20.151.2.242:0] script '/domains/assetenhance/abc.php' not found or unable to stat
[Sun Mar 08 05:13:42.634631 2026] [php:error] [pid 92695] [client 20.151.2.242:0] script '/domains/assetenhance/asx.php' not found or unable to stat
[Sun Mar 08 05:13:42.667368 2026] [php:error] [pid 92715] [client 104.28.203.60:0] script '/domains/perless2web/cord.php' not found or unable to stat
[Sun Mar 08 05:13:42.754974 2026] [php:error] [pid 92695] [client 20.151.2.242:0] script '/domains/assetenhance/ova.php' not found or unable to stat
[Sun Mar 08 05:13:42.961424 2026] [php:error] [pid 92715] [client 104.28.203.60:0] script '/domains/perless2web/dex.php' not found or unable to stat
[Sun Mar 08 05:13:43.323758 2026] [php:error] [pid 92695] [client 20.151.2.242:0] script '/domains/assetenhance/eee.php' not found or unable to stat
[Sun Mar 08 05:13:43.397715 2026] [php:error] [pid 92715] [client 104.28.203.60:0] script '/domains/perless2web/file2.php' not found or unable to stat
[Sun Mar 08 05:13:43.509606 2026] [php:error] [pid 92715] [client 104.28.203.60:0] script '/domains/perless2web/zwso.php' not found or unable to stat
[Sun Mar 08 05:13:43.841098 2026] [php:error] [pid 92695] [client 20.151.2.242:0] script '/domains/assetenhance/log.php' not found or unable to stat
[Sun Mar 08 05:13:43.850945 2026] [php:error] [pid 92715] [client 104.28.203.60:0] script '/domains/perless2web/bolt.php' not found or unable to stat
[Sun Mar 08 05:13:43.917531 2026] [php:error] [pid 92715] [client 104.28.203.60:0] script '/domains/perless2web/shlo.php' not found or unable to stat
[Sun Mar 08 05:13:44.006999 2026] [php:error] [pid 92715] [client 104.28.203.60:0] script '/domains/perless2web/133.php' not found or unable to stat
[Sun Mar 08 05:13:44.115609 2026] [php:error] [pid 92715] [client 104.28.203.60:0] script '/domains/perless2web/ahax.php' not found or unable to stat
[Sun Mar 08 05:13:44.182341 2026] [php:error] [pid 92715] [client 104.28.203.60:0] script '/domains/perless2web/php8.php' not found or unable to stat
[Sun Mar 08 05:13:44.257950 2026] [php:error] [pid 92715] [client 104.28.203.60:0] script '/domains/perless2web/lufix1.php' not found or unable to stat
[Sun Mar 08 05:13:44.303917 2026] [php:error] [pid 92695] [client 20.151.2.242:0] script '/domains/assetenhance/upl.php' not found or unable to stat
[Sun Mar 08 05:13:44.328178 2026] [php:error] [pid 92715] [client 104.28.203.60:0] script '/domains/perless2web/witmm.php' not found or unable to stat
[Sun Mar 08 05:13:44.585423 2026] [php:error] [pid 92695] [client 20.151.2.242:0] script '/domains/assetenhance/a2.php' not found or unable to stat
[Sun Mar 08 05:13:44.814706 2026] [php:error] [pid 92715] [client 104.28.203.60:0] script '/domains/perless2web/ioxi-o.php' not found or unable to stat
[Sun Mar 08 05:13:44.881159 2026] [php:error] [pid 92695] [client 20.151.2.242:0] script '/domains/assetenhance/155.php' not found or unable to stat
[Sun Mar 08 05:13:44.884391 2026] [php:error] [pid 92715] [client 104.28.203.60:0] script '/domains/perless2web/222.php' not found or unable to stat
[Sun Mar 08 05:13:44.960786 2026] [php:error] [pid 92715] [client 104.28.203.60:0] script '/domains/perless2web/files.php' not found or unable to stat
[Sun Mar 08 05:13:45.176454 2026] [php:error] [pid 92715] [client 104.28.203.60:0] script '/domains/perless2web/wp-editor.php' not found or unable to stat
[Sun Mar 08 05:13:45.283595 2026] [php:error] [pid 92695] [client 20.151.2.242:0] script '/domains/assetenhance/wp-logout.php' not found or unable to stat
[Sun Mar 08 05:13:45.571864 2026] [php:error] [pid 92715] [client 104.28.203.60:0] script '/domains/perless2web/txets.php' not found or unable to stat
[Sun Mar 08 05:13:46.022473 2026] [php:error] [pid 92715] [client 104.28.203.60:0] script '/domains/perless2web/postnews.php' not found or unable to stat
[Sun Mar 08 05:13:46.099367 2026] [php:error] [pid 92695] [client 20.151.2.242:0] script '/domains/assetenhance/O-Simple.php' not found or unable to stat
[Sun Mar 08 05:13:46.186242 2026] [php:error] [pid 92695] [client 20.151.2.242:0] script '/domains/assetenhance/11.php' not found or unable to stat
[Sun Mar 08 05:13:46.488349 2026] [php:error] [pid 92695] [client 20.151.2.242:0] script '/domains/assetenhance/ws46.php' not found or unable to stat
[Sun Mar 08 05:13:47.028531 2026] [php:error] [pid 92695] [client 20.151.2.242:0] script '/domains/assetenhance/test1.php' not found or unable to stat
[Sun Mar 08 05:13:47.321868 2026] [php:error] [pid 92695] [client 20.151.2.242:0] script '/domains/assetenhance/as.php' not found or unable to stat
[Sun Mar 08 05:13:47.471356 2026] [php:error] [pid 92695] [client 20.151.2.242:0] script '/domains/assetenhance/0x.php' not found or unable to stat
[Sun Mar 08 05:13:47.657622 2026] [php:error] [pid 92695] [client 20.151.2.242:0] script '/domains/assetenhance/class-t.api.php' not found or unable to stat
[Sun Mar 08 05:13:47.803538 2026] [php:error] [pid 92695] [client 20.151.2.242:0] script '/domains/assetenhance/ms-users.php' not found or unable to stat
[Sun Mar 08 05:13:48.170028 2026] [php:error] [pid 92695] [client 20.151.2.242:0] script '/domains/assetenhance/m.php' not found or unable to stat
[Sun Mar 08 05:13:48.334533 2026] [php:error] [pid 92695] [client 20.151.2.242:0] script '/domains/assetenhance/ws28.php' not found or unable to stat
[Sun Mar 08 05:13:48.799261 2026] [php:error] [pid 92695] [client 20.151.2.242:0] script '/domains/assetenhance/file2.php' not found or unable to stat
[Sun Mar 08 05:13:49.174940 2026] [php:error] [pid 92695] [client 20.151.2.242:0] script '/domains/assetenhance/gtc.php' not found or unable to stat
[Sun Mar 08 05:13:50.419920 2026] [php:error] [pid 92695] [client 20.151.2.242:0] script '/domains/assetenhance/horeg.php' not found or unable to stat
[Sun Mar 08 05:13:50.603923 2026] [php:error] [pid 92695] [client 20.151.2.242:0] script '/domains/assetenhance/1.php' not found or unable to stat
[Sun Mar 08 05:13:50.686126 2026] [php:error] [pid 92695] [client 20.151.2.242:0] script '/domains/assetenhance/size.php' not found or unable to stat
[Sun Mar 08 05:13:50.844246 2026] [php:error] [pid 92695] [client 20.151.2.242:0] script '/domains/assetenhance/gecko.php' not found or unable to stat
[Sun Mar 08 05:13:51.084983 2026] [php:error] [pid 92695] [client 20.151.2.242:0] script '/domains/assetenhance/cong.php' not found or unable to stat
[Sun Mar 08 05:13:51.173208 2026] [php:error] [pid 92695] [client 20.151.2.242:0] script '/domains/assetenhance/rh.php' not found or unable to stat
[Sun Mar 08 05:13:51.290710 2026] [php:error] [pid 92695] [client 20.151.2.242:0] script '/domains/assetenhance/item.php' not found or unable to stat
[Sun Mar 08 05:13:51.688439 2026] [php:error] [pid 92695] [client 20.151.2.242:0] script '/domains/assetenhance/yr.PHP' not found or unable to stat
[Sun Mar 08 05:13:53.128826 2026] [php:error] [pid 92695] [client 20.151.2.242:0] script '/domains/assetenhance/rrr.php' not found or unable to stat
[Sun Mar 08 05:13:53.303617 2026] [php:error] [pid 92695] [client 20.151.2.242:0] script '/domains/assetenhance/user.php' not found or unable to stat
[Sun Mar 08 05:13:54.452957 2026] [php:error] [pid 92695] [client 20.151.2.242:0] script '/domains/assetenhance/wsheet1.php' not found or unable to stat
[Sun Mar 08 05:13:54.620236 2026] [php:error] [pid 92695] [client 20.151.2.242:0] script '/domains/assetenhance/past.php' not found or unable to stat
[Sun Mar 08 05:13:54.776368 2026] [php:error] [pid 92695] [client 20.151.2.242:0] script '/domains/assetenhance/menu.php' not found or unable to stat
[Sun Mar 08 05:13:54.960146 2026] [php:error] [pid 92695] [client 20.151.2.242:0] script '/domains/assetenhance/sf.php' not found or unable to stat
[Sun Mar 08 05:13:55.147828 2026] [php:error] [pid 92695] [client 20.151.2.242:0] script '/domains/assetenhance/manager.php' not found or unable to stat
[Sun Mar 08 05:13:55.260505 2026] [php:error] [pid 92695] [client 20.151.2.242:0] script '/domains/assetenhance/oo.php' not found or unable to stat
[Sun Mar 08 05:13:55.826580 2026] [php:error] [pid 92695] [client 20.151.2.242:0] script '/domains/assetenhance/tempfuns.php' not found or unable to stat
[Sun Mar 08 05:13:56.155122 2026] [php:error] [pid 92695] [client 20.151.2.242:0] script '/domains/assetenhance/bless.php' not found or unable to stat
[Sun Mar 08 05:13:56.364237 2026] [php:error] [pid 92695] [client 20.151.2.242:0] script '/domains/assetenhance/moon.php' not found or unable to stat
[Sun Mar 08 05:13:57.053606 2026] [php:error] [pid 92695] [client 20.151.2.242:0] script '/domains/assetenhance/img.php' not found or unable to stat
[Sun Mar 08 05:13:57.144949 2026] [php:error] [pid 92695] [client 20.151.2.242:0] script '/domains/assetenhance/dropdown.php' not found or unable to stat
[Sun Mar 08 05:13:57.669811 2026] [php:error] [pid 92695] [client 20.151.2.242:0] script '/domains/assetenhance/styles.php' not found or unable to stat
[Sun Mar 08 05:13:58.473793 2026] [php:error] [pid 92695] [client 20.151.2.242:0] script '/domains/assetenhance/403.php' not found or unable to stat
[Sun Mar 08 05:13:58.725897 2026] [php:error] [pid 92695] [client 20.151.2.242:0] script '/domains/assetenhance/12.php' not found or unable to stat
[Sun Mar 08 05:13:58.880973 2026] [php:error] [pid 92695] [client 20.151.2.242:0] script '/domains/assetenhance/ha.php' not found or unable to stat
[Sun Mar 08 05:13:59.070247 2026] [php:error] [pid 92695] [client 20.151.2.242:0] script '/domains/assetenhance/geck.php' not found or unable to stat
[Sun Mar 08 05:13:59.179597 2026] [php:error] [pid 92695] [client 20.151.2.242:0] script '/domains/assetenhance/ton.php' not found or unable to stat
[Sun Mar 08 05:13:59.427321 2026] [php:error] [pid 92695] [client 20.151.2.242:0] script '/domains/assetenhance/page.php' not found or unable to stat
[Sun Mar 08 05:13:59.701962 2026] [php:error] [pid 92695] [client 20.151.2.242:0] script '/domains/assetenhance/dox.php' not found or unable to stat
[Sun Mar 08 05:13:59.938568 2026] [php:error] [pid 92695] [client 20.151.2.242:0] script '/domains/assetenhance/error.php' not found or unable to stat
[Sun Mar 08 05:14:00.198118 2026] [php:error] [pid 92695] [client 20.151.2.242:0] script '/domains/assetenhance/wp-22.php' not found or unable to stat
[Sun Mar 08 05:14:00.574686 2026] [php:error] [pid 92695] [client 20.151.2.242:0] script '/domains/assetenhance/images/F0x.php' not found or unable to stat
[Sun Mar 08 05:14:00.894276 2026] [php:error] [pid 92695] [client 20.151.2.242:0] script '/domains/assetenhance/az.php' not found or unable to stat
[Sun Mar 08 05:14:00.968831 2026] [php:error] [pid 92695] [client 20.151.2.242:0] script '/domains/assetenhance/kk.php' not found or unable to stat
[Sun Mar 08 05:14:00.984012 2026] [php:error] [pid 92685] [client 49.151.49.111:0] script '/domains/viamonte3/xmlrpc.php' not found or unable to stat
[Sun Mar 08 05:14:01.169465 2026] [php:error] [pid 92695] [client 20.151.2.242:0] script '/domains/assetenhance/class.api.php' not found or unable to stat
[Sun Mar 08 05:14:01.656051 2026] [php:error] [pid 92695] [client 20.151.2.242:0] script '/domains/assetenhance/galex.php' not found or unable to stat
[Sun Mar 08 05:14:01.758234 2026] [php:error] [pid 92695] [client 20.151.2.242:0] script '/domains/assetenhance/content.php' not found or unable to stat
[Sun Mar 08 05:14:01.928477 2026] [php:error] [pid 92695] [client 20.151.2.242:0] script '/domains/assetenhance/wp-links.php' not found or unable to stat
[Sun Mar 08 05:14:02.032835 2026] [php:error] [pid 92695] [client 20.151.2.242:0] script '/domains/assetenhance/support.php' not found or unable to stat
[Sun Mar 08 05:14:02.109598 2026] [php:error] [pid 92695] [client 20.151.2.242:0] script '/domains/assetenhance/ng.php' not found or unable to stat
[Sun Mar 08 05:14:02.632022 2026] [php:error] [pid 92695] [client 20.151.2.242:0] script '/domains/assetenhance/ws36.php' not found or unable to stat
[Sun Mar 08 05:14:03.119547 2026] [php:error] [pid 92695] [client 20.151.2.242:0] script '/domains/assetenhance/87.php' not found or unable to stat
[Sun Mar 08 05:14:03.661826 2026] [php:error] [pid 92695] [client 20.151.2.242:0] script '/domains/assetenhance/chosen.php' not found or unable to stat
[Sun Mar 08 05:14:04.350868 2026] [php:error] [pid 92695] [client 20.151.2.242:0] script '/domains/assetenhance/xa.php' not found or unable to stat
[Sun Mar 08 05:14:05.216759 2026] [php:error] [pid 92695] [client 20.151.2.242:0] script '/domains/assetenhance/wen.php' not found or unable to stat
[Sun Mar 08 05:14:06.446516 2026] [php:error] [pid 92695] [client 20.151.2.242:0] script '/domains/assetenhance/s.php' not found or unable to stat
[Sun Mar 08 05:14:08.035014 2026] [php:error] [pid 92695] [client 20.151.2.242:0] script '/domains/assetenhance/style.php' not found or unable to stat
[Sun Mar 08 05:14:09.629662 2026] [php:error] [pid 92695] [client 20.151.2.242:0] script '/domains/assetenhance/ws43.php' not found or unable to stat
[Sun Mar 08 05:14:12.490038 2026] [php:error] [pid 92695] [client 20.151.2.242:0] script '/domains/assetenhance/amax.php' not found or unable to stat
[Sun Mar 08 05:14:14.098806 2026] [php:error] [pid 92695] [client 20.151.2.242:0] script '/domains/assetenhance/buy.php' not found or unable to stat
[Sun Mar 08 05:14:15.746622 2026] [php:error] [pid 92695] [client 20.151.2.242:0] script '/domains/assetenhance/web.php' not found or unable to stat
[Sun Mar 08 05:14:16.199990 2026] [php:error] [pid 92759] [client 104.28.203.60:0] script '/domains/bruceweb/style.php' not found or unable to stat
[Sun Mar 08 05:14:16.358576 2026] [php:error] [pid 92695] [client 20.151.2.242:0] script '/domains/assetenhance/ma.php' not found or unable to stat
[Sun Mar 08 05:14:16.719432 2026] [php:error] [pid 92695] [client 20.151.2.242:0] script '/domains/assetenhance/wp-configs.php' not found or unable to stat
[Sun Mar 08 05:14:16.909134 2026] [php:error] [pid 92759] [client 104.28.203.60:0] script '/domains/bruceweb/chosen.php' not found or unable to stat
[Sun Mar 08 05:14:17.240467 2026] [php:error] [pid 92759] [client 104.28.203.60:0] script '/domains/bruceweb/file.php' not found or unable to stat
[Sun Mar 08 05:14:17.331396 2026] [php:error] [pid 92759] [client 104.28.203.60:0] script '/domains/bruceweb/flower.php' not found or unable to stat
[Sun Mar 08 05:14:17.416440 2026] [php:error] [pid 92759] [client 104.28.203.60:0] script '/domains/bruceweb/gifclass.php' not found or unable to stat
[Sun Mar 08 05:14:17.552675 2026] [php:error] [pid 92695] [client 20.151.2.242:0] script '/domains/assetenhance/x.php' not found or unable to stat
[Sun Mar 08 05:14:17.580674 2026] [php:error] [pid 92759] [client 104.28.203.60:0] script '/domains/bruceweb/bless.php' not found or unable to stat
[Sun Mar 08 05:14:17.658070 2026] [php:error] [pid 92759] [client 104.28.203.60:0] script '/domains/bruceweb/class-t.api.php' not found or unable to stat
[Sun Mar 08 05:14:17.733422 2026] [php:error] [pid 92759] [client 104.28.203.60:0] script '/domains/bruceweb/blurbs.php' not found or unable to stat
[Sun Mar 08 05:14:17.813575 2026] [php:error] [pid 92759] [client 104.28.203.60:0] script '/domains/bruceweb/akcc.php' not found or unable to stat
[Sun Mar 08 05:14:17.884472 2026] [php:error] [pid 92759] [client 104.28.203.60:0] script '/domains/bruceweb/abcd.php' not found or unable to stat
[Sun Mar 08 05:14:17.962716 2026] [php:error] [pid 92759] [client 104.28.203.60:0] script '/domains/bruceweb/shelp.php' not found or unable to stat
[Sun Mar 08 05:14:18.035116 2026] [php:error] [pid 92759] [client 104.28.203.60:0] script '/domains/bruceweb/cord.php' not found or unable to stat
[Sun Mar 08 05:14:18.035446 2026] [php:error] [pid 92695] [client 20.151.2.242:0] script '/domains/assetenhance/ccou.php' not found or unable to stat
[Sun Mar 08 05:14:18.269542 2026] [php:error] [pid 92759] [client 104.28.203.60:0] script '/domains/bruceweb/dex.php' not found or unable to stat
[Sun Mar 08 05:14:18.554583 2026] [php:error] [pid 92759] [client 104.28.203.60:0] script '/domains/bruceweb/file2.php' not found or unable to stat
[Sun Mar 08 05:14:18.686932 2026] [php:error] [pid 92695] [client 20.151.2.242:0] script '/domains/assetenhance/sid3.php' not found or unable to stat
[Sun Mar 08 05:14:18.749486 2026] [php:error] [pid 92759] [client 104.28.203.60:0] script '/domains/bruceweb/zwso.php' not found or unable to stat
[Sun Mar 08 05:14:18.957796 2026] [php:error] [pid 92759] [client 104.28.203.60:0] script '/domains/bruceweb/bolt.php' not found or unable to stat
[Sun Mar 08 05:14:19.031324 2026] [php:error] [pid 92759] [client 104.28.203.60:0] script '/domains/bruceweb/shlo.php' not found or unable to stat
[Sun Mar 08 05:14:19.113364 2026] [php:error] [pid 92759] [client 104.28.203.60:0] script '/domains/bruceweb/133.php' not found or unable to stat
[Sun Mar 08 05:14:19.178515 2026] [php:error] [pid 92759] [client 104.28.203.60:0] script '/domains/bruceweb/ahax.php' not found or unable to stat
[Sun Mar 08 05:14:19.231070 2026] [php:error] [pid 92695] [client 20.151.2.242:0] script '/domains/assetenhance/siteheads.php' not found or unable to stat
[Sun Mar 08 05:14:19.253998 2026] [php:error] [pid 92759] [client 104.28.203.60:0] script '/domains/bruceweb/php8.php' not found or unable to stat
[Sun Mar 08 05:14:19.327518 2026] [php:error] [pid 92759] [client 104.28.203.60:0] script '/domains/bruceweb/lufix1.php' not found or unable to stat
[Sun Mar 08 05:14:19.406032 2026] [php:error] [pid 92759] [client 104.28.203.60:0] script '/domains/bruceweb/witmm.php' not found or unable to stat
[Sun Mar 08 05:14:19.454252 2026] [php:error] [pid 92695] [client 20.151.2.242:0] script '/domains/assetenhance/to.php' not found or unable to stat
[Sun Mar 08 05:14:20.095705 2026] [php:error] [pid 92695] [client 20.151.2.242:0] script '/domains/assetenhance/simple.php' not found or unable to stat
[Sun Mar 08 05:14:20.171897 2026] [php:error] [pid 92759] [client 104.28.203.60:0] script '/domains/bruceweb/ioxi-o.php' not found or unable to stat
[Sun Mar 08 05:14:20.364674 2026] [php:error] [pid 92759] [client 104.28.203.60:0] script '/domains/bruceweb/222.php' not found or unable to stat
[Sun Mar 08 05:14:20.441004 2026] [php:error] [pid 92759] [client 104.28.203.60:0] script '/domains/bruceweb/files.php' not found or unable to stat
[Sun Mar 08 05:14:20.528513 2026] [php:error] [pid 92759] [client 104.28.203.60:0] script '/domains/bruceweb/wp-editor.php' not found or unable to stat
[Sun Mar 08 05:14:20.587195 2026] [php:error] [pid 92695] [client 20.151.2.242:0] script '/domains/assetenhance/wsd.php' not found or unable to stat
[Sun Mar 08 05:14:20.922278 2026] [php:error] [pid 92759] [client 104.28.203.60:0] script '/domains/bruceweb/txets.php' not found or unable to stat
[Sun Mar 08 05:14:21.200448 2026] [php:error] [pid 92695] [client 20.151.2.242:0] script '/domains/assetenhance/past1.php' not found or unable to stat
[Sun Mar 08 05:14:21.475279 2026] [php:error] [pid 92695] [client 20.151.2.242:0] script '/domains/assetenhance/mini.php' not found or unable to stat
[Sun Mar 08 05:14:21.655473 2026] [php:error] [pid 92759] [client 104.28.203.60:0] script '/domains/bruceweb/postnews.php' not found or unable to stat
[Sun Mar 08 05:14:21.726547 2026] [php:error] [pid 92695] [client 20.151.2.242:0] script '/domains/assetenhance/file32.php' not found or unable to stat
[Sun Mar 08 05:14:22.067358 2026] [php:error] [pid 92695] [client 20.151.2.242:0] script '/domains/assetenhance/mh.php' not found or unable to stat
[Sun Mar 08 05:14:22.661069 2026] [php:error] [pid 92695] [client 20.151.2.242:0] script '/domains/assetenhance/ant.php' not found or unable to stat
[Sun Mar 08 05:14:23.564830 2026] [php:error] [pid 92695] [client 20.151.2.242:0] script '/domains/assetenhance/vx.php' not found or unable to stat
[Sun Mar 08 05:14:24.205714 2026] [php:error] [pid 92758] [client 20.151.2.242:0] script '/domains/assetenhance/pn.php' not found or unable to stat
[Sun Mar 08 05:14:24.497403 2026] [php:error] [pid 92758] [client 20.151.2.242:0] script '/domains/assetenhance/test2.php' not found or unable to stat
[Sun Mar 08 05:14:24.615183 2026] [php:error] [pid 92758] [client 20.151.2.242:0] script '/domains/assetenhance/f35.php' not found or unable to stat
[Sun Mar 08 05:14:25.221395 2026] [php:error] [pid 92758] [client 20.151.2.242:0] script '/domains/assetenhance/0o0.php' not found or unable to stat
[Sun Mar 08 05:14:25.314243 2026] [php:error] [pid 92758] [client 20.151.2.242:0] script '/domains/assetenhance/wp-ana.php' not found or unable to stat
[Sun Mar 08 05:14:25.471457 2026] [php:error] [pid 92758] [client 20.151.2.242:0] script '/domains/assetenhance/revision.php' not found or unable to stat
[Sun Mar 08 05:14:25.584502 2026] [php:error] [pid 92758] [client 20.151.2.242:0] script '/domains/assetenhance/wp.php' not found or unable to stat
[Sun Mar 08 05:14:25.871202 2026] [php:error] [pid 92758] [client 20.151.2.242:0] script '/domains/assetenhance/lv.php' not found or unable to stat
[Sun Mar 08 05:14:25.959728 2026] [php:error] [pid 92758] [client 20.151.2.242:0] script '/domains/assetenhance/abcd.php' not found or unable to stat
[Sun Mar 08 05:14:26.062821 2026] [php:error] [pid 92758] [client 20.151.2.242:0] script '/domains/assetenhance/dbc.php' not found or unable to stat
[Sun Mar 08 05:14:26.182613 2026] [php:error] [pid 92758] [client 20.151.2.242:0] script '/domains/assetenhance/webadmin.php' not found or unable to stat
[Sun Mar 08 05:14:26.372438 2026] [php:error] [pid 92758] [client 20.151.2.242:0] script '/domains/assetenhance/doc.php' not found or unable to stat
[Sun Mar 08 05:14:28.162945 2026] [php:error] [pid 92758] [client 20.151.2.242:0] script '/domains/assetenhance/hans.php' not found or unable to stat
[Sun Mar 08 05:14:28.359549 2026] [php:error] [pid 92758] [client 20.151.2.242:0] script '/domains/assetenhance/lala.php' not found or unable to stat
[Sun Mar 08 05:14:28.832256 2026] [php:error] [pid 92758] [client 20.151.2.242:0] script '/domains/assetenhance/222.php' not found or unable to stat
[Sun Mar 08 05:14:29.970910 2026] [php:error] [pid 92758] [client 20.151.2.242:0] script '/domains/assetenhance/9v6.php' not found or unable to stat
[Sun Mar 08 05:14:30.112318 2026] [php:error] [pid 92758] [client 20.151.2.242:0] script '/domains/assetenhance/z60.php' not found or unable to stat
[Sun Mar 08 05:15:06.657978 2026] [php:error] [pid 92761] [client 13.75.194.66:0] script '/domains/mschmid/ioxi-o.php' not found or unable to stat
[Sun Mar 08 05:15:06.858457 2026] [php:error] [pid 92761] [client 13.75.194.66:0] script '/domains/mschmid/0x.php' not found or unable to stat
[Sun Mar 08 05:15:07.075478 2026] [php:error] [pid 92761] [client 13.75.194.66:0] script '/domains/mschmid/222.php' not found or unable to stat
[Sun Mar 08 05:15:07.301627 2026] [php:error] [pid 92761] [client 13.75.194.66:0] script '/domains/mschmid/aa.php' not found or unable to stat
[Sun Mar 08 05:15:07.514964 2026] [php:error] [pid 92761] [client 13.75.194.66:0] script '/domains/mschmid/abcd.php' not found or unable to stat
[Sun Mar 08 05:15:07.731459 2026] [php:error] [pid 92761] [client 13.75.194.66:0] script '/domains/mschmid/admin.php' not found or unable to stat
[Sun Mar 08 05:15:08.156819 2026] [php:error] [pid 92761] [client 13.75.194.66:0] script '/domains/mschmid/adminfuns.php' not found or unable to stat
[Sun Mar 08 05:15:08.376264 2026] [php:error] [pid 92761] [client 13.75.194.66:0] script '/domains/mschmid/akc.php' not found or unable to stat
[Sun Mar 08 05:15:08.606253 2026] [php:error] [pid 92761] [client 13.75.194.66:0] script '/domains/mschmid/buy.php' not found or unable to stat
[Sun Mar 08 05:15:08.806956 2026] [php:error] [pid 92761] [client 13.75.194.66:0] script '/domains/mschmid/cong.php' not found or unable to stat
[Sun Mar 08 05:15:09.207294 2026] [php:error] [pid 92761] [client 13.75.194.66:0] script '/domains/mschmid/db.php' not found or unable to stat
[Sun Mar 08 05:15:09.407504 2026] [php:error] [pid 92761] [client 13.75.194.66:0] script '/domains/mschmid/dropdown.php' not found or unable to stat
[Sun Mar 08 05:15:09.608631 2026] [php:error] [pid 92761] [client 13.75.194.66:0] script '/domains/mschmid/file.php' not found or unable to stat
[Sun Mar 08 05:15:09.809623 2026] [php:error] [pid 92761] [client 13.75.194.66:0] script '/domains/mschmid/goods.php' not found or unable to stat
[Sun Mar 08 05:15:10.029825 2026] [php:error] [pid 92761] [client 13.75.194.66:0] script '/domains/mschmid/hplfuns.php' not found or unable to stat
[Sun Mar 08 05:15:10.235641 2026] [php:error] [pid 92761] [client 13.75.194.66:0] script '/domains/mschmid/htaccess.php' not found or unable to stat
[Sun Mar 08 05:15:10.452154 2026] [php:error] [pid 92761] [client 13.75.194.66:0] script '/domains/mschmid/images/wso.php' not found or unable to stat
[Sun Mar 08 05:15:10.906013 2026] [php:error] [pid 92761] [client 13.75.194.66:0] script '/domains/mschmid/info.php' not found or unable to stat
[Sun Mar 08 05:15:11.106896 2026] [php:error] [pid 92761] [client 13.75.194.66:0] script '/domains/mschmid/profile.php' not found or unable to stat
[Sun Mar 08 05:15:11.307387 2026] [php:error] [pid 92761] [client 13.75.194.66:0] script '/domains/mschmid/sx.php' not found or unable to stat
[Sun Mar 08 05:15:14.392475 2026] [php:error] [pid 92779] [client 20.219.8.79:0] script '/domains/system_suspended/ioxi-o.php' not found or unable to stat
[Sun Mar 08 05:15:14.633544 2026] [php:error] [pid 92779] [client 20.219.8.79:0] script '/domains/system_suspended/0x.php' not found or unable to stat
[Sun Mar 08 05:15:14.846235 2026] [php:error] [pid 92779] [client 20.219.8.79:0] script '/domains/system_suspended/222.php' not found or unable to stat
[Sun Mar 08 05:15:15.058611 2026] [php:error] [pid 92779] [client 20.219.8.79:0] script '/domains/system_suspended/aa.php' not found or unable to stat
[Sun Mar 08 05:15:15.271445 2026] [php:error] [pid 92779] [client 20.219.8.79:0] script '/domains/system_suspended/abcd.php' not found or unable to stat
[Sun Mar 08 05:15:15.484045 2026] [php:error] [pid 92779] [client 20.219.8.79:0] script '/domains/system_suspended/admin.php' not found or unable to stat
[Sun Mar 08 05:15:15.900537 2026] [php:error] [pid 92761] [client 13.75.194.66:0] script '/domains/mschmid/wp-fclass.php' not found or unable to stat
[Sun Mar 08 05:15:15.934604 2026] [php:error] [pid 92779] [client 20.219.8.79:0] script '/domains/system_suspended/adminfuns.php' not found or unable to stat
[Sun Mar 08 05:15:16.147867 2026] [php:error] [pid 92779] [client 20.219.8.79:0] script '/domains/system_suspended/akc.php' not found or unable to stat
[Sun Mar 08 05:15:16.359981 2026] [php:error] [pid 92779] [client 20.219.8.79:0] script '/domains/system_suspended/buy.php' not found or unable to stat
[Sun Mar 08 05:15:16.573676 2026] [php:error] [pid 92779] [client 20.219.8.79:0] script '/domains/system_suspended/cong.php' not found or unable to stat
[Sun Mar 08 05:15:16.999052 2026] [php:error] [pid 92779] [client 20.219.8.79:0] script '/domains/system_suspended/db.php' not found or unable to stat
[Sun Mar 08 05:15:17.233000 2026] [php:error] [pid 92779] [client 20.219.8.79:0] script '/domains/system_suspended/dropdown.php' not found or unable to stat
[Sun Mar 08 05:15:17.445235 2026] [php:error] [pid 92779] [client 20.219.8.79:0] script '/domains/system_suspended/file.php' not found or unable to stat
[Sun Mar 08 05:15:17.657399 2026] [php:error] [pid 92779] [client 20.219.8.79:0] script '/domains/system_suspended/goods.php' not found or unable to stat
[Sun Mar 08 05:15:17.869892 2026] [php:error] [pid 92779] [client 20.219.8.79:0] script '/domains/system_suspended/hplfuns.php' not found or unable to stat
[Sun Mar 08 05:15:18.082179 2026] [php:error] [pid 92779] [client 20.219.8.79:0] script '/domains/system_suspended/htaccess.php' not found or unable to stat
[Sun Mar 08 05:15:18.719275 2026] [php:error] [pid 92779] [client 20.219.8.79:0] script '/domains/system_suspended/info.php' not found or unable to stat
[Sun Mar 08 05:15:18.947164 2026] [php:error] [pid 92779] [client 20.219.8.79:0] script '/domains/system_suspended/profile.php' not found or unable to stat
[Sun Mar 08 05:15:19.188925 2026] [php:error] [pid 92779] [client 20.219.8.79:0] script '/domains/system_suspended/sx.php' not found or unable to stat
[Sun Mar 08 05:15:19.768185 2026] [php:error] [pid 92761] [client 13.75.194.66:0] script '/domains/mschmid/wp-themes.php' not found or unable to stat
[Sun Mar 08 05:15:19.968967 2026] [php:error] [pid 92761] [client 13.75.194.66:0] script '/domains/mschmid/xmlrpc.php' not found or unable to stat
