[Sun Mar 08 03:16:55.500308 2026] [php:error] [pid 90924] [client 104.28.203.60:0] script '/domains/ltemple/style.php' not found or unable to stat
[Sun Mar 08 03:16:55.631415 2026] [php:error] [pid 90926] [client 159.69.64.245:0] script '/domains/tcrlle/wp-login.php' not found or unable to stat
[Sun Mar 08 03:16:56.091902 2026] [php:error] [pid 90924] [client 104.28.203.60:0] script '/domains/ltemple/chosen.php' not found or unable to stat
[Sun Mar 08 03:16:56.232294 2026] [php:error] [pid 90924] [client 104.28.203.60:0] script '/domains/ltemple/file.php' not found or unable to stat
[Sun Mar 08 03:16:56.328265 2026] [php:error] [pid 90924] [client 104.28.203.60:0] script '/domains/ltemple/flower.php' not found or unable to stat
[Sun Mar 08 03:16:56.494622 2026] [php:error] [pid 90924] [client 104.28.203.60:0] script '/domains/ltemple/gifclass.php' not found or unable to stat
[Sun Mar 08 03:16:56.650206 2026] [php:error] [pid 90924] [client 104.28.203.60:0] script '/domains/ltemple/bless.php' not found or unable to stat
[Sun Mar 08 03:16:56.752402 2026] [php:error] [pid 90924] [client 104.28.203.60:0] script '/domains/ltemple/class-t.api.php' not found or unable to stat
[Sun Mar 08 03:16:56.884066 2026] [php:error] [pid 90924] [client 104.28.203.60:0] script '/domains/ltemple/blurbs.php' not found or unable to stat
[Sun Mar 08 03:16:56.975975 2026] [php:error] [pid 90924] [client 104.28.203.60:0] script '/domains/ltemple/akcc.php' not found or unable to stat
[Sun Mar 08 03:16:57.082409 2026] [php:error] [pid 90924] [client 104.28.203.60:0] script '/domains/ltemple/abcd.php' not found or unable to stat
[Sun Mar 08 03:16:57.228092 2026] [php:error] [pid 90924] [client 104.28.203.60:0] script '/domains/ltemple/shelp.php' not found or unable to stat
[Sun Mar 08 03:16:57.327512 2026] [php:error] [pid 90924] [client 104.28.203.60:0] script '/domains/ltemple/cord.php' not found or unable to stat
[Sun Mar 08 03:16:57.423348 2026] [php:error] [pid 90924] [client 104.28.203.60:0] script '/domains/ltemple/dex.php' not found or unable to stat
[Sun Mar 08 03:16:57.672049 2026] [php:error] [pid 90924] [client 104.28.203.60:0] script '/domains/ltemple/file2.php' not found or unable to stat
[Sun Mar 08 03:16:57.809888 2026] [php:error] [pid 90924] [client 104.28.203.60:0] script '/domains/ltemple/zwso.php' not found or unable to stat
[Sun Mar 08 03:16:58.153679 2026] [php:error] [pid 90924] [client 104.28.203.60:0] script '/domains/ltemple/bolt.php' not found or unable to stat
[Sun Mar 08 03:16:58.243064 2026] [php:error] [pid 90924] [client 104.28.203.60:0] script '/domains/ltemple/shlo.php' not found or unable to stat
[Sun Mar 08 03:16:58.289345 2026] [php:error] [pid 90926] [client 159.69.64.245:0] script '/domains/quintet/wp-login.php' not found or unable to stat
[Sun Mar 08 03:16:58.386280 2026] [php:error] [pid 90924] [client 104.28.203.60:0] script '/domains/ltemple/133.php' not found or unable to stat
[Sun Mar 08 03:16:58.512163 2026] [php:error] [pid 90931] [client 159.69.64.245:0] script '/domains/quintet/wp-login.php' not found or unable to stat
[Sun Mar 08 03:16:58.545552 2026] [php:error] [pid 90924] [client 104.28.203.60:0] script '/domains/ltemple/ahax.php' not found or unable to stat
[Sun Mar 08 03:16:58.716178 2026] [php:error] [pid 90924] [client 104.28.203.60:0] script '/domains/ltemple/php8.php' not found or unable to stat
[Sun Mar 08 03:16:58.908057 2026] [php:error] [pid 90924] [client 104.28.203.60:0] script '/domains/ltemple/lufix1.php' not found or unable to stat
[Sun Mar 08 03:16:59.041024 2026] [php:error] [pid 90924] [client 104.28.203.60:0] script '/domains/ltemple/witmm.php' not found or unable to stat
[Sun Mar 08 03:16:59.442610 2026] [php:error] [pid 90924] [client 104.28.203.60:0] script '/domains/ltemple/ioxi-o.php' not found or unable to stat
[Sun Mar 08 03:16:59.545771 2026] [php:error] [pid 90924] [client 104.28.203.60:0] script '/domains/ltemple/222.php' not found or unable to stat
[Sun Mar 08 03:16:59.610530 2026] [php:error] [pid 90931] [client 159.69.64.245:0] script '/domains/carynm/wp-login.php' not found or unable to stat
[Sun Mar 08 03:16:59.851413 2026] [php:error] [pid 90924] [client 104.28.203.60:0] script '/domains/ltemple/files.php' not found or unable to stat
[Sun Mar 08 03:16:59.856231 2026] [php:error] [pid 90934] [client 159.69.64.245:0] script '/domains/carynm/wp-login.php' not found or unable to stat
[Sun Mar 08 03:17:00.009779 2026] [php:error] [pid 90924] [client 104.28.203.60:0] script '/domains/ltemple/wp-editor.php' not found or unable to stat
[Sun Mar 08 03:17:00.239518 2026] [php:error] [pid 90924] [client 104.28.203.60:0] script '/domains/ltemple/txets.php' not found or unable to stat
[Sun Mar 08 03:17:00.987313 2026] [php:error] [pid 90936] [client 159.69.64.245:0] script '/domains/system_suspended/wp-login.php' not found or unable to stat
[Sun Mar 08 03:17:01.215192 2026] [php:error] [pid 90939] [client 159.69.64.245:0] script '/domains/system_suspended/wp-login.php' not found or unable to stat
[Sun Mar 08 03:17:02.012839 2026] [php:error] [pid 90924] [client 104.28.203.60:0] script '/domains/ltemple/postnews.php' not found or unable to stat
[Sun Mar 08 03:17:02.809753 2026] [php:error] [pid 90936] [client 159.69.64.245:0] script '/domains/hans.interport/wp-login.php' not found or unable to stat
[Sun Mar 08 03:17:03.076133 2026] [php:error] [pid 90931] [client 159.69.64.245:0] script '/domains/hans.interport/wp-login.php' not found or unable to stat
[Sun Mar 08 03:17:04.346626 2026] [php:error] [pid 90931] [client 159.69.64.245:0] script '/domains/lover/wp-login.php' not found or unable to stat
[Sun Mar 08 03:17:04.596158 2026] [php:error] [pid 90936] [client 159.69.64.245:0] script '/domains/lover/wp-login.php' not found or unable to stat
[Sun Mar 08 03:17:05.964691 2026] [php:error] [pid 90921] [client 159.69.64.245:0] script '/domains/rainho/wp-login.php' not found or unable to stat
[Sun Mar 08 03:17:06.221552 2026] [php:error] [pid 90924] [client 159.69.64.245:0] script '/domains/rainho/wp-login.php' not found or unable to stat
[Sun Mar 08 03:17:08.677179 2026] [php:error] [pid 90926] [client 159.69.64.245:0] script '/domains/icrse/wp-login.php' not found or unable to stat
[Sun Mar 08 03:17:08.958175 2026] [php:error] [pid 90938] [client 159.69.64.245:0] script '/domains/icrse/wp-login.php' not found or unable to stat
[Sun Mar 08 03:17:10.946170 2026] [php:error] [pid 90935] [client 159.69.64.245:0] script '/domains/bfitpro2/wp-login.php' not found or unable to stat
[Sun Mar 08 03:17:11.236911 2026] [php:error] [pid 90938] [client 159.69.64.245:0] script '/domains/bfitpro2/wp-login.php' not found or unable to stat
[Sun Mar 08 03:17:12.607718 2026] [php:error] [pid 90935] [client 159.69.64.245:0] script '/domains/amisol/wp-login.php' not found or unable to stat
[Sun Mar 08 03:17:12.843473 2026] [php:error] [pid 90926] [client 159.69.64.245:0] script '/domains/amisol/wp-login.php' not found or unable to stat
[Sun Mar 08 03:17:13.733412 2026] [php:error] [pid 90926] [client 159.69.64.245:0] script '/domains/drsuper/wp-login.php' not found or unable to stat
[Sun Mar 08 03:17:13.965056 2026] [php:error] [pid 90938] [client 159.69.64.245:0] script '/domains/drsuper/wp-login.php' not found or unable to stat
[Sun Mar 08 03:17:15.980410 2026] [php:error] [pid 90926] [client 159.69.64.245:0] script '/domains/fryer/wp-login.php' not found or unable to stat
[Sun Mar 08 03:17:16.227250 2026] [php:error] [pid 90935] [client 159.69.64.245:0] script '/domains/fryer/wp-login.php' not found or unable to stat
[Sun Mar 08 03:17:17.353110 2026] [php:error] [pid 90926] [client 159.69.64.245:0] script '/domains/tamara1/wp-login.php' not found or unable to stat
[Sun Mar 08 03:17:17.630306 2026] [php:error] [pid 90938] [client 159.69.64.245:0] script '/domains/tamara1/wp-login.php' not found or unable to stat
[Sun Mar 08 03:17:19.324524 2026] [php:error] [pid 90926] [client 159.69.64.245:0] script '/domains/vangoghagainweb/wp-login.php' not found or unable to stat
[Sun Mar 08 03:17:19.609500 2026] [php:error] [pid 90924] [client 159.69.64.245:0] script '/domains/vangoghagainweb/wp-login.php' not found or unable to stat
[Sun Mar 08 03:17:22.949597 2026] [php:error] [pid 90933] [client 159.69.64.245:0] script '/domains/dcoffman/wp-login.php' not found or unable to stat
[Sun Mar 08 03:17:23.167052 2026] [php:error] [pid 90932] [client 159.69.64.245:0] script '/domains/dcoffman/wp-login.php' not found or unable to stat
[Sun Mar 08 03:17:25.146790 2026] [php:error] [pid 90940] [client 159.69.64.245:0] script '/domains/fayemoran/wp-login.php' not found or unable to stat
[Sun Mar 08 03:17:25.400398 2026] [php:error] [pid 90932] [client 159.69.64.245:0] script '/domains/fayemoran/wp-login.php' not found or unable to stat
[Sun Mar 08 03:17:30.280801 2026] [php:error] [pid 90927] [client 159.69.64.245:0] script '/domains/deltaele/wp-login.php' not found or unable to stat
[Sun Mar 08 03:17:30.524201 2026] [php:error] [pid 90932] [client 159.69.64.245:0] script '/domains/deltaele/wp-login.php' not found or unable to stat
[Sun Mar 08 03:17:32.286144 2026] [php:error] [pid 90926] [client 159.69.64.245:0] script '/domains/cccweb/wp-login.php' not found or unable to stat
[Sun Mar 08 03:17:32.518708 2026] [php:error] [pid 90932] [client 159.69.64.245:0] script '/domains/cccweb/wp-login.php' not found or unable to stat
[Sun Mar 08 03:17:33.727237 2026] [php:error] [pid 90938] [client 159.69.64.245:0] script '/domains/afglcweb/wp-login.php' not found or unable to stat
[Sun Mar 08 03:17:34.012414 2026] [php:error] [pid 90932] [client 159.69.64.245:0] script '/domains/afglcweb/wp-login.php' not found or unable to stat
[Sun Mar 08 03:17:34.926687 2026] [php:error] [pid 90927] [client 159.69.64.245:0] script '/domains/tinatina/wp-login.php' not found or unable to stat
[Sun Mar 08 03:17:35.152372 2026] [php:error] [pid 90933] [client 159.69.64.245:0] script '/domains/tinatina/wp-login.php' not found or unable to stat
[Sun Mar 08 03:17:36.928368 2026] [php:error] [pid 90938] [client 159.69.64.245:0] script '/domains/hand-hammerweb/wp-login.php' not found or unable to stat
[Sun Mar 08 03:17:37.451254 2026] [php:error] [pid 90942] [client 159.69.64.245:0] script '/domains/hand-hammerweb/wp-login.php' not found or unable to stat
[Sun Mar 08 03:17:38.529803 2026] [php:error] [pid 90942] [client 159.69.64.245:0] script '/domains/system_default/wp-login.php' not found or unable to stat
[Sun Mar 08 03:17:38.839880 2026] [php:error] [pid 90943] [client 159.69.64.245:0] script '/domains/system_default/wp-login.php' not found or unable to stat
[Sun Mar 08 03:17:39.890280 2026] [php:error] [pid 90943] [client 159.69.64.245:0] script '/domains/oneylaw/wp-login.php' not found or unable to stat
[Sun Mar 08 03:17:40.319819 2026] [php:error] [pid 90938] [client 159.69.64.245:0] script '/domains/oneylaw/wp-login.php' not found or unable to stat
[Sun Mar 08 03:17:41.534250 2026] [php:error] [pid 90927] [client 159.69.64.245:0] script '/domains/rextrav/wp-login.php' not found or unable to stat
[Sun Mar 08 03:17:41.766928 2026] [php:error] [pid 90938] [client 159.69.64.245:0] script '/domains/rextrav/wp-login.php' not found or unable to stat
[Sun Mar 08 03:17:46.455102 2026] [php:error] [pid 90933] [client 159.69.64.245:0] script '/domains/navarrospring/wp-login.php' not found or unable to stat
[Sun Mar 08 03:17:46.824633 2026] [php:error] [pid 90938] [client 159.69.64.245:0] script '/domains/navarrospring/wp-login.php' not found or unable to stat
[Sun Mar 08 03:17:48.042173 2026] [php:error] [pid 90933] [client 159.69.64.245:0] script '/domains/koenig.interport/wp-login.php' not found or unable to stat
[Sun Mar 08 03:17:48.375263 2026] [php:error] [pid 90927] [client 159.69.64.245:0] script '/domains/koenig.interport/wp-login.php' not found or unable to stat
[Sun Mar 08 03:17:50.482294 2026] [php:error] [pid 90945] [client 159.69.64.245:0] script '/domains/thewalshgroup/wp-login.php' not found or unable to stat
[Sun Mar 08 03:17:50.715405 2026] [php:error] [pid 90943] [client 159.69.64.245:0] script '/domains/thewalshgroup/wp-login.php' not found or unable to stat
[Sun Mar 08 03:17:51.964276 2026] [php:error] [pid 90933] [client 159.69.64.245:0] script '/domains/gk3c/wp-login.php' not found or unable to stat
[Sun Mar 08 03:17:52.363946 2026] [php:error] [pid 90943] [client 159.69.64.245:0] script '/domains/gk3c/wp-login.php' not found or unable to stat
[Sun Mar 08 03:17:55.316374 2026] [php:error] [pid 90943] [client 159.69.64.245:0] script '/domains/assetenhance/wp-login.php' not found or unable to stat
[Sun Mar 08 03:17:55.812142 2026] [php:error] [pid 90943] [client 159.69.64.245:0] script '/domains/assetenhance/wp-login.php' not found or unable to stat
[Sun Mar 08 03:17:58.907106 2026] [php:error] [pid 90933] [client 159.69.64.245:0] script '/domains/apunderkofler/wp-login.php' not found or unable to stat
[Sun Mar 08 03:17:59.165254 2026] [php:error] [pid 90943] [client 159.69.64.245:0] script '/domains/apunderkofler/wp-login.php' not found or unable to stat
[Sun Mar 08 03:18:03.116144 2026] [php:error] [pid 90948] [client 159.69.64.245:0] script '/domains/takie/wp-login.php' not found or unable to stat
[Sun Mar 08 03:18:03.334485 2026] [php:error] [pid 90926] [client 159.69.64.245:0] script '/domains/takie/wp-login.php' not found or unable to stat
[Sun Mar 08 03:18:06.340483 2026] [php:error] [pid 90926] [client 159.69.64.245:0] script '/domains/covertcomic/wp-login.php' not found or unable to stat
[Sun Mar 08 03:18:06.587269 2026] [php:error] [pid 90945] [client 159.69.64.245:0] script '/domains/covertcomic/wp-login.php' not found or unable to stat
[Sun Mar 08 03:18:09.508614 2026] [php:error] [pid 90950] [client 159.69.64.245:0] script '/domains/abtechsci/wp-login.php' not found or unable to stat
[Sun Mar 08 03:18:09.725344 2026] [php:error] [pid 90951] [client 159.69.64.245:0] script '/domains/abtechsci/wp-login.php' not found or unable to stat
[Sun Mar 08 03:18:11.467268 2026] [php:error] [pid 90951] [client 159.69.64.245:0] script '/domains/king1969/wp-login.php' not found or unable to stat
[Sun Mar 08 03:18:12.094565 2026] [php:error] [pid 90927] [client 159.69.64.245:0] script '/domains/king1969/wp-login.php' not found or unable to stat
[Sun Mar 08 03:18:13.644697 2026] [php:error] [pid 90927] [client 159.69.64.245:0] script '/domains/pauljbrock/wp-login.php' not found or unable to stat
[Sun Mar 08 03:18:13.962374 2026] [php:error] [pid 90933] [client 159.69.64.245:0] script '/domains/pauljbrock/wp-login.php' not found or unable to stat
[Sun Mar 08 03:18:15.911645 2026] [php:error] [pid 90949] [client 159.69.64.245:0] script '/domains/conceptlabs1/wp-login.php' not found or unable to stat
[Sun Mar 08 03:18:16.195133 2026] [php:error] [pid 90927] [client 159.69.64.245:0] script '/domains/conceptlabs1/wp-login.php' not found or unable to stat
[Sun Mar 08 03:18:18.055953 2026] [php:error] [pid 90927] [client 159.69.64.245:0] script '/domains/kandg-pc/wp-login.php' not found or unable to stat
[Sun Mar 08 03:18:18.277209 2026] [php:error] [pid 90950] [client 159.69.64.245:0] script '/domains/kandg-pc/wp-login.php' not found or unable to stat
[Sun Mar 08 03:18:19.261048 2026] [php:error] [pid 90933] [client 159.69.64.245:0] script '/domains/davidbacker/wp-login.php' not found or unable to stat
[Sun Mar 08 03:18:19.482400 2026] [php:error] [pid 90950] [client 159.69.64.245:0] script '/domains/davidbacker/wp-login.php' not found or unable to stat
[Sun Mar 08 03:18:20.417222 2026] [php:error] [pid 90949] [client 104.28.203.60:0] script '/domains/homesbyaudrey1/style.php' not found or unable to stat
[Sun Mar 08 03:18:20.898956 2026] [php:error] [pid 90949] [client 104.28.203.60:0] script '/domains/homesbyaudrey1/chosen.php' not found or unable to stat
[Sun Mar 08 03:18:21.010056 2026] [php:error] [pid 90949] [client 104.28.203.60:0] script '/domains/homesbyaudrey1/file.php' not found or unable to stat
[Sun Mar 08 03:18:21.127290 2026] [php:error] [pid 90949] [client 104.28.203.60:0] script '/domains/homesbyaudrey1/flower.php' not found or unable to stat
[Sun Mar 08 03:18:21.203595 2026] [php:error] [pid 90949] [client 104.28.203.60:0] script '/domains/homesbyaudrey1/gifclass.php' not found or unable to stat
[Sun Mar 08 03:18:21.275416 2026] [php:error] [pid 90949] [client 104.28.203.60:0] script '/domains/homesbyaudrey1/bless.php' not found or unable to stat
[Sun Mar 08 03:18:21.342746 2026] [php:error] [pid 90949] [client 104.28.203.60:0] script '/domains/homesbyaudrey1/class-t.api.php' not found or unable to stat
[Sun Mar 08 03:18:21.365355 2026] [php:error] [pid 90950] [client 159.69.64.245:0] script '/domains/highlandlabs/wp-login.php' not found or unable to stat
[Sun Mar 08 03:18:21.409600 2026] [php:error] [pid 90949] [client 104.28.203.60:0] script '/domains/homesbyaudrey1/blurbs.php' not found or unable to stat
[Sun Mar 08 03:18:21.486104 2026] [php:error] [pid 90949] [client 104.28.203.60:0] script '/domains/homesbyaudrey1/akcc.php' not found or unable to stat
[Sun Mar 08 03:18:21.633942 2026] [php:error] [pid 90949] [client 104.28.203.60:0] script '/domains/homesbyaudrey1/abcd.php' not found or unable to stat
[Sun Mar 08 03:18:21.885576 2026] [php:error] [pid 90927] [client 159.69.64.245:0] script '/domains/highlandlabs/wp-login.php' not found or unable to stat
[Sun Mar 08 03:18:21.915327 2026] [php:error] [pid 90949] [client 104.28.203.60:0] script '/domains/homesbyaudrey1/shelp.php' not found or unable to stat
[Sun Mar 08 03:18:22.340751 2026] [php:error] [pid 90949] [client 104.28.203.60:0] script '/domains/homesbyaudrey1/cord.php' not found or unable to stat
[Sun Mar 08 03:18:22.419412 2026] [php:error] [pid 90949] [client 104.28.203.60:0] script '/domains/homesbyaudrey1/dex.php' not found or unable to stat
[Sun Mar 08 03:18:22.991148 2026] [php:error] [pid 90949] [client 104.28.203.60:0] script '/domains/homesbyaudrey1/file2.php' not found or unable to stat
[Sun Mar 08 03:18:23.322859 2026] [php:error] [pid 90949] [client 104.28.203.60:0] script '/domains/homesbyaudrey1/zwso.php' not found or unable to stat
[Sun Mar 08 03:18:23.819755 2026] [php:error] [pid 90949] [client 104.28.203.60:0] script '/domains/homesbyaudrey1/bolt.php' not found or unable to stat
[Sun Mar 08 03:18:23.897026 2026] [php:error] [pid 90949] [client 104.28.203.60:0] script '/domains/homesbyaudrey1/shlo.php' not found or unable to stat
[Sun Mar 08 03:18:24.078454 2026] [php:error] [pid 90949] [client 104.28.203.60:0] script '/domains/homesbyaudrey1/133.php' not found or unable to stat
[Sun Mar 08 03:18:24.190703 2026] [php:error] [pid 90949] [client 104.28.203.60:0] script '/domains/homesbyaudrey1/ahax.php' not found or unable to stat
[Sun Mar 08 03:18:24.273608 2026] [php:error] [pid 90949] [client 104.28.203.60:0] script '/domains/homesbyaudrey1/php8.php' not found or unable to stat
[Sun Mar 08 03:18:24.399052 2026] [php:error] [pid 90949] [client 104.28.203.60:0] script '/domains/homesbyaudrey1/lufix1.php' not found or unable to stat
[Sun Mar 08 03:18:24.532245 2026] [php:error] [pid 90949] [client 104.28.203.60:0] script '/domains/homesbyaudrey1/witmm.php' not found or unable to stat
[Sun Mar 08 03:18:24.870241 2026] [php:error] [pid 90950] [client 159.69.64.245:0] script '/domains/rfisher.dnai/wp-login.php' not found or unable to stat
[Sun Mar 08 03:18:25.073474 2026] [php:error] [pid 90949] [client 104.28.203.60:0] script '/domains/homesbyaudrey1/ioxi-o.php' not found or unable to stat
[Sun Mar 08 03:18:25.120095 2026] [php:error] [pid 90926] [client 159.69.64.245:0] script '/domains/rfisher.dnai/wp-login.php' not found or unable to stat
[Sun Mar 08 03:18:25.159386 2026] [php:error] [pid 90949] [client 104.28.203.60:0] script '/domains/homesbyaudrey1/222.php' not found or unable to stat
[Sun Mar 08 03:18:25.695800 2026] [php:error] [pid 90949] [client 104.28.203.60:0] script '/domains/homesbyaudrey1/files.php' not found or unable to stat
[Sun Mar 08 03:18:25.817771 2026] [php:error] [pid 90949] [client 104.28.203.60:0] script '/domains/homesbyaudrey1/wp-editor.php' not found or unable to stat
[Sun Mar 08 03:18:25.885194 2026] [php:error] [pid 90949] [client 104.28.203.60:0] script '/domains/homesbyaudrey1/txets.php' not found or unable to stat
[Sun Mar 08 03:18:26.137800 2026] [php:error] [pid 90949] [client 104.28.203.60:0] script '/domains/homesbyaudrey1/postnews.php' not found or unable to stat
[Sun Mar 08 03:18:27.169942 2026] [php:error] [pid 90927] [client 159.69.64.245:0] script '/domains/system_suspended/wp-login.php' not found or unable to stat
[Sun Mar 08 03:18:27.864403 2026] [php:error] [pid 90948] [client 159.69.64.245:0] script '/domains/system_suspended/wp-login.php' not found or unable to stat
[Sun Mar 08 03:18:28.830147 2026] [php:error] [pid 90950] [client 159.69.64.245:0] script '/domains/performancepartsinc/wp-login.php' not found or unable to stat
[Sun Mar 08 03:18:29.684122 2026] [php:error] [pid 90927] [client 159.69.64.245:0] script '/domains/mschmid/wp-login.php' not found or unable to stat
[Sun Mar 08 03:18:29.933072 2026] [php:error] [pid 90949] [client 159.69.64.245:0] script '/domains/mschmid/wp-login.php' not found or unable to stat
[Sun Mar 08 03:18:31.825568 2026] [php:error] [pid 90949] [client 159.69.64.245:0] script '/domains/emsco1/wp-login.php' not found or unable to stat
[Sun Mar 08 03:18:32.177640 2026] [php:error] [pid 90927] [client 159.69.64.245:0] script '/domains/emsco1/wp-login.php' not found or unable to stat
[Sun Mar 08 03:18:33.636133 2026] [php:error] [pid 90927] [client 159.69.64.245:0] script '/domains/system_default/wp-login.php' not found or unable to stat
[Sun Mar 08 03:18:33.880265 2026] [php:error] [pid 90949] [client 159.69.64.245:0] script '/domains/system_default/wp-login.php' not found or unable to stat
[Sun Mar 08 03:18:35.475488 2026] [php:error] [pid 90933] [client 159.69.64.245:0] script '/domains/schellin/wp-login.php' not found or unable to stat
[Sun Mar 08 03:18:35.701330 2026] [php:error] [pid 90949] [client 159.69.64.245:0] script '/domains/schellin/wp-login.php' not found or unable to stat
[Sun Mar 08 03:18:37.984727 2026] [php:error] [pid 90949] [client 159.69.64.245:0] script '/domains/larrysr/wp-login.php' not found or unable to stat
[Sun Mar 08 03:18:38.348620 2026] [php:error] [pid 90933] [client 159.69.64.245:0] script '/domains/larrysr/wp-login.php' not found or unable to stat
[Sun Mar 08 03:18:39.813560 2026] [php:error] [pid 90933] [client 159.69.64.245:0] script '/domains/brigadeweb/wp-login.php' not found or unable to stat
[Sun Mar 08 03:18:40.049105 2026] [php:error] [pid 90927] [client 159.69.64.245:0] script '/domains/brigadeweb/wp-login.php' not found or unable to stat
[Sun Mar 08 03:18:41.835926 2026] [php:error] [pid 90927] [client 159.69.64.245:0] script '/domains/agribiz/wp-login.php' not found or unable to stat
[Sun Mar 08 03:18:42.176103 2026] [php:error] [pid 90933] [client 159.69.64.245:0] script '/domains/agribiz/wp-login.php' not found or unable to stat
[Sun Mar 08 03:18:45.586951 2026] [php:error] [pid 90933] [client 159.69.64.245:0] script '/domains/tennex/wp-login.php' not found or unable to stat
[Sun Mar 08 03:18:45.902136 2026] [php:error] [pid 90954] [client 159.69.64.245:0] script '/domains/tennex/wp-login.php' not found or unable to stat
[Sun Mar 08 03:18:48.084972 2026] [php:error] [pid 90933] [client 159.69.64.245:0] script '/domains/nmksgroupweb/wp-login.php' not found or unable to stat
[Sun Mar 08 03:18:48.409294 2026] [php:error] [pid 90955] [client 159.69.64.245:0] script '/domains/nmksgroupweb/wp-login.php' not found or unable to stat
[Sun Mar 08 03:18:49.659254 2026] [php:error] [pid 90927] [client 159.69.64.245:0] script '/domains/rextrav/wp-login.php' not found or unable to stat
[Sun Mar 08 03:18:49.930198 2026] [php:error] [pid 90955] [client 159.69.64.245:0] script '/domains/rextrav/wp-login.php' not found or unable to stat
[Sun Mar 08 03:18:51.659373 2026] [php:error] [pid 90955] [client 159.69.64.245:0] script '/domains/brenties/wp-login.php' not found or unable to stat
[Sun Mar 08 03:18:51.960289 2026] [php:error] [pid 90927] [client 159.69.64.245:0] script '/domains/brenties/wp-login.php' not found or unable to stat
[Sun Mar 08 03:18:53.099912 2026] [php:error] [pid 90954] [client 159.69.64.245:0] script '/domains/system_default/wp-login.php' not found or unable to stat
[Sun Mar 08 03:18:53.326427 2026] [php:error] [pid 90955] [client 159.69.64.245:0] script '/domains/system_default/wp-login.php' not found or unable to stat
[Sun Mar 08 03:18:54.333558 2026] [php:error] [pid 90933] [client 159.69.64.245:0] script '/domains/efusion1/wp-login.php' not found or unable to stat
[Sun Mar 08 03:18:54.554813 2026] [php:error] [pid 90955] [client 159.69.64.245:0] script '/domains/efusion1/wp-login.php' not found or unable to stat
[Sun Mar 08 03:18:55.725175 2026] [php:error] [pid 90933] [client 159.69.64.245:0] script '/domains/conservation1/wp-login.php' not found or unable to stat
[Sun Mar 08 03:18:56.084375 2026] [php:error] [pid 90926] [client 159.69.64.245:0] script '/domains/conservation1/wp-login.php' not found or unable to stat
[Sun Mar 08 03:18:57.193472 2026] [php:error] [pid 90950] [client 159.69.64.245:0] script '/domains/viamonte3/wp-login.php' not found or unable to stat
[Sun Mar 08 03:18:57.409355 2026] [php:error] [pid 90954] [client 159.69.64.245:0] script '/domains/viamonte3/wp-login.php' not found or unable to stat
[Sun Mar 08 03:18:58.393355 2026] [php:error] [pid 90933] [client 159.69.64.245:0] script '/domains/telacomp/wp-login.php' not found or unable to stat
[Sun Mar 08 03:18:58.707495 2026] [php:error] [pid 90955] [client 159.69.64.245:0] script '/domains/telacomp/wp-login.php' not found or unable to stat
[Sun Mar 08 03:19:00.869031 2026] [php:error] [pid 90955] [client 159.69.64.245:0] script '/domains/supolo/wp-login.php' not found or unable to stat
[Sun Mar 08 03:19:01.133907 2026] [php:error] [pid 90954] [client 159.69.64.245:0] script '/domains/supolo/wp-login.php' not found or unable to stat
[Sun Mar 08 03:19:02.591583 2026] [php:error] [pid 90933] [client 159.69.64.245:0] script '/domains/samscars/wp-login.php' not found or unable to stat
[Sun Mar 08 03:19:02.833389 2026] [php:error] [pid 90950] [client 159.69.64.245:0] script '/domains/samscars/wp-login.php' not found or unable to stat
[Sun Mar 08 03:19:04.401973 2026] [php:error] [pid 90933] [client 159.69.64.245:0] script '/domains/piltdweb1/wp-login.php' not found or unable to stat
[Sun Mar 08 03:19:04.636397 2026] [php:error] [pid 90926] [client 159.69.64.245:0] script '/domains/piltdweb1/wp-login.php' not found or unable to stat
[Sun Mar 08 03:19:05.909308 2026] [php:error] [pid 90926] [client 159.69.64.245:0] script '/domains/ltemple/wp-login.php' not found or unable to stat
[Sun Mar 08 03:19:06.136974 2026] [php:error] [pid 90933] [client 159.69.64.245:0] script '/domains/ltemple/wp-login.php' not found or unable to stat
[Sun Mar 08 03:19:06.462374 2026] [php:error] [pid 90950] [client 104.28.203.60:0] script '/domains/rfisher.dnai/style.php' not found or unable to stat
[Sun Mar 08 03:19:07.284982 2026] [php:error] [pid 90950] [client 104.28.203.60:0] script '/domains/rfisher.dnai/chosen.php' not found or unable to stat
[Sun Mar 08 03:19:07.370074 2026] [php:error] [pid 90950] [client 104.28.203.60:0] script '/domains/rfisher.dnai/file.php' not found or unable to stat
[Sun Mar 08 03:19:07.446334 2026] [php:error] [pid 90950] [client 104.28.203.60:0] script '/domains/rfisher.dnai/flower.php' not found or unable to stat
[Sun Mar 08 03:19:07.569716 2026] [php:error] [pid 90950] [client 104.28.203.60:0] script '/domains/rfisher.dnai/gifclass.php' not found or unable to stat
[Sun Mar 08 03:19:07.743767 2026] [php:error] [pid 90950] [client 104.28.203.60:0] script '/domains/rfisher.dnai/bless.php' not found or unable to stat
[Sun Mar 08 03:19:07.924443 2026] [php:error] [pid 90950] [client 104.28.203.60:0] script '/domains/rfisher.dnai/class-t.api.php' not found or unable to stat
[Sun Mar 08 03:19:08.034680 2026] [php:error] [pid 90950] [client 104.28.203.60:0] script '/domains/rfisher.dnai/blurbs.php' not found or unable to stat
[Sun Mar 08 03:19:08.102472 2026] [php:error] [pid 90950] [client 104.28.203.60:0] script '/domains/rfisher.dnai/akcc.php' not found or unable to stat
[Sun Mar 08 03:19:08.134947 2026] [php:error] [pid 90933] [client 159.69.64.245:0] script '/domains/thuebner/wp-login.php' not found or unable to stat
[Sun Mar 08 03:19:08.337068 2026] [php:error] [pid 90950] [client 104.28.203.60:0] script '/domains/rfisher.dnai/abcd.php' not found or unable to stat
[Sun Mar 08 03:19:08.423085 2026] [php:error] [pid 90950] [client 104.28.203.60:0] script '/domains/rfisher.dnai/shelp.php' not found or unable to stat
[Sun Mar 08 03:19:08.497353 2026] [php:error] [pid 90950] [client 104.28.203.60:0] script '/domains/rfisher.dnai/cord.php' not found or unable to stat
[Sun Mar 08 03:19:08.624008 2026] [php:error] [pid 90950] [client 104.28.203.60:0] script '/domains/rfisher.dnai/dex.php' not found or unable to stat
[Sun Mar 08 03:19:08.745471 2026] [php:error] [pid 90956] [client 159.69.64.245:0] script '/domains/thuebner/wp-login.php' not found or unable to stat
[Sun Mar 08 03:19:08.899581 2026] [php:error] [pid 90950] [client 104.28.203.60:0] script '/domains/rfisher.dnai/file2.php' not found or unable to stat
[Sun Mar 08 03:19:09.064472 2026] [php:error] [pid 90950] [client 104.28.203.60:0] script '/domains/rfisher.dnai/zwso.php' not found or unable to stat
[Sun Mar 08 03:19:09.283300 2026] [php:error] [pid 90950] [client 104.28.203.60:0] script '/domains/rfisher.dnai/bolt.php' not found or unable to stat
[Sun Mar 08 03:19:09.357340 2026] [php:error] [pid 90950] [client 104.28.203.60:0] script '/domains/rfisher.dnai/shlo.php' not found or unable to stat
[Sun Mar 08 03:19:09.603129 2026] [php:error] [pid 90950] [client 104.28.203.60:0] script '/domains/rfisher.dnai/133.php' not found or unable to stat
[Sun Mar 08 03:19:09.726157 2026] [php:error] [pid 90950] [client 104.28.203.60:0] script '/domains/rfisher.dnai/ahax.php' not found or unable to stat
[Sun Mar 08 03:19:09.805632 2026] [php:error] [pid 90950] [client 104.28.203.60:0] script '/domains/rfisher.dnai/php8.php' not found or unable to stat
[Sun Mar 08 03:19:09.898400 2026] [php:error] [pid 90950] [client 104.28.203.60:0] script '/domains/rfisher.dnai/lufix1.php' not found or unable to stat
[Sun Mar 08 03:19:10.075180 2026] [php:error] [pid 90950] [client 104.28.203.60:0] script '/domains/rfisher.dnai/witmm.php' not found or unable to stat
[Sun Mar 08 03:19:10.307130 2026] [php:error] [pid 90927] [client 159.69.64.245:0] script '/domains/egmaweb/wp-login.php' not found or unable to stat
[Sun Mar 08 03:19:10.572318 2026] [php:error] [pid 90950] [client 104.28.203.60:0] script '/domains/rfisher.dnai/ioxi-o.php' not found or unable to stat
[Sun Mar 08 03:19:10.591956 2026] [php:error] [pid 90958] [client 159.69.64.245:0] script '/domains/egmaweb/wp-login.php' not found or unable to stat
[Sun Mar 08 03:19:10.638918 2026] [php:error] [pid 90950] [client 104.28.203.60:0] script '/domains/rfisher.dnai/222.php' not found or unable to stat
[Sun Mar 08 03:19:10.731171 2026] [php:error] [pid 90950] [client 104.28.203.60:0] script '/domains/rfisher.dnai/files.php' not found or unable to stat
[Sun Mar 08 03:19:10.872999 2026] [php:error] [pid 90950] [client 104.28.203.60:0] script '/domains/rfisher.dnai/wp-editor.php' not found or unable to stat
[Sun Mar 08 03:19:10.964695 2026] [php:error] [pid 90950] [client 104.28.203.60:0] script '/domains/rfisher.dnai/txets.php' not found or unable to stat
[Sun Mar 08 03:19:11.289745 2026] [php:error] [pid 90950] [client 104.28.203.60:0] script '/domains/rfisher.dnai/postnews.php' not found or unable to stat
[Sun Mar 08 03:19:11.956319 2026] [php:error] [pid 90960] [client 159.69.64.245:0] script '/domains/ebon/wp-login.php' not found or unable to stat
[Sun Mar 08 03:19:12.973647 2026] [php:error] [pid 90927] [client 159.69.64.245:0] script '/domains/ebon/wp-login.php' not found or unable to stat
[Sun Mar 08 03:19:14.791272 2026] [php:error] [pid 90960] [client 159.69.64.245:0] script '/domains/system_default/wp-login.php' not found or unable to stat
[Sun Mar 08 03:19:15.018812 2026] [php:error] [pid 90955] [client 159.69.64.245:0] script '/domains/system_default/wp-login.php' not found or unable to stat
[Sun Mar 08 03:19:15.850505 2026] [php:error] [pid 90957] [client 159.69.64.245:0] script '/domains/fifibear/wp-login.php' not found or unable to stat
[Sun Mar 08 03:19:16.203571 2026] [php:error] [pid 90961] [client 159.69.64.245:0] script '/domains/fifibear/wp-login.php' not found or unable to stat
[Sun Mar 08 03:19:17.678404 2026] [php:error] [pid 90933] [client 159.69.64.245:0] script '/domains/bburke/wp-login.php' not found or unable to stat
[Sun Mar 08 03:19:17.904703 2026] [php:error] [pid 90927] [client 159.69.64.245:0] script '/domains/bburke/wp-login.php' not found or unable to stat
[Sun Mar 08 03:19:20.467662 2026] [php:error] [pid 90933] [client 159.69.64.245:0] script '/domains/king1969/wp-login.php' not found or unable to stat
[Sun Mar 08 03:19:20.822764 2026] [php:error] [pid 90957] [client 159.69.64.245:0] script '/domains/king1969/wp-login.php' not found or unable to stat
[Sun Mar 08 03:19:22.445252 2026] [php:error] [pid 90962] [client 159.69.64.245:0] script '/domains/hdickens.enteract/wp-login.php' not found or unable to stat
[Sun Mar 08 03:19:22.753277 2026] [php:error] [pid 90957] [client 159.69.64.245:0] script '/domains/hdickens.enteract/wp-login.php' not found or unable to stat
[Sun Mar 08 03:19:25.050373 2026] [php:error] [pid 90957] [client 159.69.64.245:0] script '/domains/hofficer1/wp-login.php' not found or unable to stat
[Sun Mar 08 03:19:25.433539 2026] [php:error] [pid 90933] [client 159.69.64.245:0] script '/domains/hofficer1/wp-login.php' not found or unable to stat
[Sun Mar 08 03:19:26.728308 2026] [php:error] [pid 90962] [client 159.69.64.245:0] script '/domains/domilici/wp-login.php' not found or unable to stat
[Sun Mar 08 03:19:27.089913 2026] [php:error] [pid 90955] [client 159.69.64.245:0] script '/domains/domilici/wp-login.php' not found or unable to stat
[Sun Mar 08 03:19:31.989230 2026] [php:error] [pid 90933] [client 159.69.64.245:0] script '/domains/king1969/wp-login.php' not found or unable to stat
[Sun Mar 08 03:19:32.253408 2026] [php:error] [pid 90957] [client 159.69.64.245:0] script '/domains/king1969/wp-login.php' not found or unable to stat
[Sun Mar 08 03:19:34.842739 2026] [php:error] [pid 90966] [client 159.69.64.245:0] script '/domains/awciii/wp-login.php' not found or unable to stat
[Sun Mar 08 03:19:35.913135 2026] [php:error] [pid 90968] [client 159.69.64.245:0] script '/domains/awciii/wp-login.php' not found or unable to stat
[Sun Mar 08 03:19:37.601900 2026] [php:error] [pid 90967] [client 159.69.64.245:0] script '/domains/astrosfm/wp-login.php' not found or unable to stat
[Sun Mar 08 03:19:37.832211 2026] [php:error] [pid 90968] [client 159.69.64.245:0] script '/domains/astrosfm/wp-login.php' not found or unable to stat
[Sun Mar 08 03:19:39.291579 2026] [php:error] [pid 90971] [client 159.69.64.245:0] script '/domains/pauljbrock/wp-login.php' not found or unable to stat
[Sun Mar 08 03:19:39.531436 2026] [php:error] [pid 90968] [client 159.69.64.245:0] script '/domains/pauljbrock/wp-login.php' not found or unable to stat
[Sun Mar 08 03:19:40.738280 2026] [php:error] [pid 90966] [client 159.69.64.245:0] script '/domains/redpeninc/wp-login.php' not found or unable to stat
[Sun Mar 08 03:19:41.042190 2026] [php:error] [pid 90955] [client 159.69.64.245:0] script '/domains/redpeninc/wp-login.php' not found or unable to stat
[Sun Mar 08 03:19:42.300328 2026] [php:error] [pid 90971] [client 104.28.203.60:0] script '/domains/tbarnhil/style.php' not found or unable to stat
[Sun Mar 08 03:19:42.324670 2026] [php:error] [pid 90927] [client 159.69.64.245:0] script '/domains/markrose/wp-login.php' not found or unable to stat
[Sun Mar 08 03:19:42.564582 2026] [php:error] [pid 90957] [client 159.69.64.245:0] script '/domains/markrose/wp-login.php' not found or unable to stat
[Sun Mar 08 03:19:42.848189 2026] [php:error] [pid 90971] [client 104.28.203.60:0] script '/domains/tbarnhil/chosen.php' not found or unable to stat
[Sun Mar 08 03:19:42.977337 2026] [php:error] [pid 90971] [client 104.28.203.60:0] script '/domains/tbarnhil/file.php' not found or unable to stat
[Sun Mar 08 03:19:43.066495 2026] [php:error] [pid 90971] [client 104.28.203.60:0] script '/domains/tbarnhil/flower.php' not found or unable to stat
[Sun Mar 08 03:19:43.165471 2026] [php:error] [pid 90971] [client 104.28.203.60:0] script '/domains/tbarnhil/gifclass.php' not found or unable to stat
[Sun Mar 08 03:19:43.323014 2026] [php:error] [pid 90971] [client 104.28.203.60:0] script '/domains/tbarnhil/bless.php' not found or unable to stat
[Sun Mar 08 03:19:43.554649 2026] [php:error] [pid 90962] [client 104.28.203.60:0] script '/domains/gk3c/style.php' not found or unable to stat
[Sun Mar 08 03:19:43.612319 2026] [php:error] [pid 90971] [client 104.28.203.60:0] script '/domains/tbarnhil/class-t.api.php' not found or unable to stat
[Sun Mar 08 03:19:43.921938 2026] [php:error] [pid 90965] [client 159.69.64.245:0] script '/domains/dcarlone/wp-login.php' not found or unable to stat
[Sun Mar 08 03:19:43.937066 2026] [php:error] [pid 90971] [client 104.28.203.60:0] script '/domains/tbarnhil/blurbs.php' not found or unable to stat
[Sun Mar 08 03:19:43.986265 2026] [php:error] [pid 90962] [client 104.28.203.60:0] script '/domains/gk3c/chosen.php' not found or unable to stat
[Sun Mar 08 03:19:44.058204 2026] [php:error] [pid 90962] [client 104.28.203.60:0] script '/domains/gk3c/file.php' not found or unable to stat
[Sun Mar 08 03:19:44.130621 2026] [php:error] [pid 90962] [client 104.28.203.60:0] script '/domains/gk3c/flower.php' not found or unable to stat
[Sun Mar 08 03:19:44.203370 2026] [php:error] [pid 90962] [client 104.28.203.60:0] script '/domains/gk3c/gifclass.php' not found or unable to stat
[Sun Mar 08 03:19:44.222008 2026] [php:error] [pid 90971] [client 104.28.203.60:0] script '/domains/tbarnhil/akcc.php' not found or unable to stat
[Sun Mar 08 03:19:44.278274 2026] [php:error] [pid 90962] [client 104.28.203.60:0] script '/domains/gk3c/bless.php' not found or unable to stat
[Sun Mar 08 03:19:44.285312 2026] [php:error] [pid 90927] [client 159.69.64.245:0] script '/domains/dcarlone/wp-login.php' not found or unable to stat
[Sun Mar 08 03:19:44.368669 2026] [php:error] [pid 90962] [client 104.28.203.60:0] script '/domains/gk3c/class-t.api.php' not found or unable to stat
[Sun Mar 08 03:19:44.418935 2026] [php:error] [pid 90971] [client 104.28.203.60:0] script '/domains/tbarnhil/abcd.php' not found or unable to stat
[Sun Mar 08 03:19:44.442790 2026] [php:error] [pid 90962] [client 104.28.203.60:0] script '/domains/gk3c/blurbs.php' not found or unable to stat
[Sun Mar 08 03:19:44.559768 2026] [php:error] [pid 90962] [client 104.28.203.60:0] script '/domains/gk3c/akcc.php' not found or unable to stat
[Sun Mar 08 03:19:44.673446 2026] [php:error] [pid 90962] [client 104.28.203.60:0] script '/domains/gk3c/abcd.php' not found or unable to stat
[Sun Mar 08 03:19:44.715962 2026] [php:error] [pid 90971] [client 104.28.203.60:0] script '/domains/tbarnhil/shelp.php' not found or unable to stat
[Sun Mar 08 03:19:44.763406 2026] [php:error] [pid 90962] [client 104.28.203.60:0] script '/domains/gk3c/shelp.php' not found or unable to stat
[Sun Mar 08 03:19:44.831247 2026] [php:error] [pid 90962] [client 104.28.203.60:0] script '/domains/gk3c/cord.php' not found or unable to stat
[Sun Mar 08 03:19:44.899162 2026] [php:error] [pid 90962] [client 104.28.203.60:0] script '/domains/gk3c/dex.php' not found or unable to stat
[Sun Mar 08 03:19:45.011026 2026] [php:error] [pid 90971] [client 104.28.203.60:0] script '/domains/tbarnhil/cord.php' not found or unable to stat
[Sun Mar 08 03:19:45.043992 2026] [php:error] [pid 90962] [client 104.28.203.60:0] script '/domains/gk3c/file2.php' not found or unable to stat
[Sun Mar 08 03:19:45.098066 2026] [php:error] [pid 90971] [client 104.28.203.60:0] script '/domains/tbarnhil/dex.php' not found or unable to stat
[Sun Mar 08 03:19:45.113154 2026] [php:error] [pid 90962] [client 104.28.203.60:0] script '/domains/gk3c/zwso.php' not found or unable to stat
[Sun Mar 08 03:19:45.465538 2026] [php:error] [pid 90962] [client 104.28.203.60:0] script '/domains/gk3c/bolt.php' not found or unable to stat
[Sun Mar 08 03:19:45.525842 2026] [php:error] [pid 90971] [client 104.28.203.60:0] script '/domains/tbarnhil/file2.php' not found or unable to stat
[Sun Mar 08 03:19:45.542600 2026] [php:error] [pid 90962] [client 104.28.203.60:0] script '/domains/gk3c/shlo.php' not found or unable to stat
[Sun Mar 08 03:19:45.621272 2026] [php:error] [pid 90971] [client 104.28.203.60:0] script '/domains/tbarnhil/zwso.php' not found or unable to stat
[Sun Mar 08 03:19:45.642040 2026] [php:error] [pid 90962] [client 104.28.203.60:0] script '/domains/gk3c/133.php' not found or unable to stat
[Sun Mar 08 03:19:45.738944 2026] [php:error] [pid 90962] [client 104.28.203.60:0] script '/domains/gk3c/ahax.php' not found or unable to stat
[Sun Mar 08 03:19:45.834495 2026] [php:error] [pid 90962] [client 104.28.203.60:0] script '/domains/gk3c/php8.php' not found or unable to stat
[Sun Mar 08 03:19:45.901867 2026] [php:error] [pid 90962] [client 104.28.203.60:0] script '/domains/gk3c/lufix1.php' not found or unable to stat
[Sun Mar 08 03:19:45.986570 2026] [php:error] [pid 90962] [client 104.28.203.60:0] script '/domains/gk3c/witmm.php' not found or unable to stat
[Sun Mar 08 03:19:46.015144 2026] [php:error] [pid 90971] [client 104.28.203.60:0] script '/domains/tbarnhil/bolt.php' not found or unable to stat
[Sun Mar 08 03:19:46.211805 2026] [php:error] [pid 90957] [client 159.69.64.245:0] script '/domains/fairlane1/wp-login.php' not found or unable to stat
[Sun Mar 08 03:19:46.215404 2026] [php:error] [pid 90971] [client 104.28.203.60:0] script '/domains/tbarnhil/shlo.php' not found or unable to stat
[Sun Mar 08 03:19:46.315712 2026] [php:error] [pid 90971] [client 104.28.203.60:0] script '/domains/tbarnhil/133.php' not found or unable to stat
[Sun Mar 08 03:19:46.424858 2026] [php:error] [pid 90971] [client 104.28.203.60:0] script '/domains/tbarnhil/ahax.php' not found or unable to stat
[Sun Mar 08 03:19:46.448292 2026] [php:error] [pid 90962] [client 104.28.203.60:0] script '/domains/gk3c/ioxi-o.php' not found or unable to stat
[Sun Mar 08 03:19:46.539750 2026] [php:error] [pid 90962] [client 104.28.203.60:0] script '/domains/gk3c/222.php' not found or unable to stat
[Sun Mar 08 03:19:46.551668 2026] [php:error] [pid 90927] [client 159.69.64.245:0] script '/domains/fairlane1/wp-login.php' not found or unable to stat
[Sun Mar 08 03:19:46.558124 2026] [php:error] [pid 90971] [client 104.28.203.60:0] script '/domains/tbarnhil/php8.php' not found or unable to stat
[Sun Mar 08 03:19:46.636403 2026] [php:error] [pid 90962] [client 104.28.203.60:0] script '/domains/gk3c/files.php' not found or unable to stat
[Sun Mar 08 03:19:46.726450 2026] [php:error] [pid 90971] [client 104.28.203.60:0] script '/domains/tbarnhil/lufix1.php' not found or unable to stat
[Sun Mar 08 03:19:46.728827 2026] [php:error] [pid 90962] [client 104.28.203.60:0] script '/domains/gk3c/wp-editor.php' not found or unable to stat
[Sun Mar 08 03:19:46.797850 2026] [php:error] [pid 90962] [client 104.28.203.60:0] script '/domains/gk3c/txets.php' not found or unable to stat
[Sun Mar 08 03:19:46.817075 2026] [php:error] [pid 90971] [client 104.28.203.60:0] script '/domains/tbarnhil/witmm.php' not found or unable to stat
[Sun Mar 08 03:19:47.039711 2026] [php:error] [pid 90962] [client 104.28.203.60:0] script '/domains/gk3c/postnews.php' not found or unable to stat
[Sun Mar 08 03:19:47.309989 2026] [php:error] [pid 90971] [client 104.28.203.60:0] script '/domains/tbarnhil/ioxi-o.php' not found or unable to stat
[Sun Mar 08 03:19:47.516937 2026] [php:error] [pid 90971] [client 104.28.203.60:0] script '/domains/tbarnhil/222.php' not found or unable to stat
[Sun Mar 08 03:19:47.816786 2026] [php:error] [pid 90971] [client 104.28.203.60:0] script '/domains/tbarnhil/files.php' not found or unable to stat
[Sun Mar 08 03:19:47.904563 2026] [php:error] [pid 90971] [client 104.28.203.60:0] script '/domains/tbarnhil/wp-editor.php' not found or unable to stat
[Sun Mar 08 03:19:47.990773 2026] [php:error] [pid 90971] [client 104.28.203.60:0] script '/domains/tbarnhil/txets.php' not found or unable to stat
[Sun Mar 08 03:19:48.512936 2026] [php:error] [pid 90971] [client 104.28.203.60:0] script '/domains/tbarnhil/postnews.php' not found or unable to stat
[Sun Mar 08 03:19:48.679498 2026] [php:error] [pid 90927] [client 159.69.64.245:0] script '/domains/msintl/wp-login.php' not found or unable to stat
[Sun Mar 08 03:19:49.014104 2026] [php:error] [pid 90965] [client 159.69.64.245:0] script '/domains/msintl/wp-login.php' not found or unable to stat
[Sun Mar 08 03:19:50.315394 2026] [php:error] [pid 90955] [client 159.69.64.245:0] script '/domains/machinadynamica/wp-login.php' not found or unable to stat
[Sun Mar 08 03:19:50.664298 2026] [php:error] [pid 90957] [client 159.69.64.245:0] script '/domains/machinadynamica/wp-login.php' not found or unable to stat
[Sun Mar 08 03:19:51.794614 2026] [php:error] [pid 90955] [client 159.69.64.245:0] script '/domains/system_suspended/wp-login.php' not found or unable to stat
[Sun Mar 08 03:19:52.025373 2026] [php:error] [pid 90962] [client 159.69.64.245:0] script '/domains/system_suspended/wp-login.php' not found or unable to stat
[Sun Mar 08 03:19:53.241128 2026] [php:error] [pid 90971] [client 159.69.64.245:0] script '/domains/nostrada/wp-login.php' not found or unable to stat
[Sun Mar 08 03:19:53.565983 2026] [php:error] [pid 90962] [client 159.69.64.245:0] script '/domains/nostrada/wp-login.php' not found or unable to stat
[Sun Mar 08 03:19:55.093327 2026] [php:error] [pid 90965] [client 159.69.64.245:0] script '/domains/system_default/wp-login.php' not found or unable to stat
[Sun Mar 08 03:19:55.482362 2026] [php:error] [pid 90971] [client 159.69.64.245:0] script '/domains/system_default/wp-login.php' not found or unable to stat
[Sun Mar 08 03:19:56.392985 2026] [php:error] [pid 90933] [client 159.69.64.245:0] script '/domains/system_suspended/wp-login.php' not found or unable to stat
[Sun Mar 08 03:19:56.636237 2026] [php:error] [pid 90972] [client 159.69.64.245:0] script '/domains/system_suspended/wp-login.php' not found or unable to stat
[Sun Mar 08 03:19:57.150685 2026] [php:error] [pid 90971] [client 104.28.203.60:0] script '/domains/lover/style.php' not found or unable to stat
[Sun Mar 08 03:19:57.741725 2026] [php:error] [pid 90971] [client 104.28.203.60:0] script '/domains/lover/chosen.php' not found or unable to stat
[Sun Mar 08 03:19:57.810447 2026] [php:error] [pid 90971] [client 104.28.203.60:0] script '/domains/lover/file.php' not found or unable to stat
[Sun Mar 08 03:19:57.882549 2026] [php:error] [pid 90971] [client 104.28.203.60:0] script '/domains/lover/flower.php' not found or unable to stat
[Sun Mar 08 03:19:57.969442 2026] [php:error] [pid 90971] [client 104.28.203.60:0] script '/domains/lover/gifclass.php' not found or unable to stat
[Sun Mar 08 03:19:58.205580 2026] [php:error] [pid 90971] [client 104.28.203.60:0] script '/domains/lover/bless.php' not found or unable to stat
[Sun Mar 08 03:19:58.425438 2026] [php:error] [pid 90971] [client 104.28.203.60:0] script '/domains/lover/class-t.api.php' not found or unable to stat
[Sun Mar 08 03:19:58.614220 2026] [php:error] [pid 90971] [client 104.28.203.60:0] script '/domains/lover/blurbs.php' not found or unable to stat
[Sun Mar 08 03:19:58.858789 2026] [php:error] [pid 90971] [client 104.28.203.60:0] script '/domains/lover/akcc.php' not found or unable to stat
[Sun Mar 08 03:19:58.927569 2026] [php:error] [pid 90971] [client 104.28.203.60:0] script '/domains/lover/abcd.php' not found or unable to stat
[Sun Mar 08 03:19:59.186186 2026] [php:error] [pid 90971] [client 104.28.203.60:0] script '/domains/lover/shelp.php' not found or unable to stat
[Sun Mar 08 03:19:59.499375 2026] [php:error] [pid 90971] [client 104.28.203.60:0] script '/domains/lover/cord.php' not found or unable to stat
[Sun Mar 08 03:19:59.717470 2026] [php:error] [pid 90971] [client 104.28.203.60:0] script '/domains/lover/dex.php' not found or unable to stat
[Sun Mar 08 03:19:59.885176 2026] [php:error] [pid 90971] [client 104.28.203.60:0] script '/domains/lover/file2.php' not found or unable to stat
[Sun Mar 08 03:20:00.143944 2026] [php:error] [pid 90971] [client 104.28.203.60:0] script '/domains/lover/zwso.php' not found or unable to stat
[Sun Mar 08 03:20:00.402731 2026] [php:error] [pid 90971] [client 104.28.203.60:0] script '/domains/lover/bolt.php' not found or unable to stat
[Sun Mar 08 03:20:00.471163 2026] [php:error] [pid 90971] [client 104.28.203.60:0] script '/domains/lover/shlo.php' not found or unable to stat
[Sun Mar 08 03:20:00.602822 2026] [php:error] [pid 90971] [client 104.28.203.60:0] script '/domains/lover/133.php' not found or unable to stat
[Sun Mar 08 03:20:00.892267 2026] [php:error] [pid 90971] [client 104.28.203.60:0] script '/domains/lover/ahax.php' not found or unable to stat
[Sun Mar 08 03:20:01.197662 2026] [php:error] [pid 90971] [client 104.28.203.60:0] script '/domains/lover/php8.php' not found or unable to stat
[Sun Mar 08 03:20:01.676535 2026] [php:error] [pid 90971] [client 104.28.203.60:0] script '/domains/lover/lufix1.php' not found or unable to stat
[Sun Mar 08 03:20:01.844755 2026] [php:error] [pid 90971] [client 104.28.203.60:0] script '/domains/lover/witmm.php' not found or unable to stat
