[Sun Mar 08 06:53:16.004744 2026] [php:error] [pid 94765] [client 103.77.106.41:0] script '/domains/performancepartsinc/lv.php' not found or unable to stat
[Sun Mar 08 06:53:16.004768 2026] [php:error] [pid 94702] [client 103.77.106.41:0] script '/domains/performancepartsinc/login.php' not found or unable to stat
[Sun Mar 08 06:53:16.006642 2026] [php:error] [pid 94768] [client 103.77.106.41:0] script '/domains/performancepartsinc/lx.php' not found or unable to stat
[Sun Mar 08 06:53:16.335191 2026] [php:error] [pid 94779] [client 103.77.106.41:0] script '/domains/performancepartsinc/m.php' not found or unable to stat
[Sun Mar 08 06:53:16.335198 2026] [php:error] [pid 94772] [client 103.77.106.41:0] script '/domains/performancepartsinc/mad.php' not found or unable to stat
[Sun Mar 08 06:53:16.337819 2026] [php:error] [pid 94765] [client 103.77.106.41:0] script '/domains/performancepartsinc/manager.php' not found or unable to stat
[Sun Mar 08 06:53:16.338283 2026] [php:error] [pid 94702] [client 103.77.106.41:0] script '/domains/performancepartsinc/mail.php' not found or unable to stat
[Sun Mar 08 06:53:16.340116 2026] [php:error] [pid 94768] [client 103.77.106.41:0] script '/domains/performancepartsinc/mah.php' not found or unable to stat
[Sun Mar 08 06:53:16.732584 2026] [php:error] [pid 94779] [client 103.77.106.41:0] script '/domains/performancepartsinc/mar.php' not found or unable to stat
[Sun Mar 08 06:53:16.745093 2026] [php:error] [pid 94772] [client 103.77.106.41:0] script '/domains/performancepartsinc/mari.php' not found or unable to stat
[Sun Mar 08 06:53:16.752338 2026] [php:error] [pid 94765] [client 103.77.106.41:0] script '/domains/performancepartsinc/marijuana.php' not found or unable to stat
[Sun Mar 08 06:53:16.760685 2026] [php:error] [pid 94702] [client 103.77.106.41:0] script '/domains/performancepartsinc/MARIJUANA.php' not found or unable to stat
[Sun Mar 08 06:53:16.766773 2026] [php:error] [pid 94768] [client 103.77.106.41:0] script '/domains/performancepartsinc/mas.php' not found or unable to stat
[Sun Mar 08 06:53:17.042420 2026] [php:error] [pid 94779] [client 103.77.106.41:0] script '/domains/performancepartsinc/mass.php' not found or unable to stat
[Sun Mar 08 06:53:17.042630 2026] [php:error] [pid 94772] [client 103.77.106.41:0] script '/domains/performancepartsinc/min.php' not found or unable to stat
[Sun Mar 08 06:53:17.044699 2026] [php:error] [pid 94765] [client 103.77.106.41:0] script '/domains/performancepartsinc/mini.php' not found or unable to stat
[Sun Mar 08 06:53:17.045920 2026] [php:error] [pid 94702] [client 103.77.106.41:0] script '/domains/performancepartsinc/minishell.php' not found or unable to stat
[Sun Mar 08 06:53:17.047819 2026] [php:error] [pid 94768] [client 103.77.106.41:0] script '/domains/performancepartsinc/mrjn.php' not found or unable to stat
[Sun Mar 08 06:53:17.515369 2026] [php:error] [pid 94779] [client 103.77.106.41:0] script '/domains/performancepartsinc/n.php' not found or unable to stat
[Sun Mar 08 06:53:17.515369 2026] [php:error] [pid 94772] [client 103.77.106.41:0] script '/domains/performancepartsinc/new-index.php' not found or unable to stat
[Sun Mar 08 06:53:17.519011 2026] [php:error] [pid 94702] [client 103.77.106.41:0] script '/domains/performancepartsinc/new.php' not found or unable to stat
[Sun Mar 08 06:53:17.519025 2026] [php:error] [pid 94765] [client 103.77.106.41:0] script '/domains/performancepartsinc/ninja.php' not found or unable to stat
[Sun Mar 08 06:53:17.521100 2026] [php:error] [pid 94768] [client 103.77.106.41:0] script '/domains/performancepartsinc/NewFile.php' not found or unable to stat
[Sun Mar 08 06:53:17.784270 2026] [php:error] [pid 94751] [client 20.151.11.236:0] script '/domains/system_default/gptsh.php' not found or unable to stat
[Sun Mar 08 06:53:17.808509 2026] [php:error] [pid 94751] [client 20.151.11.236:0] script '/domains/system_default/albin.php' not found or unable to stat
[Sun Mar 08 06:53:17.836918 2026] [php:error] [pid 94751] [client 20.151.11.236:0] script '/domains/system_default/yos.php' not found or unable to stat
[Sun Mar 08 06:53:17.863373 2026] [php:error] [pid 94751] [client 20.151.11.236:0] script '/domains/system_default/utky.php' not found or unable to stat
[Sun Mar 08 06:53:17.890367 2026] [php:error] [pid 94751] [client 20.151.11.236:0] script '/domains/system_default/settings.php' not found or unable to stat
[Sun Mar 08 06:53:17.914648 2026] [php:error] [pid 94751] [client 20.151.11.236:0] script '/domains/system_default/fsgdjkl.php' not found or unable to stat
[Sun Mar 08 06:53:17.939819 2026] [php:error] [pid 94751] [client 20.151.11.236:0] script '/domains/system_default/uuu.php' not found or unable to stat
[Sun Mar 08 06:53:17.964583 2026] [php:error] [pid 94751] [client 20.151.11.236:0] script '/domains/system_default/x12.php' not found or unable to stat
[Sun Mar 08 06:53:17.989188 2026] [php:error] [pid 94751] [client 20.151.11.236:0] script '/domains/system_default/by.php' not found or unable to stat
[Sun Mar 08 06:53:18.013609 2026] [php:error] [pid 94751] [client 20.151.11.236:0] script '/domains/system_default/sf.php' not found or unable to stat
[Sun Mar 08 06:53:18.039767 2026] [php:error] [pid 94751] [client 20.151.11.236:0] script '/domains/system_default/asw.php' not found or unable to stat
[Sun Mar 08 06:53:18.066345 2026] [php:error] [pid 94751] [client 20.151.11.236:0] script '/domains/system_default/eee.php' not found or unable to stat
[Sun Mar 08 06:53:18.090700 2026] [php:error] [pid 94751] [client 20.151.11.236:0] script '/domains/system_default/lp6.php' not found or unable to stat
[Sun Mar 08 06:53:18.115900 2026] [php:error] [pid 94751] [client 20.151.11.236:0] script '/domains/system_default/akses.php' not found or unable to stat
[Sun Mar 08 06:53:18.140253 2026] [php:error] [pid 94751] [client 20.151.11.236:0] script '/domains/system_default/no1.php' not found or unable to stat
[Sun Mar 08 06:53:18.164668 2026] [php:error] [pid 94751] [client 20.151.11.236:0] script '/domains/system_default/teee.php' not found or unable to stat
[Sun Mar 08 06:53:18.189112 2026] [php:error] [pid 94751] [client 20.151.11.236:0] script '/domains/system_default/elabel.php' not found or unable to stat
[Sun Mar 08 06:53:18.213675 2026] [php:error] [pid 94751] [client 20.151.11.236:0] script '/domains/system_default/bafFz.php' not found or unable to stat
[Sun Mar 08 06:53:18.238118 2026] [php:error] [pid 94751] [client 20.151.11.236:0] script '/domains/system_default/rere.php' not found or unable to stat
[Sun Mar 08 06:53:18.262469 2026] [php:error] [pid 94751] [client 20.151.11.236:0] script '/domains/system_default/jocundly.php' not found or unable to stat
[Sun Mar 08 06:53:18.288607 2026] [php:error] [pid 94751] [client 20.151.11.236:0] script '/domains/system_default/wo.php' not found or unable to stat
[Sun Mar 08 06:53:18.312946 2026] [php:error] [pid 94751] [client 20.151.11.236:0] script '/domains/system_default/h2h.php' not found or unable to stat
[Sun Mar 08 06:53:18.337374 2026] [php:error] [pid 94751] [client 20.151.11.236:0] script '/domains/system_default/rithin.php' not found or unable to stat
[Sun Mar 08 06:53:18.361657 2026] [php:error] [pid 94751] [client 20.151.11.236:0] script '/domains/system_default/kk.php' not found or unable to stat
[Sun Mar 08 06:53:18.385831 2026] [php:error] [pid 94751] [client 20.151.11.236:0] script '/domains/system_default/path.php' not found or unable to stat
[Sun Mar 08 06:53:18.410614 2026] [php:error] [pid 94751] [client 20.151.11.236:0] script '/domains/system_default/cs.php' not found or unable to stat
[Sun Mar 08 06:53:18.435002 2026] [php:error] [pid 94751] [client 20.151.11.236:0] script '/domains/system_default/w2025.php' not found or unable to stat
[Sun Mar 08 06:53:18.459261 2026] [php:error] [pid 94751] [client 20.151.11.236:0] script '/domains/system_default/foxr.php' not found or unable to stat
[Sun Mar 08 06:53:18.483535 2026] [php:error] [pid 94751] [client 20.151.11.236:0] script '/domains/system_default/swallowable.php' not found or unable to stat
[Sun Mar 08 06:53:18.507766 2026] [php:error] [pid 94751] [client 20.151.11.236:0] script '/domains/system_default/claw.php' not found or unable to stat
[Sun Mar 08 06:53:18.532399 2026] [php:error] [pid 94751] [client 20.151.11.236:0] script '/domains/system_default/fvvff.php' not found or unable to stat
[Sun Mar 08 06:53:18.556750 2026] [php:error] [pid 94751] [client 20.151.11.236:0] script '/domains/system_default/a2.php' not found or unable to stat
[Sun Mar 08 06:53:18.581077 2026] [php:error] [pid 94751] [client 20.151.11.236:0] script '/domains/system_default/sty.php' not found or unable to stat
[Sun Mar 08 06:53:18.604686 2026] [php:error] [pid 94772] [client 103.77.106.41:0] script '/domains/performancepartsinc/nn.php' not found or unable to stat
[Sun Mar 08 06:53:18.604874 2026] [php:error] [pid 94779] [client 103.77.106.41:0] script '/domains/performancepartsinc/o.php' not found or unable to stat
[Sun Mar 08 06:53:18.606433 2026] [php:error] [pid 94751] [client 20.151.11.236:0] script '/domains/system_default/xxxx.php' not found or unable to stat
[Sun Mar 08 06:53:18.607936 2026] [php:error] [pid 94765] [client 103.77.106.41:0] script '/domains/performancepartsinc/phpinfo.php' not found or unable to stat
[Sun Mar 08 06:53:18.608863 2026] [php:error] [pid 94702] [client 103.77.106.41:0] script '/domains/performancepartsinc/p.php' not found or unable to stat
[Sun Mar 08 06:53:18.610416 2026] [php:error] [pid 94768] [client 103.77.106.41:0] script '/domains/performancepartsinc/ok.php' not found or unable to stat
[Sun Mar 08 06:53:18.632989 2026] [php:error] [pid 94751] [client 20.151.11.236:0] script '/domains/system_default/h.php' not found or unable to stat
[Sun Mar 08 06:53:18.657251 2026] [php:error] [pid 94751] [client 20.151.11.236:0] script '/domains/system_default/g.php' not found or unable to stat
[Sun Mar 08 06:53:18.681620 2026] [php:error] [pid 94751] [client 20.151.11.236:0] script '/domains/system_default/pp.php' not found or unable to stat
[Sun Mar 08 06:53:18.705875 2026] [php:error] [pid 94751] [client 20.151.11.236:0] script '/domains/system_default/sys.php' not found or unable to stat
[Sun Mar 08 06:53:18.730444 2026] [php:error] [pid 94751] [client 20.151.11.236:0] script '/domains/system_default/txets.php' not found or unable to stat
[Sun Mar 08 06:53:18.754720 2026] [php:error] [pid 94751] [client 20.151.11.236:0] script '/domains/system_default/wp9.php' not found or unable to stat
[Sun Mar 08 06:53:18.778853 2026] [php:error] [pid 94751] [client 20.151.11.236:0] script '/domains/system_default/path.php' not found or unable to stat
[Sun Mar 08 06:53:18.803164 2026] [php:error] [pid 94751] [client 20.151.11.236:0] script '/domains/system_default/wdf.php' not found or unable to stat
[Sun Mar 08 06:53:18.827813 2026] [php:error] [pid 94751] [client 20.151.11.236:0] script '/domains/system_default/2.php' not found or unable to stat
[Sun Mar 08 06:53:18.852158 2026] [php:error] [pid 94751] [client 20.151.11.236:0] script '/domains/system_default/mga.php' not found or unable to stat
[Sun Mar 08 06:53:18.872430 2026] [php:error] [pid 94779] [client 103.77.106.41:0] script '/domains/performancepartsinc/pi.php' not found or unable to stat
[Sun Mar 08 06:53:18.874151 2026] [php:error] [pid 94772] [client 103.77.106.41:0] script '/domains/performancepartsinc/priv.php' not found or unable to stat
[Sun Mar 08 06:53:18.876299 2026] [php:error] [pid 94765] [client 103.77.106.41:0] script '/domains/performancepartsinc/priv8.php' not found or unable to stat
[Sun Mar 08 06:53:18.876901 2026] [php:error] [pid 94751] [client 20.151.11.236:0] script '/domains/system_default/maxro.php' not found or unable to stat
[Sun Mar 08 06:53:18.877738 2026] [php:error] [pid 94702] [client 103.77.106.41:0] script '/domains/performancepartsinc/q.php' not found or unable to stat
[Sun Mar 08 06:53:18.879654 2026] [php:error] [pid 94768] [client 103.77.106.41:0] script '/domains/performancepartsinc/qindex.php' not found or unable to stat
[Sun Mar 08 06:53:18.901467 2026] [php:error] [pid 94751] [client 20.151.11.236:0] script '/domains/system_default/pass2.php' not found or unable to stat
[Sun Mar 08 06:53:18.925960 2026] [php:error] [pid 94751] [client 20.151.11.236:0] script '/domains/system_default/wsvvs.php' not found or unable to stat
[Sun Mar 08 06:53:18.950125 2026] [php:error] [pid 94751] [client 20.151.11.236:0] script '/domains/system_default/3.php' not found or unable to stat
[Sun Mar 08 06:53:18.974361 2026] [php:error] [pid 94751] [client 20.151.11.236:0] script '/domains/system_default/edit.php' not found or unable to stat
[Sun Mar 08 06:53:18.999046 2026] [php:error] [pid 94751] [client 20.151.11.236:0] script '/domains/system_default/ioxi-o.php' not found or unable to stat
[Sun Mar 08 06:53:19.052522 2026] [php:error] [pid 94751] [client 20.151.11.236:0] script '/domains/system_default/66.php' not found or unable to stat
[Sun Mar 08 06:53:19.112178 2026] [php:error] [pid 94751] [client 20.151.11.236:0] script '/domains/system_default/gifclass.php' not found or unable to stat
[Sun Mar 08 06:53:19.132975 2026] [php:error] [pid 94772] [client 103.77.106.41:0] script '/domains/performancepartsinc/r00t.php' not found or unable to stat
[Sun Mar 08 06:53:19.132987 2026] [php:error] [pid 94779] [client 103.77.106.41:0] script '/domains/performancepartsinc/r.php' not found or unable to stat
[Sun Mar 08 06:53:19.135310 2026] [php:error] [pid 94765] [client 103.77.106.41:0] script '/domains/performancepartsinc/radio.php' not found or unable to stat
[Sun Mar 08 06:53:19.137044 2026] [php:error] [pid 94702] [client 103.77.106.41:0] script '/domains/performancepartsinc/radio.php' not found or unable to stat
[Sun Mar 08 06:53:19.139123 2026] [php:error] [pid 94768] [client 103.77.106.41:0] script '/domains/performancepartsinc/raw.php' not found or unable to stat
[Sun Mar 08 06:53:19.251898 2026] [php:error] [pid 94751] [client 20.151.11.236:0] script '/domains/system_default/sc.php' not found or unable to stat
[Sun Mar 08 06:53:19.276216 2026] [php:error] [pid 94751] [client 20.151.11.236:0] script '/domains/system_default/xmlrpc.php' not found or unable to stat
[Sun Mar 08 06:53:19.300452 2026] [php:error] [pid 94751] [client 20.151.11.236:0] script '/domains/system_default/ol.php' not found or unable to stat
[Sun Mar 08 06:53:19.324736 2026] [php:error] [pid 94751] [client 20.151.11.236:0] script '/domains/system_default/f6.php' not found or unable to stat
[Sun Mar 08 06:53:19.349069 2026] [php:error] [pid 94751] [client 20.151.11.236:0] script '/domains/system_default/inputs.php' not found or unable to stat
[Sun Mar 08 06:53:19.373290 2026] [php:error] [pid 94751] [client 20.151.11.236:0] script '/domains/system_default/style.php' not found or unable to stat
[Sun Mar 08 06:53:19.398615 2026] [php:error] [pid 94751] [client 20.151.11.236:0] script '/domains/system_default/bgymj.php' not found or unable to stat
[Sun Mar 08 06:53:19.406868 2026] [php:error] [pid 94772] [client 103.77.106.41:0] script '/domains/performancepartsinc/root.php' not found or unable to stat
[Sun Mar 08 06:53:19.406870 2026] [php:error] [pid 94779] [client 103.77.106.41:0] script '/domains/performancepartsinc/readme.php' not found or unable to stat
[Sun Mar 08 06:53:19.408642 2026] [php:error] [pid 94765] [client 103.77.106.41:0] script '/domains/performancepartsinc/rss.php' not found or unable to stat
[Sun Mar 08 06:53:19.412915 2026] [php:error] [pid 94702] [client 103.77.106.41:0] script '/domains/performancepartsinc/s.php' not found or unable to stat
[Sun Mar 08 06:53:19.414998 2026] [php:error] [pid 94768] [client 103.77.106.41:0] script '/domains/performancepartsinc/send.php' not found or unable to stat
[Sun Mar 08 06:53:19.422797 2026] [php:error] [pid 94751] [client 20.151.11.236:0] script '/domains/system_default/aa.php' not found or unable to stat
[Sun Mar 08 06:53:19.446971 2026] [php:error] [pid 94751] [client 20.151.11.236:0] script '/domains/system_default/1.php' not found or unable to stat
[Sun Mar 08 06:53:19.471031 2026] [php:error] [pid 94751] [client 20.151.11.236:0] script '/domains/system_default/sc.php' not found or unable to stat
[Sun Mar 08 06:53:19.495173 2026] [php:error] [pid 94751] [client 20.151.11.236:0] script '/domains/system_default/av.php' not found or unable to stat
[Sun Mar 08 06:53:19.519440 2026] [php:error] [pid 94751] [client 20.151.11.236:0] script '/domains/system_default/file.php' not found or unable to stat
[Sun Mar 08 06:53:19.551461 2026] [php:error] [pid 94751] [client 20.151.11.236:0] script '/domains/system_default/file59.php' not found or unable to stat
[Sun Mar 08 06:53:19.575604 2026] [php:error] [pid 94751] [client 20.151.11.236:0] script '/domains/system_default/bless.php' not found or unable to stat
[Sun Mar 08 06:53:19.599687 2026] [php:error] [pid 94751] [client 20.151.11.236:0] script '/domains/system_default/wp9.php' not found or unable to stat
[Sun Mar 08 06:53:19.623814 2026] [php:error] [pid 94751] [client 20.151.11.236:0] script '/domains/system_default/wp-act.php' not found or unable to stat
[Sun Mar 08 06:53:19.648372 2026] [php:error] [pid 94751] [client 20.151.11.236:0] script '/domains/system_default/class-t.api.php' not found or unable to stat
[Sun Mar 08 06:53:19.668451 2026] [php:error] [pid 94779] [client 103.77.106.41:0] script '/domains/performancepartsinc/seo.php' not found or unable to stat
[Sun Mar 08 06:53:19.668689 2026] [php:error] [pid 94772] [client 103.77.106.41:0] script '/domains/performancepartsinc/shl.php' not found or unable to stat
[Sun Mar 08 06:53:19.671366 2026] [php:error] [pid 94765] [client 103.77.106.41:0] script '/domains/performancepartsinc/shx.php' not found or unable to stat
[Sun Mar 08 06:53:19.672709 2026] [php:error] [pid 94751] [client 20.151.11.236:0] script '/domains/system_default/xqq.php' not found or unable to stat
[Sun Mar 08 06:53:19.672808 2026] [php:error] [pid 94702] [client 103.77.106.41:0] script '/domains/performancepartsinc/simple.php' not found or unable to stat
[Sun Mar 08 06:53:19.674946 2026] [php:error] [pid 94768] [client 103.77.106.41:0] script '/domains/performancepartsinc/style.php' not found or unable to stat
[Sun Mar 08 06:53:19.777120 2026] [php:error] [pid 94751] [client 20.151.11.236:0] script '/domains/system_default/06.php' not found or unable to stat
[Sun Mar 08 06:53:19.801416 2026] [php:error] [pid 94751] [client 20.151.11.236:0] script '/domains/system_default/plss3.php' not found or unable to stat
[Sun Mar 08 06:53:19.825899 2026] [php:error] [pid 94751] [client 20.151.11.236:0] script '/domains/system_default/aaa.php' not found or unable to stat
[Sun Mar 08 06:53:19.850620 2026] [php:error] [pid 94751] [client 20.151.11.236:0] script '/domains/system_default/classwithtostring.php' not found or unable to stat
[Sun Mar 08 06:53:19.899134 2026] [php:error] [pid 94751] [client 20.151.11.236:0] script '/domains/system_default/tinyfilemanager.php' not found or unable to stat
[Sun Mar 08 06:53:19.922526 2026] [php:error] [pid 94772] [client 103.77.106.41:0] script '/domains/performancepartsinc/Sym.php' not found or unable to stat
[Sun Mar 08 06:53:19.922531 2026] [php:error] [pid 94779] [client 103.77.106.41:0] script '/domains/performancepartsinc/sym.php' not found or unable to stat
[Sun Mar 08 06:53:19.924937 2026] [php:error] [pid 94765] [client 103.77.106.41:0] script '/domains/performancepartsinc/sym403.php' not found or unable to stat
[Sun Mar 08 06:53:19.925536 2026] [php:error] [pid 94751] [client 20.151.11.236:0] script '/domains/system_default/x.php' not found or unable to stat
[Sun Mar 08 06:53:19.926304 2026] [php:error] [pid 94702] [client 103.77.106.41:0] script '/domains/performancepartsinc/symlink.php' not found or unable to stat
[Sun Mar 08 06:53:19.928205 2026] [php:error] [pid 94768] [client 103.77.106.41:0] script '/domains/performancepartsinc/sys.php' not found or unable to stat
[Sun Mar 08 06:53:19.949773 2026] [php:error] [pid 94751] [client 20.151.11.236:0] script '/domains/system_default/ms.php' not found or unable to stat
[Sun Mar 08 06:53:19.998419 2026] [php:error] [pid 94751] [client 20.151.11.236:0] script '/domains/system_default/wp-update.php' not found or unable to stat
[Sun Mar 08 06:53:20.022915 2026] [php:error] [pid 94751] [client 20.151.11.236:0] script '/domains/system_default/sbhu.php' not found or unable to stat
[Sun Mar 08 06:53:20.075956 2026] [php:error] [pid 94751] [client 20.151.11.236:0] script '/domains/system_default/wp-blog.php' not found or unable to stat
[Sun Mar 08 06:53:20.104239 2026] [php:error] [pid 94751] [client 20.151.11.236:0] script '/domains/system_default/test1.php' not found or unable to stat
[Sun Mar 08 06:53:20.153697 2026] [php:error] [pid 94751] [client 20.151.11.236:0] script '/domains/system_default/166.php' not found or unable to stat
[Sun Mar 08 06:53:20.202306 2026] [php:error] [pid 94751] [client 20.151.11.236:0] script '/domains/system_default/ms-edit.php' not found or unable to stat
[Sun Mar 08 06:53:20.226882 2026] [php:error] [pid 94751] [client 20.151.11.236:0] script '/domains/system_default/adminfuns.php' not found or unable to stat
[Sun Mar 08 06:53:20.251331 2026] [php:error] [pid 94751] [client 20.151.11.236:0] script '/domains/system_default/goods.php' not found or unable to stat
[Sun Mar 08 06:53:20.275837 2026] [php:error] [pid 94751] [client 20.151.11.236:0] script '/domains/system_default/ms-edit.php' not found or unable to stat
[Sun Mar 08 06:53:20.300761 2026] [php:error] [pid 94751] [client 20.151.11.236:0] script '/domains/system_default/222.php' not found or unable to stat
[Sun Mar 08 06:53:20.303211 2026] [php:error] [pid 94779] [client 103.77.106.41:0] script '/domains/performancepartsinc/test.php' not found or unable to stat
[Sun Mar 08 06:53:20.303211 2026] [php:error] [pid 94772] [client 103.77.106.41:0] script '/domains/performancepartsinc/tinyfilemanager.php' not found or unable to stat
[Sun Mar 08 06:53:20.305074 2026] [php:error] [pid 94765] [client 103.77.106.41:0] script '/domains/performancepartsinc/u.php' not found or unable to stat
[Sun Mar 08 06:53:20.306213 2026] [php:error] [pid 94702] [client 103.77.106.41:0] script '/domains/performancepartsinc/t.php' not found or unable to stat
[Sun Mar 08 06:53:20.307961 2026] [php:error] [pid 94768] [client 103.77.106.41:0] script '/domains/performancepartsinc/tes.php' not found or unable to stat
[Sun Mar 08 06:53:20.350292 2026] [php:error] [pid 94787] [client 20.151.11.236:0] script '/domains/system_default/plugins.php' not found or unable to stat
[Sun Mar 08 06:53:20.422279 2026] [php:error] [pid 94787] [client 20.151.11.236:0] script '/domains/system_default/ff1.php' not found or unable to stat
[Sun Mar 08 06:53:20.447656 2026] [php:error] [pid 94787] [client 20.151.11.236:0] script '/domains/system_default/fff.php' not found or unable to stat
[Sun Mar 08 06:53:20.495998 2026] [php:error] [pid 94787] [client 20.151.11.236:0] script '/domains/system_default/goat.php' not found or unable to stat
[Sun Mar 08 06:53:20.519889 2026] [php:error] [pid 94787] [client 20.151.11.236:0] script '/domains/system_default/155.php' not found or unable to stat
[Sun Mar 08 06:53:20.543976 2026] [php:error] [pid 94787] [client 20.151.11.236:0] script '/domains/system_default/we.php' not found or unable to stat
[Sun Mar 08 06:53:20.568948 2026] [php:error] [pid 94787] [client 20.151.11.236:0] script '/domains/system_default/alpha.php' not found or unable to stat
[Sun Mar 08 06:53:20.592875 2026] [php:error] [pid 94787] [client 20.151.11.236:0] script '/domains/system_default/makeasmtp.php' not found or unable to stat
[Sun Mar 08 06:53:20.616750 2026] [php:error] [pid 94787] [client 20.151.11.236:0] script '/domains/system_default/wp-michan.php' not found or unable to stat
[Sun Mar 08 06:53:20.664506 2026] [php:error] [pid 94787] [client 20.151.11.236:0] script '/domains/system_default/wp-the.php' not found or unable to stat
[Sun Mar 08 06:53:20.712482 2026] [php:error] [pid 94787] [client 20.151.11.236:0] script '/domains/system_default/BDKR28WP.php' not found or unable to stat
[Sun Mar 08 06:53:20.761442 2026] [php:error] [pid 94787] [client 20.151.11.236:0] script '/domains/system_default/wp.php' not found or unable to stat
[Sun Mar 08 06:53:20.782873 2026] [php:error] [pid 94779] [client 103.77.106.41:0] script '/domains/performancepartsinc/unknown.php' not found or unable to stat
[Sun Mar 08 06:53:20.782876 2026] [php:error] [pid 94772] [client 103.77.106.41:0] script '/domains/performancepartsinc/upfile.php' not found or unable to stat
[Sun Mar 08 06:53:20.785099 2026] [php:error] [pid 94765] [client 103.77.106.41:0] script '/domains/performancepartsinc/upload.php' not found or unable to stat
[Sun Mar 08 06:53:20.786330 2026] [php:error] [pid 94702] [client 103.77.106.41:0] script '/domains/performancepartsinc/up.php' not found or unable to stat
[Sun Mar 08 06:53:20.788168 2026] [php:error] [pid 94768] [client 103.77.106.41:0] script '/domains/performancepartsinc/upgrade.php' not found or unable to stat
[Sun Mar 08 06:53:20.810024 2026] [php:error] [pid 94787] [client 20.151.11.236:0] script '/domains/system_default/w4.php' not found or unable to stat
[Sun Mar 08 06:53:20.857919 2026] [php:error] [pid 94787] [client 20.151.11.236:0] script '/domains/system_default/ok.php' not found or unable to stat
[Sun Mar 08 06:53:20.882764 2026] [php:error] [pid 94787] [client 20.151.11.236:0] script '/domains/system_default/about.php' not found or unable to stat
[Sun Mar 08 06:53:20.933679 2026] [php:error] [pid 94787] [client 20.151.11.236:0] script '/domains/system_default/fe5.php' not found or unable to stat
[Sun Mar 08 06:53:20.957593 2026] [php:error] [pid 94787] [client 20.151.11.236:0] script '/domains/system_default/kj.php' not found or unable to stat
[Sun Mar 08 06:53:21.006591 2026] [php:error] [pid 94787] [client 20.151.11.236:0] script '/domains/system_default/av.php' not found or unable to stat
[Sun Mar 08 06:53:21.030773 2026] [php:error] [pid 94787] [client 20.151.11.236:0] script '/domains/system_default/abcd.php' not found or unable to stat
[Sun Mar 08 06:53:21.049472 2026] [php:error] [pid 94779] [client 103.77.106.41:0] script '/domains/performancepartsinc/uploader.php' not found or unable to stat
[Sun Mar 08 06:53:21.050556 2026] [php:error] [pid 94772] [client 103.77.106.41:0] script '/domains/performancepartsinc/uploads.php' not found or unable to stat
[Sun Mar 08 06:53:21.053042 2026] [php:error] [pid 94765] [client 103.77.106.41:0] script '/domains/performancepartsinc/ups.php' not found or unable to stat
[Sun Mar 08 06:53:21.054413 2026] [php:error] [pid 94702] [client 103.77.106.41:0] script '/domains/performancepartsinc/usr.php' not found or unable to stat
[Sun Mar 08 06:53:21.054791 2026] [php:error] [pid 94787] [client 20.151.11.236:0] script '/domains/system_default/init.php' not found or unable to stat
[Sun Mar 08 06:53:21.055953 2026] [php:error] [pid 94768] [client 103.77.106.41:0] script '/domains/performancepartsinc/v.php' not found or unable to stat
[Sun Mar 08 06:53:21.078820 2026] [php:error] [pid 94787] [client 20.151.11.236:0] script '/domains/system_default/fi.php' not found or unable to stat
[Sun Mar 08 06:53:21.102720 2026] [php:error] [pid 94787] [client 20.151.11.236:0] script '/domains/system_default/a1.php' not found or unable to stat
[Sun Mar 08 06:53:21.177759 2026] [php:error] [pid 94787] [client 20.151.11.236:0] script '/domains/system_default/f35.php' not found or unable to stat
[Sun Mar 08 06:53:21.202248 2026] [php:error] [pid 94787] [client 20.151.11.236:0] script '/domains/system_default/hi.php' not found or unable to stat
[Sun Mar 08 06:53:21.226175 2026] [php:error] [pid 94787] [client 20.151.11.236:0] script '/domains/system_default/lb.php' not found or unable to stat
[Sun Mar 08 06:53:21.298043 2026] [php:error] [pid 94787] [client 20.151.11.236:0] script '/domains/system_default/prv8.php' not found or unable to stat
[Sun Mar 08 06:53:21.325987 2026] [php:error] [pid 94787] [client 20.151.11.236:0] script '/domains/system_default/k.php' not found or unable to stat
[Sun Mar 08 06:53:21.349896 2026] [php:error] [pid 94787] [client 20.151.11.236:0] script '/domains/system_default/dev.php' not found or unable to stat
[Sun Mar 08 06:53:21.373695 2026] [php:error] [pid 94787] [client 20.151.11.236:0] script '/domains/system_default/bal.php' not found or unable to stat
[Sun Mar 08 06:53:21.397648 2026] [php:error] [pid 94787] [client 20.151.11.236:0] script '/domains/system_default/in.php' not found or unable to stat
[Sun Mar 08 06:53:21.421806 2026] [php:error] [pid 94787] [client 20.151.11.236:0] script '/domains/system_default/gssdd.php' not found or unable to stat
[Sun Mar 08 06:53:21.445932 2026] [php:error] [pid 94787] [client 20.151.11.236:0] script '/domains/system_default/motu.php' not found or unable to stat
[Sun Mar 08 06:53:21.470048 2026] [php:error] [pid 94787] [client 20.151.11.236:0] script '/domains/system_default/bs1.php' not found or unable to stat
[Sun Mar 08 06:53:21.494088 2026] [php:error] [pid 94787] [client 20.151.11.236:0] script '/domains/system_default/bengi.php' not found or unable to stat
[Sun Mar 08 06:53:21.518051 2026] [php:error] [pid 94787] [client 20.151.11.236:0] script '/domains/system_default/miansha.php' not found or unable to stat
[Sun Mar 08 06:53:21.542184 2026] [php:error] [pid 94787] [client 20.151.11.236:0] script '/domains/system_default/erty.php' not found or unable to stat
[Sun Mar 08 06:53:21.598433 2026] [php:error] [pid 94787] [client 20.151.11.236:0] script '/domains/system_default/X57.php' not found or unable to stat
[Sun Mar 08 06:53:21.622679 2026] [php:error] [pid 94787] [client 20.151.11.236:0] script '/domains/system_default/axx.php' not found or unable to stat
[Sun Mar 08 06:53:21.647165 2026] [php:error] [pid 94787] [client 20.151.11.236:0] script '/domains/system_default/alfashell.php' not found or unable to stat
[Sun Mar 08 06:53:21.674593 2026] [php:error] [pid 94787] [client 20.151.11.236:0] script '/domains/system_default/re.php' not found or unable to stat
[Sun Mar 08 06:53:21.698830 2026] [php:error] [pid 94787] [client 20.151.11.236:0] script '/domains/system_default/styll.php' not found or unable to stat
[Sun Mar 08 06:53:21.722569 2026] [php:error] [pid 94787] [client 20.151.11.236:0] script '/domains/system_default/flower.php' not found or unable to stat
[Sun Mar 08 06:53:21.746795 2026] [php:error] [pid 94787] [client 20.151.11.236:0] script '/domains/system_default/4h.php' not found or unable to stat
[Sun Mar 08 06:53:21.771061 2026] [php:error] [pid 94787] [client 20.151.11.236:0] script '/domains/system_default/gettest.php' not found or unable to stat
[Sun Mar 08 06:53:21.795073 2026] [php:error] [pid 94787] [client 20.151.11.236:0] script '/domains/system_default/acp.php' not found or unable to stat
[Sun Mar 08 06:53:21.829363 2026] [php:error] [pid 94787] [client 20.151.11.236:0] script '/domains/system_default/database.php' not found or unable to stat
[Sun Mar 08 06:53:21.990754 2026] [php:error] [pid 94779] [client 103.77.106.41:0] script '/domains/performancepartsinc/w.php' not found or unable to stat
[Sun Mar 08 06:53:21.990767 2026] [php:error] [pid 94772] [client 103.77.106.41:0] script '/domains/performancepartsinc/wp_cron.php' not found or unable to stat
[Sun Mar 08 06:53:21.993117 2026] [php:error] [pid 94765] [client 103.77.106.41:0] script '/domains/performancepartsinc/vuln.php' not found or unable to stat
[Sun Mar 08 06:53:21.993562 2026] [php:error] [pid 94702] [client 103.77.106.41:0] script '/domains/performancepartsinc/wp_wrong_datlib.php' not found or unable to stat
[Sun Mar 08 06:53:21.995372 2026] [php:error] [pid 94768] [client 103.77.106.41:0] script '/domains/performancepartsinc/wp-.php' not found or unable to stat
[Sun Mar 08 06:53:22.303124 2026] [php:error] [pid 94789] [client 20.205.226.191:0] script '/domains/system_default/rip.php' not found or unable to stat
[Sun Mar 08 06:53:22.527341 2026] [php:error] [pid 94789] [client 20.205.226.191:0] script '/domains/system_default/ms-edit.php' not found or unable to stat
[Sun Mar 08 06:53:22.751527 2026] [php:error] [pid 94789] [client 20.205.226.191:0] script '/domains/system_default/about.php' not found or unable to stat
[Sun Mar 08 06:53:23.424277 2026] [php:error] [pid 94789] [client 20.205.226.191:0] script '/domains/system_default/admin.php' not found or unable to stat
[Sun Mar 08 06:53:23.648598 2026] [php:error] [pid 94789] [client 20.205.226.191:0] script '/domains/system_default/ioxi-o.php' not found or unable to stat
[Sun Mar 08 06:53:24.104735 2026] [php:error] [pid 94789] [client 20.205.226.191:0] script '/domains/system_default/adminfuns.php' not found or unable to stat
[Sun Mar 08 06:53:24.630367 2026] [php:error] [pid 94779] [client 103.77.106.41:0] script '/domains/performancepartsinc/wp-about.php' not found or unable to stat
[Sun Mar 08 06:53:24.635117 2026] [php:error] [pid 94772] [client 103.77.106.41:0] script '/domains/performancepartsinc/wp-access.php' not found or unable to stat
[Sun Mar 08 06:53:24.642169 2026] [php:error] [pid 94765] [client 103.77.106.41:0] script '/domains/performancepartsinc/wp-activate.php' not found or unable to stat
[Sun Mar 08 06:53:24.777290 2026] [php:error] [pid 94789] [client 20.205.226.191:0] script '/domains/system_default/goods.php' not found or unable to stat
[Sun Mar 08 06:53:25.001416 2026] [php:error] [pid 94789] [client 20.205.226.191:0] script '/domains/system_default/sf.php' not found or unable to stat
[Sun Mar 08 06:53:27.021296 2026] [php:error] [pid 94789] [client 20.205.226.191:0] script '/domains/system_default/222.php' not found or unable to stat
[Sun Mar 08 06:53:27.245571 2026] [php:error] [pid 94789] [client 20.205.226.191:0] script '/domains/system_default/abcd.php' not found or unable to stat
[Sun Mar 08 06:53:27.469719 2026] [php:error] [pid 94789] [client 20.205.226.191:0] script '/domains/system_default/class-t.api.php' not found or unable to stat
[Sun Mar 08 06:53:27.693765 2026] [php:error] [pid 94789] [client 20.205.226.191:0] script '/domains/system_default/classwithtostring.php' not found or unable to stat
[Sun Mar 08 06:53:27.823457 2026] [php:error] [pid 94702] [client 103.77.106.41:0] script '/domains/performancepartsinc/wp-atom.php' not found or unable to stat
[Sun Mar 08 06:53:27.825440 2026] [php:error] [pid 94768] [client 103.77.106.41:0] script '/domains/performancepartsinc/wp-blog-header.php' not found or unable to stat
[Sun Mar 08 06:53:27.917796 2026] [php:error] [pid 94789] [client 20.205.226.191:0] script '/domains/system_default/file.php' not found or unable to stat
[Sun Mar 08 06:53:28.075144 2026] [php:error] [pid 94779] [client 103.77.106.41:0] script '/domains/performancepartsinc/wp-conctent.php' not found or unable to stat
[Sun Mar 08 06:53:28.075163 2026] [php:error] [pid 94772] [client 103.77.106.41:0] script '/domains/performancepartsinc/wp-config-sample.php' not found or unable to stat
[Sun Mar 08 06:53:28.077619 2026] [php:error] [pid 94765] [client 103.77.106.41:0] script '/domains/performancepartsinc/wp-config.php' not found or unable to stat
[Sun Mar 08 06:53:28.078777 2026] [php:error] [pid 94702] [client 103.77.106.41:0] script '/domains/performancepartsinc/wp-conflg.php' not found or unable to stat
[Sun Mar 08 06:53:28.080807 2026] [php:error] [pid 94768] [client 103.77.106.41:0] script '/domains/performancepartsinc/wp-content.php' not found or unable to stat
[Sun Mar 08 06:53:28.142014 2026] [php:error] [pid 94789] [client 20.205.226.191:0] script '/domains/system_default/info.php' not found or unable to stat
[Sun Mar 08 06:53:29.956160 2026] [php:error] [pid 94789] [client 20.205.226.191:0] script '/domains/system_default/wp-good.php' not found or unable to stat
[Sun Mar 08 06:53:30.378918 2026] [php:error] [pid 94772] [client 103.77.106.41:0] script '/domains/performancepartsinc/wp-cron.php' not found or unable to stat
[Sun Mar 08 06:53:30.697772 2026] [php:error] [pid 94779] [client 103.77.106.41:0] script '/domains/performancepartsinc/wp-files.php' not found or unable to stat
[Sun Mar 08 06:53:30.698179 2026] [php:error] [pid 94772] [client 103.77.106.41:0] script '/domains/performancepartsinc/wp-includes.php' not found or unable to stat
[Sun Mar 08 06:53:30.700003 2026] [php:error] [pid 94765] [client 103.77.106.41:0] script '/domains/performancepartsinc/wp-defaul.php' not found or unable to stat
[Sun Mar 08 06:53:36.090756 2026] [php:error] [pid 94765] [client 103.77.106.41:0] script '/domains/performancepartsinc/wp-login.php' not found or unable to stat
[Sun Mar 08 06:53:36.093441 2026] [php:error] [pid 94768] [client 103.77.106.41:0] script '/domains/performancepartsinc/wp-load.php' not found or unable to stat
[Sun Mar 08 06:53:36.345265 2026] [php:error] [pid 94772] [client 103.77.106.41:0] script '/domains/performancepartsinc/wp-mails.php' not found or unable to stat
[Sun Mar 08 06:53:36.345273 2026] [php:error] [pid 94779] [client 103.77.106.41:0] script '/domains/performancepartsinc/wp-mail.php' not found or unable to stat
[Sun Mar 08 06:53:36.347866 2026] [php:error] [pid 94765] [client 103.77.106.41:0] script '/domains/performancepartsinc/wp-wso.php' not found or unable to stat
[Sun Mar 08 06:53:36.350074 2026] [php:error] [pid 94702] [client 103.77.106.41:0] script '/domains/performancepartsinc/wp.php' not found or unable to stat
[Sun Mar 08 06:53:36.350484 2026] [php:error] [pid 94768] [client 103.77.106.41:0] script '/domains/performancepartsinc/wp-trackback.php' not found or unable to stat
[Sun Mar 08 06:53:36.716649 2026] [php:error] [pid 94765] [client 103.77.106.41:0] script '/domains/performancepartsinc/wp1.php' not found or unable to stat
[Sun Mar 08 06:53:36.718622 2026] [php:error] [pid 94702] [client 103.77.106.41:0] script '/domains/performancepartsinc/wpindex.php' not found or unable to stat
[Sun Mar 08 06:53:36.720209 2026] [php:error] [pid 94768] [client 103.77.106.41:0] script '/domains/performancepartsinc/wsanon.php' not found or unable to stat
[Sun Mar 08 06:53:36.968102 2026] [php:error] [pid 94779] [client 103.77.106.41:0] script '/domains/performancepartsinc/wso.php' not found or unable to stat
[Sun Mar 08 06:53:36.968102 2026] [php:error] [pid 94772] [client 103.77.106.41:0] script '/domains/performancepartsinc/wso403.php' not found or unable to stat
[Sun Mar 08 06:53:36.970237 2026] [php:error] [pid 94765] [client 103.77.106.41:0] script '/domains/performancepartsinc/x.php' not found or unable to stat
[Sun Mar 08 06:53:36.971408 2026] [php:error] [pid 94702] [client 103.77.106.41:0] script '/domains/performancepartsinc/xleet-shell.php' not found or unable to stat
[Sun Mar 08 06:53:36.973472 2026] [php:error] [pid 94768] [client 103.77.106.41:0] script '/domains/performancepartsinc/xleet.php' not found or unable to stat
[Sun Mar 08 06:53:37.646366 2026] [php:error] [pid 94779] [client 103.77.106.41:0] script '/domains/performancepartsinc/xmlrpc.php' not found or unable to stat
[Sun Mar 08 06:53:37.646366 2026] [php:error] [pid 94772] [client 103.77.106.41:0] script '/domains/performancepartsinc/xmrlpc.php' not found or unable to stat
[Sun Mar 08 06:53:37.648186 2026] [php:error] [pid 94765] [client 103.77.106.41:0] script '/domains/performancepartsinc/xmrlpc.php' not found or unable to stat
[Sun Mar 08 06:53:37.649989 2026] [php:error] [pid 94702] [client 103.77.106.41:0] script '/domains/performancepartsinc/xxx.php' not found or unable to stat
[Sun Mar 08 06:53:37.651295 2026] [php:error] [pid 94768] [client 103.77.106.41:0] script '/domains/performancepartsinc/xx.php' not found or unable to stat
[Sun Mar 08 06:53:38.002589 2026] [php:error] [pid 94779] [client 103.77.106.41:0] script '/domains/performancepartsinc/y.php' not found or unable to stat
[Sun Mar 08 06:53:38.002596 2026] [php:error] [pid 94772] [client 103.77.106.41:0] script '/domains/performancepartsinc/z.php' not found or unable to stat
[Sun Mar 08 06:53:38.004809 2026] [php:error] [pid 94765] [client 103.77.106.41:0] script '/domains/performancepartsinc/zone.php' not found or unable to stat
[Sun Mar 08 06:53:38.005674 2026] [php:error] [pid 94702] [client 103.77.106.41:0] script '/domains/performancepartsinc/zero.php' not found or unable to stat
[Sun Mar 08 06:56:48.813435 2026] [php:error] [pid 94856] [client 20.151.11.236:0] script '/domains/brigadeweb/gptsh.php' not found or unable to stat
[Sun Mar 08 06:56:48.855877 2026] [php:error] [pid 94856] [client 20.151.11.236:0] script '/domains/brigadeweb/albin.php' not found or unable to stat
[Sun Mar 08 06:56:48.879820 2026] [php:error] [pid 94856] [client 20.151.11.236:0] script '/domains/brigadeweb/yos.php' not found or unable to stat
[Sun Mar 08 06:56:48.903437 2026] [php:error] [pid 94856] [client 20.151.11.236:0] script '/domains/brigadeweb/utky.php' not found or unable to stat
[Sun Mar 08 06:56:48.940028 2026] [php:error] [pid 94856] [client 20.151.11.236:0] script '/domains/brigadeweb/settings.php' not found or unable to stat
[Sun Mar 08 06:56:48.963717 2026] [php:error] [pid 94856] [client 20.151.11.236:0] script '/domains/brigadeweb/fsgdjkl.php' not found or unable to stat
[Sun Mar 08 06:56:48.987295 2026] [php:error] [pid 94856] [client 20.151.11.236:0] script '/domains/brigadeweb/uuu.php' not found or unable to stat
[Sun Mar 08 06:56:49.024388 2026] [php:error] [pid 94856] [client 20.151.11.236:0] script '/domains/brigadeweb/x12.php' not found or unable to stat
[Sun Mar 08 06:56:49.067705 2026] [php:error] [pid 94856] [client 20.151.11.236:0] script '/domains/brigadeweb/by.php' not found or unable to stat
[Sun Mar 08 06:56:49.100083 2026] [php:error] [pid 94856] [client 20.151.11.236:0] script '/domains/brigadeweb/sf.php' not found or unable to stat
[Sun Mar 08 06:56:49.145944 2026] [php:error] [pid 94856] [client 20.151.11.236:0] script '/domains/brigadeweb/asw.php' not found or unable to stat
[Sun Mar 08 06:56:49.191204 2026] [php:error] [pid 94856] [client 20.151.11.236:0] script '/domains/brigadeweb/eee.php' not found or unable to stat
[Sun Mar 08 06:56:49.215006 2026] [php:error] [pid 94856] [client 20.151.11.236:0] script '/domains/brigadeweb/lp6.php' not found or unable to stat
[Sun Mar 08 06:56:49.250868 2026] [php:error] [pid 94856] [client 20.151.11.236:0] script '/domains/brigadeweb/akses.php' not found or unable to stat
[Sun Mar 08 06:56:49.274852 2026] [php:error] [pid 94856] [client 20.151.11.236:0] script '/domains/brigadeweb/no1.php' not found or unable to stat
[Sun Mar 08 06:56:49.298776 2026] [php:error] [pid 94856] [client 20.151.11.236:0] script '/domains/brigadeweb/teee.php' not found or unable to stat
[Sun Mar 08 06:56:49.322747 2026] [php:error] [pid 94856] [client 20.151.11.236:0] script '/domains/brigadeweb/elabel.php' not found or unable to stat
[Sun Mar 08 06:56:49.442648 2026] [php:error] [pid 94856] [client 20.151.11.236:0] script '/domains/brigadeweb/bafFz.php' not found or unable to stat
[Sun Mar 08 06:56:49.563408 2026] [php:error] [pid 94856] [client 20.151.11.236:0] script '/domains/brigadeweb/rere.php' not found or unable to stat
[Sun Mar 08 06:56:49.587766 2026] [php:error] [pid 94856] [client 20.151.11.236:0] script '/domains/brigadeweb/jocundly.php' not found or unable to stat
[Sun Mar 08 06:56:49.611566 2026] [php:error] [pid 94856] [client 20.151.11.236:0] script '/domains/brigadeweb/wo.php' not found or unable to stat
[Sun Mar 08 06:56:49.635136 2026] [php:error] [pid 94856] [client 20.151.11.236:0] script '/domains/brigadeweb/h2h.php' not found or unable to stat
[Sun Mar 08 06:56:49.658854 2026] [php:error] [pid 94856] [client 20.151.11.236:0] script '/domains/brigadeweb/rithin.php' not found or unable to stat
[Sun Mar 08 06:56:49.698352 2026] [php:error] [pid 94856] [client 20.151.11.236:0] script '/domains/brigadeweb/kk.php' not found or unable to stat
[Sun Mar 08 06:56:49.722057 2026] [php:error] [pid 94856] [client 20.151.11.236:0] script '/domains/brigadeweb/path.php' not found or unable to stat
[Sun Mar 08 06:56:49.745770 2026] [php:error] [pid 94856] [client 20.151.11.236:0] script '/domains/brigadeweb/cs.php' not found or unable to stat
[Sun Mar 08 06:56:49.801724 2026] [php:error] [pid 94856] [client 20.151.11.236:0] script '/domains/brigadeweb/w2025.php' not found or unable to stat
[Sun Mar 08 06:56:50.036430 2026] [php:error] [pid 94856] [client 20.151.11.236:0] script '/domains/brigadeweb/foxr.php' not found or unable to stat
[Sun Mar 08 06:56:50.060782 2026] [php:error] [pid 94856] [client 20.151.11.236:0] script '/domains/brigadeweb/swallowable.php' not found or unable to stat
[Sun Mar 08 06:56:50.277858 2026] [php:error] [pid 94856] [client 20.151.11.236:0] script '/domains/brigadeweb/claw.php' not found or unable to stat
[Sun Mar 08 06:56:50.302023 2026] [php:error] [pid 94856] [client 20.151.11.236:0] script '/domains/brigadeweb/fvvff.php' not found or unable to stat
[Sun Mar 08 06:56:50.394471 2026] [php:error] [pid 94856] [client 20.151.11.236:0] script '/domains/brigadeweb/a2.php' not found or unable to stat
[Sun Mar 08 06:56:50.427380 2026] [php:error] [pid 94856] [client 20.151.11.236:0] script '/domains/brigadeweb/sty.php' not found or unable to stat
[Sun Mar 08 06:56:50.453162 2026] [php:error] [pid 94856] [client 20.151.11.236:0] script '/domains/brigadeweb/xxxx.php' not found or unable to stat
[Sun Mar 08 06:56:50.593555 2026] [php:error] [pid 94856] [client 20.151.11.236:0] script '/domains/brigadeweb/h.php' not found or unable to stat
[Sun Mar 08 06:56:50.617288 2026] [php:error] [pid 94856] [client 20.151.11.236:0] script '/domains/brigadeweb/g.php' not found or unable to stat
[Sun Mar 08 06:56:50.640905 2026] [php:error] [pid 94856] [client 20.151.11.236:0] script '/domains/brigadeweb/pp.php' not found or unable to stat
[Sun Mar 08 06:56:50.676185 2026] [php:error] [pid 94856] [client 20.151.11.236:0] script '/domains/brigadeweb/sys.php' not found or unable to stat
[Sun Mar 08 06:56:50.700613 2026] [php:error] [pid 94856] [client 20.151.11.236:0] script '/domains/brigadeweb/txets.php' not found or unable to stat
[Sun Mar 08 06:56:50.731481 2026] [php:error] [pid 94856] [client 20.151.11.236:0] script '/domains/brigadeweb/wp9.php' not found or unable to stat
[Sun Mar 08 06:56:50.775357 2026] [php:error] [pid 94856] [client 20.151.11.236:0] script '/domains/brigadeweb/path.php' not found or unable to stat
[Sun Mar 08 06:56:50.799350 2026] [php:error] [pid 94856] [client 20.151.11.236:0] script '/domains/brigadeweb/wdf.php' not found or unable to stat
[Sun Mar 08 06:56:50.823164 2026] [php:error] [pid 94856] [client 20.151.11.236:0] script '/domains/brigadeweb/2.php' not found or unable to stat
[Sun Mar 08 06:56:50.905001 2026] [php:error] [pid 94856] [client 20.151.11.236:0] script '/domains/brigadeweb/mga.php' not found or unable to stat
[Sun Mar 08 06:56:51.134423 2026] [php:error] [pid 94856] [client 20.151.11.236:0] script '/domains/brigadeweb/maxro.php' not found or unable to stat
[Sun Mar 08 06:56:51.158128 2026] [php:error] [pid 94856] [client 20.151.11.236:0] script '/domains/brigadeweb/pass2.php' not found or unable to stat
[Sun Mar 08 06:56:51.188196 2026] [php:error] [pid 94856] [client 20.151.11.236:0] script '/domains/brigadeweb/wsvvs.php' not found or unable to stat
[Sun Mar 08 06:56:51.211933 2026] [php:error] [pid 94856] [client 20.151.11.236:0] script '/domains/brigadeweb/3.php' not found or unable to stat
[Sun Mar 08 06:56:51.242699 2026] [php:error] [pid 94856] [client 20.151.11.236:0] script '/domains/brigadeweb/edit.php' not found or unable to stat
[Sun Mar 08 06:56:51.266426 2026] [php:error] [pid 94856] [client 20.151.11.236:0] script '/domains/brigadeweb/ioxi-o.php' not found or unable to stat
[Sun Mar 08 06:56:51.521596 2026] [php:error] [pid 94856] [client 20.151.11.236:0] script '/domains/brigadeweb/66.php' not found or unable to stat
[Sun Mar 08 06:56:51.685044 2026] [php:error] [pid 94856] [client 20.151.11.236:0] script '/domains/brigadeweb/gifclass.php' not found or unable to stat
[Sun Mar 08 06:56:51.971404 2026] [php:error] [pid 94856] [client 20.151.11.236:0] script '/domains/brigadeweb/sc.php' not found or unable to stat
[Sun Mar 08 06:56:51.998492 2026] [php:error] [pid 94856] [client 20.151.11.236:0] script '/domains/brigadeweb/xmlrpc.php' not found or unable to stat
[Sun Mar 08 06:56:52.040598 2026] [php:error] [pid 94856] [client 20.151.11.236:0] script '/domains/brigadeweb/ol.php' not found or unable to stat
[Sun Mar 08 06:56:52.073487 2026] [php:error] [pid 94856] [client 20.151.11.236:0] script '/domains/brigadeweb/f6.php' not found or unable to stat
[Sun Mar 08 06:56:52.098649 2026] [php:error] [pid 94856] [client 20.151.11.236:0] script '/domains/brigadeweb/inputs.php' not found or unable to stat
[Sun Mar 08 06:56:52.122770 2026] [php:error] [pid 94856] [client 20.151.11.236:0] script '/domains/brigadeweb/style.php' not found or unable to stat
[Sun Mar 08 06:56:52.146658 2026] [php:error] [pid 94856] [client 20.151.11.236:0] script '/domains/brigadeweb/bgymj.php' not found or unable to stat
[Sun Mar 08 06:56:52.352704 2026] [php:error] [pid 94856] [client 20.151.11.236:0] script '/domains/brigadeweb/aa.php' not found or unable to stat
[Sun Mar 08 06:56:52.450888 2026] [php:error] [pid 94856] [client 20.151.11.236:0] script '/domains/brigadeweb/1.php' not found or unable to stat
[Sun Mar 08 06:56:52.475469 2026] [php:error] [pid 94856] [client 20.151.11.236:0] script '/domains/brigadeweb/sc.php' not found or unable to stat
[Sun Mar 08 06:56:52.529467 2026] [php:error] [pid 94856] [client 20.151.11.236:0] script '/domains/brigadeweb/av.php' not found or unable to stat
[Sun Mar 08 06:56:52.555242 2026] [php:error] [pid 94856] [client 20.151.11.236:0] script '/domains/brigadeweb/file.php' not found or unable to stat
