[Sat Mar 07 01:04:24.180540 2026] [php:error] [pid 62388] [client 20.89.58.13:0] script '/domains/larrysr/waf_defender.php' not found or unable to stat
[Sat Mar 07 01:04:24.215788 2026] [php:error] [pid 62379] [client 4.204.188.52:0] script '/domains/frog.interport1/uchkkzmk.php' not found or unable to stat
[Sat Mar 07 01:04:24.239701 2026] [php:error] [pid 62379] [client 4.204.188.52:0] script '/domains/frog.interport1/wp-login.php' not found or unable to stat
[Sat Mar 07 01:04:24.264932 2026] [php:error] [pid 62379] [client 4.204.188.52:0] script '/domains/frog.interport1/kbicjghd.php' not found or unable to stat
[Sat Mar 07 01:04:24.293437 2026] [php:error] [pid 62379] [client 4.204.188.52:0] script '/domains/frog.interport1/wso.php' not found or unable to stat
[Sat Mar 07 01:04:24.316989 2026] [php:error] [pid 62379] [client 4.204.188.52:0] script '/domains/frog.interport1/izusdinh.php' not found or unable to stat
[Sat Mar 07 01:04:24.340778 2026] [php:error] [pid 62379] [client 4.204.188.52:0] script '/domains/frog.interport1/randkeyword.php' not found or unable to stat
[Sat Mar 07 01:04:24.340782 2026] [php:error] [pid 62388] [client 20.89.58.13:0] script '/domains/larrysr/we.php' not found or unable to stat
[Sat Mar 07 01:04:24.366590 2026] [php:error] [pid 62379] [client 4.204.188.52:0] script '/domains/frog.interport1/pgxfoqte.php' not found or unable to stat
[Sat Mar 07 01:04:24.393934 2026] [php:error] [pid 62379] [client 4.204.188.52:0] script '/domains/frog.interport1/2TlRXt7OgIM.php' not found or unable to stat
[Sat Mar 07 01:04:24.500928 2026] [php:error] [pid 62388] [client 20.89.58.13:0] script '/domains/larrysr/web.php' not found or unable to stat
[Sat Mar 07 01:04:24.509787 2026] [php:error] [pid 62379] [client 4.204.188.52:0] script '/domains/frog.interport1/fopen.php' not found or unable to stat
[Sat Mar 07 01:04:24.533349 2026] [php:error] [pid 62379] [client 4.204.188.52:0] script '/domains/frog.interport1/nokswnuh.php' not found or unable to stat
[Sat Mar 07 01:04:24.557368 2026] [php:error] [pid 62379] [client 4.204.188.52:0] script '/domains/frog.interport1/41Wppt5xB9.php' not found or unable to stat
[Sat Mar 07 01:04:24.588814 2026] [php:error] [pid 62379] [client 4.204.188.52:0] script '/domains/frog.interport1/uHn8BDkldxz.php' not found or unable to stat
[Sat Mar 07 01:04:24.615920 2026] [php:error] [pid 62379] [client 4.204.188.52:0] script '/domains/frog.interport1/ae.php' not found or unable to stat
[Sat Mar 07 01:04:24.651652 2026] [php:error] [pid 62379] [client 4.204.188.52:0] script '/domains/frog.interport1/config.php' not found or unable to stat
[Sat Mar 07 01:04:24.660991 2026] [php:error] [pid 62388] [client 20.89.58.13:0] script '/domains/larrysr/webadmin.php' not found or unable to stat
[Sat Mar 07 01:04:24.765141 2026] [php:error] [pid 62379] [client 4.204.188.52:0] script '/domains/frog.interport1/nrmvjhdu.php' not found or unable to stat
[Sat Mar 07 01:04:24.789066 2026] [php:error] [pid 62379] [client 4.204.188.52:0] script '/domains/frog.interport1/edit-tags.php' not found or unable to stat
[Sat Mar 07 01:04:24.812857 2026] [php:error] [pid 62379] [client 4.204.188.52:0] script '/domains/frog.interport1/h2WUebaOkZG.php' not found or unable to stat
[Sat Mar 07 01:04:24.821172 2026] [php:error] [pid 62388] [client 20.89.58.13:0] script '/domains/larrysr/webdb.php' not found or unable to stat
[Sat Mar 07 01:04:24.900428 2026] [php:error] [pid 62379] [client 4.204.188.52:0] script '/domains/frog.interport1/alumni_reg.php' not found or unable to stat
[Sat Mar 07 01:04:24.924076 2026] [php:error] [pid 62379] [client 4.204.188.52:0] script '/domains/frog.interport1/lrxqxgbi.php' not found or unable to stat
[Sat Mar 07 01:04:24.956987 2026] [php:error] [pid 62379] [client 4.204.188.52:0] script '/domains/frog.interport1/phUploader.php' not found or unable to stat
[Sat Mar 07 01:04:24.980777 2026] [php:error] [pid 62379] [client 4.204.188.52:0] script '/domains/frog.interport1/file6.php' not found or unable to stat
[Sat Mar 07 01:04:25.005380 2026] [php:error] [pid 62379] [client 4.204.188.52:0] script '/domains/frog.interport1/qkvbqnne.php' not found or unable to stat
[Sat Mar 07 01:04:25.036122 2026] [php:error] [pid 62379] [client 4.204.188.52:0] script '/domains/frog.interport1/file.php' not found or unable to stat
[Sat Mar 07 01:04:25.127044 2026] [php:error] [pid 62379] [client 4.204.188.52:0] script '/domains/frog.interport1/yjlqpamf.php' not found or unable to stat
[Sat Mar 07 01:04:25.253780 2026] [php:error] [pid 62379] [client 4.204.188.52:0] script '/domains/frog.interport1/default.php' not found or unable to stat
[Sat Mar 07 01:04:25.277653 2026] [php:error] [pid 62379] [client 4.204.188.52:0] script '/domains/frog.interport1/php-info.php' not found or unable to stat
[Sat Mar 07 01:04:25.312707 2026] [php:error] [pid 62379] [client 4.204.188.52:0] script '/domains/frog.interport1/ans.php' not found or unable to stat
[Sat Mar 07 01:04:25.344947 2026] [php:error] [pid 62379] [client 4.204.188.52:0] script '/domains/frog.interport1/xltavrat.php' not found or unable to stat
[Sat Mar 07 01:04:25.371414 2026] [php:error] [pid 62379] [client 4.204.188.52:0] script '/domains/frog.interport1/3YuwLn4aJ9T.php' not found or unable to stat
[Sat Mar 07 01:04:25.397106 2026] [php:error] [pid 62379] [client 4.204.188.52:0] script '/domains/frog.interport1/aAZUleCFR6G.php' not found or unable to stat
[Sat Mar 07 01:04:25.425395 2026] [php:error] [pid 62379] [client 4.204.188.52:0] script '/domains/frog.interport1/nam.php' not found or unable to stat
[Sat Mar 07 01:04:26.165241 2026] [php:error] [pid 62388] [client 20.89.58.13:0] script '/domains/larrysr/wincust.php' not found or unable to stat
[Sat Mar 07 01:04:26.352556 2026] [php:error] [pid 62388] [client 20.89.58.13:0] script '/domains/larrysr/witmm.php' not found or unable to stat
[Sat Mar 07 01:04:26.512416 2026] [php:error] [pid 62388] [client 20.89.58.13:0] script '/domains/larrysr/wonder.php' not found or unable to stat
[Sat Mar 07 01:04:26.832590 2026] [php:error] [pid 62388] [client 20.89.58.13:0] script '/domains/larrysr/worksec.php' not found or unable to stat
[Sat Mar 07 01:04:27.152667 2026] [php:error] [pid 62388] [client 20.89.58.13:0] script '/domains/larrysr/wp-2019.php' not found or unable to stat
[Sat Mar 07 01:04:27.313351 2026] [php:error] [pid 62388] [client 20.89.58.13:0] script '/domains/larrysr/wp-22.php' not found or unable to stat
[Sat Mar 07 01:04:27.473087 2026] [php:error] [pid 62388] [client 20.89.58.13:0] script '/domains/larrysr/wp-aa.php' not found or unable to stat
[Sat Mar 07 01:04:27.632863 2026] [php:error] [pid 62388] [client 20.89.58.13:0] script '/domains/larrysr/wp-activat.php' not found or unable to stat
[Sat Mar 07 01:04:27.793058 2026] [php:error] [pid 62388] [client 20.89.58.13:0] script '/domains/larrysr/wp-activate.php' not found or unable to stat
[Sat Mar 07 01:04:27.953498 2026] [php:error] [pid 62388] [client 20.89.58.13:0] script '/domains/larrysr/wp-admin.php' not found or unable to stat
[Sat Mar 07 01:04:28.113452 2026] [php:error] [pid 62388] [client 20.89.58.13:0] script '/domains/larrysr/wp-admins.php' not found or unable to stat
[Sat Mar 07 01:04:28.283030 2026] [php:error] [pid 62388] [client 20.89.58.13:0] script '/domains/larrysr/wp-aespa.php' not found or unable to stat
[Sat Mar 07 01:04:28.443198 2026] [php:error] [pid 62388] [client 20.89.58.13:0] script '/domains/larrysr/wp-api.php' not found or unable to stat
[Sat Mar 07 01:04:28.603280 2026] [php:error] [pid 62388] [client 20.89.58.13:0] script '/domains/larrysr/wp-atom.php' not found or unable to stat
[Sat Mar 07 01:04:28.763158 2026] [php:error] [pid 62388] [client 20.89.58.13:0] script '/domains/larrysr/wp-atomx.php' not found or unable to stat
[Sat Mar 07 01:04:29.499977 2026] [php:error] [pid 62390] [client 20.194.29.45:0] script '/domains/ceonlinenews/item.php' not found or unable to stat
[Sat Mar 07 01:04:32.386974 2026] [php:error] [pid 62390] [client 20.194.29.45:0] script '/domains/ceonlinenews/options-reading.php' not found or unable to stat
[Sat Mar 07 01:04:33.551684 2026] [php:error] [pid 62390] [client 20.194.29.45:0] script '/domains/ceonlinenews/man.php' not found or unable to stat
[Sat Mar 07 01:04:34.382379 2026] [php:error] [pid 62390] [client 20.194.29.45:0] script '/domains/ceonlinenews/hex.php' not found or unable to stat
[Sat Mar 07 01:04:35.790811 2026] [php:error] [pid 62390] [client 20.194.29.45:0] script '/domains/ceonlinenews/403.php' not found or unable to stat
[Sat Mar 07 01:04:36.656093 2026] [php:error] [pid 62390] [client 20.194.29.45:0] script '/domains/ceonlinenews/content.php' not found or unable to stat
[Sat Mar 07 01:04:36.877664 2026] [php:error] [pid 62390] [client 20.194.29.45:0] script '/domains/ceonlinenews/public.php' not found or unable to stat
[Sat Mar 07 01:04:37.731558 2026] [php:error] [pid 62390] [client 20.194.29.45:0] script '/domains/ceonlinenews/load.php' not found or unable to stat
[Sat Mar 07 01:04:38.740114 2026] [php:error] [pid 62390] [client 20.194.29.45:0] script '/domains/ceonlinenews/flower.php' not found or unable to stat
[Sat Mar 07 01:04:39.381778 2026] [php:error] [pid 62390] [client 20.194.29.45:0] script '/domains/ceonlinenews/elp.php' not found or unable to stat
[Sat Mar 07 01:04:40.647507 2026] [php:error] [pid 62390] [client 20.194.29.45:0] script '/domains/ceonlinenews/wp-logs.php' not found or unable to stat
[Sat Mar 07 01:04:40.855189 2026] [php:error] [pid 62390] [client 20.194.29.45:0] script '/domains/ceonlinenews/wp-links.php' not found or unable to stat
[Sat Mar 07 01:05:15.316214 2026] [php:error] [pid 62391] [client 20.194.29.45:0] script '/domains/peterbmiller/item.php' not found or unable to stat
[Sat Mar 07 01:05:18.270166 2026] [php:error] [pid 62391] [client 20.194.29.45:0] script '/domains/peterbmiller/options-reading.php' not found or unable to stat
[Sat Mar 07 01:05:19.533804 2026] [php:error] [pid 62391] [client 20.194.29.45:0] script '/domains/peterbmiller/man.php' not found or unable to stat
[Sat Mar 07 01:05:20.333318 2026] [php:error] [pid 62391] [client 20.194.29.45:0] script '/domains/peterbmiller/hex.php' not found or unable to stat
[Sat Mar 07 01:05:21.807127 2026] [php:error] [pid 62391] [client 20.194.29.45:0] script '/domains/peterbmiller/403.php' not found or unable to stat
[Sat Mar 07 01:05:22.620679 2026] [php:error] [pid 62391] [client 20.194.29.45:0] script '/domains/peterbmiller/content.php' not found or unable to stat
[Sat Mar 07 01:05:22.816239 2026] [php:error] [pid 62391] [client 20.194.29.45:0] script '/domains/peterbmiller/public.php' not found or unable to stat
[Sat Mar 07 01:05:23.646405 2026] [php:error] [pid 62391] [client 20.194.29.45:0] script '/domains/peterbmiller/load.php' not found or unable to stat
[Sat Mar 07 01:05:24.687440 2026] [php:error] [pid 62391] [client 20.194.29.45:0] script '/domains/peterbmiller/flower.php' not found or unable to stat
[Sat Mar 07 01:05:25.341067 2026] [php:error] [pid 62391] [client 20.194.29.45:0] script '/domains/peterbmiller/elp.php' not found or unable to stat
[Sat Mar 07 01:05:26.574177 2026] [php:error] [pid 62391] [client 20.194.29.45:0] script '/domains/peterbmiller/wp-logs.php' not found or unable to stat
[Sat Mar 07 01:05:26.835708 2026] [php:error] [pid 62391] [client 20.194.29.45:0] script '/domains/peterbmiller/wp-links.php' not found or unable to stat
[Sat Mar 07 01:07:04.348954 2026] [php:error] [pid 62407] [client 103.211.12.154:0] script '/domains/domilici/xmlrpc.php' not found or unable to stat
[Sat Mar 07 01:07:24.934564 2026] [php:error] [pid 62424] [client 20.194.29.45:0] script '/domains/thewalshgroup/item.php' not found or unable to stat
[Sat Mar 07 01:07:27.763506 2026] [php:error] [pid 62424] [client 20.194.29.45:0] script '/domains/thewalshgroup/options-reading.php' not found or unable to stat
[Sat Mar 07 01:07:29.071346 2026] [php:error] [pid 62424] [client 20.194.29.45:0] script '/domains/thewalshgroup/man.php' not found or unable to stat
[Sat Mar 07 01:07:29.876943 2026] [php:error] [pid 62424] [client 20.194.29.45:0] script '/domains/thewalshgroup/hex.php' not found or unable to stat
[Sat Mar 07 01:07:30.929731 2026] [php:error] [pid 62391] [client 216.244.66.232:0] script '/domains/hdickens.enteract/kmnj.php' not found or unable to stat
[Sat Mar 07 01:07:31.384855 2026] [php:error] [pid 62424] [client 20.194.29.45:0] script '/domains/thewalshgroup/403.php' not found or unable to stat
[Sat Mar 07 01:07:32.186869 2026] [php:error] [pid 62424] [client 20.194.29.45:0] script '/domains/thewalshgroup/content.php' not found or unable to stat
[Sat Mar 07 01:07:32.403480 2026] [php:error] [pid 62424] [client 20.194.29.45:0] script '/domains/thewalshgroup/public.php' not found or unable to stat
[Sat Mar 07 01:07:32.812856 2026] [php:error] [pid 62424] [client 20.194.29.45:0] script '/domains/thewalshgroup/assets/images/index.php' not found or unable to stat
[Sat Mar 07 01:07:33.235037 2026] [php:error] [pid 62424] [client 20.194.29.45:0] script '/domains/thewalshgroup/load.php' not found or unable to stat
[Sat Mar 07 01:07:34.311832 2026] [php:error] [pid 62424] [client 20.194.29.45:0] script '/domains/thewalshgroup/flower.php' not found or unable to stat
[Sat Mar 07 01:07:34.911749 2026] [php:error] [pid 62424] [client 20.194.29.45:0] script '/domains/thewalshgroup/elp.php' not found or unable to stat
[Sat Mar 07 01:07:36.141865 2026] [php:error] [pid 62424] [client 20.194.29.45:0] script '/domains/thewalshgroup/wp-logs.php' not found or unable to stat
[Sat Mar 07 01:07:36.326725 2026] [php:error] [pid 62424] [client 20.194.29.45:0] script '/domains/thewalshgroup/wp-links.php' not found or unable to stat
[Sat Mar 07 01:08:05.567002 2026] [php:error] [pid 62430] [client 20.78.169.245:0] script '/domains/afglcweb/xmr.php' not found or unable to stat
[Sat Mar 07 01:08:05.734931 2026] [php:error] [pid 62430] [client 20.78.169.245:0] script '/domains/afglcweb/about.php' not found or unable to stat
[Sat Mar 07 01:08:05.902834 2026] [php:error] [pid 62430] [client 20.78.169.245:0] script '/domains/afglcweb/admin.php' not found or unable to stat
[Sat Mar 07 01:08:05.981399 2026] [php:error] [pid 62420] [client 20.24.211.85:0] script '/domains/conservation1/xmr.php' not found or unable to stat
[Sat Mar 07 01:08:06.076563 2026] [php:error] [pid 62430] [client 20.78.169.245:0] script '/domains/afglcweb/adminfuns.php' not found or unable to stat
[Sat Mar 07 01:08:06.185356 2026] [php:error] [pid 62420] [client 20.24.211.85:0] script '/domains/conservation1/about.php' not found or unable to stat
[Sat Mar 07 01:08:06.244737 2026] [php:error] [pid 62430] [client 20.78.169.245:0] script '/domains/afglcweb/as.php' not found or unable to stat
[Sat Mar 07 01:08:06.389183 2026] [php:error] [pid 62420] [client 20.24.211.85:0] script '/domains/conservation1/admin.php' not found or unable to stat
[Sat Mar 07 01:08:06.412548 2026] [php:error] [pid 62430] [client 20.78.169.245:0] script '/domains/afglcweb/bolt.php' not found or unable to stat
[Sat Mar 07 01:08:06.594314 2026] [php:error] [pid 62420] [client 20.24.211.85:0] script '/domains/conservation1/adminfuns.php' not found or unable to stat
[Sat Mar 07 01:08:06.758111 2026] [php:error] [pid 62430] [client 20.78.169.245:0] script '/domains/afglcweb/class-t.api.php' not found or unable to stat
[Sat Mar 07 01:08:06.800820 2026] [php:error] [pid 62420] [client 20.24.211.85:0] script '/domains/conservation1/as.php' not found or unable to stat
[Sat Mar 07 01:08:06.928594 2026] [php:error] [pid 62430] [client 20.78.169.245:0] script '/domains/afglcweb/edit.php' not found or unable to stat
[Sat Mar 07 01:08:07.006068 2026] [php:error] [pid 62420] [client 20.24.211.85:0] script '/domains/conservation1/bolt.php' not found or unable to stat
[Sat Mar 07 01:08:07.105547 2026] [php:error] [pid 62430] [client 20.78.169.245:0] script '/domains/afglcweb/ff1.php' not found or unable to stat
[Sat Mar 07 01:08:07.273602 2026] [php:error] [pid 62430] [client 20.78.169.245:0] script '/domains/afglcweb/fff.php' not found or unable to stat
[Sat Mar 07 01:08:07.435131 2026] [php:error] [pid 62420] [client 20.24.211.85:0] script '/domains/conservation1/class-t.api.php' not found or unable to stat
[Sat Mar 07 01:08:07.441313 2026] [php:error] [pid 62430] [client 20.78.169.245:0] script '/domains/afglcweb/inputs.php' not found or unable to stat
[Sat Mar 07 01:08:07.620425 2026] [php:error] [pid 62430] [client 20.78.169.245:0] script '/domains/afglcweb/ioxi-o.php' not found or unable to stat
[Sat Mar 07 01:08:07.639909 2026] [php:error] [pid 62420] [client 20.24.211.85:0] script '/domains/conservation1/edit.php' not found or unable to stat
[Sat Mar 07 01:08:07.788367 2026] [php:error] [pid 62430] [client 20.78.169.245:0] script '/domains/afglcweb/lite.php' not found or unable to stat
[Sat Mar 07 01:08:07.860750 2026] [php:error] [pid 62420] [client 20.24.211.85:0] script '/domains/conservation1/ff1.php' not found or unable to stat
[Sat Mar 07 01:08:07.956211 2026] [php:error] [pid 62430] [client 20.78.169.245:0] script '/domains/afglcweb/ms-edit.php' not found or unable to stat
[Sat Mar 07 01:08:08.064657 2026] [php:error] [pid 62420] [client 20.24.211.85:0] script '/domains/conservation1/fff.php' not found or unable to stat
[Sat Mar 07 01:08:08.140312 2026] [php:error] [pid 62430] [client 20.78.169.245:0] script '/domains/afglcweb/rip.php' not found or unable to stat
[Sat Mar 07 01:08:08.268654 2026] [php:error] [pid 62420] [client 20.24.211.85:0] script '/domains/conservation1/inputs.php' not found or unable to stat
[Sat Mar 07 01:08:08.473787 2026] [php:error] [pid 62420] [client 20.24.211.85:0] script '/domains/conservation1/ioxi-o.php' not found or unable to stat
[Sat Mar 07 01:08:08.475790 2026] [php:error] [pid 62430] [client 20.78.169.245:0] script '/domains/afglcweb/upload.php' not found or unable to stat
[Sat Mar 07 01:08:08.677635 2026] [php:error] [pid 62420] [client 20.24.211.85:0] script '/domains/conservation1/lite.php' not found or unable to stat
[Sat Mar 07 01:08:08.817380 2026] [php:error] [pid 62430] [client 20.78.169.245:0] script '/domains/afglcweb/wp-act.php' not found or unable to stat
[Sat Mar 07 01:08:08.881236 2026] [php:error] [pid 62420] [client 20.24.211.85:0] script '/domains/conservation1/ms-edit.php' not found or unable to stat
[Sat Mar 07 01:08:09.085198 2026] [php:error] [pid 62420] [client 20.24.211.85:0] script '/domains/conservation1/rip.php' not found or unable to stat
[Sat Mar 07 01:08:09.500511 2026] [php:error] [pid 62420] [client 20.24.211.85:0] script '/domains/conservation1/upload.php' not found or unable to stat
[Sat Mar 07 01:08:09.956277 2026] [php:error] [pid 62420] [client 20.24.211.85:0] script '/domains/conservation1/wp-act.php' not found or unable to stat
[Sat Mar 07 01:08:10.902055 2026] [php:error] [pid 62430] [client 20.78.169.245:0] script '/domains/afglcweb/wp-links-opml.php' not found or unable to stat
[Sat Mar 07 01:08:12.442679 2026] [php:error] [pid 62420] [client 20.24.211.85:0] script '/domains/conservation1/wp-links-opml.php' not found or unable to stat
[Sat Mar 07 01:08:23.033768 2026] [php:error] [pid 62430] [client 52.179.211.95:0] script '/domains/larrysr/vynypyss.php' not found or unable to stat
[Sat Mar 07 01:08:23.053079 2026] [php:error] [pid 62430] [client 52.179.211.95:0] script '/domains/larrysr/rawrpw.php' not found or unable to stat
[Sat Mar 07 01:08:23.070413 2026] [php:error] [pid 62430] [client 52.179.211.95:0] script '/domains/larrysr/asd67.php' not found or unable to stat
[Sat Mar 07 01:08:23.077771 2026] [php:error] [pid 62430] [client 52.179.211.95:0] script '/domains/larrysr/makeasmtp.php' not found or unable to stat
[Sat Mar 07 01:08:23.095394 2026] [php:error] [pid 62430] [client 52.179.211.95:0] script '/domains/larrysr/zbqxoidn.php' not found or unable to stat
[Sat Mar 07 01:08:23.241447 2026] [php:error] [pid 62430] [client 52.179.211.95:0] script '/domains/larrysr/hplsmbly.php' not found or unable to stat
[Sat Mar 07 01:08:23.268962 2026] [php:error] [pid 62430] [client 52.179.211.95:0] script '/domains/larrysr/alfanew.php' not found or unable to stat
[Sat Mar 07 01:08:23.364926 2026] [php:error] [pid 62430] [client 52.179.211.95:0] script '/domains/larrysr/Alex-Cross.php' not found or unable to stat
[Sat Mar 07 01:08:23.493830 2026] [php:error] [pid 62430] [client 52.179.211.95:0] script '/domains/larrysr/evatusmk.php' not found or unable to stat
[Sat Mar 07 01:08:23.523539 2026] [php:error] [pid 62430] [client 52.179.211.95:0] script '/domains/larrysr/file9.php' not found or unable to stat
[Sat Mar 07 01:08:23.530830 2026] [php:error] [pid 62430] [client 52.179.211.95:0] script '/domains/larrysr/wp-session.php' not found or unable to stat
[Sat Mar 07 01:08:23.648315 2026] [php:error] [pid 62430] [client 52.179.211.95:0] script '/domains/larrysr/xl2023.php' not found or unable to stat
[Sat Mar 07 01:08:23.697628 2026] [php:error] [pid 62430] [client 52.179.211.95:0] script '/domains/larrysr/wp-conflg.php' not found or unable to stat
[Sat Mar 07 01:08:23.705237 2026] [php:error] [pid 62430] [client 52.179.211.95:0] script '/domains/larrysr/file18.php' not found or unable to stat
[Sat Mar 07 01:08:23.714854 2026] [php:error] [pid 62430] [client 52.179.211.95:0] script '/domains/larrysr/bbK8Qd6nhc.php' not found or unable to stat
[Sat Mar 07 01:08:23.723026 2026] [php:error] [pid 62430] [client 52.179.211.95:0] script '/domains/larrysr/BIBIL.php' not found or unable to stat
[Sat Mar 07 01:08:23.740137 2026] [php:error] [pid 62430] [client 52.179.211.95:0] script '/domains/larrysr/uchkkzmk.php' not found or unable to stat
[Sat Mar 07 01:08:23.885775 2026] [php:error] [pid 62430] [client 52.179.211.95:0] script '/domains/larrysr/wp-login.php' not found or unable to stat
[Sat Mar 07 01:08:23.899229 2026] [php:error] [pid 62430] [client 52.179.211.95:0] script '/domains/larrysr/kbicjghd.php' not found or unable to stat
[Sat Mar 07 01:08:23.906693 2026] [php:error] [pid 62430] [client 52.179.211.95:0] script '/domains/larrysr/wso.php' not found or unable to stat
[Sat Mar 07 01:08:23.914095 2026] [php:error] [pid 62430] [client 52.179.211.95:0] script '/domains/larrysr/izusdinh.php' not found or unable to stat
[Sat Mar 07 01:08:23.926428 2026] [php:error] [pid 62430] [client 52.179.211.95:0] script '/domains/larrysr/randkeyword.php' not found or unable to stat
[Sat Mar 07 01:08:23.934090 2026] [php:error] [pid 62430] [client 52.179.211.95:0] script '/domains/larrysr/pgxfoqte.php' not found or unable to stat
[Sat Mar 07 01:08:23.950690 2026] [php:error] [pid 62430] [client 52.179.211.95:0] script '/domains/larrysr/2TlRXt7OgIM.php' not found or unable to stat
[Sat Mar 07 01:08:23.962215 2026] [php:error] [pid 62430] [client 52.179.211.95:0] script '/domains/larrysr/fopen.php' not found or unable to stat
[Sat Mar 07 01:08:23.976365 2026] [php:error] [pid 62430] [client 52.179.211.95:0] script '/domains/larrysr/nokswnuh.php' not found or unable to stat
[Sat Mar 07 01:08:23.983724 2026] [php:error] [pid 62430] [client 52.179.211.95:0] script '/domains/larrysr/41Wppt5xB9.php' not found or unable to stat
[Sat Mar 07 01:08:24.101701 2026] [php:error] [pid 62430] [client 52.179.211.95:0] script '/domains/larrysr/uHn8BDkldxz.php' not found or unable to stat
[Sat Mar 07 01:08:24.109934 2026] [php:error] [pid 62430] [client 52.179.211.95:0] script '/domains/larrysr/ae.php' not found or unable to stat
[Sat Mar 07 01:08:24.120671 2026] [php:error] [pid 62430] [client 52.179.211.95:0] script '/domains/larrysr/config.php' not found or unable to stat
[Sat Mar 07 01:08:24.127907 2026] [php:error] [pid 62430] [client 52.179.211.95:0] script '/domains/larrysr/nrmvjhdu.php' not found or unable to stat
[Sat Mar 07 01:08:24.136803 2026] [php:error] [pid 62430] [client 52.179.211.95:0] script '/domains/larrysr/edit-tags.php' not found or unable to stat
[Sat Mar 07 01:08:24.185885 2026] [php:error] [pid 62430] [client 52.179.211.95:0] script '/domains/larrysr/h2WUebaOkZG.php' not found or unable to stat
[Sat Mar 07 01:08:24.211390 2026] [php:error] [pid 62430] [client 52.179.211.95:0] script '/domains/larrysr/alumni_reg.php' not found or unable to stat
[Sat Mar 07 01:08:24.218757 2026] [php:error] [pid 62430] [client 52.179.211.95:0] script '/domains/larrysr/lrxqxgbi.php' not found or unable to stat
[Sat Mar 07 01:08:24.232746 2026] [php:error] [pid 62430] [client 52.179.211.95:0] script '/domains/larrysr/phUploader.php' not found or unable to stat
[Sat Mar 07 01:08:24.250980 2026] [php:error] [pid 62430] [client 52.179.211.95:0] script '/domains/larrysr/file6.php' not found or unable to stat
[Sat Mar 07 01:08:24.277209 2026] [php:error] [pid 62430] [client 52.179.211.95:0] script '/domains/larrysr/qkvbqnne.php' not found or unable to stat
[Sat Mar 07 01:08:24.284777 2026] [php:error] [pid 62430] [client 52.179.211.95:0] script '/domains/larrysr/file.php' not found or unable to stat
[Sat Mar 07 01:08:24.306237 2026] [php:error] [pid 62430] [client 52.179.211.95:0] script '/domains/larrysr/yjlqpamf.php' not found or unable to stat
[Sat Mar 07 01:08:24.313640 2026] [php:error] [pid 62430] [client 52.179.211.95:0] script '/domains/larrysr/default.php' not found or unable to stat
[Sat Mar 07 01:08:24.321543 2026] [php:error] [pid 62430] [client 52.179.211.95:0] script '/domains/larrysr/php-info.php' not found or unable to stat
[Sat Mar 07 01:08:24.329356 2026] [php:error] [pid 62430] [client 52.179.211.95:0] script '/domains/larrysr/ans.php' not found or unable to stat
[Sat Mar 07 01:08:24.337044 2026] [php:error] [pid 62430] [client 52.179.211.95:0] script '/domains/larrysr/xltavrat.php' not found or unable to stat
[Sat Mar 07 01:08:24.356611 2026] [php:error] [pid 62430] [client 52.179.211.95:0] script '/domains/larrysr/3YuwLn4aJ9T.php' not found or unable to stat
[Sat Mar 07 01:08:24.363765 2026] [php:error] [pid 62430] [client 52.179.211.95:0] script '/domains/larrysr/aAZUleCFR6G.php' not found or unable to stat
[Sat Mar 07 01:08:24.378562 2026] [php:error] [pid 62430] [client 52.179.211.95:0] script '/domains/larrysr/nam.php' not found or unable to stat
[Sat Mar 07 01:08:58.430401 2026] [php:error] [pid 62439] [client 52.179.211.95:0] script '/domains/familyplayhouse2/vynypyss.php' not found or unable to stat
[Sat Mar 07 01:08:58.506610 2026] [php:error] [pid 62439] [client 52.179.211.95:0] script '/domains/familyplayhouse2/rawrpw.php' not found or unable to stat
[Sat Mar 07 01:08:58.514024 2026] [php:error] [pid 62439] [client 52.179.211.95:0] script '/domains/familyplayhouse2/asd67.php' not found or unable to stat
[Sat Mar 07 01:08:58.521246 2026] [php:error] [pid 62439] [client 52.179.211.95:0] script '/domains/familyplayhouse2/makeasmtp.php' not found or unable to stat
[Sat Mar 07 01:08:58.528906 2026] [php:error] [pid 62439] [client 52.179.211.95:0] script '/domains/familyplayhouse2/zbqxoidn.php' not found or unable to stat
[Sat Mar 07 01:08:58.537663 2026] [php:error] [pid 62439] [client 52.179.211.95:0] script '/domains/familyplayhouse2/hplsmbly.php' not found or unable to stat
[Sat Mar 07 01:08:58.554209 2026] [php:error] [pid 62439] [client 52.179.211.95:0] script '/domains/familyplayhouse2/alfanew.php' not found or unable to stat
[Sat Mar 07 01:08:58.561575 2026] [php:error] [pid 62439] [client 52.179.211.95:0] script '/domains/familyplayhouse2/Alex-Cross.php' not found or unable to stat
[Sat Mar 07 01:08:58.569201 2026] [php:error] [pid 62439] [client 52.179.211.95:0] script '/domains/familyplayhouse2/evatusmk.php' not found or unable to stat
[Sat Mar 07 01:08:58.578518 2026] [php:error] [pid 62439] [client 52.179.211.95:0] script '/domains/familyplayhouse2/file9.php' not found or unable to stat
[Sat Mar 07 01:08:58.590997 2026] [php:error] [pid 62439] [client 52.179.211.95:0] script '/domains/familyplayhouse2/wp-session.php' not found or unable to stat
[Sat Mar 07 01:08:58.598862 2026] [php:error] [pid 62439] [client 52.179.211.95:0] script '/domains/familyplayhouse2/xl2023.php' not found or unable to stat
[Sat Mar 07 01:08:58.619651 2026] [php:error] [pid 62439] [client 52.179.211.95:0] script '/domains/familyplayhouse2/wp-conflg.php' not found or unable to stat
[Sat Mar 07 01:08:58.627113 2026] [php:error] [pid 62439] [client 52.179.211.95:0] script '/domains/familyplayhouse2/file18.php' not found or unable to stat
[Sat Mar 07 01:08:58.634493 2026] [php:error] [pid 62439] [client 52.179.211.95:0] script '/domains/familyplayhouse2/bbK8Qd6nhc.php' not found or unable to stat
[Sat Mar 07 01:08:58.641899 2026] [php:error] [pid 62439] [client 52.179.211.95:0] script '/domains/familyplayhouse2/BIBIL.php' not found or unable to stat
[Sat Mar 07 01:08:58.651041 2026] [php:error] [pid 62439] [client 52.179.211.95:0] script '/domains/familyplayhouse2/uchkkzmk.php' not found or unable to stat
[Sat Mar 07 01:08:59.017714 2026] [php:error] [pid 62439] [client 52.179.211.95:0] script '/domains/familyplayhouse2/wp-login.php' not found or unable to stat
[Sat Mar 07 01:08:59.025428 2026] [php:error] [pid 62439] [client 52.179.211.95:0] script '/domains/familyplayhouse2/kbicjghd.php' not found or unable to stat
[Sat Mar 07 01:08:59.032948 2026] [php:error] [pid 62439] [client 52.179.211.95:0] script '/domains/familyplayhouse2/wso.php' not found or unable to stat
[Sat Mar 07 01:08:59.041292 2026] [php:error] [pid 62439] [client 52.179.211.95:0] script '/domains/familyplayhouse2/izusdinh.php' not found or unable to stat
[Sat Mar 07 01:08:59.063993 2026] [php:error] [pid 62439] [client 52.179.211.95:0] script '/domains/familyplayhouse2/randkeyword.php' not found or unable to stat
[Sat Mar 07 01:08:59.071650 2026] [php:error] [pid 62439] [client 52.179.211.95:0] script '/domains/familyplayhouse2/pgxfoqte.php' not found or unable to stat
[Sat Mar 07 01:08:59.078962 2026] [php:error] [pid 62439] [client 52.179.211.95:0] script '/domains/familyplayhouse2/2TlRXt7OgIM.php' not found or unable to stat
[Sat Mar 07 01:08:59.099422 2026] [php:error] [pid 62439] [client 52.179.211.95:0] script '/domains/familyplayhouse2/fopen.php' not found or unable to stat
[Sat Mar 07 01:08:59.106929 2026] [php:error] [pid 62439] [client 52.179.211.95:0] script '/domains/familyplayhouse2/nokswnuh.php' not found or unable to stat
[Sat Mar 07 01:08:59.114797 2026] [php:error] [pid 62439] [client 52.179.211.95:0] script '/domains/familyplayhouse2/41Wppt5xB9.php' not found or unable to stat
[Sat Mar 07 01:08:59.135545 2026] [php:error] [pid 62439] [client 52.179.211.95:0] script '/domains/familyplayhouse2/uHn8BDkldxz.php' not found or unable to stat
[Sat Mar 07 01:08:59.142898 2026] [php:error] [pid 62439] [client 52.179.211.95:0] script '/domains/familyplayhouse2/ae.php' not found or unable to stat
[Sat Mar 07 01:08:59.150622 2026] [php:error] [pid 62439] [client 52.179.211.95:0] script '/domains/familyplayhouse2/config.php' not found or unable to stat
[Sat Mar 07 01:08:59.179877 2026] [php:error] [pid 62439] [client 52.179.211.95:0] script '/domains/familyplayhouse2/nrmvjhdu.php' not found or unable to stat
[Sat Mar 07 01:08:59.187235 2026] [php:error] [pid 62439] [client 52.179.211.95:0] script '/domains/familyplayhouse2/edit-tags.php' not found or unable to stat
[Sat Mar 07 01:08:59.194822 2026] [php:error] [pid 62439] [client 52.179.211.95:0] script '/domains/familyplayhouse2/h2WUebaOkZG.php' not found or unable to stat
[Sat Mar 07 01:08:59.202774 2026] [php:error] [pid 62439] [client 52.179.211.95:0] script '/domains/familyplayhouse2/alumni_reg.php' not found or unable to stat
[Sat Mar 07 01:08:59.210050 2026] [php:error] [pid 62439] [client 52.179.211.95:0] script '/domains/familyplayhouse2/lrxqxgbi.php' not found or unable to stat
[Sat Mar 07 01:08:59.217536 2026] [php:error] [pid 62439] [client 52.179.211.95:0] script '/domains/familyplayhouse2/phUploader.php' not found or unable to stat
[Sat Mar 07 01:08:59.225023 2026] [php:error] [pid 62439] [client 52.179.211.95:0] script '/domains/familyplayhouse2/file6.php' not found or unable to stat
[Sat Mar 07 01:08:59.233757 2026] [php:error] [pid 62439] [client 52.179.211.95:0] script '/domains/familyplayhouse2/qkvbqnne.php' not found or unable to stat
[Sat Mar 07 01:08:59.559264 2026] [php:error] [pid 62439] [client 52.179.211.95:0] script '/domains/familyplayhouse2/file.php' not found or unable to stat
[Sat Mar 07 01:08:59.586610 2026] [php:error] [pid 62439] [client 52.179.211.95:0] script '/domains/familyplayhouse2/yjlqpamf.php' not found or unable to stat
[Sat Mar 07 01:08:59.594255 2026] [php:error] [pid 62439] [client 52.179.211.95:0] script '/domains/familyplayhouse2/default.php' not found or unable to stat
[Sat Mar 07 01:08:59.601657 2026] [php:error] [pid 62439] [client 52.179.211.95:0] script '/domains/familyplayhouse2/php-info.php' not found or unable to stat
[Sat Mar 07 01:08:59.617475 2026] [php:error] [pid 62439] [client 52.179.211.95:0] script '/domains/familyplayhouse2/ans.php' not found or unable to stat
[Sat Mar 07 01:08:59.637733 2026] [php:error] [pid 62439] [client 52.179.211.95:0] script '/domains/familyplayhouse2/xltavrat.php' not found or unable to stat
[Sat Mar 07 01:08:59.657632 2026] [php:error] [pid 62439] [client 52.179.211.95:0] script '/domains/familyplayhouse2/3YuwLn4aJ9T.php' not found or unable to stat
[Sat Mar 07 01:08:59.675575 2026] [php:error] [pid 62439] [client 52.179.211.95:0] script '/domains/familyplayhouse2/aAZUleCFR6G.php' not found or unable to stat
[Sat Mar 07 01:08:59.695638 2026] [php:error] [pid 62439] [client 52.179.211.95:0] script '/domains/familyplayhouse2/nam.php' not found or unable to stat
[Sat Mar 07 01:09:09.695963 2026] [rewrite:error] [pid 62407] [client 17.22.253.66:0] AH10508: Unsafe URL with %3f URL rewritten without UnsafeAllow3F
[Sat Mar 07 01:10:59.995367 2026] [php:error] [pid 62461] [client 38.46.218.158:0] script '/domains/markrose/simple.php' not found or unable to stat
[Sat Mar 07 01:11:01.073629 2026] [php:error] [pid 62469] [client 38.46.218.158:0] script '/domains/markrose/about.php' not found or unable to stat
[Sat Mar 07 01:11:01.073748 2026] [php:error] [pid 62453] [client 38.46.218.158:0] script '/domains/markrose/dropdown.php' not found or unable to stat
[Sat Mar 07 01:11:01.074453 2026] [php:error] [pid 62461] [client 38.46.218.158:0] script '/domains/markrose/install.php' not found or unable to stat
[Sat Mar 07 01:11:01.074646 2026] [php:error] [pid 62460] [client 38.46.218.158:0] script '/domains/markrose/chosen.php' not found or unable to stat
[Sat Mar 07 01:11:01.074657 2026] [php:error] [pid 62437] [client 38.46.218.158:0] script '/domains/markrose/mah.php' not found or unable to stat
[Sat Mar 07 01:11:01.134588 2026] [php:error] [pid 62453] [client 38.46.218.158:0] script '/domains/markrose/admin.php' not found or unable to stat
[Sat Mar 07 01:11:01.134895 2026] [php:error] [pid 62469] [client 38.46.218.158:0] script '/domains/markrose/repeater.php' not found or unable to stat
[Sat Mar 07 01:11:01.135063 2026] [php:error] [pid 62460] [client 38.46.218.158:0] script '/domains/markrose/wp-2019.php' not found or unable to stat
[Sat Mar 07 01:11:01.187200 2026] [php:error] [pid 62453] [client 38.46.218.158:0] script '/domains/markrose/css.php' not found or unable to stat
[Sat Mar 07 01:11:01.187685 2026] [php:error] [pid 62469] [client 38.46.218.158:0] script '/domains/markrose/atomlib.php' not found or unable to stat
[Sat Mar 07 01:11:01.188240 2026] [php:error] [pid 62437] [client 38.46.218.158:0] script '/domains/markrose/mail.php' not found or unable to stat
[Sat Mar 07 01:11:01.188616 2026] [php:error] [pid 62461] [client 38.46.218.158:0] script '/domains/markrose/log.php' not found or unable to stat
[Sat Mar 07 01:11:01.339176 2026] [php:error] [pid 62460] [client 38.46.218.158:0] script '/domains/markrose/lufix.php' not found or unable to stat
[Sat Mar 07 01:11:01.339928 2026] [php:error] [pid 62437] [client 38.46.218.158:0] script '/domains/markrose/content.php' not found or unable to stat
[Sat Mar 07 01:11:01.340659 2026] [php:error] [pid 62469] [client 38.46.218.158:0] script '/domains/markrose/bak.php' not found or unable to stat
[Sat Mar 07 01:11:01.340713 2026] [php:error] [pid 62453] [client 38.46.218.158:0] script '/domains/markrose/upfile.php' not found or unable to stat
[Sat Mar 07 01:11:01.340878 2026] [php:error] [pid 62461] [client 38.46.218.158:0] script '/domains/markrose/doc.php' not found or unable to stat
[Sat Mar 07 01:11:01.394825 2026] [php:error] [pid 62453] [client 38.46.218.158:0] script '/domains/markrose/wp-conflg.php' not found or unable to stat
[Sat Mar 07 01:11:01.395244 2026] [php:error] [pid 62461] [client 38.46.218.158:0] script '/domains/markrose/wp.php' not found or unable to stat
[Sat Mar 07 01:11:01.396056 2026] [php:error] [pid 62437] [client 38.46.218.158:0] script '/domains/markrose/wp-activate.php' not found or unable to stat
[Sat Mar 07 01:11:01.396868 2026] [php:error] [pid 62460] [client 38.46.218.158:0] script '/domains/markrose/404.php' not found or unable to stat
[Sat Mar 07 01:11:01.396869 2026] [php:error] [pid 62469] [client 38.46.218.158:0] script '/domains/markrose/bypass.php' not found or unable to stat
[Sat Mar 07 01:11:01.449256 2026] [php:error] [pid 62460] [client 38.46.218.158:0] script '/domains/markrose/radio.php' not found or unable to stat
[Sat Mar 07 01:11:01.449814 2026] [php:error] [pid 62469] [client 38.46.218.158:0] script '/domains/markrose/updates.php' not found or unable to stat
[Sat Mar 07 01:11:01.450385 2026] [php:error] [pid 62437] [client 38.46.218.158:0] script '/domains/markrose/xmrlpc.php' not found or unable to stat
[Sat Mar 07 01:11:01.450496 2026] [php:error] [pid 62453] [client 38.46.218.158:0] script '/domains/markrose/ae.php' not found or unable to stat
[Sat Mar 07 01:11:01.450809 2026] [php:error] [pid 62461] [client 38.46.218.158:0] script '/domains/markrose/plugins.php' not found or unable to stat
[Sat Mar 07 01:11:01.504604 2026] [php:error] [pid 62437] [client 38.46.218.158:0] script '/domains/markrose/ini.php' not found or unable to stat
[Sat Mar 07 01:11:01.504639 2026] [php:error] [pid 62461] [client 38.46.218.158:0] script '/domains/markrose/moon.php' not found or unable to stat
[Sat Mar 07 01:11:01.504665 2026] [php:error] [pid 62453] [client 38.46.218.158:0] script '/domains/markrose/blog.php' not found or unable to stat
[Sat Mar 07 01:11:01.505012 2026] [php:error] [pid 62469] [client 38.46.218.158:0] script '/domains/markrose/themes.php' not found or unable to stat
[Sat Mar 07 01:11:01.505015 2026] [php:error] [pid 62460] [client 38.46.218.158:0] script '/domains/markrose/as.php' not found or unable to stat
[Sat Mar 07 01:11:01.560288 2026] [php:error] [pid 62453] [client 38.46.218.158:0] script '/domains/markrose/ws.php' not found or unable to stat
[Sat Mar 07 01:11:01.560682 2026] [php:error] [pid 62469] [client 38.46.218.158:0] script '/domains/markrose/shell.php' not found or unable to stat
[Sat Mar 07 01:11:01.561180 2026] [php:error] [pid 62460] [client 38.46.218.158:0] script '/domains/markrose/wp-sigunq.php' not found or unable to stat
[Sat Mar 07 01:11:01.561528 2026] [php:error] [pid 62461] [client 38.46.218.158:0] script '/domains/markrose/makeasmtp.php' not found or unable to stat
[Sat Mar 07 01:11:01.561589 2026] [php:error] [pid 62437] [client 38.46.218.158:0] script '/domains/markrose/wso112233.php' not found or unable to stat
[Sat Mar 07 01:11:01.626395 2026] [php:error] [pid 62437] [client 38.46.218.158:0] script '/domains/markrose/fw.php' not found or unable to stat
[Sat Mar 07 01:11:01.626884 2026] [php:error] [pid 62461] [client 38.46.218.158:0] script '/domains/markrose/wp-atom.php' not found or unable to stat
[Sat Mar 07 01:11:01.627102 2026] [php:error] [pid 62460] [client 38.46.218.158:0] script '/domains/markrose/wp-login.php' not found or unable to stat
[Sat Mar 07 01:11:01.627403 2026] [php:error] [pid 62469] [client 38.46.218.158:0] script '/domains/markrose/alfanew.php' not found or unable to stat
[Sat Mar 07 01:11:02.395488 2026] [php:error] [pid 62453] [client 38.46.218.158:0] script '/domains/markrose/asd.php' not found or unable to stat
[Sat Mar 07 01:11:02.396511 2026] [php:error] [pid 62471] [client 38.46.218.158:0] script '/domains/markrose/new.php' not found or unable to stat
[Sat Mar 07 01:11:02.397076 2026] [php:error] [pid 62460] [client 38.46.218.158:0] script '/domains/markrose/crack_self_restore.php' not found or unable to stat
[Sat Mar 07 01:11:02.398063 2026] [php:error] [pid 62461] [client 38.46.218.158:0] script '/domains/markrose/upgrade.php' not found or unable to stat
[Sat Mar 07 01:11:02.451294 2026] [php:error] [pid 62471] [client 38.46.218.158:0] script '/domains/markrose/down.php' not found or unable to stat
[Sat Mar 07 01:11:02.451309 2026] [php:error] [pid 62460] [client 38.46.218.158:0] script '/domains/markrose/checkbex.php' not found or unable to stat
[Sat Mar 07 01:11:02.451370 2026] [php:error] [pid 62461] [client 38.46.218.158:0] script '/domains/markrose/wp-checkbex.php' not found or unable to stat
[Sat Mar 07 01:11:02.452177 2026] [php:error] [pid 62453] [client 38.46.218.158:0] script '/domains/markrose/gh.php' not found or unable to stat
[Sat Mar 07 01:11:02.452797 2026] [php:error] [pid 62469] [client 38.46.218.158:0] script '/domains/markrose/enfile.php' not found or unable to stat
[Sat Mar 07 01:11:02.507008 2026] [php:error] [pid 62453] [client 38.46.218.158:0] script '/domains/markrose/version.php' not found or unable to stat
[Sat Mar 07 01:11:02.507346 2026] [php:error] [pid 62469] [client 38.46.218.158:0] script '/domains/markrose/pinuseren.php' not found or unable to stat
[Sat Mar 07 01:11:02.508323 2026] [php:error] [pid 62460] [client 38.46.218.158:0] script '/domains/markrose/heada.php' not found or unable to stat
[Sat Mar 07 01:11:02.508564 2026] [php:error] [pid 62461] [client 38.46.218.158:0] script '/domains/markrose/head.php' not found or unable to stat
[Sat Mar 07 01:11:02.508609 2026] [php:error] [pid 62471] [client 38.46.218.158:0] script '/domains/markrose/wp-head.php' not found or unable to stat
[Sat Mar 07 01:11:02.562699 2026] [php:error] [pid 62471] [client 38.46.218.158:0] script '/domains/markrose/wp-info.php' not found or unable to stat
[Sat Mar 07 01:11:02.562802 2026] [php:error] [pid 62461] [client 38.46.218.158:0] script '/domains/markrose/wp-site.php' not found or unable to stat
[Sat Mar 07 01:11:02.564036 2026] [php:error] [pid 62460] [client 38.46.218.158:0] script '/domains/markrose/wp-admin.php' not found or unable to stat
[Sat Mar 07 01:11:02.565777 2026] [php:error] [pid 62469] [client 38.46.218.158:0] script '/domains/markrose/wp-config-sample.php' not found or unable to stat
[Sat Mar 07 01:11:02.565792 2026] [php:error] [pid 62453] [client 38.46.218.158:0] script '/domains/markrose/jiema.php' not found or unable to stat
[Sat Mar 07 01:11:02.631545 2026] [php:error] [pid 62453] [client 38.46.218.158:0] script '/domains/markrose/cawpf.php' not found or unable to stat
[Sat Mar 07 01:11:02.631573 2026] [php:error] [pid 62469] [client 38.46.218.158:0] script '/domains/markrose/cangma.php' not found or unable to stat
[Sat Mar 07 01:11:02.631579 2026] [php:error] [pid 62460] [client 38.46.218.158:0] script '/domains/markrose/nowp.php' not found or unable to stat
[Sat Mar 07 01:11:02.632570 2026] [php:error] [pid 62471] [client 38.46.218.158:0] script '/domains/markrose/cyborg_tmp.php' not found or unable to stat
[Sat Mar 07 01:11:02.632930 2026] [php:error] [pid 62461] [client 38.46.218.158:0] script '/domains/markrose/nowpf.php' not found or unable to stat
[Sat Mar 07 01:11:02.688287 2026] [php:error] [pid 62453] [client 38.46.218.158:0] script '/domains/markrose/phpinfo.php' not found or unable to stat
[Sat Mar 07 01:11:02.688589 2026] [php:error] [pid 62469] [client 38.46.218.158:0] script '/domains/markrose/1.php' not found or unable to stat
[Sat Mar 07 01:11:02.690002 2026] [php:error] [pid 62460] [client 38.46.218.158:0] script '/domains/markrose/inputs.php' not found or unable to stat
[Sat Mar 07 01:11:02.742521 2026] [php:error] [pid 62471] [client 38.46.218.158:0] script '/domains/markrose/cytox.php' not found or unable to stat
[Sat Mar 07 01:11:02.743724 2026] [php:error] [pid 62453] [client 38.46.218.158:0] script '/domains/markrose/0x.php' not found or unable to stat
[Sat Mar 07 01:11:02.744264 2026] [php:error] [pid 62469] [client 38.46.218.158:0] script '/domains/markrose/63ck0.php' not found or unable to stat
[Sat Mar 07 01:11:02.745156 2026] [php:error] [pid 62461] [client 38.46.218.158:0] script '/domains/markrose/heh.php' not found or unable to stat
[Sat Mar 07 01:11:02.798608 2026] [php:error] [pid 62461] [client 38.46.218.158:0] script '/domains/markrose/NewFile.php' not found or unable to stat
[Sat Mar 07 01:11:02.853443 2026] [php:error] [pid 62469] [client 38.46.218.158:0] script '/domains/markrose/baxa1.php' not found or unable to stat
[Sat Mar 07 01:11:02.853740 2026] [php:error] [pid 62460] [client 38.46.218.158:0] script '/domains/markrose/fx.php' not found or unable to stat
[Sat Mar 07 01:11:02.855047 2026] [php:error] [pid 62453] [client 38.46.218.158:0] script '/domains/markrose/marijuana.php' not found or unable to stat
[Sat Mar 07 01:11:02.908201 2026] [php:error] [pid 62453] [client 38.46.218.158:0] script '/domains/markrose/fm1.php' not found or unable to stat
[Sat Mar 07 01:11:02.909580 2026] [php:error] [pid 62461] [client 38.46.218.158:0] script '/domains/markrose/cgi.php' not found or unable to stat
[Sat Mar 07 01:11:02.909782 2026] [php:error] [pid 62471] [client 38.46.218.158:0] script '/domains/markrose/anon.php' not found or unable to stat
[Sat Mar 07 01:11:02.909813 2026] [php:error] [pid 62460] [client 38.46.218.158:0] script '/domains/markrose/wp-files.php' not found or unable to stat
[Sat Mar 07 01:11:02.910055 2026] [php:error] [pid 62469] [client 38.46.218.158:0] script '/domains/markrose/ak74.php' not found or unable to stat
[Sat Mar 07 01:11:02.963327 2026] [php:error] [pid 62469] [client 38.46.218.158:0] script '/domains/markrose/wp-cron.php' not found or unable to stat
[Sat Mar 07 01:11:02.963336 2026] [php:error] [pid 62471] [client 38.46.218.158:0] script '/domains/markrose/ets.php' not found or unable to stat
[Sat Mar 07 01:11:02.963954 2026] [php:error] [pid 62461] [client 38.46.218.158:0] script '/domains/markrose/wp-access.php' not found or unable to stat
[Sat Mar 07 01:11:02.964207 2026] [php:error] [pid 62460] [client 38.46.218.158:0] script '/domains/markrose/wp_cron.php' not found or unable to stat
[Sat Mar 07 01:11:02.964459 2026] [php:error] [pid 62453] [client 38.46.218.158:0] script '/domains/markrose/ninja.php' not found or unable to stat
[Sat Mar 07 01:11:03.016975 2026] [php:error] [pid 62453] [client 38.46.218.158:0] script '/domains/markrose/0byt3.php' not found or unable to stat
[Sat Mar 07 01:11:03.018266 2026] [php:error] [pid 62460] [client 38.46.218.158:0] script '/domains/markrose/mini.php' not found or unable to stat
[Sat Mar 07 01:11:03.018502 2026] [php:error] [pid 62471] [client 38.46.218.158:0] script '/domains/markrose/upload.php' not found or unable to stat
[Sat Mar 07 01:11:03.018746 2026] [php:error] [pid 62461] [client 38.46.218.158:0] script '/domains/markrose/nsts.php' not found or unable to stat
[Sat Mar 07 01:11:03.018799 2026] [php:error] [pid 62469] [client 38.46.218.158:0] script '/domains/markrose/an0nmini.php' not found or unable to stat
[Sat Mar 07 01:11:03.079553 2026] [php:error] [pid 62471] [client 38.46.218.158:0] script '/domains/markrose/nn.php' not found or unable to stat
[Sat Mar 07 01:11:03.079598 2026] [php:error] [pid 62469] [client 38.46.218.158:0] script '/domains/markrose/xmlrpc.php' not found or unable to stat
[Sat Mar 07 01:11:03.079985 2026] [php:error] [pid 62460] [client 38.46.218.158:0] script '/domains/markrose/foxwso.php' not found or unable to stat
[Sat Mar 07 01:11:03.080425 2026] [php:error] [pid 62453] [client 38.46.218.158:0] script '/domains/markrose/403.php' not found or unable to stat
[Sat Mar 07 01:11:03.080443 2026] [php:error] [pid 62461] [client 38.46.218.158:0] script '/domains/markrose/uploader.php' not found or unable to stat
[Sat Mar 07 01:11:03.136034 2026] [php:error] [pid 62453] [client 38.46.218.158:0] script '/domains/markrose/gecko.php' not found or unable to stat
[Sat Mar 07 01:11:03.136748 2026] [php:error] [pid 62461] [client 38.46.218.158:0] script '/domains/markrose/00.php' not found or unable to stat
[Sat Mar 07 01:11:03.137425 2026] [php:error] [pid 62460] [client 38.46.218.158:0] script '/domains/markrose/mar.php' not found or unable to stat
[Sat Mar 07 01:11:03.137611 2026] [php:error] [pid 62469] [client 38.46.218.158:0] script '/domains/markrose/sts.php' not found or unable to stat
[Sat Mar 07 01:11:03.137763 2026] [php:error] [pid 62471] [client 38.46.218.158:0] script '/domains/markrose/xleet.php' not found or unable to stat
[Sat Mar 07 01:11:03.192928 2026] [php:error] [pid 62471] [client 38.46.218.158:0] script '/domains/markrose/wawe.php' not found or unable to stat
[Sat Mar 07 01:11:03.193284 2026] [php:error] [pid 62469] [client 38.46.218.158:0] script '/domains/markrose/foxx.php' not found or unable to stat
[Sat Mar 07 01:11:03.193589 2026] [php:error] [pid 62460] [client 38.46.218.158:0] script '/domains/markrose/wp-email.php' not found or unable to stat
[Sat Mar 07 01:11:03.193939 2026] [php:error] [pid 62453] [client 38.46.218.158:0] script '/domains/markrose/wp-booking.php' not found or unable to stat
[Sat Mar 07 01:11:03.194307 2026] [php:error] [pid 62461] [client 38.46.218.158:0] script '/domains/markrose/js.php' not found or unable to stat
[Sat Mar 07 01:11:03.262326 2026] [php:error] [pid 62453] [client 38.46.218.158:0] script '/domains/markrose/load.php' not found or unable to stat
