[Sat Mar 07 00:54:13.176133 2026] [php:error] [pid 62209] [client 141.98.11.23:0] script '/domains/ltemple/wp-login.php' not found or unable to stat, referer: https://wordpress.org/
[Sat Mar 07 00:54:14.211361 2026] [php:error] [pid 62213] [client 141.98.11.23:0] script '/domains/ltemple/wp-login.php' not found or unable to stat, referer: https://www.facebook.com/
[Sat Mar 07 00:54:15.081961 2026] [php:error] [pid 62209] [client 141.98.11.23:0] script '/domains/tamara1/wp-login.php' not found or unable to stat, referer: https://www.google.com/search?q=wordpress
[Sat Mar 07 00:54:15.264491 2026] [php:error] [pid 62192] [client 20.78.169.245:0] script '/domains/tcrlle/item.php' not found or unable to stat
[Sat Mar 07 00:54:15.301361 2026] [php:error] [pid 62199] [client 141.98.11.23:0] script '/domains/tamara1/wp-login.php' not found or unable to stat
[Sat Mar 07 00:54:16.115442 2026] [php:error] [pid 62216] [client 141.98.11.23:0] script '/domains/machinadynamica/wp-login.php' not found or unable to stat, referer: https://www.google.com/search?q=wordpress
[Sat Mar 07 00:54:16.346897 2026] [php:error] [pid 62218] [client 141.98.11.23:0] script '/domains/machinadynamica/wp-login.php' not found or unable to stat, referer: https://t.co/
[Sat Mar 07 00:54:17.179115 2026] [php:error] [pid 62221] [client 141.98.11.23:0] script '/domains/tmandel/wp-login.php' not found or unable to stat
[Sat Mar 07 00:54:17.426767 2026] [php:error] [pid 62209] [client 141.98.11.23:0] script '/domains/tmandel/wp-login.php' not found or unable to stat
[Sat Mar 07 00:54:17.932099 2026] [php:error] [pid 62192] [client 20.78.169.245:0] script '/domains/tcrlle/options-reading.php' not found or unable to stat
[Sat Mar 07 00:54:18.285124 2026] [php:error] [pid 62206] [client 141.98.11.23:0] script '/domains/quintet/wp-login.php' not found or unable to stat, referer: https://duckduckgo.com/
[Sat Mar 07 00:54:18.504503 2026] [php:error] [pid 62216] [client 141.98.11.23:0] script '/domains/quintet/wp-login.php' not found or unable to stat, referer: https://wordpress.org/
[Sat Mar 07 00:54:19.112356 2026] [php:error] [pid 62192] [client 20.78.169.245:0] script '/domains/tcrlle/man.php' not found or unable to stat
[Sat Mar 07 00:54:19.346323 2026] [php:error] [pid 62199] [client 141.98.11.23:0] script '/domains/covertcomic/wp-login.php' not found or unable to stat, referer: https://t.co/
[Sat Mar 07 00:54:19.573044 2026] [php:error] [pid 62209] [client 141.98.11.23:0] script '/domains/covertcomic/wp-login.php' not found or unable to stat, referer: https://www.google.com/
[Sat Mar 07 00:54:19.918468 2026] [php:error] [pid 62192] [client 20.78.169.245:0] script '/domains/tcrlle/hex.php' not found or unable to stat
[Sat Mar 07 00:54:20.366682 2026] [php:error] [pid 62206] [client 141.98.11.23:0] script '/domains/sjsachs/wp-login.php' not found or unable to stat
[Sat Mar 07 00:54:20.582708 2026] [php:error] [pid 62216] [client 141.98.11.23:0] script '/domains/sjsachs/wp-login.php' not found or unable to stat, referer: https://www.google.com/search?q=wordpress
[Sat Mar 07 00:54:21.150818 2026] [php:error] [pid 62192] [client 20.78.169.245:0] script '/domains/tcrlle/403.php' not found or unable to stat
[Sat Mar 07 00:54:21.894162 2026] [php:error] [pid 62192] [client 20.78.169.245:0] script '/domains/tcrlle/content.php' not found or unable to stat
[Sat Mar 07 00:54:22.087056 2026] [php:error] [pid 62192] [client 20.78.169.245:0] script '/domains/tcrlle/public.php' not found or unable to stat
[Sat Mar 07 00:54:22.903747 2026] [php:error] [pid 62192] [client 20.78.169.245:0] script '/domains/tcrlle/load.php' not found or unable to stat
[Sat Mar 07 00:54:23.937081 2026] [php:error] [pid 62192] [client 20.78.169.245:0] script '/domains/tcrlle/flower.php' not found or unable to stat
[Sat Mar 07 00:54:24.508409 2026] [php:error] [pid 62192] [client 20.78.169.245:0] script '/domains/tcrlle/elp.php' not found or unable to stat
[Sat Mar 07 00:54:25.724065 2026] [php:error] [pid 62192] [client 20.78.169.245:0] script '/domains/tcrlle/wp-logs.php' not found or unable to stat
[Sat Mar 07 00:54:25.940151 2026] [php:error] [pid 62192] [client 20.78.169.245:0] script '/domains/tcrlle/wp-links.php' not found or unable to stat
[Sat Mar 07 00:54:27.120134 2026] [php:error] [pid 62222] [client 141.98.11.23:0] script '/domains/fairlane1/wp-login.php' not found or unable to stat, referer: https://duckduckgo.com/
[Sat Mar 07 00:54:27.346535 2026] [php:error] [pid 62205] [client 141.98.11.23:0] script '/domains/fairlane1/wp-login.php' not found or unable to stat
[Sat Mar 07 00:54:28.206002 2026] [php:error] [pid 62214] [client 141.98.11.23:0] script '/domains/redpeninc/wp-login.php' not found or unable to stat, referer: https://www.bing.com/
[Sat Mar 07 00:54:28.440062 2026] [php:error] [pid 62219] [client 141.98.11.23:0] script '/domains/redpeninc/wp-login.php' not found or unable to stat, referer: https://www.facebook.com/
[Sat Mar 07 00:54:29.307113 2026] [php:error] [pid 62205] [client 141.98.11.23:0] script '/domains/perless2web/wp-login.php' not found or unable to stat, referer: https://t.co/
[Sat Mar 07 00:54:29.524406 2026] [php:error] [pid 62211] [client 141.98.11.23:0] script '/domains/perless2web/wp-login.php' not found or unable to stat, referer: https://www.google.com/search?q=wordpress
[Sat Mar 07 00:54:34.019439 2026] [authz_core:error] [pid 62213] [client 3.101.230.168:0] AH01630: client denied by server configuration: /
[Sat Mar 07 00:54:35.601882 2026] [authz_core:error] [pid 62192] [client 3.101.230.168:0] AH01630: client denied by server configuration: /nice ports,
[Sat Mar 07 00:54:42.145922 2026] [php:error] [pid 62208] [client 141.98.11.23:0] script '/domains/biehlweb/wp-login.php' not found or unable to stat, referer: https://duckduckgo.com/
[Sat Mar 07 00:54:42.379115 2026] [php:error] [pid 62214] [client 141.98.11.23:0] script '/domains/biehlweb/wp-login.php' not found or unable to stat
[Sat Mar 07 00:54:44.447485 2026] [php:error] [pid 62208] [client 141.98.11.23:0] script '/domains/braniff/wp-login.php' not found or unable to stat
[Sat Mar 07 00:54:44.694998 2026] [php:error] [pid 62214] [client 141.98.11.23:0] script '/domains/braniff/wp-login.php' not found or unable to stat, referer: https://www.facebook.com/
[Sat Mar 07 00:54:45.509903 2026] [php:error] [pid 62214] [client 141.98.11.23:0] script '/domains/pauljbrock/wp-login.php' not found or unable to stat
[Sat Mar 07 00:54:45.738646 2026] [php:error] [pid 62224] [client 141.98.11.23:0] script '/domains/pauljbrock/wp-login.php' not found or unable to stat, referer: https://duckduckgo.com/
[Sat Mar 07 00:54:46.608846 2026] [php:error] [pid 62192] [client 141.98.11.23:0] script '/domains/kandg-pc/wp-login.php' not found or unable to stat, referer: https://www.google.com/
[Sat Mar 07 00:54:46.830513 2026] [php:error] [pid 62214] [client 141.98.11.23:0] script '/domains/kandg-pc/wp-login.php' not found or unable to stat, referer: https://www.bing.com/
[Sat Mar 07 00:54:49.080085 2026] [php:error] [pid 62211] [client 141.98.11.23:0] script '/domains/emsco1/wp-login.php' not found or unable to stat
[Sat Mar 07 00:54:49.315482 2026] [php:error] [pid 62213] [client 141.98.11.23:0] script '/domains/emsco1/wp-login.php' not found or unable to stat, referer: https://t.co/
[Sat Mar 07 00:54:49.916806 2026] [php:error] [pid 62192] [client 145.239.10.137:0] script '/domains/system_default/info.php' not found or unable to stat, referer: http://tupafilms.com/info.php
[Sat Mar 07 00:54:50.906145 2026] [php:error] [pid 62222] [client 141.98.11.23:0] script '/domains/hdickens.enteract/wp-login.php' not found or unable to stat, referer: https://t.co/
[Sat Mar 07 00:54:51.142202 2026] [php:error] [pid 62211] [client 141.98.11.23:0] script '/domains/hdickens.enteract/wp-login.php' not found or unable to stat
[Sat Mar 07 00:55:12.218247 2026] [php:error] [pid 62219] [client 141.98.11.23:0] script '/domains/rfisher.dnai/wp-login.php' not found or unable to stat, referer: https://www.facebook.com/
[Sat Mar 07 00:55:12.454139 2026] [php:error] [pid 62205] [client 141.98.11.23:0] script '/domains/rfisher.dnai/wp-login.php' not found or unable to stat
[Sat Mar 07 00:55:13.577120 2026] [php:error] [pid 62205] [client 141.98.11.23:0] script '/domains/ebon/wp-login.php' not found or unable to stat, referer: https://www.google.com/
[Sat Mar 07 00:55:13.801608 2026] [php:error] [pid 62235] [client 141.98.11.23:0] script '/domains/ebon/wp-login.php' not found or unable to stat
[Sat Mar 07 00:55:14.617311 2026] [php:error] [pid 62205] [client 141.98.11.23:0] script '/domains/icrse/wp-login.php' not found or unable to stat, referer: https://t.co/
[Sat Mar 07 00:55:14.843569 2026] [php:error] [pid 62237] [client 141.98.11.23:0] script '/domains/icrse/wp-login.php' not found or unable to stat, referer: https://duckduckgo.com/
[Sat Mar 07 00:55:15.681218 2026] [php:error] [pid 62238] [client 141.98.11.23:0] script '/domains/samscars/wp-login.php' not found or unable to stat, referer: https://wordpress.org/
[Sat Mar 07 00:55:15.907994 2026] [php:error] [pid 62239] [client 141.98.11.23:0] script '/domains/samscars/wp-login.php' not found or unable to stat
[Sat Mar 07 00:55:18.924960 2026] [php:error] [pid 62237] [client 141.98.11.23:0] script '/domains/nlyfoods/wp-login.php' not found or unable to stat, referer: https://www.google.com/
[Sat Mar 07 00:55:19.141799 2026] [php:error] [pid 62205] [client 141.98.11.23:0] script '/domains/nlyfoods/wp-login.php' not found or unable to stat, referer: https://duckduckgo.com/
[Sat Mar 07 00:55:19.974603 2026] [php:error] [pid 62214] [client 141.98.11.23:0] script '/domains/conservation1/wp-login.php' not found or unable to stat
[Sat Mar 07 00:55:20.201739 2026] [php:error] [pid 62219] [client 141.98.11.23:0] script '/domains/conservation1/wp-login.php' not found or unable to stat, referer: https://www.google.com/
[Sat Mar 07 00:55:27.024814 2026] [php:error] [pid 62239] [client 154.12.24.136:0] script '/domains/nostrada/11.php' not found or unable to stat
[Sat Mar 07 00:55:42.636635 2026] [php:error] [pid 62237] [client 141.98.11.23:0] script '/domains/larrysr/wp-login.php' not found or unable to stat, referer: https://www.bing.com/
[Sat Mar 07 00:55:42.872263 2026] [php:error] [pid 62241] [client 141.98.11.23:0] script '/domains/larrysr/wp-login.php' not found or unable to stat
[Sat Mar 07 00:55:49.285834 2026] [php:error] [pid 62214] [client 141.98.11.23:0] script '/domains/micra/wp-login.php' not found or unable to stat, referer: https://www.google.com/
[Sat Mar 07 00:55:49.514624 2026] [php:error] [pid 62222] [client 141.98.11.23:0] script '/domains/micra/wp-login.php' not found or unable to stat, referer: https://duckduckgo.com/
[Sat Mar 07 00:55:50.313503 2026] [php:error] [pid 62219] [client 141.98.11.23:0] script '/domains/pbuilder/wp-login.php' not found or unable to stat
[Sat Mar 07 00:55:50.547283 2026] [php:error] [pid 62214] [client 141.98.11.23:0] script '/domains/pbuilder/wp-login.php' not found or unable to stat
[Sat Mar 07 00:55:51.371368 2026] [php:error] [pid 62219] [client 141.98.11.23:0] script '/domains/performancepartsinc/wp-login.php' not found or unable to stat, referer: https://www.facebook.com/
[Sat Mar 07 00:55:51.589071 2026] [php:error] [pid 62214] [client 141.98.11.23:0] script '/domains/performancepartsinc/wp-login.php' not found or unable to stat, referer: https://www.facebook.com/
[Sat Mar 07 00:55:52.166441 2026] [php:error] [pid 62214] [client 141.98.11.23:0] script '/domains/highlandlabs/wp-login.php' not found or unable to stat
[Sat Mar 07 00:55:52.393537 2026] [php:error] [pid 62219] [client 141.98.11.23:0] script '/domains/highlandlabs/wp-login.php' not found or unable to stat
[Sat Mar 07 00:55:55.454723 2026] [php:error] [pid 62241] [client 141.98.11.23:0] script '/domains/system_suspended/wp-login.php' not found or unable to stat
[Sat Mar 07 00:55:55.677060 2026] [php:error] [pid 62242] [client 141.98.11.23:0] script '/domains/system_suspended/wp-login.php' not found or unable to stat
[Sat Mar 07 00:56:08.877544 2026] [php:error] [pid 62245] [client 141.98.11.23:0] script '/domains/smartny/wp-login.php' not found or unable to stat, referer: https://t.co/
[Sat Mar 07 00:56:09.216352 2026] [php:error] [pid 62245] [client 141.98.11.23:0] script '/domains/smartny/wp-login.php' not found or unable to stat, referer: https://www.bing.com/
[Sat Mar 07 00:56:10.017847 2026] [php:error] [pid 62205] [client 141.98.11.23:0] script '/domains/awciii/wp-login.php' not found or unable to stat, referer: https://duckduckgo.com/
[Sat Mar 07 00:56:10.233840 2026] [php:error] [pid 62239] [client 141.98.11.23:0] script '/domains/awciii/wp-login.php' not found or unable to stat, referer: https://wordpress.org/
[Sat Mar 07 00:56:11.080136 2026] [php:error] [pid 62246] [client 141.98.11.23:0] script '/domains/astrosfm/wp-login.php' not found or unable to stat
[Sat Mar 07 00:56:11.300605 2026] [php:error] [pid 62243] [client 141.98.11.23:0] script '/domains/astrosfm/wp-login.php' not found or unable to stat, referer: https://www.facebook.com/
[Sat Mar 07 00:56:12.001286 2026] [php:error] [pid 62214] [client 141.98.11.23:0] script '/domains/navarrospring/wp-login.php' not found or unable to stat, referer: https://t.co/
[Sat Mar 07 00:56:12.234430 2026] [php:error] [pid 62205] [client 141.98.11.23:0] script '/domains/navarrospring/wp-login.php' not found or unable to stat, referer: https://duckduckgo.com/
[Sat Mar 07 00:56:14.587727 2026] [php:error] [pid 62214] [client 141.98.11.23:0] script '/domains/king1969/wp-login.php' not found or unable to stat, referer: https://www.google.com/search?q=wordpress
[Sat Mar 07 00:56:14.836138 2026] [php:error] [pid 62205] [client 141.98.11.23:0] script '/domains/king1969/wp-login.php' not found or unable to stat
[Sat Mar 07 00:56:15.597925 2026] [php:error] [pid 62235] [client 141.98.11.23:0] script '/domains/dcoffman/wp-login.php' not found or unable to stat, referer: https://www.google.com/
[Sat Mar 07 00:56:15.826808 2026] [php:error] [pid 62214] [client 141.98.11.23:0] script '/domains/dcoffman/wp-login.php' not found or unable to stat, referer: https://www.google.com/
[Sat Mar 07 00:56:17.631552 2026] [php:error] [pid 62205] [client 141.98.11.23:0] script '/domains/quintet/wp-login.php' not found or unable to stat, referer: https://www.google.com/search?q=wordpress
[Sat Mar 07 00:56:17.857571 2026] [php:error] [pid 62222] [client 141.98.11.23:0] script '/domains/quintet/wp-login.php' not found or unable to stat, referer: https://wordpress.org/
[Sat Mar 07 00:56:18.636479 2026] [php:error] [pid 62235] [client 141.98.11.23:0] script '/domains/nostrada/wp-login.php' not found or unable to stat, referer: https://duckduckgo.com/
[Sat Mar 07 00:56:18.865602 2026] [php:error] [pid 62205] [client 141.98.11.23:0] script '/domains/nostrada/wp-login.php' not found or unable to stat, referer: https://www.facebook.com/
[Sat Mar 07 00:56:19.699273 2026] [php:error] [pid 62235] [client 141.98.11.23:0] script '/domains/amisol/wp-login.php' not found or unable to stat, referer: https://wordpress.org/
[Sat Mar 07 00:56:19.948183 2026] [php:error] [pid 62205] [client 141.98.11.23:0] script '/domains/amisol/wp-login.php' not found or unable to stat
[Sat Mar 07 00:56:41.092128 2026] [php:error] [pid 62222] [client 141.98.11.23:0] script '/domains/supolo/wp-login.php' not found or unable to stat
[Sat Mar 07 00:56:41.314668 2026] [php:error] [pid 62250] [client 141.98.11.23:0] script '/domains/supolo/wp-login.php' not found or unable to stat, referer: https://wordpress.org/
[Sat Mar 07 00:56:42.089984 2026] [php:error] [pid 62214] [client 141.98.11.23:0] script '/domains/piltdweb1/wp-login.php' not found or unable to stat
[Sat Mar 07 00:56:42.309415 2026] [php:error] [pid 62246] [client 141.98.11.23:0] script '/domains/piltdweb1/wp-login.php' not found or unable to stat
[Sat Mar 07 00:56:44.511187 2026] [php:error] [pid 62246] [client 141.98.11.23:0] script '/domains/acagolf1/wp-login.php' not found or unable to stat, referer: https://www.bing.com/
[Sat Mar 07 00:56:44.771485 2026] [php:error] [pid 62257] [client 141.98.11.23:0] script '/domains/acagolf1/wp-login.php' not found or unable to stat, referer: https://duckduckgo.com/
[Sat Mar 07 00:56:45.535035 2026] [php:error] [pid 62251] [client 141.98.11.23:0] script '/domains/memanuel/wp-login.php' not found or unable to stat
[Sat Mar 07 00:56:45.783233 2026] [php:error] [pid 62257] [client 141.98.11.23:0] script '/domains/memanuel/wp-login.php' not found or unable to stat, referer: https://wordpress.org/
[Sat Mar 07 00:56:47.182310 2026] [php:error] [pid 62257] [client 141.98.11.23:0] script '/domains/system_suspended/wp-login.php' not found or unable to stat, referer: https://www.google.com/
[Sat Mar 07 00:56:47.436244 2026] [php:error] [pid 62253] [client 141.98.11.23:0] script '/domains/system_suspended/wp-login.php' not found or unable to stat
[Sat Mar 07 00:56:49.230034 2026] [php:error] [pid 62257] [client 141.98.11.23:0] script '/domains/trodine/wp-login.php' not found or unable to stat
[Sat Mar 07 00:56:49.484867 2026] [php:error] [pid 62214] [client 141.98.11.23:0] script '/domains/trodine/wp-login.php' not found or unable to stat
[Sat Mar 07 00:56:53.613843 2026] [php:error] [pid 62246] [client 141.98.11.23:0] script '/domains/ferguson.interport/wp-login.php' not found or unable to stat, referer: https://www.google.com/search?q=wordpress
[Sat Mar 07 00:56:53.843659 2026] [php:error] [pid 62222] [client 141.98.11.23:0] script '/domains/ferguson.interport/wp-login.php' not found or unable to stat, referer: https://www.facebook.com/
[Sat Mar 07 00:57:14.758321 2026] [php:error] [pid 62265] [client 141.98.11.23:0] script '/domains/astweb/wp-login.php' not found or unable to stat
[Sat Mar 07 00:57:14.993024 2026] [php:error] [pid 62267] [client 141.98.11.23:0] script '/domains/astweb/wp-login.php' not found or unable to stat, referer: https://t.co/
[Sat Mar 07 00:57:18.573384 2026] [php:error] [pid 62268] [client 141.98.11.23:0] script '/domains/system_suspended/wp-login.php' not found or unable to stat
[Sat Mar 07 00:57:18.794668 2026] [php:error] [pid 62265] [client 141.98.11.23:0] script '/domains/system_suspended/wp-login.php' not found or unable to stat, referer: https://www.bing.com/
[Sat Mar 07 00:57:19.478955 2026] [php:error] [pid 62265] [client 4.204.188.52:0] script '/domains/system_cancel/rawrpw.php' not found or unable to stat
[Sat Mar 07 00:57:19.502949 2026] [php:error] [pid 62265] [client 4.204.188.52:0] script '/domains/system_cancel/asd67.php' not found or unable to stat
[Sat Mar 07 00:57:19.526675 2026] [php:error] [pid 62265] [client 4.204.188.52:0] script '/domains/system_cancel/makeasmtp.php' not found or unable to stat
[Sat Mar 07 00:57:19.598833 2026] [php:error] [pid 62265] [client 4.204.188.52:0] script '/domains/system_cancel/hplsmbly.php' not found or unable to stat
[Sat Mar 07 00:57:19.623354 2026] [php:error] [pid 62265] [client 4.204.188.52:0] script '/domains/system_cancel/alfanew.php' not found or unable to stat
[Sat Mar 07 00:57:19.697187 2026] [php:error] [pid 62265] [client 4.204.188.52:0] script '/domains/system_cancel/evatusmk.php' not found or unable to stat
[Sat Mar 07 00:57:19.827245 2026] [php:error] [pid 62265] [client 4.204.188.52:0] script '/domains/system_cancel/xl2023.php' not found or unable to stat
[Sat Mar 07 00:57:20.260762 2026] [php:error] [pid 62265] [client 4.204.188.52:0] script '/domains/system_cancel/izusdinh.php' not found or unable to stat
[Sat Mar 07 00:57:20.284875 2026] [php:error] [pid 62265] [client 4.204.188.52:0] script '/domains/system_cancel/randkeyword.php' not found or unable to stat
[Sat Mar 07 00:57:20.480727 2026] [php:error] [pid 62265] [client 4.204.188.52:0] script '/domains/system_cancel/nokswnuh.php' not found or unable to stat
[Sat Mar 07 00:57:20.602479 2026] [php:error] [pid 62265] [client 4.204.188.52:0] script '/domains/system_cancel/ae.php' not found or unable to stat
[Sat Mar 07 00:57:20.626350 2026] [php:error] [pid 62265] [client 4.204.188.52:0] script '/domains/system_cancel/config.php' not found or unable to stat
[Sat Mar 07 00:57:20.650190 2026] [php:error] [pid 62265] [client 4.204.188.52:0] script '/domains/system_cancel/nrmvjhdu.php' not found or unable to stat
[Sat Mar 07 00:57:20.674127 2026] [php:error] [pid 62265] [client 4.204.188.52:0] script '/domains/system_cancel/edit-tags.php' not found or unable to stat
[Sat Mar 07 00:57:20.697939 2026] [php:error] [pid 62265] [client 4.204.188.52:0] script '/domains/system_cancel/h2WUebaOkZG.php' not found or unable to stat
[Sat Mar 07 00:57:20.721859 2026] [php:error] [pid 62265] [client 4.204.188.52:0] script '/domains/system_cancel/alumni_reg.php' not found or unable to stat
[Sat Mar 07 00:57:20.745698 2026] [php:error] [pid 62265] [client 4.204.188.52:0] script '/domains/system_cancel/lrxqxgbi.php' not found or unable to stat
[Sat Mar 07 00:57:21.015781 2026] [php:error] [pid 62265] [client 4.204.188.52:0] script '/domains/system_cancel/default.php' not found or unable to stat
[Sat Mar 07 00:57:21.088698 2026] [php:error] [pid 62265] [client 4.204.188.52:0] script '/domains/system_cancel/ans.php' not found or unable to stat
[Sat Mar 07 00:57:21.112596 2026] [php:error] [pid 62265] [client 4.204.188.52:0] script '/domains/system_cancel/xltavrat.php' not found or unable to stat
[Sat Mar 07 00:57:21.186292 2026] [php:error] [pid 62265] [client 4.204.188.52:0] script '/domains/system_cancel/aAZUleCFR6G.php' not found or unable to stat
[Sat Mar 07 00:57:21.210473 2026] [php:error] [pid 62265] [client 4.204.188.52:0] script '/domains/system_cancel/nam.php' not found or unable to stat
[Sat Mar 07 00:57:24.592705 2026] [php:error] [pid 62250] [client 141.98.11.23:0] script '/domains/dcarlone/wp-login.php' not found or unable to stat
[Sat Mar 07 00:57:24.812796 2026] [php:error] [pid 62258] [client 141.98.11.23:0] script '/domains/dcarlone/wp-login.php' not found or unable to stat
[Sat Mar 07 00:57:25.523678 2026] [php:error] [pid 62253] [client 141.98.11.23:0] script '/domains/rnachum/wp-login.php' not found or unable to stat, referer: https://t.co/
[Sat Mar 07 00:57:25.744786 2026] [php:error] [pid 62261] [client 141.98.11.23:0] script '/domains/rnachum/wp-login.php' not found or unable to stat, referer: https://www.google.com/
[Sat Mar 07 00:57:26.527776 2026] [php:error] [pid 62250] [client 141.98.11.23:0] script '/domains/miles.interport/wp-login.php' not found or unable to stat, referer: https://t.co/
[Sat Mar 07 00:57:26.759869 2026] [php:error] [pid 62258] [client 141.98.11.23:0] script '/domains/miles.interport/wp-login.php' not found or unable to stat
[Sat Mar 07 00:57:27.564308 2026] [php:error] [pid 62256] [client 141.98.11.23:0] script '/domains/system_suspended/wp-login.php' not found or unable to stat
[Sat Mar 07 00:57:27.812299 2026] [php:error] [pid 62259] [client 141.98.11.23:0] script '/domains/system_suspended/wp-login.php' not found or unable to stat, referer: https://t.co/
[Sat Mar 07 00:57:30.062329 2026] [php:error] [pid 62258] [client 141.98.11.23:0] script '/domains/bels/wp-login.php' not found or unable to stat, referer: https://duckduckgo.com/
[Sat Mar 07 00:57:30.296358 2026] [php:error] [pid 62260] [client 141.98.11.23:0] script '/domains/bels/wp-login.php' not found or unable to stat, referer: https://www.facebook.com/
[Sat Mar 07 00:57:51.211148 2026] [php:error] [pid 62239] [client 141.98.11.23:0] script '/domains/tennex/wp-login.php' not found or unable to stat
[Sat Mar 07 00:57:51.440069 2026] [php:error] [pid 62269] [client 141.98.11.23:0] script '/domains/tennex/wp-login.php' not found or unable to stat, referer: https://www.google.com/search?q=wordpress
[Sat Mar 07 00:58:15.974110 2026] [php:error] [pid 62273] [client 141.98.11.23:0] script '/domains/viamonte3/wp-login.php' not found or unable to stat
[Sat Mar 07 00:58:16.190456 2026] [php:error] [pid 62266] [client 141.98.11.23:0] script '/domains/viamonte3/wp-login.php' not found or unable to stat
[Sat Mar 07 00:58:18.346714 2026] [php:error] [pid 62273] [client 141.98.11.23:0] script '/domains/system_suspended/wp-login.php' not found or unable to stat, referer: https://t.co/
[Sat Mar 07 00:58:18.563752 2026] [php:error] [pid 62279] [client 141.98.11.23:0] script '/domains/system_suspended/wp-login.php' not found or unable to stat
[Sat Mar 07 00:58:19.345088 2026] [php:error] [pid 62260] [client 141.98.11.23:0] script '/domains/familyplayhouse2/wp-login.php' not found or unable to stat
[Sat Mar 07 00:58:19.577355 2026] [php:error] [pid 62270] [client 141.98.11.23:0] script '/domains/familyplayhouse2/wp-login.php' not found or unable to stat
[Sat Mar 07 00:58:20.360412 2026] [php:error] [pid 62278] [client 141.98.11.23:0] script '/domains/agribiz/wp-login.php' not found or unable to stat, referer: https://www.facebook.com/
[Sat Mar 07 00:58:20.579514 2026] [php:error] [pid 62270] [client 141.98.11.23:0] script '/domains/agribiz/wp-login.php' not found or unable to stat
[Sat Mar 07 00:58:21.626964 2026] [php:error] [pid 62262] [client 141.98.11.23:0] script '/domains/covertcomic/wp-login.php' not found or unable to stat, referer: https://www.facebook.com/
[Sat Mar 07 00:58:21.844989 2026] [php:error] [pid 62270] [client 141.98.11.23:0] script '/domains/covertcomic/wp-login.php' not found or unable to stat
[Sat Mar 07 00:58:22.468309 2026] [php:error] [pid 62268] [client 141.98.11.23:0] script '/domains/wsmith.enteract/wp-login.php' not found or unable to stat
[Sat Mar 07 00:58:22.689457 2026] [php:error] [pid 62275] [client 141.98.11.23:0] script '/domains/wsmith.enteract/wp-login.php' not found or unable to stat, referer: https://www.google.com/search?q=wordpress
[Sat Mar 07 00:58:23.452350 2026] [php:error] [pid 62256] [client 141.98.11.23:0] script '/domains/schellin/wp-login.php' not found or unable to stat, referer: https://www.google.com/search?q=wordpress
[Sat Mar 07 00:58:23.671513 2026] [php:error] [pid 62262] [client 141.98.11.23:0] script '/domains/schellin/wp-login.php' not found or unable to stat, referer: https://www.google.com/
[Sat Mar 07 00:58:24.291715 2026] [php:error] [pid 62268] [client 141.98.11.23:0] script '/domains/icrse/wp-login.php' not found or unable to stat, referer: https://www.google.com/search?q=wordpress
[Sat Mar 07 00:58:24.542375 2026] [php:error] [pid 62275] [client 141.98.11.23:0] script '/domains/icrse/wp-login.php' not found or unable to stat, referer: https://www.facebook.com/
[Sat Mar 07 00:58:25.391555 2026] [php:error] [pid 62270] [client 141.98.11.23:0] script '/domains/system_suspended/wp-login.php' not found or unable to stat, referer: https://t.co/
[Sat Mar 07 00:58:25.621932 2026] [php:error] [pid 62268] [client 141.98.11.23:0] script '/domains/system_suspended/wp-login.php' not found or unable to stat, referer: https://duckduckgo.com/
[Sat Mar 07 00:58:55.017148 2026] [php:error] [pid 62292] [client 27.147.218.169:0] script '/domains/cccweb/xmlrpc.php' not found or unable to stat
[Sat Mar 07 01:00:35.831440 2026] [php:error] [pid 62327] [client 141.98.11.23:0] script '/domains/pookie.dnai/wp-login.php' not found or unable to stat, referer: https://www.bing.com/
[Sat Mar 07 01:00:36.057287 2026] [php:error] [pid 62309] [client 141.98.11.23:0] script '/domains/pookie.dnai/wp-login.php' not found or unable to stat
[Sat Mar 07 01:00:52.323879 2026] [php:error] [pid 62297] [client 141.98.11.23:0] script '/domains/hungariantasteweb/wp-login.php' not found or unable to stat
[Sat Mar 07 01:00:52.555049 2026] [php:error] [pid 62327] [client 141.98.11.23:0] script '/domains/hungariantasteweb/wp-login.php' not found or unable to stat, referer: https://www.facebook.com/
[Sat Mar 07 01:00:53.961238 2026] [php:error] [pid 62297] [client 141.98.11.23:0] script '/domains/tcrlle/wp-login.php' not found or unable to stat, referer: https://t.co/
[Sat Mar 07 01:00:54.181631 2026] [php:error] [pid 62327] [client 141.98.11.23:0] script '/domains/tcrlle/wp-login.php' not found or unable to stat, referer: https://www.facebook.com/
[Sat Mar 07 01:00:54.795192 2026] [php:error] [pid 62309] [client 141.98.11.23:0] script '/domains/redpeninc/wp-login.php' not found or unable to stat, referer: https://wordpress.org/
[Sat Mar 07 01:00:55.027767 2026] [php:error] [pid 62335] [client 141.98.11.23:0] script '/domains/redpeninc/wp-login.php' not found or unable to stat, referer: https://www.google.com/
[Sat Mar 07 01:00:56.108561 2026] [php:error] [pid 62297] [client 4.204.188.52:0] script '/domains/system_cancel/rawrpw.php' not found or unable to stat
[Sat Mar 07 01:00:56.318976 2026] [php:error] [pid 62297] [client 4.204.188.52:0] script '/domains/system_cancel/asd67.php' not found or unable to stat
[Sat Mar 07 01:00:56.341690 2026] [php:error] [pid 62297] [client 4.204.188.52:0] script '/domains/system_cancel/makeasmtp.php' not found or unable to stat
[Sat Mar 07 01:00:56.475159 2026] [php:error] [pid 62297] [client 4.204.188.52:0] script '/domains/system_cancel/hplsmbly.php' not found or unable to stat
[Sat Mar 07 01:00:56.496799 2026] [php:error] [pid 62297] [client 4.204.188.52:0] script '/domains/system_cancel/alfanew.php' not found or unable to stat
[Sat Mar 07 01:00:56.598465 2026] [php:error] [pid 62297] [client 4.204.188.52:0] script '/domains/system_cancel/evatusmk.php' not found or unable to stat
[Sat Mar 07 01:00:56.726349 2026] [php:error] [pid 62309] [client 4.204.188.52:0] script '/domains/system_cancel/xl2023.php' not found or unable to stat
[Sat Mar 07 01:00:57.450112 2026] [php:error] [pid 62297] [client 4.204.188.52:0] script '/domains/system_cancel/izusdinh.php' not found or unable to stat
[Sat Mar 07 01:00:57.488219 2026] [php:error] [pid 62297] [client 4.204.188.52:0] script '/domains/system_cancel/randkeyword.php' not found or unable to stat
[Sat Mar 07 01:00:57.802932 2026] [php:error] [pid 62297] [client 4.204.188.52:0] script '/domains/system_cancel/nokswnuh.php' not found or unable to stat
[Sat Mar 07 01:00:58.024940 2026] [php:error] [pid 62297] [client 4.204.188.52:0] script '/domains/system_cancel/ae.php' not found or unable to stat
[Sat Mar 07 01:00:58.046552 2026] [php:error] [pid 62297] [client 4.204.188.52:0] script '/domains/system_cancel/config.php' not found or unable to stat
[Sat Mar 07 01:00:58.082937 2026] [php:error] [pid 62297] [client 4.204.188.52:0] script '/domains/system_cancel/nrmvjhdu.php' not found or unable to stat
[Sat Mar 07 01:00:58.104729 2026] [php:error] [pid 62297] [client 4.204.188.52:0] script '/domains/system_cancel/edit-tags.php' not found or unable to stat
[Sat Mar 07 01:00:58.126564 2026] [php:error] [pid 62297] [client 4.204.188.52:0] script '/domains/system_cancel/h2WUebaOkZG.php' not found or unable to stat
[Sat Mar 07 01:00:58.229766 2026] [php:error] [pid 62297] [client 4.204.188.52:0] script '/domains/system_cancel/alumni_reg.php' not found or unable to stat
[Sat Mar 07 01:00:58.268614 2026] [php:error] [pid 62297] [client 4.204.188.52:0] script '/domains/system_cancel/lrxqxgbi.php' not found or unable to stat
[Sat Mar 07 01:00:58.818865 2026] [php:error] [pid 62297] [client 4.204.188.52:0] script '/domains/system_cancel/default.php' not found or unable to stat
[Sat Mar 07 01:00:58.885422 2026] [php:error] [pid 62297] [client 4.204.188.52:0] script '/domains/system_cancel/ans.php' not found or unable to stat
[Sat Mar 07 01:00:58.907108 2026] [php:error] [pid 62297] [client 4.204.188.52:0] script '/domains/system_cancel/xltavrat.php' not found or unable to stat
[Sat Mar 07 01:00:59.059713 2026] [php:error] [pid 62297] [client 4.204.188.52:0] script '/domains/system_cancel/aAZUleCFR6G.php' not found or unable to stat
[Sat Mar 07 01:00:59.172196 2026] [php:error] [pid 62297] [client 4.204.188.52:0] script '/domains/system_cancel/nam.php' not found or unable to stat
[Sat Mar 07 01:01:19.730480 2026] [php:error] [pid 62336] [client 141.98.11.23:0] script '/domains/lover/wp-login.php' not found or unable to stat, referer: https://wordpress.org/
[Sat Mar 07 01:01:19.962311 2026] [php:error] [pid 62297] [client 141.98.11.23:0] script '/domains/lover/wp-login.php' not found or unable to stat, referer: https://www.google.com/
[Sat Mar 07 01:01:20.728648 2026] [php:error] [pid 62336] [client 141.98.11.23:0] script '/domains/davidbacker/wp-login.php' not found or unable to stat
[Sat Mar 07 01:01:20.992247 2026] [php:error] [pid 62297] [client 141.98.11.23:0] script '/domains/davidbacker/wp-login.php' not found or unable to stat
[Sat Mar 07 01:01:23.997839 2026] [php:error] [pid 62344] [client 141.98.11.23:0] script '/domains/hofficer1/wp-login.php' not found or unable to stat
[Sat Mar 07 01:01:24.280808 2026] [php:error] [pid 62336] [client 141.98.11.23:0] script '/domains/hofficer1/wp-login.php' not found or unable to stat, referer: https://wordpress.org/
[Sat Mar 07 01:01:25.598361 2026] [php:error] [pid 62330] [client 141.98.11.23:0] script '/domains/jrp.interport/wp-login.php' not found or unable to stat, referer: https://www.bing.com/
[Sat Mar 07 01:01:25.859376 2026] [php:error] [pid 62338] [client 141.98.11.23:0] script '/domains/jrp.interport/wp-login.php' not found or unable to stat
[Sat Mar 07 01:01:25.974849 2026] [php:error] [pid 62297] [client 13.75.194.66:0] script '/domains/conservation1/xmr.php' not found or unable to stat
[Sat Mar 07 01:01:26.181457 2026] [php:error] [pid 62297] [client 13.75.194.66:0] script '/domains/conservation1/about.php' not found or unable to stat
[Sat Mar 07 01:01:26.388028 2026] [php:error] [pid 62297] [client 13.75.194.66:0] script '/domains/conservation1/admin.php' not found or unable to stat
[Sat Mar 07 01:01:26.595113 2026] [php:error] [pid 62297] [client 13.75.194.66:0] script '/domains/conservation1/adminfuns.php' not found or unable to stat
[Sat Mar 07 01:01:26.811715 2026] [php:error] [pid 62297] [client 13.75.194.66:0] script '/domains/conservation1/as.php' not found or unable to stat
[Sat Mar 07 01:01:27.021185 2026] [php:error] [pid 62297] [client 13.75.194.66:0] script '/domains/conservation1/bolt.php' not found or unable to stat
[Sat Mar 07 01:01:27.434529 2026] [php:error] [pid 62297] [client 13.75.194.66:0] script '/domains/conservation1/class-t.api.php' not found or unable to stat
[Sat Mar 07 01:01:27.641216 2026] [php:error] [pid 62297] [client 13.75.194.66:0] script '/domains/conservation1/edit.php' not found or unable to stat
[Sat Mar 07 01:01:27.847852 2026] [php:error] [pid 62297] [client 13.75.194.66:0] script '/domains/conservation1/ff1.php' not found or unable to stat
[Sat Mar 07 01:01:28.054420 2026] [php:error] [pid 62297] [client 13.75.194.66:0] script '/domains/conservation1/fff.php' not found or unable to stat
[Sat Mar 07 01:01:28.275230 2026] [php:error] [pid 62297] [client 13.75.194.66:0] script '/domains/conservation1/inputs.php' not found or unable to stat
[Sat Mar 07 01:01:28.482458 2026] [php:error] [pid 62297] [client 13.75.194.66:0] script '/domains/conservation1/ioxi-o.php' not found or unable to stat
[Sat Mar 07 01:01:28.715798 2026] [php:error] [pid 62297] [client 13.75.194.66:0] script '/domains/conservation1/lite.php' not found or unable to stat
[Sat Mar 07 01:01:28.923677 2026] [php:error] [pid 62297] [client 13.75.194.66:0] script '/domains/conservation1/ms-edit.php' not found or unable to stat
[Sat Mar 07 01:01:29.130417 2026] [php:error] [pid 62297] [client 13.75.194.66:0] script '/domains/conservation1/rip.php' not found or unable to stat
[Sat Mar 07 01:01:29.543787 2026] [php:error] [pid 62297] [client 13.75.194.66:0] script '/domains/conservation1/upload.php' not found or unable to stat
[Sat Mar 07 01:01:29.963694 2026] [php:error] [pid 62297] [client 13.75.194.66:0] script '/domains/conservation1/wp-act.php' not found or unable to stat
[Sat Mar 07 01:01:32.508930 2026] [php:error] [pid 62297] [client 13.75.194.66:0] script '/domains/conservation1/wp-links-opml.php' not found or unable to stat
[Sat Mar 07 01:01:44.744939 2026] [php:error] [pid 62338] [client 141.98.11.23:0] script '/domains/pmglobal/wp-login.php' not found or unable to stat
[Sat Mar 07 01:01:44.961443 2026] [php:error] [pid 62345] [client 141.98.11.23:0] script '/domains/pmglobal/wp-login.php' not found or unable to stat, referer: https://www.google.com/
[Sat Mar 07 01:01:46.291502 2026] [php:error] [pid 62348] [client 141.98.11.23:0] script '/domains/bfitpro2/wp-login.php' not found or unable to stat, referer: https://www.facebook.com/
[Sat Mar 07 01:01:46.513515 2026] [php:error] [pid 62336] [client 141.98.11.23:0] script '/domains/bfitpro2/wp-login.php' not found or unable to stat
[Sat Mar 07 01:01:47.203868 2026] [php:error] [pid 62330] [client 141.98.11.23:0] script '/domains/takie/wp-login.php' not found or unable to stat, referer: https://duckduckgo.com/
[Sat Mar 07 01:01:47.421138 2026] [php:error] [pid 62338] [client 141.98.11.23:0] script '/domains/takie/wp-login.php' not found or unable to stat, referer: https://duckduckgo.com/
[Sat Mar 07 01:01:48.171125 2026] [php:error] [pid 62347] [client 141.98.11.23:0] script '/domains/magicjim/wp-login.php' not found or unable to stat
[Sat Mar 07 01:01:48.397463 2026] [php:error] [pid 62348] [client 141.98.11.23:0] script '/domains/magicjim/wp-login.php' not found or unable to stat, referer: https://wordpress.org/
[Sat Mar 07 01:01:49.201942 2026] [php:error] [pid 62336] [client 141.98.11.23:0] script '/domains/tbarnhil/wp-login.php' not found or unable to stat, referer: https://www.bing.com/
[Sat Mar 07 01:01:49.425538 2026] [php:error] [pid 62345] [client 141.98.11.23:0] script '/domains/tbarnhil/wp-login.php' not found or unable to stat
[Sat Mar 07 01:01:50.123518 2026] [php:error] [pid 62330] [client 141.98.11.23:0] script '/domains/druckrey/wp-login.php' not found or unable to stat, referer: https://wordpress.org/
[Sat Mar 07 01:01:50.352275 2026] [php:error] [pid 62338] [client 141.98.11.23:0] script '/domains/druckrey/wp-login.php' not found or unable to stat, referer: https://www.google.com/search?q=wordpress
[Sat Mar 07 01:01:51.045636 2026] [php:error] [pid 62347] [client 141.98.11.23:0] script '/domains/thewalshgroup/wp-login.php' not found or unable to stat, referer: https://wordpress.org/
[Sat Mar 07 01:01:51.261337 2026] [php:error] [pid 62348] [client 141.98.11.23:0] script '/domains/thewalshgroup/wp-login.php' not found or unable to stat
[Sat Mar 07 01:01:52.089889 2026] [php:error] [pid 62345] [client 141.98.11.23:0] script '/domains/egmaweb/wp-login.php' not found or unable to stat
[Sat Mar 07 01:01:52.337129 2026] [php:error] [pid 62330] [client 141.98.11.23:0] script '/domains/egmaweb/wp-login.php' not found or unable to stat, referer: https://www.bing.com/
[Sat Mar 07 01:01:53.088094 2026] [php:error] [pid 62347] [client 141.98.11.23:0] script '/domains/system_suspended/wp-login.php' not found or unable to stat, referer: https://www.google.com/search?q=wordpress
[Sat Mar 07 01:01:53.305829 2026] [php:error] [pid 62345] [client 141.98.11.23:0] script '/domains/system_suspended/wp-login.php' not found or unable to stat, referer: https://www.bing.com/
[Sat Mar 07 01:01:54.008710 2026] [php:error] [pid 62347] [client 141.98.11.23:0] script '/domains/telacomp/wp-login.php' not found or unable to stat
[Sat Mar 07 01:01:54.250529 2026] [php:error] [pid 62345] [client 141.98.11.23:0] script '/domains/telacomp/wp-login.php' not found or unable to stat
[Sat Mar 07 01:01:55.004411 2026] [php:error] [pid 62347] [client 141.98.11.23:0] script '/domains/peterbmiller/wp-login.php' not found or unable to stat, referer: https://www.google.com/search?q=wordpress
[Sat Mar 07 01:01:55.219678 2026] [php:error] [pid 62345] [client 141.98.11.23:0] script '/domains/peterbmiller/wp-login.php' not found or unable to stat, referer: https://www.bing.com/
[Sat Mar 07 01:01:55.912991 2026] [php:error] [pid 62350] [client 141.98.11.23:0] script '/domains/system_suspended/wp-login.php' not found or unable to stat
[Sat Mar 07 01:01:56.149804 2026] [php:error] [pid 62351] [client 141.98.11.23:0] script '/domains/system_suspended/wp-login.php' not found or unable to stat
[Sat Mar 07 01:01:58.773138 2026] [php:error] [pid 62350] [client 141.98.11.23:0] script '/domains/hans.interport/wp-login.php' not found or unable to stat, referer: https://duckduckgo.com/
[Sat Mar 07 01:01:58.992435 2026] [php:error] [pid 62351] [client 141.98.11.23:0] script '/domains/hans.interport/wp-login.php' not found or unable to stat, referer: https://t.co/
[Sat Mar 07 01:02:00.360707 2026] [php:error] [pid 62345] [client 141.98.11.23:0] script '/domains/brigadeweb/wp-login.php' not found or unable to stat
[Sat Mar 07 01:02:00.591046 2026] [php:error] [pid 62349] [client 141.98.11.23:0] script '/domains/brigadeweb/wp-login.php' not found or unable to stat
[Sat Mar 07 01:02:08.282442 2026] [php:error] [pid 62330] [client 141.98.11.23:0] script '/domains/frog.interport1/wp-login.php' not found or unable to stat
[Sat Mar 07 01:02:09.556979 2026] [php:error] [pid 62355] [client 141.98.11.23:0] script '/domains/frog.interport1/wp-login.php' not found or unable to stat, referer: https://duckduckgo.com/
[Sat Mar 07 01:02:12.364635 2026] [php:error] [pid 62359] [client 141.98.11.23:0] script '/domains/fifibear/wp-login.php' not found or unable to stat, referer: https://www.bing.com/
[Sat Mar 07 01:02:12.586105 2026] [php:error] [pid 62348] [client 141.98.11.23:0] script '/domains/fifibear/wp-login.php' not found or unable to stat
[Sat Mar 07 01:02:13.214542 2026] [php:error] [pid 62361] [client 141.98.11.23:0] script '/domains/viamonte3/wp-login.php' not found or unable to stat, referer: https://www.google.com/search?q=wordpress
[Sat Mar 07 01:02:13.461773 2026] [php:error] [pid 62363] [client 141.98.11.23:0] script '/domains/viamonte3/wp-login.php' not found or unable to stat, referer: https://t.co/
[Sat Mar 07 01:02:15.860453 2026] [php:error] [pid 62359] [client 141.98.11.23:0] script '/domains/pookie.dnai/wp-login.php' not found or unable to stat, referer: https://www.bing.com/
[Sat Mar 07 01:02:16.086755 2026] [php:error] [pid 62348] [client 141.98.11.23:0] script '/domains/pookie.dnai/wp-login.php' not found or unable to stat, referer: https://www.bing.com/
[Sat Mar 07 01:02:21.483358 2026] [php:error] [pid 62353] [client 141.98.11.23:0] script '/domains/tinatina/wp-login.php' not found or unable to stat, referer: https://duckduckgo.com/
[Sat Mar 07 01:02:21.703716 2026] [php:error] [pid 62352] [client 141.98.11.23:0] script '/domains/tinatina/wp-login.php' not found or unable to stat
[Sat Mar 07 01:02:40.882573 2026] [php:error] [pid 62355] [client 20.24.211.85:0] script '/domains/familyplayhouse2/xmr.php' not found or unable to stat
[Sat Mar 07 01:02:41.084592 2026] [php:error] [pid 62355] [client 20.24.211.85:0] script '/domains/familyplayhouse2/about.php' not found or unable to stat
[Sat Mar 07 01:02:41.286717 2026] [php:error] [pid 62355] [client 20.24.211.85:0] script '/domains/familyplayhouse2/admin.php' not found or unable to stat
[Sat Mar 07 01:02:41.496578 2026] [php:error] [pid 62355] [client 20.24.211.85:0] script '/domains/familyplayhouse2/adminfuns.php' not found or unable to stat
[Sat Mar 07 01:02:41.698887 2026] [php:error] [pid 62355] [client 20.24.211.85:0] script '/domains/familyplayhouse2/as.php' not found or unable to stat
[Sat Mar 07 01:02:41.901112 2026] [php:error] [pid 62355] [client 20.24.211.85:0] script '/domains/familyplayhouse2/bolt.php' not found or unable to stat
[Sat Mar 07 01:02:42.320225 2026] [php:error] [pid 62355] [client 20.24.211.85:0] script '/domains/familyplayhouse2/class-t.api.php' not found or unable to stat
[Sat Mar 07 01:02:42.522693 2026] [php:error] [pid 62355] [client 20.24.211.85:0] script '/domains/familyplayhouse2/edit.php' not found or unable to stat
[Sat Mar 07 01:02:42.724768 2026] [php:error] [pid 62355] [client 20.24.211.85:0] script '/domains/familyplayhouse2/ff1.php' not found or unable to stat
[Sat Mar 07 01:02:42.953450 2026] [php:error] [pid 62355] [client 20.24.211.85:0] script '/domains/familyplayhouse2/fff.php' not found or unable to stat
[Sat Mar 07 01:02:43.186950 2026] [php:error] [pid 62355] [client 20.24.211.85:0] script '/domains/familyplayhouse2/inputs.php' not found or unable to stat
[Sat Mar 07 01:02:43.390018 2026] [php:error] [pid 62355] [client 20.24.211.85:0] script '/domains/familyplayhouse2/ioxi-o.php' not found or unable to stat
[Sat Mar 07 01:02:43.592015 2026] [php:error] [pid 62355] [client 20.24.211.85:0] script '/domains/familyplayhouse2/lite.php' not found or unable to stat
[Sat Mar 07 01:02:43.793937 2026] [php:error] [pid 62355] [client 20.24.211.85:0] script '/domains/familyplayhouse2/ms-edit.php' not found or unable to stat
[Sat Mar 07 01:02:43.996189 2026] [php:error] [pid 62355] [client 20.24.211.85:0] script '/domains/familyplayhouse2/rip.php' not found or unable to stat
[Sat Mar 07 01:02:44.402999 2026] [php:error] [pid 62355] [client 20.24.211.85:0] script '/domains/familyplayhouse2/upload.php' not found or unable to stat
[Sat Mar 07 01:02:44.865680 2026] [php:error] [pid 62355] [client 20.24.211.85:0] script '/domains/familyplayhouse2/wp-act.php' not found or unable to stat
[Sat Mar 07 01:02:47.417213 2026] [php:error] [pid 62355] [client 20.24.211.85:0] script '/domains/familyplayhouse2/wp-links-opml.php' not found or unable to stat
[Sat Mar 07 01:04:18.143964 2026] [php:error] [pid 62388] [client 20.89.58.13:0] script '/domains/larrysr/too.php' not found or unable to stat
[Sat Mar 07 01:04:18.303881 2026] [php:error] [pid 62388] [client 20.89.58.13:0] script '/domains/larrysr/tox.php' not found or unable to stat
[Sat Mar 07 01:04:20.735943 2026] [php:error] [pid 62388] [client 20.89.58.13:0] script '/domains/larrysr/txets.php' not found or unable to stat
[Sat Mar 07 01:04:20.896066 2026] [php:error] [pid 62388] [client 20.89.58.13:0] script '/domains/larrysr/ty.php' not found or unable to stat
[Sat Mar 07 01:04:21.701077 2026] [php:error] [pid 62388] [client 20.89.58.13:0] script '/domains/larrysr/uhddppix.php' not found or unable to stat
[Sat Mar 07 01:04:21.861853 2026] [php:error] [pid 62388] [client 20.89.58.13:0] script '/domains/larrysr/up.php' not found or unable to stat
[Sat Mar 07 01:04:22.352876 2026] [php:error] [pid 62388] [client 20.89.58.13:0] script '/domains/larrysr/update-core.php' not found or unable to stat
[Sat Mar 07 01:04:22.515641 2026] [php:error] [pid 62388] [client 20.89.58.13:0] script '/domains/larrysr/updates.php' not found or unable to stat
[Sat Mar 07 01:04:22.692400 2026] [php:error] [pid 62388] [client 20.89.58.13:0] script '/domains/larrysr/upfile.php' not found or unable to stat
[Sat Mar 07 01:04:22.862106 2026] [php:error] [pid 62388] [client 20.89.58.13:0] script '/domains/larrysr/upload.php' not found or unable to stat
[Sat Mar 07 01:04:23.185502 2026] [php:error] [pid 62388] [client 20.89.58.13:0] script '/domains/larrysr/userfuns.php' not found or unable to stat
[Sat Mar 07 01:04:23.345716 2026] [php:error] [pid 62388] [client 20.89.58.13:0] script '/domains/larrysr/users.php' not found or unable to stat
[Sat Mar 07 01:04:23.633522 2026] [php:error] [pid 62379] [client 4.204.188.52:0] script '/domains/frog.interport1/vynypyss.php' not found or unable to stat
[Sat Mar 07 01:04:23.665622 2026] [php:error] [pid 62379] [client 4.204.188.52:0] script '/domains/frog.interport1/rawrpw.php' not found or unable to stat
[Sat Mar 07 01:04:23.668257 2026] [php:error] [pid 62388] [client 20.89.58.13:0] script '/domains/larrysr/view.php' not found or unable to stat
[Sat Mar 07 01:04:23.689369 2026] [php:error] [pid 62379] [client 4.204.188.52:0] script '/domains/frog.interport1/asd67.php' not found or unable to stat
[Sat Mar 07 01:04:23.713137 2026] [php:error] [pid 62379] [client 4.204.188.52:0] script '/domains/frog.interport1/makeasmtp.php' not found or unable to stat
[Sat Mar 07 01:04:23.736979 2026] [php:error] [pid 62379] [client 4.204.188.52:0] script '/domains/frog.interport1/zbqxoidn.php' not found or unable to stat
[Sat Mar 07 01:04:23.829718 2026] [php:error] [pid 62379] [client 4.204.188.52:0] script '/domains/frog.interport1/hplsmbly.php' not found or unable to stat
[Sat Mar 07 01:04:23.853927 2026] [php:error] [pid 62379] [client 4.204.188.52:0] script '/domains/frog.interport1/alfanew.php' not found or unable to stat
[Sat Mar 07 01:04:23.883011 2026] [php:error] [pid 62379] [client 4.204.188.52:0] script '/domains/frog.interport1/Alex-Cross.php' not found or unable to stat
[Sat Mar 07 01:04:23.910808 2026] [php:error] [pid 62379] [client 4.204.188.52:0] script '/domains/frog.interport1/evatusmk.php' not found or unable to stat
[Sat Mar 07 01:04:23.935323 2026] [php:error] [pid 62379] [client 4.204.188.52:0] script '/domains/frog.interport1/file9.php' not found or unable to stat
[Sat Mar 07 01:04:24.020712 2026] [php:error] [pid 62388] [client 20.89.58.13:0] script '/domains/larrysr/w.php' not found or unable to stat
[Sat Mar 07 01:04:24.020721 2026] [php:error] [pid 62379] [client 4.204.188.52:0] script '/domains/frog.interport1/wp-session.php' not found or unable to stat
[Sat Mar 07 01:04:24.049122 2026] [php:error] [pid 62379] [client 4.204.188.52:0] script '/domains/frog.interport1/xl2023.php' not found or unable to stat
[Sat Mar 07 01:04:24.108063 2026] [php:error] [pid 62379] [client 4.204.188.52:0] script '/domains/frog.interport1/wp-conflg.php' not found or unable to stat
[Sat Mar 07 01:04:24.131761 2026] [php:error] [pid 62379] [client 4.204.188.52:0] script '/domains/frog.interport1/file18.php' not found or unable to stat
[Sat Mar 07 01:04:24.156276 2026] [php:error] [pid 62379] [client 4.204.188.52:0] script '/domains/frog.interport1/bbK8Qd6nhc.php' not found or unable to stat
[Sat Mar 07 01:04:24.180513 2026] [php:error] [pid 62379] [client 4.204.188.52:0] script '/domains/frog.interport1/BIBIL.php' not found or unable to stat
