[Sat Mar 07 02:33:49.741021 2026] [php:error] [pid 63901] [client 4.223.76.100:0] script '/domains/fifibear/4h.php' not found or unable to stat
[Sat Mar 07 02:33:49.840285 2026] [php:error] [pid 63901] [client 4.223.76.100:0] script '/domains/fifibear/gettest.php' not found or unable to stat
[Sat Mar 07 02:33:49.878731 2026] [php:error] [pid 63917] [client 20.53.240.38:0] script '/domains/ferguson.interport/inputs.php' not found or unable to stat
[Sat Mar 07 02:33:49.957324 2026] [php:error] [pid 63901] [client 4.223.76.100:0] script '/domains/fifibear/acp.php' not found or unable to stat
[Sat Mar 07 02:33:50.082183 2026] [php:error] [pid 63917] [client 20.53.240.38:0] script '/domains/ferguson.interport/ioxi-o.php' not found or unable to stat
[Sat Mar 07 02:33:50.200099 2026] [php:error] [pid 63901] [client 4.223.76.100:0] script '/domains/fifibear/database.php' not found or unable to stat
[Sat Mar 07 02:33:50.285149 2026] [php:error] [pid 63917] [client 20.53.240.38:0] script '/domains/ferguson.interport/lite.php' not found or unable to stat
[Sat Mar 07 02:33:50.488058 2026] [php:error] [pid 63917] [client 20.53.240.38:0] script '/domains/ferguson.interport/ms-edit.php' not found or unable to stat
[Sat Mar 07 02:33:50.690979 2026] [php:error] [pid 63917] [client 20.53.240.38:0] script '/domains/ferguson.interport/rip.php' not found or unable to stat
[Sat Mar 07 02:33:51.097164 2026] [php:error] [pid 63917] [client 20.53.240.38:0] script '/domains/ferguson.interport/upload.php' not found or unable to stat
[Sat Mar 07 02:33:51.506049 2026] [php:error] [pid 63917] [client 20.53.240.38:0] script '/domains/ferguson.interport/wp-act.php' not found or unable to stat
[Sat Mar 07 02:33:53.959248 2026] [php:error] [pid 63917] [client 20.53.240.38:0] script '/domains/ferguson.interport/wp-links-opml.php' not found or unable to stat
[Sat Mar 07 02:34:02.920465 2026] [php:error] [pid 63920] [client 52.179.211.95:0] script '/domains/homesbyaudrey1/vynypyss.php' not found or unable to stat
[Sat Mar 07 02:34:03.383336 2026] [php:error] [pid 63920] [client 52.179.211.95:0] script '/domains/homesbyaudrey1/rawrpw.php' not found or unable to stat
[Sat Mar 07 02:34:03.579847 2026] [php:error] [pid 63920] [client 52.179.211.95:0] script '/domains/homesbyaudrey1/asd67.php' not found or unable to stat
[Sat Mar 07 02:34:03.595484 2026] [php:error] [pid 63920] [client 52.179.211.95:0] script '/domains/homesbyaudrey1/makeasmtp.php' not found or unable to stat
[Sat Mar 07 02:34:03.603466 2026] [php:error] [pid 63920] [client 52.179.211.95:0] script '/domains/homesbyaudrey1/zbqxoidn.php' not found or unable to stat
[Sat Mar 07 02:34:03.611896 2026] [php:error] [pid 63920] [client 52.179.211.95:0] script '/domains/homesbyaudrey1/hplsmbly.php' not found or unable to stat
[Sat Mar 07 02:34:03.625603 2026] [php:error] [pid 63920] [client 52.179.211.95:0] script '/domains/homesbyaudrey1/alfanew.php' not found or unable to stat
[Sat Mar 07 02:34:03.633828 2026] [php:error] [pid 63920] [client 52.179.211.95:0] script '/domains/homesbyaudrey1/Alex-Cross.php' not found or unable to stat
[Sat Mar 07 02:34:03.657458 2026] [php:error] [pid 63920] [client 52.179.211.95:0] script '/domains/homesbyaudrey1/evatusmk.php' not found or unable to stat
[Sat Mar 07 02:34:03.784122 2026] [php:error] [pid 63920] [client 52.179.211.95:0] script '/domains/homesbyaudrey1/file9.php' not found or unable to stat
[Sat Mar 07 02:34:04.379853 2026] [php:error] [pid 63920] [client 52.179.211.95:0] script '/domains/homesbyaudrey1/wp-session.php' not found or unable to stat
[Sat Mar 07 02:34:04.608703 2026] [php:error] [pid 63920] [client 52.179.211.95:0] script '/domains/homesbyaudrey1/xl2023.php' not found or unable to stat
[Sat Mar 07 02:34:04.779822 2026] [php:error] [pid 63920] [client 52.179.211.95:0] script '/domains/homesbyaudrey1/wp-conflg.php' not found or unable to stat
[Sat Mar 07 02:34:04.930262 2026] [php:error] [pid 63920] [client 52.179.211.95:0] script '/domains/homesbyaudrey1/file18.php' not found or unable to stat
[Sat Mar 07 02:34:04.953266 2026] [php:error] [pid 63920] [client 52.179.211.95:0] script '/domains/homesbyaudrey1/bbK8Qd6nhc.php' not found or unable to stat
[Sat Mar 07 02:34:04.960571 2026] [php:error] [pid 63920] [client 52.179.211.95:0] script '/domains/homesbyaudrey1/BIBIL.php' not found or unable to stat
[Sat Mar 07 02:34:04.998644 2026] [php:error] [pid 63920] [client 52.179.211.95:0] script '/domains/homesbyaudrey1/uchkkzmk.php' not found or unable to stat
[Sat Mar 07 02:34:05.306308 2026] [php:error] [pid 63920] [client 52.179.211.95:0] script '/domains/homesbyaudrey1/wp-login.php' not found or unable to stat
[Sat Mar 07 02:34:05.487707 2026] [php:error] [pid 63920] [client 52.179.211.95:0] script '/domains/homesbyaudrey1/kbicjghd.php' not found or unable to stat
[Sat Mar 07 02:34:05.498770 2026] [php:error] [pid 63920] [client 52.179.211.95:0] script '/domains/homesbyaudrey1/wso.php' not found or unable to stat
[Sat Mar 07 02:34:05.509563 2026] [php:error] [pid 63920] [client 52.179.211.95:0] script '/domains/homesbyaudrey1/izusdinh.php' not found or unable to stat
[Sat Mar 07 02:34:05.539672 2026] [php:error] [pid 63920] [client 52.179.211.95:0] script '/domains/homesbyaudrey1/randkeyword.php' not found or unable to stat
[Sat Mar 07 02:34:05.669349 2026] [php:error] [pid 63920] [client 52.179.211.95:0] script '/domains/homesbyaudrey1/pgxfoqte.php' not found or unable to stat
[Sat Mar 07 02:34:05.676787 2026] [php:error] [pid 63920] [client 52.179.211.95:0] script '/domains/homesbyaudrey1/2TlRXt7OgIM.php' not found or unable to stat
[Sat Mar 07 02:34:05.684384 2026] [php:error] [pid 63920] [client 52.179.211.95:0] script '/domains/homesbyaudrey1/fopen.php' not found or unable to stat
[Sat Mar 07 02:34:05.691907 2026] [php:error] [pid 63920] [client 52.179.211.95:0] script '/domains/homesbyaudrey1/nokswnuh.php' not found or unable to stat
[Sat Mar 07 02:34:05.699597 2026] [php:error] [pid 63920] [client 52.179.211.95:0] script '/domains/homesbyaudrey1/41Wppt5xB9.php' not found or unable to stat
[Sat Mar 07 02:34:05.706995 2026] [php:error] [pid 63920] [client 52.179.211.95:0] script '/domains/homesbyaudrey1/uHn8BDkldxz.php' not found or unable to stat
[Sat Mar 07 02:34:05.726273 2026] [php:error] [pid 63920] [client 52.179.211.95:0] script '/domains/homesbyaudrey1/ae.php' not found or unable to stat
[Sat Mar 07 02:34:05.733924 2026] [php:error] [pid 63920] [client 52.179.211.95:0] script '/domains/homesbyaudrey1/config.php' not found or unable to stat
[Sat Mar 07 02:34:05.768613 2026] [php:error] [pid 63920] [client 52.179.211.95:0] script '/domains/homesbyaudrey1/nrmvjhdu.php' not found or unable to stat
[Sat Mar 07 02:34:05.807331 2026] [php:error] [pid 63920] [client 52.179.211.95:0] script '/domains/homesbyaudrey1/edit-tags.php' not found or unable to stat
[Sat Mar 07 02:34:05.841055 2026] [php:error] [pid 63920] [client 52.179.211.95:0] script '/domains/homesbyaudrey1/h2WUebaOkZG.php' not found or unable to stat
[Sat Mar 07 02:34:05.877251 2026] [php:error] [pid 63920] [client 52.179.211.95:0] script '/domains/homesbyaudrey1/alumni_reg.php' not found or unable to stat
[Sat Mar 07 02:34:05.903362 2026] [php:error] [pid 63920] [client 52.179.211.95:0] script '/domains/homesbyaudrey1/lrxqxgbi.php' not found or unable to stat
[Sat Mar 07 02:34:05.924457 2026] [php:error] [pid 63920] [client 52.179.211.95:0] script '/domains/homesbyaudrey1/phUploader.php' not found or unable to stat
[Sat Mar 07 02:34:05.973555 2026] [php:error] [pid 63920] [client 52.179.211.95:0] script '/domains/homesbyaudrey1/file6.php' not found or unable to stat
[Sat Mar 07 02:34:05.981007 2026] [php:error] [pid 63920] [client 52.179.211.95:0] script '/domains/homesbyaudrey1/qkvbqnne.php' not found or unable to stat
[Sat Mar 07 02:34:06.016863 2026] [php:error] [pid 63920] [client 52.179.211.95:0] script '/domains/homesbyaudrey1/file.php' not found or unable to stat
[Sat Mar 07 02:34:06.024787 2026] [php:error] [pid 63920] [client 52.179.211.95:0] script '/domains/homesbyaudrey1/yjlqpamf.php' not found or unable to stat
[Sat Mar 07 02:34:06.032550 2026] [php:error] [pid 63920] [client 52.179.211.95:0] script '/domains/homesbyaudrey1/default.php' not found or unable to stat
[Sat Mar 07 02:34:06.040310 2026] [php:error] [pid 63920] [client 52.179.211.95:0] script '/domains/homesbyaudrey1/php-info.php' not found or unable to stat
[Sat Mar 07 02:34:06.047602 2026] [php:error] [pid 63920] [client 52.179.211.95:0] script '/domains/homesbyaudrey1/ans.php' not found or unable to stat
[Sat Mar 07 02:34:06.055164 2026] [php:error] [pid 63920] [client 52.179.211.95:0] script '/domains/homesbyaudrey1/xltavrat.php' not found or unable to stat
[Sat Mar 07 02:34:06.087963 2026] [php:error] [pid 63920] [client 52.179.211.95:0] script '/domains/homesbyaudrey1/3YuwLn4aJ9T.php' not found or unable to stat
[Sat Mar 07 02:34:06.110323 2026] [php:error] [pid 63920] [client 52.179.211.95:0] script '/domains/homesbyaudrey1/aAZUleCFR6G.php' not found or unable to stat
[Sat Mar 07 02:34:06.127021 2026] [php:error] [pid 63920] [client 52.179.211.95:0] script '/domains/homesbyaudrey1/nam.php' not found or unable to stat
[Sat Mar 07 02:34:10.853559 2026] [php:error] [pid 63921] [client 45.149.173.195:0] script '/domains/lover/xmlrpc.php' not found or unable to stat
[Sat Mar 07 02:34:11.973805 2026] [php:error] [pid 63910] [client 20.89.18.123:0] script '/domains/tinatina/xmr.php' not found or unable to stat
[Sat Mar 07 02:34:12.143771 2026] [php:error] [pid 63910] [client 20.89.18.123:0] script '/domains/tinatina/about.php' not found or unable to stat
[Sat Mar 07 02:34:12.303498 2026] [php:error] [pid 63910] [client 20.89.18.123:0] script '/domains/tinatina/admin.php' not found or unable to stat
[Sat Mar 07 02:34:12.463374 2026] [php:error] [pid 63910] [client 20.89.18.123:0] script '/domains/tinatina/adminfuns.php' not found or unable to stat
[Sat Mar 07 02:34:12.623057 2026] [php:error] [pid 63910] [client 20.89.18.123:0] script '/domains/tinatina/as.php' not found or unable to stat
[Sat Mar 07 02:34:12.784220 2026] [php:error] [pid 63910] [client 20.89.18.123:0] script '/domains/tinatina/bolt.php' not found or unable to stat
[Sat Mar 07 02:34:13.105294 2026] [php:error] [pid 63910] [client 20.89.18.123:0] script '/domains/tinatina/class-t.api.php' not found or unable to stat
[Sat Mar 07 02:34:13.266203 2026] [php:error] [pid 63910] [client 20.89.18.123:0] script '/domains/tinatina/edit.php' not found or unable to stat
[Sat Mar 07 02:34:13.426269 2026] [php:error] [pid 63910] [client 20.89.18.123:0] script '/domains/tinatina/ff1.php' not found or unable to stat
[Sat Mar 07 02:34:13.592335 2026] [php:error] [pid 63910] [client 20.89.18.123:0] script '/domains/tinatina/fff.php' not found or unable to stat
[Sat Mar 07 02:34:13.752624 2026] [php:error] [pid 63910] [client 20.89.18.123:0] script '/domains/tinatina/inputs.php' not found or unable to stat
[Sat Mar 07 02:34:13.930666 2026] [php:error] [pid 63910] [client 20.89.18.123:0] script '/domains/tinatina/ioxi-o.php' not found or unable to stat
[Sat Mar 07 02:34:14.096933 2026] [php:error] [pid 63910] [client 20.89.18.123:0] script '/domains/tinatina/lite.php' not found or unable to stat
[Sat Mar 07 02:34:14.256437 2026] [php:error] [pid 63910] [client 20.89.18.123:0] script '/domains/tinatina/ms-edit.php' not found or unable to stat
[Sat Mar 07 02:34:14.415944 2026] [php:error] [pid 63910] [client 20.89.18.123:0] script '/domains/tinatina/rip.php' not found or unable to stat
[Sat Mar 07 02:34:14.764768 2026] [php:error] [pid 63910] [client 20.89.18.123:0] script '/domains/tinatina/upload.php' not found or unable to stat
[Sat Mar 07 02:34:15.097882 2026] [php:error] [pid 63910] [client 20.89.18.123:0] script '/domains/tinatina/wp-act.php' not found or unable to stat
[Sat Mar 07 02:34:17.026667 2026] [php:error] [pid 63910] [client 20.89.18.123:0] script '/domains/tinatina/wp-links-opml.php' not found or unable to stat
[Sat Mar 07 02:34:36.570734 2026] [php:error] [pid 63928] [client 20.203.144.43:0] script '/domains/metrolighting/gptsh.php' not found or unable to stat
[Sat Mar 07 02:34:36.665659 2026] [php:error] [pid 63928] [client 20.203.144.43:0] script '/domains/metrolighting/albin.php' not found or unable to stat
[Sat Mar 07 02:34:36.762906 2026] [php:error] [pid 63928] [client 20.203.144.43:0] script '/domains/metrolighting/yos.php' not found or unable to stat
[Sat Mar 07 02:34:36.858133 2026] [php:error] [pid 63928] [client 20.203.144.43:0] script '/domains/metrolighting/utky.php' not found or unable to stat
[Sat Mar 07 02:34:36.953055 2026] [php:error] [pid 63928] [client 20.203.144.43:0] script '/domains/metrolighting/settings.php' not found or unable to stat
[Sat Mar 07 02:34:37.047774 2026] [php:error] [pid 63928] [client 20.203.144.43:0] script '/domains/metrolighting/fsgdjkl.php' not found or unable to stat
[Sat Mar 07 02:34:37.142754 2026] [php:error] [pid 63928] [client 20.203.144.43:0] script '/domains/metrolighting/uuu.php' not found or unable to stat
[Sat Mar 07 02:34:37.237504 2026] [php:error] [pid 63928] [client 20.203.144.43:0] script '/domains/metrolighting/x12.php' not found or unable to stat
[Sat Mar 07 02:34:37.332325 2026] [php:error] [pid 63928] [client 20.203.144.43:0] script '/domains/metrolighting/by.php' not found or unable to stat
[Sat Mar 07 02:34:37.426982 2026] [php:error] [pid 63928] [client 20.203.144.43:0] script '/domains/metrolighting/sf.php' not found or unable to stat
[Sat Mar 07 02:34:37.522940 2026] [php:error] [pid 63928] [client 20.203.144.43:0] script '/domains/metrolighting/asw.php' not found or unable to stat
[Sat Mar 07 02:34:37.617674 2026] [php:error] [pid 63928] [client 20.203.144.43:0] script '/domains/metrolighting/eee.php' not found or unable to stat
[Sat Mar 07 02:34:37.712532 2026] [php:error] [pid 63928] [client 20.203.144.43:0] script '/domains/metrolighting/lp6.php' not found or unable to stat
[Sat Mar 07 02:34:37.807677 2026] [php:error] [pid 63928] [client 20.203.144.43:0] script '/domains/metrolighting/akses.php' not found or unable to stat
[Sat Mar 07 02:34:37.902383 2026] [php:error] [pid 63928] [client 20.203.144.43:0] script '/domains/metrolighting/no1.php' not found or unable to stat
[Sat Mar 07 02:34:37.996998 2026] [php:error] [pid 63928] [client 20.203.144.43:0] script '/domains/metrolighting/teee.php' not found or unable to stat
[Sat Mar 07 02:34:38.091731 2026] [php:error] [pid 63928] [client 20.203.144.43:0] script '/domains/metrolighting/elabel.php' not found or unable to stat
[Sat Mar 07 02:34:38.190436 2026] [php:error] [pid 63928] [client 20.203.144.43:0] script '/domains/metrolighting/bafFz.php' not found or unable to stat
[Sat Mar 07 02:34:38.285292 2026] [php:error] [pid 63928] [client 20.203.144.43:0] script '/domains/metrolighting/rere.php' not found or unable to stat
[Sat Mar 07 02:34:38.380382 2026] [php:error] [pid 63928] [client 20.203.144.43:0] script '/domains/metrolighting/jocundly.php' not found or unable to stat
[Sat Mar 07 02:34:38.475332 2026] [php:error] [pid 63928] [client 20.203.144.43:0] script '/domains/metrolighting/wo.php' not found or unable to stat
[Sat Mar 07 02:34:38.570500 2026] [php:error] [pid 63928] [client 20.203.144.43:0] script '/domains/metrolighting/h2h.php' not found or unable to stat
[Sat Mar 07 02:34:38.665251 2026] [php:error] [pid 63928] [client 20.203.144.43:0] script '/domains/metrolighting/rithin.php' not found or unable to stat
[Sat Mar 07 02:34:38.769712 2026] [php:error] [pid 63928] [client 20.203.144.43:0] script '/domains/metrolighting/kk.php' not found or unable to stat
[Sat Mar 07 02:34:38.864577 2026] [php:error] [pid 63928] [client 20.203.144.43:0] script '/domains/metrolighting/path.php' not found or unable to stat
[Sat Mar 07 02:34:38.959278 2026] [php:error] [pid 63928] [client 20.203.144.43:0] script '/domains/metrolighting/cs.php' not found or unable to stat
[Sat Mar 07 02:34:39.053863 2026] [php:error] [pid 63928] [client 20.203.144.43:0] script '/domains/metrolighting/w2025.php' not found or unable to stat
[Sat Mar 07 02:34:39.148573 2026] [php:error] [pid 63928] [client 20.203.144.43:0] script '/domains/metrolighting/foxr.php' not found or unable to stat
[Sat Mar 07 02:34:39.243531 2026] [php:error] [pid 63928] [client 20.203.144.43:0] script '/domains/metrolighting/swallowable.php' not found or unable to stat
[Sat Mar 07 02:34:39.338289 2026] [php:error] [pid 63928] [client 20.203.144.43:0] script '/domains/metrolighting/claw.php' not found or unable to stat
[Sat Mar 07 02:34:39.433160 2026] [php:error] [pid 63928] [client 20.203.144.43:0] script '/domains/metrolighting/fvvff.php' not found or unable to stat
[Sat Mar 07 02:34:39.528145 2026] [php:error] [pid 63928] [client 20.203.144.43:0] script '/domains/metrolighting/a2.php' not found or unable to stat
[Sat Mar 07 02:34:39.531152 2026] [php:error] [pid 63930] [client 20.89.18.123:0] script '/domains/fairlane1/xmr.php' not found or unable to stat
[Sat Mar 07 02:34:39.624599 2026] [php:error] [pid 63928] [client 20.203.144.43:0] script '/domains/metrolighting/sty.php' not found or unable to stat
[Sat Mar 07 02:34:39.700605 2026] [php:error] [pid 63930] [client 20.89.18.123:0] script '/domains/fairlane1/about.php' not found or unable to stat
[Sat Mar 07 02:34:39.720528 2026] [php:error] [pid 63928] [client 20.203.144.43:0] script '/domains/metrolighting/xxxx.php' not found or unable to stat
[Sat Mar 07 02:34:39.815360 2026] [php:error] [pid 63928] [client 20.203.144.43:0] script '/domains/metrolighting/h.php' not found or unable to stat
[Sat Mar 07 02:34:39.860514 2026] [php:error] [pid 63930] [client 20.89.18.123:0] script '/domains/fairlane1/admin.php' not found or unable to stat
[Sat Mar 07 02:34:39.910037 2026] [php:error] [pid 63928] [client 20.203.144.43:0] script '/domains/metrolighting/g.php' not found or unable to stat
[Sat Mar 07 02:34:40.004863 2026] [php:error] [pid 63928] [client 20.203.144.43:0] script '/domains/metrolighting/pp.php' not found or unable to stat
[Sat Mar 07 02:34:40.020398 2026] [php:error] [pid 63930] [client 20.89.18.123:0] script '/domains/fairlane1/adminfuns.php' not found or unable to stat
[Sat Mar 07 02:34:40.100114 2026] [php:error] [pid 63928] [client 20.203.144.43:0] script '/domains/metrolighting/sys.php' not found or unable to stat
[Sat Mar 07 02:34:40.180414 2026] [php:error] [pid 63930] [client 20.89.18.123:0] script '/domains/fairlane1/as.php' not found or unable to stat
[Sat Mar 07 02:34:40.195111 2026] [php:error] [pid 63928] [client 20.203.144.43:0] script '/domains/metrolighting/txets.php' not found or unable to stat
[Sat Mar 07 02:34:40.290304 2026] [php:error] [pid 63928] [client 20.203.144.43:0] script '/domains/metrolighting/wp9.php' not found or unable to stat
[Sat Mar 07 02:34:40.340946 2026] [php:error] [pid 63930] [client 20.89.18.123:0] script '/domains/fairlane1/bolt.php' not found or unable to stat
[Sat Mar 07 02:34:40.384720 2026] [php:error] [pid 63928] [client 20.203.144.43:0] script '/domains/metrolighting/path.php' not found or unable to stat
[Sat Mar 07 02:34:40.479672 2026] [php:error] [pid 63928] [client 20.203.144.43:0] script '/domains/metrolighting/wdf.php' not found or unable to stat
[Sat Mar 07 02:34:40.574661 2026] [php:error] [pid 63928] [client 20.203.144.43:0] script '/domains/metrolighting/2.php' not found or unable to stat
[Sat Mar 07 02:34:40.660870 2026] [php:error] [pid 63930] [client 20.89.18.123:0] script '/domains/fairlane1/class-t.api.php' not found or unable to stat
[Sat Mar 07 02:34:40.669153 2026] [php:error] [pid 63928] [client 20.203.144.43:0] script '/domains/metrolighting/mga.php' not found or unable to stat
[Sat Mar 07 02:34:40.763940 2026] [php:error] [pid 63928] [client 20.203.144.43:0] script '/domains/metrolighting/maxro.php' not found or unable to stat
[Sat Mar 07 02:34:40.821028 2026] [php:error] [pid 63930] [client 20.89.18.123:0] script '/domains/fairlane1/edit.php' not found or unable to stat
[Sat Mar 07 02:34:40.858558 2026] [php:error] [pid 63928] [client 20.203.144.43:0] script '/domains/metrolighting/pass2.php' not found or unable to stat
[Sat Mar 07 02:34:40.957471 2026] [php:error] [pid 63928] [client 20.203.144.43:0] script '/domains/metrolighting/wsvvs.php' not found or unable to stat
[Sat Mar 07 02:34:40.980973 2026] [php:error] [pid 63930] [client 20.89.18.123:0] script '/domains/fairlane1/ff1.php' not found or unable to stat
[Sat Mar 07 02:34:41.052152 2026] [php:error] [pid 63928] [client 20.203.144.43:0] script '/domains/metrolighting/3.php' not found or unable to stat
[Sat Mar 07 02:34:41.140784 2026] [php:error] [pid 63930] [client 20.89.18.123:0] script '/domains/fairlane1/fff.php' not found or unable to stat
[Sat Mar 07 02:34:41.146827 2026] [php:error] [pid 63928] [client 20.203.144.43:0] script '/domains/metrolighting/edit.php' not found or unable to stat
[Sat Mar 07 02:34:41.241688 2026] [php:error] [pid 63928] [client 20.203.144.43:0] script '/domains/metrolighting/ioxi-o.php' not found or unable to stat
[Sat Mar 07 02:34:41.304545 2026] [php:error] [pid 63930] [client 20.89.18.123:0] script '/domains/fairlane1/inputs.php' not found or unable to stat
[Sat Mar 07 02:34:41.430937 2026] [php:error] [pid 63928] [client 20.203.144.43:0] script '/domains/metrolighting/66.php' not found or unable to stat
[Sat Mar 07 02:34:41.477109 2026] [php:error] [pid 63930] [client 20.89.18.123:0] script '/domains/fairlane1/ioxi-o.php' not found or unable to stat
[Sat Mar 07 02:34:41.620504 2026] [php:error] [pid 63928] [client 20.203.144.43:0] script '/domains/metrolighting/gifclass.php' not found or unable to stat
[Sat Mar 07 02:34:41.637183 2026] [php:error] [pid 63930] [client 20.89.18.123:0] script '/domains/fairlane1/lite.php' not found or unable to stat
[Sat Mar 07 02:34:41.799766 2026] [php:error] [pid 63930] [client 20.89.18.123:0] script '/domains/fairlane1/ms-edit.php' not found or unable to stat
[Sat Mar 07 02:34:41.969020 2026] [php:error] [pid 63930] [client 20.89.18.123:0] script '/domains/fairlane1/rip.php' not found or unable to stat
[Sat Mar 07 02:34:42.095847 2026] [php:error] [pid 63928] [client 20.203.144.43:0] script '/domains/metrolighting/sc.php' not found or unable to stat
[Sat Mar 07 02:34:42.190698 2026] [php:error] [pid 63928] [client 20.203.144.43:0] script '/domains/metrolighting/xmlrpc.php' not found or unable to stat
[Sat Mar 07 02:34:42.285396 2026] [php:error] [pid 63928] [client 20.203.144.43:0] script '/domains/metrolighting/ol.php' not found or unable to stat
[Sat Mar 07 02:34:42.290630 2026] [php:error] [pid 63930] [client 20.89.18.123:0] script '/domains/fairlane1/upload.php' not found or unable to stat
[Sat Mar 07 02:34:42.380186 2026] [php:error] [pid 63928] [client 20.203.144.43:0] script '/domains/metrolighting/f6.php' not found or unable to stat
[Sat Mar 07 02:34:42.475090 2026] [php:error] [pid 63928] [client 20.203.144.43:0] script '/domains/metrolighting/inputs.php' not found or unable to stat
[Sat Mar 07 02:34:42.502414 2026] [php:error] [pid 63925] [client 207.180.243.111:0] script '/domains/schellin/phpinfo.php' not found or unable to stat
[Sat Mar 07 02:34:42.569741 2026] [php:error] [pid 63928] [client 20.203.144.43:0] script '/domains/metrolighting/style.php' not found or unable to stat
[Sat Mar 07 02:34:42.610398 2026] [php:error] [pid 63930] [client 20.89.18.123:0] script '/domains/fairlane1/wp-act.php' not found or unable to stat
[Sat Mar 07 02:34:42.664338 2026] [php:error] [pid 63928] [client 20.203.144.43:0] script '/domains/metrolighting/bgymj.php' not found or unable to stat
[Sat Mar 07 02:34:42.759319 2026] [php:error] [pid 63928] [client 20.203.144.43:0] script '/domains/metrolighting/aa.php' not found or unable to stat
[Sat Mar 07 02:34:42.854115 2026] [php:error] [pid 63928] [client 20.203.144.43:0] script '/domains/metrolighting/1.php' not found or unable to stat
[Sat Mar 07 02:34:42.948713 2026] [php:error] [pid 63928] [client 20.203.144.43:0] script '/domains/metrolighting/sc.php' not found or unable to stat
[Sat Mar 07 02:34:43.043405 2026] [php:error] [pid 63928] [client 20.203.144.43:0] script '/domains/metrolighting/av.php' not found or unable to stat
[Sat Mar 07 02:34:43.138123 2026] [php:error] [pid 63928] [client 20.203.144.43:0] script '/domains/metrolighting/file.php' not found or unable to stat
[Sat Mar 07 02:34:43.232930 2026] [php:error] [pid 63928] [client 20.203.144.43:0] script '/domains/metrolighting/file59.php' not found or unable to stat
[Sat Mar 07 02:34:43.327839 2026] [php:error] [pid 63928] [client 20.203.144.43:0] script '/domains/metrolighting/bless.php' not found or unable to stat
[Sat Mar 07 02:34:43.422278 2026] [php:error] [pid 63928] [client 20.203.144.43:0] script '/domains/metrolighting/wp9.php' not found or unable to stat
[Sat Mar 07 02:34:43.517370 2026] [php:error] [pid 63928] [client 20.203.144.43:0] script '/domains/metrolighting/wp-act.php' not found or unable to stat
[Sat Mar 07 02:34:43.612280 2026] [php:error] [pid 63928] [client 20.203.144.43:0] script '/domains/metrolighting/class-t.api.php' not found or unable to stat
[Sat Mar 07 02:34:43.706998 2026] [php:error] [pid 63928] [client 20.203.144.43:0] script '/domains/metrolighting/xqq.php' not found or unable to stat
[Sat Mar 07 02:34:43.896768 2026] [php:error] [pid 63928] [client 20.203.144.43:0] script '/domains/metrolighting/a.php' not found or unable to stat
[Sat Mar 07 02:34:43.992126 2026] [php:error] [pid 63928] [client 20.203.144.43:0] script '/domains/metrolighting/06.php' not found or unable to stat
[Sat Mar 07 02:34:44.072762 2026] [php:error] [pid 63925] [client 207.180.243.111:0] script '/domains/schellin/info.php' not found or unable to stat
[Sat Mar 07 02:34:44.088086 2026] [php:error] [pid 63928] [client 20.203.144.43:0] script '/domains/metrolighting/plss3.php' not found or unable to stat
[Sat Mar 07 02:34:44.183303 2026] [php:error] [pid 63928] [client 20.203.144.43:0] script '/domains/metrolighting/aaa.php' not found or unable to stat
[Sat Mar 07 02:34:44.278421 2026] [php:error] [pid 63928] [client 20.203.144.43:0] script '/domains/metrolighting/classwithtostring.php' not found or unable to stat
[Sat Mar 07 02:34:44.472520 2026] [php:error] [pid 63928] [client 20.203.144.43:0] script '/domains/metrolighting/tinyfilemanager.php' not found or unable to stat
[Sat Mar 07 02:34:44.563356 2026] [php:error] [pid 63930] [client 20.89.18.123:0] script '/domains/fairlane1/wp-links-opml.php' not found or unable to stat
[Sat Mar 07 02:34:44.567312 2026] [php:error] [pid 63928] [client 20.203.144.43:0] script '/domains/metrolighting/x.php' not found or unable to stat
[Sat Mar 07 02:34:44.662353 2026] [php:error] [pid 63928] [client 20.203.144.43:0] script '/domains/metrolighting/ms.php' not found or unable to stat
[Sat Mar 07 02:34:44.852078 2026] [php:error] [pid 63928] [client 20.203.144.43:0] script '/domains/metrolighting/wp-update.php' not found or unable to stat
[Sat Mar 07 02:34:44.947128 2026] [php:error] [pid 63928] [client 20.203.144.43:0] script '/domains/metrolighting/sbhu.php' not found or unable to stat
[Sat Mar 07 02:34:45.136731 2026] [php:error] [pid 63928] [client 20.203.144.43:0] script '/domains/metrolighting/wp-blog.php' not found or unable to stat
[Sat Mar 07 02:34:45.170950 2026] [php:error] [pid 63925] [client 207.180.243.111:0] script '/domains/schellin/pi.php' not found or unable to stat
[Sat Mar 07 02:34:45.231470 2026] [php:error] [pid 63928] [client 20.203.144.43:0] script '/domains/metrolighting/test1.php' not found or unable to stat
[Sat Mar 07 02:34:45.420898 2026] [php:error] [pid 63928] [client 20.203.144.43:0] script '/domains/metrolighting/166.php' not found or unable to stat
[Sat Mar 07 02:34:45.615548 2026] [php:error] [pid 63928] [client 20.203.144.43:0] script '/domains/metrolighting/ms-edit.php' not found or unable to stat
[Sat Mar 07 02:34:45.710697 2026] [php:error] [pid 63928] [client 20.203.144.43:0] script '/domains/metrolighting/adminfuns.php' not found or unable to stat
[Sat Mar 07 02:34:45.805497 2026] [php:error] [pid 63928] [client 20.203.144.43:0] script '/domains/metrolighting/goods.php' not found or unable to stat
[Sat Mar 07 02:34:45.899844 2026] [php:error] [pid 63928] [client 20.203.144.43:0] script '/domains/metrolighting/ms-edit.php' not found or unable to stat
[Sat Mar 07 02:34:45.995177 2026] [php:error] [pid 63928] [client 20.203.144.43:0] script '/domains/metrolighting/222.php' not found or unable to stat
[Sat Mar 07 02:34:46.181569 2026] [php:error] [pid 63917] [client 20.203.144.43:0] script '/domains/metrolighting/plugins.php' not found or unable to stat
[Sat Mar 07 02:34:46.274947 2026] [php:error] [pid 63917] [client 20.203.144.43:0] script '/domains/metrolighting/cgi-bin/index.php' not found or unable to stat
[Sat Mar 07 02:34:46.460391 2026] [php:error] [pid 63917] [client 20.203.144.43:0] script '/domains/metrolighting/ff1.php' not found or unable to stat
[Sat Mar 07 02:34:46.553842 2026] [php:error] [pid 63917] [client 20.203.144.43:0] script '/domains/metrolighting/fff.php' not found or unable to stat
[Sat Mar 07 02:34:46.739605 2026] [php:error] [pid 63917] [client 20.203.144.43:0] script '/domains/metrolighting/goat.php' not found or unable to stat
[Sat Mar 07 02:34:46.832416 2026] [php:error] [pid 63917] [client 20.203.144.43:0] script '/domains/metrolighting/155.php' not found or unable to stat
[Sat Mar 07 02:34:46.925251 2026] [php:error] [pid 63917] [client 20.203.144.43:0] script '/domains/metrolighting/we.php' not found or unable to stat
[Sat Mar 07 02:34:47.018849 2026] [php:error] [pid 63917] [client 20.203.144.43:0] script '/domains/metrolighting/alpha.php' not found or unable to stat
[Sat Mar 07 02:34:47.111884 2026] [php:error] [pid 63917] [client 20.203.144.43:0] script '/domains/metrolighting/makeasmtp.php' not found or unable to stat
[Sat Mar 07 02:34:47.204712 2026] [php:error] [pid 63917] [client 20.203.144.43:0] script '/domains/metrolighting/wp-michan.php' not found or unable to stat
[Sat Mar 07 02:34:47.390296 2026] [php:error] [pid 63917] [client 20.203.144.43:0] script '/domains/metrolighting/wp-the.php' not found or unable to stat
[Sat Mar 07 02:34:47.576604 2026] [php:error] [pid 63917] [client 20.203.144.43:0] script '/domains/metrolighting/BDKR28WP.php' not found or unable to stat
[Sat Mar 07 02:34:47.762184 2026] [php:error] [pid 63917] [client 20.203.144.43:0] script '/domains/metrolighting/wp.php' not found or unable to stat
[Sat Mar 07 02:34:47.947892 2026] [php:error] [pid 63917] [client 20.203.144.43:0] script '/domains/metrolighting/w4.php' not found or unable to stat
[Sat Mar 07 02:34:48.135764 2026] [php:error] [pid 63917] [client 20.203.144.43:0] script '/domains/metrolighting/ok.php' not found or unable to stat
[Sat Mar 07 02:34:48.229912 2026] [php:error] [pid 63917] [client 20.203.144.43:0] script '/domains/metrolighting/about.php' not found or unable to stat
[Sat Mar 07 02:34:48.416476 2026] [php:error] [pid 63917] [client 20.203.144.43:0] script '/domains/metrolighting/fe5.php' not found or unable to stat
[Sat Mar 07 02:34:48.509923 2026] [php:error] [pid 63917] [client 20.203.144.43:0] script '/domains/metrolighting/kj.php' not found or unable to stat
[Sat Mar 07 02:34:48.696128 2026] [php:error] [pid 63917] [client 20.203.144.43:0] script '/domains/metrolighting/av.php' not found or unable to stat
[Sat Mar 07 02:34:48.789047 2026] [php:error] [pid 63917] [client 20.203.144.43:0] script '/domains/metrolighting/abcd.php' not found or unable to stat
[Sat Mar 07 02:34:48.881910 2026] [php:error] [pid 63917] [client 20.203.144.43:0] script '/domains/metrolighting/init.php' not found or unable to stat
[Sat Mar 07 02:34:48.976398 2026] [php:error] [pid 63917] [client 20.203.144.43:0] script '/domains/metrolighting/fi.php' not found or unable to stat
[Sat Mar 07 02:34:49.069273 2026] [php:error] [pid 63917] [client 20.203.144.43:0] script '/domains/metrolighting/a1.php' not found or unable to stat
[Sat Mar 07 02:34:49.244503 2026] [php:error] [pid 63925] [client 207.180.243.111:0] script '/domains/schellin/i.php' not found or unable to stat
[Sat Mar 07 02:34:49.347770 2026] [php:error] [pid 63917] [client 20.203.144.43:0] script '/domains/metrolighting/f35.php' not found or unable to stat
[Sat Mar 07 02:34:49.444017 2026] [php:error] [pid 63917] [client 20.203.144.43:0] script '/domains/metrolighting/hi.php' not found or unable to stat
[Sat Mar 07 02:34:49.536970 2026] [php:error] [pid 63917] [client 20.203.144.43:0] script '/domains/metrolighting/lb.php' not found or unable to stat
[Sat Mar 07 02:34:49.815193 2026] [php:error] [pid 63917] [client 20.203.144.43:0] script '/domains/metrolighting/prv8.php' not found or unable to stat
[Sat Mar 07 02:34:49.907891 2026] [php:error] [pid 63917] [client 20.203.144.43:0] script '/domains/metrolighting/k.php' not found or unable to stat
[Sat Mar 07 02:34:49.949623 2026] [php:error] [pid 63905] [client 207.180.243.111:0] script '/domains/trodine/i.php' not found or unable to stat
[Sat Mar 07 02:34:49.951680 2026] [php:error] [pid 63920] [client 207.180.243.111:0] script '/domains/pmglobal/i.php' not found or unable to stat
[Sat Mar 07 02:34:50.000734 2026] [php:error] [pid 63917] [client 20.203.144.43:0] script '/domains/metrolighting/dev.php' not found or unable to stat
[Sat Mar 07 02:34:50.093429 2026] [php:error] [pid 63917] [client 20.203.144.43:0] script '/domains/metrolighting/bal.php' not found or unable to stat
[Sat Mar 07 02:34:50.186247 2026] [php:error] [pid 63917] [client 20.203.144.43:0] script '/domains/metrolighting/in.php' not found or unable to stat
[Sat Mar 07 02:34:50.279366 2026] [php:error] [pid 63917] [client 20.203.144.43:0] script '/domains/metrolighting/gssdd.php' not found or unable to stat
[Sat Mar 07 02:34:50.373653 2026] [php:error] [pid 63917] [client 20.203.144.43:0] script '/domains/metrolighting/motu.php' not found or unable to stat
[Sat Mar 07 02:34:50.467936 2026] [php:error] [pid 63917] [client 20.203.144.43:0] script '/domains/metrolighting/bs1.php' not found or unable to stat
[Sat Mar 07 02:34:50.560904 2026] [php:error] [pid 63917] [client 20.203.144.43:0] script '/domains/metrolighting/bengi.php' not found or unable to stat
[Sat Mar 07 02:34:50.603759 2026] [php:error] [pid 63925] [client 207.180.243.111:0] script '/domains/schellin/index.php' not found or unable to stat
[Sat Mar 07 02:34:50.654595 2026] [php:error] [pid 63917] [client 20.203.144.43:0] script '/domains/metrolighting/miansha.php' not found or unable to stat
[Sat Mar 07 02:34:50.747495 2026] [php:error] [pid 63917] [client 20.203.144.43:0] script '/domains/metrolighting/erty.php' not found or unable to stat
[Sat Mar 07 02:34:50.936826 2026] [php:error] [pid 63917] [client 20.203.144.43:0] script '/domains/metrolighting/X57.php' not found or unable to stat
[Sat Mar 07 02:34:51.030229 2026] [php:error] [pid 63917] [client 20.203.144.43:0] script '/domains/metrolighting/axx.php' not found or unable to stat
[Sat Mar 07 02:34:51.123222 2026] [php:error] [pid 63917] [client 20.203.144.43:0] script '/domains/metrolighting/alfashell.php' not found or unable to stat
[Sat Mar 07 02:34:51.217322 2026] [php:error] [pid 63917] [client 20.203.144.43:0] script '/domains/metrolighting/re.php' not found or unable to stat
[Sat Mar 07 02:34:51.310357 2026] [php:error] [pid 63917] [client 20.203.144.43:0] script '/domains/metrolighting/styll.php' not found or unable to stat
[Sat Mar 07 02:34:51.403386 2026] [php:error] [pid 63917] [client 20.203.144.43:0] script '/domains/metrolighting/flower.php' not found or unable to stat
[Sat Mar 07 02:34:51.496890 2026] [php:error] [pid 63917] [client 20.203.144.43:0] script '/domains/metrolighting/4h.php' not found or unable to stat
[Sat Mar 07 02:34:51.591401 2026] [php:error] [pid 63917] [client 20.203.144.43:0] script '/domains/metrolighting/gettest.php' not found or unable to stat
[Sat Mar 07 02:34:51.684304 2026] [php:error] [pid 63917] [client 20.203.144.43:0] script '/domains/metrolighting/acp.php' not found or unable to stat
[Sat Mar 07 02:34:51.777207 2026] [php:error] [pid 63917] [client 20.203.144.43:0] script '/domains/metrolighting/database.php' not found or unable to stat
[Sat Mar 07 02:34:51.943315 2026] [php:error] [pid 63925] [client 207.180.243.111:0] script '/domains/schellin/index.php' not found or unable to stat
[Sat Mar 07 02:34:53.387968 2026] [php:error] [pid 63925] [client 207.180.243.111:0] script '/domains/schellin/index.php' not found or unable to stat
[Sat Mar 07 02:34:57.447518 2026] [php:error] [pid 63947] [client 207.180.243.111:0] script '/domains/trodine/index.php' not found or unable to stat
[Sat Mar 07 02:34:57.534060 2026] [php:error] [pid 63931] [client 207.180.243.111:0] script '/domains/pmglobal/index.php' not found or unable to stat
[Sat Mar 07 02:34:58.905266 2026] [php:error] [pid 63955] [client 216.244.66.232:0] script '/domains/hdickens.enteract/kmnj.php' not found or unable to stat
[Sat Mar 07 02:35:01.049248 2026] [php:error] [pid 63960] [client 207.180.243.111:0] script '/domains/trodine/index.php' not found or unable to stat
[Sat Mar 07 02:35:01.060883 2026] [php:error] [pid 63962] [client 207.180.243.111:0] script '/domains/pmglobal/index.php' not found or unable to stat
[Sat Mar 07 02:35:34.504194 2026] [php:error] [pid 63917] [client 95.134.63.161:0] script '/domains/antiqueweb1/wp-login.php' not found or unable to stat
[Sat Mar 07 02:35:55.250323 2026] [php:error] [pid 63933] [client 185.165.46.197:0] script '/domains/efusion1/accesson.php' not found or unable to stat
[Sat Mar 07 02:36:19.197404 2026] [php:error] [pid 63962] [client 20.63.83.113:0] script '/domains/fdcarter/acfipnci.php' not found or unable to stat
[Sat Mar 07 02:36:19.231078 2026] [php:error] [pid 63962] [client 20.63.83.113:0] script '/domains/fdcarter/simple.php' not found or unable to stat
[Sat Mar 07 02:36:19.262441 2026] [php:error] [pid 63962] [client 20.63.83.113:0] script '/domains/fdcarter/twlsgobh.php' not found or unable to stat
[Sat Mar 07 02:36:19.293078 2026] [php:error] [pid 63962] [client 20.63.83.113:0] script '/domains/fdcarter/function.php' not found or unable to stat
[Sat Mar 07 02:36:19.323847 2026] [php:error] [pid 63962] [client 20.63.83.113:0] script '/domains/fdcarter/Quotqw4MU9n.php' not found or unable to stat
[Sat Mar 07 02:36:19.360438 2026] [php:error] [pid 63962] [client 20.63.83.113:0] script '/domains/fdcarter/4z78sSq3VE2.php' not found or unable to stat
[Sat Mar 07 02:36:19.384598 2026] [php:error] [pid 63962] [client 20.63.83.113:0] script '/domains/fdcarter/rest-api.php' not found or unable to stat
[Sat Mar 07 02:36:19.420847 2026] [php:error] [pid 63962] [client 20.63.83.113:0] script '/domains/fdcarter/iikklegv.php' not found or unable to stat
[Sat Mar 07 02:36:19.455845 2026] [php:error] [pid 63962] [client 20.63.83.113:0] script '/domains/fdcarter/lcahmwsz.php' not found or unable to stat
[Sat Mar 07 02:36:19.488161 2026] [php:error] [pid 63962] [client 20.63.83.113:0] script '/domains/fdcarter/wp-info.php' not found or unable to stat
[Sat Mar 07 02:36:19.512441 2026] [php:error] [pid 63962] [client 20.63.83.113:0] script '/domains/fdcarter/tuhixyxq.php' not found or unable to stat
[Sat Mar 07 02:36:19.536766 2026] [php:error] [pid 63962] [client 20.63.83.113:0] script '/domains/fdcarter/dropdown.php' not found or unable to stat
[Sat Mar 07 02:36:19.572625 2026] [php:error] [pid 63962] [client 20.63.83.113:0] script '/domains/fdcarter/QvAqFalfCTX.php' not found or unable to stat
[Sat Mar 07 02:36:19.603700 2026] [php:error] [pid 63962] [client 20.63.83.113:0] script '/domains/fdcarter/7DHoKtiS2sQ.php' not found or unable to stat
[Sat Mar 07 02:36:19.627811 2026] [php:error] [pid 63962] [client 20.63.83.113:0] script '/domains/fdcarter/qySIWF6TJbv.php' not found or unable to stat
[Sat Mar 07 02:36:19.665096 2026] [php:error] [pid 63962] [client 20.63.83.113:0] script '/domains/fdcarter/xmrrpxgn.php' not found or unable to stat
[Sat Mar 07 02:36:19.689427 2026] [php:error] [pid 63962] [client 20.63.83.113:0] script '/domains/fdcarter/vtmlkgps.php' not found or unable to stat
[Sat Mar 07 02:36:19.755810 2026] [php:error] [pid 63962] [client 20.63.83.113:0] script '/domains/fdcarter/gnkadgiz.php' not found or unable to stat
[Sat Mar 07 02:36:19.780660 2026] [php:error] [pid 63962] [client 20.63.83.113:0] script '/domains/fdcarter/sqosuclx.php' not found or unable to stat
[Sat Mar 07 02:36:19.816039 2026] [php:error] [pid 63962] [client 20.63.83.113:0] script '/domains/fdcarter/9FM3suPlwtZ.php' not found or unable to stat
[Sat Mar 07 02:36:36.869192 2026] [php:error] [pid 63976] [client 169.224.36.218:0] script '/domains/fifibear/xmlrpc.php' not found or unable to stat
[Sat Mar 07 02:36:50.821645 2026] [php:error] [pid 63910] [client 207.180.243.111:0] script '/domains/pmglobal/phpinfo.php' not found or unable to stat
[Sat Mar 07 02:36:50.822231 2026] [php:error] [pid 63994] [client 207.180.243.111:0] script '/domains/trodine/phpinfo.php' not found or unable to stat
[Sat Mar 07 02:36:53.625863 2026] [php:error] [pid 63973] [client 207.180.243.111:0] script '/domains/trodine/info.php' not found or unable to stat
[Sat Mar 07 02:36:53.627591 2026] [php:error] [pid 63910] [client 207.180.243.111:0] script '/domains/pmglobal/info.php' not found or unable to stat
[Sat Mar 07 02:36:59.792376 2026] [php:error] [pid 63975] [client 207.180.243.111:0] script '/domains/pmglobal/pi.php' not found or unable to stat
[Sat Mar 07 02:36:59.792736 2026] [php:error] [pid 63979] [client 207.180.243.111:0] script '/domains/trodine/pi.php' not found or unable to stat
[Sat Mar 07 02:37:03.171363 2026] [php:error] [pid 63991] [client 207.180.243.111:0] script '/domains/pmglobal/i.php' not found or unable to stat
[Sat Mar 07 02:37:03.176617 2026] [php:error] [pid 63973] [client 207.180.243.111:0] script '/domains/trodine/i.php' not found or unable to stat
[Sat Mar 07 02:37:12.517206 2026] [php:error] [pid 63996] [client 207.180.243.111:0] script '/domains/trodine/index.php' not found or unable to stat
[Sat Mar 07 02:37:12.517447 2026] [php:error] [pid 63981] [client 207.180.243.111:0] script '/domains/pmglobal/index.php' not found or unable to stat
[Sat Mar 07 02:37:15.785029 2026] [php:error] [pid 64001] [client 20.100.177.179:0] script '/domains/awciii/gptsh.php' not found or unable to stat
[Sat Mar 07 02:37:15.879361 2026] [php:error] [pid 64001] [client 20.100.177.179:0] script '/domains/awciii/albin.php' not found or unable to stat
[Sat Mar 07 02:37:15.973328 2026] [php:error] [pid 64001] [client 20.100.177.179:0] script '/domains/awciii/yos.php' not found or unable to stat
[Sat Mar 07 02:37:16.067452 2026] [php:error] [pid 64001] [client 20.100.177.179:0] script '/domains/awciii/utky.php' not found or unable to stat
[Sat Mar 07 02:37:16.169815 2026] [php:error] [pid 64001] [client 20.100.177.179:0] script '/domains/awciii/settings.php' not found or unable to stat
[Sat Mar 07 02:37:16.263828 2026] [php:error] [pid 64001] [client 20.100.177.179:0] script '/domains/awciii/fsgdjkl.php' not found or unable to stat
[Sat Mar 07 02:37:16.363478 2026] [php:error] [pid 64001] [client 20.100.177.179:0] script '/domains/awciii/uuu.php' not found or unable to stat
[Sat Mar 07 02:37:16.458419 2026] [php:error] [pid 64001] [client 20.100.177.179:0] script '/domains/awciii/x12.php' not found or unable to stat
[Sat Mar 07 02:37:16.569276 2026] [php:error] [pid 64001] [client 20.100.177.179:0] script '/domains/awciii/by.php' not found or unable to stat
[Sat Mar 07 02:37:16.684476 2026] [php:error] [pid 64001] [client 20.100.177.179:0] script '/domains/awciii/sf.php' not found or unable to stat
[Sat Mar 07 02:37:16.791543 2026] [php:error] [pid 64001] [client 20.100.177.179:0] script '/domains/awciii/asw.php' not found or unable to stat
[Sat Mar 07 02:37:16.892957 2026] [php:error] [pid 64001] [client 20.100.177.179:0] script '/domains/awciii/eee.php' not found or unable to stat
[Sat Mar 07 02:37:16.987109 2026] [php:error] [pid 64001] [client 20.100.177.179:0] script '/domains/awciii/lp6.php' not found or unable to stat
[Sat Mar 07 02:37:17.174855 2026] [php:error] [pid 64001] [client 20.100.177.179:0] script '/domains/awciii/akses.php' not found or unable to stat
[Sat Mar 07 02:37:17.268882 2026] [php:error] [pid 64001] [client 20.100.177.179:0] script '/domains/awciii/no1.php' not found or unable to stat
[Sat Mar 07 02:37:17.363087 2026] [php:error] [pid 64001] [client 20.100.177.179:0] script '/domains/awciii/teee.php' not found or unable to stat
[Sat Mar 07 02:37:17.461189 2026] [php:error] [pid 64001] [client 20.100.177.179:0] script '/domains/awciii/elabel.php' not found or unable to stat
[Sat Mar 07 02:37:17.555494 2026] [php:error] [pid 64001] [client 20.100.177.179:0] script '/domains/awciii/bafFz.php' not found or unable to stat
[Sat Mar 07 02:37:17.650006 2026] [php:error] [pid 64001] [client 20.100.177.179:0] script '/domains/awciii/rere.php' not found or unable to stat
[Sat Mar 07 02:37:17.748987 2026] [php:error] [pid 64001] [client 20.100.177.179:0] script '/domains/awciii/jocundly.php' not found or unable to stat
[Sat Mar 07 02:37:17.842951 2026] [php:error] [pid 64001] [client 20.100.177.179:0] script '/domains/awciii/wo.php' not found or unable to stat
[Sat Mar 07 02:37:17.939328 2026] [php:error] [pid 64001] [client 20.100.177.179:0] script '/domains/awciii/h2h.php' not found or unable to stat
[Sat Mar 07 02:37:18.033423 2026] [php:error] [pid 64001] [client 20.100.177.179:0] script '/domains/awciii/rithin.php' not found or unable to stat
[Sat Mar 07 02:37:18.127383 2026] [php:error] [pid 64001] [client 20.100.177.179:0] script '/domains/awciii/kk.php' not found or unable to stat
[Sat Mar 07 02:37:18.221644 2026] [php:error] [pid 64001] [client 20.100.177.179:0] script '/domains/awciii/path.php' not found or unable to stat
[Sat Mar 07 02:37:18.316378 2026] [php:error] [pid 64001] [client 20.100.177.179:0] script '/domains/awciii/cs.php' not found or unable to stat
[Sat Mar 07 02:37:18.424245 2026] [php:error] [pid 64001] [client 20.100.177.179:0] script '/domains/awciii/w2025.php' not found or unable to stat
[Sat Mar 07 02:37:18.661746 2026] [php:error] [pid 64001] [client 20.100.177.179:0] script '/domains/awciii/foxr.php' not found or unable to stat
[Sat Mar 07 02:37:18.755674 2026] [php:error] [pid 64001] [client 20.100.177.179:0] script '/domains/awciii/swallowable.php' not found or unable to stat
[Sat Mar 07 02:37:18.859327 2026] [php:error] [pid 64001] [client 20.100.177.179:0] script '/domains/awciii/claw.php' not found or unable to stat
[Sat Mar 07 02:37:18.953274 2026] [php:error] [pid 64001] [client 20.100.177.179:0] script '/domains/awciii/fvvff.php' not found or unable to stat
[Sat Mar 07 02:37:19.047270 2026] [php:error] [pid 64001] [client 20.100.177.179:0] script '/domains/awciii/a2.php' not found or unable to stat
[Sat Mar 07 02:37:19.141223 2026] [php:error] [pid 64001] [client 20.100.177.179:0] script '/domains/awciii/sty.php' not found or unable to stat
[Sat Mar 07 02:37:19.235155 2026] [php:error] [pid 64001] [client 20.100.177.179:0] script '/domains/awciii/xxxx.php' not found or unable to stat
[Sat Mar 07 02:37:19.338692 2026] [php:error] [pid 64001] [client 20.100.177.179:0] script '/domains/awciii/h.php' not found or unable to stat
[Sat Mar 07 02:37:19.432913 2026] [php:error] [pid 64001] [client 20.100.177.179:0] script '/domains/awciii/g.php' not found or unable to stat
[Sat Mar 07 02:37:19.591237 2026] [php:error] [pid 64001] [client 20.100.177.179:0] script '/domains/awciii/pp.php' not found or unable to stat
[Sat Mar 07 02:37:19.704439 2026] [php:error] [pid 64001] [client 20.100.177.179:0] script '/domains/awciii/sys.php' not found or unable to stat
[Sat Mar 07 02:37:19.809194 2026] [php:error] [pid 64001] [client 20.100.177.179:0] script '/domains/awciii/txets.php' not found or unable to stat
[Sat Mar 07 02:37:19.903315 2026] [php:error] [pid 64001] [client 20.100.177.179:0] script '/domains/awciii/wp9.php' not found or unable to stat
[Sat Mar 07 02:37:20.013702 2026] [php:error] [pid 64001] [client 20.100.177.179:0] script '/domains/awciii/path.php' not found or unable to stat
[Sat Mar 07 02:37:20.167594 2026] [php:error] [pid 64001] [client 20.100.177.179:0] script '/domains/awciii/wdf.php' not found or unable to stat
[Sat Mar 07 02:37:20.270372 2026] [php:error] [pid 64001] [client 20.100.177.179:0] script '/domains/awciii/2.php' not found or unable to stat
[Sat Mar 07 02:37:20.364423 2026] [php:error] [pid 64001] [client 20.100.177.179:0] script '/domains/awciii/mga.php' not found or unable to stat
[Sat Mar 07 02:37:20.458587 2026] [php:error] [pid 64001] [client 20.100.177.179:0] script '/domains/awciii/maxro.php' not found or unable to stat
[Sat Mar 07 02:37:20.556982 2026] [php:error] [pid 64001] [client 20.100.177.179:0] script '/domains/awciii/pass2.php' not found or unable to stat
[Sat Mar 07 02:37:20.650921 2026] [php:error] [pid 64001] [client 20.100.177.179:0] script '/domains/awciii/wsvvs.php' not found or unable to stat
[Sat Mar 07 02:37:20.745674 2026] [php:error] [pid 64001] [client 20.100.177.179:0] script '/domains/awciii/3.php' not found or unable to stat
[Sat Mar 07 02:37:20.839739 2026] [php:error] [pid 64001] [client 20.100.177.179:0] script '/domains/awciii/edit.php' not found or unable to stat
[Sat Mar 07 02:37:20.934667 2026] [php:error] [pid 64001] [client 20.100.177.179:0] script '/domains/awciii/ioxi-o.php' not found or unable to stat
[Sat Mar 07 02:37:21.122404 2026] [php:error] [pid 64001] [client 20.100.177.179:0] script '/domains/awciii/66.php' not found or unable to stat
[Sat Mar 07 02:37:21.316615 2026] [php:error] [pid 64001] [client 20.100.177.179:0] script '/domains/awciii/gifclass.php' not found or unable to stat
