[Sat Mar 07 03:24:15.495929 2026] [php:error] [pid 65107] [client 74.243.251.125:0] script '/domains/tennex/wp-configs.php' not found or unable to stat
[Sat Mar 07 03:24:15.852440 2026] [php:error] [pid 65107] [client 74.243.251.125:0] script '/domains/tennex/post.php' not found or unable to stat
[Sat Mar 07 03:24:16.031018 2026] [php:error] [pid 65107] [client 74.243.251.125:0] script '/domains/tennex/r3x.php' not found or unable to stat
[Sat Mar 07 03:24:16.387819 2026] [php:error] [pid 65107] [client 74.243.251.125:0] script '/domains/tennex/shell20211028.php' not found or unable to stat
[Sat Mar 07 03:24:16.566472 2026] [php:error] [pid 65107] [client 74.243.251.125:0] script '/domains/tennex/gecko.php' not found or unable to stat
[Sat Mar 07 03:24:16.744881 2026] [php:error] [pid 65107] [client 74.243.251.125:0] script '/domains/tennex/fm.php' not found or unable to stat
[Sat Mar 07 03:24:17.280094 2026] [php:error] [pid 65107] [client 74.243.251.125:0] script '/domains/tennex/web.php' not found or unable to stat
[Sat Mar 07 03:24:17.553067 2026] [php:error] [pid 65084] [client 45.148.10.244:0] script '/domains/performancepartsinc/phpinfo.php' not found or unable to stat
[Sat Mar 07 03:24:17.637783 2026] [php:error] [pid 65107] [client 74.243.251.125:0] script '/domains/tennex/images/class-config.php' not found or unable to stat
[Sat Mar 07 03:24:17.816008 2026] [php:error] [pid 65107] [client 74.243.251.125:0] script '/domains/tennex/defaults.php' not found or unable to stat
[Sat Mar 07 03:24:18.519231 2026] [php:error] [pid 65012] [client 74.243.251.125:0] script '/domains/tennex/function.php' not found or unable to stat
[Sat Mar 07 03:24:19.213323 2026] [php:error] [pid 65012] [client 74.243.251.125:0] script '/domains/tennex/wp-activate.php' not found or unable to stat
[Sat Mar 07 03:24:19.374587 2026] [php:error] [pid 65084] [client 45.148.10.244:0] script '/domains/performancepartsinc/_phpinfo.php' not found or unable to stat
[Sat Mar 07 03:24:19.386928 2026] [php:error] [pid 65012] [client 74.243.251.125:0] script '/domains/tennex/wp-l0gin.php' not found or unable to stat
[Sat Mar 07 03:24:19.560410 2026] [php:error] [pid 65012] [client 74.243.251.125:0] script '/domains/tennex/worksec.php' not found or unable to stat
[Sat Mar 07 03:24:19.733736 2026] [php:error] [pid 65012] [client 74.243.251.125:0] script '/domains/tennex/comdofuns.php' not found or unable to stat
[Sat Mar 07 03:24:19.791036 2026] [php:error] [pid 65107] [client 20.89.18.123:0] script '/domains/wsmith.enteract/xmr.php' not found or unable to stat
[Sat Mar 07 03:24:19.907025 2026] [php:error] [pid 65012] [client 74.243.251.125:0] script '/domains/tennex/inputs.php' not found or unable to stat
[Sat Mar 07 03:24:19.966006 2026] [php:error] [pid 65107] [client 20.89.18.123:0] script '/domains/wsmith.enteract/about.php' not found or unable to stat
[Sat Mar 07 03:24:20.080645 2026] [php:error] [pid 65012] [client 74.243.251.125:0] script '/domains/tennex/LA.php' not found or unable to stat
[Sat Mar 07 03:24:20.127737 2026] [php:error] [pid 65107] [client 20.89.18.123:0] script '/domains/wsmith.enteract/admin.php' not found or unable to stat
[Sat Mar 07 03:24:20.254143 2026] [php:error] [pid 65012] [client 74.243.251.125:0] script '/domains/tennex/moon.php' not found or unable to stat
[Sat Mar 07 03:24:20.288458 2026] [php:error] [pid 65107] [client 20.89.18.123:0] script '/domains/wsmith.enteract/adminfuns.php' not found or unable to stat
[Sat Mar 07 03:24:20.448496 2026] [php:error] [pid 65107] [client 20.89.18.123:0] script '/domains/wsmith.enteract/as.php' not found or unable to stat
[Sat Mar 07 03:24:20.600956 2026] [php:error] [pid 65012] [client 74.243.251.125:0] script '/domains/tennex/mah.php' not found or unable to stat
[Sat Mar 07 03:24:20.608365 2026] [php:error] [pid 65107] [client 20.89.18.123:0] script '/domains/wsmith.enteract/bolt.php' not found or unable to stat
[Sat Mar 07 03:24:20.927839 2026] [php:error] [pid 65107] [client 20.89.18.123:0] script '/domains/wsmith.enteract/class-t.api.php' not found or unable to stat
[Sat Mar 07 03:24:20.947548 2026] [php:error] [pid 65012] [client 74.243.251.125:0] script '/domains/tennex/byp.php' not found or unable to stat
[Sat Mar 07 03:24:21.087682 2026] [php:error] [pid 65107] [client 20.89.18.123:0] script '/domains/wsmith.enteract/edit.php' not found or unable to stat
[Sat Mar 07 03:24:21.120842 2026] [php:error] [pid 65012] [client 74.243.251.125:0] script '/domains/tennex/xmlrpc.php' not found or unable to stat
[Sat Mar 07 03:24:21.247481 2026] [php:error] [pid 65107] [client 20.89.18.123:0] script '/domains/wsmith.enteract/ff1.php' not found or unable to stat
[Sat Mar 07 03:24:21.294407 2026] [php:error] [pid 65012] [client 74.243.251.125:0] script '/domains/tennex/indeex.php' not found or unable to stat
[Sat Mar 07 03:24:21.407845 2026] [php:error] [pid 65107] [client 20.89.18.123:0] script '/domains/wsmith.enteract/fff.php' not found or unable to stat
[Sat Mar 07 03:24:21.467725 2026] [php:error] [pid 65012] [client 74.243.251.125:0] script '/domains/tennex/index1.php' not found or unable to stat
[Sat Mar 07 03:24:21.567774 2026] [php:error] [pid 65107] [client 20.89.18.123:0] script '/domains/wsmith.enteract/inputs.php' not found or unable to stat
[Sat Mar 07 03:24:21.727642 2026] [php:error] [pid 65107] [client 20.89.18.123:0] script '/domains/wsmith.enteract/ioxi-o.php' not found or unable to stat
[Sat Mar 07 03:24:21.814634 2026] [php:error] [pid 65012] [client 74.243.251.125:0] script '/domains/tennex/css.php' not found or unable to stat
[Sat Mar 07 03:24:21.892548 2026] [php:error] [pid 65107] [client 20.89.18.123:0] script '/domains/wsmith.enteract/lite.php' not found or unable to stat
[Sat Mar 07 03:24:21.988091 2026] [php:error] [pid 65012] [client 74.243.251.125:0] script '/domains/tennex/wp-links.php' not found or unable to stat
[Sat Mar 07 03:24:22.052385 2026] [php:error] [pid 65107] [client 20.89.18.123:0] script '/domains/wsmith.enteract/ms-edit.php' not found or unable to stat
[Sat Mar 07 03:24:22.161452 2026] [php:error] [pid 65012] [client 74.243.251.125:0] script '/domains/tennex/input.php' not found or unable to stat
[Sat Mar 07 03:24:22.211975 2026] [php:error] [pid 65107] [client 20.89.18.123:0] script '/domains/wsmith.enteract/rip.php' not found or unable to stat
[Sat Mar 07 03:24:22.540942 2026] [php:error] [pid 65107] [client 20.89.18.123:0] script '/domains/wsmith.enteract/upload.php' not found or unable to stat
[Sat Mar 07 03:24:22.860572 2026] [php:error] [pid 65107] [client 20.89.18.123:0] script '/domains/wsmith.enteract/wp-act.php' not found or unable to stat
[Sat Mar 07 03:24:23.544022 2026] [php:error] [pid 65114] [client 74.243.251.125:0] script '/domains/tennex/1.php' not found or unable to stat
[Sat Mar 07 03:24:24.058687 2026] [php:error] [pid 65114] [client 74.243.251.125:0] script '/domains/tennex/moded.php' not found or unable to stat
[Sat Mar 07 03:24:24.230544 2026] [php:error] [pid 65114] [client 74.243.251.125:0] script '/domains/tennex/autoload_classmap.php' not found or unable to stat
[Sat Mar 07 03:24:24.402390 2026] [php:error] [pid 65114] [client 74.243.251.125:0] script '/domains/tennex/wp-2019.php' not found or unable to stat
[Sat Mar 07 03:24:24.829936 2026] [php:error] [pid 65107] [client 20.89.18.123:0] script '/domains/wsmith.enteract/wp-links-opml.php' not found or unable to stat
[Sat Mar 07 03:24:24.916889 2026] [php:error] [pid 65114] [client 74.243.251.125:0] script '/domains/tennex/doc.php' not found or unable to stat
[Sat Mar 07 03:24:25.260422 2026] [php:error] [pid 65114] [client 74.243.251.125:0] script '/domains/tennex/cong.php' not found or unable to stat
[Sat Mar 07 03:24:26.289720 2026] [php:error] [pid 65114] [client 74.243.251.125:0] script '/domains/tennex/ws.php' not found or unable to stat
[Sat Mar 07 03:24:26.461385 2026] [php:error] [pid 65114] [client 74.243.251.125:0] script '/domains/tennex/x.php' not found or unable to stat
[Sat Mar 07 03:24:26.804916 2026] [php:error] [pid 65114] [client 74.243.251.125:0] script '/domains/tennex/wp-links-opml.php' not found or unable to stat
[Sat Mar 07 03:24:26.976605 2026] [php:error] [pid 65114] [client 74.243.251.125:0] script '/domains/tennex/radio.php' not found or unable to stat
[Sat Mar 07 03:24:27.148405 2026] [php:error] [pid 65114] [client 74.243.251.125:0] script '/domains/tennex/wp-file.php' not found or unable to stat
[Sat Mar 07 03:24:27.320035 2026] [php:error] [pid 65114] [client 74.243.251.125:0] script '/domains/tennex/style.php' not found or unable to stat
[Sat Mar 07 03:24:27.663035 2026] [php:error] [pid 65114] [client 74.243.251.125:0] script '/domains/tennex/test.php' not found or unable to stat
[Sat Mar 07 03:24:27.691083 2026] [php:error] [pid 65099] [client 45.148.10.244:0] script '/domains/performancepartsinc/wp-config.php.bak' not found or unable to stat
[Sat Mar 07 03:24:27.782037 2026] [php:error] [pid 65099] [client 45.148.10.244:0] script '/domains/performancepartsinc/info.php' not found or unable to stat
[Sat Mar 07 03:24:27.835319 2026] [php:error] [pid 65114] [client 74.243.251.125:0] script '/domains/tennex/fw.php' not found or unable to stat
[Sat Mar 07 03:24:28.350987 2026] [php:error] [pid 65114] [client 74.243.251.125:0] script '/domains/tennex/sx.php' not found or unable to stat
[Sat Mar 07 03:24:28.866912 2026] [php:error] [pid 65114] [client 74.243.251.125:0] script '/domains/tennex/sidwso.php' not found or unable to stat
[Sat Mar 07 03:24:29.382551 2026] [php:error] [pid 65114] [client 74.243.251.125:0] script '/domains/tennex/jquery.php' not found or unable to stat
[Sat Mar 07 03:24:29.941920 2026] [php:error] [pid 65113] [client 45.148.10.244:0] script '/domains/performancepartsinc/server_info.php' not found or unable to stat
[Sat Mar 07 03:24:30.027688 2026] [php:error] [pid 65113] [client 45.148.10.244:0] script '/domains/performancepartsinc/app_dev.php' not found or unable to stat
[Sat Mar 07 03:24:30.111291 2026] [php:error] [pid 65113] [client 45.148.10.244:0] script '/domains/performancepartsinc/test.php' not found or unable to stat
[Sat Mar 07 03:24:30.193985 2026] [access_compat:error] [pid 65113] [client 45.148.10.244:0] AH01797: client denied by server configuration: /domains/performancepartsinc/server-info
[Sat Mar 07 03:24:30.300784 2026] [php:error] [pid 65113] [client 45.148.10.244:0] script '/domains/performancepartsinc/server-info.php' not found or unable to stat
[Sat Mar 07 03:24:33.506676 2026] [php:error] [pid 65114] [client 74.243.251.125:0] script '/domains/tennex/images/about.php' not found or unable to stat
[Sat Mar 07 03:24:35.747270 2026] [php:error] [pid 65099] [client 74.243.251.125:0] script '/domains/tennex/cloud.php' not found or unable to stat
[Sat Mar 07 03:24:37.156203 2026] [php:error] [pid 65099] [client 74.243.251.125:0] script '/domains/tennex/avaa.php' not found or unable to stat
[Sat Mar 07 03:24:37.332425 2026] [php:error] [pid 65099] [client 74.243.251.125:0] script '/domains/tennex/images/cloud.php' not found or unable to stat
[Sat Mar 07 03:24:38.317407 2026] [php:error] [pid 65120] [client 20.219.8.79:0] script '/domains/ltemple/xmr.php' not found or unable to stat
[Sat Mar 07 03:24:38.519398 2026] [php:error] [pid 65120] [client 20.219.8.79:0] script '/domains/ltemple/about.php' not found or unable to stat
[Sat Mar 07 03:24:38.564825 2026] [php:error] [pid 65099] [client 74.243.251.125:0] script '/domains/tennex/updates.php' not found or unable to stat
[Sat Mar 07 03:24:38.721363 2026] [php:error] [pid 65120] [client 20.219.8.79:0] script '/domains/ltemple/admin.php' not found or unable to stat
[Sat Mar 07 03:24:38.922473 2026] [php:error] [pid 65120] [client 20.219.8.79:0] script '/domains/ltemple/adminfuns.php' not found or unable to stat
[Sat Mar 07 03:24:39.132709 2026] [php:error] [pid 65120] [client 20.219.8.79:0] script '/domains/ltemple/as.php' not found or unable to stat
[Sat Mar 07 03:24:39.334129 2026] [php:error] [pid 65120] [client 20.219.8.79:0] script '/domains/ltemple/bolt.php' not found or unable to stat
[Sat Mar 07 03:24:39.445469 2026] [php:error] [pid 65099] [client 74.243.251.125:0] script '/domains/tennex/alfanew.php' not found or unable to stat
[Sat Mar 07 03:24:39.738818 2026] [php:error] [pid 65120] [client 20.219.8.79:0] script '/domains/ltemple/class-t.api.php' not found or unable to stat
[Sat Mar 07 03:24:39.940950 2026] [php:error] [pid 65120] [client 20.219.8.79:0] script '/domains/ltemple/edit.php' not found or unable to stat
[Sat Mar 07 03:24:40.156458 2026] [php:error] [pid 65120] [client 20.219.8.79:0] script '/domains/ltemple/ff1.php' not found or unable to stat
[Sat Mar 07 03:24:40.358503 2026] [php:error] [pid 65120] [client 20.219.8.79:0] script '/domains/ltemple/fff.php' not found or unable to stat
[Sat Mar 07 03:24:40.559452 2026] [php:error] [pid 65120] [client 20.219.8.79:0] script '/domains/ltemple/inputs.php' not found or unable to stat
[Sat Mar 07 03:24:40.678135 2026] [php:error] [pid 65099] [client 74.243.251.125:0] script '/domains/tennex/wsoyanz.php' not found or unable to stat
[Sat Mar 07 03:24:40.760436 2026] [php:error] [pid 65120] [client 20.219.8.79:0] script '/domains/ltemple/ioxi-o.php' not found or unable to stat
[Sat Mar 07 03:24:40.855119 2026] [php:error] [pid 65099] [client 74.243.251.125:0] script '/domains/tennex/yanz.php' not found or unable to stat
[Sat Mar 07 03:24:40.962115 2026] [php:error] [pid 65120] [client 20.219.8.79:0] script '/domains/ltemple/lite.php' not found or unable to stat
[Sat Mar 07 03:24:41.163459 2026] [php:error] [pid 65120] [client 20.219.8.79:0] script '/domains/ltemple/ms-edit.php' not found or unable to stat
[Sat Mar 07 03:24:41.364580 2026] [php:error] [pid 65120] [client 20.219.8.79:0] script '/domains/ltemple/rip.php' not found or unable to stat
[Sat Mar 07 03:24:41.383237 2026] [php:error] [pid 65099] [client 74.243.251.125:0] script '/domains/tennex/cache-compat.php' not found or unable to stat
[Sat Mar 07 03:24:41.559421 2026] [php:error] [pid 65099] [client 74.243.251.125:0] script '/domains/tennex/ajax-actions.php' not found or unable to stat
[Sat Mar 07 03:24:41.766734 2026] [php:error] [pid 65120] [client 20.219.8.79:0] script '/domains/ltemple/upload.php' not found or unable to stat
[Sat Mar 07 03:24:41.911628 2026] [php:error] [pid 65099] [client 74.243.251.125:0] script '/domains/tennex/wp-consar.php' not found or unable to stat
[Sat Mar 07 03:24:42.087732 2026] [php:error] [pid 65099] [client 74.243.251.125:0] script '/domains/tennex/repeater.php' not found or unable to stat
[Sat Mar 07 03:24:42.168540 2026] [php:error] [pid 65120] [client 20.219.8.79:0] script '/domains/ltemple/wp-act.php' not found or unable to stat
[Sat Mar 07 03:24:42.263996 2026] [php:error] [pid 65099] [client 74.243.251.125:0] script '/domains/tennex/admin-post.php' not found or unable to stat
[Sat Mar 07 03:24:42.968916 2026] [php:error] [pid 65099] [client 74.243.251.125:0] script '/domains/tennex/dropdown.php' not found or unable to stat
[Sat Mar 07 03:24:43.145358 2026] [php:error] [pid 65099] [client 74.243.251.125:0] script '/domains/tennex/about.php' not found or unable to stat
[Sat Mar 07 03:24:43.321505 2026] [php:error] [pid 65099] [client 74.243.251.125:0] script '/domains/tennex/admin.php' not found or unable to stat
[Sat Mar 07 03:24:44.711264 2026] [php:error] [pid 65120] [client 20.219.8.79:0] script '/domains/ltemple/wp-links-opml.php' not found or unable to stat
[Sat Mar 07 03:24:46.835901 2026] [php:error] [pid 65114] [client 74.243.251.125:0] script '/domains/tennex/xmrlpc.php' not found or unable to stat
[Sat Mar 07 03:24:48.037665 2026] [php:error] [pid 65114] [client 74.243.251.125:0] script '/domains/tennex/images/xmrlpc.php' not found or unable to stat
[Sat Mar 07 03:25:18.949710 2026] [php:error] [pid 65113] [client 154.12.24.136:0] script '/domains/smartny/11.php' not found or unable to stat
[Sat Mar 07 03:25:42.330242 2026] [php:error] [pid 65139] [client 20.89.18.123:0] script '/domains/assetenhance/xmr.php' not found or unable to stat
[Sat Mar 07 03:25:42.490532 2026] [php:error] [pid 65139] [client 20.89.18.123:0] script '/domains/assetenhance/about.php' not found or unable to stat
[Sat Mar 07 03:25:42.682192 2026] [php:error] [pid 65139] [client 20.89.18.123:0] script '/domains/assetenhance/admin.php' not found or unable to stat
[Sat Mar 07 03:25:42.843298 2026] [php:error] [pid 65139] [client 20.89.18.123:0] script '/domains/assetenhance/adminfuns.php' not found or unable to stat
[Sat Mar 07 03:25:43.004718 2026] [php:error] [pid 65139] [client 20.89.18.123:0] script '/domains/assetenhance/as.php' not found or unable to stat
[Sat Mar 07 03:25:43.165940 2026] [php:error] [pid 65139] [client 20.89.18.123:0] script '/domains/assetenhance/bolt.php' not found or unable to stat
[Sat Mar 07 03:25:43.485338 2026] [php:error] [pid 65139] [client 20.89.18.123:0] script '/domains/assetenhance/class-t.api.php' not found or unable to stat
[Sat Mar 07 03:25:43.668889 2026] [php:error] [pid 65139] [client 20.89.18.123:0] script '/domains/assetenhance/edit.php' not found or unable to stat
[Sat Mar 07 03:25:43.828890 2026] [php:error] [pid 65139] [client 20.89.18.123:0] script '/domains/assetenhance/ff1.php' not found or unable to stat
[Sat Mar 07 03:25:43.989193 2026] [php:error] [pid 65139] [client 20.89.18.123:0] script '/domains/assetenhance/fff.php' not found or unable to stat
[Sat Mar 07 03:25:44.149129 2026] [php:error] [pid 65139] [client 20.89.18.123:0] script '/domains/assetenhance/inputs.php' not found or unable to stat
[Sat Mar 07 03:25:44.308893 2026] [php:error] [pid 65139] [client 20.89.18.123:0] script '/domains/assetenhance/ioxi-o.php' not found or unable to stat
[Sat Mar 07 03:25:44.469139 2026] [php:error] [pid 65139] [client 20.89.18.123:0] script '/domains/assetenhance/lite.php' not found or unable to stat
[Sat Mar 07 03:25:44.631075 2026] [php:error] [pid 65139] [client 20.89.18.123:0] script '/domains/assetenhance/ms-edit.php' not found or unable to stat
[Sat Mar 07 03:25:44.790733 2026] [php:error] [pid 65139] [client 20.89.18.123:0] script '/domains/assetenhance/rip.php' not found or unable to stat
[Sat Mar 07 03:25:45.118753 2026] [php:error] [pid 65139] [client 20.89.18.123:0] script '/domains/assetenhance/upload.php' not found or unable to stat
[Sat Mar 07 03:25:45.464052 2026] [php:error] [pid 65139] [client 20.89.18.123:0] script '/domains/assetenhance/wp-act.php' not found or unable to stat
[Sat Mar 07 03:25:47.808315 2026] [php:error] [pid 65139] [client 20.89.18.123:0] script '/domains/assetenhance/wp-links-opml.php' not found or unable to stat
[Sat Mar 07 03:26:08.776539 2026] [php:error] [pid 65140] [client 45.148.10.244:0] script '/domains/performancepartsinc/config.php' not found or unable to stat
[Sat Mar 07 03:26:08.915368 2026] [php:error] [pid 65140] [client 45.148.10.244:0] script '/domains/performancepartsinc/configuration.php' not found or unable to stat
[Sat Mar 07 03:26:09.074184 2026] [php:error] [pid 65140] [client 45.148.10.244:0] script '/domains/performancepartsinc/settings.php' not found or unable to stat
[Sat Mar 07 03:26:09.219733 2026] [php:error] [pid 65140] [client 45.148.10.244:0] script '/domains/performancepartsinc/database.php' not found or unable to stat
[Sat Mar 07 03:26:09.379292 2026] [php:error] [pid 65140] [client 45.148.10.244:0] script '/domains/performancepartsinc/db.php' not found or unable to stat
[Sat Mar 07 03:26:09.844949 2026] [php:error] [pid 65137] [client 45.148.10.244:0] script '/domains/performancepartsinc/connect.php' not found or unable to stat
[Sat Mar 07 03:26:10.018611 2026] [php:error] [pid 65137] [client 45.148.10.244:0] script '/domains/performancepartsinc/connection.php' not found or unable to stat
[Sat Mar 07 03:26:11.291074 2026] [php:error] [pid 65144] [client 45.148.10.244:0] script '/domains/performancepartsinc/config.inc.php' not found or unable to stat
[Sat Mar 07 03:26:11.556047 2026] [php:error] [pid 65144] [client 45.148.10.244:0] script '/domains/performancepartsinc/settings.inc.php' not found or unable to stat
[Sat Mar 07 03:26:17.652591 2026] [php:error] [pid 65142] [client 45.148.10.244:0] script '/domains/performancepartsinc/wp-config.php' not found or unable to stat
[Sat Mar 07 03:26:17.751336 2026] [php:error] [pid 65142] [client 45.148.10.244:0] script '/domains/performancepartsinc/wp-config.php.old' not found or unable to stat
[Sat Mar 07 03:26:17.836728 2026] [php:error] [pid 65142] [client 45.148.10.244:0] script '/domains/performancepartsinc/wp-config.php.save' not found or unable to stat
[Sat Mar 07 03:26:17.923848 2026] [php:error] [pid 65142] [client 45.148.10.244:0] script '/domains/performancepartsinc/wp-config.php.swp' not found or unable to stat
[Sat Mar 07 03:26:19.539054 2026] [php:error] [pid 65140] [client 45.148.10.244:0] script '/domains/performancepartsinc/wp-config-sample.php' not found or unable to stat
[Sat Mar 07 03:26:20.419120 2026] [php:error] [pid 65140] [client 45.148.10.244:0] script '/domains/performancepartsinc/configuration.php.bak' not found or unable to stat
[Sat Mar 07 03:26:20.506133 2026] [php:error] [pid 65140] [client 45.148.10.244:0] script '/domains/performancepartsinc/configuration.php.old' not found or unable to stat
[Sat Mar 07 03:26:26.185239 2026] [php:error] [pid 65148] [client 45.148.10.244:0] script '/domains/performancepartsinc/payment_config.php' not found or unable to stat
[Sat Mar 07 03:26:26.269156 2026] [php:error] [pid 65148] [client 45.148.10.244:0] script '/domains/performancepartsinc/checkout.php' not found or unable to stat
[Sat Mar 07 03:26:30.290795 2026] [authz_core:error] [pid 65098] [client 45.148.10.244:0] AH01630: client denied by server configuration: /domains/performancepartsinc/.htaccess
[Sat Mar 07 03:26:30.407326 2026] [authz_core:error] [pid 65098] [client 45.148.10.244:0] AH01630: client denied by server configuration: /domains/performancepartsinc/.htpasswd
[Sat Mar 07 03:26:30.885296 2026] [php:error] [pid 65098] [client 45.148.10.244:0] script '/domains/performancepartsinc/debug.php' not found or unable to stat
[Sat Mar 07 03:26:34.067462 2026] [php:error] [pid 65098] [client 45.148.10.244:0] script '/domains/performancepartsinc/admin.php' not found or unable to stat
[Sat Mar 07 03:26:34.158539 2026] [php:error] [pid 65098] [client 45.148.10.244:0] script '/domains/performancepartsinc/login.php' not found or unable to stat
[Sat Mar 07 03:26:34.745769 2026] [php:error] [pid 65098] [client 45.148.10.244:0] script '/domains/performancepartsinc/adminer.php' not found or unable to stat
[Sat Mar 07 03:26:39.233639 2026] [php:error] [pid 65142] [client 45.148.10.244:0] script '/domains/performancepartsinc/email.php' not found or unable to stat
[Sat Mar 07 03:26:39.331741 2026] [php:error] [pid 65142] [client 45.148.10.244:0] script '/domains/performancepartsinc/mail.php' not found or unable to stat
[Sat Mar 07 03:26:40.198774 2026] [php:error] [pid 65137] [client 45.148.10.244:0] script '/domains/performancepartsinc/sendmail.php' not found or unable to stat
[Sat Mar 07 03:26:40.376771 2026] [php:error] [pid 65137] [client 45.148.10.244:0] script '/domains/performancepartsinc/mailer.php' not found or unable to stat
[Sat Mar 07 03:26:41.198843 2026] [php:error] [pid 65139] [client 45.148.10.244:0] script '/domains/performancepartsinc/smtp.php' not found or unable to stat
[Sat Mar 07 03:26:41.370033 2026] [php:error] [pid 65145] [client 40.115.138.121:0] script '/domains/viamonte3/item.php' not found or unable to stat
[Sat Mar 07 03:26:41.988963 2026] [php:error] [pid 65139] [client 45.148.10.244:0] script '/domains/performancepartsinc/graphql.php' not found or unable to stat
[Sat Mar 07 03:26:43.869179 2026] [php:error] [pid 65145] [client 40.115.138.121:0] script '/domains/viamonte3/options-reading.php' not found or unable to stat
[Sat Mar 07 03:26:45.072884 2026] [php:error] [pid 65145] [client 40.115.138.121:0] script '/domains/viamonte3/man.php' not found or unable to stat
[Sat Mar 07 03:26:45.846242 2026] [php:error] [pid 65145] [client 40.115.138.121:0] script '/domains/viamonte3/hex.php' not found or unable to stat
[Sat Mar 07 03:26:46.142103 2026] [php:error] [pid 65098] [client 45.148.10.244:0] script '/domains/performancepartsinc/postmark_webhook.php' not found or unable to stat
[Sat Mar 07 03:26:47.132375 2026] [php:error] [pid 65145] [client 40.115.138.121:0] script '/domains/viamonte3/403.php' not found or unable to stat
[Sat Mar 07 03:26:47.772085 2026] [php:error] [pid 65145] [client 40.115.138.121:0] script '/domains/viamonte3/content.php' not found or unable to stat
[Sat Mar 07 03:26:47.971803 2026] [php:error] [pid 65145] [client 40.115.138.121:0] script '/domains/viamonte3/public.php' not found or unable to stat
[Sat Mar 07 03:26:48.734880 2026] [php:error] [pid 65145] [client 40.115.138.121:0] script '/domains/viamonte3/load.php' not found or unable to stat
[Sat Mar 07 03:26:49.600563 2026] [php:error] [pid 65145] [client 40.115.138.121:0] script '/domains/viamonte3/flower.php' not found or unable to stat
[Sat Mar 07 03:26:50.157073 2026] [php:error] [pid 65145] [client 40.115.138.121:0] script '/domains/viamonte3/elp.php' not found or unable to stat
[Sat Mar 07 03:26:51.279531 2026] [php:error] [pid 65145] [client 40.115.138.121:0] script '/domains/viamonte3/wp-logs.php' not found or unable to stat
[Sat Mar 07 03:26:51.298136 2026] [php:error] [pid 65156] [client 45.148.10.244:0] script '/domains/performancepartsinc/sendgrid_webhook.php' not found or unable to stat
[Sat Mar 07 03:26:51.439048 2026] [php:error] [pid 65145] [client 40.115.138.121:0] script '/domains/viamonte3/wp-links.php' not found or unable to stat
[Sat Mar 07 03:27:01.765874 2026] [php:error] [pid 65142] [client 45.148.10.244:0] script '/domains/performancepartsinc/stripe_webhook.php' not found or unable to stat
[Sat Mar 07 03:27:07.687780 2026] [php:error] [pid 65098] [client 72.218.53.233:0] script '/domains/smartny/wp-login.php' not found or unable to stat
[Sat Mar 07 03:27:07.967508 2026] [php:error] [pid 65098] [client 131.13.120.15:0] script '/domains/smartny/wp-login.php' not found or unable to stat, referer: https://www.facebook.com/
[Sat Mar 07 03:27:17.098506 2026] [php:error] [pid 65144] [client 45.148.10.244:0] script '/domains/performancepartsinc/sendgrid_inbound.php' not found or unable to stat
[Sat Mar 07 03:27:29.207547 2026] [php:error] [pid 65145] [client 45.148.10.244:0] script '/domains/performancepartsinc/mandrill_webhook.php' not found or unable to stat
[Sat Mar 07 03:27:33.966087 2026] [php:error] [pid 65138] [client 45.148.10.244:0] script '/domains/performancepartsinc/sparkpost_webhook.php' not found or unable to stat
[Sat Mar 07 03:27:34.990054 2026] [php:error] [pid 65142] [client 85.203.34.53:0] script '/domains/msintl/txets.php' not found or unable to stat
[Sat Mar 07 03:27:44.729659 2026] [php:error] [pid 65163] [client 45.148.10.244:0] script '/domains/performancepartsinc/webhook.php' not found or unable to stat
[Sat Mar 07 03:27:47.411360 2026] [php:error] [pid 65163] [client 45.148.10.244:0] script '/domains/performancepartsinc/ses_config.php' not found or unable to stat
[Sat Mar 07 03:27:48.427415 2026] [php:error] [pid 65163] [client 45.148.10.244:0] script '/domains/performancepartsinc/smtp_config.php' not found or unable to stat
[Sat Mar 07 03:28:05.435311 2026] [php:error] [pid 65137] [client 45.148.10.244:0] script '/domains/performancepartsinc/aws_ses_config.php' not found or unable to stat
[Sat Mar 07 03:29:48.395996 2026] [php:error] [pid 65176] [client 20.78.169.245:0] script '/domains/system_cancel/item.php' not found or unable to stat
[Sat Mar 07 03:29:52.258964 2026] [php:error] [pid 65176] [client 20.78.169.245:0] script '/domains/system_cancel/man.php' not found or unable to stat
[Sat Mar 07 03:29:53.040387 2026] [php:error] [pid 65176] [client 20.78.169.245:0] script '/domains/system_cancel/hex.php' not found or unable to stat
[Sat Mar 07 03:29:55.230300 2026] [php:error] [pid 65176] [client 20.78.169.245:0] script '/domains/system_cancel/content.php' not found or unable to stat
[Sat Mar 07 03:29:56.223803 2026] [php:error] [pid 65176] [client 20.78.169.245:0] script '/domains/system_cancel/load.php' not found or unable to stat
[Sat Mar 07 03:29:57.884605 2026] [php:error] [pid 65176] [client 20.78.169.245:0] script '/domains/system_cancel/elp.php' not found or unable to stat
[Sat Mar 07 03:30:45.383861 2026] [php:error] [pid 65213] [client 37.59.119.208:0] script '/domains/system_default/xmlrpc.php' not found or unable to stat
[Sat Mar 07 03:31:54.359062 2026] [php:error] [pid 65224] [client 52.179.211.95:0] script '/domains/rfisher.dnai/vynypyss.php' not found or unable to stat
[Sat Mar 07 03:31:54.366417 2026] [php:error] [pid 65224] [client 52.179.211.95:0] script '/domains/rfisher.dnai/rawrpw.php' not found or unable to stat
[Sat Mar 07 03:31:54.373681 2026] [php:error] [pid 65224] [client 52.179.211.95:0] script '/domains/rfisher.dnai/asd67.php' not found or unable to stat
[Sat Mar 07 03:31:54.381212 2026] [php:error] [pid 65224] [client 52.179.211.95:0] script '/domains/rfisher.dnai/makeasmtp.php' not found or unable to stat
[Sat Mar 07 03:31:54.388690 2026] [php:error] [pid 65224] [client 52.179.211.95:0] script '/domains/rfisher.dnai/zbqxoidn.php' not found or unable to stat
[Sat Mar 07 03:31:54.396080 2026] [php:error] [pid 65224] [client 52.179.211.95:0] script '/domains/rfisher.dnai/hplsmbly.php' not found or unable to stat
[Sat Mar 07 03:31:54.403950 2026] [php:error] [pid 65224] [client 52.179.211.95:0] script '/domains/rfisher.dnai/alfanew.php' not found or unable to stat
[Sat Mar 07 03:31:54.411384 2026] [php:error] [pid 65224] [client 52.179.211.95:0] script '/domains/rfisher.dnai/Alex-Cross.php' not found or unable to stat
[Sat Mar 07 03:31:54.418938 2026] [php:error] [pid 65224] [client 52.179.211.95:0] script '/domains/rfisher.dnai/evatusmk.php' not found or unable to stat
[Sat Mar 07 03:31:54.428708 2026] [php:error] [pid 65224] [client 52.179.211.95:0] script '/domains/rfisher.dnai/file9.php' not found or unable to stat
[Sat Mar 07 03:31:54.436153 2026] [php:error] [pid 65224] [client 52.179.211.95:0] script '/domains/rfisher.dnai/wp-session.php' not found or unable to stat
[Sat Mar 07 03:31:54.443668 2026] [php:error] [pid 65224] [client 52.179.211.95:0] script '/domains/rfisher.dnai/xl2023.php' not found or unable to stat
[Sat Mar 07 03:31:54.451629 2026] [php:error] [pid 65224] [client 52.179.211.95:0] script '/domains/rfisher.dnai/wp-conflg.php' not found or unable to stat
[Sat Mar 07 03:31:54.460623 2026] [php:error] [pid 65224] [client 52.179.211.95:0] script '/domains/rfisher.dnai/file18.php' not found or unable to stat
[Sat Mar 07 03:31:54.467924 2026] [php:error] [pid 65224] [client 52.179.211.95:0] script '/domains/rfisher.dnai/bbK8Qd6nhc.php' not found or unable to stat
[Sat Mar 07 03:31:54.475275 2026] [php:error] [pid 65224] [client 52.179.211.95:0] script '/domains/rfisher.dnai/BIBIL.php' not found or unable to stat
[Sat Mar 07 03:31:54.482902 2026] [php:error] [pid 65224] [client 52.179.211.95:0] script '/domains/rfisher.dnai/uchkkzmk.php' not found or unable to stat
[Sat Mar 07 03:31:54.490148 2026] [php:error] [pid 65224] [client 52.179.211.95:0] script '/domains/rfisher.dnai/wp-login.php' not found or unable to stat
[Sat Mar 07 03:31:54.497487 2026] [php:error] [pid 65224] [client 52.179.211.95:0] script '/domains/rfisher.dnai/kbicjghd.php' not found or unable to stat
[Sat Mar 07 03:31:54.504888 2026] [php:error] [pid 65224] [client 52.179.211.95:0] script '/domains/rfisher.dnai/wso.php' not found or unable to stat
[Sat Mar 07 03:31:54.513859 2026] [php:error] [pid 65224] [client 52.179.211.95:0] script '/domains/rfisher.dnai/izusdinh.php' not found or unable to stat
[Sat Mar 07 03:31:54.521700 2026] [php:error] [pid 65224] [client 52.179.211.95:0] script '/domains/rfisher.dnai/randkeyword.php' not found or unable to stat
[Sat Mar 07 03:31:54.530029 2026] [php:error] [pid 65224] [client 52.179.211.95:0] script '/domains/rfisher.dnai/pgxfoqte.php' not found or unable to stat
[Sat Mar 07 03:31:54.537656 2026] [php:error] [pid 65224] [client 52.179.211.95:0] script '/domains/rfisher.dnai/2TlRXt7OgIM.php' not found or unable to stat
[Sat Mar 07 03:31:54.545106 2026] [php:error] [pid 65224] [client 52.179.211.95:0] script '/domains/rfisher.dnai/fopen.php' not found or unable to stat
[Sat Mar 07 03:31:54.552446 2026] [php:error] [pid 65224] [client 52.179.211.95:0] script '/domains/rfisher.dnai/nokswnuh.php' not found or unable to stat
[Sat Mar 07 03:31:54.560089 2026] [php:error] [pid 65224] [client 52.179.211.95:0] script '/domains/rfisher.dnai/41Wppt5xB9.php' not found or unable to stat
[Sat Mar 07 03:31:54.567628 2026] [php:error] [pid 65224] [client 52.179.211.95:0] script '/domains/rfisher.dnai/uHn8BDkldxz.php' not found or unable to stat
[Sat Mar 07 03:31:54.574921 2026] [php:error] [pid 65224] [client 52.179.211.95:0] script '/domains/rfisher.dnai/ae.php' not found or unable to stat
[Sat Mar 07 03:31:54.582315 2026] [php:error] [pid 65224] [client 52.179.211.95:0] script '/domains/rfisher.dnai/config.php' not found or unable to stat
[Sat Mar 07 03:31:54.589528 2026] [php:error] [pid 65224] [client 52.179.211.95:0] script '/domains/rfisher.dnai/nrmvjhdu.php' not found or unable to stat
[Sat Mar 07 03:31:54.597504 2026] [php:error] [pid 65224] [client 52.179.211.95:0] script '/domains/rfisher.dnai/edit-tags.php' not found or unable to stat
[Sat Mar 07 03:31:54.604631 2026] [php:error] [pid 65224] [client 52.179.211.95:0] script '/domains/rfisher.dnai/h2WUebaOkZG.php' not found or unable to stat
[Sat Mar 07 03:31:54.613316 2026] [php:error] [pid 65224] [client 52.179.211.95:0] script '/domains/rfisher.dnai/alumni_reg.php' not found or unable to stat
[Sat Mar 07 03:31:54.620468 2026] [php:error] [pid 65224] [client 52.179.211.95:0] script '/domains/rfisher.dnai/lrxqxgbi.php' not found or unable to stat
[Sat Mar 07 03:31:54.628399 2026] [php:error] [pid 65224] [client 52.179.211.95:0] script '/domains/rfisher.dnai/phUploader.php' not found or unable to stat
[Sat Mar 07 03:31:54.640776 2026] [php:error] [pid 65224] [client 52.179.211.95:0] script '/domains/rfisher.dnai/file6.php' not found or unable to stat
[Sat Mar 07 03:31:54.648205 2026] [php:error] [pid 65224] [client 52.179.211.95:0] script '/domains/rfisher.dnai/qkvbqnne.php' not found or unable to stat
[Sat Mar 07 03:31:54.659141 2026] [php:error] [pid 65224] [client 52.179.211.95:0] script '/domains/rfisher.dnai/file.php' not found or unable to stat
[Sat Mar 07 03:31:54.670598 2026] [php:error] [pid 65224] [client 52.179.211.95:0] script '/domains/rfisher.dnai/yjlqpamf.php' not found or unable to stat
[Sat Mar 07 03:31:54.678120 2026] [php:error] [pid 65224] [client 52.179.211.95:0] script '/domains/rfisher.dnai/default.php' not found or unable to stat
[Sat Mar 07 03:31:54.685658 2026] [php:error] [pid 65224] [client 52.179.211.95:0] script '/domains/rfisher.dnai/php-info.php' not found or unable to stat
[Sat Mar 07 03:31:54.693051 2026] [php:error] [pid 65224] [client 52.179.211.95:0] script '/domains/rfisher.dnai/ans.php' not found or unable to stat
[Sat Mar 07 03:31:54.700615 2026] [php:error] [pid 65224] [client 52.179.211.95:0] script '/domains/rfisher.dnai/xltavrat.php' not found or unable to stat
[Sat Mar 07 03:31:54.708388 2026] [php:error] [pid 65224] [client 52.179.211.95:0] script '/domains/rfisher.dnai/3YuwLn4aJ9T.php' not found or unable to stat
[Sat Mar 07 03:31:54.715671 2026] [php:error] [pid 65224] [client 52.179.211.95:0] script '/domains/rfisher.dnai/aAZUleCFR6G.php' not found or unable to stat
[Sat Mar 07 03:31:54.722931 2026] [php:error] [pid 65224] [client 52.179.211.95:0] script '/domains/rfisher.dnai/nam.php' not found or unable to stat
[Sat Mar 07 03:32:40.033190 2026] [php:error] [pid 65224] [client 20.151.11.236:0] script '/domains/efusion1/Zjokrx.php' not found or unable to stat
[Sat Mar 07 03:32:40.086047 2026] [php:error] [pid 65224] [client 20.151.11.236:0] script '/domains/efusion1/albin.php' not found or unable to stat
[Sat Mar 07 03:32:40.109470 2026] [php:error] [pid 65224] [client 20.151.11.236:0] script '/domains/efusion1/yos.php' not found or unable to stat
[Sat Mar 07 03:32:40.134416 2026] [php:error] [pid 65224] [client 20.151.11.236:0] script '/domains/efusion1/utky.php' not found or unable to stat
[Sat Mar 07 03:32:40.156633 2026] [php:error] [pid 65224] [client 20.151.11.236:0] script '/domains/efusion1/settings.php' not found or unable to stat
[Sat Mar 07 03:32:40.178230 2026] [php:error] [pid 65224] [client 20.151.11.236:0] script '/domains/efusion1/fsgdjkl.php' not found or unable to stat
[Sat Mar 07 03:32:40.216038 2026] [php:error] [pid 65224] [client 20.151.11.236:0] script '/domains/efusion1/uuu.php' not found or unable to stat
[Sat Mar 07 03:32:40.238180 2026] [php:error] [pid 65224] [client 20.151.11.236:0] script '/domains/efusion1/x12.php' not found or unable to stat
[Sat Mar 07 03:32:40.275133 2026] [php:error] [pid 65224] [client 20.151.11.236:0] script '/domains/efusion1/by.php' not found or unable to stat
[Sat Mar 07 03:32:40.304363 2026] [php:error] [pid 65224] [client 20.151.11.236:0] script '/domains/efusion1/sf.php' not found or unable to stat
[Sat Mar 07 03:32:40.337145 2026] [php:error] [pid 65224] [client 20.151.11.236:0] script '/domains/efusion1/asw.php' not found or unable to stat
[Sat Mar 07 03:32:40.358766 2026] [php:error] [pid 65224] [client 20.151.11.236:0] script '/domains/efusion1/eee.php' not found or unable to stat
[Sat Mar 07 03:32:40.381439 2026] [php:error] [pid 65224] [client 20.151.11.236:0] script '/domains/efusion1/lp6.php' not found or unable to stat
[Sat Mar 07 03:32:40.409643 2026] [php:error] [pid 65224] [client 20.151.11.236:0] script '/domains/efusion1/akses.php' not found or unable to stat
[Sat Mar 07 03:32:40.434203 2026] [php:error] [pid 65224] [client 20.151.11.236:0] script '/domains/efusion1/no1.php' not found or unable to stat
[Sat Mar 07 03:32:40.455809 2026] [php:error] [pid 65224] [client 20.151.11.236:0] script '/domains/efusion1/teee.php' not found or unable to stat
[Sat Mar 07 03:32:40.484312 2026] [php:error] [pid 65224] [client 20.151.11.236:0] script '/domains/efusion1/elabel.php' not found or unable to stat
[Sat Mar 07 03:32:40.506113 2026] [php:error] [pid 65224] [client 20.151.11.236:0] script '/domains/efusion1/bafFz.php' not found or unable to stat
[Sat Mar 07 03:32:40.531189 2026] [php:error] [pid 65224] [client 20.151.11.236:0] script '/domains/efusion1/rere.php' not found or unable to stat
[Sat Mar 07 03:32:40.553290 2026] [php:error] [pid 65224] [client 20.151.11.236:0] script '/domains/efusion1/jocundly.php' not found or unable to stat
[Sat Mar 07 03:32:40.574852 2026] [php:error] [pid 65224] [client 20.151.11.236:0] script '/domains/efusion1/wo.php' not found or unable to stat
[Sat Mar 07 03:32:40.597507 2026] [php:error] [pid 65224] [client 20.151.11.236:0] script '/domains/efusion1/h2h.php' not found or unable to stat
[Sat Mar 07 03:32:40.618955 2026] [php:error] [pid 65224] [client 20.151.11.236:0] script '/domains/efusion1/rithin.php' not found or unable to stat
[Sat Mar 07 03:32:40.642061 2026] [php:error] [pid 65224] [client 20.151.11.236:0] script '/domains/efusion1/kk.php' not found or unable to stat
[Sat Mar 07 03:32:40.664284 2026] [php:error] [pid 65224] [client 20.151.11.236:0] script '/domains/efusion1/path.php' not found or unable to stat
[Sat Mar 07 03:32:40.689060 2026] [php:error] [pid 65224] [client 20.151.11.236:0] script '/domains/efusion1/cs.php' not found or unable to stat
[Sat Mar 07 03:32:40.720175 2026] [php:error] [pid 65224] [client 20.151.11.236:0] script '/domains/efusion1/w2025.php' not found or unable to stat
[Sat Mar 07 03:32:40.741962 2026] [php:error] [pid 65224] [client 20.151.11.236:0] script '/domains/efusion1/foxr.php' not found or unable to stat
[Sat Mar 07 03:32:40.765509 2026] [php:error] [pid 65224] [client 20.151.11.236:0] script '/domains/efusion1/swallowable.php' not found or unable to stat
[Sat Mar 07 03:32:40.790773 2026] [php:error] [pid 65224] [client 20.151.11.236:0] script '/domains/efusion1/claw.php' not found or unable to stat
[Sat Mar 07 03:32:40.812366 2026] [php:error] [pid 65224] [client 20.151.11.236:0] script '/domains/efusion1/fvvff.php' not found or unable to stat
[Sat Mar 07 03:32:40.835926 2026] [php:error] [pid 65224] [client 20.151.11.236:0] script '/domains/efusion1/a2.php' not found or unable to stat
[Sat Mar 07 03:32:40.860062 2026] [php:error] [pid 65224] [client 20.151.11.236:0] script '/domains/efusion1/sty.php' not found or unable to stat
[Sat Mar 07 03:32:40.883119 2026] [php:error] [pid 65224] [client 20.151.11.236:0] script '/domains/efusion1/xxxx.php' not found or unable to stat
[Sat Mar 07 03:32:40.908251 2026] [php:error] [pid 65224] [client 20.151.11.236:0] script '/domains/efusion1/h.php' not found or unable to stat
[Sat Mar 07 03:32:40.929780 2026] [php:error] [pid 65224] [client 20.151.11.236:0] script '/domains/efusion1/g.php' not found or unable to stat
[Sat Mar 07 03:32:40.953800 2026] [php:error] [pid 65224] [client 20.151.11.236:0] script '/domains/efusion1/pp.php' not found or unable to stat
[Sat Mar 07 03:32:40.976347 2026] [php:error] [pid 65224] [client 20.151.11.236:0] script '/domains/efusion1/sys.php' not found or unable to stat
[Sat Mar 07 03:32:40.998347 2026] [php:error] [pid 65224] [client 20.151.11.236:0] script '/domains/efusion1/txets.php' not found or unable to stat
[Sat Mar 07 03:32:41.020651 2026] [php:error] [pid 65224] [client 20.151.11.236:0] script '/domains/efusion1/wp9.php' not found or unable to stat
[Sat Mar 07 03:32:41.041987 2026] [php:error] [pid 65224] [client 20.151.11.236:0] script '/domains/efusion1/path.php' not found or unable to stat
[Sat Mar 07 03:32:41.063763 2026] [php:error] [pid 65224] [client 20.151.11.236:0] script '/domains/efusion1/wdf.php' not found or unable to stat
[Sat Mar 07 03:32:41.085525 2026] [php:error] [pid 65224] [client 20.151.11.236:0] script '/domains/efusion1/2.php' not found or unable to stat
[Sat Mar 07 03:32:41.107254 2026] [php:error] [pid 65224] [client 20.151.11.236:0] script '/domains/efusion1/mga.php' not found or unable to stat
[Sat Mar 07 03:32:41.129537 2026] [php:error] [pid 65224] [client 20.151.11.236:0] script '/domains/efusion1/maxro.php' not found or unable to stat
[Sat Mar 07 03:32:41.150913 2026] [php:error] [pid 65224] [client 20.151.11.236:0] script '/domains/efusion1/pass2.php' not found or unable to stat
[Sat Mar 07 03:32:41.174125 2026] [php:error] [pid 65224] [client 20.151.11.236:0] script '/domains/efusion1/wsvvs.php' not found or unable to stat
[Sat Mar 07 03:32:41.198222 2026] [php:error] [pid 65224] [client 20.151.11.236:0] script '/domains/efusion1/3.php' not found or unable to stat
[Sat Mar 07 03:32:41.241627 2026] [php:error] [pid 65224] [client 20.151.11.236:0] script '/domains/efusion1/edit.php' not found or unable to stat
[Sat Mar 07 03:32:41.263611 2026] [php:error] [pid 65224] [client 20.151.11.236:0] script '/domains/efusion1/ioxi-o.php' not found or unable to stat
[Sat Mar 07 03:32:41.321804 2026] [php:error] [pid 65224] [client 20.151.11.236:0] script '/domains/efusion1/66.php' not found or unable to stat
[Sat Mar 07 03:32:41.375106 2026] [php:error] [pid 65224] [client 20.151.11.236:0] script '/domains/efusion1/gifclass.php' not found or unable to stat
[Sat Mar 07 03:32:41.496349 2026] [php:error] [pid 65224] [client 20.151.11.236:0] script '/domains/efusion1/sc.php' not found or unable to stat
[Sat Mar 07 03:32:41.517702 2026] [php:error] [pid 65224] [client 20.151.11.236:0] script '/domains/efusion1/xmlrpc.php' not found or unable to stat
[Sat Mar 07 03:32:41.543407 2026] [php:error] [pid 65224] [client 20.151.11.236:0] script '/domains/efusion1/ol.php' not found or unable to stat
[Sat Mar 07 03:32:41.564845 2026] [php:error] [pid 65224] [client 20.151.11.236:0] script '/domains/efusion1/f6.php' not found or unable to stat
[Sat Mar 07 03:32:41.605791 2026] [php:error] [pid 65224] [client 20.151.11.236:0] script '/domains/efusion1/inputs.php' not found or unable to stat
[Sat Mar 07 03:32:41.629744 2026] [php:error] [pid 65224] [client 20.151.11.236:0] script '/domains/efusion1/style.php' not found or unable to stat
[Sat Mar 07 03:32:41.651167 2026] [php:error] [pid 65224] [client 20.151.11.236:0] script '/domains/efusion1/bgymj.php' not found or unable to stat
[Sat Mar 07 03:32:41.674837 2026] [php:error] [pid 65224] [client 20.151.11.236:0] script '/domains/efusion1/aa.php' not found or unable to stat
[Sat Mar 07 03:32:41.696423 2026] [php:error] [pid 65224] [client 20.151.11.236:0] script '/domains/efusion1/1.php' not found or unable to stat
[Sat Mar 07 03:32:41.719281 2026] [php:error] [pid 65224] [client 20.151.11.236:0] script '/domains/efusion1/sc.php' not found or unable to stat
[Sat Mar 07 03:32:41.740978 2026] [php:error] [pid 65224] [client 20.151.11.236:0] script '/domains/efusion1/av.php' not found or unable to stat
[Sat Mar 07 03:32:41.762411 2026] [php:error] [pid 65224] [client 20.151.11.236:0] script '/domains/efusion1/file.php' not found or unable to stat
[Sat Mar 07 03:32:41.784391 2026] [php:error] [pid 65224] [client 20.151.11.236:0] script '/domains/efusion1/file59.php' not found or unable to stat
[Sat Mar 07 03:32:41.808702 2026] [php:error] [pid 65224] [client 20.151.11.236:0] script '/domains/efusion1/bless.php' not found or unable to stat
[Sat Mar 07 03:32:41.834187 2026] [php:error] [pid 65224] [client 20.151.11.236:0] script '/domains/efusion1/wp9.php' not found or unable to stat
[Sat Mar 07 03:32:41.862825 2026] [php:error] [pid 65224] [client 20.151.11.236:0] script '/domains/efusion1/wp-act.php' not found or unable to stat
[Sat Mar 07 03:32:41.887782 2026] [php:error] [pid 65224] [client 20.151.11.236:0] script '/domains/efusion1/class-t.api.php' not found or unable to stat
[Sat Mar 07 03:32:41.909391 2026] [php:error] [pid 65224] [client 20.151.11.236:0] script '/domains/efusion1/xqq.php' not found or unable to stat
[Sat Mar 07 03:32:41.957773 2026] [php:error] [pid 65224] [client 20.151.11.236:0] script '/domains/efusion1/a.php' not found or unable to stat
[Sat Mar 07 03:32:41.984155 2026] [php:error] [pid 65224] [client 20.151.11.236:0] script '/domains/efusion1/06.php' not found or unable to stat
[Sat Mar 07 03:32:42.007416 2026] [php:error] [pid 65224] [client 20.151.11.236:0] script '/domains/efusion1/plss3.php' not found or unable to stat
[Sat Mar 07 03:32:42.030384 2026] [php:error] [pid 65224] [client 20.151.11.236:0] script '/domains/efusion1/aaa.php' not found or unable to stat
[Sat Mar 07 03:32:42.053343 2026] [php:error] [pid 65224] [client 20.151.11.236:0] script '/domains/efusion1/classwithtostring.php' not found or unable to stat
[Sat Mar 07 03:32:42.097066 2026] [php:error] [pid 65224] [client 20.151.11.236:0] script '/domains/efusion1/tinyfilemanager.php' not found or unable to stat
[Sat Mar 07 03:32:42.118800 2026] [php:error] [pid 65224] [client 20.151.11.236:0] script '/domains/efusion1/x.php' not found or unable to stat
[Sat Mar 07 03:32:42.140256 2026] [php:error] [pid 65224] [client 20.151.11.236:0] script '/domains/efusion1/ms.php' not found or unable to stat
[Sat Mar 07 03:32:42.186610 2026] [php:error] [pid 65224] [client 20.151.11.236:0] script '/domains/efusion1/wp-update.php' not found or unable to stat
[Sat Mar 07 03:32:42.208410 2026] [php:error] [pid 65224] [client 20.151.11.236:0] script '/domains/efusion1/sbhu.php' not found or unable to stat
[Sat Mar 07 03:32:42.257922 2026] [php:error] [pid 65224] [client 20.151.11.236:0] script '/domains/efusion1/wp-blog.php' not found or unable to stat
[Sat Mar 07 03:32:42.281122 2026] [php:error] [pid 65224] [client 20.151.11.236:0] script '/domains/efusion1/test1.php' not found or unable to stat
[Sat Mar 07 03:32:42.323545 2026] [php:error] [pid 65224] [client 20.151.11.236:0] script '/domains/efusion1/166.php' not found or unable to stat
[Sat Mar 07 03:32:42.380914 2026] [php:error] [pid 65224] [client 20.151.11.236:0] script '/domains/efusion1/ms-edit.php' not found or unable to stat
[Sat Mar 07 03:32:42.404927 2026] [php:error] [pid 65224] [client 20.151.11.236:0] script '/domains/efusion1/adminfuns.php' not found or unable to stat
[Sat Mar 07 03:32:42.432966 2026] [php:error] [pid 65224] [client 20.151.11.236:0] script '/domains/efusion1/goods.php' not found or unable to stat
[Sat Mar 07 03:32:42.457348 2026] [php:error] [pid 65224] [client 20.151.11.236:0] script '/domains/efusion1/ms-edit.php' not found or unable to stat
[Sat Mar 07 03:32:42.483421 2026] [php:error] [pid 65224] [client 20.151.11.236:0] script '/domains/efusion1/222.php' not found or unable to stat
[Sat Mar 07 03:32:42.533414 2026] [php:error] [pid 65242] [client 20.151.11.236:0] script '/domains/efusion1/plugins.php' not found or unable to stat
[Sat Mar 07 03:32:42.611985 2026] [php:error] [pid 65242] [client 20.151.11.236:0] script '/domains/efusion1/ff1.php' not found or unable to stat
[Sat Mar 07 03:32:42.635939 2026] [php:error] [pid 65242] [client 20.151.11.236:0] script '/domains/efusion1/fff.php' not found or unable to stat
[Sat Mar 07 03:32:42.685937 2026] [php:error] [pid 65242] [client 20.151.11.236:0] script '/domains/efusion1/goat.php' not found or unable to stat
[Sat Mar 07 03:32:42.713597 2026] [php:error] [pid 65242] [client 20.151.11.236:0] script '/domains/efusion1/155.php' not found or unable to stat
[Sat Mar 07 03:32:42.742118 2026] [php:error] [pid 65242] [client 20.151.11.236:0] script '/domains/efusion1/we.php' not found or unable to stat
[Sat Mar 07 03:32:42.766397 2026] [php:error] [pid 65242] [client 20.151.11.236:0] script '/domains/efusion1/alpha.php' not found or unable to stat
