[Sat Mar 07 05:05:53.701259 2026] [php:error] [pid 67268] [client 185.177.72.38:0] script '/domains/rnachum/test_phpinfo4.php' not found or unable to stat
[Sat Mar 07 05:05:53.795810 2026] [php:error] [pid 67268] [client 185.177.72.38:0] script '/domains/rnachum/test_phpinfo5.php' not found or unable to stat
[Sat Mar 07 05:05:53.890454 2026] [php:error] [pid 67268] [client 185.177.72.38:0] script '/domains/rnachum/tester.php' not found or unable to stat
[Sat Mar 07 05:05:54.082559 2026] [php:error] [pid 67268] [client 185.177.72.38:0] script '/domains/rnachum/testing.php' not found or unable to stat
[Sat Mar 07 05:05:56.252549 2026] [php:error] [pid 67268] [client 185.177.72.38:0] script '/domains/rnachum/time.php' not found or unable to stat
[Sat Mar 07 05:05:56.637396 2026] [php:error] [pid 67268] [client 185.177.72.38:0] script '/domains/rnachum/token.php' not found or unable to stat
[Sat Mar 07 05:05:57.127059 2026] [php:error] [pid 67268] [client 185.177.72.38:0] script '/domains/rnachum/tz.php' not found or unable to stat
[Sat Mar 07 05:05:57.172107 2026] [php:error] [pid 67263] [client 45.148.10.244:0] script '/domains/system_cancel/aws_ses_config.php' not found or unable to stat
[Sat Mar 07 05:05:57.227349 2026] [php:error] [pid 67268] [client 185.177.72.38:0] script '/domains/rnachum/u.php' not found or unable to stat
[Sat Mar 07 05:05:57.713530 2026] [php:error] [pid 67268] [client 185.177.72.38:0] script '/domains/rnachum/up.php' not found or unable to stat
[Sat Mar 07 05:06:00.327120 2026] [php:error] [pid 67268] [client 185.177.72.38:0] script '/domains/rnachum/w.php' not found or unable to stat
[Sat Mar 07 05:06:00.620573 2026] [php:error] [pid 67268] [client 185.177.72.38:0] script '/domains/rnachum/web.php' not found or unable to stat
[Sat Mar 07 05:06:02.893525 2026] [php:error] [pid 67226] [client 185.177.72.38:0] script '/domains/rnachum/wp-login.php' not found or unable to stat
[Sat Mar 07 05:06:03.088497 2026] [php:error] [pid 67226] [client 185.177.72.38:0] script '/domains/rnachum/wp.php' not found or unable to stat
[Sat Mar 07 05:06:03.453372 2026] [php:error] [pid 67226] [client 185.177.72.38:0] script '/domains/rnachum/x.php' not found or unable to stat
[Sat Mar 07 05:06:06.963956 2026] [php:error] [pid 67252] [client 4.193.177.110:0] script '/domains/bfitpro2/auth.php' not found or unable to stat
[Sat Mar 07 05:06:07.184373 2026] [php:error] [pid 67252] [client 4.193.177.110:0] script '/domains/bfitpro2/504.php' not found or unable to stat
[Sat Mar 07 05:06:08.290055 2026] [php:error] [pid 67252] [client 4.193.177.110:0] script '/domains/bfitpro2/bk.php' not found or unable to stat
[Sat Mar 07 05:06:08.510787 2026] [php:error] [pid 67252] [client 4.193.177.110:0] script '/domains/bfitpro2/1.php' not found or unable to stat
[Sat Mar 07 05:06:08.952614 2026] [php:error] [pid 67252] [client 4.193.177.110:0] script '/domains/bfitpro2/error.php' not found or unable to stat
[Sat Mar 07 05:06:09.106333 2026] [php:error] [pid 67226] [client 185.177.72.38:0] script '/domains/rnachum/wp-config.php.orig' not found or unable to stat
[Sat Mar 07 05:06:10.349153 2026] [php:error] [pid 67252] [client 4.193.177.110:0] script '/domains/bfitpro2/ab.php' not found or unable to stat
[Sat Mar 07 05:06:13.613234 2026] [php:error] [pid 67252] [client 4.193.177.110:0] script '/domains/bfitpro2/new.php' not found or unable to stat
[Sat Mar 07 05:06:14.053573 2026] [php:error] [pid 67252] [client 4.193.177.110:0] script '/domains/bfitpro2/post.php' not found or unable to stat
[Sat Mar 07 05:06:14.824212 2026] [php:error] [pid 67266] [client 185.177.72.38:0] script '/domains/rnachum/phpinfo-server.php' not found or unable to stat
[Sat Mar 07 05:06:15.201070 2026] [php:error] [pid 67266] [client 185.177.72.38:0] script '/domains/rnachum/phpinfo_details.php' not found or unable to stat
[Sat Mar 07 05:06:15.396376 2026] [php:error] [pid 67266] [client 185.177.72.38:0] script '/domains/rnachum/phpinfomolten.php' not found or unable to stat
[Sat Mar 07 05:06:16.086234 2026] [php:error] [pid 67252] [client 4.193.177.110:0] script '/domains/bfitpro2/lock360.php' not found or unable to stat
[Sat Mar 07 05:06:17.127439 2026] [php:error] [pid 67252] [client 4.193.177.110:0] script '/domains/bfitpro2/10.php' not found or unable to stat
[Sat Mar 07 05:06:18.231272 2026] [php:error] [pid 67252] [client 4.193.177.110:0] script '/domains/bfitpro2/fox.php' not found or unable to stat
[Sat Mar 07 05:06:18.672150 2026] [php:error] [pid 67252] [client 4.193.177.110:0] script '/domains/bfitpro2/s.php' not found or unable to stat
[Sat Mar 07 05:06:18.804011 2026] [php:error] [pid 67266] [client 185.177.72.38:0] script '/domains/rnachum/wp-config-sample.php.bak' not found or unable to stat
[Sat Mar 07 05:06:18.895626 2026] [php:error] [pid 67266] [client 185.177.72.38:0] script '/domains/rnachum/wp-config.php.bak1' not found or unable to stat
[Sat Mar 07 05:06:19.080211 2026] [php:error] [pid 67266] [client 185.177.72.38:0] script '/domains/rnachum/config.inc.php.bak' not found or unable to stat
[Sat Mar 07 05:06:19.176619 2026] [php:error] [pid 67266] [client 185.177.72.38:0] script '/domains/rnachum/connect.php.bak' not found or unable to stat
[Sat Mar 07 05:06:19.273768 2026] [php:error] [pid 67266] [client 185.177.72.38:0] script '/domains/rnachum/connection.php.bak' not found or unable to stat
[Sat Mar 07 05:06:19.335518 2026] [php:error] [pid 67252] [client 4.193.177.110:0] script '/domains/bfitpro2/archive.php' not found or unable to stat
[Sat Mar 07 05:06:19.366758 2026] [php:error] [pid 67266] [client 185.177.72.38:0] script '/domains/rnachum/conn.php.bak' not found or unable to stat
[Sat Mar 07 05:06:22.282907 2026] [php:error] [pid 67274] [client 185.177.72.38:0] script '/domains/rnachum/config.php.old' not found or unable to stat
[Sat Mar 07 05:06:22.372807 2026] [php:error] [pid 67274] [client 185.177.72.38:0] script '/domains/rnachum/config.inc.php' not found or unable to stat
[Sat Mar 07 05:06:23.396156 2026] [php:error] [pid 67274] [client 185.177.72.38:0] script '/domains/rnachum/settings.php.bak' not found or unable to stat
[Sat Mar 07 05:06:23.491988 2026] [php:error] [pid 67274] [client 185.177.72.38:0] script '/domains/rnachum/settings.php.old' not found or unable to stat
[Sat Mar 07 05:06:23.584842 2026] [php:error] [pid 67274] [client 185.177.72.38:0] script '/domains/rnachum/settings.php.save' not found or unable to stat
[Sat Mar 07 05:06:25.865102 2026] [php:error] [pid 67274] [client 185.177.72.38:0] script '/domains/rnachum/configuration.php.bak' not found or unable to stat
[Sat Mar 07 05:06:26.527995 2026] [access_compat:error] [pid 67274] [client 185.177.72.38:0] AH01797: client denied by server configuration: /domains/rnachum/server-status
[Sat Mar 07 05:06:26.624113 2026] [php:error] [pid 67274] [client 185.177.72.38:0] script '/domains/rnachum/server-info.php' not found or unable to stat
[Sat Mar 07 05:06:26.718110 2026] [php:error] [pid 67274] [client 185.177.72.38:0] script '/domains/rnachum/app_dev.php' not found or unable to stat
[Sat Mar 07 05:06:28.399875 2026] [php:error] [pid 67274] [client 185.177.72.38:0] script '/domains/rnachum/xdebug.php' not found or unable to stat
[Sat Mar 07 05:06:28.493190 2026] [php:error] [pid 67274] [client 185.177.72.38:0] script '/domains/rnachum/xdebug_info.php' not found or unable to stat
[Sat Mar 07 05:06:29.136436 2026] [php:error] [pid 67274] [client 185.177.72.38:0] script '/domains/rnachum/test_socket.php' not found or unable to stat
[Sat Mar 07 05:06:29.232799 2026] [php:error] [pid 67274] [client 185.177.72.38:0] script '/domains/rnachum/testdb.php' not found or unable to stat
[Sat Mar 07 05:06:29.599895 2026] [php:error] [pid 67274] [client 185.177.72.38:0] script '/domains/rnachum/adminer-4.2.5-mysql-en.php' not found or unable to stat
[Sat Mar 07 05:06:29.693024 2026] [php:error] [pid 67274] [client 185.177.72.38:0] script '/domains/rnachum/phpmyadmin.php' not found or unable to stat
[Sat Mar 07 05:06:29.973147 2026] [php:error] [pid 67274] [client 185.177.72.38:0] script '/domains/rnachum/sql.php' not found or unable to stat
[Sat Mar 07 05:06:30.067870 2026] [php:error] [pid 67274] [client 185.177.72.38:0] script '/domains/rnachum/sqladmin.php' not found or unable to stat
[Sat Mar 07 05:06:30.159513 2026] [php:error] [pid 67274] [client 185.177.72.38:0] script '/domains/rnachum/dbadmin.php' not found or unable to stat
[Sat Mar 07 05:06:30.254670 2026] [php:error] [pid 67274] [client 185.177.72.38:0] script '/domains/rnachum/phpminiadmin.php' not found or unable to stat
[Sat Mar 07 05:06:30.346785 2026] [php:error] [pid 67274] [client 185.177.72.38:0] script '/domains/rnachum/mysqladmin.php' not found or unable to stat
[Sat Mar 07 05:06:32.233397 2026] [php:error] [pid 67277] [client 185.177.72.38:0] script '/domains/rnachum/wp-config-sample.php' not found or unable to stat
[Sat Mar 07 05:06:32.907904 2026] [authz_core:error] [pid 67277] [client 185.177.72.38:0] AH01630: client denied by server configuration: /domains/rnachum/.htpasswd
[Sat Mar 07 05:06:36.976745 2026] [php:error] [pid 67277] [client 185.177.72.38:0] script '/domains/rnachum/install.php' not found or unable to stat
[Sat Mar 07 05:06:37.081587 2026] [php:error] [pid 67277] [client 185.177.72.38:0] script '/domains/rnachum/setup.php' not found or unable to stat
[Sat Mar 07 05:06:37.175778 2026] [php:error] [pid 67277] [client 185.177.72.38:0] script '/domains/rnachum/setup-config.php' not found or unable to stat
[Sat Mar 07 05:06:37.375762 2026] [php:error] [pid 67277] [client 185.177.72.38:0] script '/domains/rnachum/app_dev.php' not found or unable to stat
[Sat Mar 07 05:06:37.470019 2026] [php:error] [pid 67277] [client 185.177.72.38:0] script '/domains/rnachum/config_dev.php' not found or unable to stat
[Sat Mar 07 05:06:37.562523 2026] [php:error] [pid 67277] [client 185.177.72.38:0] script '/domains/rnachum/index-dev.php' not found or unable to stat
[Sat Mar 07 05:06:37.656764 2026] [php:error] [pid 67277] [client 185.177.72.38:0] script '/domains/rnachum/index-test.php' not found or unable to stat
[Sat Mar 07 05:06:38.040184 2026] [php:error] [pid 67277] [client 185.177.72.38:0] script '/domains/rnachum/maintenance.php' not found or unable to stat
[Sat Mar 07 05:06:38.821649 2026] [php:error] [pid 67277] [client 185.177.72.38:0] script '/domains/rnachum/upgrade.php' not found or unable to stat
[Sat Mar 07 05:06:39.024536 2026] [php:error] [pid 67277] [client 185.177.72.38:0] script '/domains/rnachum/upgrader.php' not found or unable to stat
[Sat Mar 07 05:06:39.122762 2026] [php:error] [pid 67277] [client 185.177.72.38:0] script '/domains/rnachum/migrate.php' not found or unable to stat
[Sat Mar 07 05:06:39.226199 2026] [php:error] [pid 67277] [client 185.177.72.38:0] script '/domains/rnachum/migration.php' not found or unable to stat
[Sat Mar 07 05:06:39.324658 2026] [php:error] [pid 67277] [client 185.177.72.38:0] script '/domains/rnachum/console.php' not found or unable to stat
[Sat Mar 07 05:06:41.353280 2026] [php:error] [pid 67268] [client 185.177.72.38:0] script '/domains/rnachum/example-config.php' not found or unable to stat
[Sat Mar 07 05:06:41.453120 2026] [php:error] [pid 67268] [client 185.177.72.38:0] script '/domains/rnachum/sample-config.php' not found or unable to stat
[Sat Mar 07 05:06:49.969640 2026] [php:error] [pid 67252] [client 193.32.248.169:0] script '/domains/astrosfm/adminer.php' not found or unable to stat
[Sat Mar 07 05:06:58.450532 2026] [php:error] [pid 67247] [client 52.179.211.95:0] script '/domains/sjsachs/vynypyss.php' not found or unable to stat
[Sat Mar 07 05:06:58.457972 2026] [php:error] [pid 67247] [client 52.179.211.95:0] script '/domains/sjsachs/rawrpw.php' not found or unable to stat
[Sat Mar 07 05:06:58.542351 2026] [php:error] [pid 67247] [client 52.179.211.95:0] script '/domains/sjsachs/asd67.php' not found or unable to stat
[Sat Mar 07 05:06:58.549618 2026] [php:error] [pid 67247] [client 52.179.211.95:0] script '/domains/sjsachs/makeasmtp.php' not found or unable to stat
[Sat Mar 07 05:06:58.557253 2026] [php:error] [pid 67247] [client 52.179.211.95:0] script '/domains/sjsachs/zbqxoidn.php' not found or unable to stat
[Sat Mar 07 05:06:58.576323 2026] [php:error] [pid 67247] [client 52.179.211.95:0] script '/domains/sjsachs/hplsmbly.php' not found or unable to stat
[Sat Mar 07 05:06:58.583598 2026] [php:error] [pid 67247] [client 52.179.211.95:0] script '/domains/sjsachs/alfanew.php' not found or unable to stat
[Sat Mar 07 05:06:58.591369 2026] [php:error] [pid 67247] [client 52.179.211.95:0] script '/domains/sjsachs/Alex-Cross.php' not found or unable to stat
[Sat Mar 07 05:06:58.598568 2026] [php:error] [pid 67247] [client 52.179.211.95:0] script '/domains/sjsachs/evatusmk.php' not found or unable to stat
[Sat Mar 07 05:06:58.605999 2026] [php:error] [pid 67247] [client 52.179.211.95:0] script '/domains/sjsachs/file9.php' not found or unable to stat
[Sat Mar 07 05:06:58.631665 2026] [php:error] [pid 67247] [client 52.179.211.95:0] script '/domains/sjsachs/wp-session.php' not found or unable to stat
[Sat Mar 07 05:06:58.639423 2026] [php:error] [pid 67247] [client 52.179.211.95:0] script '/domains/sjsachs/xl2023.php' not found or unable to stat
[Sat Mar 07 05:06:58.655509 2026] [php:error] [pid 67247] [client 52.179.211.95:0] script '/domains/sjsachs/wp-conflg.php' not found or unable to stat
[Sat Mar 07 05:06:58.662928 2026] [php:error] [pid 67247] [client 52.179.211.95:0] script '/domains/sjsachs/file18.php' not found or unable to stat
[Sat Mar 07 05:06:58.678634 2026] [php:error] [pid 67247] [client 52.179.211.95:0] script '/domains/sjsachs/bbK8Qd6nhc.php' not found or unable to stat
[Sat Mar 07 05:06:58.686480 2026] [php:error] [pid 67247] [client 52.179.211.95:0] script '/domains/sjsachs/BIBIL.php' not found or unable to stat
[Sat Mar 07 05:06:58.694088 2026] [php:error] [pid 67247] [client 52.179.211.95:0] script '/domains/sjsachs/uchkkzmk.php' not found or unable to stat
[Sat Mar 07 05:06:58.701986 2026] [php:error] [pid 67247] [client 52.179.211.95:0] script '/domains/sjsachs/wp-login.php' not found or unable to stat
[Sat Mar 07 05:06:58.871470 2026] [php:error] [pid 67247] [client 52.179.211.95:0] script '/domains/sjsachs/kbicjghd.php' not found or unable to stat
[Sat Mar 07 05:06:58.885722 2026] [php:error] [pid 67247] [client 52.179.211.95:0] script '/domains/sjsachs/wso.php' not found or unable to stat
[Sat Mar 07 05:06:58.975878 2026] [php:error] [pid 67247] [client 52.179.211.95:0] script '/domains/sjsachs/izusdinh.php' not found or unable to stat
[Sat Mar 07 05:06:58.989222 2026] [php:error] [pid 67247] [client 52.179.211.95:0] script '/domains/sjsachs/randkeyword.php' not found or unable to stat
[Sat Mar 07 05:06:59.005630 2026] [php:error] [pid 67247] [client 52.179.211.95:0] script '/domains/sjsachs/pgxfoqte.php' not found or unable to stat
[Sat Mar 07 05:06:59.061400 2026] [php:error] [pid 67247] [client 52.179.211.95:0] script '/domains/sjsachs/2TlRXt7OgIM.php' not found or unable to stat
[Sat Mar 07 05:06:59.094333 2026] [php:error] [pid 67247] [client 52.179.211.95:0] script '/domains/sjsachs/fopen.php' not found or unable to stat
[Sat Mar 07 05:06:59.106184 2026] [php:error] [pid 67247] [client 52.179.211.95:0] script '/domains/sjsachs/nokswnuh.php' not found or unable to stat
[Sat Mar 07 05:06:59.126060 2026] [php:error] [pid 67247] [client 52.179.211.95:0] script '/domains/sjsachs/41Wppt5xB9.php' not found or unable to stat
[Sat Mar 07 05:06:59.135296 2026] [php:error] [pid 67247] [client 52.179.211.95:0] script '/domains/sjsachs/uHn8BDkldxz.php' not found or unable to stat
[Sat Mar 07 05:06:59.235070 2026] [php:error] [pid 67247] [client 52.179.211.95:0] script '/domains/sjsachs/ae.php' not found or unable to stat
[Sat Mar 07 05:06:59.255690 2026] [php:error] [pid 67247] [client 52.179.211.95:0] script '/domains/sjsachs/config.php' not found or unable to stat
[Sat Mar 07 05:06:59.294604 2026] [php:error] [pid 67247] [client 52.179.211.95:0] script '/domains/sjsachs/nrmvjhdu.php' not found or unable to stat
[Sat Mar 07 05:06:59.309872 2026] [php:error] [pid 67247] [client 52.179.211.95:0] script '/domains/sjsachs/edit-tags.php' not found or unable to stat
[Sat Mar 07 05:06:59.321807 2026] [php:error] [pid 67247] [client 52.179.211.95:0] script '/domains/sjsachs/h2WUebaOkZG.php' not found or unable to stat
[Sat Mar 07 05:06:59.363218 2026] [php:error] [pid 67247] [client 52.179.211.95:0] script '/domains/sjsachs/alumni_reg.php' not found or unable to stat
[Sat Mar 07 05:06:59.370526 2026] [php:error] [pid 67247] [client 52.179.211.95:0] script '/domains/sjsachs/lrxqxgbi.php' not found or unable to stat
[Sat Mar 07 05:06:59.386317 2026] [php:error] [pid 67247] [client 52.179.211.95:0] script '/domains/sjsachs/phUploader.php' not found or unable to stat
[Sat Mar 07 05:06:59.500162 2026] [php:error] [pid 67247] [client 52.179.211.95:0] script '/domains/sjsachs/file6.php' not found or unable to stat
[Sat Mar 07 05:06:59.773748 2026] [php:error] [pid 67247] [client 52.179.211.95:0] script '/domains/sjsachs/qkvbqnne.php' not found or unable to stat
[Sat Mar 07 05:06:59.821210 2026] [php:error] [pid 67247] [client 52.179.211.95:0] script '/domains/sjsachs/file.php' not found or unable to stat
[Sat Mar 07 05:06:59.844846 2026] [php:error] [pid 67247] [client 52.179.211.95:0] script '/domains/sjsachs/yjlqpamf.php' not found or unable to stat
[Sat Mar 07 05:06:59.862320 2026] [php:error] [pid 67247] [client 52.179.211.95:0] script '/domains/sjsachs/default.php' not found or unable to stat
[Sat Mar 07 05:06:59.893512 2026] [php:error] [pid 67247] [client 52.179.211.95:0] script '/domains/sjsachs/php-info.php' not found or unable to stat
[Sat Mar 07 05:07:00.066309 2026] [php:error] [pid 67247] [client 52.179.211.95:0] script '/domains/sjsachs/ans.php' not found or unable to stat
[Sat Mar 07 05:07:00.074982 2026] [php:error] [pid 67247] [client 52.179.211.95:0] script '/domains/sjsachs/xltavrat.php' not found or unable to stat
[Sat Mar 07 05:07:00.095757 2026] [php:error] [pid 67247] [client 52.179.211.95:0] script '/domains/sjsachs/3YuwLn4aJ9T.php' not found or unable to stat
[Sat Mar 07 05:07:00.103254 2026] [php:error] [pid 67247] [client 52.179.211.95:0] script '/domains/sjsachs/aAZUleCFR6G.php' not found or unable to stat
[Sat Mar 07 05:07:00.122897 2026] [php:error] [pid 67247] [client 52.179.211.95:0] script '/domains/sjsachs/nam.php' not found or unable to stat
[Sat Mar 07 05:07:00.244730 2026] [php:error] [pid 67279] [client 20.78.169.245:0] script '/domains/rainho/auth.php' not found or unable to stat
[Sat Mar 07 05:07:00.411684 2026] [php:error] [pid 67279] [client 20.78.169.245:0] script '/domains/rainho/504.php' not found or unable to stat
[Sat Mar 07 05:07:01.297116 2026] [php:error] [pid 67279] [client 20.78.169.245:0] script '/domains/rainho/bk.php' not found or unable to stat
[Sat Mar 07 05:07:01.516516 2026] [php:error] [pid 67279] [client 20.78.169.245:0] script '/domains/rainho/1.php' not found or unable to stat
[Sat Mar 07 05:07:01.915495 2026] [php:error] [pid 67279] [client 20.78.169.245:0] script '/domains/rainho/error.php' not found or unable to stat
[Sat Mar 07 05:07:02.675390 2026] [php:error] [pid 67280] [client 193.32.248.169:0] script '/domains/astrosfm/adminer.php' not found or unable to stat
[Sat Mar 07 05:07:03.021324 2026] [php:error] [pid 67279] [client 20.78.169.245:0] script '/domains/rainho/ab.php' not found or unable to stat
[Sat Mar 07 05:07:05.651657 2026] [php:error] [pid 67279] [client 20.78.169.245:0] script '/domains/rainho/new.php' not found or unable to stat
[Sat Mar 07 05:07:05.986041 2026] [php:error] [pid 67279] [client 20.78.169.245:0] script '/domains/rainho/post.php' not found or unable to stat
[Sat Mar 07 05:07:07.602896 2026] [php:error] [pid 67279] [client 20.78.169.245:0] script '/domains/rainho/lock360.php' not found or unable to stat
[Sat Mar 07 05:07:08.348317 2026] [php:error] [pid 67279] [client 20.78.169.245:0] script '/domains/rainho/10.php' not found or unable to stat
[Sat Mar 07 05:07:09.377334 2026] [php:error] [pid 67279] [client 20.78.169.245:0] script '/domains/rainho/fox.php' not found or unable to stat
[Sat Mar 07 05:07:09.798178 2026] [php:error] [pid 67279] [client 20.78.169.245:0] script '/domains/rainho/s.php' not found or unable to stat
[Sat Mar 07 05:07:10.298255 2026] [php:error] [pid 67279] [client 20.78.169.245:0] script '/domains/rainho/archive.php' not found or unable to stat
[Sat Mar 07 05:07:20.634730 2026] [php:error] [pid 67289] [client 45.148.10.244:0] script '/domains/covertcomic/phpinfo.php' not found or unable to stat
[Sat Mar 07 05:07:22.590217 2026] [php:error] [pid 67244] [client 45.148.10.244:0] script '/domains/covertcomic/_phpinfo.php' not found or unable to stat
[Sat Mar 07 05:07:34.304605 2026] [php:error] [pid 67290] [client 45.148.10.244:0] script '/domains/covertcomic/wp-config.php.bak' not found or unable to stat
[Sat Mar 07 05:07:34.511068 2026] [php:error] [pid 67290] [client 45.148.10.244:0] script '/domains/covertcomic/info.php' not found or unable to stat
[Sat Mar 07 05:07:35.731596 2026] [php:error] [pid 67290] [client 45.148.10.244:0] script '/domains/covertcomic/server_info.php' not found or unable to stat
[Sat Mar 07 05:07:36.104922 2026] [php:error] [pid 67284] [client 45.148.10.244:0] script '/domains/covertcomic/app_dev.php' not found or unable to stat
[Sat Mar 07 05:07:36.495008 2026] [php:error] [pid 67244] [client 45.148.10.244:0] script '/domains/covertcomic/test.php' not found or unable to stat
[Sat Mar 07 05:07:36.599892 2026] [access_compat:error] [pid 67244] [client 45.148.10.244:0] AH01797: client denied by server configuration: /domains/covertcomic/server-info
[Sat Mar 07 05:07:36.727441 2026] [php:error] [pid 67244] [client 45.148.10.244:0] script '/domains/covertcomic/server-info.php' not found or unable to stat
[Sat Mar 07 05:08:00.946164 2026] [php:error] [pid 67310] [client 185.177.72.30:0] script '/domains/metrolighting/info.php.bak' not found or unable to stat
[Sat Mar 07 05:08:01.065119 2026] [php:error] [pid 67310] [client 185.177.72.30:0] script '/domains/metrolighting/php-info.php' not found or unable to stat
[Sat Mar 07 05:08:01.164655 2026] [php:error] [pid 67310] [client 185.177.72.30:0] script '/domains/metrolighting/newinfo.php' not found or unable to stat
[Sat Mar 07 05:08:01.289088 2026] [php:error] [pid 67310] [client 185.177.72.30:0] script '/domains/metrolighting/siteinfo.php' not found or unable to stat
[Sat Mar 07 05:08:01.383839 2026] [php:error] [pid 67310] [client 185.177.72.30:0] script '/domains/metrolighting/info.php.1' not found or unable to stat
[Sat Mar 07 05:08:01.594879 2026] [php:error] [pid 67310] [client 185.177.72.30:0] script '/domains/metrolighting/pageinfo.php' not found or unable to stat
[Sat Mar 07 05:08:01.703345 2026] [php:error] [pid 67310] [client 185.177.72.30:0] script '/domains/metrolighting/info.php.back' not found or unable to stat
[Sat Mar 07 05:08:01.946674 2026] [php:error] [pid 67310] [client 185.177.72.30:0] script '/domains/metrolighting/release_info.php' not found or unable to stat
[Sat Mar 07 05:08:02.309871 2026] [php:error] [pid 67310] [client 185.177.72.30:0] script '/domains/metrolighting/info.php' not found or unable to stat
[Sat Mar 07 05:08:02.654223 2026] [php:error] [pid 67310] [client 185.177.72.30:0] script '/domains/metrolighting/info.php.save.1' not found or unable to stat
[Sat Mar 07 05:08:02.852979 2026] [php:error] [pid 67310] [client 185.177.72.30:0] script '/domains/metrolighting/_info.php' not found or unable to stat
[Sat Mar 07 05:08:02.950348 2026] [php:error] [pid 67310] [client 185.177.72.30:0] script '/domains/metrolighting/admin_phpinfo.php' not found or unable to stat
[Sat Mar 07 05:08:03.056206 2026] [php:error] [pid 67310] [client 185.177.72.30:0] script '/domains/metrolighting/dbinfo.php' not found or unable to stat
[Sat Mar 07 05:08:03.180141 2026] [php:error] [pid 67310] [client 185.177.72.30:0] script '/domains/metrolighting/admin_info.php' not found or unable to stat
[Sat Mar 07 05:08:03.424882 2026] [php:error] [pid 67310] [client 185.177.72.30:0] script '/domains/metrolighting/config.php' not found or unable to stat
[Sat Mar 07 05:08:03.538146 2026] [php:error] [pid 67310] [client 185.177.72.30:0] script '/domains/metrolighting/phpinfo.php' not found or unable to stat
[Sat Mar 07 05:08:03.649289 2026] [php:error] [pid 67310] [client 185.177.72.30:0] script '/domains/metrolighting/phpinfo.php.bak' not found or unable to stat
[Sat Mar 07 05:08:03.843557 2026] [php:error] [pid 67310] [client 185.177.72.30:0] script '/domains/metrolighting/pinfo.php' not found or unable to stat
[Sat Mar 07 05:08:04.033559 2026] [php:error] [pid 67287] [client 45.148.10.244:0] script '/domains/covertcomic/.env.php' not found or unable to stat
[Sat Mar 07 05:08:04.326144 2026] [php:error] [pid 67287] [client 45.148.10.244:0] script '/domains/covertcomic/config.php' not found or unable to stat
[Sat Mar 07 05:08:04.415730 2026] [php:error] [pid 67287] [client 45.148.10.244:0] script '/domains/covertcomic/configuration.php' not found or unable to stat
[Sat Mar 07 05:08:04.505035 2026] [php:error] [pid 67287] [client 45.148.10.244:0] script '/domains/covertcomic/settings.php' not found or unable to stat
[Sat Mar 07 05:08:04.598219 2026] [php:error] [pid 67287] [client 45.148.10.244:0] script '/domains/covertcomic/database.php' not found or unable to stat
[Sat Mar 07 05:08:04.703563 2026] [php:error] [pid 67287] [client 45.148.10.244:0] script '/domains/covertcomic/db.php' not found or unable to stat
[Sat Mar 07 05:08:04.796145 2026] [php:error] [pid 67287] [client 45.148.10.244:0] script '/domains/covertcomic/connect.php' not found or unable to stat
[Sat Mar 07 05:08:04.890328 2026] [php:error] [pid 67287] [client 45.148.10.244:0] script '/domains/covertcomic/connection.php' not found or unable to stat
[Sat Mar 07 05:08:06.493123 2026] [php:error] [pid 67310] [client 185.177.72.30:0] script '/domains/metrolighting/.env.php' not found or unable to stat
[Sat Mar 07 05:08:07.027242 2026] [php:error] [pid 67301] [client 45.148.10.244:0] script '/domains/covertcomic/config.inc.php' not found or unable to stat
[Sat Mar 07 05:08:07.206250 2026] [php:error] [pid 67301] [client 45.148.10.244:0] script '/domains/covertcomic/settings.inc.php' not found or unable to stat
[Sat Mar 07 05:08:10.278412 2026] [php:error] [pid 67310] [client 185.177.72.30:0] script '/domains/metrolighting/.env.sample.php' not found or unable to stat
[Sat Mar 07 05:08:10.922175 2026] [php:error] [pid 67310] [client 185.177.72.30:0] script '/domains/metrolighting/env.php' not found or unable to stat
[Sat Mar 07 05:08:11.856235 2026] [php:error] [pid 67263] [client 45.148.10.244:0] script '/domains/covertcomic/wp-config.php' not found or unable to stat
[Sat Mar 07 05:08:11.941825 2026] [php:error] [pid 67263] [client 45.148.10.244:0] script '/domains/covertcomic/wp-config.php.old' not found or unable to stat
[Sat Mar 07 05:08:12.071024 2026] [php:error] [pid 67263] [client 45.148.10.244:0] script '/domains/covertcomic/wp-config.php.save' not found or unable to stat
[Sat Mar 07 05:08:13.204175 2026] [php:error] [pid 67302] [client 45.148.10.244:0] script '/domains/covertcomic/wp-config.php.swp' not found or unable to stat
[Sat Mar 07 05:08:14.192277 2026] [php:error] [pid 67290] [client 185.177.72.30:0] script '/domains/metrolighting/wp-config.php' not found or unable to stat
[Sat Mar 07 05:08:14.287070 2026] [php:error] [pid 67290] [client 185.177.72.30:0] script '/domains/metrolighting/configuration.php' not found or unable to stat
[Sat Mar 07 05:08:14.647096 2026] [php:error] [pid 67302] [client 45.148.10.244:0] script '/domains/covertcomic/wp-config-sample.php' not found or unable to stat
[Sat Mar 07 05:08:15.254445 2026] [php:error] [pid 67302] [client 45.148.10.244:0] script '/domains/covertcomic/.wp-config.php.swp' not found or unable to stat
[Sat Mar 07 05:08:15.752140 2026] [php:error] [pid 67302] [client 45.148.10.244:0] script '/domains/covertcomic/configuration.php.bak' not found or unable to stat
[Sat Mar 07 05:08:15.837938 2026] [php:error] [pid 67302] [client 45.148.10.244:0] script '/domains/covertcomic/configuration.php.old' not found or unable to stat
[Sat Mar 07 05:08:16.652020 2026] [php:error] [pid 67290] [client 185.177.72.30:0] script '/domains/metrolighting/settings.php' not found or unable to stat
[Sat Mar 07 05:08:20.304126 2026] [php:error] [pid 67290] [client 185.177.72.30:0] script '/domains/metrolighting/_phpinfo.php' not found or unable to stat
[Sat Mar 07 05:08:21.558465 2026] [php:error] [pid 67310] [client 45.148.10.244:0] script '/domains/covertcomic/payment_config.php' not found or unable to stat
[Sat Mar 07 05:08:21.651038 2026] [php:error] [pid 67310] [client 45.148.10.244:0] script '/domains/covertcomic/checkout.php' not found or unable to stat
[Sat Mar 07 05:08:23.964710 2026] [php:error] [pid 67309] [client 185.177.72.30:0] script '/domains/metrolighting/config.php.bak' not found or unable to stat
[Sat Mar 07 05:08:24.163962 2026] [access_compat:error] [pid 67309] [client 185.177.72.30:0] AH01797: client denied by server configuration: /domains/metrolighting/server-info
[Sat Mar 07 05:08:24.354892 2026] [php:error] [pid 67309] [client 185.177.72.30:0] script '/domains/metrolighting/config.php.save' not found or unable to stat
[Sat Mar 07 05:08:24.457965 2026] [php:error] [pid 67309] [client 185.177.72.30:0] script '/domains/metrolighting/pi.php' not found or unable to stat
[Sat Mar 07 05:08:24.544828 2026] [php:error] [pid 67309] [client 185.177.72.30:0] script '/domains/metrolighting/wp-config.php.bak' not found or unable to stat
[Sat Mar 07 05:08:24.642653 2026] [php:error] [pid 67309] [client 185.177.72.30:0] script '/domains/metrolighting/test.php' not found or unable to stat
[Sat Mar 07 05:08:24.732000 2026] [php:error] [pid 67309] [client 185.177.72.30:0] script '/domains/metrolighting/wp-config.php.backup' not found or unable to stat
[Sat Mar 07 05:08:25.009387 2026] [authz_core:error] [pid 67317] [client 45.148.10.244:0] AH01630: client denied by server configuration: /domains/covertcomic/.htaccess
[Sat Mar 07 05:08:25.097763 2026] [authz_core:error] [pid 67317] [client 45.148.10.244:0] AH01630: client denied by server configuration: /domains/covertcomic/.htpasswd
[Sat Mar 07 05:08:25.463109 2026] [php:error] [pid 67317] [client 45.148.10.244:0] script '/domains/covertcomic/debug.php' not found or unable to stat
[Sat Mar 07 05:08:27.399928 2026] [php:error] [pid 67317] [client 45.148.10.244:0] script '/domains/covertcomic/admin.php' not found or unable to stat
[Sat Mar 07 05:08:27.486144 2026] [php:error] [pid 67317] [client 45.148.10.244:0] script '/domains/covertcomic/login.php' not found or unable to stat
[Sat Mar 07 05:08:28.015865 2026] [php:error] [pid 67317] [client 45.148.10.244:0] script '/domains/covertcomic/adminer.php' not found or unable to stat
[Sat Mar 07 05:08:29.210324 2026] [authz_core:error] [pid 67309] [client 185.177.72.30:0] AH01630: client denied by server configuration: /domains/metrolighting/.htaccess
[Sat Mar 07 05:08:31.712303 2026] [php:error] [pid 67309] [client 185.177.72.30:0] script '/domains/metrolighting/123.php' not found or unable to stat
[Sat Mar 07 05:08:32.045570 2026] [php:error] [pid 67295] [client 45.148.10.244:0] script '/domains/covertcomic/email.php' not found or unable to stat
[Sat Mar 07 05:08:32.140855 2026] [php:error] [pid 67295] [client 45.148.10.244:0] script '/domains/covertcomic/mail.php' not found or unable to stat
[Sat Mar 07 05:08:32.235445 2026] [php:error] [pid 67295] [client 45.148.10.244:0] script '/domains/covertcomic/sendmail.php' not found or unable to stat
[Sat Mar 07 05:08:32.334813 2026] [php:error] [pid 67295] [client 45.148.10.244:0] script '/domains/covertcomic/mailer.php' not found or unable to stat
[Sat Mar 07 05:08:32.418858 2026] [php:error] [pid 67295] [client 45.148.10.244:0] script '/domains/covertcomic/smtp.php' not found or unable to stat
[Sat Mar 07 05:08:32.940114 2026] [php:error] [pid 67310] [client 185.165.46.205:0] script '/domains/mjbradley/accesson.php' not found or unable to stat
[Sat Mar 07 05:08:33.206020 2026] [php:error] [pid 67295] [client 45.148.10.244:0] script '/domains/covertcomic/graphql.php' not found or unable to stat
[Sat Mar 07 05:08:34.799715 2026] [php:error] [pid 67314] [client 185.177.72.30:0] script '/domains/metrolighting/a.php' not found or unable to stat
[Sat Mar 07 05:08:35.727298 2026] [php:error] [pid 67314] [client 185.177.72.30:0] script '/domains/metrolighting/admin.php' not found or unable to stat
[Sat Mar 07 05:08:36.167218 2026] [php:error] [pid 67314] [client 185.177.72.30:0] script '/domains/metrolighting/adminer.php' not found or unable to stat
[Sat Mar 07 05:08:36.317450 2026] [php:error] [pid 67295] [client 45.148.10.244:0] script '/domains/covertcomic/postmark_webhook.php' not found or unable to stat
[Sat Mar 07 05:08:36.864861 2026] [php:error] [pid 67314] [client 185.177.72.30:0] script '/domains/metrolighting/apache.php' not found or unable to stat
[Sat Mar 07 05:08:37.284796 2026] [php:error] [pid 67314] [client 185.177.72.30:0] script '/domains/metrolighting/apache2.php' not found or unable to stat
[Sat Mar 07 05:08:37.382714 2026] [php:error] [pid 67314] [client 185.177.72.30:0] script '/domains/metrolighting/apc.php' not found or unable to stat
[Sat Mar 07 05:08:40.911758 2026] [php:error] [pid 67263] [client 45.148.10.244:0] script '/domains/covertcomic/sendgrid_webhook.php' not found or unable to stat
[Sat Mar 07 05:08:41.893018 2026] [php:error] [pid 67314] [client 185.177.72.30:0] script '/domains/metrolighting/asdf.php' not found or unable to stat
[Sat Mar 07 05:08:46.964877 2026] [php:error] [pid 67324] [client 185.177.72.30:0] script '/domains/metrolighting/build.php' not found or unable to stat
[Sat Mar 07 05:08:47.751767 2026] [php:error] [pid 67324] [client 185.177.72.30:0] script '/domains/metrolighting/cache.php' not found or unable to stat
[Sat Mar 07 05:08:50.777004 2026] [php:error] [pid 67312] [client 45.148.10.244:0] script '/domains/covertcomic/stripe_webhook.php' not found or unable to stat
[Sat Mar 07 05:08:55.384506 2026] [php:error] [pid 67295] [client 185.177.72.30:0] script '/domains/metrolighting/db.php' not found or unable to stat
[Sat Mar 07 05:08:55.984054 2026] [php:error] [pid 67295] [client 185.177.72.30:0] script '/domains/metrolighting/debug.php' not found or unable to stat
[Sat Mar 07 05:08:56.774985 2026] [php:error] [pid 67295] [client 185.177.72.30:0] script '/domains/metrolighting/dep.php' not found or unable to stat
[Sat Mar 07 05:08:56.873653 2026] [php:error] [pid 67295] [client 185.177.72.30:0] script '/domains/metrolighting/deploy.php' not found or unable to stat
[Sat Mar 07 05:08:57.380563 2026] [php:error] [pid 67295] [client 185.177.72.30:0] script '/domains/metrolighting/dev.php' not found or unable to stat
[Sat Mar 07 05:08:57.697438 2026] [php:error] [pid 67295] [client 185.177.72.30:0] script '/domains/metrolighting/developer.php' not found or unable to stat
[Sat Mar 07 05:08:58.122873 2026] [php:error] [pid 67295] [client 185.177.72.30:0] script '/domains/metrolighting/devs.php' not found or unable to stat
[Sat Mar 07 05:08:58.945273 2026] [php:error] [pid 67314] [client 185.165.46.204:0] script '/domains/memanuel/accesson.php' not found or unable to stat
[Sat Mar 07 05:09:02.423130 2026] [php:error] [pid 67307] [client 20.104.19.195:0] script '/domains/sjsachs/acfipnci.php' not found or unable to stat
[Sat Mar 07 05:09:02.450429 2026] [php:error] [pid 67307] [client 20.104.19.195:0] script '/domains/sjsachs/simple.php' not found or unable to stat
[Sat Mar 07 05:09:02.659639 2026] [php:error] [pid 67307] [client 20.104.19.195:0] script '/domains/sjsachs/twlsgobh.php' not found or unable to stat
[Sat Mar 07 05:09:02.683304 2026] [php:error] [pid 67307] [client 20.104.19.195:0] script '/domains/sjsachs/function.php' not found or unable to stat
[Sat Mar 07 05:09:02.707077 2026] [php:error] [pid 67307] [client 20.104.19.195:0] script '/domains/sjsachs/Quotqw4MU9n.php' not found or unable to stat
[Sat Mar 07 05:09:02.730882 2026] [php:error] [pid 67307] [client 20.104.19.195:0] script '/domains/sjsachs/4z78sSq3VE2.php' not found or unable to stat
[Sat Mar 07 05:09:02.754944 2026] [php:error] [pid 67307] [client 20.104.19.195:0] script '/domains/sjsachs/rest-api.php' not found or unable to stat
[Sat Mar 07 05:09:02.785795 2026] [php:error] [pid 67307] [client 20.104.19.195:0] script '/domains/sjsachs/iikklegv.php' not found or unable to stat
[Sat Mar 07 05:09:02.809626 2026] [php:error] [pid 67307] [client 20.104.19.195:0] script '/domains/sjsachs/lcahmwsz.php' not found or unable to stat
[Sat Mar 07 05:09:02.833484 2026] [php:error] [pid 67307] [client 20.104.19.195:0] script '/domains/sjsachs/wp-info.php' not found or unable to stat
[Sat Mar 07 05:09:02.857381 2026] [php:error] [pid 67307] [client 20.104.19.195:0] script '/domains/sjsachs/tuhixyxq.php' not found or unable to stat
[Sat Mar 07 05:09:02.881130 2026] [php:error] [pid 67307] [client 20.104.19.195:0] script '/domains/sjsachs/dropdown.php' not found or unable to stat
[Sat Mar 07 05:09:02.904976 2026] [php:error] [pid 67307] [client 20.104.19.195:0] script '/domains/sjsachs/QvAqFalfCTX.php' not found or unable to stat
[Sat Mar 07 05:09:02.939322 2026] [php:error] [pid 67307] [client 20.104.19.195:0] script '/domains/sjsachs/7DHoKtiS2sQ.php' not found or unable to stat
[Sat Mar 07 05:09:02.997264 2026] [php:error] [pid 67307] [client 20.104.19.195:0] script '/domains/sjsachs/qySIWF6TJbv.php' not found or unable to stat
[Sat Mar 07 05:09:03.021812 2026] [php:error] [pid 67307] [client 20.104.19.195:0] script '/domains/sjsachs/xmrrpxgn.php' not found or unable to stat
[Sat Mar 07 05:09:03.045826 2026] [php:error] [pid 67307] [client 20.104.19.195:0] script '/domains/sjsachs/vtmlkgps.php' not found or unable to stat
[Sat Mar 07 05:09:03.097567 2026] [php:error] [pid 67307] [client 20.104.19.195:0] script '/domains/sjsachs/gnkadgiz.php' not found or unable to stat
[Sat Mar 07 05:09:03.216477 2026] [php:error] [pid 67307] [client 20.104.19.195:0] script '/domains/sjsachs/sqosuclx.php' not found or unable to stat
[Sat Mar 07 05:09:03.240321 2026] [php:error] [pid 67307] [client 20.104.19.195:0] script '/domains/sjsachs/9FM3suPlwtZ.php' not found or unable to stat
[Sat Mar 07 05:09:03.833900 2026] [php:error] [pid 67310] [client 20.219.8.79:0] script '/domains/awciii/item.php' not found or unable to stat
[Sat Mar 07 05:09:04.959852 2026] [php:error] [pid 67326] [client 45.148.10.244:0] script '/domains/covertcomic/sendgrid_inbound.php' not found or unable to stat
[Sat Mar 07 05:09:06.931726 2026] [php:error] [pid 67310] [client 20.219.8.79:0] script '/domains/awciii/options-reading.php' not found or unable to stat
[Sat Mar 07 05:09:08.256541 2026] [php:error] [pid 67310] [client 20.219.8.79:0] script '/domains/awciii/man.php' not found or unable to stat
[Sat Mar 07 05:09:09.091382 2026] [php:error] [pid 67310] [client 20.219.8.79:0] script '/domains/awciii/hex.php' not found or unable to stat
[Sat Mar 07 05:09:10.560760 2026] [php:error] [pid 67310] [client 20.219.8.79:0] script '/domains/awciii/403.php' not found or unable to stat
[Sat Mar 07 05:09:11.404250 2026] [php:error] [pid 67310] [client 20.219.8.79:0] script '/domains/awciii/content.php' not found or unable to stat
[Sat Mar 07 05:09:11.625718 2026] [php:error] [pid 67310] [client 20.219.8.79:0] script '/domains/awciii/public.php' not found or unable to stat
[Sat Mar 07 05:09:12.446881 2026] [php:error] [pid 67310] [client 20.219.8.79:0] script '/domains/awciii/load.php' not found or unable to stat
[Sat Mar 07 05:09:12.724611 2026] [php:error] [pid 67312] [client 185.177.72.30:0] script '/domains/metrolighting/i.php' not found or unable to stat
[Sat Mar 07 05:09:13.491541 2026] [php:error] [pid 67310] [client 20.219.8.79:0] script '/domains/awciii/flower.php' not found or unable to stat
[Sat Mar 07 05:09:13.536544 2026] [php:error] [pid 67312] [client 185.177.72.30:0] script '/domains/metrolighting/in.php' not found or unable to stat
[Sat Mar 07 05:09:13.637469 2026] [php:error] [pid 67312] [client 185.177.72.30:0] script '/domains/metrolighting/inc.config.php' not found or unable to stat
[Sat Mar 07 05:09:13.965760 2026] [php:error] [pid 67312] [client 185.177.72.30:0] script '/domains/metrolighting/index.php' not found or unable to stat
[Sat Mar 07 05:09:14.108539 2026] [php:error] [pid 67310] [client 20.219.8.79:0] script '/domains/awciii/elp.php' not found or unable to stat
[Sat Mar 07 05:09:14.177683 2026] [php:error] [pid 67312] [client 185.177.72.30:0] script '/domains/metrolighting/index1.php' not found or unable to stat
[Sat Mar 07 05:09:14.379971 2026] [php:error] [pid 67263] [client 185.177.72.30:0] script '/domains/metrolighting/inf.php' not found or unable to stat
[Sat Mar 07 05:09:14.472242 2026] [php:error] [pid 67263] [client 185.177.72.30:0] script '/domains/metrolighting/info1.php' not found or unable to stat
[Sat Mar 07 05:09:14.573061 2026] [php:error] [pid 67263] [client 185.177.72.30:0] script '/domains/metrolighting/info2.php' not found or unable to stat
[Sat Mar 07 05:09:14.661710 2026] [php:error] [pid 67263] [client 185.177.72.30:0] script '/domains/metrolighting/info3.php' not found or unable to stat
[Sat Mar 07 05:09:14.747301 2026] [php:error] [pid 67263] [client 185.177.72.30:0] script '/domains/metrolighting/info4.php' not found or unable to stat
[Sat Mar 07 05:09:14.834093 2026] [php:error] [pid 67263] [client 185.177.72.30:0] script '/domains/metrolighting/infophp.php' not found or unable to stat
[Sat Mar 07 05:09:14.929434 2026] [php:error] [pid 67263] [client 185.177.72.30:0] script '/domains/metrolighting/infos.php' not found or unable to stat
[Sat Mar 07 05:09:15.021325 2026] [php:error] [pid 67263] [client 185.177.72.30:0] script '/domains/metrolighting/ini.php' not found or unable to stat
[Sat Mar 07 05:09:15.355337 2026] [php:error] [pid 67310] [client 20.219.8.79:0] script '/domains/awciii/wp-logs.php' not found or unable to stat
[Sat Mar 07 05:09:15.567778 2026] [php:error] [pid 67263] [client 185.177.72.30:0] script '/domains/metrolighting/isadmin.php' not found or unable to stat
[Sat Mar 07 05:09:15.570121 2026] [php:error] [pid 67310] [client 20.219.8.79:0] script '/domains/awciii/wp-links.php' not found or unable to stat
[Sat Mar 07 05:09:15.942993 2026] [php:error] [pid 67263] [client 185.177.72.30:0] script '/domains/metrolighting/jo.php' not found or unable to stat
[Sat Mar 07 05:09:16.211530 2026] [php:error] [pid 67312] [client 45.148.10.244:0] script '/domains/covertcomic/mandrill_webhook.php' not found or unable to stat
[Sat Mar 07 05:09:17.624829 2026] [php:error] [pid 67263] [client 185.177.72.30:0] script '/domains/metrolighting/l.php' not found or unable to stat
[Sat Mar 07 05:09:17.874157 2026] [php:error] [pid 67330] [client 185.165.46.201:0] script '/domains/markrose/accesson.php' not found or unable to stat
[Sat Mar 07 05:09:19.446721 2026] [php:error] [pid 67263] [client 185.177.72.30:0] script '/domains/metrolighting/lindex.php' not found or unable to stat
[Sat Mar 07 05:09:19.555388 2026] [php:error] [pid 67263] [client 185.177.72.30:0] script '/domains/metrolighting/linusadmin-phpinfo.php' not found or unable to stat
[Sat Mar 07 05:09:21.079274 2026] [php:error] [pid 67329] [client 45.148.10.244:0] script '/domains/covertcomic/sparkpost_webhook.php' not found or unable to stat
[Sat Mar 07 05:09:22.564824 2026] [php:error] [pid 67263] [client 185.177.72.30:0] script '/domains/metrolighting/main.php' not found or unable to stat
[Sat Mar 07 05:09:25.537724 2026] [php:error] [pid 67314] [client 185.177.72.30:0] script '/domains/metrolighting/new.php' not found or unable to stat
[Sat Mar 07 05:09:26.818845 2026] [php:error] [pid 67314] [client 185.177.72.30:0] script '/domains/metrolighting/o.php' not found or unable to stat
[Sat Mar 07 05:09:26.925566 2026] [php:error] [pid 67314] [client 185.177.72.30:0] script '/domains/metrolighting/ocp.php' not found or unable to stat
[Sat Mar 07 05:09:27.026248 2026] [php:error] [pid 67314] [client 185.177.72.30:0] script '/domains/metrolighting/of.php' not found or unable to stat
[Sat Mar 07 05:09:27.360173 2026] [php:error] [pid 67314] [client 185.177.72.30:0] script '/domains/metrolighting/old_phpinfo.php' not found or unable to stat
[Sat Mar 07 05:09:27.414890 2026] [php:error] [pid 67340] [client 45.148.10.244:0] script '/domains/covertcomic/webhook.php' not found or unable to stat
[Sat Mar 07 05:09:28.268032 2026] [php:error] [pid 67314] [client 185.177.72.30:0] script '/domains/metrolighting/p.php' not found or unable to stat
[Sat Mar 07 05:09:29.493157 2026] [php:error] [pid 67314] [client 185.177.72.30:0] script '/domains/metrolighting/php.php' not found or unable to stat
[Sat Mar 07 05:09:29.590634 2026] [php:error] [pid 67314] [client 185.177.72.30:0] script '/domains/metrolighting/php1.php' not found or unable to stat
[Sat Mar 07 05:09:29.787612 2026] [php:error] [pid 67314] [client 185.177.72.30:0] script '/domains/metrolighting/php_info.php' not found or unable to stat
[Sat Mar 07 05:09:29.906467 2026] [php:error] [pid 67309] [client 45.148.10.244:0] script '/domains/covertcomic/ses_config.php' not found or unable to stat
[Sat Mar 07 05:09:30.621149 2026] [php:error] [pid 67314] [client 185.177.72.30:0] script '/domains/metrolighting/phpinfo1.php' not found or unable to stat
[Sat Mar 07 05:09:30.726797 2026] [php:error] [pid 67314] [client 185.177.72.30:0] script '/domains/metrolighting/phpinfo2.php' not found or unable to stat
[Sat Mar 07 05:09:30.826887 2026] [php:error] [pid 67314] [client 185.177.72.30:0] script '/domains/metrolighting/phpinfo3.php' not found or unable to stat
[Sat Mar 07 05:09:30.921200 2026] [php:error] [pid 67309] [client 45.148.10.244:0] script '/domains/covertcomic/smtp_config.php' not found or unable to stat
[Sat Mar 07 05:09:30.937942 2026] [php:error] [pid 67314] [client 185.177.72.30:0] script '/domains/metrolighting/phpinfo4.php' not found or unable to stat
[Sat Mar 07 05:09:31.056392 2026] [php:error] [pid 67314] [client 185.177.72.30:0] script '/domains/metrolighting/phpinfodev.php' not found or unable to stat
[Sat Mar 07 05:09:31.161652 2026] [php:error] [pid 67314] [client 185.177.72.30:0] script '/domains/metrolighting/phpinfos.php' not found or unable to stat
[Sat Mar 07 05:09:31.585029 2026] [php:error] [pid 67314] [client 185.177.72.30:0] script '/domains/metrolighting/phpsysinfo.php' not found or unable to stat
[Sat Mar 07 05:09:32.046890 2026] [php:error] [pid 67314] [client 185.177.72.30:0] script '/domains/metrolighting/phptest.php' not found or unable to stat
[Sat Mar 07 05:09:32.140047 2026] [php:error] [pid 67314] [client 185.177.72.30:0] script '/domains/metrolighting/phpversion.php' not found or unable to stat
[Sat Mar 07 05:09:35.410975 2026] [php:error] [pid 67336] [client 185.177.72.30:0] script '/domains/metrolighting/q.php' not found or unable to stat
[Sat Mar 07 05:09:35.501016 2026] [php:error] [pid 67336] [client 185.177.72.30:0] script '/domains/metrolighting/qq.php' not found or unable to stat
[Sat Mar 07 05:09:37.515106 2026] [php:error] [pid 67336] [client 185.177.72.30:0] script '/domains/metrolighting/rest.php' not found or unable to stat
[Sat Mar 07 05:09:40.745065 2026] [access_compat:error] [pid 67336] [client 185.177.72.30:0] AH01797: client denied by server configuration: /domains/metrolighting/server-status
[Sat Mar 07 05:09:43.952658 2026] [php:error] [pid 67317] [client 45.148.10.244:0] script '/domains/covertcomic/aws_ses_config.php' not found or unable to stat
[Sat Mar 07 05:09:51.359551 2026] [php:error] [pid 67314] [client 185.177.72.30:0] script '/domains/metrolighting/temp.php' not found or unable to stat
[Sat Mar 07 05:09:54.067744 2026] [php:error] [pid 67314] [client 185.177.72.30:0] script '/domains/metrolighting/test0.php' not found or unable to stat
[Sat Mar 07 05:09:54.284268 2026] [php:error] [pid 67314] [client 185.177.72.30:0] script '/domains/metrolighting/test1.php' not found or unable to stat
[Sat Mar 07 05:09:54.390320 2026] [php:error] [pid 67314] [client 185.177.72.30:0] script '/domains/metrolighting/test123.php' not found or unable to stat
[Sat Mar 07 05:09:54.495556 2026] [php:error] [pid 67314] [client 185.177.72.30:0] script '/domains/metrolighting/test2.php' not found or unable to stat
[Sat Mar 07 05:09:54.593109 2026] [php:error] [pid 67314] [client 185.177.72.30:0] script '/domains/metrolighting/test3.php' not found or unable to stat
[Sat Mar 07 05:09:54.690851 2026] [php:error] [pid 67314] [client 185.177.72.30:0] script '/domains/metrolighting/test4.php' not found or unable to stat
[Sat Mar 07 05:09:54.794480 2026] [php:error] [pid 67314] [client 185.177.72.30:0] script '/domains/metrolighting/test5.php' not found or unable to stat
[Sat Mar 07 05:09:54.906693 2026] [php:error] [pid 67314] [client 185.177.72.30:0] script '/domains/metrolighting/test6.php' not found or unable to stat
[Sat Mar 07 05:09:55.011837 2026] [php:error] [pid 67314] [client 185.177.72.30:0] script '/domains/metrolighting/test7.php' not found or unable to stat
[Sat Mar 07 05:09:55.133974 2026] [php:error] [pid 67314] [client 185.177.72.30:0] script '/domains/metrolighting/test8.php' not found or unable to stat
[Sat Mar 07 05:09:55.233577 2026] [php:error] [pid 67314] [client 185.177.72.30:0] script '/domains/metrolighting/test9.php' not found or unable to stat
[Sat Mar 07 05:09:55.421229 2026] [php:error] [pid 67332] [client 185.177.72.30:0] script '/domains/metrolighting/test_info.php' not found or unable to stat
