[Sat Mar 07 00:25:15.308620 2026] [php:error] [pid 61696] [client 185.177.72.49:0] script '/domains/assetenhance/admin_phpinfo.php' not found or unable to stat
[Sat Mar 07 00:25:15.400286 2026] [php:error] [pid 61696] [client 185.177.72.49:0] script '/domains/assetenhance/dbinfo.php' not found or unable to stat
[Sat Mar 07 00:25:15.497324 2026] [php:error] [pid 61696] [client 185.177.72.49:0] script '/domains/assetenhance/admin_info.php' not found or unable to stat
[Sat Mar 07 00:25:15.690634 2026] [php:error] [pid 61696] [client 185.177.72.49:0] script '/domains/assetenhance/config.php' not found or unable to stat
[Sat Mar 07 00:25:15.785864 2026] [php:error] [pid 61696] [client 185.177.72.49:0] script '/domains/assetenhance/phpinfo.php' not found or unable to stat
[Sat Mar 07 00:25:15.877272 2026] [php:error] [pid 61696] [client 185.177.72.49:0] script '/domains/assetenhance/phpinfo.php.bak' not found or unable to stat
[Sat Mar 07 00:25:16.065029 2026] [php:error] [pid 61696] [client 185.177.72.49:0] script '/domains/assetenhance/pinfo.php' not found or unable to stat
[Sat Mar 07 00:25:16.480597 2026] [php:error] [pid 61728] [client 185.177.72.51:0] script '/domains/hans.interport/build.php' not found or unable to stat
[Sat Mar 07 00:25:17.312579 2026] [php:error] [pid 61728] [client 185.177.72.51:0] script '/domains/hans.interport/cache.php' not found or unable to stat
[Sat Mar 07 00:25:18.324379 2026] [php:error] [pid 61696] [client 185.177.72.49:0] script '/domains/assetenhance/.env.php' not found or unable to stat
[Sat Mar 07 00:25:21.748277 2026] [php:error] [pid 61696] [client 185.177.72.49:0] script '/domains/assetenhance/.env.sample.php' not found or unable to stat
[Sat Mar 07 00:25:22.319232 2026] [php:error] [pid 61696] [client 185.177.72.49:0] script '/domains/assetenhance/env.php' not found or unable to stat
[Sat Mar 07 00:25:25.154013 2026] [php:error] [pid 61708] [client 185.177.72.49:0] script '/domains/assetenhance/wp-config.php' not found or unable to stat
[Sat Mar 07 00:25:25.245084 2026] [php:error] [pid 61708] [client 185.177.72.49:0] script '/domains/assetenhance/configuration.php' not found or unable to stat
[Sat Mar 07 00:25:25.338111 2026] [php:error] [pid 61701] [client 185.177.72.51:0] script '/domains/hans.interport/db.php' not found or unable to stat
[Sat Mar 07 00:25:25.961906 2026] [php:error] [pid 61701] [client 185.177.72.51:0] script '/domains/hans.interport/debug.php' not found or unable to stat
[Sat Mar 07 00:25:26.828860 2026] [php:error] [pid 61701] [client 185.177.72.51:0] script '/domains/hans.interport/dep.php' not found or unable to stat
[Sat Mar 07 00:25:26.921961 2026] [php:error] [pid 61701] [client 185.177.72.51:0] script '/domains/hans.interport/deploy.php' not found or unable to stat
[Sat Mar 07 00:25:27.358294 2026] [php:error] [pid 61708] [client 185.177.72.49:0] script '/domains/assetenhance/settings.php' not found or unable to stat
[Sat Mar 07 00:25:27.469085 2026] [php:error] [pid 61701] [client 185.177.72.51:0] script '/domains/hans.interport/dev.php' not found or unable to stat
[Sat Mar 07 00:25:27.758202 2026] [php:error] [pid 61701] [client 185.177.72.51:0] script '/domains/hans.interport/developer.php' not found or unable to stat
[Sat Mar 07 00:25:28.166008 2026] [php:error] [pid 61701] [client 185.177.72.51:0] script '/domains/hans.interport/devs.php' not found or unable to stat
[Sat Mar 07 00:25:30.651687 2026] [php:error] [pid 61708] [client 185.177.72.49:0] script '/domains/assetenhance/_phpinfo.php' not found or unable to stat
[Sat Mar 07 00:25:34.170589 2026] [php:error] [pid 61722] [client 185.177.72.49:0] script '/domains/assetenhance/config.php.bak' not found or unable to stat
[Sat Mar 07 00:25:34.371125 2026] [access_compat:error] [pid 61722] [client 185.177.72.49:0] AH01797: client denied by server configuration: /domains/assetenhance/server-info
[Sat Mar 07 00:25:34.567018 2026] [php:error] [pid 61722] [client 185.177.72.49:0] script '/domains/assetenhance/config.php.save' not found or unable to stat
[Sat Mar 07 00:25:34.663119 2026] [php:error] [pid 61722] [client 185.177.72.49:0] script '/domains/assetenhance/pi.php' not found or unable to stat
[Sat Mar 07 00:25:34.759775 2026] [php:error] [pid 61722] [client 185.177.72.49:0] script '/domains/assetenhance/wp-config.php.bak' not found or unable to stat
[Sat Mar 07 00:25:34.856471 2026] [php:error] [pid 61722] [client 185.177.72.49:0] script '/domains/assetenhance/test.php' not found or unable to stat
[Sat Mar 07 00:25:34.951308 2026] [php:error] [pid 61722] [client 185.177.72.49:0] script '/domains/assetenhance/wp-config.php.backup' not found or unable to stat
[Sat Mar 07 00:25:39.406155 2026] [authz_core:error] [pid 61722] [client 185.177.72.49:0] AH01630: client denied by server configuration: /domains/assetenhance/.htaccess
[Sat Mar 07 00:25:41.848068 2026] [php:error] [pid 61722] [client 185.177.72.49:0] script '/domains/assetenhance/123.php' not found or unable to stat
[Sat Mar 07 00:25:43.371893 2026] [php:error] [pid 61731] [client 185.177.72.51:0] script '/domains/hans.interport/i.php' not found or unable to stat
[Sat Mar 07 00:25:44.202117 2026] [php:error] [pid 61731] [client 185.177.72.51:0] script '/domains/hans.interport/in.php' not found or unable to stat
[Sat Mar 07 00:25:44.322685 2026] [php:error] [pid 61731] [client 185.177.72.51:0] script '/domains/hans.interport/inc.config.php' not found or unable to stat
[Sat Mar 07 00:25:44.594820 2026] [php:error] [pid 61708] [client 185.177.72.49:0] script '/domains/assetenhance/a.php' not found or unable to stat
[Sat Mar 07 00:25:44.637990 2026] [php:error] [pid 61731] [client 185.177.72.51:0] script '/domains/hans.interport/index.php' not found or unable to stat
[Sat Mar 07 00:25:44.870038 2026] [php:error] [pid 61731] [client 185.177.72.51:0] script '/domains/hans.interport/index1.php' not found or unable to stat
[Sat Mar 07 00:25:45.057087 2026] [php:error] [pid 61723] [client 185.177.72.51:0] script '/domains/hans.interport/inf.php' not found or unable to stat
[Sat Mar 07 00:25:45.185238 2026] [php:error] [pid 61723] [client 185.177.72.51:0] script '/domains/hans.interport/info1.php' not found or unable to stat
[Sat Mar 07 00:25:45.297098 2026] [php:error] [pid 61723] [client 185.177.72.51:0] script '/domains/hans.interport/info2.php' not found or unable to stat
[Sat Mar 07 00:25:45.397798 2026] [php:error] [pid 61723] [client 185.177.72.51:0] script '/domains/hans.interport/info3.php' not found or unable to stat
[Sat Mar 07 00:25:45.411013 2026] [php:error] [pid 61708] [client 185.177.72.49:0] script '/domains/assetenhance/admin.php' not found or unable to stat
[Sat Mar 07 00:25:45.483372 2026] [php:error] [pid 61723] [client 185.177.72.51:0] script '/domains/hans.interport/info4.php' not found or unable to stat
[Sat Mar 07 00:25:45.567656 2026] [php:error] [pid 61723] [client 185.177.72.51:0] script '/domains/hans.interport/infophp.php' not found or unable to stat
[Sat Mar 07 00:25:45.660723 2026] [php:error] [pid 61723] [client 185.177.72.51:0] script '/domains/hans.interport/infos.php' not found or unable to stat
[Sat Mar 07 00:25:45.757921 2026] [php:error] [pid 61723] [client 185.177.72.51:0] script '/domains/hans.interport/ini.php' not found or unable to stat
[Sat Mar 07 00:25:45.768440 2026] [php:error] [pid 61708] [client 185.177.72.49:0] script '/domains/assetenhance/adminer.php' not found or unable to stat
[Sat Mar 07 00:25:46.349463 2026] [php:error] [pid 61723] [client 185.177.72.51:0] script '/domains/hans.interport/isadmin.php' not found or unable to stat
[Sat Mar 07 00:25:46.400324 2026] [php:error] [pid 61708] [client 185.177.72.49:0] script '/domains/assetenhance/apache.php' not found or unable to stat
[Sat Mar 07 00:25:46.760189 2026] [php:error] [pid 61723] [client 185.177.72.51:0] script '/domains/hans.interport/jo.php' not found or unable to stat
[Sat Mar 07 00:25:46.760519 2026] [php:error] [pid 61708] [client 185.177.72.49:0] script '/domains/assetenhance/apache2.php' not found or unable to stat
[Sat Mar 07 00:25:46.851258 2026] [php:error] [pid 61708] [client 185.177.72.49:0] script '/domains/assetenhance/apc.php' not found or unable to stat
[Sat Mar 07 00:25:48.757161 2026] [php:error] [pid 61723] [client 185.177.72.51:0] script '/domains/hans.interport/l.php' not found or unable to stat
[Sat Mar 07 00:25:50.630877 2026] [php:error] [pid 61708] [client 185.177.72.49:0] script '/domains/assetenhance/asdf.php' not found or unable to stat
[Sat Mar 07 00:25:50.746946 2026] [php:error] [pid 61723] [client 185.177.72.51:0] script '/domains/hans.interport/lindex.php' not found or unable to stat
[Sat Mar 07 00:25:50.893032 2026] [php:error] [pid 61723] [client 185.177.72.51:0] script '/domains/hans.interport/linusadmin-phpinfo.php' not found or unable to stat
[Sat Mar 07 00:25:51.877558 2026] [php:error] [pid 61749] [client 20.2.112.191:0] script '/domains/highlandlabs/xmr.php' not found or unable to stat
[Sat Mar 07 00:25:52.078391 2026] [php:error] [pid 61749] [client 20.2.112.191:0] script '/domains/highlandlabs/about.php' not found or unable to stat
[Sat Mar 07 00:25:52.136940 2026] [core:crit] [pid 61723] (13)Permission denied: [client 185.177.72.51:0] AH00529: /domains/hans.interport/logs/.htaccess pcfg_openfile: unable to check htaccess file, ensure it is readable and that '/domains/hans.interport/logs/' is executable
[Sat Mar 07 00:25:52.246592 2026] [core:crit] [pid 61723] (13)Permission denied: [client 185.177.72.51:0] AH00529: /domains/hans.interport/logs/.htaccess pcfg_openfile: unable to check htaccess file, ensure it is readable and that '/domains/hans.interport/logs/' is executable
[Sat Mar 07 00:25:52.342129 2026] [core:crit] [pid 61723] (13)Permission denied: [client 185.177.72.51:0] AH00529: /domains/hans.interport/logs/.htaccess pcfg_openfile: unable to check htaccess file, ensure it is readable and that '/domains/hans.interport/logs/' is executable
[Sat Mar 07 00:25:52.434893 2026] [core:crit] [pid 61723] (13)Permission denied: [client 185.177.72.51:0] AH00529: /domains/hans.interport/logs/.htaccess pcfg_openfile: unable to check htaccess file, ensure it is readable and that '/domains/hans.interport/logs/' is executable
[Sat Mar 07 00:25:52.488811 2026] [php:error] [pid 61749] [client 20.2.112.191:0] script '/domains/highlandlabs/adminfuns.php' not found or unable to stat
[Sat Mar 07 00:25:52.548133 2026] [core:crit] [pid 61723] (13)Permission denied: [client 185.177.72.51:0] AH00529: /domains/hans.interport/logs/.htaccess pcfg_openfile: unable to check htaccess file, ensure it is readable and that '/domains/hans.interport/logs/' is executable
[Sat Mar 07 00:25:52.689773 2026] [php:error] [pid 61749] [client 20.2.112.191:0] script '/domains/highlandlabs/as.php' not found or unable to stat
[Sat Mar 07 00:25:52.890769 2026] [php:error] [pid 61749] [client 20.2.112.191:0] script '/domains/highlandlabs/bolt.php' not found or unable to stat
[Sat Mar 07 00:25:53.297056 2026] [php:error] [pid 61749] [client 20.2.112.191:0] script '/domains/highlandlabs/class-t.api.php' not found or unable to stat
[Sat Mar 07 00:25:53.497829 2026] [php:error] [pid 61749] [client 20.2.112.191:0] script '/domains/highlandlabs/edit.php' not found or unable to stat
[Sat Mar 07 00:25:53.708407 2026] [php:error] [pid 61749] [client 20.2.112.191:0] script '/domains/highlandlabs/ff1.php' not found or unable to stat
[Sat Mar 07 00:25:53.909691 2026] [php:error] [pid 61749] [client 20.2.112.191:0] script '/domains/highlandlabs/fff.php' not found or unable to stat
[Sat Mar 07 00:25:54.111558 2026] [php:error] [pid 61749] [client 20.2.112.191:0] script '/domains/highlandlabs/inputs.php' not found or unable to stat
[Sat Mar 07 00:25:54.313199 2026] [php:error] [pid 61749] [client 20.2.112.191:0] script '/domains/highlandlabs/ioxi-o.php' not found or unable to stat
[Sat Mar 07 00:25:54.380629 2026] [php:error] [pid 61723] [client 185.177.72.51:0] script '/domains/hans.interport/main.php' not found or unable to stat
[Sat Mar 07 00:25:54.514300 2026] [php:error] [pid 61749] [client 20.2.112.191:0] script '/domains/highlandlabs/lite.php' not found or unable to stat
[Sat Mar 07 00:25:54.715343 2026] [php:error] [pid 61749] [client 20.2.112.191:0] script '/domains/highlandlabs/ms-edit.php' not found or unable to stat
[Sat Mar 07 00:25:54.856195 2026] [php:error] [pid 61730] [client 185.177.72.49:0] script '/domains/assetenhance/build.php' not found or unable to stat
[Sat Mar 07 00:25:54.916314 2026] [php:error] [pid 61749] [client 20.2.112.191:0] script '/domains/highlandlabs/rip.php' not found or unable to stat
[Sat Mar 07 00:25:55.318295 2026] [php:error] [pid 61749] [client 20.2.112.191:0] script '/domains/highlandlabs/upload.php' not found or unable to stat
[Sat Mar 07 00:25:55.518913 2026] [php:error] [pid 61730] [client 185.177.72.49:0] script '/domains/assetenhance/cache.php' not found or unable to stat
[Sat Mar 07 00:25:55.727191 2026] [php:error] [pid 61749] [client 20.2.112.191:0] script '/domains/highlandlabs/wp-act.php' not found or unable to stat
[Sat Mar 07 00:25:57.648514 2026] [php:error] [pid 61701] [client 185.177.72.51:0] script '/domains/hans.interport/new.php' not found or unable to stat
[Sat Mar 07 00:25:58.154572 2026] [php:error] [pid 61749] [client 20.2.112.191:0] script '/domains/highlandlabs/wp-links-opml.php' not found or unable to stat
[Sat Mar 07 00:25:59.040229 2026] [php:error] [pid 61701] [client 185.177.72.51:0] script '/domains/hans.interport/o.php' not found or unable to stat
[Sat Mar 07 00:25:59.134923 2026] [php:error] [pid 61701] [client 185.177.72.51:0] script '/domains/hans.interport/ocp.php' not found or unable to stat
[Sat Mar 07 00:25:59.259361 2026] [php:error] [pid 61701] [client 185.177.72.51:0] script '/domains/hans.interport/of.php' not found or unable to stat
[Sat Mar 07 00:25:59.573120 2026] [php:error] [pid 61701] [client 185.177.72.51:0] script '/domains/hans.interport/old_phpinfo.php' not found or unable to stat
[Sat Mar 07 00:26:00.505457 2026] [php:error] [pid 61701] [client 185.177.72.51:0] script '/domains/hans.interport/p.php' not found or unable to stat
[Sat Mar 07 00:26:01.835298 2026] [php:error] [pid 61701] [client 185.177.72.51:0] script '/domains/hans.interport/php.php' not found or unable to stat
[Sat Mar 07 00:26:01.990702 2026] [php:error] [pid 61701] [client 185.177.72.51:0] script '/domains/hans.interport/php1.php' not found or unable to stat
[Sat Mar 07 00:26:02.103834 2026] [php:error] [pid 61707] [client 185.177.72.49:0] script '/domains/assetenhance/db.php' not found or unable to stat
[Sat Mar 07 00:26:02.238930 2026] [php:error] [pid 61701] [client 185.177.72.51:0] script '/domains/hans.interport/php_info.php' not found or unable to stat
[Sat Mar 07 00:26:02.658101 2026] [php:error] [pid 61707] [client 185.177.72.49:0] script '/domains/assetenhance/debug.php' not found or unable to stat
[Sat Mar 07 00:26:03.126508 2026] [php:error] [pid 61701] [client 185.177.72.51:0] script '/domains/hans.interport/phpinfo1.php' not found or unable to stat
[Sat Mar 07 00:26:03.220875 2026] [php:error] [pid 61701] [client 185.177.72.51:0] script '/domains/hans.interport/phpinfo2.php' not found or unable to stat
[Sat Mar 07 00:26:03.313598 2026] [php:error] [pid 61701] [client 185.177.72.51:0] script '/domains/hans.interport/phpinfo3.php' not found or unable to stat
[Sat Mar 07 00:26:03.398495 2026] [php:error] [pid 61707] [client 185.177.72.49:0] script '/domains/assetenhance/dep.php' not found or unable to stat
[Sat Mar 07 00:26:03.433086 2026] [php:error] [pid 61701] [client 185.177.72.51:0] script '/domains/hans.interport/phpinfo4.php' not found or unable to stat
[Sat Mar 07 00:26:03.491712 2026] [php:error] [pid 61707] [client 185.177.72.49:0] script '/domains/assetenhance/deploy.php' not found or unable to stat
[Sat Mar 07 00:26:03.534343 2026] [php:error] [pid 61701] [client 185.177.72.51:0] script '/domains/hans.interport/phpinfodev.php' not found or unable to stat
[Sat Mar 07 00:26:03.660177 2026] [php:error] [pid 61701] [client 185.177.72.51:0] script '/domains/hans.interport/phpinfos.php' not found or unable to stat
[Sat Mar 07 00:26:03.953529 2026] [php:error] [pid 61707] [client 185.177.72.49:0] script '/domains/assetenhance/dev.php' not found or unable to stat
[Sat Mar 07 00:26:04.109631 2026] [php:error] [pid 61701] [client 185.177.72.51:0] script '/domains/hans.interport/phpsysinfo.php' not found or unable to stat
[Sat Mar 07 00:26:04.228202 2026] [php:error] [pid 61707] [client 185.177.72.49:0] script '/domains/assetenhance/developer.php' not found or unable to stat
[Sat Mar 07 00:26:04.545074 2026] [php:error] [pid 61701] [client 185.177.72.51:0] script '/domains/hans.interport/phptest.php' not found or unable to stat
[Sat Mar 07 00:26:04.597036 2026] [php:error] [pid 61707] [client 185.177.72.49:0] script '/domains/assetenhance/devs.php' not found or unable to stat
[Sat Mar 07 00:26:04.647169 2026] [php:error] [pid 61701] [client 185.177.72.51:0] script '/domains/hans.interport/phpversion.php' not found or unable to stat
[Sat Mar 07 00:26:07.414862 2026] [core:crit] [pid 61701] (13)Permission denied: [client 185.177.72.51:0] AH00529: /domains/hans.interport/protected/.htaccess pcfg_openfile: unable to check htaccess file, ensure it is readable and that '/domains/hans.interport/protected/' is executable
[Sat Mar 07 00:26:08.473566 2026] [php:error] [pid 61746] [client 185.177.72.51:0] script '/domains/hans.interport/q.php' not found or unable to stat
[Sat Mar 07 00:26:08.561606 2026] [php:error] [pid 61746] [client 185.177.72.51:0] script '/domains/hans.interport/qq.php' not found or unable to stat
[Sat Mar 07 00:26:10.914224 2026] [php:error] [pid 61746] [client 185.177.72.51:0] script '/domains/hans.interport/rest.php' not found or unable to stat
[Sat Mar 07 00:26:14.125499 2026] [access_compat:error] [pid 61746] [client 185.177.72.51:0] AH01797: client denied by server configuration: /domains/hans.interport/server-status
[Sat Mar 07 00:26:17.993256 2026] [php:error] [pid 61701] [client 185.177.72.49:0] script '/domains/assetenhance/i.php' not found or unable to stat
[Sat Mar 07 00:26:18.734223 2026] [php:error] [pid 61701] [client 185.177.72.49:0] script '/domains/assetenhance/in.php' not found or unable to stat
[Sat Mar 07 00:26:18.825270 2026] [php:error] [pid 61701] [client 185.177.72.49:0] script '/domains/assetenhance/inc.config.php' not found or unable to stat
[Sat Mar 07 00:26:19.104539 2026] [php:error] [pid 61701] [client 185.177.72.49:0] script '/domains/assetenhance/index.php' not found or unable to stat
[Sat Mar 07 00:26:19.289065 2026] [php:error] [pid 61701] [client 185.177.72.49:0] script '/domains/assetenhance/index1.php' not found or unable to stat
[Sat Mar 07 00:26:19.567538 2026] [php:error] [pid 61723] [client 185.177.72.49:0] script '/domains/assetenhance/inf.php' not found or unable to stat
[Sat Mar 07 00:26:19.655698 2026] [php:error] [pid 61723] [client 185.177.72.49:0] script '/domains/assetenhance/info1.php' not found or unable to stat
[Sat Mar 07 00:26:19.744566 2026] [php:error] [pid 61723] [client 185.177.72.49:0] script '/domains/assetenhance/info2.php' not found or unable to stat
[Sat Mar 07 00:26:19.835869 2026] [php:error] [pid 61723] [client 185.177.72.49:0] script '/domains/assetenhance/info3.php' not found or unable to stat
[Sat Mar 07 00:26:19.924974 2026] [php:error] [pid 61723] [client 185.177.72.49:0] script '/domains/assetenhance/info4.php' not found or unable to stat
[Sat Mar 07 00:26:19.998866 2026] [php:error] [pid 61749] [client 20.194.29.45:0] script '/domains/apunderkofler/item.php' not found or unable to stat
[Sat Mar 07 00:26:20.013285 2026] [php:error] [pid 61723] [client 185.177.72.49:0] script '/domains/assetenhance/infophp.php' not found or unable to stat
[Sat Mar 07 00:26:20.102305 2026] [php:error] [pid 61723] [client 185.177.72.49:0] script '/domains/assetenhance/infos.php' not found or unable to stat
[Sat Mar 07 00:26:20.132625 2026] [php:error] [pid 61753] [client 20.205.120.43:0] script '/domains/micra/item.php' not found or unable to stat
[Sat Mar 07 00:26:20.190685 2026] [php:error] [pid 61723] [client 185.177.72.49:0] script '/domains/assetenhance/ini.php' not found or unable to stat
[Sat Mar 07 00:26:20.721760 2026] [php:error] [pid 61723] [client 185.177.72.49:0] script '/domains/assetenhance/isadmin.php' not found or unable to stat
[Sat Mar 07 00:26:21.075102 2026] [php:error] [pid 61723] [client 185.177.72.49:0] script '/domains/assetenhance/jo.php' not found or unable to stat
[Sat Mar 07 00:26:22.680337 2026] [php:error] [pid 61723] [client 185.177.72.49:0] script '/domains/assetenhance/l.php' not found or unable to stat
[Sat Mar 07 00:26:22.863791 2026] [php:error] [pid 61749] [client 20.194.29.45:0] script '/domains/apunderkofler/options-reading.php' not found or unable to stat
[Sat Mar 07 00:26:23.052852 2026] [php:error] [pid 61753] [client 20.205.120.43:0] script '/domains/micra/options-reading.php' not found or unable to stat
[Sat Mar 07 00:26:24.011405 2026] [php:error] [pid 61749] [client 20.194.29.45:0] script '/domains/apunderkofler/man.php' not found or unable to stat
[Sat Mar 07 00:26:24.320777 2026] [php:error] [pid 61753] [client 20.205.120.43:0] script '/domains/micra/man.php' not found or unable to stat
[Sat Mar 07 00:26:24.372230 2026] [php:error] [pid 61723] [client 185.177.72.49:0] script '/domains/assetenhance/lindex.php' not found or unable to stat
[Sat Mar 07 00:26:24.463776 2026] [php:error] [pid 61723] [client 185.177.72.49:0] script '/domains/assetenhance/linusadmin-phpinfo.php' not found or unable to stat
[Sat Mar 07 00:26:24.784765 2026] [php:error] [pid 61749] [client 20.194.29.45:0] script '/domains/apunderkofler/hex.php' not found or unable to stat
[Sat Mar 07 00:26:25.192064 2026] [php:error] [pid 61753] [client 20.205.120.43:0] script '/domains/micra/hex.php' not found or unable to stat
[Sat Mar 07 00:26:25.738632 2026] [php:error] [pid 61757] [client 185.177.72.51:0] script '/domains/hans.interport/temp.php' not found or unable to stat
[Sat Mar 07 00:26:26.250433 2026] [php:error] [pid 61749] [client 20.194.29.45:0] script '/domains/apunderkofler/403.php' not found or unable to stat
[Sat Mar 07 00:26:26.706178 2026] [php:error] [pid 61753] [client 20.205.120.43:0] script '/domains/micra/403.php' not found or unable to stat
[Sat Mar 07 00:26:27.008343 2026] [php:error] [pid 61749] [client 20.194.29.45:0] script '/domains/apunderkofler/content.php' not found or unable to stat
[Sat Mar 07 00:26:27.207688 2026] [php:error] [pid 61749] [client 20.194.29.45:0] script '/domains/apunderkofler/public.php' not found or unable to stat
[Sat Mar 07 00:26:27.335942 2026] [php:error] [pid 61723] [client 185.177.72.49:0] script '/domains/assetenhance/main.php' not found or unable to stat
[Sat Mar 07 00:26:27.516660 2026] [php:error] [pid 61753] [client 20.205.120.43:0] script '/domains/micra/content.php' not found or unable to stat
[Sat Mar 07 00:26:27.716128 2026] [php:error] [pid 61753] [client 20.205.120.43:0] script '/domains/micra/public.php' not found or unable to stat
[Sat Mar 07 00:26:28.003888 2026] [php:error] [pid 61749] [client 20.194.29.45:0] script '/domains/apunderkofler/load.php' not found or unable to stat
[Sat Mar 07 00:26:28.603467 2026] [php:error] [pid 61753] [client 20.205.120.43:0] script '/domains/micra/load.php' not found or unable to stat
[Sat Mar 07 00:26:28.798853 2026] [php:error] [pid 61757] [client 185.177.72.51:0] script '/domains/hans.interport/test0.php' not found or unable to stat
[Sat Mar 07 00:26:28.997463 2026] [php:error] [pid 61757] [client 185.177.72.51:0] script '/domains/hans.interport/test1.php' not found or unable to stat
[Sat Mar 07 00:26:28.999700 2026] [php:error] [pid 61749] [client 20.194.29.45:0] script '/domains/apunderkofler/flower.php' not found or unable to stat
[Sat Mar 07 00:26:29.123372 2026] [php:error] [pid 61757] [client 185.177.72.51:0] script '/domains/hans.interport/test123.php' not found or unable to stat
[Sat Mar 07 00:26:29.242510 2026] [php:error] [pid 61757] [client 185.177.72.51:0] script '/domains/hans.interport/test2.php' not found or unable to stat
[Sat Mar 07 00:26:29.384550 2026] [php:error] [pid 61757] [client 185.177.72.51:0] script '/domains/hans.interport/test3.php' not found or unable to stat
[Sat Mar 07 00:26:29.485582 2026] [php:error] [pid 61757] [client 185.177.72.51:0] script '/domains/hans.interport/test4.php' not found or unable to stat
[Sat Mar 07 00:26:29.593132 2026] [php:error] [pid 61749] [client 20.194.29.45:0] script '/domains/apunderkofler/elp.php' not found or unable to stat
[Sat Mar 07 00:26:29.593332 2026] [php:error] [pid 61757] [client 185.177.72.51:0] script '/domains/hans.interport/test5.php' not found or unable to stat
[Sat Mar 07 00:26:29.647765 2026] [php:error] [pid 61753] [client 20.205.120.43:0] script '/domains/micra/flower.php' not found or unable to stat
[Sat Mar 07 00:26:29.694770 2026] [php:error] [pid 61757] [client 185.177.72.51:0] script '/domains/hans.interport/test6.php' not found or unable to stat
[Sat Mar 07 00:26:29.801290 2026] [php:error] [pid 61757] [client 185.177.72.51:0] script '/domains/hans.interport/test7.php' not found or unable to stat
[Sat Mar 07 00:26:29.930467 2026] [php:error] [pid 61757] [client 185.177.72.51:0] script '/domains/hans.interport/test8.php' not found or unable to stat
[Sat Mar 07 00:26:30.025418 2026] [php:error] [pid 61757] [client 185.177.72.51:0] script '/domains/hans.interport/test9.php' not found or unable to stat
[Sat Mar 07 00:26:30.200032 2026] [php:error] [pid 61761] [client 185.177.72.49:0] script '/domains/assetenhance/new.php' not found or unable to stat
[Sat Mar 07 00:26:30.245682 2026] [php:error] [pid 61753] [client 20.205.120.43:0] script '/domains/micra/elp.php' not found or unable to stat
[Sat Mar 07 00:26:30.815544 2026] [php:error] [pid 61749] [client 20.194.29.45:0] script '/domains/apunderkofler/wp-logs.php' not found or unable to stat
[Sat Mar 07 00:26:31.028934 2026] [php:error] [pid 61749] [client 20.194.29.45:0] script '/domains/apunderkofler/wp-links.php' not found or unable to stat
[Sat Mar 07 00:26:31.330578 2026] [php:error] [pid 61761] [client 185.177.72.49:0] script '/domains/assetenhance/o.php' not found or unable to stat
[Sat Mar 07 00:26:31.338830 2026] [php:error] [pid 61764] [client 185.177.72.51:0] script '/domains/hans.interport/test_info.php' not found or unable to stat
[Sat Mar 07 00:26:31.425160 2026] [php:error] [pid 61761] [client 185.177.72.49:0] script '/domains/assetenhance/ocp.php' not found or unable to stat
[Sat Mar 07 00:26:31.449179 2026] [php:error] [pid 61764] [client 185.177.72.51:0] script '/domains/hans.interport/test_info1.php' not found or unable to stat
[Sat Mar 07 00:26:31.482144 2026] [php:error] [pid 61753] [client 20.205.120.43:0] script '/domains/micra/wp-logs.php' not found or unable to stat
[Sat Mar 07 00:26:31.520529 2026] [php:error] [pid 61761] [client 185.177.72.49:0] script '/domains/assetenhance/of.php' not found or unable to stat
[Sat Mar 07 00:26:31.552264 2026] [php:error] [pid 61764] [client 185.177.72.51:0] script '/domains/hans.interport/test_info2.php' not found or unable to stat
[Sat Mar 07 00:26:31.668880 2026] [php:error] [pid 61764] [client 185.177.72.51:0] script '/domains/hans.interport/test_info3.php' not found or unable to stat
[Sat Mar 07 00:26:31.681553 2026] [php:error] [pid 61753] [client 20.205.120.43:0] script '/domains/micra/wp-links.php' not found or unable to stat
[Sat Mar 07 00:26:31.765457 2026] [php:error] [pid 61764] [client 185.177.72.51:0] script '/domains/hans.interport/test_info4.php' not found or unable to stat
[Sat Mar 07 00:26:31.798122 2026] [php:error] [pid 61761] [client 185.177.72.49:0] script '/domains/assetenhance/old_phpinfo.php' not found or unable to stat
[Sat Mar 07 00:26:31.866258 2026] [php:error] [pid 61764] [client 185.177.72.51:0] script '/domains/hans.interport/test_info5.php' not found or unable to stat
[Sat Mar 07 00:26:31.982693 2026] [php:error] [pid 61764] [client 185.177.72.51:0] script '/domains/hans.interport/test_phpinfo.php' not found or unable to stat
[Sat Mar 07 00:26:32.087627 2026] [php:error] [pid 61764] [client 185.177.72.51:0] script '/domains/hans.interport/test_phpinfo1.php' not found or unable to stat
[Sat Mar 07 00:26:32.190614 2026] [php:error] [pid 61764] [client 185.177.72.51:0] script '/domains/hans.interport/test_phpinfo2.php' not found or unable to stat
[Sat Mar 07 00:26:32.285651 2026] [php:error] [pid 61764] [client 185.177.72.51:0] script '/domains/hans.interport/test_phpinfo3.php' not found or unable to stat
[Sat Mar 07 00:26:32.418364 2026] [php:error] [pid 61764] [client 185.177.72.51:0] script '/domains/hans.interport/test_phpinfo4.php' not found or unable to stat
[Sat Mar 07 00:26:32.523619 2026] [php:error] [pid 61764] [client 185.177.72.51:0] script '/domains/hans.interport/test_phpinfo5.php' not found or unable to stat
[Sat Mar 07 00:26:32.639455 2026] [php:error] [pid 61764] [client 185.177.72.51:0] script '/domains/hans.interport/tester.php' not found or unable to stat
[Sat Mar 07 00:26:32.647419 2026] [php:error] [pid 61761] [client 185.177.72.49:0] script '/domains/assetenhance/p.php' not found or unable to stat
[Sat Mar 07 00:26:32.838406 2026] [php:error] [pid 61764] [client 185.177.72.51:0] script '/domains/hans.interport/testing.php' not found or unable to stat
[Sat Mar 07 00:26:33.765408 2026] [php:error] [pid 61761] [client 185.177.72.49:0] script '/domains/assetenhance/php.php' not found or unable to stat
[Sat Mar 07 00:26:33.859220 2026] [php:error] [pid 61761] [client 185.177.72.49:0] script '/domains/assetenhance/php1.php' not found or unable to stat
[Sat Mar 07 00:26:34.050343 2026] [php:error] [pid 61761] [client 185.177.72.49:0] script '/domains/assetenhance/php_info.php' not found or unable to stat
[Sat Mar 07 00:26:34.820018 2026] [php:error] [pid 61761] [client 185.177.72.49:0] script '/domains/assetenhance/phpinfo1.php' not found or unable to stat
[Sat Mar 07 00:26:34.912337 2026] [php:error] [pid 61761] [client 185.177.72.49:0] script '/domains/assetenhance/phpinfo2.php' not found or unable to stat
[Sat Mar 07 00:26:35.004868 2026] [php:error] [pid 61761] [client 185.177.72.49:0] script '/domains/assetenhance/phpinfo3.php' not found or unable to stat
[Sat Mar 07 00:26:35.098184 2026] [php:error] [pid 61761] [client 185.177.72.49:0] script '/domains/assetenhance/phpinfo4.php' not found or unable to stat
[Sat Mar 07 00:26:35.192102 2026] [php:error] [pid 61761] [client 185.177.72.49:0] script '/domains/assetenhance/phpinfodev.php' not found or unable to stat
[Sat Mar 07 00:26:35.192428 2026] [php:error] [pid 61764] [client 185.177.72.51:0] script '/domains/hans.interport/time.php' not found or unable to stat
[Sat Mar 07 00:26:35.287111 2026] [php:error] [pid 61761] [client 185.177.72.49:0] script '/domains/assetenhance/phpinfos.php' not found or unable to stat
[Sat Mar 07 00:26:35.659225 2026] [php:error] [pid 61761] [client 185.177.72.49:0] script '/domains/assetenhance/phpsysinfo.php' not found or unable to stat
[Sat Mar 07 00:26:35.668796 2026] [php:error] [pid 61764] [client 185.177.72.51:0] script '/domains/hans.interport/token.php' not found or unable to stat
[Sat Mar 07 00:26:36.030492 2026] [php:error] [pid 61761] [client 185.177.72.49:0] script '/domains/assetenhance/phptest.php' not found or unable to stat
[Sat Mar 07 00:26:36.123265 2026] [php:error] [pid 61761] [client 185.177.72.49:0] script '/domains/assetenhance/phpversion.php' not found or unable to stat
[Sat Mar 07 00:26:36.224652 2026] [php:error] [pid 61764] [client 185.177.72.51:0] script '/domains/hans.interport/tz.php' not found or unable to stat
[Sat Mar 07 00:26:36.326584 2026] [php:error] [pid 61764] [client 185.177.72.51:0] script '/domains/hans.interport/u.php' not found or unable to stat
[Sat Mar 07 00:26:36.887076 2026] [php:error] [pid 61764] [client 185.177.72.51:0] script '/domains/hans.interport/up.php' not found or unable to stat
[Sat Mar 07 00:26:39.155152 2026] [php:error] [pid 61750] [client 185.177.72.49:0] script '/domains/assetenhance/q.php' not found or unable to stat
[Sat Mar 07 00:26:39.248929 2026] [php:error] [pid 61750] [client 185.177.72.49:0] script '/domains/assetenhance/qq.php' not found or unable to stat
[Sat Mar 07 00:26:39.909147 2026] [php:error] [pid 61764] [client 185.177.72.51:0] script '/domains/hans.interport/w.php' not found or unable to stat
[Sat Mar 07 00:26:40.202024 2026] [php:error] [pid 61764] [client 185.177.72.51:0] script '/domains/hans.interport/web.php' not found or unable to stat
[Sat Mar 07 00:26:41.115508 2026] [php:error] [pid 61750] [client 185.177.72.49:0] script '/domains/assetenhance/rest.php' not found or unable to stat
[Sat Mar 07 00:26:42.445146 2026] [php:error] [pid 61763] [client 80.124.54.14:0] script '/domains/familyplayhouse2/atomlib.php' not found or unable to stat
[Sat Mar 07 00:26:42.826231 2026] [php:error] [pid 61769] [client 185.177.72.51:0] script '/domains/hans.interport/wp-login.php' not found or unable to stat
[Sat Mar 07 00:26:42.837071 2026] [php:error] [pid 61765] [client 80.124.54.14:0] script '/domains/familyplayhouse2/css.php' not found or unable to stat
[Sat Mar 07 00:26:43.019310 2026] [php:error] [pid 61769] [client 185.177.72.51:0] script '/domains/hans.interport/wp.php' not found or unable to stat
[Sat Mar 07 00:26:43.055782 2026] [php:error] [pid 61753] [client 80.124.54.14:0] script '/domains/familyplayhouse2/simple.php' not found or unable to stat
[Sat Mar 07 00:26:43.387000 2026] [php:error] [pid 61769] [client 185.177.72.51:0] script '/domains/hans.interport/x.php' not found or unable to stat
[Sat Mar 07 00:26:43.414191 2026] [php:error] [pid 61766] [client 80.124.54.14:0] script '/domains/familyplayhouse2/wp-config.php' not found or unable to stat
[Sat Mar 07 00:26:43.705800 2026] [php:error] [pid 61762] [client 80.124.54.14:0] script '/domains/familyplayhouse2/bypass.php' not found or unable to stat
[Sat Mar 07 00:26:44.016235 2026] [access_compat:error] [pid 61750] [client 185.177.72.49:0] AH01797: client denied by server configuration: /domains/assetenhance/server-status
[Sat Mar 07 00:26:44.053610 2026] [php:error] [pid 61764] [client 80.124.54.14:0] script '/domains/familyplayhouse2/shell.php' not found or unable to stat
[Sat Mar 07 00:26:44.905265 2026] [php:error] [pid 61707] [client 80.124.54.14:0] script '/domains/familyplayhouse2/ws.php' not found or unable to stat
[Sat Mar 07 00:26:45.097340 2026] [php:error] [pid 61766] [client 80.124.54.14:0] script '/domains/familyplayhouse2/wso112233.php' not found or unable to stat
[Sat Mar 07 00:26:45.289614 2026] [php:error] [pid 61762] [client 80.124.54.14:0] script '/domains/familyplayhouse2/alfanew.php' not found or unable to stat
[Sat Mar 07 00:26:45.558808 2026] [php:error] [pid 61764] [client 80.124.54.14:0] script '/domains/familyplayhouse2/fw.php' not found or unable to stat
[Sat Mar 07 00:26:46.016928 2026] [php:error] [pid 61766] [client 80.124.54.14:0] script '/domains/familyplayhouse2/wp-login.php' not found or unable to stat
[Sat Mar 07 00:26:49.920381 2026] [php:error] [pid 61769] [client 185.177.72.51:0] script '/domains/hans.interport/wp-config.php.orig' not found or unable to stat
[Sat Mar 07 00:26:53.892562 2026] [php:error] [pid 61766] [client 185.177.72.49:0] script '/domains/assetenhance/temp.php' not found or unable to stat
[Sat Mar 07 00:26:56.385790 2026] [php:error] [pid 61772] [client 185.177.72.51:0] script '/domains/hans.interport/phpinfo-server.php' not found or unable to stat
[Sat Mar 07 00:26:56.399105 2026] [php:error] [pid 61766] [client 185.177.72.49:0] script '/domains/assetenhance/test0.php' not found or unable to stat
[Sat Mar 07 00:26:56.585284 2026] [php:error] [pid 61766] [client 185.177.72.49:0] script '/domains/assetenhance/test1.php' not found or unable to stat
[Sat Mar 07 00:26:56.678306 2026] [php:error] [pid 61766] [client 185.177.72.49:0] script '/domains/assetenhance/test123.php' not found or unable to stat
[Sat Mar 07 00:26:56.770545 2026] [php:error] [pid 61766] [client 185.177.72.49:0] script '/domains/assetenhance/test2.php' not found or unable to stat
[Sat Mar 07 00:26:56.786513 2026] [php:error] [pid 61772] [client 185.177.72.51:0] script '/domains/hans.interport/phpinfo_details.php' not found or unable to stat
[Sat Mar 07 00:26:56.863340 2026] [php:error] [pid 61766] [client 185.177.72.49:0] script '/domains/assetenhance/test3.php' not found or unable to stat
[Sat Mar 07 00:26:56.955993 2026] [php:error] [pid 61766] [client 185.177.72.49:0] script '/domains/assetenhance/test4.php' not found or unable to stat
[Sat Mar 07 00:26:57.002104 2026] [php:error] [pid 61772] [client 185.177.72.51:0] script '/domains/hans.interport/phpinfomolten.php' not found or unable to stat
[Sat Mar 07 00:26:57.050216 2026] [php:error] [pid 61766] [client 185.177.72.49:0] script '/domains/assetenhance/test5.php' not found or unable to stat
[Sat Mar 07 00:26:57.143521 2026] [php:error] [pid 61766] [client 185.177.72.49:0] script '/domains/assetenhance/test6.php' not found or unable to stat
[Sat Mar 07 00:26:57.237956 2026] [php:error] [pid 61766] [client 185.177.72.49:0] script '/domains/assetenhance/test7.php' not found or unable to stat
[Sat Mar 07 00:26:57.330904 2026] [php:error] [pid 61766] [client 185.177.72.49:0] script '/domains/assetenhance/test8.php' not found or unable to stat
[Sat Mar 07 00:26:57.424005 2026] [php:error] [pid 61766] [client 185.177.72.49:0] script '/domains/assetenhance/test9.php' not found or unable to stat
[Sat Mar 07 00:26:57.695587 2026] [php:error] [pid 61753] [client 185.177.72.49:0] script '/domains/assetenhance/test_info.php' not found or unable to stat
[Sat Mar 07 00:26:57.785879 2026] [php:error] [pid 61753] [client 185.177.72.49:0] script '/domains/assetenhance/test_info1.php' not found or unable to stat
[Sat Mar 07 00:26:57.879224 2026] [php:error] [pid 61753] [client 185.177.72.49:0] script '/domains/assetenhance/test_info2.php' not found or unable to stat
[Sat Mar 07 00:26:57.970060 2026] [php:error] [pid 61753] [client 185.177.72.49:0] script '/domains/assetenhance/test_info3.php' not found or unable to stat
[Sat Mar 07 00:26:58.060336 2026] [php:error] [pid 61753] [client 185.177.72.49:0] script '/domains/assetenhance/test_info4.php' not found or unable to stat
[Sat Mar 07 00:26:58.150331 2026] [php:error] [pid 61753] [client 185.177.72.49:0] script '/domains/assetenhance/test_info5.php' not found or unable to stat
[Sat Mar 07 00:26:58.242088 2026] [php:error] [pid 61753] [client 185.177.72.49:0] script '/domains/assetenhance/test_phpinfo.php' not found or unable to stat
[Sat Mar 07 00:26:58.332693 2026] [php:error] [pid 61753] [client 185.177.72.49:0] script '/domains/assetenhance/test_phpinfo1.php' not found or unable to stat
[Sat Mar 07 00:26:58.422601 2026] [php:error] [pid 61753] [client 185.177.72.49:0] script '/domains/assetenhance/test_phpinfo2.php' not found or unable to stat
[Sat Mar 07 00:26:58.514900 2026] [php:error] [pid 61753] [client 185.177.72.49:0] script '/domains/assetenhance/test_phpinfo3.php' not found or unable to stat
[Sat Mar 07 00:26:58.604940 2026] [php:error] [pid 61753] [client 185.177.72.49:0] script '/domains/assetenhance/test_phpinfo4.php' not found or unable to stat
[Sat Mar 07 00:26:58.698594 2026] [php:error] [pid 61753] [client 185.177.72.49:0] script '/domains/assetenhance/test_phpinfo5.php' not found or unable to stat
[Sat Mar 07 00:26:58.789358 2026] [php:error] [pid 61753] [client 185.177.72.49:0] script '/domains/assetenhance/tester.php' not found or unable to stat
[Sat Mar 07 00:26:58.970879 2026] [php:error] [pid 61753] [client 185.177.72.49:0] script '/domains/assetenhance/testing.php' not found or unable to stat
[Sat Mar 07 00:27:00.658383 2026] [php:error] [pid 61772] [client 185.177.72.51:0] script '/domains/hans.interport/wp-config-sample.php.bak' not found or unable to stat
[Sat Mar 07 00:27:00.746484 2026] [php:error] [pid 61772] [client 185.177.72.51:0] script '/domains/hans.interport/wp-config.php.bak1' not found or unable to stat
[Sat Mar 07 00:27:00.947791 2026] [php:error] [pid 61772] [client 185.177.72.51:0] script '/domains/hans.interport/config.inc.php.bak' not found or unable to stat
[Sat Mar 07 00:27:00.971050 2026] [php:error] [pid 61753] [client 185.177.72.49:0] script '/domains/assetenhance/time.php' not found or unable to stat
[Sat Mar 07 00:27:01.042431 2026] [php:error] [pid 61772] [client 185.177.72.51:0] script '/domains/hans.interport/connect.php.bak' not found or unable to stat
[Sat Mar 07 00:27:01.152070 2026] [php:error] [pid 61772] [client 185.177.72.51:0] script '/domains/hans.interport/connection.php.bak' not found or unable to stat
[Sat Mar 07 00:27:01.252700 2026] [php:error] [pid 61772] [client 185.177.72.51:0] script '/domains/hans.interport/conn.php.bak' not found or unable to stat
[Sat Mar 07 00:27:01.334292 2026] [php:error] [pid 61753] [client 185.177.72.49:0] script '/domains/assetenhance/token.php' not found or unable to stat
[Sat Mar 07 00:27:01.698215 2026] [php:error] [pid 61763] [client 145.239.10.137:0] script '/domains/carynm/detail.php' not found or unable to stat, referer: http://evolution-1.com/detail.php
[Sat Mar 07 00:27:01.784451 2026] [php:error] [pid 61753] [client 185.177.72.49:0] script '/domains/assetenhance/tz.php' not found or unable to stat
[Sat Mar 07 00:27:01.873981 2026] [php:error] [pid 61753] [client 185.177.72.49:0] script '/domains/assetenhance/u.php' not found or unable to stat
[Sat Mar 07 00:27:02.324828 2026] [php:error] [pid 61753] [client 185.177.72.49:0] script '/domains/assetenhance/up.php' not found or unable to stat
[Sat Mar 07 00:27:04.765694 2026] [php:error] [pid 61753] [client 185.177.72.49:0] script '/domains/assetenhance/w.php' not found or unable to stat
[Sat Mar 07 00:27:04.834610 2026] [php:error] [pid 61775] [client 185.177.72.51:0] script '/domains/hans.interport/config.php.old' not found or unable to stat
[Sat Mar 07 00:27:04.932231 2026] [php:error] [pid 61775] [client 185.177.72.51:0] script '/domains/hans.interport/config.inc.php' not found or unable to stat
[Sat Mar 07 00:27:05.035865 2026] [php:error] [pid 61753] [client 185.177.72.49:0] script '/domains/assetenhance/web.php' not found or unable to stat
[Sat Mar 07 00:27:06.218318 2026] [php:error] [pid 61775] [client 185.177.72.51:0] script '/domains/hans.interport/settings.php.bak' not found or unable to stat
[Sat Mar 07 00:27:06.319275 2026] [php:error] [pid 61775] [client 185.177.72.51:0] script '/domains/hans.interport/settings.php.old' not found or unable to stat
[Sat Mar 07 00:27:06.447309 2026] [php:error] [pid 61775] [client 185.177.72.51:0] script '/domains/hans.interport/settings.php.save' not found or unable to stat
[Sat Mar 07 00:27:07.178821 2026] [php:error] [pid 61748] [client 185.177.72.49:0] script '/domains/assetenhance/wp-login.php' not found or unable to stat
[Sat Mar 07 00:27:07.354565 2026] [php:error] [pid 61748] [client 185.177.72.49:0] script '/domains/assetenhance/wp.php' not found or unable to stat
[Sat Mar 07 00:27:07.709149 2026] [php:error] [pid 61748] [client 185.177.72.49:0] script '/domains/assetenhance/x.php' not found or unable to stat
[Sat Mar 07 00:27:09.050876 2026] [php:error] [pid 61775] [client 185.177.72.51:0] script '/domains/hans.interport/configuration.php.bak' not found or unable to stat
[Sat Mar 07 00:27:09.967827 2026] [access_compat:error] [pid 61775] [client 185.177.72.51:0] AH01797: client denied by server configuration: /domains/hans.interport/server-status
[Sat Mar 07 00:27:10.090186 2026] [php:error] [pid 61775] [client 185.177.72.51:0] script '/domains/hans.interport/server-info.php' not found or unable to stat
[Sat Mar 07 00:27:10.201320 2026] [php:error] [pid 61775] [client 185.177.72.51:0] script '/domains/hans.interport/app_dev.php' not found or unable to stat
[Sat Mar 07 00:27:12.035161 2026] [php:error] [pid 61775] [client 185.177.72.51:0] script '/domains/hans.interport/xdebug.php' not found or unable to stat
[Sat Mar 07 00:27:12.164102 2026] [php:error] [pid 61775] [client 185.177.72.51:0] script '/domains/hans.interport/xdebug_info.php' not found or unable to stat
[Sat Mar 07 00:27:12.933669 2026] [php:error] [pid 61775] [client 185.177.72.51:0] script '/domains/hans.interport/test_socket.php' not found or unable to stat
[Sat Mar 07 00:27:13.052451 2026] [php:error] [pid 61775] [client 185.177.72.51:0] script '/domains/hans.interport/testdb.php' not found or unable to stat
[Sat Mar 07 00:27:13.099179 2026] [php:error] [pid 61748] [client 185.177.72.49:0] script '/domains/assetenhance/wp-config.php.orig' not found or unable to stat
[Sat Mar 07 00:27:13.446426 2026] [php:error] [pid 61775] [client 185.177.72.51:0] script '/domains/hans.interport/adminer-4.2.5-mysql-en.php' not found or unable to stat
[Sat Mar 07 00:27:13.626662 2026] [php:error] [pid 61775] [client 185.177.72.51:0] script '/domains/hans.interport/phpmyadmin.php' not found or unable to stat
[Sat Mar 07 00:27:13.968012 2026] [php:error] [pid 61775] [client 185.177.72.51:0] script '/domains/hans.interport/sql.php' not found or unable to stat
[Sat Mar 07 00:27:14.066187 2026] [php:error] [pid 61775] [client 185.177.72.51:0] script '/domains/hans.interport/sqladmin.php' not found or unable to stat
[Sat Mar 07 00:27:14.163149 2026] [php:error] [pid 61775] [client 185.177.72.51:0] script '/domains/hans.interport/dbadmin.php' not found or unable to stat
[Sat Mar 07 00:27:14.259447 2026] [php:error] [pid 61775] [client 185.177.72.51:0] script '/domains/hans.interport/phpminiadmin.php' not found or unable to stat
[Sat Mar 07 00:27:14.360149 2026] [php:error] [pid 61775] [client 185.177.72.51:0] script '/domains/hans.interport/mysqladmin.php' not found or unable to stat
[Sat Mar 07 00:27:16.515797 2026] [php:error] [pid 61722] [client 185.177.72.51:0] script '/domains/hans.interport/wp-config-sample.php' not found or unable to stat
[Sat Mar 07 00:27:17.393086 2026] [authz_core:error] [pid 61722] [client 185.177.72.51:0] AH01630: client denied by server configuration: /domains/hans.interport/.htpasswd
[Sat Mar 07 00:27:18.493482 2026] [php:error] [pid 61757] [client 185.177.72.49:0] script '/domains/assetenhance/phpinfo-server.php' not found or unable to stat
[Sat Mar 07 00:27:18.839824 2026] [php:error] [pid 61757] [client 185.177.72.49:0] script '/domains/assetenhance/phpinfo_details.php' not found or unable to stat
[Sat Mar 07 00:27:19.014266 2026] [php:error] [pid 61757] [client 185.177.72.49:0] script '/domains/assetenhance/phpinfomolten.php' not found or unable to stat
[Sat Mar 07 00:27:22.138768 2026] [php:error] [pid 61757] [client 185.177.72.49:0] script '/domains/assetenhance/wp-config-sample.php.bak' not found or unable to stat
[Sat Mar 07 00:27:22.225398 2026] [php:error] [pid 61757] [client 185.177.72.49:0] script '/domains/assetenhance/wp-config.php.bak1' not found or unable to stat
[Sat Mar 07 00:27:22.261472 2026] [php:error] [pid 61722] [client 185.177.72.51:0] script '/domains/hans.interport/install.php' not found or unable to stat
[Sat Mar 07 00:27:22.373775 2026] [php:error] [pid 61722] [client 185.177.72.51:0] script '/domains/hans.interport/setup.php' not found or unable to stat
[Sat Mar 07 00:27:22.398365 2026] [php:error] [pid 61757] [client 185.177.72.49:0] script '/domains/assetenhance/config.inc.php.bak' not found or unable to stat
[Sat Mar 07 00:27:22.482780 2026] [php:error] [pid 61722] [client 185.177.72.51:0] script '/domains/hans.interport/setup-config.php' not found or unable to stat
[Sat Mar 07 00:27:22.485211 2026] [php:error] [pid 61757] [client 185.177.72.49:0] script '/domains/assetenhance/connect.php.bak' not found or unable to stat
[Sat Mar 07 00:27:22.571871 2026] [php:error] [pid 61757] [client 185.177.72.49:0] script '/domains/assetenhance/connection.php.bak' not found or unable to stat
[Sat Mar 07 00:27:22.658611 2026] [php:error] [pid 61757] [client 185.177.72.49:0] script '/domains/assetenhance/conn.php.bak' not found or unable to stat
[Sat Mar 07 00:27:22.741031 2026] [php:error] [pid 61722] [client 185.177.72.51:0] script '/domains/hans.interport/app_dev.php' not found or unable to stat
[Sat Mar 07 00:27:22.839923 2026] [php:error] [pid 61722] [client 185.177.72.51:0] script '/domains/hans.interport/config_dev.php' not found or unable to stat
[Sat Mar 07 00:27:22.981828 2026] [php:error] [pid 61722] [client 185.177.72.51:0] script '/domains/hans.interport/index-dev.php' not found or unable to stat
[Sat Mar 07 00:27:23.082774 2026] [php:error] [pid 61722] [client 185.177.72.51:0] script '/domains/hans.interport/index-test.php' not found or unable to stat
[Sat Mar 07 00:27:23.500093 2026] [php:error] [pid 61722] [client 185.177.72.51:0] script '/domains/hans.interport/maintenance.php' not found or unable to stat
[Sat Mar 07 00:27:24.491137 2026] [php:error] [pid 61722] [client 185.177.72.51:0] script '/domains/hans.interport/upgrade.php' not found or unable to stat
[Sat Mar 07 00:27:24.880656 2026] [php:error] [pid 61722] [client 185.177.72.51:0] script '/domains/hans.interport/upgrader.php' not found or unable to stat
[Sat Mar 07 00:27:24.979217 2026] [php:error] [pid 61722] [client 185.177.72.51:0] script '/domains/hans.interport/migrate.php' not found or unable to stat
[Sat Mar 07 00:27:25.084535 2026] [php:error] [pid 61722] [client 185.177.72.51:0] script '/domains/hans.interport/migration.php' not found or unable to stat
[Sat Mar 07 00:27:25.182789 2026] [php:error] [pid 61722] [client 185.177.72.51:0] script '/domains/hans.interport/console.php' not found or unable to stat
[Sat Mar 07 00:27:25.460595 2026] [php:error] [pid 61777] [client 185.177.72.49:0] script '/domains/assetenhance/config.php.old' not found or unable to stat
