[Mon Feb 23 00:20:50.223030 2026] [php:error] [pid 781] [client 20.214.159.60:0] script '/domains/egmaweb/wp-trackback.php' not found or unable to stat
[Mon Feb 23 00:20:50.403464 2026] [php:error] [pid 781] [client 20.214.159.60:0] script '/domains/egmaweb/about.php' not found or unable to stat
[Mon Feb 23 00:20:50.585280 2026] [php:error] [pid 781] [client 20.214.159.60:0] script '/domains/egmaweb/file.php' not found or unable to stat
[Mon Feb 23 00:20:50.766666 2026] [php:error] [pid 781] [client 20.214.159.60:0] script '/domains/egmaweb/wp-good.php' not found or unable to stat
[Mon Feb 23 00:20:50.946805 2026] [php:error] [pid 781] [client 20.214.159.60:0] script '/domains/egmaweb/xmlrpc.php' not found or unable to stat
[Mon Feb 23 00:20:51.127749 2026] [php:error] [pid 781] [client 20.214.159.60:0] script '/domains/egmaweb/goods.php' not found or unable to stat
[Mon Feb 23 00:20:51.308449 2026] [php:error] [pid 781] [client 20.214.159.60:0] script '/domains/egmaweb/ioxi-o.php' not found or unable to stat
[Mon Feb 23 00:20:51.488842 2026] [php:error] [pid 781] [client 20.214.159.60:0] script '/domains/egmaweb/class-t.api.php' not found or unable to stat
[Mon Feb 23 00:20:51.682211 2026] [php:error] [pid 781] [client 20.214.159.60:0] script '/domains/egmaweb/admin.php' not found or unable to stat
[Mon Feb 23 00:20:51.862792 2026] [php:error] [pid 781] [client 20.214.159.60:0] script '/domains/egmaweb/sf.php' not found or unable to stat
[Mon Feb 23 00:20:52.042738 2026] [php:error] [pid 781] [client 20.214.159.60:0] script '/domains/egmaweb/rip.php' not found or unable to stat
[Mon Feb 23 00:20:52.223053 2026] [php:error] [pid 781] [client 20.214.159.60:0] script '/domains/egmaweb/autoload_classmap.php' not found or unable to stat
[Mon Feb 23 00:20:52.403628 2026] [php:error] [pid 781] [client 20.214.159.60:0] script '/domains/egmaweb/chosen.php' not found or unable to stat
[Mon Feb 23 00:20:52.583742 2026] [php:error] [pid 781] [client 20.214.159.60:0] script '/domains/egmaweb/classwithtostring.php' not found or unable to stat
[Mon Feb 23 00:20:52.655988 2026] [php:error] [pid 776] [client 20.187.125.76:0] script '/domains/csiniaws/19.php' not found or unable to stat
[Mon Feb 23 00:20:52.785665 2026] [php:error] [pid 781] [client 20.214.159.60:0] script '/domains/egmaweb/defaults.php' not found or unable to stat
[Mon Feb 23 00:20:52.870333 2026] [php:error] [pid 776] [client 20.187.125.76:0] script '/domains/csiniaws/f.php' not found or unable to stat
[Mon Feb 23 00:20:53.085731 2026] [php:error] [pid 776] [client 20.187.125.76:0] script '/domains/csiniaws/p.php' not found or unable to stat
[Mon Feb 23 00:20:53.312673 2026] [php:error] [pid 776] [client 20.187.125.76:0] script '/domains/csiniaws/d.php' not found or unable to stat
[Mon Feb 23 00:20:53.691048 2026] [php:error] [pid 776] [client 20.187.125.76:0] script '/domains/csiniaws/9.php' not found or unable to stat
[Mon Feb 23 00:20:53.704648 2026] [php:error] [pid 781] [client 20.214.159.60:0] script '/domains/egmaweb/info.php' not found or unable to stat
[Mon Feb 23 00:20:53.905941 2026] [php:error] [pid 776] [client 20.187.125.76:0] script '/domains/csiniaws/222.php' not found or unable to stat
[Mon Feb 23 00:20:54.125771 2026] [php:error] [pid 776] [client 20.187.125.76:0] script '/domains/csiniaws/file2.php' not found or unable to stat
[Mon Feb 23 00:20:54.342156 2026] [php:error] [pid 776] [client 20.187.125.76:0] script '/domains/csiniaws/x.php' not found or unable to stat
[Mon Feb 23 00:20:54.556442 2026] [php:error] [pid 776] [client 20.187.125.76:0] script '/domains/csiniaws/i.php' not found or unable to stat
[Mon Feb 23 00:20:54.771414 2026] [php:error] [pid 776] [client 20.187.125.76:0] script '/domains/csiniaws/y.php' not found or unable to stat
[Mon Feb 23 00:20:54.997615 2026] [php:error] [pid 776] [client 20.187.125.76:0] script '/domains/csiniaws/0.php' not found or unable to stat
[Mon Feb 23 00:20:55.006205 2026] [php:error] [pid 781] [client 20.214.159.60:0] script '/domains/egmaweb/adminfuns.php' not found or unable to stat
[Mon Feb 23 00:20:55.223683 2026] [php:error] [pid 776] [client 20.187.125.76:0] script '/domains/csiniaws/pp.php' not found or unable to stat
[Mon Feb 23 00:20:55.437743 2026] [php:error] [pid 776] [client 20.187.125.76:0] script '/domains/csiniaws/oo.php' not found or unable to stat
[Mon Feb 23 00:20:55.770127 2026] [php:error] [pid 776] [client 20.187.125.76:0] script '/domains/csiniaws/ee.php' not found or unable to stat
[Mon Feb 23 00:20:55.991628 2026] [php:error] [pid 776] [client 20.187.125.76:0] script '/domains/csiniaws/403.php' not found or unable to stat
[Mon Feb 23 00:20:56.220272 2026] [php:error] [pid 776] [client 20.187.125.76:0] script '/domains/csiniaws/404.php' not found or unable to stat
[Mon Feb 23 00:20:56.438035 2026] [php:error] [pid 776] [client 20.187.125.76:0] script '/domains/csiniaws/312.php' not found or unable to stat
[Mon Feb 23 00:20:58.542988 2026] [php:error] [pid 782] [client 20.212.104.201:0] script '/domains/perless2web/19.php' not found or unable to stat
[Mon Feb 23 00:20:58.769502 2026] [php:error] [pid 782] [client 20.212.104.201:0] script '/domains/perless2web/f.php' not found or unable to stat
[Mon Feb 23 00:20:58.996771 2026] [php:error] [pid 782] [client 20.212.104.201:0] script '/domains/perless2web/p.php' not found or unable to stat
[Mon Feb 23 00:20:59.233974 2026] [php:error] [pid 782] [client 20.212.104.201:0] script '/domains/perless2web/d.php' not found or unable to stat
[Mon Feb 23 00:20:59.636784 2026] [php:error] [pid 782] [client 20.212.104.201:0] script '/domains/perless2web/9.php' not found or unable to stat
[Mon Feb 23 00:20:59.863253 2026] [php:error] [pid 782] [client 20.212.104.201:0] script '/domains/perless2web/222.php' not found or unable to stat
[Mon Feb 23 00:21:00.225147 2026] [php:error] [pid 782] [client 20.212.104.201:0] script '/domains/perless2web/file2.php' not found or unable to stat
[Mon Feb 23 00:21:00.451667 2026] [php:error] [pid 782] [client 20.212.104.201:0] script '/domains/perless2web/x.php' not found or unable to stat
[Mon Feb 23 00:21:00.846876 2026] [php:error] [pid 782] [client 20.212.104.201:0] script '/domains/perless2web/i.php' not found or unable to stat
[Mon Feb 23 00:21:01.074161 2026] [php:error] [pid 782] [client 20.212.104.201:0] script '/domains/perless2web/y.php' not found or unable to stat
[Mon Feb 23 00:21:01.300451 2026] [php:error] [pid 782] [client 20.212.104.201:0] script '/domains/perless2web/0.php' not found or unable to stat
[Mon Feb 23 00:21:01.526669 2026] [php:error] [pid 782] [client 20.212.104.201:0] script '/domains/perless2web/pp.php' not found or unable to stat
[Mon Feb 23 00:21:01.753285 2026] [php:error] [pid 782] [client 20.212.104.201:0] script '/domains/perless2web/oo.php' not found or unable to stat
[Mon Feb 23 00:21:01.980005 2026] [php:error] [pid 782] [client 20.212.104.201:0] script '/domains/perless2web/ee.php' not found or unable to stat
[Mon Feb 23 00:21:02.208649 2026] [php:error] [pid 782] [client 20.212.104.201:0] script '/domains/perless2web/403.php' not found or unable to stat
[Mon Feb 23 00:21:02.435067 2026] [php:error] [pid 782] [client 20.212.104.201:0] script '/domains/perless2web/404.php' not found or unable to stat
[Mon Feb 23 00:21:02.662357 2026] [php:error] [pid 782] [client 20.212.104.201:0] script '/domains/perless2web/312.php' not found or unable to stat
[Mon Feb 23 00:21:06.353048 2026] [php:error] [pid 778] [client 20.215.69.209:0] script '/domains/system_suspended/abhjr.php' not found or unable to stat
[Mon Feb 23 00:21:06.454162 2026] [php:error] [pid 778] [client 20.215.69.209:0] script '/domains/system_suspended/anczg.php' not found or unable to stat
[Mon Feb 23 00:21:06.555466 2026] [php:error] [pid 778] [client 20.215.69.209:0] script '/domains/system_suspended/ardsw.php' not found or unable to stat
[Mon Feb 23 00:21:06.661538 2026] [php:error] [pid 778] [client 20.215.69.209:0] script '/domains/system_suspended/atfis.php' not found or unable to stat
[Mon Feb 23 00:21:06.771991 2026] [php:error] [pid 778] [client 20.215.69.209:0] script '/domains/system_suspended/azpaq.php' not found or unable to stat
[Mon Feb 23 00:21:06.872902 2026] [php:error] [pid 778] [client 20.215.69.209:0] script '/domains/system_suspended/bclms.php' not found or unable to stat
[Mon Feb 23 00:21:06.974403 2026] [php:error] [pid 778] [client 20.215.69.209:0] script '/domains/system_suspended/bivvw.php' not found or unable to stat
[Mon Feb 23 00:21:07.074957 2026] [php:error] [pid 778] [client 20.215.69.209:0] script '/domains/system_suspended/bykdo.php' not found or unable to stat
[Mon Feb 23 00:21:07.175935 2026] [php:error] [pid 778] [client 20.215.69.209:0] script '/domains/system_suspended/byueb.php' not found or unable to stat
[Mon Feb 23 00:21:07.276841 2026] [php:error] [pid 778] [client 20.215.69.209:0] script '/domains/system_suspended/cjndd.php' not found or unable to stat
[Mon Feb 23 00:21:07.378402 2026] [php:error] [pid 778] [client 20.215.69.209:0] script '/domains/system_suspended/coiuz.php' not found or unable to stat
[Mon Feb 23 00:21:07.479151 2026] [php:error] [pid 778] [client 20.215.69.209:0] script '/domains/system_suspended/click.php' not found or unable to stat
[Mon Feb 23 00:21:07.580164 2026] [php:error] [pid 778] [client 20.215.69.209:0] script '/domains/system_suspended/ctjpseby.php' not found or unable to stat
[Mon Feb 23 00:21:07.680812 2026] [php:error] [pid 778] [client 20.215.69.209:0] script '/domains/system_suspended/cxxuv.php' not found or unable to stat
[Mon Feb 23 00:21:07.781450 2026] [php:error] [pid 778] [client 20.215.69.209:0] script '/domains/system_suspended/dawvg.php' not found or unable to stat
[Mon Feb 23 00:21:07.896321 2026] [php:error] [pid 778] [client 20.215.69.209:0] script '/domains/system_suspended/dhjqs.php' not found or unable to stat
[Mon Feb 23 00:21:07.997307 2026] [php:error] [pid 778] [client 20.215.69.209:0] script '/domains/system_suspended/diayd.php' not found or unable to stat
[Mon Feb 23 00:21:08.098004 2026] [php:error] [pid 778] [client 20.215.69.209:0] script '/domains/system_suspended/dljpy.php' not found or unable to stat
[Mon Feb 23 00:21:08.199295 2026] [php:error] [pid 778] [client 20.215.69.209:0] script '/domains/system_suspended/dqagu.php' not found or unable to stat
[Mon Feb 23 00:21:08.300563 2026] [php:error] [pid 778] [client 20.215.69.209:0] script '/domains/system_suspended/druqr.php' not found or unable to stat
[Mon Feb 23 00:21:08.401803 2026] [php:error] [pid 778] [client 20.215.69.209:0] script '/domains/system_suspended/dyxbc.php' not found or unable to stat
[Mon Feb 23 00:21:08.502989 2026] [php:error] [pid 778] [client 20.215.69.209:0] script '/domains/system_suspended/eapjf.php' not found or unable to stat
[Mon Feb 23 00:21:08.603953 2026] [php:error] [pid 778] [client 20.215.69.209:0] script '/domains/system_suspended/ebuom.php' not found or unable to stat
[Mon Feb 23 00:21:08.705052 2026] [php:error] [pid 778] [client 20.215.69.209:0] script '/domains/system_suspended/emcgm.php' not found or unable to stat
[Mon Feb 23 00:21:08.806177 2026] [php:error] [pid 778] [client 20.215.69.209:0] script '/domains/system_suspended/euocu.php' not found or unable to stat
[Mon Feb 23 00:21:08.907616 2026] [php:error] [pid 778] [client 20.215.69.209:0] script '/domains/system_suspended/f35.php' not found or unable to stat
[Mon Feb 23 00:21:09.008749 2026] [php:error] [pid 778] [client 20.215.69.209:0] script '/domains/system_suspended/frdyx.php' not found or unable to stat
[Mon Feb 23 00:21:09.110373 2026] [php:error] [pid 778] [client 20.215.69.209:0] script '/domains/system_suspended/fsjzs.php' not found or unable to stat
[Mon Feb 23 00:21:09.211926 2026] [php:error] [pid 778] [client 20.215.69.209:0] script '/domains/system_suspended/fwtoa.php' not found or unable to stat
[Mon Feb 23 00:21:09.313490 2026] [php:error] [pid 778] [client 20.215.69.209:0] script '/domains/system_suspended/gbhyv.php' not found or unable to stat
[Mon Feb 23 00:21:09.415805 2026] [php:error] [pid 778] [client 20.215.69.209:0] script '/domains/system_suspended/gedim.php' not found or unable to stat
[Mon Feb 23 00:21:09.517821 2026] [php:error] [pid 778] [client 20.215.69.209:0] script '/domains/system_suspended/ibano.php' not found or unable to stat
[Mon Feb 23 00:21:09.624829 2026] [php:error] [pid 778] [client 20.215.69.209:0] script '/domains/system_suspended/ifrea.php' not found or unable to stat
[Mon Feb 23 00:21:09.725691 2026] [php:error] [pid 778] [client 20.215.69.209:0] script '/domains/system_suspended/itlvk.php' not found or unable to stat
[Mon Feb 23 00:21:09.826707 2026] [php:error] [pid 778] [client 20.215.69.209:0] script '/domains/system_suspended/jctyd.php' not found or unable to stat
[Mon Feb 23 00:21:09.927599 2026] [php:error] [pid 778] [client 20.215.69.209:0] script '/domains/system_suspended/jtfocpif.php' not found or unable to stat
[Mon Feb 23 00:21:10.028389 2026] [php:error] [pid 778] [client 20.215.69.209:0] script '/domains/system_suspended/junvh.php' not found or unable to stat
[Mon Feb 23 00:21:10.139796 2026] [php:error] [pid 778] [client 20.215.69.209:0] script '/domains/system_suspended/jvtsa.php' not found or unable to stat
[Mon Feb 23 00:21:10.240336 2026] [php:error] [pid 778] [client 20.215.69.209:0] script '/domains/system_suspended/kaduu.php' not found or unable to stat
[Mon Feb 23 00:21:10.340834 2026] [php:error] [pid 778] [client 20.215.69.209:0] script '/domains/system_suspended/kagug.php' not found or unable to stat
[Mon Feb 23 00:21:10.442681 2026] [php:error] [pid 778] [client 20.215.69.209:0] script '/domains/system_suspended/kandw.php' not found or unable to stat
[Mon Feb 23 00:21:10.543846 2026] [php:error] [pid 778] [client 20.215.69.209:0] script '/domains/system_suspended/kduhq.php' not found or unable to stat
[Mon Feb 23 00:21:10.652483 2026] [php:error] [pid 778] [client 20.215.69.209:0] script '/domains/system_suspended/rgjrq.php' not found or unable to stat
[Mon Feb 23 00:21:10.762570 2026] [php:error] [pid 778] [client 20.215.69.209:0] script '/domains/system_suspended/vopxx.php' not found or unable to stat
[Mon Feb 23 00:21:10.863289 2026] [php:error] [pid 778] [client 20.215.69.209:0] script '/domains/system_suspended/wcoiw.php' not found or unable to stat
[Mon Feb 23 00:21:10.964212 2026] [php:error] [pid 778] [client 20.215.69.209:0] script '/domains/system_suspended/wtogs.php' not found or unable to stat
[Mon Feb 23 00:21:11.065819 2026] [php:error] [pid 778] [client 20.215.69.209:0] script '/domains/system_suspended/xbbih.php' not found or unable to stat
[Mon Feb 23 00:21:11.166970 2026] [php:error] [pid 778] [client 20.215.69.209:0] script '/domains/system_suspended/xcakx.php' not found or unable to stat
[Mon Feb 23 00:21:11.272390 2026] [php:error] [pid 778] [client 20.215.69.209:0] script '/domains/system_suspended/xjgdw.php' not found or unable to stat
[Mon Feb 23 00:21:11.380347 2026] [php:error] [pid 778] [client 20.215.69.209:0] script '/domains/system_suspended/xopgt.php' not found or unable to stat
[Mon Feb 23 00:21:11.481322 2026] [php:error] [pid 778] [client 20.215.69.209:0] script '/domains/system_suspended/xsjtz.php' not found or unable to stat
[Mon Feb 23 00:21:11.582193 2026] [php:error] [pid 778] [client 20.215.69.209:0] script '/domains/system_suspended/zvinn.php' not found or unable to stat
[Mon Feb 23 00:21:27.149070 2026] [php:error] [pid 781] [client 194.26.192.238:0] script '/domains/ferguson.interport/txets.php' not found or unable to stat
[Mon Feb 23 00:21:29.295860 2026] [php:error] [pid 790] [client 194.26.192.238:0] script '/domains/ferguson.interport/schallfuns.php' not found or unable to stat
[Mon Feb 23 00:21:29.675392 2026] [php:error] [pid 784] [client 194.26.192.238:0] script '/domains/ferguson.interport/postnews.php' not found or unable to stat
[Mon Feb 23 00:21:46.042487 2026] [php:error] [pid 779] [client 194.26.192.238:0] script '/domains/gk3c/txets.php' not found or unable to stat
[Mon Feb 23 00:21:48.736622 2026] [php:error] [pid 793] [client 194.26.192.238:0] script '/domains/gk3c/schallfuns.php' not found or unable to stat
[Mon Feb 23 00:21:49.040281 2026] [php:error] [pid 795] [client 194.26.192.238:0] script '/domains/gk3c/postnews.php' not found or unable to stat
[Mon Feb 23 00:22:00.627919 2026] [php:error] [pid 792] [client 111.11.13.220:0] script '/domains/markrose/admin.php' not found or unable to stat, referer: http://www.zompist.com/admin.php
[Mon Feb 23 00:24:01.466994 2026] [php:error] [pid 819] [client 194.26.192.238:0] script '/domains/piltdweb1/txets.php' not found or unable to stat
[Mon Feb 23 00:24:03.912999 2026] [php:error] [pid 825] [client 194.26.192.238:0] script '/domains/piltdweb1/schallfuns.php' not found or unable to stat
[Mon Feb 23 00:24:04.181464 2026] [php:error] [pid 814] [client 194.26.192.238:0] script '/domains/piltdweb1/postnews.php' not found or unable to stat
[Mon Feb 23 00:24:09.379079 2026] [php:error] [pid 833] [client 20.78.146.86:0] script '/domains/hpveweb/wp-trackback.php' not found or unable to stat
[Mon Feb 23 00:24:09.547400 2026] [php:error] [pid 833] [client 20.78.146.86:0] script '/domains/hpveweb/about.php' not found or unable to stat
[Mon Feb 23 00:24:09.713377 2026] [php:error] [pid 833] [client 20.78.146.86:0] script '/domains/hpveweb/file.php' not found or unable to stat
[Mon Feb 23 00:24:09.880354 2026] [php:error] [pid 833] [client 20.78.146.86:0] script '/domains/hpveweb/wp-good.php' not found or unable to stat
[Mon Feb 23 00:24:10.047488 2026] [php:error] [pid 833] [client 20.78.146.86:0] script '/domains/hpveweb/xmlrpc.php' not found or unable to stat
[Mon Feb 23 00:24:10.097455 2026] [php:error] [pid 826] [client 172.213.17.83:0] script '/domains/homesbyaudrey1/abhjr.php' not found or unable to stat
[Mon Feb 23 00:24:10.187998 2026] [php:error] [pid 826] [client 172.213.17.83:0] script '/domains/homesbyaudrey1/anczg.php' not found or unable to stat
[Mon Feb 23 00:24:10.213289 2026] [php:error] [pid 833] [client 20.78.146.86:0] script '/domains/hpveweb/goods.php' not found or unable to stat
[Mon Feb 23 00:24:10.278146 2026] [php:error] [pid 826] [client 172.213.17.83:0] script '/domains/homesbyaudrey1/ardsw.php' not found or unable to stat
[Mon Feb 23 00:24:10.369288 2026] [php:error] [pid 826] [client 172.213.17.83:0] script '/domains/homesbyaudrey1/atfis.php' not found or unable to stat
[Mon Feb 23 00:24:10.379733 2026] [php:error] [pid 833] [client 20.78.146.86:0] script '/domains/hpveweb/ioxi-o.php' not found or unable to stat
[Mon Feb 23 00:24:10.459780 2026] [php:error] [pid 826] [client 172.213.17.83:0] script '/domains/homesbyaudrey1/azpaq.php' not found or unable to stat
[Mon Feb 23 00:24:10.545831 2026] [php:error] [pid 833] [client 20.78.146.86:0] script '/domains/hpveweb/class-t.api.php' not found or unable to stat
[Mon Feb 23 00:24:10.550002 2026] [php:error] [pid 826] [client 172.213.17.83:0] script '/domains/homesbyaudrey1/bclms.php' not found or unable to stat
[Mon Feb 23 00:24:10.640441 2026] [php:error] [pid 826] [client 172.213.17.83:0] script '/domains/homesbyaudrey1/bivvw.php' not found or unable to stat
[Mon Feb 23 00:24:10.723386 2026] [php:error] [pid 833] [client 20.78.146.86:0] script '/domains/hpveweb/admin.php' not found or unable to stat
[Mon Feb 23 00:24:10.738557 2026] [php:error] [pid 826] [client 172.213.17.83:0] script '/domains/homesbyaudrey1/bykdo.php' not found or unable to stat
[Mon Feb 23 00:24:10.828829 2026] [php:error] [pid 826] [client 172.213.17.83:0] script '/domains/homesbyaudrey1/byueb.php' not found or unable to stat
[Mon Feb 23 00:24:10.890084 2026] [php:error] [pid 833] [client 20.78.146.86:0] script '/domains/hpveweb/sf.php' not found or unable to stat
[Mon Feb 23 00:24:10.919341 2026] [php:error] [pid 826] [client 172.213.17.83:0] script '/domains/homesbyaudrey1/cjndd.php' not found or unable to stat
[Mon Feb 23 00:24:11.010191 2026] [php:error] [pid 826] [client 172.213.17.83:0] script '/domains/homesbyaudrey1/coiuz.php' not found or unable to stat
[Mon Feb 23 00:24:11.057063 2026] [php:error] [pid 833] [client 20.78.146.86:0] script '/domains/hpveweb/rip.php' not found or unable to stat
[Mon Feb 23 00:24:11.100649 2026] [php:error] [pid 826] [client 172.213.17.83:0] script '/domains/homesbyaudrey1/click.php' not found or unable to stat
[Mon Feb 23 00:24:11.191218 2026] [php:error] [pid 826] [client 172.213.17.83:0] script '/domains/homesbyaudrey1/ctjpseby.php' not found or unable to stat
[Mon Feb 23 00:24:11.222999 2026] [php:error] [pid 833] [client 20.78.146.86:0] script '/domains/hpveweb/autoload_classmap.php' not found or unable to stat
[Mon Feb 23 00:24:11.281389 2026] [php:error] [pid 826] [client 172.213.17.83:0] script '/domains/homesbyaudrey1/cxxuv.php' not found or unable to stat
[Mon Feb 23 00:24:11.371486 2026] [php:error] [pid 826] [client 172.213.17.83:0] script '/domains/homesbyaudrey1/dawvg.php' not found or unable to stat
[Mon Feb 23 00:24:11.388906 2026] [php:error] [pid 833] [client 20.78.146.86:0] script '/domains/hpveweb/chosen.php' not found or unable to stat
[Mon Feb 23 00:24:11.461604 2026] [php:error] [pid 826] [client 172.213.17.83:0] script '/domains/homesbyaudrey1/dhjqs.php' not found or unable to stat
[Mon Feb 23 00:24:11.552746 2026] [php:error] [pid 826] [client 172.213.17.83:0] script '/domains/homesbyaudrey1/diayd.php' not found or unable to stat
[Mon Feb 23 00:24:11.560416 2026] [php:error] [pid 833] [client 20.78.146.86:0] script '/domains/hpveweb/classwithtostring.php' not found or unable to stat
[Mon Feb 23 00:24:11.643482 2026] [php:error] [pid 826] [client 172.213.17.83:0] script '/domains/homesbyaudrey1/dljpy.php' not found or unable to stat
[Mon Feb 23 00:24:11.728040 2026] [php:error] [pid 833] [client 20.78.146.86:0] script '/domains/hpveweb/defaults.php' not found or unable to stat
[Mon Feb 23 00:24:11.733554 2026] [php:error] [pid 826] [client 172.213.17.83:0] script '/domains/homesbyaudrey1/dqagu.php' not found or unable to stat
[Mon Feb 23 00:24:11.823904 2026] [php:error] [pid 826] [client 172.213.17.83:0] script '/domains/homesbyaudrey1/druqr.php' not found or unable to stat
[Mon Feb 23 00:24:11.914384 2026] [php:error] [pid 826] [client 172.213.17.83:0] script '/domains/homesbyaudrey1/dyxbc.php' not found or unable to stat
[Mon Feb 23 00:24:12.004775 2026] [php:error] [pid 826] [client 172.213.17.83:0] script '/domains/homesbyaudrey1/eapjf.php' not found or unable to stat
[Mon Feb 23 00:24:12.094811 2026] [php:error] [pid 826] [client 172.213.17.83:0] script '/domains/homesbyaudrey1/ebuom.php' not found or unable to stat
[Mon Feb 23 00:24:12.185207 2026] [php:error] [pid 826] [client 172.213.17.83:0] script '/domains/homesbyaudrey1/emcgm.php' not found or unable to stat
[Mon Feb 23 00:24:12.275315 2026] [php:error] [pid 826] [client 172.213.17.83:0] script '/domains/homesbyaudrey1/euocu.php' not found or unable to stat
[Mon Feb 23 00:24:12.365682 2026] [php:error] [pid 826] [client 172.213.17.83:0] script '/domains/homesbyaudrey1/f35.php' not found or unable to stat
[Mon Feb 23 00:24:12.456100 2026] [php:error] [pid 826] [client 172.213.17.83:0] script '/domains/homesbyaudrey1/frdyx.php' not found or unable to stat
[Mon Feb 23 00:24:12.546335 2026] [php:error] [pid 826] [client 172.213.17.83:0] script '/domains/homesbyaudrey1/fsjzs.php' not found or unable to stat
[Mon Feb 23 00:24:12.584113 2026] [php:error] [pid 833] [client 20.78.146.86:0] script '/domains/hpveweb/info.php' not found or unable to stat
[Mon Feb 23 00:24:12.636906 2026] [php:error] [pid 826] [client 172.213.17.83:0] script '/domains/homesbyaudrey1/fwtoa.php' not found or unable to stat
[Mon Feb 23 00:24:12.727583 2026] [php:error] [pid 826] [client 172.213.17.83:0] script '/domains/homesbyaudrey1/gbhyv.php' not found or unable to stat
[Mon Feb 23 00:24:12.817672 2026] [php:error] [pid 826] [client 172.213.17.83:0] script '/domains/homesbyaudrey1/gedim.php' not found or unable to stat
[Mon Feb 23 00:24:12.908335 2026] [php:error] [pid 826] [client 172.213.17.83:0] script '/domains/homesbyaudrey1/ibano.php' not found or unable to stat
[Mon Feb 23 00:24:12.998570 2026] [php:error] [pid 826] [client 172.213.17.83:0] script '/domains/homesbyaudrey1/ifrea.php' not found or unable to stat
[Mon Feb 23 00:24:13.088547 2026] [php:error] [pid 826] [client 172.213.17.83:0] script '/domains/homesbyaudrey1/itlvk.php' not found or unable to stat
[Mon Feb 23 00:24:13.179022 2026] [php:error] [pid 826] [client 172.213.17.83:0] script '/domains/homesbyaudrey1/jctyd.php' not found or unable to stat
[Mon Feb 23 00:24:13.269198 2026] [php:error] [pid 826] [client 172.213.17.83:0] script '/domains/homesbyaudrey1/jtfocpif.php' not found or unable to stat
[Mon Feb 23 00:24:13.359472 2026] [php:error] [pid 826] [client 172.213.17.83:0] script '/domains/homesbyaudrey1/junvh.php' not found or unable to stat
[Mon Feb 23 00:24:13.450122 2026] [php:error] [pid 826] [client 172.213.17.83:0] script '/domains/homesbyaudrey1/jvtsa.php' not found or unable to stat
[Mon Feb 23 00:24:13.540703 2026] [php:error] [pid 826] [client 172.213.17.83:0] script '/domains/homesbyaudrey1/kaduu.php' not found or unable to stat
[Mon Feb 23 00:24:13.631551 2026] [php:error] [pid 826] [client 172.213.17.83:0] script '/domains/homesbyaudrey1/kagug.php' not found or unable to stat
[Mon Feb 23 00:24:13.722115 2026] [php:error] [pid 826] [client 172.213.17.83:0] script '/domains/homesbyaudrey1/kandw.php' not found or unable to stat
[Mon Feb 23 00:24:13.748631 2026] [php:error] [pid 833] [client 20.78.146.86:0] script '/domains/hpveweb/adminfuns.php' not found or unable to stat
[Mon Feb 23 00:24:13.813052 2026] [php:error] [pid 826] [client 172.213.17.83:0] script '/domains/homesbyaudrey1/kduhq.php' not found or unable to stat
[Mon Feb 23 00:24:13.903830 2026] [php:error] [pid 826] [client 172.213.17.83:0] script '/domains/homesbyaudrey1/rgjrq.php' not found or unable to stat
[Mon Feb 23 00:24:13.994538 2026] [php:error] [pid 826] [client 172.213.17.83:0] script '/domains/homesbyaudrey1/vopxx.php' not found or unable to stat
[Mon Feb 23 00:24:14.084926 2026] [php:error] [pid 826] [client 172.213.17.83:0] script '/domains/homesbyaudrey1/wcoiw.php' not found or unable to stat
[Mon Feb 23 00:24:14.175139 2026] [php:error] [pid 826] [client 172.213.17.83:0] script '/domains/homesbyaudrey1/wtogs.php' not found or unable to stat
[Mon Feb 23 00:24:14.265181 2026] [php:error] [pid 826] [client 172.213.17.83:0] script '/domains/homesbyaudrey1/xbbih.php' not found or unable to stat
[Mon Feb 23 00:24:14.355327 2026] [php:error] [pid 826] [client 172.213.17.83:0] script '/domains/homesbyaudrey1/xcakx.php' not found or unable to stat
[Mon Feb 23 00:24:14.445615 2026] [php:error] [pid 826] [client 172.213.17.83:0] script '/domains/homesbyaudrey1/xjgdw.php' not found or unable to stat
[Mon Feb 23 00:24:14.535992 2026] [php:error] [pid 826] [client 172.213.17.83:0] script '/domains/homesbyaudrey1/xopgt.php' not found or unable to stat
[Mon Feb 23 00:24:14.626224 2026] [php:error] [pid 826] [client 172.213.17.83:0] script '/domains/homesbyaudrey1/xsjtz.php' not found or unable to stat
[Mon Feb 23 00:24:14.716957 2026] [php:error] [pid 826] [client 172.213.17.83:0] script '/domains/homesbyaudrey1/zvinn.php' not found or unable to stat
[Mon Feb 23 00:24:27.987660 2026] [php:error] [pid 819] [client 20.196.204.231:0] script '/domains/supolo/wp-trackback.php' not found or unable to stat
[Mon Feb 23 00:24:28.169331 2026] [php:error] [pid 819] [client 20.196.204.231:0] script '/domains/supolo/about.php' not found or unable to stat
[Mon Feb 23 00:24:28.351797 2026] [php:error] [pid 819] [client 20.196.204.231:0] script '/domains/supolo/file.php' not found or unable to stat
[Mon Feb 23 00:24:28.534190 2026] [php:error] [pid 819] [client 20.196.204.231:0] script '/domains/supolo/adminfuns.php' not found or unable to stat
[Mon Feb 23 00:24:28.715945 2026] [php:error] [pid 819] [client 20.196.204.231:0] script '/domains/supolo/wp-good.php' not found or unable to stat
[Mon Feb 23 00:24:28.897495 2026] [php:error] [pid 819] [client 20.196.204.231:0] script '/domains/supolo/xmlrpc.php' not found or unable to stat
[Mon Feb 23 00:24:29.078965 2026] [php:error] [pid 819] [client 20.196.204.231:0] script '/domains/supolo/goods.php' not found or unable to stat
[Mon Feb 23 00:24:29.261443 2026] [php:error] [pid 819] [client 20.196.204.231:0] script '/domains/supolo/ioxi-o.php' not found or unable to stat
[Mon Feb 23 00:24:29.443122 2026] [php:error] [pid 819] [client 20.196.204.231:0] script '/domains/supolo/class-t.api.php' not found or unable to stat
[Mon Feb 23 00:24:29.625371 2026] [php:error] [pid 819] [client 20.196.204.231:0] script '/domains/supolo/admin.php' not found or unable to stat
[Mon Feb 23 00:24:29.829962 2026] [php:error] [pid 819] [client 20.196.204.231:0] script '/domains/supolo/sf.php' not found or unable to stat
[Mon Feb 23 00:24:30.011903 2026] [php:error] [pid 819] [client 20.196.204.231:0] script '/domains/supolo/rip.php' not found or unable to stat
[Mon Feb 23 00:24:30.193269 2026] [php:error] [pid 819] [client 20.196.204.231:0] script '/domains/supolo/kbfr.php' not found or unable to stat
[Mon Feb 23 00:24:30.385553 2026] [php:error] [pid 819] [client 20.196.204.231:0] script '/domains/supolo/autoload_classmap.php' not found or unable to stat
[Mon Feb 23 00:24:30.567040 2026] [php:error] [pid 819] [client 20.196.204.231:0] script '/domains/supolo/chosen.php' not found or unable to stat
[Mon Feb 23 00:24:30.748490 2026] [php:error] [pid 819] [client 20.196.204.231:0] script '/domains/supolo/classwithtostring.php' not found or unable to stat
[Mon Feb 23 00:24:30.929748 2026] [php:error] [pid 819] [client 20.196.204.231:0] script '/domains/supolo/defaults.php' not found or unable to stat
[Mon Feb 23 00:24:31.858382 2026] [php:error] [pid 819] [client 20.196.204.231:0] script '/domains/supolo/info.php' not found or unable to stat
[Mon Feb 23 00:24:42.966727 2026] [php:error] [pid 848] [client 4.194.131.131:0] script '/domains/frog.interport1/mda.php' not found or unable to stat
[Mon Feb 23 00:24:43.193980 2026] [php:error] [pid 848] [client 4.194.131.131:0] script '/domains/frog.interport1/cheka.php' not found or unable to stat
[Mon Feb 23 00:24:43.448819 2026] [php:error] [pid 848] [client 4.194.131.131:0] script '/domains/frog.interport1/cabs.php' not found or unable to stat
[Mon Feb 23 00:24:43.680873 2026] [php:error] [pid 848] [client 4.194.131.131:0] script '/domains/frog.interport1/classgoto24.php' not found or unable to stat
[Mon Feb 23 00:24:43.919874 2026] [php:error] [pid 848] [client 4.194.131.131:0] script '/domains/frog.interport1/zsz.php' not found or unable to stat
[Mon Feb 23 00:24:44.146102 2026] [php:error] [pid 848] [client 4.194.131.131:0] script '/domains/frog.interport1/kaza.php' not found or unable to stat
[Mon Feb 23 00:24:44.383250 2026] [php:error] [pid 848] [client 4.194.131.131:0] script '/domains/frog.interport1/lites.php' not found or unable to stat
[Mon Feb 23 00:24:44.615466 2026] [php:error] [pid 848] [client 4.194.131.131:0] script '/domains/frog.interport1/bby.php' not found or unable to stat
[Mon Feb 23 00:24:44.856658 2026] [php:error] [pid 848] [client 4.194.131.131:0] script '/domains/frog.interport1/get.php' not found or unable to stat
[Mon Feb 23 00:24:45.083544 2026] [php:error] [pid 848] [client 4.194.131.131:0] script '/domains/frog.interport1/xtride.php' not found or unable to stat
[Mon Feb 23 00:24:45.399378 2026] [php:error] [pid 848] [client 4.194.131.131:0] script '/domains/frog.interport1/ws29.php' not found or unable to stat
[Mon Feb 23 00:24:45.626276 2026] [php:error] [pid 848] [client 4.194.131.131:0] script '/domains/frog.interport1/oo.php' not found or unable to stat
[Mon Feb 23 00:24:45.853313 2026] [php:error] [pid 848] [client 4.194.131.131:0] script '/domains/frog.interport1/s11.php' not found or unable to stat
[Mon Feb 23 00:24:46.082197 2026] [php:error] [pid 848] [client 4.194.131.131:0] script '/domains/frog.interport1/dir.php' not found or unable to stat
[Mon Feb 23 00:24:46.308966 2026] [php:error] [pid 848] [client 4.194.131.131:0] script '/domains/frog.interport1/aqw.php' not found or unable to stat
[Mon Feb 23 00:24:46.535507 2026] [php:error] [pid 848] [client 4.194.131.131:0] script '/domains/frog.interport1/ca1.php' not found or unable to stat
[Mon Feb 23 00:24:46.781935 2026] [php:error] [pid 848] [client 4.194.131.131:0] script '/domains/frog.interport1/file51.php' not found or unable to stat
[Mon Feb 23 00:24:47.008365 2026] [php:error] [pid 848] [client 4.194.131.131:0] script '/domains/frog.interport1/abouta.php' not found or unable to stat
[Mon Feb 23 00:24:47.236160 2026] [php:error] [pid 848] [client 4.194.131.131:0] script '/domains/frog.interport1/fclas.php' not found or unable to stat
[Mon Feb 23 00:24:47.464364 2026] [php:error] [pid 848] [client 4.194.131.131:0] script '/domains/frog.interport1/File.php' not found or unable to stat
[Mon Feb 23 00:24:47.696075 2026] [php:error] [pid 848] [client 4.194.131.131:0] script '/domains/frog.interport1/all.php' not found or unable to stat
[Mon Feb 23 00:24:47.923400 2026] [php:error] [pid 848] [client 4.194.131.131:0] script '/domains/frog.interport1/bbn.php' not found or unable to stat
[Mon Feb 23 00:24:48.150616 2026] [php:error] [pid 848] [client 4.194.131.131:0] script '/domains/frog.interport1/berlin.php' not found or unable to stat
[Mon Feb 23 00:24:48.447208 2026] [php:error] [pid 848] [client 4.194.131.131:0] script '/domains/frog.interport1/class-t.api.php' not found or unable to stat
[Mon Feb 23 00:24:48.673909 2026] [php:error] [pid 848] [client 4.194.131.131:0] script '/domains/frog.interport1/xz89.php' not found or unable to stat
[Mon Feb 23 00:24:48.900546 2026] [php:error] [pid 848] [client 4.194.131.131:0] script '/domains/frog.interport1/thai.php' not found or unable to stat
[Mon Feb 23 00:24:49.127112 2026] [php:error] [pid 848] [client 4.194.131.131:0] script '/domains/frog.interport1/lopst.php' not found or unable to stat
[Mon Feb 23 00:24:49.353239 2026] [php:error] [pid 848] [client 4.194.131.131:0] script '/domains/frog.interport1/wft.php' not found or unable to stat
[Mon Feb 23 00:24:49.580925 2026] [php:error] [pid 848] [client 4.194.131.131:0] script '/domains/frog.interport1/ws28.php' not found or unable to stat
[Mon Feb 23 00:24:49.814367 2026] [php:error] [pid 848] [client 4.194.131.131:0] script '/domains/frog.interport1/wsvvs.php' not found or unable to stat
[Mon Feb 23 00:24:50.041090 2026] [php:error] [pid 848] [client 4.194.131.131:0] script '/domains/frog.interport1/vbbn.php' not found or unable to stat
[Mon Feb 23 00:24:50.268972 2026] [php:error] [pid 848] [client 4.194.131.131:0] script '/domains/frog.interport1/pn.php' not found or unable to stat
[Mon Feb 23 00:24:50.495423 2026] [php:error] [pid 848] [client 4.194.131.131:0] script '/domains/frog.interport1/fz.php' not found or unable to stat
[Mon Feb 23 00:24:50.722042 2026] [php:error] [pid 848] [client 4.194.131.131:0] script '/domains/frog.interport1/sang.php' not found or unable to stat
[Mon Feb 23 00:24:51.010617 2026] [php:error] [pid 848] [client 4.194.131.131:0] script '/domains/frog.interport1/0o0.php' not found or unable to stat
[Mon Feb 23 00:24:51.246980 2026] [php:error] [pid 848] [client 4.194.131.131:0] script '/domains/frog.interport1/zxl.php' not found or unable to stat
[Mon Feb 23 00:24:51.548136 2026] [php:error] [pid 848] [client 4.194.131.131:0] script '/domains/frog.interport1/zwso.php' not found or unable to stat
[Mon Feb 23 00:24:52.001634 2026] [php:error] [pid 848] [client 4.194.131.131:0] script '/domains/frog.interport1/class19.php' not found or unable to stat
[Mon Feb 23 00:24:52.228471 2026] [php:error] [pid 848] [client 4.194.131.131:0] script '/domains/frog.interport1/class20.php' not found or unable to stat
[Mon Feb 23 00:24:52.455511 2026] [php:error] [pid 848] [client 4.194.131.131:0] script '/domains/frog.interport1/admin.php' not found or unable to stat
[Mon Feb 23 00:24:52.702447 2026] [php:error] [pid 848] [client 4.194.131.131:0] script '/domains/frog.interport1/randkeyword.php' not found or unable to stat
[Mon Feb 23 00:24:52.929818 2026] [php:error] [pid 848] [client 4.194.131.131:0] script '/domains/frog.interport1/fwe.php' not found or unable to stat
[Mon Feb 23 00:24:53.156695 2026] [php:error] [pid 848] [client 4.194.131.131:0] script '/domains/frog.interport1/g.php' not found or unable to stat
[Mon Feb 23 00:24:53.385003 2026] [php:error] [pid 848] [client 4.194.131.131:0] script '/domains/frog.interport1/tx1.php' not found or unable to stat
[Mon Feb 23 00:24:53.612099 2026] [php:error] [pid 848] [client 4.194.131.131:0] script '/domains/frog.interport1/xv.php' not found or unable to stat
[Mon Feb 23 00:24:53.853041 2026] [php:error] [pid 848] [client 4.194.131.131:0] script '/domains/frog.interport1/htaccess.php' not found or unable to stat
[Mon Feb 23 00:24:54.112952 2026] [php:error] [pid 848] [client 4.194.131.131:0] script '/domains/frog.interport1/fv.php' not found or unable to stat
[Mon Feb 23 00:24:54.363870 2026] [php:error] [pid 848] [client 4.194.131.131:0] script '/domains/frog.interport1/file.php' not found or unable to stat
[Mon Feb 23 00:24:54.598647 2026] [php:error] [pid 848] [client 4.194.131.131:0] script '/domains/frog.interport1/lsd.php' not found or unable to stat
[Mon Feb 23 00:24:54.842392 2026] [php:error] [pid 848] [client 4.194.131.131:0] script '/domains/frog.interport1/as.php' not found or unable to stat
[Mon Feb 23 00:24:55.076570 2026] [php:error] [pid 848] [client 4.194.131.131:0] script '/domains/frog.interport1/wsd.php' not found or unable to stat
[Mon Feb 23 00:24:55.303198 2026] [php:error] [pid 848] [client 4.194.131.131:0] script '/domains/frog.interport1/gtc.php' not found or unable to stat
[Mon Feb 23 00:24:55.530302 2026] [php:error] [pid 848] [client 4.194.131.131:0] script '/domains/frog.interport1/atx.php' not found or unable to stat
[Mon Feb 23 00:24:55.765448 2026] [php:error] [pid 848] [client 4.194.131.131:0] script '/domains/frog.interport1/z60.php' not found or unable to stat
[Mon Feb 23 00:24:56.021717 2026] [php:error] [pid 848] [client 4.194.131.131:0] script '/domains/frog.interport1/403.php' not found or unable to stat
[Mon Feb 23 00:24:56.248841 2026] [php:error] [pid 848] [client 4.194.131.131:0] script '/domains/frog.interport1/themes.php' not found or unable to stat
[Mon Feb 23 00:24:56.953108 2026] [php:error] [pid 848] [client 4.194.131.131:0] script '/domains/frog.interport1/click.php' not found or unable to stat
[Mon Feb 23 00:24:57.179865 2026] [php:error] [pid 848] [client 4.194.131.131:0] script '/domains/frog.interport1/install.php' not found or unable to stat
[Mon Feb 23 00:24:57.456204 2026] [php:error] [pid 848] [client 4.194.131.131:0] script '/domains/frog.interport1/simple.php' not found or unable to stat
[Mon Feb 23 00:24:57.683018 2026] [php:error] [pid 848] [client 4.194.131.131:0] script '/domains/frog.interport1/css.php' not found or unable to stat
[Mon Feb 23 00:24:57.759697 2026] [php:error] [pid 838] [client 20.212.104.201:0] script '/domains/hand-hammerweb/abhjr.php' not found or unable to stat
[Mon Feb 23 00:24:57.909307 2026] [php:error] [pid 848] [client 4.194.131.131:0] script '/domains/frog.interport1/cong.php' not found or unable to stat
[Mon Feb 23 00:24:57.988527 2026] [php:error] [pid 838] [client 20.212.104.201:0] script '/domains/hand-hammerweb/anczg.php' not found or unable to stat
[Mon Feb 23 00:24:58.380055 2026] [php:error] [pid 848] [client 4.194.131.131:0] script '/domains/frog.interport1/w.php' not found or unable to stat
[Mon Feb 23 00:24:58.415986 2026] [php:error] [pid 838] [client 20.212.104.201:0] script '/domains/hand-hammerweb/ardsw.php' not found or unable to stat
[Mon Feb 23 00:24:58.640159 2026] [php:error] [pid 848] [client 4.194.131.131:0] script '/domains/frog.interport1/404.php' not found or unable to stat
[Mon Feb 23 00:24:58.642178 2026] [php:error] [pid 838] [client 20.212.104.201:0] script '/domains/hand-hammerweb/atfis.php' not found or unable to stat
[Mon Feb 23 00:24:58.867409 2026] [php:error] [pid 848] [client 4.194.131.131:0] script '/domains/frog.interport1/ioxi-o.php' not found or unable to stat
[Mon Feb 23 00:24:58.868727 2026] [php:error] [pid 838] [client 20.212.104.201:0] script '/domains/hand-hammerweb/azpaq.php' not found or unable to stat
[Mon Feb 23 00:24:59.095220 2026] [php:error] [pid 848] [client 4.194.131.131:0] script '/domains/frog.interport1/0x.php' not found or unable to stat
[Mon Feb 23 00:24:59.103698 2026] [php:error] [pid 838] [client 20.212.104.201:0] script '/domains/hand-hammerweb/bclms.php' not found or unable to stat
[Mon Feb 23 00:24:59.321659 2026] [php:error] [pid 848] [client 4.194.131.131:0] script '/domains/frog.interport1/css.php' not found or unable to stat
[Mon Feb 23 00:24:59.330266 2026] [php:error] [pid 838] [client 20.212.104.201:0] script '/domains/hand-hammerweb/bivvw.php' not found or unable to stat
[Mon Feb 23 00:24:59.548205 2026] [php:error] [pid 848] [client 4.194.131.131:0] script '/domains/frog.interport1/222.php' not found or unable to stat
[Mon Feb 23 00:24:59.560915 2026] [php:error] [pid 838] [client 20.212.104.201:0] script '/domains/hand-hammerweb/bykdo.php' not found or unable to stat
[Mon Feb 23 00:24:59.787276 2026] [php:error] [pid 838] [client 20.212.104.201:0] script '/domains/hand-hammerweb/byueb.php' not found or unable to stat
[Mon Feb 23 00:25:00.015713 2026] [php:error] [pid 848] [client 4.194.131.131:0] script '/domains/frog.interport1/admin.php' not found or unable to stat
[Mon Feb 23 00:25:00.019930 2026] [php:error] [pid 838] [client 20.212.104.201:0] script '/domains/hand-hammerweb/cjndd.php' not found or unable to stat
[Mon Feb 23 00:25:00.256962 2026] [php:error] [pid 838] [client 20.212.104.201:0] script '/domains/hand-hammerweb/coiuz.php' not found or unable to stat
[Mon Feb 23 00:25:00.484431 2026] [php:error] [pid 838] [client 20.212.104.201:0] script '/domains/hand-hammerweb/click.php' not found or unable to stat
[Mon Feb 23 00:25:00.492786 2026] [php:error] [pid 848] [client 4.194.131.131:0] script '/domains/frog.interport1/classwithtostring.php' not found or unable to stat
[Mon Feb 23 00:25:00.719362 2026] [php:error] [pid 848] [client 4.194.131.131:0] script '/domains/frog.interport1/abcd.php' not found or unable to stat
[Mon Feb 23 00:25:00.760875 2026] [php:error] [pid 838] [client 20.212.104.201:0] script '/domains/hand-hammerweb/ctjpseby.php' not found or unable to stat
[Mon Feb 23 00:25:00.975140 2026] [php:error] [pid 848] [client 4.194.131.131:0] script '/domains/frog.interport1/autoload_classmap.php' not found or unable to stat
[Mon Feb 23 00:25:01.017492 2026] [php:error] [pid 838] [client 20.212.104.201:0] script '/domains/hand-hammerweb/cxxuv.php' not found or unable to stat
[Mon Feb 23 00:25:01.201979 2026] [php:error] [pid 848] [client 4.194.131.131:0] script '/domains/frog.interport1/inputs.php' not found or unable to stat
[Mon Feb 23 00:25:01.283211 2026] [php:error] [pid 838] [client 20.212.104.201:0] script '/domains/hand-hammerweb/dawvg.php' not found or unable to stat
[Mon Feb 23 00:25:01.428515 2026] [php:error] [pid 848] [client 4.194.131.131:0] script '/domains/frog.interport1/about3.php' not found or unable to stat
[Mon Feb 23 00:25:01.519000 2026] [php:error] [pid 838] [client 20.212.104.201:0] script '/domains/hand-hammerweb/dhjqs.php' not found or unable to stat
[Mon Feb 23 00:25:01.784442 2026] [php:error] [pid 838] [client 20.212.104.201:0] script '/domains/hand-hammerweb/diayd.php' not found or unable to stat
[Mon Feb 23 00:25:02.505966 2026] [php:error] [pid 838] [client 20.212.104.201:0] script '/domains/hand-hammerweb/dljpy.php' not found or unable to stat
[Mon Feb 23 00:25:02.582264 2026] [php:error] [pid 848] [client 4.194.131.131:0] script '/domains/frog.interport1/manager.php' not found or unable to stat
[Mon Feb 23 00:25:02.732992 2026] [php:error] [pid 838] [client 20.212.104.201:0] script '/domains/hand-hammerweb/dqagu.php' not found or unable to stat
[Mon Feb 23 00:25:02.809426 2026] [php:error] [pid 848] [client 4.194.131.131:0] script '/domains/frog.interport1/item.php' not found or unable to stat
[Mon Feb 23 00:25:02.961376 2026] [php:error] [pid 838] [client 20.212.104.201:0] script '/domains/hand-hammerweb/druqr.php' not found or unable to stat
[Mon Feb 23 00:25:03.036266 2026] [php:error] [pid 848] [client 4.194.131.131:0] script '/domains/frog.interport1/404.php' not found or unable to stat
[Mon Feb 23 00:25:03.202109 2026] [php:error] [pid 838] [client 20.212.104.201:0] script '/domains/hand-hammerweb/dyxbc.php' not found or unable to stat
[Mon Feb 23 00:25:03.429041 2026] [php:error] [pid 838] [client 20.212.104.201:0] script '/domains/hand-hammerweb/eapjf.php' not found or unable to stat
[Mon Feb 23 00:25:03.495094 2026] [php:error] [pid 848] [client 4.194.131.131:0] script '/domains/frog.interport1/sx.php' not found or unable to stat
[Mon Feb 23 00:25:03.723473 2026] [php:error] [pid 838] [client 20.212.104.201:0] script '/domains/hand-hammerweb/ebuom.php' not found or unable to stat
[Mon Feb 23 00:25:03.947975 2026] [php:error] [pid 848] [client 4.194.131.131:0] script '/domains/frog.interport1/alfa.php' not found or unable to stat
[Mon Feb 23 00:25:03.982786 2026] [php:error] [pid 838] [client 20.212.104.201:0] script '/domains/hand-hammerweb/emcgm.php' not found or unable to stat
[Mon Feb 23 00:25:04.187563 2026] [php:error] [pid 848] [client 4.194.131.131:0] script '/domains/frog.interport1/wp-trackback.php' not found or unable to stat
[Mon Feb 23 00:25:04.232544 2026] [php:error] [pid 838] [client 20.212.104.201:0] script '/domains/hand-hammerweb/euocu.php' not found or unable to stat
[Mon Feb 23 00:25:04.485375 2026] [php:error] [pid 838] [client 20.212.104.201:0] script '/domains/hand-hammerweb/f35.php' not found or unable to stat
[Mon Feb 23 00:25:05.188791 2026] [php:error] [pid 838] [client 20.212.104.201:0] script '/domains/hand-hammerweb/frdyx.php' not found or unable to stat
[Mon Feb 23 00:25:05.438340 2026] [php:error] [pid 838] [client 20.212.104.201:0] script '/domains/hand-hammerweb/fsjzs.php' not found or unable to stat
[Mon Feb 23 00:25:05.664679 2026] [php:error] [pid 838] [client 20.212.104.201:0] script '/domains/hand-hammerweb/fwtoa.php' not found or unable to stat
[Mon Feb 23 00:25:05.890881 2026] [php:error] [pid 838] [client 20.212.104.201:0] script '/domains/hand-hammerweb/gbhyv.php' not found or unable to stat
[Mon Feb 23 00:25:06.118028 2026] [php:error] [pid 838] [client 20.212.104.201:0] script '/domains/hand-hammerweb/gedim.php' not found or unable to stat
[Mon Feb 23 00:25:06.354904 2026] [php:error] [pid 838] [client 20.212.104.201:0] script '/domains/hand-hammerweb/ibano.php' not found or unable to stat
[Mon Feb 23 00:25:06.604715 2026] [php:error] [pid 838] [client 20.212.104.201:0] script '/domains/hand-hammerweb/ifrea.php' not found or unable to stat
[Mon Feb 23 00:25:06.853545 2026] [php:error] [pid 838] [client 20.212.104.201:0] script '/domains/hand-hammerweb/itlvk.php' not found or unable to stat
[Mon Feb 23 00:25:07.098084 2026] [php:error] [pid 838] [client 20.212.104.201:0] script '/domains/hand-hammerweb/jctyd.php' not found or unable to stat
[Mon Feb 23 00:25:07.128981 2026] [php:error] [pid 857] [client 4.194.131.131:0] script '/domains/frog.interport1/ww1.php' not found or unable to stat
[Mon Feb 23 00:25:07.325639 2026] [php:error] [pid 838] [client 20.212.104.201:0] script '/domains/hand-hammerweb/jtfocpif.php' not found or unable to stat
[Mon Feb 23 00:25:07.578138 2026] [php:error] [pid 838] [client 20.212.104.201:0] script '/domains/hand-hammerweb/junvh.php' not found or unable to stat
[Mon Feb 23 00:25:07.804858 2026] [php:error] [pid 838] [client 20.212.104.201:0] script '/domains/hand-hammerweb/jvtsa.php' not found or unable to stat
[Mon Feb 23 00:25:08.037247 2026] [php:error] [pid 838] [client 20.212.104.201:0] script '/domains/hand-hammerweb/kaduu.php' not found or unable to stat
[Mon Feb 23 00:25:08.292111 2026] [php:error] [pid 838] [client 20.212.104.201:0] script '/domains/hand-hammerweb/kagug.php' not found or unable to stat
[Mon Feb 23 00:25:08.521028 2026] [php:error] [pid 838] [client 20.212.104.201:0] script '/domains/hand-hammerweb/kandw.php' not found or unable to stat
[Mon Feb 23 00:25:08.634199 2026] [php:error] [pid 848] [client 4.194.131.131:0] script '/domains/frog.interport1/security.php' not found or unable to stat
[Mon Feb 23 00:25:08.747647 2026] [php:error] [pid 838] [client 20.212.104.201:0] script '/domains/hand-hammerweb/kduhq.php' not found or unable to stat
[Mon Feb 23 00:25:08.976092 2026] [php:error] [pid 838] [client 20.212.104.201:0] script '/domains/hand-hammerweb/rgjrq.php' not found or unable to stat
[Mon Feb 23 00:25:09.232416 2026] [php:error] [pid 838] [client 20.212.104.201:0] script '/domains/hand-hammerweb/vopxx.php' not found or unable to stat
[Mon Feb 23 00:25:09.458780 2026] [php:error] [pid 838] [client 20.212.104.201:0] script '/domains/hand-hammerweb/wcoiw.php' not found or unable to stat
[Mon Feb 23 00:25:09.687329 2026] [php:error] [pid 838] [client 20.212.104.201:0] script '/domains/hand-hammerweb/wtogs.php' not found or unable to stat
[Mon Feb 23 00:25:09.919516 2026] [php:error] [pid 838] [client 20.212.104.201:0] script '/domains/hand-hammerweb/xbbih.php' not found or unable to stat
[Mon Feb 23 00:25:09.942201 2026] [php:error] [pid 849] [client 194.26.192.238:0] script '/domains/deltaele/txets.php' not found or unable to stat
[Mon Feb 23 00:25:10.169917 2026] [php:error] [pid 838] [client 20.212.104.201:0] script '/domains/hand-hammerweb/xcakx.php' not found or unable to stat
