[Mon Feb 23 00:32:30.218889 2026] [php:error] [pid 943] [client 20.203.129.217:0] script '/domains/rfisher.dnai/wp-blogs.php' not found or unable to stat
[Mon Feb 23 00:32:30.250320 2026] [php:error] [pid 925] [client 68.221.129.30:0] script '/domains/koenig.interport/thui.php' not found or unable to stat
[Mon Feb 23 00:32:30.293403 2026] [php:error] [pid 941] [client 4.197.33.200:0] script '/domains/system_default/user.php' not found or unable to stat
[Mon Feb 23 00:32:30.314112 2026] [php:error] [pid 943] [client 20.203.129.217:0] script '/domains/rfisher.dnai/fetch.php' not found or unable to stat
[Mon Feb 23 00:32:30.333188 2026] [php:error] [pid 925] [client 68.221.129.30:0] script '/domains/koenig.interport/8.php' not found or unable to stat
[Mon Feb 23 00:32:30.411282 2026] [php:error] [pid 943] [client 20.203.129.217:0] script '/domains/rfisher.dnai/bolt.php' not found or unable to stat
[Mon Feb 23 00:32:30.416565 2026] [php:error] [pid 925] [client 68.221.129.30:0] script '/domains/koenig.interport/fresh3.php' not found or unable to stat
[Mon Feb 23 00:32:30.500833 2026] [php:error] [pid 947] [client 194.26.192.238:0] script '/domains/jrp.interport/txets.php' not found or unable to stat
[Mon Feb 23 00:32:30.500857 2026] [php:error] [pid 925] [client 68.221.129.30:0] script '/domains/koenig.interport/selesai.php' not found or unable to stat
[Mon Feb 23 00:32:30.506049 2026] [php:error] [pid 943] [client 20.203.129.217:0] script '/domains/rfisher.dnai/tfm.php' not found or unable to stat
[Mon Feb 23 00:32:30.587000 2026] [php:error] [pid 925] [client 68.221.129.30:0] script '/domains/koenig.interport/xs.php' not found or unable to stat
[Mon Feb 23 00:32:30.601330 2026] [php:error] [pid 943] [client 20.203.129.217:0] script '/domains/rfisher.dnai/ak.php' not found or unable to stat
[Mon Feb 23 00:32:30.670578 2026] [php:error] [pid 925] [client 68.221.129.30:0] script '/domains/koenig.interport/maraz.php' not found or unable to stat
[Mon Feb 23 00:32:30.696732 2026] [php:error] [pid 943] [client 20.203.129.217:0] script '/domains/rfisher.dnai/wp-style.php' not found or unable to stat
[Mon Feb 23 00:32:30.753566 2026] [php:error] [pid 925] [client 68.221.129.30:0] script '/domains/koenig.interport/ws66.php' not found or unable to stat
[Mon Feb 23 00:32:30.791697 2026] [php:error] [pid 943] [client 20.203.129.217:0] script '/domains/rfisher.dnai/0x0x.php' not found or unable to stat
[Mon Feb 23 00:32:30.836519 2026] [php:error] [pid 925] [client 68.221.129.30:0] script '/domains/koenig.interport/erty.php' not found or unable to stat
[Mon Feb 23 00:32:30.886541 2026] [php:error] [pid 943] [client 20.203.129.217:0] script '/domains/rfisher.dnai/0byte.php' not found or unable to stat
[Mon Feb 23 00:32:30.919794 2026] [php:error] [pid 925] [client 68.221.129.30:0] script '/domains/koenig.interport/24.php' not found or unable to stat
[Mon Feb 23 00:32:30.981379 2026] [php:error] [pid 943] [client 20.203.129.217:0] script '/domains/rfisher.dnai/a4.php' not found or unable to stat
[Mon Feb 23 00:32:31.003264 2026] [php:error] [pid 925] [client 68.221.129.30:0] script '/domains/koenig.interport/bzjdlofz.php' not found or unable to stat
[Mon Feb 23 00:32:31.046353 2026] [php:error] [pid 941] [client 4.197.33.200:0] script '/domains/system_default/wp.php' not found or unable to stat
[Mon Feb 23 00:32:31.076614 2026] [php:error] [pid 943] [client 20.203.129.217:0] script '/domains/rfisher.dnai/logs1.php' not found or unable to stat
[Mon Feb 23 00:32:31.086494 2026] [php:error] [pid 925] [client 68.221.129.30:0] script '/domains/koenig.interport/sbhu.php' not found or unable to stat
[Mon Feb 23 00:32:31.171826 2026] [php:error] [pid 943] [client 20.203.129.217:0] script '/domains/rfisher.dnai/35.php' not found or unable to stat
[Mon Feb 23 00:32:31.172814 2026] [php:error] [pid 925] [client 68.221.129.30:0] script '/domains/koenig.interport/wp-blogs.php' not found or unable to stat
[Mon Feb 23 00:32:31.248876 2026] [php:error] [pid 941] [client 4.197.33.200:0] script '/domains/system_default/rip.php' not found or unable to stat
[Mon Feb 23 00:32:31.255826 2026] [php:error] [pid 925] [client 68.221.129.30:0] script '/domains/koenig.interport/fetch.php' not found or unable to stat
[Mon Feb 23 00:32:31.267882 2026] [php:error] [pid 943] [client 20.203.129.217:0] script '/domains/rfisher.dnai/lanka.php' not found or unable to stat
[Mon Feb 23 00:32:31.338766 2026] [php:error] [pid 925] [client 68.221.129.30:0] script '/domains/koenig.interport/bolt.php' not found or unable to stat
[Mon Feb 23 00:32:31.363269 2026] [php:error] [pid 943] [client 20.203.129.217:0] script '/domains/rfisher.dnai/knmt.php' not found or unable to stat
[Mon Feb 23 00:32:31.421853 2026] [php:error] [pid 925] [client 68.221.129.30:0] script '/domains/koenig.interport/tfm.php' not found or unable to stat
[Mon Feb 23 00:32:31.458254 2026] [php:error] [pid 943] [client 20.203.129.217:0] script '/domains/rfisher.dnai/ioxi.php' not found or unable to stat
[Mon Feb 23 00:32:31.468599 2026] [php:error] [pid 941] [client 4.197.33.200:0] script '/domains/system_default/wp4.php' not found or unable to stat
[Mon Feb 23 00:32:31.513852 2026] [php:error] [pid 925] [client 68.221.129.30:0] script '/domains/koenig.interport/ak.php' not found or unable to stat
[Mon Feb 23 00:32:31.553220 2026] [php:error] [pid 943] [client 20.203.129.217:0] script '/domains/rfisher.dnai/lkui.php' not found or unable to stat
[Mon Feb 23 00:32:31.597412 2026] [php:error] [pid 925] [client 68.221.129.30:0] script '/domains/koenig.interport/wp-style.php' not found or unable to stat
[Mon Feb 23 00:32:31.648027 2026] [php:error] [pid 943] [client 20.203.129.217:0] script '/domains/rfisher.dnai/grsiuk.php' not found or unable to stat
[Mon Feb 23 00:32:31.671272 2026] [php:error] [pid 941] [client 4.197.33.200:0] script '/domains/system_default/403.php' not found or unable to stat
[Mon Feb 23 00:32:31.696600 2026] [php:error] [pid 925] [client 68.221.129.30:0] script '/domains/koenig.interport/0x0x.php' not found or unable to stat
[Mon Feb 23 00:32:31.779579 2026] [php:error] [pid 925] [client 68.221.129.30:0] script '/domains/koenig.interport/0byte.php' not found or unable to stat
[Mon Feb 23 00:32:31.837853 2026] [php:error] [pid 943] [client 20.203.129.217:0] script '/domains/rfisher.dnai/Geforce.php' not found or unable to stat
[Mon Feb 23 00:32:31.862627 2026] [php:error] [pid 925] [client 68.221.129.30:0] script '/domains/koenig.interport/a4.php' not found or unable to stat
[Mon Feb 23 00:32:31.932800 2026] [php:error] [pid 943] [client 20.203.129.217:0] script '/domains/rfisher.dnai/easy.php' not found or unable to stat
[Mon Feb 23 00:32:31.945479 2026] [php:error] [pid 925] [client 68.221.129.30:0] script '/domains/koenig.interport/logs1.php' not found or unable to stat
[Mon Feb 23 00:32:32.027738 2026] [php:error] [pid 943] [client 20.203.129.217:0] script '/domains/rfisher.dnai/s1.php' not found or unable to stat
[Mon Feb 23 00:32:32.028350 2026] [php:error] [pid 925] [client 68.221.129.30:0] script '/domains/koenig.interport/35.php' not found or unable to stat
[Mon Feb 23 00:32:32.111718 2026] [php:error] [pid 925] [client 68.221.129.30:0] script '/domains/koenig.interport/lanka.php' not found or unable to stat
[Mon Feb 23 00:32:32.112604 2026] [php:error] [pid 941] [client 4.197.33.200:0] script '/domains/system_default/asd67.php' not found or unable to stat
[Mon Feb 23 00:32:32.122650 2026] [php:error] [pid 943] [client 20.203.129.217:0] script '/domains/rfisher.dnai/cc13.php' not found or unable to stat
[Mon Feb 23 00:32:32.194774 2026] [php:error] [pid 925] [client 68.221.129.30:0] script '/domains/koenig.interport/knmt.php' not found or unable to stat
[Mon Feb 23 00:32:32.217671 2026] [php:error] [pid 943] [client 20.203.129.217:0] script '/domains/rfisher.dnai/06.php' not found or unable to stat
[Mon Feb 23 00:32:32.278133 2026] [php:error] [pid 925] [client 68.221.129.30:0] script '/domains/koenig.interport/ioxi.php' not found or unable to stat
[Mon Feb 23 00:32:32.312746 2026] [php:error] [pid 943] [client 20.203.129.217:0] script '/domains/rfisher.dnai/t.php' not found or unable to stat
[Mon Feb 23 00:32:32.339496 2026] [php:error] [pid 949] [client 194.26.192.238:0] script '/domains/jrp.interport/schallfuns.php' not found or unable to stat
[Mon Feb 23 00:32:32.360889 2026] [php:error] [pid 925] [client 68.221.129.30:0] script '/domains/koenig.interport/lkui.php' not found or unable to stat
[Mon Feb 23 00:32:32.407836 2026] [php:error] [pid 943] [client 20.203.129.217:0] script '/domains/rfisher.dnai/export.php' not found or unable to stat
[Mon Feb 23 00:32:32.443858 2026] [php:error] [pid 925] [client 68.221.129.30:0] script '/domains/koenig.interport/grsiuk.php' not found or unable to stat
[Mon Feb 23 00:32:32.503009 2026] [php:error] [pid 943] [client 20.203.129.217:0] script '/domains/rfisher.dnai/xxw.php' not found or unable to stat
[Mon Feb 23 00:32:32.565697 2026] [php:error] [pid 941] [client 4.197.33.200:0] script '/domains/system_default/oivcl.php' not found or unable to stat
[Mon Feb 23 00:32:32.597967 2026] [php:error] [pid 943] [client 20.203.129.217:0] script '/domains/rfisher.dnai/term.php' not found or unable to stat
[Mon Feb 23 00:32:32.619960 2026] [php:error] [pid 925] [client 68.221.129.30:0] script '/domains/koenig.interport/Geforce.php' not found or unable to stat
[Mon Feb 23 00:32:32.693479 2026] [php:error] [pid 943] [client 20.203.129.217:0] script '/domains/rfisher.dnai/num.php' not found or unable to stat
[Mon Feb 23 00:32:32.707697 2026] [php:error] [pid 925] [client 68.221.129.30:0] script '/domains/koenig.interport/easy.php' not found or unable to stat
[Mon Feb 23 00:32:32.744557 2026] [php:error] [pid 951] [client 194.26.192.238:0] script '/domains/jrp.interport/postnews.php' not found or unable to stat
[Mon Feb 23 00:32:32.768762 2026] [php:error] [pid 941] [client 4.197.33.200:0] script '/domains/system_default/about.php' not found or unable to stat
[Mon Feb 23 00:32:32.788863 2026] [php:error] [pid 943] [client 20.203.129.217:0] script '/domains/rfisher.dnai/file.php' not found or unable to stat
[Mon Feb 23 00:32:32.790869 2026] [php:error] [pid 925] [client 68.221.129.30:0] script '/domains/koenig.interport/s1.php' not found or unable to stat
[Mon Feb 23 00:32:32.873946 2026] [php:error] [pid 925] [client 68.221.129.30:0] script '/domains/koenig.interport/cc13.php' not found or unable to stat
[Mon Feb 23 00:32:32.884398 2026] [php:error] [pid 943] [client 20.203.129.217:0] script '/domains/rfisher.dnai/403.php' not found or unable to stat
[Mon Feb 23 00:32:32.965882 2026] [php:error] [pid 925] [client 68.221.129.30:0] script '/domains/koenig.interport/06.php' not found or unable to stat
[Mon Feb 23 00:32:32.979807 2026] [php:error] [pid 943] [client 20.203.129.217:0] script '/domains/rfisher.dnai/ccu.php' not found or unable to stat
[Mon Feb 23 00:32:33.048889 2026] [php:error] [pid 925] [client 68.221.129.30:0] script '/domains/koenig.interport/t.php' not found or unable to stat
[Mon Feb 23 00:32:33.075213 2026] [php:error] [pid 943] [client 20.203.129.217:0] script '/domains/rfisher.dnai/155.php' not found or unable to stat
[Mon Feb 23 00:32:33.131919 2026] [php:error] [pid 925] [client 68.221.129.30:0] script '/domains/koenig.interport/export.php' not found or unable to stat
[Mon Feb 23 00:32:33.163167 2026] [php:error] [pid 953] [client 20.214.158.14:0] script '/domains/jeffbell/19.php' not found or unable to stat
[Mon Feb 23 00:32:33.170176 2026] [php:error] [pid 943] [client 20.203.129.217:0] script '/domains/rfisher.dnai/xsox.php' not found or unable to stat
[Mon Feb 23 00:32:33.215428 2026] [php:error] [pid 925] [client 68.221.129.30:0] script '/domains/koenig.interport/xxw.php' not found or unable to stat
[Mon Feb 23 00:32:33.294696 2026] [php:error] [pid 943] [client 20.203.129.217:0] script '/domains/rfisher.dnai/wen.php' not found or unable to stat
[Mon Feb 23 00:32:33.298466 2026] [php:error] [pid 925] [client 68.221.129.30:0] script '/domains/koenig.interport/term.php' not found or unable to stat
[Mon Feb 23 00:32:33.355897 2026] [php:error] [pid 953] [client 20.214.158.14:0] script '/domains/jeffbell/f.php' not found or unable to stat
[Mon Feb 23 00:32:33.390089 2026] [php:error] [pid 943] [client 20.203.129.217:0] script '/domains/rfisher.dnai/bgymj.php' not found or unable to stat
[Mon Feb 23 00:32:33.396408 2026] [php:error] [pid 925] [client 68.221.129.30:0] script '/domains/koenig.interport/num.php' not found or unable to stat
[Mon Feb 23 00:32:33.433085 2026] [php:error] [pid 941] [client 4.197.33.200:0] script '/domains/system_default/v2.php' not found or unable to stat
[Mon Feb 23 00:32:33.479333 2026] [php:error] [pid 925] [client 68.221.129.30:0] script '/domains/koenig.interport/file.php' not found or unable to stat
[Mon Feb 23 00:32:33.484963 2026] [php:error] [pid 943] [client 20.203.129.217:0] script '/domains/rfisher.dnai/gk.php' not found or unable to stat
[Mon Feb 23 00:32:33.535380 2026] [php:error] [pid 953] [client 20.214.158.14:0] script '/domains/jeffbell/p.php' not found or unable to stat
[Mon Feb 23 00:32:33.564192 2026] [php:error] [pid 925] [client 68.221.129.30:0] script '/domains/koenig.interport/403.php' not found or unable to stat
[Mon Feb 23 00:32:33.580349 2026] [php:error] [pid 943] [client 20.203.129.217:0] script '/domains/rfisher.dnai/zoo.php' not found or unable to stat
[Mon Feb 23 00:32:33.650027 2026] [php:error] [pid 925] [client 68.221.129.30:0] script '/domains/koenig.interport/ccu.php' not found or unable to stat
[Mon Feb 23 00:32:33.675911 2026] [php:error] [pid 943] [client 20.203.129.217:0] script '/domains/rfisher.dnai/zxekqlxb.php' not found or unable to stat
[Mon Feb 23 00:32:33.714725 2026] [php:error] [pid 953] [client 20.214.158.14:0] script '/domains/jeffbell/d.php' not found or unable to stat
[Mon Feb 23 00:32:33.760744 2026] [php:error] [pid 925] [client 68.221.129.30:0] script '/domains/koenig.interport/155.php' not found or unable to stat
[Mon Feb 23 00:32:33.771046 2026] [php:error] [pid 943] [client 20.203.129.217:0] script '/domains/rfisher.dnai/wp-scr1pts.php' not found or unable to stat
[Mon Feb 23 00:32:33.843827 2026] [php:error] [pid 925] [client 68.221.129.30:0] script '/domains/koenig.interport/xsox.php' not found or unable to stat
[Mon Feb 23 00:32:33.866409 2026] [php:error] [pid 943] [client 20.203.129.217:0] script '/domains/rfisher.dnai/shlo.php' not found or unable to stat
[Mon Feb 23 00:32:33.896231 2026] [php:error] [pid 953] [client 20.214.158.14:0] script '/domains/jeffbell/9.php' not found or unable to stat
[Mon Feb 23 00:32:33.927143 2026] [php:error] [pid 925] [client 68.221.129.30:0] script '/domains/koenig.interport/wen.php' not found or unable to stat
[Mon Feb 23 00:32:33.961564 2026] [php:error] [pid 943] [client 20.203.129.217:0] script '/domains/rfisher.dnai/166.php' not found or unable to stat
[Mon Feb 23 00:32:34.010217 2026] [php:error] [pid 925] [client 68.221.129.30:0] script '/domains/koenig.interport/bgymj.php' not found or unable to stat
[Mon Feb 23 00:32:34.056534 2026] [php:error] [pid 943] [client 20.203.129.217:0] script '/domains/rfisher.dnai/gdn.php' not found or unable to stat
[Mon Feb 23 00:32:34.081995 2026] [php:error] [pid 953] [client 20.214.158.14:0] script '/domains/jeffbell/222.php' not found or unable to stat
[Mon Feb 23 00:32:34.092997 2026] [php:error] [pid 925] [client 68.221.129.30:0] script '/domains/koenig.interport/gk.php' not found or unable to stat
[Mon Feb 23 00:32:34.151423 2026] [php:error] [pid 943] [client 20.203.129.217:0] script '/domains/rfisher.dnai/6bcwiqwj.php' not found or unable to stat
[Mon Feb 23 00:32:34.175870 2026] [php:error] [pid 925] [client 68.221.129.30:0] script '/domains/koenig.interport/zoo.php' not found or unable to stat
[Mon Feb 23 00:32:34.246713 2026] [php:error] [pid 943] [client 20.203.129.217:0] script '/domains/rfisher.dnai/mar.php' not found or unable to stat
[Mon Feb 23 00:32:34.258908 2026] [php:error] [pid 925] [client 68.221.129.30:0] script '/domains/koenig.interport/zxekqlxb.php' not found or unable to stat
[Mon Feb 23 00:32:34.280129 2026] [php:error] [pid 948] [client 51.107.69.151:0] script '/domains/system_default/webdb.php' not found or unable to stat
[Mon Feb 23 00:32:34.341860 2026] [php:error] [pid 925] [client 68.221.129.30:0] script '/domains/koenig.interport/wp-scr1pts.php' not found or unable to stat
[Mon Feb 23 00:32:34.341932 2026] [php:error] [pid 943] [client 20.203.129.217:0] script '/domains/rfisher.dnai/ws69.php' not found or unable to stat
[Mon Feb 23 00:32:34.383313 2026] [php:error] [pid 953] [client 20.214.158.14:0] script '/domains/jeffbell/file2.php' not found or unable to stat
[Mon Feb 23 00:32:34.424914 2026] [php:error] [pid 925] [client 68.221.129.30:0] script '/domains/koenig.interport/shlo.php' not found or unable to stat
[Mon Feb 23 00:32:34.437105 2026] [php:error] [pid 943] [client 20.203.129.217:0] script '/domains/rfisher.dnai/amp.php' not found or unable to stat
[Mon Feb 23 00:32:34.498224 2026] [php:error] [pid 941] [client 4.197.33.200:0] script '/domains/system_default/dr.php' not found or unable to stat
[Mon Feb 23 00:32:34.507930 2026] [php:error] [pid 925] [client 68.221.129.30:0] script '/domains/koenig.interport/166.php' not found or unable to stat
[Mon Feb 23 00:32:34.531854 2026] [php:error] [pid 943] [client 20.203.129.217:0] script '/domains/rfisher.dnai/gettest.php' not found or unable to stat
[Mon Feb 23 00:32:34.583521 2026] [php:error] [pid 953] [client 20.214.158.14:0] script '/domains/jeffbell/x.php' not found or unable to stat
[Mon Feb 23 00:32:34.595339 2026] [php:error] [pid 925] [client 68.221.129.30:0] script '/domains/koenig.interport/gdn.php' not found or unable to stat
[Mon Feb 23 00:32:34.626617 2026] [php:error] [pid 943] [client 20.203.129.217:0] script '/domains/rfisher.dnai/Jcrop.php' not found or unable to stat
[Mon Feb 23 00:32:34.678354 2026] [php:error] [pid 925] [client 68.221.129.30:0] script '/domains/koenig.interport/6bcwiqwj.php' not found or unable to stat
[Mon Feb 23 00:32:34.700306 2026] [php:error] [pid 941] [client 4.197.33.200:0] script '/domains/system_default/raw.php' not found or unable to stat
[Mon Feb 23 00:32:34.721502 2026] [php:error] [pid 943] [client 20.203.129.217:0] script '/domains/rfisher.dnai/wp-act.php' not found or unable to stat
[Mon Feb 23 00:32:34.764998 2026] [php:error] [pid 953] [client 20.214.158.14:0] script '/domains/jeffbell/i.php' not found or unable to stat
[Mon Feb 23 00:32:34.769786 2026] [php:error] [pid 925] [client 68.221.129.30:0] script '/domains/koenig.interport/mar.php' not found or unable to stat
[Mon Feb 23 00:32:34.816852 2026] [php:error] [pid 943] [client 20.203.129.217:0] script '/domains/rfisher.dnai/wp-link10.php' not found or unable to stat
[Mon Feb 23 00:32:34.858655 2026] [php:error] [pid 925] [client 68.221.129.30:0] script '/domains/koenig.interport/ws69.php' not found or unable to stat
[Mon Feb 23 00:32:34.911832 2026] [php:error] [pid 943] [client 20.203.129.217:0] script '/domains/rfisher.dnai/ff1.php' not found or unable to stat
[Mon Feb 23 00:32:34.942433 2026] [php:error] [pid 925] [client 68.221.129.30:0] script '/domains/koenig.interport/amp.php' not found or unable to stat
[Mon Feb 23 00:32:35.007830 2026] [php:error] [pid 943] [client 20.203.129.217:0] script '/domains/rfisher.dnai/lib.php' not found or unable to stat
[Mon Feb 23 00:32:35.032014 2026] [php:error] [pid 925] [client 68.221.129.30:0] script '/domains/koenig.interport/gettest.php' not found or unable to stat
[Mon Feb 23 00:32:35.102854 2026] [php:error] [pid 943] [client 20.203.129.217:0] script '/domains/rfisher.dnai/Ov-Simple1.php' not found or unable to stat
[Mon Feb 23 00:32:35.123065 2026] [php:error] [pid 925] [client 68.221.129.30:0] script '/domains/koenig.interport/Jcrop.php' not found or unable to stat
[Mon Feb 23 00:32:35.170140 2026] [php:error] [pid 948] [client 51.107.69.151:0] script '/domains/system_default/file.php' not found or unable to stat
[Mon Feb 23 00:32:35.198102 2026] [php:error] [pid 943] [client 20.203.129.217:0] script '/domains/rfisher.dnai/ccs.php' not found or unable to stat
[Mon Feb 23 00:32:35.206190 2026] [php:error] [pid 925] [client 68.221.129.30:0] script '/domains/koenig.interport/wp-act.php' not found or unable to stat
[Mon Feb 23 00:32:35.228924 2026] [php:error] [pid 953] [client 20.214.158.14:0] script '/domains/jeffbell/y.php' not found or unable to stat
[Mon Feb 23 00:32:35.273551 2026] [php:error] [pid 948] [client 51.107.69.151:0] script '/domains/system_default/166.php' not found or unable to stat
[Mon Feb 23 00:32:35.289066 2026] [php:error] [pid 925] [client 68.221.129.30:0] script '/domains/koenig.interport/wp-link10.php' not found or unable to stat
[Mon Feb 23 00:32:35.293186 2026] [php:error] [pid 943] [client 20.203.129.217:0] script '/domains/rfisher.dnai/mini.php' not found or unable to stat
[Mon Feb 23 00:32:35.358907 2026] [php:error] [pid 941] [client 4.197.33.200:0] script '/domains/system_default/ioxi-o2.php' not found or unable to stat
[Mon Feb 23 00:32:35.372127 2026] [php:error] [pid 925] [client 68.221.129.30:0] script '/domains/koenig.interport/ff1.php' not found or unable to stat
[Mon Feb 23 00:32:35.388083 2026] [php:error] [pid 943] [client 20.203.129.217:0] script '/domains/rfisher.dnai/xr.php' not found or unable to stat
[Mon Feb 23 00:32:35.393301 2026] [php:error] [pid 948] [client 51.107.69.151:0] script '/domains/system_default/classwithtostring.php' not found or unable to stat
[Mon Feb 23 00:32:35.408433 2026] [php:error] [pid 953] [client 20.214.158.14:0] script '/domains/jeffbell/0.php' not found or unable to stat
[Mon Feb 23 00:32:35.455104 2026] [php:error] [pid 925] [client 68.221.129.30:0] script '/domains/koenig.interport/lib.php' not found or unable to stat
[Mon Feb 23 00:32:35.483365 2026] [php:error] [pid 943] [client 20.203.129.217:0] script '/domains/rfisher.dnai/baixy.php' not found or unable to stat
[Mon Feb 23 00:32:35.503599 2026] [php:error] [pid 948] [client 51.107.69.151:0] script '/domains/system_default/by.php' not found or unable to stat
[Mon Feb 23 00:32:35.538120 2026] [php:error] [pid 925] [client 68.221.129.30:0] script '/domains/koenig.interport/Ov-Simple1.php' not found or unable to stat
[Mon Feb 23 00:32:35.578506 2026] [php:error] [pid 943] [client 20.203.129.217:0] script '/domains/rfisher.dnai/rtx.php' not found or unable to stat
[Mon Feb 23 00:32:35.587907 2026] [php:error] [pid 953] [client 20.214.158.14:0] script '/domains/jeffbell/pp.php' not found or unable to stat
[Mon Feb 23 00:32:35.613846 2026] [php:error] [pid 941] [client 4.197.33.200:0] script '/domains/system_default/dropdown.php' not found or unable to stat
[Mon Feb 23 00:32:35.621183 2026] [php:error] [pid 925] [client 68.221.129.30:0] script '/domains/koenig.interport/ccs.php' not found or unable to stat
[Mon Feb 23 00:32:35.673793 2026] [php:error] [pid 943] [client 20.203.129.217:0] script '/domains/rfisher.dnai/666.php' not found or unable to stat
[Mon Feb 23 00:32:35.704351 2026] [php:error] [pid 925] [client 68.221.129.30:0] script '/domains/koenig.interport/mini.php' not found or unable to stat
[Mon Feb 23 00:32:35.708955 2026] [php:error] [pid 948] [client 51.107.69.151:0] script '/domains/system_default/simple.php' not found or unable to stat
[Mon Feb 23 00:32:35.768872 2026] [php:error] [pid 943] [client 20.203.129.217:0] script '/domains/rfisher.dnai/h2a2ck.php' not found or unable to stat
[Mon Feb 23 00:32:35.787322 2026] [php:error] [pid 953] [client 20.214.158.14:0] script '/domains/jeffbell/oo.php' not found or unable to stat
[Mon Feb 23 00:32:35.788574 2026] [php:error] [pid 925] [client 68.221.129.30:0] script '/domains/koenig.interport/xr.php' not found or unable to stat
[Mon Feb 23 00:32:35.819713 2026] [php:error] [pid 941] [client 4.197.33.200:0] script '/domains/system_default/dlu.php' not found or unable to stat
[Mon Feb 23 00:32:35.863821 2026] [php:error] [pid 943] [client 20.203.129.217:0] script '/domains/rfisher.dnai/cytyr.php' not found or unable to stat
[Mon Feb 23 00:32:35.872674 2026] [php:error] [pid 925] [client 68.221.129.30:0] script '/domains/koenig.interport/baixy.php' not found or unable to stat
[Mon Feb 23 00:32:35.955709 2026] [php:error] [pid 925] [client 68.221.129.30:0] script '/domains/koenig.interport/rtx.php' not found or unable to stat
[Mon Feb 23 00:32:35.958525 2026] [php:error] [pid 943] [client 20.203.129.217:0] script '/domains/rfisher.dnai/h02ugyh.php' not found or unable to stat
[Mon Feb 23 00:32:35.967476 2026] [php:error] [pid 953] [client 20.214.158.14:0] script '/domains/jeffbell/ee.php' not found or unable to stat
[Mon Feb 23 00:32:36.020899 2026] [php:error] [pid 948] [client 51.107.69.151:0] script '/domains/system_default/confq.php' not found or unable to stat
[Mon Feb 23 00:32:36.044662 2026] [php:error] [pid 925] [client 68.221.129.30:0] script '/domains/koenig.interport/666.php' not found or unable to stat
[Mon Feb 23 00:32:36.053494 2026] [php:error] [pid 943] [client 20.203.129.217:0] script '/domains/rfisher.dnai/66.php' not found or unable to stat
[Mon Feb 23 00:32:36.129951 2026] [php:error] [pid 925] [client 68.221.129.30:0] script '/domains/koenig.interport/h2a2ck.php' not found or unable to stat
[Mon Feb 23 00:32:36.148306 2026] [php:error] [pid 943] [client 20.203.129.217:0] script '/domains/rfisher.dnai/init.php' not found or unable to stat
[Mon Feb 23 00:32:36.153905 2026] [php:error] [pid 953] [client 20.214.158.14:0] script '/domains/jeffbell/403.php' not found or unable to stat
[Mon Feb 23 00:32:36.212752 2026] [php:error] [pid 925] [client 68.221.129.30:0] script '/domains/koenig.interport/cytyr.php' not found or unable to stat
[Mon Feb 23 00:32:36.223182 2026] [php:error] [pid 948] [client 51.107.69.151:0] script '/domains/system_default/404.php' not found or unable to stat
[Mon Feb 23 00:32:36.239096 2026] [php:error] [pid 941] [client 4.197.33.200:0] script '/domains/system_default/db.php' not found or unable to stat
[Mon Feb 23 00:32:36.243091 2026] [php:error] [pid 943] [client 20.203.129.217:0] script '/domains/rfisher.dnai/ava.php' not found or unable to stat
[Mon Feb 23 00:32:36.295608 2026] [php:error] [pid 925] [client 68.221.129.30:0] script '/domains/koenig.interport/h02ugyh.php' not found or unable to stat
[Mon Feb 23 00:32:36.330673 2026] [php:error] [pid 948] [client 51.107.69.151:0] script '/domains/system_default/35.php' not found or unable to stat
[Mon Feb 23 00:32:36.339269 2026] [php:error] [pid 953] [client 20.214.158.14:0] script '/domains/jeffbell/404.php' not found or unable to stat
[Mon Feb 23 00:32:36.347312 2026] [php:error] [pid 943] [client 20.203.129.217:0] script '/domains/rfisher.dnai/balin.php' not found or unable to stat
[Mon Feb 23 00:32:36.378447 2026] [php:error] [pid 925] [client 68.221.129.30:0] script '/domains/koenig.interport/66.php' not found or unable to stat
[Mon Feb 23 00:32:36.442250 2026] [php:error] [pid 941] [client 4.197.33.200:0] script '/domains/system_default/packed.php' not found or unable to stat
[Mon Feb 23 00:32:36.442344 2026] [php:error] [pid 943] [client 20.203.129.217:0] script '/domains/rfisher.dnai/0x19493QU8ZQ.php' not found or unable to stat
[Mon Feb 23 00:32:36.445697 2026] [php:error] [pid 948] [client 51.107.69.151:0] script '/domains/system_default/sx.php' not found or unable to stat
[Mon Feb 23 00:32:36.461360 2026] [php:error] [pid 925] [client 68.221.129.30:0] script '/domains/koenig.interport/init.php' not found or unable to stat
[Mon Feb 23 00:32:36.526809 2026] [php:error] [pid 953] [client 20.214.158.14:0] script '/domains/jeffbell/312.php' not found or unable to stat
[Mon Feb 23 00:32:36.537536 2026] [php:error] [pid 943] [client 20.203.129.217:0] script '/domains/rfisher.dnai/13ede.php' not found or unable to stat
[Mon Feb 23 00:32:36.540893 2026] [php:error] [pid 948] [client 51.107.69.151:0] script '/domains/system_default/gettest.php' not found or unable to stat
[Mon Feb 23 00:32:36.544171 2026] [php:error] [pid 925] [client 68.221.129.30:0] script '/domains/koenig.interport/ava.php' not found or unable to stat
[Mon Feb 23 00:32:36.628646 2026] [php:error] [pid 925] [client 68.221.129.30:0] script '/domains/koenig.interport/balin.php' not found or unable to stat
[Mon Feb 23 00:32:36.634373 2026] [php:error] [pid 943] [client 20.203.129.217:0] script '/domains/rfisher.dnai/akhvg.php' not found or unable to stat
[Mon Feb 23 00:32:36.711606 2026] [php:error] [pid 925] [client 68.221.129.30:0] script '/domains/koenig.interport/0x19493QU8ZQ.php' not found or unable to stat
[Mon Feb 23 00:32:36.724549 2026] [php:error] [pid 941] [client 4.197.33.200:0] script '/domains/system_default/wp-configs.php' not found or unable to stat
[Mon Feb 23 00:32:36.729760 2026] [php:error] [pid 943] [client 20.203.129.217:0] script '/domains/rfisher.dnai/assacc.php' not found or unable to stat
[Mon Feb 23 00:32:36.746589 2026] [php:error] [pid 948] [client 51.107.69.151:0] script '/domains/system_default/reze.php' not found or unable to stat
[Mon Feb 23 00:32:36.796817 2026] [php:error] [pid 925] [client 68.221.129.30:0] script '/domains/koenig.interport/13ede.php' not found or unable to stat
[Mon Feb 23 00:32:36.824964 2026] [php:error] [pid 943] [client 20.203.129.217:0] script '/domains/rfisher.dnai/t00l.php' not found or unable to stat
[Mon Feb 23 00:32:36.856164 2026] [php:error] [pid 948] [client 51.107.69.151:0] script '/domains/system_default/ioxi.php' not found or unable to stat
[Mon Feb 23 00:32:36.919907 2026] [php:error] [pid 943] [client 20.203.129.217:0] script '/domains/rfisher.dnai/xy.php' not found or unable to stat
[Mon Feb 23 00:32:36.928180 2026] [php:error] [pid 941] [client 4.197.33.200:0] script '/domains/system_default/404.php' not found or unable to stat
[Mon Feb 23 00:32:36.936218 2026] [php:error] [pid 925] [client 68.221.129.30:0] script '/domains/koenig.interport/akhvg.php' not found or unable to stat
[Mon Feb 23 00:32:36.949754 2026] [php:error] [pid 948] [client 51.107.69.151:0] script '/domains/system_default/g.php' not found or unable to stat
[Mon Feb 23 00:32:37.014914 2026] [php:error] [pid 943] [client 20.203.129.217:0] script '/domains/rfisher.dnai/atomlib.php' not found or unable to stat
[Mon Feb 23 00:32:37.019432 2026] [php:error] [pid 925] [client 68.221.129.30:0] script '/domains/koenig.interport/assacc.php' not found or unable to stat
[Mon Feb 23 00:32:37.055930 2026] [php:error] [pid 948] [client 51.107.69.151:0] script '/domains/system_default/az.php' not found or unable to stat
[Mon Feb 23 00:32:37.102437 2026] [php:error] [pid 925] [client 68.221.129.30:0] script '/domains/koenig.interport/t00l.php' not found or unable to stat
[Mon Feb 23 00:32:37.110503 2026] [php:error] [pid 943] [client 20.203.129.217:0] script '/domains/rfisher.dnai/fetch.php' not found or unable to stat
[Mon Feb 23 00:32:37.130198 2026] [php:error] [pid 941] [client 4.197.33.200:0] script '/domains/system_default/des.php' not found or unable to stat
[Mon Feb 23 00:32:37.185644 2026] [php:error] [pid 925] [client 68.221.129.30:0] script '/domains/koenig.interport/xy.php' not found or unable to stat
[Mon Feb 23 00:32:37.205454 2026] [php:error] [pid 943] [client 20.203.129.217:0] script '/domains/rfisher.dnai/jnhddqyz.php' not found or unable to stat
[Mon Feb 23 00:32:37.242718 2026] [php:error] [pid 948] [client 51.107.69.151:0] script '/domains/system_default/app.php' not found or unable to stat
[Mon Feb 23 00:32:37.268471 2026] [php:error] [pid 925] [client 68.221.129.30:0] script '/domains/koenig.interport/atomlib.php' not found or unable to stat
[Mon Feb 23 00:32:37.300547 2026] [php:error] [pid 943] [client 20.203.129.217:0] script '/domains/rfisher.dnai/cgi-bin_bkp.php' not found or unable to stat
[Mon Feb 23 00:32:37.336429 2026] [php:error] [pid 948] [client 51.107.69.151:0] script '/domains/system_default/aboutc.php' not found or unable to stat
[Mon Feb 23 00:32:37.351343 2026] [php:error] [pid 925] [client 68.221.129.30:0] script '/domains/koenig.interport/fetch.php' not found or unable to stat
[Mon Feb 23 00:32:37.434518 2026] [php:error] [pid 925] [client 68.221.129.30:0] script '/domains/koenig.interport/jnhddqyz.php' not found or unable to stat
[Mon Feb 23 00:32:37.443983 2026] [php:error] [pid 948] [client 51.107.69.151:0] script '/domains/system_default/elp.php' not found or unable to stat
[Mon Feb 23 00:32:37.520355 2026] [php:error] [pid 925] [client 68.221.129.30:0] script '/domains/koenig.interport/cgi-bin_bkp.php' not found or unable to stat
[Mon Feb 23 00:32:37.604408 2026] [php:error] [pid 941] [client 4.197.33.200:0] script '/domains/system_default/lufix.php' not found or unable to stat
[Mon Feb 23 00:32:42.988922 2026] [php:error] [pid 946] [client 194.26.192.238:0] script '/domains/system_suspended/txets.php' not found or unable to stat
[Mon Feb 23 00:32:45.294888 2026] [php:error] [pid 948] [client 194.26.192.238:0] script '/domains/system_suspended/schallfuns.php' not found or unable to stat
[Mon Feb 23 00:32:45.633758 2026] [php:error] [pid 925] [client 194.26.192.238:0] script '/domains/system_suspended/postnews.php' not found or unable to stat
[Mon Feb 23 00:33:30.466691 2026] [php:error] [pid 951] [client 104.46.216.98:0] script '/domains/msintl/meew.php' not found or unable to stat
[Mon Feb 23 00:33:30.578388 2026] [php:error] [pid 944] [client 74.248.96.218:0] script '/domains/system_suspended/webdb.php' not found or unable to stat
[Mon Feb 23 00:33:30.628351 2026] [php:error] [pid 951] [client 104.46.216.98:0] script '/domains/msintl/add.php' not found or unable to stat
[Mon Feb 23 00:33:30.679323 2026] [php:error] [pid 944] [client 74.248.96.218:0] script '/domains/system_suspended/file.php' not found or unable to stat
[Mon Feb 23 00:33:30.785162 2026] [php:error] [pid 944] [client 74.248.96.218:0] script '/domains/system_suspended/166.php' not found or unable to stat
[Mon Feb 23 00:33:30.789667 2026] [php:error] [pid 951] [client 104.46.216.98:0] script '/domains/msintl/8.php' not found or unable to stat
[Mon Feb 23 00:33:30.897659 2026] [php:error] [pid 944] [client 74.248.96.218:0] script '/domains/system_suspended/classwithtostring.php' not found or unable to stat
[Mon Feb 23 00:33:30.950493 2026] [php:error] [pid 951] [client 104.46.216.98:0] script '/domains/msintl/ty.php' not found or unable to stat
[Mon Feb 23 00:33:31.000375 2026] [php:error] [pid 944] [client 74.248.96.218:0] script '/domains/system_suspended/by.php' not found or unable to stat
[Mon Feb 23 00:33:31.122524 2026] [php:error] [pid 951] [client 104.46.216.98:0] script '/domains/msintl/sys.php' not found or unable to stat
[Mon Feb 23 00:33:31.213355 2026] [php:error] [pid 944] [client 74.248.96.218:0] script '/domains/system_suspended/simple.php' not found or unable to stat
[Mon Feb 23 00:33:31.283482 2026] [php:error] [pid 951] [client 104.46.216.98:0] script '/domains/msintl/mass.php' not found or unable to stat
[Mon Feb 23 00:33:31.444726 2026] [php:error] [pid 951] [client 104.46.216.98:0] script '/domains/msintl/alfa.php' not found or unable to stat
[Mon Feb 23 00:33:31.606315 2026] [php:error] [pid 951] [client 104.46.216.98:0] script '/domains/msintl/71.php' not found or unable to stat
[Mon Feb 23 00:33:31.622627 2026] [php:error] [pid 944] [client 74.248.96.218:0] script '/domains/system_suspended/confq.php' not found or unable to stat
[Mon Feb 23 00:33:31.767204 2026] [php:error] [pid 951] [client 104.46.216.98:0] script '/domains/msintl/admin-footer.php' not found or unable to stat
[Mon Feb 23 00:33:31.824442 2026] [php:error] [pid 944] [client 74.248.96.218:0] script '/domains/system_suspended/404.php' not found or unable to stat
[Mon Feb 23 00:33:31.928367 2026] [php:error] [pid 951] [client 104.46.216.98:0] script '/domains/msintl/webdb.php' not found or unable to stat
[Mon Feb 23 00:33:32.013608 2026] [php:error] [pid 944] [client 74.248.96.218:0] script '/domains/system_suspended/35.php' not found or unable to stat
[Mon Feb 23 00:33:32.111481 2026] [php:error] [pid 951] [client 104.46.216.98:0] script '/domains/msintl/plugin.php' not found or unable to stat
[Mon Feb 23 00:33:32.114582 2026] [php:error] [pid 944] [client 74.248.96.218:0] script '/domains/system_suspended/sx.php' not found or unable to stat
[Mon Feb 23 00:33:32.215981 2026] [php:error] [pid 944] [client 74.248.96.218:0] script '/domains/system_suspended/gettest.php' not found or unable to stat
[Mon Feb 23 00:33:32.305480 2026] [php:error] [pid 951] [client 104.46.216.98:0] script '/domains/msintl/lib.php' not found or unable to stat
[Mon Feb 23 00:33:32.417986 2026] [php:error] [pid 944] [client 74.248.96.218:0] script '/domains/system_suspended/reze.php' not found or unable to stat
[Mon Feb 23 00:33:32.466365 2026] [php:error] [pid 951] [client 104.46.216.98:0] script '/domains/msintl/makeasmtp.php' not found or unable to stat
[Mon Feb 23 00:33:32.519030 2026] [php:error] [pid 944] [client 74.248.96.218:0] script '/domains/system_suspended/ioxi.php' not found or unable to stat
[Mon Feb 23 00:33:32.620111 2026] [php:error] [pid 944] [client 74.248.96.218:0] script '/domains/system_suspended/g.php' not found or unable to stat
[Mon Feb 23 00:33:32.627327 2026] [php:error] [pid 951] [client 104.46.216.98:0] script '/domains/msintl/zeal.php' not found or unable to stat
[Mon Feb 23 00:33:32.770216 2026] [php:error] [pid 944] [client 74.248.96.218:0] script '/domains/system_suspended/az.php' not found or unable to stat
[Mon Feb 23 00:33:32.789760 2026] [php:error] [pid 951] [client 104.46.216.98:0] script '/domains/msintl/sc.php' not found or unable to stat
[Mon Feb 23 00:33:33.084053 2026] [php:error] [pid 944] [client 74.248.96.218:0] script '/domains/system_suspended/app.php' not found or unable to stat
[Mon Feb 23 00:33:33.112082 2026] [php:error] [pid 951] [client 104.46.216.98:0] script '/domains/msintl/txets.php' not found or unable to stat
[Mon Feb 23 00:33:33.201970 2026] [php:error] [pid 944] [client 74.248.96.218:0] script '/domains/system_suspended/aboutc.php' not found or unable to stat
[Mon Feb 23 00:33:33.272984 2026] [php:error] [pid 951] [client 104.46.216.98:0] script '/domains/msintl/options-head.php' not found or unable to stat
[Mon Feb 23 00:33:33.303071 2026] [php:error] [pid 944] [client 74.248.96.218:0] script '/domains/system_suspended/elp.php' not found or unable to stat
[Mon Feb 23 00:33:33.689187 2026] [php:error] [pid 951] [client 104.46.216.98:0] script '/domains/msintl/cmdo.php' not found or unable to stat
[Mon Feb 23 00:33:33.850018 2026] [php:error] [pid 951] [client 104.46.216.98:0] script '/domains/msintl/p.php' not found or unable to stat
[Mon Feb 23 00:33:34.011080 2026] [php:error] [pid 951] [client 104.46.216.98:0] script '/domains/msintl/Capte.php' not found or unable to stat
[Mon Feb 23 00:33:34.254961 2026] [php:error] [pid 951] [client 104.46.216.98:0] script '/domains/msintl/ccou.php' not found or unable to stat
[Mon Feb 23 00:33:34.428293 2026] [php:error] [pid 951] [client 104.46.216.98:0] script '/domains/msintl/503.php' not found or unable to stat
[Mon Feb 23 00:33:34.637369 2026] [php:error] [pid 951] [client 104.46.216.98:0] script '/domains/msintl/ws66.php' not found or unable to stat
[Mon Feb 23 00:33:34.798813 2026] [php:error] [pid 951] [client 104.46.216.98:0] script '/domains/msintl/xa.php' not found or unable to stat
[Mon Feb 23 00:33:34.959676 2026] [php:error] [pid 951] [client 104.46.216.98:0] script '/domains/msintl/666.php' not found or unable to stat
[Mon Feb 23 00:33:35.148263 2026] [php:error] [pid 951] [client 104.46.216.98:0] script '/domains/msintl/error.php' not found or unable to stat
[Mon Feb 23 00:33:35.540133 2026] [php:error] [pid 951] [client 104.46.216.98:0] script '/domains/msintl/222.php' not found or unable to stat
[Mon Feb 23 00:33:35.717905 2026] [php:error] [pid 951] [client 104.46.216.98:0] script '/domains/msintl/wen.php' not found or unable to stat
[Mon Feb 23 00:33:35.878910 2026] [php:error] [pid 951] [client 104.46.216.98:0] script '/domains/msintl/environment.php' not found or unable to stat
[Mon Feb 23 00:33:36.040113 2026] [php:error] [pid 951] [client 104.46.216.98:0] script '/domains/msintl/styles.php' not found or unable to stat
[Mon Feb 23 00:33:36.201507 2026] [php:error] [pid 951] [client 104.46.216.98:0] script '/domains/msintl/wp-4doption1.php' not found or unable to stat
[Mon Feb 23 00:33:36.543780 2026] [php:error] [pid 951] [client 104.46.216.98:0] script '/domains/msintl/1.php' not found or unable to stat
[Mon Feb 23 00:33:36.877100 2026] [php:error] [pid 951] [client 104.46.216.98:0] script '/domains/msintl/atomlib.php' not found or unable to stat
[Mon Feb 23 00:33:37.059003 2026] [php:error] [pid 951] [client 104.46.216.98:0] script '/domains/msintl/asasx.php' not found or unable to stat
[Mon Feb 23 00:33:37.249151 2026] [php:error] [pid 951] [client 104.46.216.98:0] script '/domains/msintl/ioxi-o.php' not found or unable to stat
[Mon Feb 23 00:33:37.410591 2026] [php:error] [pid 951] [client 104.46.216.98:0] script '/domains/msintl/z60.php' not found or unable to stat
[Mon Feb 23 00:33:37.572384 2026] [php:error] [pid 951] [client 104.46.216.98:0] script '/domains/msintl/dropdown.php' not found or unable to stat
[Mon Feb 23 00:33:37.911277 2026] [php:error] [pid 951] [client 104.46.216.98:0] script '/domains/msintl/wp-tot.php' not found or unable to stat
[Mon Feb 23 00:33:38.405588 2026] [php:error] [pid 951] [client 104.46.216.98:0] script '/domains/msintl/class.php' not found or unable to stat
[Mon Feb 23 00:33:38.566673 2026] [php:error] [pid 951] [client 104.46.216.98:0] script '/domains/msintl/404.php' not found or unable to stat
[Mon Feb 23 00:33:38.728461 2026] [php:error] [pid 951] [client 104.46.216.98:0] script '/domains/msintl/mode.php' not found or unable to stat
[Mon Feb 23 00:33:38.889895 2026] [php:error] [pid 951] [client 104.46.216.98:0] script '/domains/msintl/aboutc.php' not found or unable to stat
[Mon Feb 23 00:33:39.051195 2026] [php:error] [pid 951] [client 104.46.216.98:0] script '/domains/msintl/sx.php' not found or unable to stat
[Mon Feb 23 00:33:39.213405 2026] [php:error] [pid 951] [client 104.46.216.98:0] script '/domains/msintl/themes.php' not found or unable to stat
[Mon Feb 23 00:33:39.413974 2026] [php:error] [pid 951] [client 104.46.216.98:0] script '/domains/msintl/yawa.php' not found or unable to stat
[Mon Feb 23 00:33:39.575129 2026] [php:error] [pid 951] [client 104.46.216.98:0] script '/domains/msintl/m.php' not found or unable to stat
[Mon Feb 23 00:33:39.897911 2026] [php:error] [pid 951] [client 104.46.216.98:0] script '/domains/msintl/item.php' not found or unable to stat
[Mon Feb 23 00:33:40.141151 2026] [php:error] [pid 951] [client 104.46.216.98:0] script '/domains/msintl/403.php' not found or unable to stat
[Mon Feb 23 00:33:40.302660 2026] [php:error] [pid 951] [client 104.46.216.98:0] script '/domains/msintl/gg.php' not found or unable to stat
[Mon Feb 23 00:33:40.463997 2026] [php:error] [pid 951] [client 104.46.216.98:0] script '/domains/msintl/akcc.php' not found or unable to stat
[Mon Feb 23 00:33:40.630562 2026] [php:error] [pid 951] [client 104.46.216.98:0] script '/domains/msintl/radio.php' not found or unable to stat
[Mon Feb 23 00:33:40.791667 2026] [php:error] [pid 951] [client 104.46.216.98:0] script '/domains/msintl/xa.php' not found or unable to stat
[Mon Feb 23 00:33:40.965194 2026] [php:error] [pid 951] [client 104.46.216.98:0] script '/domains/msintl/backup.php' not found or unable to stat
[Mon Feb 23 00:33:41.160606 2026] [php:error] [pid 951] [client 104.46.216.98:0] script '/domains/msintl/galex.php' not found or unable to stat
[Mon Feb 23 00:33:41.489907 2026] [php:error] [pid 951] [client 104.46.216.98:0] script '/domains/msintl/about.php' not found or unable to stat
[Mon Feb 23 00:33:41.651114 2026] [php:error] [pid 951] [client 104.46.216.98:0] script '/domains/msintl/vx.php' not found or unable to stat
[Mon Feb 23 00:33:41.830557 2026] [php:error] [pid 951] [client 104.46.216.98:0] script '/domains/msintl/classwithtostring.php' not found or unable to stat
[Mon Feb 23 00:33:42.152748 2026] [php:error] [pid 951] [client 104.46.216.98:0] script '/domains/msintl/fff.php' not found or unable to stat
[Mon Feb 23 00:33:42.314212 2026] [php:error] [pid 951] [client 104.46.216.98:0] script '/domains/msintl/content.php' not found or unable to stat
[Mon Feb 23 00:33:42.474916 2026] [php:error] [pid 951] [client 104.46.216.98:0] script '/domains/msintl/menu.php' not found or unable to stat
[Mon Feb 23 00:33:42.636321 2026] [php:error] [pid 951] [client 104.46.216.98:0] script '/domains/msintl/gifclass.php' not found or unable to stat
[Mon Feb 23 00:33:42.959969 2026] [php:error] [pid 951] [client 104.46.216.98:0] script '/domains/msintl/css.php' not found or unable to stat
[Mon Feb 23 00:33:43.121349 2026] [php:error] [pid 951] [client 104.46.216.98:0] script '/domains/msintl/x7.php' not found or unable to stat
[Mon Feb 23 00:33:43.283523 2026] [php:error] [pid 951] [client 104.46.216.98:0] script '/domains/msintl/bugger.php' not found or unable to stat
[Mon Feb 23 00:33:43.605899 2026] [php:error] [pid 951] [client 104.46.216.98:0] script '/domains/msintl/simple.php' not found or unable to stat
[Mon Feb 23 00:33:43.773142 2026] [php:error] [pid 951] [client 104.46.216.98:0] script '/domains/msintl/alfa.php' not found or unable to stat
[Mon Feb 23 00:33:43.937612 2026] [php:error] [pid 951] [client 104.46.216.98:0] script '/domains/msintl/wp-file.php' not found or unable to stat
[Mon Feb 23 00:33:44.225315 2026] [php:error] [pid 951] [client 104.46.216.98:0] script '/domains/msintl/as.php' not found or unable to stat
[Mon Feb 23 00:33:44.386621 2026] [php:error] [pid 951] [client 104.46.216.98:0] script '/domains/msintl/X57.php' not found or unable to stat
[Mon Feb 23 00:33:44.550652 2026] [php:error] [pid 951] [client 104.46.216.98:0] script '/domains/msintl/abc.php' not found or unable to stat
[Mon Feb 23 00:33:44.712151 2026] [php:error] [pid 951] [client 104.46.216.98:0] script '/domains/msintl/gettest.php' not found or unable to stat
[Mon Feb 23 00:33:44.875648 2026] [php:error] [pid 951] [client 104.46.216.98:0] script '/domains/msintl/sbhu.php' not found or unable to stat
[Mon Feb 23 00:33:45.037601 2026] [php:error] [pid 951] [client 104.46.216.98:0] script '/domains/msintl/wp-trackback.php' not found or unable to stat
[Mon Feb 23 00:33:45.199816 2026] [php:error] [pid 951] [client 104.46.216.98:0] script '/domains/msintl/alfashell.php' not found or unable to stat
[Mon Feb 23 00:33:45.584268 2026] [php:error] [pid 951] [client 104.46.216.98:0] script '/domains/msintl/aaa.php' not found or unable to stat
[Mon Feb 23 00:33:45.749654 2026] [php:error] [pid 951] [client 104.46.216.98:0] script '/domains/msintl/chosen.php' not found or unable to stat
[Mon Feb 23 00:33:45.924666 2026] [php:error] [pid 951] [client 104.46.216.98:0] script '/domains/msintl/tmpls.php' not found or unable to stat
[Mon Feb 23 00:33:46.085928 2026] [php:error] [pid 951] [client 104.46.216.98:0] script '/domains/msintl/gtc.php' not found or unable to stat
[Mon Feb 23 00:33:46.246430 2026] [php:error] [pid 951] [client 104.46.216.98:0] script '/domains/msintl/ty.php' not found or unable to stat
[Mon Feb 23 00:33:46.407391 2026] [php:error] [pid 951] [client 104.46.216.98:0] script '/domains/msintl/0x.php' not found or unable to stat
[Mon Feb 23 00:33:46.568835 2026] [php:error] [pid 951] [client 104.46.216.98:0] script '/domains/msintl/inputs.php' not found or unable to stat
[Mon Feb 23 00:33:46.729965 2026] [php:error] [pid 951] [client 104.46.216.98:0] script '/domains/msintl/test1.php' not found or unable to stat
[Mon Feb 23 00:33:46.914421 2026] [php:error] [pid 951] [client 104.46.216.98:0] script '/domains/msintl/new4.php' not found or unable to stat
[Mon Feb 23 00:33:47.077378 2026] [php:error] [pid 951] [client 104.46.216.98:0] script '/domains/msintl/img.php' not found or unable to stat
[Mon Feb 23 00:33:47.399187 2026] [php:error] [pid 951] [client 104.46.216.98:0] script '/domains/msintl/w.php' not found or unable to stat
[Mon Feb 23 00:33:47.560154 2026] [php:error] [pid 951] [client 104.46.216.98:0] script '/domains/msintl/f35.php' not found or unable to stat
[Mon Feb 23 00:33:48.383471 2026] [php:error] [pid 975] [client 104.46.216.98:0] script '/domains/msintl/siteheads.php' not found or unable to stat
[Mon Feb 23 00:33:48.902493 2026] [php:error] [pid 975] [client 104.46.216.98:0] script '/domains/msintl/cwclass.php' not found or unable to stat
[Mon Feb 23 00:33:49.596759 2026] [php:error] [pid 975] [client 104.46.216.98:0] script '/domains/msintl/g.php' not found or unable to stat
[Mon Feb 23 00:33:49.927914 2026] [php:error] [pid 975] [client 104.46.216.98:0] script '/domains/msintl/install.php' not found or unable to stat
[Mon Feb 23 00:33:50.258356 2026] [php:error] [pid 975] [client 104.46.216.98:0] script '/domains/msintl/autoload_classmap.php' not found or unable to stat
[Mon Feb 23 00:33:50.434316 2026] [php:error] [pid 975] [client 104.46.216.98:0] script '/domains/msintl/bgymj.php' not found or unable to stat
[Mon Feb 23 00:33:59.821603 2026] [php:error] [pid 951] [client 194.26.192.238:0] script '/domains/ebon/txets.php' not found or unable to stat
[Mon Feb 23 00:34:03.140665 2026] [php:error] [pid 980] [client 194.26.192.238:0] script '/domains/ebon/schallfuns.php' not found or unable to stat
[Mon Feb 23 00:34:03.391251 2026] [php:error] [pid 977] [client 194.26.192.238:0] script '/domains/ebon/postnews.php' not found or unable to stat
[Mon Feb 23 00:34:38.050324 2026] [php:error] [pid 950] [client 194.26.192.238:0] script '/domains/system_cancel/txets.php' not found or unable to stat
