[Mon Feb 23 00:13:55.678901 2026] [php:error] [pid 681] [client 52.178.176.146:0] script '/domains/biehlweb/ccou.php' not found or unable to stat
[Mon Feb 23 00:13:55.781821 2026] [php:error] [pid 681] [client 52.178.176.146:0] script '/domains/biehlweb/503.php' not found or unable to stat
[Mon Feb 23 00:13:55.854061 2026] [php:error] [pid 681] [client 52.178.176.146:0] script '/domains/biehlweb/ws66.php' not found or unable to stat
[Mon Feb 23 00:13:55.929645 2026] [php:error] [pid 681] [client 52.178.176.146:0] script '/domains/biehlweb/xa.php' not found or unable to stat
[Mon Feb 23 00:13:56.016019 2026] [php:error] [pid 681] [client 52.178.176.146:0] script '/domains/biehlweb/666.php' not found or unable to stat
[Mon Feb 23 00:13:56.087511 2026] [php:error] [pid 681] [client 52.178.176.146:0] script '/domains/biehlweb/error.php' not found or unable to stat
[Mon Feb 23 00:13:56.206292 2026] [php:error] [pid 681] [client 52.178.176.146:0] script '/domains/biehlweb/222.php' not found or unable to stat
[Mon Feb 23 00:13:56.277811 2026] [php:error] [pid 681] [client 52.178.176.146:0] script '/domains/biehlweb/wen.php' not found or unable to stat
[Mon Feb 23 00:13:56.351068 2026] [php:error] [pid 681] [client 52.178.176.146:0] script '/domains/biehlweb/environment.php' not found or unable to stat
[Mon Feb 23 00:13:56.435369 2026] [php:error] [pid 681] [client 52.178.176.146:0] script '/domains/biehlweb/styles.php' not found or unable to stat
[Mon Feb 23 00:13:56.506708 2026] [php:error] [pid 681] [client 52.178.176.146:0] script '/domains/biehlweb/wp-4doption1.php' not found or unable to stat
[Mon Feb 23 00:13:56.648338 2026] [php:error] [pid 681] [client 52.178.176.146:0] script '/domains/biehlweb/1.php' not found or unable to stat
[Mon Feb 23 00:13:56.856565 2026] [php:error] [pid 681] [client 52.178.176.146:0] script '/domains/biehlweb/atomlib.php' not found or unable to stat
[Mon Feb 23 00:13:56.927967 2026] [php:error] [pid 681] [client 52.178.176.146:0] script '/domains/biehlweb/asasx.php' not found or unable to stat
[Mon Feb 23 00:13:57.027065 2026] [php:error] [pid 681] [client 52.178.176.146:0] script '/domains/biehlweb/ioxi-o.php' not found or unable to stat
[Mon Feb 23 00:13:57.098824 2026] [php:error] [pid 681] [client 52.178.176.146:0] script '/domains/biehlweb/z60.php' not found or unable to stat
[Mon Feb 23 00:13:57.207815 2026] [php:error] [pid 681] [client 52.178.176.146:0] script '/domains/biehlweb/dropdown.php' not found or unable to stat
[Mon Feb 23 00:13:57.362376 2026] [php:error] [pid 681] [client 52.178.176.146:0] script '/domains/biehlweb/wp-tot.php' not found or unable to stat
[Mon Feb 23 00:13:57.434194 2026] [php:error] [pid 681] [client 52.178.176.146:0] script '/domains/biehlweb/css/radio.php' not found or unable to stat
[Mon Feb 23 00:13:57.592297 2026] [php:error] [pid 681] [client 52.178.176.146:0] script '/domains/biehlweb/class.php' not found or unable to stat
[Mon Feb 23 00:13:57.663747 2026] [php:error] [pid 681] [client 52.178.176.146:0] script '/domains/biehlweb/404.php' not found or unable to stat
[Mon Feb 23 00:13:57.751107 2026] [php:error] [pid 681] [client 52.178.176.146:0] script '/domains/biehlweb/mode.php' not found or unable to stat
[Mon Feb 23 00:13:57.828092 2026] [php:error] [pid 681] [client 52.178.176.146:0] script '/domains/biehlweb/aboutc.php' not found or unable to stat
[Mon Feb 23 00:13:57.915308 2026] [php:error] [pid 681] [client 52.178.176.146:0] script '/domains/biehlweb/sx.php' not found or unable to stat
[Mon Feb 23 00:13:57.986191 2026] [php:error] [pid 681] [client 52.178.176.146:0] script '/domains/biehlweb/themes.php' not found or unable to stat
[Mon Feb 23 00:13:58.076307 2026] [php:error] [pid 681] [client 52.178.176.146:0] script '/domains/biehlweb/yawa.php' not found or unable to stat
[Mon Feb 23 00:13:58.147347 2026] [php:error] [pid 681] [client 52.178.176.146:0] script '/domains/biehlweb/m.php' not found or unable to stat
[Mon Feb 23 00:13:58.300721 2026] [php:error] [pid 681] [client 52.178.176.146:0] script '/domains/biehlweb/item.php' not found or unable to stat
[Mon Feb 23 00:13:58.396849 2026] [php:error] [pid 681] [client 52.178.176.146:0] script '/domains/biehlweb/403.php' not found or unable to stat
[Mon Feb 23 00:13:58.519910 2026] [php:error] [pid 681] [client 52.178.176.146:0] script '/domains/biehlweb/gg.php' not found or unable to stat
[Mon Feb 23 00:13:58.594785 2026] [php:error] [pid 681] [client 52.178.176.146:0] script '/domains/biehlweb/akcc.php' not found or unable to stat
[Mon Feb 23 00:13:58.665944 2026] [php:error] [pid 681] [client 52.178.176.146:0] script '/domains/biehlweb/radio.php' not found or unable to stat
[Mon Feb 23 00:13:58.738816 2026] [php:error] [pid 681] [client 52.178.176.146:0] script '/domains/biehlweb/xa.php' not found or unable to stat
[Mon Feb 23 00:13:58.810007 2026] [php:error] [pid 681] [client 52.178.176.146:0] script '/domains/biehlweb/backup.php' not found or unable to stat
[Mon Feb 23 00:13:58.890413 2026] [php:error] [pid 681] [client 52.178.176.146:0] script '/domains/biehlweb/galex.php' not found or unable to stat
[Mon Feb 23 00:13:59.032153 2026] [php:error] [pid 681] [client 52.178.176.146:0] script '/domains/biehlweb/about.php' not found or unable to stat
[Mon Feb 23 00:13:59.103666 2026] [php:error] [pid 681] [client 52.178.176.146:0] script '/domains/biehlweb/vx.php' not found or unable to stat
[Mon Feb 23 00:13:59.181923 2026] [php:error] [pid 681] [client 52.178.176.146:0] script '/domains/biehlweb/classwithtostring.php' not found or unable to stat
[Mon Feb 23 00:13:59.346624 2026] [php:error] [pid 681] [client 52.178.176.146:0] script '/domains/biehlweb/fff.php' not found or unable to stat
[Mon Feb 23 00:13:59.417746 2026] [php:error] [pid 681] [client 52.178.176.146:0] script '/domains/biehlweb/content.php' not found or unable to stat
[Mon Feb 23 00:13:59.495416 2026] [php:error] [pid 681] [client 52.178.176.146:0] script '/domains/biehlweb/menu.php' not found or unable to stat
[Mon Feb 23 00:13:59.574508 2026] [php:error] [pid 681] [client 52.178.176.146:0] script '/domains/biehlweb/gifclass.php' not found or unable to stat
[Mon Feb 23 00:13:59.734492 2026] [php:error] [pid 681] [client 52.178.176.146:0] script '/domains/biehlweb/css.php' not found or unable to stat
[Mon Feb 23 00:14:00.065257 2026] [php:error] [pid 681] [client 52.178.176.146:0] script '/domains/biehlweb/x7.php' not found or unable to stat
[Mon Feb 23 00:14:00.171191 2026] [php:error] [pid 681] [client 52.178.176.146:0] script '/domains/biehlweb/bugger.php' not found or unable to stat
[Mon Feb 23 00:14:00.336089 2026] [php:error] [pid 681] [client 52.178.176.146:0] script '/domains/biehlweb/simple.php' not found or unable to stat
[Mon Feb 23 00:14:00.422772 2026] [php:error] [pid 681] [client 52.178.176.146:0] script '/domains/biehlweb/alfa.php' not found or unable to stat
[Mon Feb 23 00:14:00.534175 2026] [php:error] [pid 681] [client 52.178.176.146:0] script '/domains/biehlweb/wp-file.php' not found or unable to stat
[Mon Feb 23 00:14:00.607322 2026] [php:error] [pid 681] [client 52.178.176.146:0] script '/domains/biehlweb/as.php' not found or unable to stat
[Mon Feb 23 00:14:00.680197 2026] [php:error] [pid 681] [client 52.178.176.146:0] script '/domains/biehlweb/X57.php' not found or unable to stat
[Mon Feb 23 00:14:00.751258 2026] [php:error] [pid 681] [client 52.178.176.146:0] script '/domains/biehlweb/abc.php' not found or unable to stat
[Mon Feb 23 00:14:00.915596 2026] [php:error] [pid 681] [client 52.178.176.146:0] script '/domains/biehlweb/gettest.php' not found or unable to stat
[Mon Feb 23 00:14:01.181565 2026] [php:error] [pid 681] [client 52.178.176.146:0] script '/domains/biehlweb/sbhu.php' not found or unable to stat
[Mon Feb 23 00:14:01.252386 2026] [php:error] [pid 681] [client 52.178.176.146:0] script '/domains/biehlweb/wp-trackback.php' not found or unable to stat
[Mon Feb 23 00:14:01.328088 2026] [php:error] [pid 681] [client 52.178.176.146:0] script '/domains/biehlweb/alfashell.php' not found or unable to stat
[Mon Feb 23 00:14:01.555843 2026] [php:error] [pid 681] [client 52.178.176.146:0] script '/domains/biehlweb/aaa.php' not found or unable to stat
[Mon Feb 23 00:14:01.666892 2026] [php:error] [pid 681] [client 52.178.176.146:0] script '/domains/biehlweb/chosen.php' not found or unable to stat
[Mon Feb 23 00:14:01.803639 2026] [php:error] [pid 681] [client 52.178.176.146:0] script '/domains/biehlweb/tmpls.php' not found or unable to stat
[Mon Feb 23 00:14:01.931840 2026] [php:error] [pid 681] [client 52.178.176.146:0] script '/domains/biehlweb/gtc.php' not found or unable to stat
[Mon Feb 23 00:14:02.003478 2026] [php:error] [pid 681] [client 52.178.176.146:0] script '/domains/biehlweb/ty.php' not found or unable to stat
[Mon Feb 23 00:14:02.157375 2026] [php:error] [pid 681] [client 52.178.176.146:0] script '/domains/biehlweb/0x.php' not found or unable to stat
[Mon Feb 23 00:14:02.227893 2026] [php:error] [pid 681] [client 52.178.176.146:0] script '/domains/biehlweb/inputs.php' not found or unable to stat
[Mon Feb 23 00:14:02.317810 2026] [php:error] [pid 681] [client 52.178.176.146:0] script '/domains/biehlweb/test1.php' not found or unable to stat
[Mon Feb 23 00:14:02.389835 2026] [php:error] [pid 681] [client 52.178.176.146:0] script '/domains/biehlweb/new4.php' not found or unable to stat
[Mon Feb 23 00:14:02.591424 2026] [php:error] [pid 681] [client 52.178.176.146:0] script '/domains/biehlweb/img.php' not found or unable to stat
[Mon Feb 23 00:14:02.737494 2026] [php:error] [pid 681] [client 52.178.176.146:0] script '/domains/biehlweb/w.php' not found or unable to stat
[Mon Feb 23 00:14:02.823135 2026] [php:error] [pid 681] [client 52.178.176.146:0] script '/domains/biehlweb/f35.php' not found or unable to stat
[Mon Feb 23 00:14:03.252381 2026] [php:error] [pid 652] [client 52.178.176.146:0] script '/domains/biehlweb/siteheads.php' not found or unable to stat
[Mon Feb 23 00:14:03.515514 2026] [php:error] [pid 652] [client 52.178.176.146:0] script '/domains/biehlweb/cwclass.php' not found or unable to stat
[Mon Feb 23 00:14:04.000949 2026] [php:error] [pid 652] [client 52.178.176.146:0] script '/domains/biehlweb/g.php' not found or unable to stat
[Mon Feb 23 00:14:04.374520 2026] [php:error] [pid 652] [client 52.178.176.146:0] script '/domains/biehlweb/install.php' not found or unable to stat
[Mon Feb 23 00:14:04.517863 2026] [php:error] [pid 652] [client 52.178.176.146:0] script '/domains/biehlweb/autoload_classmap.php' not found or unable to stat
[Mon Feb 23 00:14:04.593093 2026] [php:error] [pid 652] [client 52.178.176.146:0] script '/domains/biehlweb/bgymj.php' not found or unable to stat
[Mon Feb 23 00:14:16.350538 2026] [php:error] [pid 677] [client 20.203.129.217:0] script '/domains/miles.interport/a332.php' not found or unable to stat
[Mon Feb 23 00:14:16.444223 2026] [php:error] [pid 677] [client 20.203.129.217:0] script '/domains/miles.interport/bootstrap.php' not found or unable to stat
[Mon Feb 23 00:14:16.537763 2026] [php:error] [pid 677] [client 20.203.129.217:0] script '/domains/miles.interport/f2.php' not found or unable to stat
[Mon Feb 23 00:14:16.634138 2026] [php:error] [pid 677] [client 20.203.129.217:0] script '/domains/miles.interport/to.php' not found or unable to stat
[Mon Feb 23 00:14:16.728149 2026] [php:error] [pid 677] [client 20.203.129.217:0] script '/domains/miles.interport/inege.php' not found or unable to stat
[Mon Feb 23 00:14:16.822226 2026] [php:error] [pid 677] [client 20.203.129.217:0] script '/domains/miles.interport/thui.php' not found or unable to stat
[Mon Feb 23 00:14:16.915839 2026] [php:error] [pid 677] [client 20.203.129.217:0] script '/domains/miles.interport/8.php' not found or unable to stat
[Mon Feb 23 00:14:17.010042 2026] [php:error] [pid 677] [client 20.203.129.217:0] script '/domains/miles.interport/fresh3.php' not found or unable to stat
[Mon Feb 23 00:14:17.103464 2026] [php:error] [pid 677] [client 20.203.129.217:0] script '/domains/miles.interport/selesai.php' not found or unable to stat
[Mon Feb 23 00:14:17.197531 2026] [php:error] [pid 677] [client 20.203.129.217:0] script '/domains/miles.interport/xs.php' not found or unable to stat
[Mon Feb 23 00:14:17.291147 2026] [php:error] [pid 677] [client 20.203.129.217:0] script '/domains/miles.interport/maraz.php' not found or unable to stat
[Mon Feb 23 00:14:17.385905 2026] [php:error] [pid 677] [client 20.203.129.217:0] script '/domains/miles.interport/ws66.php' not found or unable to stat
[Mon Feb 23 00:14:17.479641 2026] [php:error] [pid 677] [client 20.203.129.217:0] script '/domains/miles.interport/erty.php' not found or unable to stat
[Mon Feb 23 00:14:17.581208 2026] [php:error] [pid 677] [client 20.203.129.217:0] script '/domains/miles.interport/24.php' not found or unable to stat
[Mon Feb 23 00:14:17.675048 2026] [php:error] [pid 677] [client 20.203.129.217:0] script '/domains/miles.interport/bzjdlofz.php' not found or unable to stat
[Mon Feb 23 00:14:17.769202 2026] [php:error] [pid 677] [client 20.203.129.217:0] script '/domains/miles.interport/sbhu.php' not found or unable to stat
[Mon Feb 23 00:14:17.863407 2026] [php:error] [pid 677] [client 20.203.129.217:0] script '/domains/miles.interport/wp-blogs.php' not found or unable to stat
[Mon Feb 23 00:14:17.957066 2026] [php:error] [pid 677] [client 20.203.129.217:0] script '/domains/miles.interport/fetch.php' not found or unable to stat
[Mon Feb 23 00:14:18.050785 2026] [php:error] [pid 677] [client 20.203.129.217:0] script '/domains/miles.interport/bolt.php' not found or unable to stat
[Mon Feb 23 00:14:18.144826 2026] [php:error] [pid 677] [client 20.203.129.217:0] script '/domains/miles.interport/tfm.php' not found or unable to stat
[Mon Feb 23 00:14:18.238870 2026] [php:error] [pid 677] [client 20.203.129.217:0] script '/domains/miles.interport/ak.php' not found or unable to stat
[Mon Feb 23 00:14:18.334063 2026] [php:error] [pid 677] [client 20.203.129.217:0] script '/domains/miles.interport/wp-style.php' not found or unable to stat
[Mon Feb 23 00:14:18.427731 2026] [php:error] [pid 677] [client 20.203.129.217:0] script '/domains/miles.interport/0x0x.php' not found or unable to stat
[Mon Feb 23 00:14:18.523056 2026] [php:error] [pid 677] [client 20.203.129.217:0] script '/domains/miles.interport/0byte.php' not found or unable to stat
[Mon Feb 23 00:14:18.617124 2026] [php:error] [pid 677] [client 20.203.129.217:0] script '/domains/miles.interport/a4.php' not found or unable to stat
[Mon Feb 23 00:14:18.713760 2026] [php:error] [pid 677] [client 20.203.129.217:0] script '/domains/miles.interport/logs1.php' not found or unable to stat
[Mon Feb 23 00:14:18.808345 2026] [php:error] [pid 677] [client 20.203.129.217:0] script '/domains/miles.interport/35.php' not found or unable to stat
[Mon Feb 23 00:14:18.902524 2026] [php:error] [pid 677] [client 20.203.129.217:0] script '/domains/miles.interport/lanka.php' not found or unable to stat
[Mon Feb 23 00:14:18.996424 2026] [php:error] [pid 677] [client 20.203.129.217:0] script '/domains/miles.interport/knmt.php' not found or unable to stat
[Mon Feb 23 00:14:19.090716 2026] [php:error] [pid 677] [client 20.203.129.217:0] script '/domains/miles.interport/ioxi.php' not found or unable to stat
[Mon Feb 23 00:14:19.184540 2026] [php:error] [pid 677] [client 20.203.129.217:0] script '/domains/miles.interport/lkui.php' not found or unable to stat
[Mon Feb 23 00:14:19.279104 2026] [php:error] [pid 677] [client 20.203.129.217:0] script '/domains/miles.interport/grsiuk.php' not found or unable to stat
[Mon Feb 23 00:14:19.466861 2026] [php:error] [pid 677] [client 20.203.129.217:0] script '/domains/miles.interport/Geforce.php' not found or unable to stat
[Mon Feb 23 00:14:19.560552 2026] [php:error] [pid 677] [client 20.203.129.217:0] script '/domains/miles.interport/easy.php' not found or unable to stat
[Mon Feb 23 00:14:19.654086 2026] [php:error] [pid 677] [client 20.203.129.217:0] script '/domains/miles.interport/s1.php' not found or unable to stat
[Mon Feb 23 00:14:19.747632 2026] [php:error] [pid 677] [client 20.203.129.217:0] script '/domains/miles.interport/cc13.php' not found or unable to stat
[Mon Feb 23 00:14:19.841113 2026] [php:error] [pid 677] [client 20.203.129.217:0] script '/domains/miles.interport/06.php' not found or unable to stat
[Mon Feb 23 00:14:19.934901 2026] [php:error] [pid 677] [client 20.203.129.217:0] script '/domains/miles.interport/t.php' not found or unable to stat
[Mon Feb 23 00:14:20.028399 2026] [php:error] [pid 677] [client 20.203.129.217:0] script '/domains/miles.interport/export.php' not found or unable to stat
[Mon Feb 23 00:14:20.122379 2026] [php:error] [pid 677] [client 20.203.129.217:0] script '/domains/miles.interport/xxw.php' not found or unable to stat
[Mon Feb 23 00:14:20.216080 2026] [php:error] [pid 677] [client 20.203.129.217:0] script '/domains/miles.interport/term.php' not found or unable to stat
[Mon Feb 23 00:14:20.309857 2026] [php:error] [pid 677] [client 20.203.129.217:0] script '/domains/miles.interport/num.php' not found or unable to stat
[Mon Feb 23 00:14:20.403424 2026] [php:error] [pid 677] [client 20.203.129.217:0] script '/domains/miles.interport/file.php' not found or unable to stat
[Mon Feb 23 00:14:20.504258 2026] [php:error] [pid 677] [client 20.203.129.217:0] script '/domains/miles.interport/403.php' not found or unable to stat
[Mon Feb 23 00:14:20.598040 2026] [php:error] [pid 677] [client 20.203.129.217:0] script '/domains/miles.interport/ccu.php' not found or unable to stat
[Mon Feb 23 00:14:20.691871 2026] [php:error] [pid 677] [client 20.203.129.217:0] script '/domains/miles.interport/155.php' not found or unable to stat
[Mon Feb 23 00:14:20.785862 2026] [php:error] [pid 677] [client 20.203.129.217:0] script '/domains/miles.interport/xsox.php' not found or unable to stat
[Mon Feb 23 00:14:20.879628 2026] [php:error] [pid 677] [client 20.203.129.217:0] script '/domains/miles.interport/wen.php' not found or unable to stat
[Mon Feb 23 00:14:20.973260 2026] [php:error] [pid 677] [client 20.203.129.217:0] script '/domains/miles.interport/bgymj.php' not found or unable to stat
[Mon Feb 23 00:14:21.067156 2026] [php:error] [pid 677] [client 20.203.129.217:0] script '/domains/miles.interport/gk.php' not found or unable to stat
[Mon Feb 23 00:14:21.161122 2026] [php:error] [pid 677] [client 20.203.129.217:0] script '/domains/miles.interport/zoo.php' not found or unable to stat
[Mon Feb 23 00:14:21.254916 2026] [php:error] [pid 677] [client 20.203.129.217:0] script '/domains/miles.interport/zxekqlxb.php' not found or unable to stat
[Mon Feb 23 00:14:21.348773 2026] [php:error] [pid 677] [client 20.203.129.217:0] script '/domains/miles.interport/wp-scr1pts.php' not found or unable to stat
[Mon Feb 23 00:14:21.442707 2026] [php:error] [pid 677] [client 20.203.129.217:0] script '/domains/miles.interport/shlo.php' not found or unable to stat
[Mon Feb 23 00:14:21.536516 2026] [php:error] [pid 677] [client 20.203.129.217:0] script '/domains/miles.interport/166.php' not found or unable to stat
[Mon Feb 23 00:14:21.630072 2026] [php:error] [pid 677] [client 20.203.129.217:0] script '/domains/miles.interport/gdn.php' not found or unable to stat
[Mon Feb 23 00:14:21.723414 2026] [php:error] [pid 677] [client 20.203.129.217:0] script '/domains/miles.interport/6bcwiqwj.php' not found or unable to stat
[Mon Feb 23 00:14:21.816821 2026] [php:error] [pid 677] [client 20.203.129.217:0] script '/domains/miles.interport/mar.php' not found or unable to stat
[Mon Feb 23 00:14:21.910219 2026] [php:error] [pid 677] [client 20.203.129.217:0] script '/domains/miles.interport/ws69.php' not found or unable to stat
[Mon Feb 23 00:14:21.911359 2026] [php:error] [pid 684] [client 20.194.29.45:0] script '/domains/lover/wp-trackback.php' not found or unable to stat
[Mon Feb 23 00:14:22.003902 2026] [php:error] [pid 677] [client 20.203.129.217:0] script '/domains/miles.interport/amp.php' not found or unable to stat
[Mon Feb 23 00:14:22.097907 2026] [php:error] [pid 677] [client 20.203.129.217:0] script '/domains/miles.interport/gettest.php' not found or unable to stat
[Mon Feb 23 00:14:22.098456 2026] [php:error] [pid 684] [client 20.194.29.45:0] script '/domains/lover/about.php' not found or unable to stat
[Mon Feb 23 00:14:22.191711 2026] [php:error] [pid 677] [client 20.203.129.217:0] script '/domains/miles.interport/Jcrop.php' not found or unable to stat
[Mon Feb 23 00:14:22.285870 2026] [php:error] [pid 684] [client 20.194.29.45:0] script '/domains/lover/file.php' not found or unable to stat
[Mon Feb 23 00:14:22.291121 2026] [php:error] [pid 677] [client 20.203.129.217:0] script '/domains/miles.interport/wp-act.php' not found or unable to stat
[Mon Feb 23 00:14:22.384969 2026] [php:error] [pid 677] [client 20.203.129.217:0] script '/domains/miles.interport/wp-link10.php' not found or unable to stat
[Mon Feb 23 00:14:22.472115 2026] [php:error] [pid 684] [client 20.194.29.45:0] script '/domains/lover/wp-good.php' not found or unable to stat
[Mon Feb 23 00:14:22.478599 2026] [php:error] [pid 677] [client 20.203.129.217:0] script '/domains/miles.interport/ff1.php' not found or unable to stat
[Mon Feb 23 00:14:22.573770 2026] [php:error] [pid 677] [client 20.203.129.217:0] script '/domains/miles.interport/lib.php' not found or unable to stat
[Mon Feb 23 00:14:22.658672 2026] [php:error] [pid 684] [client 20.194.29.45:0] script '/domains/lover/xmlrpc.php' not found or unable to stat
[Mon Feb 23 00:14:22.674795 2026] [php:error] [pid 677] [client 20.203.129.217:0] script '/domains/miles.interport/Ov-Simple1.php' not found or unable to stat
[Mon Feb 23 00:14:22.768759 2026] [php:error] [pid 677] [client 20.203.129.217:0] script '/domains/miles.interport/ccs.php' not found or unable to stat
[Mon Feb 23 00:14:22.845009 2026] [php:error] [pid 684] [client 20.194.29.45:0] script '/domains/lover/goods.php' not found or unable to stat
[Mon Feb 23 00:14:22.862298 2026] [php:error] [pid 677] [client 20.203.129.217:0] script '/domains/miles.interport/mini.php' not found or unable to stat
[Mon Feb 23 00:14:22.956062 2026] [php:error] [pid 677] [client 20.203.129.217:0] script '/domains/miles.interport/xr.php' not found or unable to stat
[Mon Feb 23 00:14:23.031400 2026] [php:error] [pid 684] [client 20.194.29.45:0] script '/domains/lover/ioxi-o.php' not found or unable to stat
[Mon Feb 23 00:14:23.056939 2026] [php:error] [pid 677] [client 20.203.129.217:0] script '/domains/miles.interport/baixy.php' not found or unable to stat
[Mon Feb 23 00:14:23.150536 2026] [php:error] [pid 677] [client 20.203.129.217:0] script '/domains/miles.interport/rtx.php' not found or unable to stat
[Mon Feb 23 00:14:23.217697 2026] [php:error] [pid 684] [client 20.194.29.45:0] script '/domains/lover/class-t.api.php' not found or unable to stat
[Mon Feb 23 00:14:23.243984 2026] [php:error] [pid 677] [client 20.203.129.217:0] script '/domains/miles.interport/666.php' not found or unable to stat
[Mon Feb 23 00:14:23.338029 2026] [php:error] [pid 677] [client 20.203.129.217:0] script '/domains/miles.interport/h2a2ck.php' not found or unable to stat
[Mon Feb 23 00:14:23.404022 2026] [php:error] [pid 684] [client 20.194.29.45:0] script '/domains/lover/admin.php' not found or unable to stat
[Mon Feb 23 00:14:23.432448 2026] [php:error] [pid 677] [client 20.203.129.217:0] script '/domains/miles.interport/cytyr.php' not found or unable to stat
[Mon Feb 23 00:14:23.526294 2026] [php:error] [pid 677] [client 20.203.129.217:0] script '/domains/miles.interport/h02ugyh.php' not found or unable to stat
[Mon Feb 23 00:14:23.590696 2026] [php:error] [pid 684] [client 20.194.29.45:0] script '/domains/lover/sf.php' not found or unable to stat
[Mon Feb 23 00:14:23.619682 2026] [php:error] [pid 677] [client 20.203.129.217:0] script '/domains/miles.interport/66.php' not found or unable to stat
[Mon Feb 23 00:14:23.713163 2026] [php:error] [pid 677] [client 20.203.129.217:0] script '/domains/miles.interport/init.php' not found or unable to stat
[Mon Feb 23 00:14:23.777036 2026] [php:error] [pid 684] [client 20.194.29.45:0] script '/domains/lover/rip.php' not found or unable to stat
[Mon Feb 23 00:14:23.806897 2026] [php:error] [pid 677] [client 20.203.129.217:0] script '/domains/miles.interport/ava.php' not found or unable to stat
[Mon Feb 23 00:14:23.900480 2026] [php:error] [pid 677] [client 20.203.129.217:0] script '/domains/miles.interport/balin.php' not found or unable to stat
[Mon Feb 23 00:14:23.963546 2026] [php:error] [pid 684] [client 20.194.29.45:0] script '/domains/lover/autoload_classmap.php' not found or unable to stat
[Mon Feb 23 00:14:23.994987 2026] [php:error] [pid 677] [client 20.203.129.217:0] script '/domains/miles.interport/0x19493QU8ZQ.php' not found or unable to stat
[Mon Feb 23 00:14:24.088876 2026] [php:error] [pid 677] [client 20.203.129.217:0] script '/domains/miles.interport/13ede.php' not found or unable to stat
[Mon Feb 23 00:14:24.150296 2026] [php:error] [pid 684] [client 20.194.29.45:0] script '/domains/lover/chosen.php' not found or unable to stat
[Mon Feb 23 00:14:24.182980 2026] [php:error] [pid 677] [client 20.203.129.217:0] script '/domains/miles.interport/akhvg.php' not found or unable to stat
[Mon Feb 23 00:14:24.276995 2026] [php:error] [pid 677] [client 20.203.129.217:0] script '/domains/miles.interport/assacc.php' not found or unable to stat
[Mon Feb 23 00:14:24.341485 2026] [php:error] [pid 684] [client 20.194.29.45:0] script '/domains/lover/classwithtostring.php' not found or unable to stat
[Mon Feb 23 00:14:24.371537 2026] [php:error] [pid 677] [client 20.203.129.217:0] script '/domains/miles.interport/t00l.php' not found or unable to stat
[Mon Feb 23 00:14:24.465511 2026] [php:error] [pid 677] [client 20.203.129.217:0] script '/domains/miles.interport/xy.php' not found or unable to stat
[Mon Feb 23 00:14:24.528031 2026] [php:error] [pid 684] [client 20.194.29.45:0] script '/domains/lover/defaults.php' not found or unable to stat
[Mon Feb 23 00:14:24.559549 2026] [php:error] [pid 677] [client 20.203.129.217:0] script '/domains/miles.interport/atomlib.php' not found or unable to stat
[Mon Feb 23 00:14:24.653066 2026] [php:error] [pid 677] [client 20.203.129.217:0] script '/domains/miles.interport/fetch.php' not found or unable to stat
[Mon Feb 23 00:14:24.746700 2026] [php:error] [pid 677] [client 20.203.129.217:0] script '/domains/miles.interport/jnhddqyz.php' not found or unable to stat
[Mon Feb 23 00:14:24.857697 2026] [php:error] [pid 677] [client 20.203.129.217:0] script '/domains/miles.interport/cgi-bin_bkp.php' not found or unable to stat
[Mon Feb 23 00:14:25.481719 2026] [php:error] [pid 684] [client 20.194.29.45:0] script '/domains/lover/info.php' not found or unable to stat
[Mon Feb 23 00:14:26.790419 2026] [php:error] [pid 684] [client 20.194.29.45:0] script '/domains/lover/adminfuns.php' not found or unable to stat
[Mon Feb 23 00:14:34.015460 2026] [php:error] [pid 689] [client 194.26.192.238:0] script '/domains/brenties/txets.php' not found or unable to stat
[Mon Feb 23 00:14:35.526007 2026] [php:error] [pid 690] [client 194.26.192.238:0] script '/domains/brenties/schallfuns.php' not found or unable to stat
[Mon Feb 23 00:14:35.887864 2026] [php:error] [pid 691] [client 194.26.192.238:0] script '/domains/brenties/postnews.php' not found or unable to stat
[Mon Feb 23 00:14:42.561603 2026] [php:error] [pid 677] [client 20.5.80.84:0] script '/domains/koenig.interport/shell.php' not found or unable to stat
[Mon Feb 23 00:14:43.358682 2026] [php:error] [pid 677] [client 20.5.80.84:0] script '/domains/koenig.interport/favicon.php' not found or unable to stat
[Mon Feb 23 00:14:43.586289 2026] [php:error] [pid 677] [client 20.5.80.84:0] script '/domains/koenig.interport/8xyz.php' not found or unable to stat
[Mon Feb 23 00:14:43.992118 2026] [php:error] [pid 677] [client 20.5.80.84:0] script '/domains/koenig.interport/install.php' not found or unable to stat
[Mon Feb 23 00:14:45.500619 2026] [php:error] [pid 677] [client 20.5.80.84:0] script '/domains/koenig.interport/dropdown.php' not found or unable to stat
[Mon Feb 23 00:14:45.701053 2026] [php:error] [pid 677] [client 20.5.80.84:0] script '/domains/koenig.interport/gdn.php' not found or unable to stat
[Mon Feb 23 00:14:45.899525 2026] [php:error] [pid 677] [client 20.5.80.84:0] script '/domains/koenig.interport/system_log.php' not found or unable to stat
[Mon Feb 23 00:14:46.102290 2026] [php:error] [pid 677] [client 20.5.80.84:0] script '/domains/koenig.interport/gettest.php' not found or unable to stat
[Mon Feb 23 00:14:46.302831 2026] [php:error] [pid 677] [client 20.5.80.84:0] script '/domains/koenig.interport/shell20211028.php' not found or unable to stat
[Mon Feb 23 00:14:46.512930 2026] [php:error] [pid 677] [client 20.5.80.84:0] script '/domains/koenig.interport/byp.php' not found or unable to stat
[Mon Feb 23 00:14:46.723281 2026] [php:error] [pid 677] [client 20.5.80.84:0] script '/domains/koenig.interport/an.php' not found or unable to stat
[Mon Feb 23 00:14:46.934014 2026] [php:error] [pid 677] [client 20.5.80.84:0] script '/domains/koenig.interport/b.php' not found or unable to stat
[Mon Feb 23 00:14:47.142090 2026] [php:error] [pid 677] [client 20.5.80.84:0] script '/domains/koenig.interport/404.php' not found or unable to stat
[Mon Feb 23 00:14:47.573379 2026] [php:error] [pid 677] [client 20.5.80.84:0] script '/domains/koenig.interport/fetch.php' not found or unable to stat
[Mon Feb 23 00:14:47.999122 2026] [php:error] [pid 677] [client 20.5.80.84:0] script '/domains/koenig.interport/wp-config-sample.php' not found or unable to stat
[Mon Feb 23 00:14:48.585106 2026] [php:error] [pid 677] [client 20.5.80.84:0] script '/domains/koenig.interport/a2.php' not found or unable to stat
[Mon Feb 23 00:14:49.032740 2026] [php:error] [pid 677] [client 20.5.80.84:0] script '/domains/koenig.interport/rip.php' not found or unable to stat
[Mon Feb 23 00:14:49.229598 2026] [php:error] [pid 677] [client 20.5.80.84:0] script '/domains/koenig.interport/doc.php' not found or unable to stat
[Mon Feb 23 00:14:49.435709 2026] [php:error] [pid 677] [client 20.5.80.84:0] script '/domains/koenig.interport/o.php' not found or unable to stat
[Mon Feb 23 00:14:49.831066 2026] [php:error] [pid 677] [client 20.5.80.84:0] script '/domains/koenig.interport/bgymj.php' not found or unable to stat
[Mon Feb 23 00:14:50.034606 2026] [php:error] [pid 677] [client 20.5.80.84:0] script '/domains/koenig.interport/f.php' not found or unable to stat
[Mon Feb 23 00:14:50.236416 2026] [php:error] [pid 677] [client 20.5.80.84:0] script '/domains/koenig.interport/ws.php' not found or unable to stat
[Mon Feb 23 00:14:50.675764 2026] [php:error] [pid 677] [client 20.5.80.84:0] script '/domains/koenig.interport/system.php' not found or unable to stat
[Mon Feb 23 00:14:50.896788 2026] [php:error] [pid 677] [client 20.5.80.84:0] script '/domains/koenig.interport/chosen.php' not found or unable to stat
[Mon Feb 23 00:14:51.291301 2026] [php:error] [pid 677] [client 20.5.80.84:0] script '/domains/koenig.interport/an.php' not found or unable to stat
[Mon Feb 23 00:14:51.488269 2026] [php:error] [pid 677] [client 20.5.80.84:0] script '/domains/koenig.interport/ma.php' not found or unable to stat
[Mon Feb 23 00:14:51.720146 2026] [php:error] [pid 677] [client 20.5.80.84:0] script '/domains/koenig.interport/h.php' not found or unable to stat
[Mon Feb 23 00:14:52.715028 2026] [php:error] [pid 677] [client 20.5.80.84:0] script '/domains/koenig.interport/system.php' not found or unable to stat
[Mon Feb 23 00:14:53.118070 2026] [php:error] [pid 677] [client 20.5.80.84:0] script '/domains/koenig.interport/class-t.api.php' not found or unable to stat
[Mon Feb 23 00:14:53.314225 2026] [php:error] [pid 677] [client 20.5.80.84:0] script '/domains/koenig.interport/asd.php' not found or unable to stat
[Mon Feb 23 00:14:53.678471 2026] [php:error] [pid 652] [client 20.100.191.215:0] script '/domains/system_suspended/webdb.php' not found or unable to stat
[Mon Feb 23 00:14:53.785054 2026] [php:error] [pid 652] [client 20.100.191.215:0] script '/domains/system_suspended/file.php' not found or unable to stat
[Mon Feb 23 00:14:53.886136 2026] [php:error] [pid 652] [client 20.100.191.215:0] script '/domains/system_suspended/166.php' not found or unable to stat
[Mon Feb 23 00:14:53.904484 2026] [php:error] [pid 677] [client 20.5.80.84:0] script '/domains/koenig.interport/k.php' not found or unable to stat
[Mon Feb 23 00:14:53.978913 2026] [php:error] [pid 652] [client 20.100.191.215:0] script '/domains/system_suspended/classwithtostring.php' not found or unable to stat
[Mon Feb 23 00:14:54.127796 2026] [php:error] [pid 677] [client 20.5.80.84:0] script '/domains/koenig.interport/geck.php' not found or unable to stat
[Mon Feb 23 00:14:54.286376 2026] [php:error] [pid 652] [client 20.100.191.215:0] script '/domains/system_suspended/by.php' not found or unable to stat
[Mon Feb 23 00:14:54.339458 2026] [php:error] [pid 677] [client 20.5.80.84:0] script '/domains/koenig.interport/lala.php' not found or unable to stat
[Mon Feb 23 00:14:54.508431 2026] [php:error] [pid 652] [client 20.100.191.215:0] script '/domains/system_suspended/simple.php' not found or unable to stat
[Mon Feb 23 00:14:54.535618 2026] [php:error] [pid 677] [client 20.5.80.84:0] script '/domains/koenig.interport/menu.php' not found or unable to stat
[Mon Feb 23 00:14:54.734627 2026] [php:error] [pid 677] [client 20.5.80.84:0] script '/domains/koenig.interport/alfa.php' not found or unable to stat
[Mon Feb 23 00:14:54.871928 2026] [php:error] [pid 652] [client 20.100.191.215:0] script '/domains/system_suspended/confq.php' not found or unable to stat
[Mon Feb 23 00:14:54.941772 2026] [php:error] [pid 677] [client 20.5.80.84:0] script '/domains/koenig.interport/dropdown.php' not found or unable to stat
[Mon Feb 23 00:14:55.153363 2026] [php:error] [pid 677] [client 20.5.80.84:0] script '/domains/koenig.interport/v2.php' not found or unable to stat
[Mon Feb 23 00:14:55.181237 2026] [php:error] [pid 652] [client 20.100.191.215:0] script '/domains/system_suspended/404.php' not found or unable to stat
[Mon Feb 23 00:14:55.288144 2026] [php:error] [pid 652] [client 20.100.191.215:0] script '/domains/system_suspended/35.php' not found or unable to stat
[Mon Feb 23 00:14:55.356558 2026] [php:error] [pid 677] [client 20.5.80.84:0] script '/domains/koenig.interport/jmfi2.php' not found or unable to stat
[Mon Feb 23 00:14:55.393005 2026] [php:error] [pid 652] [client 20.100.191.215:0] script '/domains/system_suspended/sx.php' not found or unable to stat
[Mon Feb 23 00:14:55.485340 2026] [php:error] [pid 652] [client 20.100.191.215:0] script '/domains/system_suspended/gettest.php' not found or unable to stat
[Mon Feb 23 00:14:55.673208 2026] [php:error] [pid 652] [client 20.100.191.215:0] script '/domains/system_suspended/reze.php' not found or unable to stat
[Mon Feb 23 00:14:55.767234 2026] [php:error] [pid 652] [client 20.100.191.215:0] script '/domains/system_suspended/ioxi.php' not found or unable to stat
[Mon Feb 23 00:14:55.767616 2026] [php:error] [pid 677] [client 20.5.80.84:0] script '/domains/koenig.interport/w.php' not found or unable to stat
[Mon Feb 23 00:14:55.859724 2026] [php:error] [pid 652] [client 20.100.191.215:0] script '/domains/system_suspended/g.php' not found or unable to stat
[Mon Feb 23 00:14:55.967498 2026] [php:error] [pid 652] [client 20.100.191.215:0] script '/domains/system_suspended/az.php' not found or unable to stat
[Mon Feb 23 00:14:56.173745 2026] [php:error] [pid 677] [client 20.5.80.84:0] script '/domains/koenig.interport/flower2.php' not found or unable to stat
[Mon Feb 23 00:14:56.227414 2026] [php:error] [pid 652] [client 20.100.191.215:0] script '/domains/system_suspended/app.php' not found or unable to stat
[Mon Feb 23 00:14:56.328323 2026] [php:error] [pid 652] [client 20.100.191.215:0] script '/domains/system_suspended/aboutc.php' not found or unable to stat
[Mon Feb 23 00:14:56.427060 2026] [php:error] [pid 652] [client 20.100.191.215:0] script '/domains/system_suspended/elp.php' not found or unable to stat
[Mon Feb 23 00:14:56.588833 2026] [php:error] [pid 677] [client 20.5.80.84:0] script '/domains/koenig.interport/wp-login.php' not found or unable to stat
[Mon Feb 23 00:14:57.235419 2026] [php:error] [pid 677] [client 20.5.80.84:0] script '/domains/koenig.interport/ze.php' not found or unable to stat
[Mon Feb 23 00:14:57.456236 2026] [php:error] [pid 677] [client 20.5.80.84:0] script '/domains/koenig.interport/elp.php' not found or unable to stat
[Mon Feb 23 00:15:00.772701 2026] [php:error] [pid 677] [client 20.5.80.84:0] script '/domains/koenig.interport/ph33w.php' not found or unable to stat
[Mon Feb 23 00:15:00.982225 2026] [php:error] [pid 677] [client 20.5.80.84:0] script '/domains/koenig.interport/x.php' not found or unable to stat
[Mon Feb 23 00:15:01.401149 2026] [php:error] [pid 677] [client 20.5.80.84:0] script '/domains/koenig.interport/lp6.php' not found or unable to stat
[Mon Feb 23 00:15:01.796166 2026] [php:error] [pid 677] [client 20.5.80.84:0] script '/domains/koenig.interport/d12.php' not found or unable to stat
[Mon Feb 23 00:15:01.994083 2026] [php:error] [pid 677] [client 20.5.80.84:0] script '/domains/koenig.interport/x.php' not found or unable to stat
[Mon Feb 23 00:15:02.194433 2026] [php:error] [pid 677] [client 20.5.80.84:0] script '/domains/koenig.interport/bk.php' not found or unable to stat
[Mon Feb 23 00:15:02.390340 2026] [php:error] [pid 677] [client 20.5.80.84:0] script '/domains/koenig.interport/phpinfo.php' not found or unable to stat
[Mon Feb 23 00:15:02.791689 2026] [php:error] [pid 677] [client 20.5.80.84:0] script '/domains/koenig.interport/f.php' not found or unable to stat
[Mon Feb 23 00:15:03.392089 2026] [php:error] [pid 677] [client 20.5.80.84:0] script '/domains/koenig.interport/z.php' not found or unable to stat
[Mon Feb 23 00:15:03.588102 2026] [php:error] [pid 677] [client 20.5.80.84:0] script '/domains/koenig.interport/z.php' not found or unable to stat
[Mon Feb 23 00:15:04.875282 2026] [php:error] [pid 677] [client 20.5.80.84:0] script '/domains/koenig.interport/file.php' not found or unable to stat
[Mon Feb 23 00:15:05.696328 2026] [php:error] [pid 677] [client 20.5.80.84:0] script '/domains/koenig.interport/elp.php' not found or unable to stat
[Mon Feb 23 00:15:05.899793 2026] [php:error] [pid 677] [client 20.5.80.84:0] script '/domains/koenig.interport/p.php' not found or unable to stat
[Mon Feb 23 00:15:06.292223 2026] [php:error] [pid 677] [client 20.5.80.84:0] script '/domains/koenig.interport/config.php' not found or unable to stat
[Mon Feb 23 00:15:06.489865 2026] [php:error] [pid 677] [client 20.5.80.84:0] script '/domains/koenig.interport/rip.php' not found or unable to stat
[Mon Feb 23 00:15:06.687271 2026] [php:error] [pid 677] [client 20.5.80.84:0] script '/domains/koenig.interport/cache.php' not found or unable to stat
[Mon Feb 23 00:15:06.909720 2026] [php:error] [pid 677] [client 20.5.80.84:0] script '/domains/koenig.interport/ahax.php' not found or unable to stat
[Mon Feb 23 00:15:07.318300 2026] [php:error] [pid 677] [client 20.5.80.84:0] script '/domains/koenig.interport/tt.php' not found or unable to stat
[Mon Feb 23 00:15:07.932460 2026] [php:error] [pid 677] [client 20.5.80.84:0] script '/domains/koenig.interport/wp-conf.php' not found or unable to stat
[Mon Feb 23 00:15:09.576578 2026] [php:error] [pid 652] [client 20.5.80.84:0] script '/domains/koenig.interport/hey.php' not found or unable to stat
[Mon Feb 23 00:15:09.786731 2026] [php:error] [pid 652] [client 20.5.80.84:0] script '/domains/koenig.interport/m.php' not found or unable to stat
[Mon Feb 23 00:15:10.043899 2026] [php:error] [pid 652] [client 20.5.80.84:0] script '/domains/koenig.interport/install.php' not found or unable to stat
[Mon Feb 23 00:15:10.270423 2026] [php:error] [pid 652] [client 20.5.80.84:0] script '/domains/koenig.interport/web.php' not found or unable to stat
[Mon Feb 23 00:15:10.683236 2026] [php:error] [pid 652] [client 20.5.80.84:0] script '/domains/koenig.interport/content.php' not found or unable to stat
[Mon Feb 23 00:15:10.884778 2026] [php:error] [pid 652] [client 20.5.80.84:0] script '/domains/koenig.interport/adminfuns.php' not found or unable to stat
[Mon Feb 23 00:15:11.524644 2026] [php:error] [pid 652] [client 20.5.80.84:0] script '/domains/koenig.interport/la.php' not found or unable to stat
[Mon Feb 23 00:15:11.727798 2026] [php:error] [pid 652] [client 20.5.80.84:0] script '/domains/koenig.interport/a1.php' not found or unable to stat
[Mon Feb 23 00:15:11.932362 2026] [php:error] [pid 652] [client 20.5.80.84:0] script '/domains/koenig.interport/403.php' not found or unable to stat
[Mon Feb 23 00:15:12.680849 2026] [php:error] [pid 652] [client 20.5.80.84:0] script '/domains/koenig.interport/errw.php' not found or unable to stat
[Mon Feb 23 00:15:14.581056 2026] [php:error] [pid 652] [client 20.5.80.84:0] script '/domains/koenig.interport/wp.php' not found or unable to stat
[Mon Feb 23 00:15:15.149321 2026] [php:error] [pid 652] [client 20.5.80.84:0] script '/domains/koenig.interport/themes.php' not found or unable to stat
[Mon Feb 23 00:15:15.352765 2026] [php:error] [pid 652] [client 20.5.80.84:0] script '/domains/koenig.interport/environment.php' not found or unable to stat
[Mon Feb 23 00:15:15.552771 2026] [php:error] [pid 652] [client 20.5.80.84:0] script '/domains/koenig.interport/404.php' not found or unable to stat
[Mon Feb 23 00:15:15.998497 2026] [php:error] [pid 652] [client 20.5.80.84:0] script '/domains/koenig.interport/cs.php' not found or unable to stat
[Mon Feb 23 00:15:17.045215 2026] [php:error] [pid 652] [client 20.5.80.84:0] script '/domains/koenig.interport/domains.php' not found or unable to stat
[Mon Feb 23 00:15:17.862147 2026] [php:error] [pid 652] [client 20.5.80.84:0] script '/domains/koenig.interport/radio.php' not found or unable to stat
[Mon Feb 23 00:15:18.269575 2026] [php:error] [pid 652] [client 20.5.80.84:0] script '/domains/koenig.interport/wp-blog.php' not found or unable to stat
[Mon Feb 23 00:15:18.517845 2026] [php:error] [pid 652] [client 20.5.80.84:0] script '/domains/koenig.interport/ak.php' not found or unable to stat
[Mon Feb 23 00:15:20.310569 2026] [php:error] [pid 652] [client 20.5.80.84:0] script '/domains/koenig.interport/403.php' not found or unable to stat
[Mon Feb 23 00:15:20.712220 2026] [php:error] [pid 652] [client 20.5.80.84:0] script '/domains/koenig.interport/wso.php' not found or unable to stat
[Mon Feb 23 00:15:20.917434 2026] [php:error] [pid 652] [client 20.5.80.84:0] script '/domains/koenig.interport/wp-cron.php' not found or unable to stat
[Mon Feb 23 00:15:21.118203 2026] [php:error] [pid 652] [client 20.5.80.84:0] script '/domains/koenig.interport/autoload_classmap.php' not found or unable to stat
[Mon Feb 23 00:15:21.318190 2026] [php:error] [pid 652] [client 20.5.80.84:0] script '/domains/koenig.interport/inputs.php' not found or unable to stat
[Mon Feb 23 00:15:21.976781 2026] [php:error] [pid 652] [client 20.5.80.84:0] script '/domains/koenig.interport/zwso.php' not found or unable to stat
[Mon Feb 23 00:15:22.180896 2026] [php:error] [pid 652] [client 20.5.80.84:0] script '/domains/koenig.interport/bolt.php' not found or unable to stat
[Mon Feb 23 00:15:23.330959 2026] [php:error] [pid 652] [client 20.5.80.84:0] script '/domains/koenig.interport/autoload_classmap.php' not found or unable to stat
[Mon Feb 23 00:15:23.538118 2026] [php:error] [pid 652] [client 20.5.80.84:0] script '/domains/koenig.interport/gdn.php' not found or unable to stat
[Mon Feb 23 00:15:23.938667 2026] [php:error] [pid 652] [client 20.5.80.84:0] script '/domains/koenig.interport/lala.php' not found or unable to stat
[Mon Feb 23 00:15:24.178936 2026] [php:error] [pid 652] [client 20.5.80.84:0] script '/domains/koenig.interport/bnn_.php' not found or unable to stat
[Mon Feb 23 00:15:26.380517 2026] [php:error] [pid 698] [client 20.196.195.121:0] script '/domains/system_default/meew.php' not found or unable to stat
[Mon Feb 23 00:15:26.559966 2026] [php:error] [pid 698] [client 20.196.195.121:0] script '/domains/system_default/add.php' not found or unable to stat
[Mon Feb 23 00:15:26.786395 2026] [php:error] [pid 698] [client 20.196.195.121:0] script '/domains/system_default/8.php' not found or unable to stat
[Mon Feb 23 00:15:26.975418 2026] [php:error] [pid 698] [client 20.196.195.121:0] script '/domains/system_default/ty.php' not found or unable to stat
[Mon Feb 23 00:15:27.155352 2026] [php:error] [pid 698] [client 20.196.195.121:0] script '/domains/system_default/sys.php' not found or unable to stat
[Mon Feb 23 00:15:27.334298 2026] [php:error] [pid 698] [client 20.196.195.121:0] script '/domains/system_default/mass.php' not found or unable to stat
[Mon Feb 23 00:15:27.537283 2026] [php:error] [pid 698] [client 20.196.195.121:0] script '/domains/system_default/alfa.php' not found or unable to stat
[Mon Feb 23 00:15:27.716304 2026] [php:error] [pid 698] [client 20.196.195.121:0] script '/domains/system_default/71.php' not found or unable to stat
[Mon Feb 23 00:15:27.900791 2026] [php:error] [pid 698] [client 20.196.195.121:0] script '/domains/system_default/admin-footer.php' not found or unable to stat
[Mon Feb 23 00:15:28.115735 2026] [php:error] [pid 698] [client 20.196.195.121:0] script '/domains/system_default/webdb.php' not found or unable to stat
[Mon Feb 23 00:15:28.420685 2026] [php:error] [pid 698] [client 20.196.195.121:0] script '/domains/system_default/plugin.php' not found or unable to stat
[Mon Feb 23 00:15:28.763143 2026] [php:error] [pid 698] [client 20.196.195.121:0] script '/domains/system_default/lib.php' not found or unable to stat
[Mon Feb 23 00:15:28.967396 2026] [php:error] [pid 698] [client 20.196.195.121:0] script '/domains/system_default/makeasmtp.php' not found or unable to stat
[Mon Feb 23 00:15:29.200728 2026] [php:error] [pid 698] [client 20.196.195.121:0] script '/domains/system_default/zeal.php' not found or unable to stat
[Mon Feb 23 00:15:29.380533 2026] [php:error] [pid 698] [client 20.196.195.121:0] script '/domains/system_default/sc.php' not found or unable to stat
[Mon Feb 23 00:15:29.981615 2026] [php:error] [pid 698] [client 20.196.195.121:0] script '/domains/system_default/txets.php' not found or unable to stat
[Mon Feb 23 00:15:30.161112 2026] [php:error] [pid 698] [client 20.196.195.121:0] script '/domains/system_default/options-head.php' not found or unable to stat
[Mon Feb 23 00:15:30.522833 2026] [php:error] [pid 698] [client 20.196.195.121:0] script '/domains/system_default/cmdo.php' not found or unable to stat
[Mon Feb 23 00:15:30.722236 2026] [php:error] [pid 698] [client 20.196.195.121:0] script '/domains/system_default/p.php' not found or unable to stat
[Mon Feb 23 00:15:30.901095 2026] [php:error] [pid 698] [client 20.196.195.121:0] script '/domains/system_default/Capte.php' not found or unable to stat
[Mon Feb 23 00:15:31.092914 2026] [php:error] [pid 698] [client 20.196.195.121:0] script '/domains/system_default/ccou.php' not found or unable to stat
[Mon Feb 23 00:15:31.820078 2026] [php:error] [pid 698] [client 20.196.195.121:0] script '/domains/system_default/503.php' not found or unable to stat
[Mon Feb 23 00:15:32.000854 2026] [php:error] [pid 698] [client 20.196.195.121:0] script '/domains/system_default/ws66.php' not found or unable to stat
[Mon Feb 23 00:15:32.180085 2026] [php:error] [pid 698] [client 20.196.195.121:0] script '/domains/system_default/xa.php' not found or unable to stat
[Mon Feb 23 00:15:32.359794 2026] [php:error] [pid 698] [client 20.196.195.121:0] script '/domains/system_default/666.php' not found or unable to stat
[Mon Feb 23 00:15:32.542055 2026] [php:error] [pid 698] [client 20.196.195.121:0] script '/domains/system_default/error.php' not found or unable to stat
[Mon Feb 23 00:15:32.739612 2026] [php:error] [pid 698] [client 20.196.195.121:0] script '/domains/system_default/222.php' not found or unable to stat
[Mon Feb 23 00:15:32.919228 2026] [php:error] [pid 698] [client 20.196.195.121:0] script '/domains/system_default/wen.php' not found or unable to stat
[Mon Feb 23 00:15:33.146732 2026] [php:error] [pid 698] [client 20.196.195.121:0] script '/domains/system_default/environment.php' not found or unable to stat
[Mon Feb 23 00:15:33.335570 2026] [php:error] [pid 698] [client 20.196.195.121:0] script '/domains/system_default/styles.php' not found or unable to stat
[Mon Feb 23 00:15:33.530749 2026] [php:error] [pid 698] [client 20.196.195.121:0] script '/domains/system_default/wp-4doption1.php' not found or unable to stat
[Mon Feb 23 00:15:35.488852 2026] [php:error] [pid 698] [client 20.196.195.121:0] script '/domains/system_default/1.php' not found or unable to stat
[Mon Feb 23 00:15:35.860445 2026] [php:error] [pid 698] [client 20.196.195.121:0] script '/domains/system_default/atomlib.php' not found or unable to stat
[Mon Feb 23 00:15:36.046800 2026] [php:error] [pid 698] [client 20.196.195.121:0] script '/domains/system_default/asasx.php' not found or unable to stat
[Mon Feb 23 00:15:36.225909 2026] [php:error] [pid 698] [client 20.196.195.121:0] script '/domains/system_default/ioxi-o.php' not found or unable to stat
[Mon Feb 23 00:15:36.405231 2026] [php:error] [pid 698] [client 20.196.195.121:0] script '/domains/system_default/z60.php' not found or unable to stat
[Mon Feb 23 00:15:36.611240 2026] [php:error] [pid 698] [client 20.196.195.121:0] script '/domains/system_default/dropdown.php' not found or unable to stat
[Mon Feb 23 00:15:36.986762 2026] [php:error] [pid 698] [client 20.196.195.121:0] script '/domains/system_default/wp-tot.php' not found or unable to stat
