[Mon Feb 23 01:04:34.205767 2026] [php:error] [pid 1343] [client 74.248.32.28:0] script '/domains/awciii/gettest.php' not found or unable to stat
[Mon Feb 23 01:04:34.407814 2026] [php:error] [pid 1343] [client 74.248.32.28:0] script '/domains/awciii/reze.php' not found or unable to stat
[Mon Feb 23 01:04:34.508848 2026] [php:error] [pid 1343] [client 74.248.32.28:0] script '/domains/awciii/ioxi.php' not found or unable to stat
[Mon Feb 23 01:04:34.617720 2026] [php:error] [pid 1343] [client 74.248.32.28:0] script '/domains/awciii/g.php' not found or unable to stat
[Mon Feb 23 01:04:34.718604 2026] [php:error] [pid 1343] [client 74.248.32.28:0] script '/domains/awciii/az.php' not found or unable to stat
[Mon Feb 23 01:04:34.919784 2026] [php:error] [pid 1343] [client 74.248.32.28:0] script '/domains/awciii/app.php' not found or unable to stat
[Mon Feb 23 01:04:35.020975 2026] [php:error] [pid 1343] [client 74.248.32.28:0] script '/domains/awciii/aboutc.php' not found or unable to stat
[Mon Feb 23 01:04:35.121914 2026] [php:error] [pid 1343] [client 74.248.32.28:0] script '/domains/awciii/elp.php' not found or unable to stat
[Mon Feb 23 01:04:38.467768 2026] [php:error] [pid 1360] [client 20.205.227.70:0] script '/domains/performancepartsinc/wp-trackback.php' not found or unable to stat
[Mon Feb 23 01:04:38.698811 2026] [php:error] [pid 1360] [client 20.205.227.70:0] script '/domains/performancepartsinc/about.php' not found or unable to stat
[Mon Feb 23 01:04:38.931527 2026] [php:error] [pid 1360] [client 20.205.227.70:0] script '/domains/performancepartsinc/file.php' not found or unable to stat
[Mon Feb 23 01:04:39.163713 2026] [php:error] [pid 1360] [client 20.205.227.70:0] script '/domains/performancepartsinc/wp-good.php' not found or unable to stat
[Mon Feb 23 01:04:39.402682 2026] [php:error] [pid 1360] [client 20.205.227.70:0] script '/domains/performancepartsinc/xmlrpc.php' not found or unable to stat
[Mon Feb 23 01:04:39.632877 2026] [php:error] [pid 1360] [client 20.205.227.70:0] script '/domains/performancepartsinc/alfanew.php' not found or unable to stat
[Mon Feb 23 01:04:39.862092 2026] [php:error] [pid 1360] [client 20.205.227.70:0] script '/domains/performancepartsinc/X57.php' not found or unable to stat
[Mon Feb 23 01:04:40.091388 2026] [php:error] [pid 1360] [client 20.205.227.70:0] script '/domains/performancepartsinc/fff.php' not found or unable to stat
[Mon Feb 23 01:04:40.321923 2026] [php:error] [pid 1360] [client 20.205.227.70:0] script '/domains/performancepartsinc/ioxi-o.php' not found or unable to stat
[Mon Feb 23 01:04:40.552114 2026] [php:error] [pid 1360] [client 20.205.227.70:0] script '/domains/performancepartsinc/class-t.api.php' not found or unable to stat
[Mon Feb 23 01:04:40.781514 2026] [php:error] [pid 1360] [client 20.205.227.70:0] script '/domains/performancepartsinc/admin.php' not found or unable to stat
[Mon Feb 23 01:04:41.011908 2026] [php:error] [pid 1360] [client 20.205.227.70:0] script '/domains/performancepartsinc/sf.php' not found or unable to stat
[Mon Feb 23 01:04:41.241682 2026] [php:error] [pid 1360] [client 20.205.227.70:0] script '/domains/performancepartsinc/rip.php' not found or unable to stat
[Mon Feb 23 01:04:41.470608 2026] [php:error] [pid 1360] [client 20.205.227.70:0] script '/domains/performancepartsinc/autoload_classmap.php' not found or unable to stat
[Mon Feb 23 01:04:41.699221 2026] [php:error] [pid 1360] [client 20.205.227.70:0] script '/domains/performancepartsinc/chosen.php' not found or unable to stat
[Mon Feb 23 01:04:41.928738 2026] [php:error] [pid 1360] [client 20.205.227.70:0] script '/domains/performancepartsinc/classwithtostring.php' not found or unable to stat
[Mon Feb 23 01:04:42.157557 2026] [php:error] [pid 1360] [client 20.205.227.70:0] script '/domains/performancepartsinc/defaults.php' not found or unable to stat
[Mon Feb 23 01:04:43.306221 2026] [php:error] [pid 1360] [client 20.205.227.70:0] script '/domains/performancepartsinc/info.php' not found or unable to stat
[Mon Feb 23 01:04:44.925562 2026] [php:error] [pid 1360] [client 20.205.227.70:0] script '/domains/performancepartsinc/adminfuns.php' not found or unable to stat
[Mon Feb 23 01:04:51.573092 2026] [php:error] [pid 1357] [client 194.26.192.238:0] script '/domains/apunderkofler/txets.php' not found or unable to stat
[Mon Feb 23 01:04:53.370303 2026] [php:error] [pid 1351] [client 194.26.192.238:0] script '/domains/apunderkofler/schallfuns.php' not found or unable to stat
[Mon Feb 23 01:04:53.577719 2026] [php:error] [pid 1338] [client 194.26.192.238:0] script '/domains/apunderkofler/postnews.php' not found or unable to stat
[Mon Feb 23 01:05:00.232378 2026] [php:error] [pid 1357] [client 194.26.192.238:0] script '/domains/sjsachs/txets.php' not found or unable to stat
[Mon Feb 23 01:05:02.584519 2026] [php:error] [pid 1343] [client 194.26.192.238:0] script '/domains/sjsachs/schallfuns.php' not found or unable to stat
[Mon Feb 23 01:05:02.932595 2026] [php:error] [pid 1338] [client 194.26.192.238:0] script '/domains/sjsachs/postnews.php' not found or unable to stat
[Mon Feb 23 01:05:32.741199 2026] [php:error] [pid 1374] [client 20.78.146.86:0] script '/domains/abtechsci/wp-trackback.php' not found or unable to stat
[Mon Feb 23 01:05:32.913995 2026] [php:error] [pid 1374] [client 20.78.146.86:0] script '/domains/abtechsci/about.php' not found or unable to stat
[Mon Feb 23 01:05:33.085913 2026] [php:error] [pid 1374] [client 20.78.146.86:0] script '/domains/abtechsci/file.php' not found or unable to stat
[Mon Feb 23 01:05:33.258618 2026] [php:error] [pid 1374] [client 20.78.146.86:0] script '/domains/abtechsci/wp-good.php' not found or unable to stat
[Mon Feb 23 01:05:33.457478 2026] [php:error] [pid 1374] [client 20.78.146.86:0] script '/domains/abtechsci/xmlrpc.php' not found or unable to stat
[Mon Feb 23 01:05:33.630867 2026] [php:error] [pid 1374] [client 20.78.146.86:0] script '/domains/abtechsci/goods.php' not found or unable to stat
[Mon Feb 23 01:05:33.802764 2026] [php:error] [pid 1374] [client 20.78.146.86:0] script '/domains/abtechsci/ioxi-o.php' not found or unable to stat
[Mon Feb 23 01:05:33.976651 2026] [php:error] [pid 1374] [client 20.78.146.86:0] script '/domains/abtechsci/class-t.api.php' not found or unable to stat
[Mon Feb 23 01:05:34.155974 2026] [php:error] [pid 1374] [client 20.78.146.86:0] script '/domains/abtechsci/admin.php' not found or unable to stat
[Mon Feb 23 01:05:34.274970 2026] [php:error] [pid 1375] [client 20.91.197.150:0] script '/domains/magicjim/about.php' not found or unable to stat
[Mon Feb 23 01:05:34.328180 2026] [php:error] [pid 1374] [client 20.78.146.86:0] script '/domains/abtechsci/sf.php' not found or unable to stat
[Mon Feb 23 01:05:34.465811 2026] [php:error] [pid 1375] [client 20.91.197.150:0] script '/domains/magicjim/system.php' not found or unable to stat
[Mon Feb 23 01:05:34.500021 2026] [php:error] [pid 1374] [client 20.78.146.86:0] script '/domains/abtechsci/rip.php' not found or unable to stat
[Mon Feb 23 01:05:34.561468 2026] [php:error] [pid 1375] [client 20.91.197.150:0] script '/domains/magicjim/ini.php' not found or unable to stat
[Mon Feb 23 01:05:34.671746 2026] [php:error] [pid 1374] [client 20.78.146.86:0] script '/domains/abtechsci/autoload_classmap.php' not found or unable to stat
[Mon Feb 23 01:05:34.843384 2026] [php:error] [pid 1374] [client 20.78.146.86:0] script '/domains/abtechsci/chosen.php' not found or unable to stat
[Mon Feb 23 01:05:35.015204 2026] [php:error] [pid 1374] [client 20.78.146.86:0] script '/domains/abtechsci/classwithtostring.php' not found or unable to stat
[Mon Feb 23 01:05:35.079578 2026] [php:error] [pid 1379] [client 20.91.197.150:0] script '/domains/magicjim/content.php' not found or unable to stat
[Mon Feb 23 01:05:35.199394 2026] [php:error] [pid 1374] [client 20.78.146.86:0] script '/domains/abtechsci/defaults.php' not found or unable to stat
[Mon Feb 23 01:05:35.270630 2026] [php:error] [pid 1379] [client 20.91.197.150:0] script '/domains/magicjim/elp.php' not found or unable to stat
[Mon Feb 23 01:05:35.366156 2026] [php:error] [pid 1379] [client 20.91.197.150:0] script '/domains/magicjim/FII.php' not found or unable to stat
[Mon Feb 23 01:05:35.653212 2026] [php:error] [pid 1379] [client 20.91.197.150:0] script '/domains/magicjim/bolt.php' not found or unable to stat
[Mon Feb 23 01:05:35.749581 2026] [php:error] [pid 1379] [client 20.91.197.150:0] script '/domains/magicjim/api.php' not found or unable to stat
[Mon Feb 23 01:05:35.942377 2026] [php:error] [pid 1379] [client 20.91.197.150:0] script '/domains/magicjim/mini.php' not found or unable to stat
[Mon Feb 23 01:05:36.133572 2026] [php:error] [pid 1379] [client 20.91.197.150:0] script '/domains/magicjim/dropdown.php' not found or unable to stat
[Mon Feb 23 01:05:36.325225 2026] [php:error] [pid 1379] [client 20.91.197.150:0] script '/domains/magicjim/wp-file.php' not found or unable to stat
[Mon Feb 23 01:05:36.516822 2026] [php:error] [pid 1379] [client 20.91.197.150:0] script '/domains/magicjim/alfa-rex.php' not found or unable to stat
[Mon Feb 23 01:05:37.231753 2026] [php:error] [pid 1379] [client 20.91.197.150:0] script '/domains/magicjim/abcd.php' not found or unable to stat
[Mon Feb 23 01:05:37.422638 2026] [php:error] [pid 1379] [client 20.91.197.150:0] script '/domains/magicjim/lib.php' not found or unable to stat
[Mon Feb 23 01:05:37.952465 2026] [php:error] [pid 1374] [client 20.78.146.86:0] script '/domains/abtechsci/adminfuns.php' not found or unable to stat
[Mon Feb 23 01:05:37.999354 2026] [php:error] [pid 1379] [client 20.91.197.150:0] script '/domains/magicjim/shell.php' not found or unable to stat
[Mon Feb 23 01:05:38.190173 2026] [php:error] [pid 1379] [client 20.91.197.150:0] script '/domains/magicjim/ds.php' not found or unable to stat
[Mon Feb 23 01:05:38.304722 2026] [php:error] [pid 1379] [client 20.91.197.150:0] script '/domains/magicjim/makeasmtp.php' not found or unable to stat
[Mon Feb 23 01:05:38.744308 2026] [php:error] [pid 1363] [client 20.91.197.150:0] script '/domains/magicjim/buy.php' not found or unable to stat
[Mon Feb 23 01:05:39.028901 2026] [php:error] [pid 1363] [client 20.91.197.150:0] script '/domains/magicjim/theme.php' not found or unable to stat
[Mon Feb 23 01:05:39.123803 2026] [php:error] [pid 1363] [client 20.91.197.150:0] script '/domains/magicjim/chosen.php' not found or unable to stat
[Mon Feb 23 01:05:39.315268 2026] [php:error] [pid 1363] [client 20.91.197.150:0] script '/domains/magicjim/st.php' not found or unable to stat
[Mon Feb 23 01:05:39.410537 2026] [php:error] [pid 1363] [client 20.91.197.150:0] script '/domains/magicjim/inputs.php' not found or unable to stat
[Mon Feb 23 01:05:39.698565 2026] [php:error] [pid 1363] [client 20.91.197.150:0] script '/domains/magicjim/aaa.php' not found or unable to stat
[Mon Feb 23 01:05:39.793517 2026] [php:error] [pid 1363] [client 20.91.197.150:0] script '/domains/magicjim/wp-login.php' not found or unable to stat
[Mon Feb 23 01:05:40.182018 2026] [php:error] [pid 1363] [client 20.91.197.150:0] script '/domains/magicjim/wp-signup.php' not found or unable to stat
[Mon Feb 23 01:05:40.276829 2026] [php:error] [pid 1363] [client 20.91.197.150:0] script '/domains/magicjim/core.php' not found or unable to stat
[Mon Feb 23 01:05:40.371888 2026] [php:error] [pid 1363] [client 20.91.197.150:0] script '/domains/magicjim/403.php' not found or unable to stat
[Mon Feb 23 01:05:40.561504 2026] [php:error] [pid 1363] [client 20.91.197.150:0] script '/domains/magicjim/new4.php' not found or unable to stat
[Mon Feb 23 01:05:40.656518 2026] [php:error] [pid 1363] [client 20.91.197.150:0] script '/domains/magicjim/adminfuns.php' not found or unable to stat
[Mon Feb 23 01:05:40.751469 2026] [php:error] [pid 1363] [client 20.91.197.150:0] script '/domains/magicjim/radio.php' not found or unable to stat
[Mon Feb 23 01:05:41.335714 2026] [php:error] [pid 1363] [client 20.91.197.150:0] script '/domains/magicjim/mah.php' not found or unable to stat
[Mon Feb 23 01:05:41.715469 2026] [php:error] [pid 1363] [client 20.91.197.150:0] script '/domains/magicjim/sim.php' not found or unable to stat
[Mon Feb 23 01:05:41.905126 2026] [php:error] [pid 1363] [client 20.91.197.150:0] script '/domains/magicjim/error.php' not found or unable to stat
[Mon Feb 23 01:05:42.094764 2026] [php:error] [pid 1363] [client 20.91.197.150:0] script '/domains/magicjim/cong.php' not found or unable to stat
[Mon Feb 23 01:05:42.671836 2026] [php:error] [pid 1363] [client 20.91.197.150:0] script '/domains/magicjim/kyami.php' not found or unable to stat
[Mon Feb 23 01:05:42.963247 2026] [php:error] [pid 1363] [client 20.91.197.150:0] script '/domains/magicjim/1.php' not found or unable to stat
[Mon Feb 23 01:05:43.154227 2026] [php:error] [pid 1363] [client 20.91.197.150:0] script '/domains/magicjim/gecko-new.php' not found or unable to stat
[Mon Feb 23 01:05:43.438439 2026] [php:error] [pid 1363] [client 20.91.197.150:0] script '/domains/magicjim/wp-blog-header.php' not found or unable to stat
[Mon Feb 23 01:05:43.628933 2026] [php:error] [pid 1363] [client 20.91.197.150:0] script '/domains/magicjim/item.php' not found or unable to stat
[Mon Feb 23 01:05:43.723925 2026] [php:error] [pid 1363] [client 20.91.197.150:0] script '/domains/magicjim/xmrlpc.php' not found or unable to stat
[Mon Feb 23 01:05:43.819365 2026] [php:error] [pid 1363] [client 20.91.197.150:0] script '/domains/magicjim/config.php' not found or unable to stat
[Mon Feb 23 01:05:43.916939 2026] [php:error] [pid 1363] [client 20.91.197.150:0] script '/domains/magicjim/cc.php' not found or unable to stat
[Mon Feb 23 01:05:44.296402 2026] [php:error] [pid 1363] [client 20.91.197.150:0] script '/domains/magicjim/wp-conflg.php' not found or unable to stat
[Mon Feb 23 01:05:44.392111 2026] [php:error] [pid 1363] [client 20.91.197.150:0] script '/domains/magicjim/themes.php' not found or unable to stat
[Mon Feb 23 01:05:44.490151 2026] [php:error] [pid 1363] [client 20.91.197.150:0] script '/domains/magicjim/hplfuns.php' not found or unable to stat
[Mon Feb 23 01:05:44.779493 2026] [php:error] [pid 1363] [client 20.91.197.150:0] script '/domains/magicjim/admin.php' not found or unable to stat
[Mon Feb 23 01:05:44.875934 2026] [php:error] [pid 1363] [client 20.91.197.150:0] script '/domains/magicjim/alfa.php' not found or unable to stat
[Mon Feb 23 01:05:45.067214 2026] [php:error] [pid 1363] [client 20.91.197.150:0] script '/domains/magicjim/wp-2019.php' not found or unable to stat
[Mon Feb 23 01:05:45.354227 2026] [php:error] [pid 1363] [client 20.91.197.150:0] script '/domains/magicjim/akcc.php' not found or unable to stat
[Mon Feb 23 01:05:45.462024 2026] [php:error] [pid 1363] [client 20.91.197.150:0] script '/domains/magicjim/404.php' not found or unable to stat
[Mon Feb 23 01:05:45.654409 2026] [php:error] [pid 1363] [client 20.91.197.150:0] script '/domains/magicjim/wp-corn-sample.php' not found or unable to stat
[Mon Feb 23 01:05:45.749397 2026] [php:error] [pid 1363] [client 20.91.197.150:0] script '/domains/magicjim/classwithtostring.php' not found or unable to stat
[Mon Feb 23 01:05:45.844359 2026] [php:error] [pid 1363] [client 20.91.197.150:0] script '/domains/magicjim/ab.php' not found or unable to stat
[Mon Feb 23 01:05:46.128478 2026] [php:error] [pid 1363] [client 20.91.197.150:0] script '/domains/magicjim/asasx.php' not found or unable to stat
[Mon Feb 23 01:05:46.603089 2026] [php:error] [pid 1363] [client 20.91.197.150:0] script '/domains/magicjim/fox.php' not found or unable to stat
[Mon Feb 23 01:05:46.899149 2026] [php:error] [pid 1363] [client 20.91.197.150:0] script '/domains/magicjim/moon.php' not found or unable to stat
[Mon Feb 23 01:05:46.995497 2026] [php:error] [pid 1363] [client 20.91.197.150:0] script '/domains/magicjim/mar.php' not found or unable to stat
[Mon Feb 23 01:05:48.038340 2026] [php:error] [pid 1363] [client 20.91.197.150:0] script '/domains/magicjim/install.php' not found or unable to stat
[Mon Feb 23 01:05:48.139545 2026] [php:error] [pid 1363] [client 20.91.197.150:0] script '/domains/magicjim/menu.php' not found or unable to stat
[Mon Feb 23 01:05:49.321436 2026] [php:error] [pid 1385] [client 20.91.197.150:0] script '/domains/magicjim/defaults.php' not found or unable to stat
[Mon Feb 23 01:05:49.617289 2026] [php:error] [pid 1385] [client 20.91.197.150:0] script '/domains/magicjim/css.php' not found or unable to stat
[Mon Feb 23 01:05:49.812747 2026] [php:error] [pid 1385] [client 20.91.197.150:0] script '/domains/magicjim/wp-links-opml.php' not found or unable to stat
[Mon Feb 23 01:05:50.317028 2026] [php:error] [pid 1385] [client 20.91.197.150:0] script '/domains/magicjim/123.php' not found or unable to stat
[Mon Feb 23 01:05:50.415449 2026] [php:error] [pid 1385] [client 20.91.197.150:0] script '/domains/magicjim/log.php' not found or unable to stat
[Mon Feb 23 01:05:51.007275 2026] [php:error] [pid 1385] [client 20.91.197.150:0] script '/domains/magicjim/as.php' not found or unable to stat
[Mon Feb 23 01:05:51.304027 2026] [php:error] [pid 1385] [client 20.91.197.150:0] script '/domains/magicjim/style.php' not found or unable to stat
[Mon Feb 23 01:05:51.407224 2026] [php:error] [pid 1385] [client 20.91.197.150:0] script '/domains/magicjim/aa.php' not found or unable to stat
[Mon Feb 23 01:05:51.505529 2026] [php:error] [pid 1385] [client 20.91.197.150:0] script '/domains/magicjim/hehehehe.php' not found or unable to stat
[Mon Feb 23 01:05:51.603688 2026] [php:error] [pid 1385] [client 20.91.197.150:0] script '/domains/magicjim/x.php' not found or unable to stat
[Mon Feb 23 01:05:51.701872 2026] [php:error] [pid 1385] [client 20.91.197.150:0] script '/domains/magicjim/wp-links.php' not found or unable to stat
[Mon Feb 23 01:05:51.997156 2026] [php:error] [pid 1385] [client 20.91.197.150:0] script '/domains/magicjim/main.php' not found or unable to stat
[Mon Feb 23 01:05:52.199849 2026] [php:error] [pid 1385] [client 20.91.197.150:0] script '/domains/magicjim/wso.php' not found or unable to stat
[Mon Feb 23 01:05:52.300052 2026] [php:error] [pid 1385] [client 20.91.197.150:0] script '/domains/magicjim/wp-configs.php' not found or unable to stat
[Mon Feb 23 01:05:52.397864 2026] [php:error] [pid 1385] [client 20.91.197.150:0] script '/domains/magicjim/lock.php' not found or unable to stat
[Mon Feb 23 01:05:52.495883 2026] [php:error] [pid 1385] [client 20.91.197.150:0] script '/domains/magicjim/file.php' not found or unable to stat
[Mon Feb 23 01:05:52.703565 2026] [php:error] [pid 1385] [client 20.91.197.150:0] script '/domains/magicjim/wp-trackback.php' not found or unable to stat
[Mon Feb 23 01:05:52.802013 2026] [php:error] [pid 1385] [client 20.91.197.150:0] script '/domains/magicjim/app.php' not found or unable to stat
[Mon Feb 23 01:05:53.010508 2026] [php:error] [pid 1385] [client 20.91.197.150:0] script '/domains/magicjim/simple.php' not found or unable to stat
[Mon Feb 23 01:05:53.206151 2026] [php:error] [pid 1385] [client 20.91.197.150:0] script '/domains/magicjim/bless.php' not found or unable to stat
[Mon Feb 23 01:05:53.402737 2026] [php:error] [pid 1385] [client 20.91.197.150:0] script '/domains/magicjim/ava.php' not found or unable to stat
[Mon Feb 23 01:05:54.095099 2026] [php:error] [pid 1385] [client 20.91.197.150:0] script '/domains/magicjim/ioxi-o.php' not found or unable to stat
[Mon Feb 23 01:05:54.201978 2026] [php:error] [pid 1385] [client 20.91.197.150:0] script '/domains/magicjim/1index.php' not found or unable to stat
[Mon Feb 23 01:05:54.499577 2026] [php:error] [pid 1385] [client 20.91.197.150:0] script '/domains/magicjim/file2.php' not found or unable to stat
[Mon Feb 23 01:05:54.598270 2026] [php:error] [pid 1385] [client 20.91.197.150:0] script '/domains/magicjim/default.php' not found or unable to stat
[Mon Feb 23 01:05:54.796200 2026] [php:error] [pid 1385] [client 20.91.197.150:0] script '/domains/magicjim/xml.php' not found or unable to stat
[Mon Feb 23 01:05:54.894232 2026] [php:error] [pid 1385] [client 20.91.197.150:0] script '/domains/magicjim/sx.php' not found or unable to stat
[Mon Feb 23 01:05:55.187940 2026] [php:error] [pid 1385] [client 20.91.197.150:0] script '/domains/magicjim/wp-cron.php' not found or unable to stat
[Mon Feb 23 01:05:55.779173 2026] [php:error] [pid 1385] [client 20.91.197.150:0] script '/domains/magicjim/backup.php' not found or unable to stat
[Mon Feb 23 01:05:55.974510 2026] [php:error] [pid 1385] [client 20.91.197.150:0] script '/domains/magicjim/wp-admin.php' not found or unable to stat
[Mon Feb 23 01:05:56.072347 2026] [php:error] [pid 1385] [client 20.91.197.150:0] script '/domains/magicjim/akc.php' not found or unable to stat
[Mon Feb 23 01:05:56.366065 2026] [php:error] [pid 1385] [client 20.91.197.150:0] script '/domains/magicjim/test1.php' not found or unable to stat
[Mon Feb 23 01:05:56.473127 2026] [php:error] [pid 1385] [client 20.91.197.150:0] script '/domains/magicjim/bolt.php' not found or unable to stat
[Mon Feb 23 01:05:56.573108 2026] [php:error] [pid 1385] [client 20.91.197.150:0] script '/domains/magicjim/help.php' not found or unable to stat
[Mon Feb 23 01:05:56.670814 2026] [php:error] [pid 1385] [client 20.91.197.150:0] script '/domains/magicjim/atomlib.php' not found or unable to stat
[Mon Feb 23 01:05:56.768658 2026] [php:error] [pid 1385] [client 20.91.197.150:0] script '/domains/magicjim/wp-good.php' not found or unable to stat
[Mon Feb 23 01:05:56.867523 2026] [php:error] [pid 1385] [client 20.91.197.150:0] script '/domains/magicjim/gecko.php' not found or unable to stat
[Mon Feb 23 01:05:57.062960 2026] [php:error] [pid 1385] [client 20.91.197.150:0] script '/domains/magicjim/news.php' not found or unable to stat
[Mon Feb 23 01:05:57.161032 2026] [php:error] [pid 1385] [client 20.91.197.150:0] script '/domains/magicjim/xmlrpc.php' not found or unable to stat
[Mon Feb 23 01:05:57.262361 2026] [php:error] [pid 1385] [client 20.91.197.150:0] script '/domains/magicjim/new.php' not found or unable to stat
[Mon Feb 23 01:05:57.757008 2026] [php:error] [pid 1385] [client 20.91.197.150:0] script '/domains/magicjim/server.php' not found or unable to stat
[Mon Feb 23 01:05:57.856930 2026] [php:error] [pid 1385] [client 20.91.197.150:0] script '/domains/magicjim/wp-signin.php' not found or unable to stat
[Mon Feb 23 01:05:58.257801 2026] [php:error] [pid 1385] [client 20.91.197.150:0] script '/domains/magicjim/class.php' not found or unable to stat
[Mon Feb 23 01:05:58.356143 2026] [php:error] [pid 1385] [client 20.91.197.150:0] script '/domains/magicjim/wp.php' not found or unable to stat
[Mon Feb 23 01:05:59.155848 2026] [php:error] [pid 1373] [client 20.91.197.150:0] script '/domains/magicjim/special.php' not found or unable to stat
[Mon Feb 23 01:06:12.689102 2026] [php:error] [pid 1373] [client 4.193.228.15:0] script '/domains/rainho/indo.php' not found or unable to stat
[Mon Feb 23 01:06:12.915973 2026] [php:error] [pid 1373] [client 4.193.228.15:0] script '/domains/rainho/localization.php' not found or unable to stat
[Mon Feb 23 01:06:14.733597 2026] [php:error] [pid 1373] [client 4.193.228.15:0] script '/domains/rainho/rin.php' not found or unable to stat
[Mon Feb 23 01:06:15.943171 2026] [access_compat:error] [pid 1379] [client 143.110.213.72:0] AH01797: client denied by server configuration: /domains/abtechsci/server-status
[Mon Feb 23 01:06:16.835431 2026] [php:error] [pid 1373] [client 4.193.228.15:0] script '/domains/rainho/mk.php' not found or unable to stat
[Mon Feb 23 01:06:17.095183 2026] [php:error] [pid 1373] [client 4.193.228.15:0] script '/domains/rainho/moderation.php' not found or unable to stat
[Mon Feb 23 01:06:17.549557 2026] [php:error] [pid 1373] [client 4.193.228.15:0] script '/domains/rainho/ioxi.php' not found or unable to stat
[Mon Feb 23 01:06:17.776225 2026] [php:error] [pid 1373] [client 4.193.228.15:0] script '/domains/rainho/vbv.php' not found or unable to stat
[Mon Feb 23 01:06:18.002472 2026] [php:error] [pid 1373] [client 4.193.228.15:0] script '/domains/rainho/simple-shell.php' not found or unable to stat
[Mon Feb 23 01:06:18.468034 2026] [php:error] [pid 1373] [client 4.193.228.15:0] script '/domains/rainho/2Vu80QG.php' not found or unable to stat
[Mon Feb 23 01:06:18.964607 2026] [php:error] [pid 1373] [client 4.193.228.15:0] script '/domains/rainho/bsr.php' not found or unable to stat
[Mon Feb 23 01:06:19.671662 2026] [php:error] [pid 1385] [client 194.26.192.57:0] script '/domains/homesbyaudrey1/xmlrpc.php' not found or unable to stat
[Mon Feb 23 01:06:20.020973 2026] [php:error] [pid 1373] [client 4.193.228.15:0] script '/domains/rainho/akmila.php' not found or unable to stat
[Mon Feb 23 01:06:20.247788 2026] [php:error] [pid 1373] [client 4.193.228.15:0] script '/domains/rainho/php-shells.php' not found or unable to stat
[Mon Feb 23 01:06:21.431294 2026] [php:error] [pid 1373] [client 4.193.228.15:0] script '/domains/rainho/ans.php' not found or unable to stat
[Mon Feb 23 01:06:21.658083 2026] [php:error] [pid 1373] [client 4.193.228.15:0] script '/domains/rainho/wp-tot.php' not found or unable to stat
[Mon Feb 23 01:06:21.884659 2026] [php:error] [pid 1373] [client 4.193.228.15:0] script '/domains/rainho/makeasmtp.php' not found or unable to stat
[Mon Feb 23 01:06:23.350310 2026] [php:error] [pid 1373] [client 4.193.228.15:0] script '/domains/rainho/Core-wp.php' not found or unable to stat
[Mon Feb 23 01:06:23.576729 2026] [php:error] [pid 1373] [client 4.193.228.15:0] script '/domains/rainho/src.php' not found or unable to stat
[Mon Feb 23 01:06:26.193474 2026] [php:error] [pid 1373] [client 4.193.228.15:0] script '/domains/rainho/nxd.php' not found or unable to stat
[Mon Feb 23 01:06:27.002921 2026] [php:error] [pid 1373] [client 4.193.228.15:0] script '/domains/rainho/module.php' not found or unable to stat
[Mon Feb 23 01:06:27.559322 2026] [php:error] [pid 1373] [client 4.193.228.15:0] script '/domains/rainho/phpinfo.php.orig' not found or unable to stat
[Mon Feb 23 01:06:28.473749 2026] [php:error] [pid 1373] [client 4.193.228.15:0] script '/domains/rainho/payout.php' not found or unable to stat
[Mon Feb 23 01:06:28.702128 2026] [php:error] [pid 1373] [client 4.193.228.15:0] script '/domains/rainho/uxquidwa.php' not found or unable to stat
[Mon Feb 23 01:06:30.447571 2026] [php:error] [pid 1373] [client 4.193.228.15:0] script '/domains/rainho/group.php' not found or unable to stat
[Mon Feb 23 01:06:31.126578 2026] [php:error] [pid 1373] [client 4.193.228.15:0] script '/domains/rainho/semayan.php' not found or unable to stat
[Mon Feb 23 01:06:31.601793 2026] [php:error] [pid 1373] [client 4.193.228.15:0] script '/domains/rainho/theme_support.php' not found or unable to stat
[Mon Feb 23 01:06:31.833030 2026] [php:error] [pid 1373] [client 4.193.228.15:0] script '/domains/rainho/mrbmppbo.php' not found or unable to stat
[Mon Feb 23 01:06:32.096418 2026] [php:error] [pid 1373] [client 4.193.228.15:0] script '/domains/rainho/wso-latest.php' not found or unable to stat
[Mon Feb 23 01:06:33.491287 2026] [php:error] [pid 1370] [client 4.193.228.15:0] script '/domains/rainho/woqramot.php' not found or unable to stat
[Mon Feb 23 01:06:48.616500 2026] [php:error] [pid 1390] [client 52.141.18.191:0] script '/domains/bels/wp-trackback.php' not found or unable to stat
[Mon Feb 23 01:06:48.810305 2026] [php:error] [pid 1390] [client 52.141.18.191:0] script '/domains/bels/about.php' not found or unable to stat
[Mon Feb 23 01:06:48.999708 2026] [php:error] [pid 1390] [client 52.141.18.191:0] script '/domains/bels/file.php' not found or unable to stat
[Mon Feb 23 01:06:49.188423 2026] [php:error] [pid 1390] [client 52.141.18.191:0] script '/domains/bels/wp-good.php' not found or unable to stat
[Mon Feb 23 01:06:49.376376 2026] [php:error] [pid 1390] [client 52.141.18.191:0] script '/domains/bels/xmlrpc.php' not found or unable to stat
[Mon Feb 23 01:06:49.564105 2026] [php:error] [pid 1390] [client 52.141.18.191:0] script '/domains/bels/goods.php' not found or unable to stat
[Mon Feb 23 01:06:49.752553 2026] [php:error] [pid 1390] [client 52.141.18.191:0] script '/domains/bels/ioxi-o.php' not found or unable to stat
[Mon Feb 23 01:06:49.941543 2026] [php:error] [pid 1390] [client 52.141.18.191:0] script '/domains/bels/class-t.api.php' not found or unable to stat
[Mon Feb 23 01:06:50.130381 2026] [php:error] [pid 1390] [client 52.141.18.191:0] script '/domains/bels/admin.php' not found or unable to stat
[Mon Feb 23 01:06:50.319710 2026] [php:error] [pid 1390] [client 52.141.18.191:0] script '/domains/bels/sf.php' not found or unable to stat
[Mon Feb 23 01:06:50.508853 2026] [php:error] [pid 1390] [client 52.141.18.191:0] script '/domains/bels/rip.php' not found or unable to stat
[Mon Feb 23 01:06:50.697319 2026] [php:error] [pid 1390] [client 52.141.18.191:0] script '/domains/bels/autoload_classmap.php' not found or unable to stat
[Mon Feb 23 01:06:50.885265 2026] [php:error] [pid 1390] [client 52.141.18.191:0] script '/domains/bels/chosen.php' not found or unable to stat
[Mon Feb 23 01:06:51.072823 2026] [php:error] [pid 1390] [client 52.141.18.191:0] script '/domains/bels/classwithtostring.php' not found or unable to stat
[Mon Feb 23 01:06:51.262254 2026] [php:error] [pid 1390] [client 52.141.18.191:0] script '/domains/bels/defaults.php' not found or unable to stat
[Mon Feb 23 01:06:52.201686 2026] [php:error] [pid 1390] [client 52.141.18.191:0] script '/domains/bels/info.php' not found or unable to stat
[Mon Feb 23 01:06:53.558381 2026] [php:error] [pid 1390] [client 52.141.18.191:0] script '/domains/bels/adminfuns.php' not found or unable to stat
[Mon Feb 23 01:07:01.113208 2026] [php:error] [pid 1393] [client 20.78.146.86:0] script '/domains/domilici/wp-trackback.php' not found or unable to stat
[Mon Feb 23 01:07:01.284748 2026] [php:error] [pid 1393] [client 20.78.146.86:0] script '/domains/domilici/about.php' not found or unable to stat
[Mon Feb 23 01:07:01.456250 2026] [php:error] [pid 1393] [client 20.78.146.86:0] script '/domains/domilici/file.php' not found or unable to stat
[Mon Feb 23 01:07:01.627968 2026] [php:error] [pid 1393] [client 20.78.146.86:0] script '/domains/domilici/wp-good.php' not found or unable to stat
[Mon Feb 23 01:07:01.799575 2026] [php:error] [pid 1393] [client 20.78.146.86:0] script '/domains/domilici/xmlrpc.php' not found or unable to stat
[Mon Feb 23 01:07:01.991099 2026] [php:error] [pid 1393] [client 20.78.146.86:0] script '/domains/domilici/goods.php' not found or unable to stat
[Mon Feb 23 01:07:02.162587 2026] [php:error] [pid 1393] [client 20.78.146.86:0] script '/domains/domilici/ioxi-o.php' not found or unable to stat
[Mon Feb 23 01:07:02.356678 2026] [php:error] [pid 1393] [client 20.78.146.86:0] script '/domains/domilici/class-t.api.php' not found or unable to stat
[Mon Feb 23 01:07:02.461440 2026] [php:error] [pid 1389] [client 104.211.88.54:0] script '/domains/system_default/wp-trackback.php' not found or unable to stat
[Mon Feb 23 01:07:02.528125 2026] [php:error] [pid 1393] [client 20.78.146.86:0] script '/domains/domilici/admin.php' not found or unable to stat
[Mon Feb 23 01:07:02.674377 2026] [php:error] [pid 1389] [client 104.211.88.54:0] script '/domains/system_default/about.php' not found or unable to stat
[Mon Feb 23 01:07:02.699395 2026] [php:error] [pid 1393] [client 20.78.146.86:0] script '/domains/domilici/sf.php' not found or unable to stat
[Mon Feb 23 01:07:02.872504 2026] [php:error] [pid 1393] [client 20.78.146.86:0] script '/domains/domilici/rip.php' not found or unable to stat
[Mon Feb 23 01:07:02.887351 2026] [php:error] [pid 1389] [client 104.211.88.54:0] script '/domains/system_default/file.php' not found or unable to stat
[Mon Feb 23 01:07:03.044040 2026] [php:error] [pid 1393] [client 20.78.146.86:0] script '/domains/domilici/autoload_classmap.php' not found or unable to stat
[Mon Feb 23 01:07:03.125454 2026] [php:error] [pid 1389] [client 104.211.88.54:0] script '/domains/system_default/wp-good.php' not found or unable to stat
[Mon Feb 23 01:07:03.215501 2026] [php:error] [pid 1393] [client 20.78.146.86:0] script '/domains/domilici/chosen.php' not found or unable to stat
[Mon Feb 23 01:07:03.338468 2026] [php:error] [pid 1389] [client 104.211.88.54:0] script '/domains/system_default/xmlrpc.php' not found or unable to stat
[Mon Feb 23 01:07:03.386905 2026] [php:error] [pid 1393] [client 20.78.146.86:0] script '/domains/domilici/classwithtostring.php' not found or unable to stat
[Mon Feb 23 01:07:03.552184 2026] [php:error] [pid 1389] [client 104.211.88.54:0] script '/domains/system_default/goods.php' not found or unable to stat
[Mon Feb 23 01:07:03.558456 2026] [php:error] [pid 1393] [client 20.78.146.86:0] script '/domains/domilici/defaults.php' not found or unable to stat
[Mon Feb 23 01:07:03.765262 2026] [php:error] [pid 1389] [client 104.211.88.54:0] script '/domains/system_default/ioxi-o.php' not found or unable to stat
[Mon Feb 23 01:07:03.979212 2026] [php:error] [pid 1389] [client 104.211.88.54:0] script '/domains/system_default/class-t.api.php' not found or unable to stat
[Mon Feb 23 01:07:04.193286 2026] [php:error] [pid 1389] [client 104.211.88.54:0] script '/domains/system_default/admin.php' not found or unable to stat
[Mon Feb 23 01:07:04.406746 2026] [php:error] [pid 1389] [client 104.211.88.54:0] script '/domains/system_default/sf.php' not found or unable to stat
[Mon Feb 23 01:07:04.468910 2026] [php:error] [pid 1393] [client 20.78.146.86:0] script '/domains/domilici/info.php' not found or unable to stat
[Mon Feb 23 01:07:04.620758 2026] [php:error] [pid 1389] [client 104.211.88.54:0] script '/domains/system_default/rip.php' not found or unable to stat
[Mon Feb 23 01:07:04.833843 2026] [php:error] [pid 1389] [client 104.211.88.54:0] script '/domains/system_default/autoload_classmap.php' not found or unable to stat
[Mon Feb 23 01:07:05.080149 2026] [php:error] [pid 1389] [client 104.211.88.54:0] script '/domains/system_default/chosen.php' not found or unable to stat
[Mon Feb 23 01:07:05.295410 2026] [php:error] [pid 1389] [client 104.211.88.54:0] script '/domains/system_default/classwithtostring.php' not found or unable to stat
[Mon Feb 23 01:07:05.508632 2026] [php:error] [pid 1389] [client 104.211.88.54:0] script '/domains/system_default/defaults.php' not found or unable to stat
[Mon Feb 23 01:07:05.682032 2026] [php:error] [pid 1393] [client 20.78.146.86:0] script '/domains/domilici/adminfuns.php' not found or unable to stat
[Mon Feb 23 01:07:06.627269 2026] [php:error] [pid 1389] [client 104.211.88.54:0] script '/domains/system_default/info.php' not found or unable to stat
[Mon Feb 23 01:07:08.122606 2026] [php:error] [pid 1389] [client 104.211.88.54:0] script '/domains/system_default/adminfuns.php' not found or unable to stat
[Mon Feb 23 01:07:39.846019 2026] [php:error] [pid 1395] [client 20.78.129.228:0] script '/domains/system_default/wp-trackback.php' not found or unable to stat
[Mon Feb 23 01:07:40.018479 2026] [php:error] [pid 1395] [client 20.78.129.228:0] script '/domains/system_default/about.php' not found or unable to stat
[Mon Feb 23 01:07:40.189585 2026] [php:error] [pid 1395] [client 20.78.129.228:0] script '/domains/system_default/file.php' not found or unable to stat
[Mon Feb 23 01:07:40.361847 2026] [php:error] [pid 1395] [client 20.78.129.228:0] script '/domains/system_default/wp-good.php' not found or unable to stat
[Mon Feb 23 01:07:40.534740 2026] [php:error] [pid 1395] [client 20.78.129.228:0] script '/domains/system_default/xmlrpc.php' not found or unable to stat
[Mon Feb 23 01:07:40.707826 2026] [php:error] [pid 1395] [client 20.78.129.228:0] script '/domains/system_default/alfanew.php' not found or unable to stat
[Mon Feb 23 01:07:40.888124 2026] [php:error] [pid 1395] [client 20.78.129.228:0] script '/domains/system_default/X57.php' not found or unable to stat
[Mon Feb 23 01:07:41.061255 2026] [php:error] [pid 1395] [client 20.78.129.228:0] script '/domains/system_default/fff.php' not found or unable to stat
[Mon Feb 23 01:07:41.234232 2026] [php:error] [pid 1395] [client 20.78.129.228:0] script '/domains/system_default/ioxi-o.php' not found or unable to stat
[Mon Feb 23 01:07:41.405314 2026] [php:error] [pid 1395] [client 20.78.129.228:0] script '/domains/system_default/class-t.api.php' not found or unable to stat
[Mon Feb 23 01:07:41.576502 2026] [php:error] [pid 1395] [client 20.78.129.228:0] script '/domains/system_default/admin.php' not found or unable to stat
[Mon Feb 23 01:07:41.762014 2026] [php:error] [pid 1395] [client 20.78.129.228:0] script '/domains/system_default/sf.php' not found or unable to stat
[Mon Feb 23 01:07:41.933067 2026] [php:error] [pid 1395] [client 20.78.129.228:0] script '/domains/system_default/rip.php' not found or unable to stat
[Mon Feb 23 01:07:42.103962 2026] [php:error] [pid 1395] [client 20.78.129.228:0] script '/domains/system_default/autoload_classmap.php' not found or unable to stat
[Mon Feb 23 01:07:42.276574 2026] [php:error] [pid 1395] [client 20.78.129.228:0] script '/domains/system_default/chosen.php' not found or unable to stat
[Mon Feb 23 01:07:42.447612 2026] [php:error] [pid 1395] [client 20.78.129.228:0] script '/domains/system_default/classwithtostring.php' not found or unable to stat
[Mon Feb 23 01:07:42.642298 2026] [php:error] [pid 1395] [client 20.78.129.228:0] script '/domains/system_default/defaults.php' not found or unable to stat
[Mon Feb 23 01:07:43.508832 2026] [php:error] [pid 1395] [client 20.78.129.228:0] script '/domains/system_default/info.php' not found or unable to stat
[Mon Feb 23 01:07:44.708841 2026] [php:error] [pid 1395] [client 20.78.129.228:0] script '/domains/system_default/adminfuns.php' not found or unable to stat
[Mon Feb 23 01:09:38.395495 2026] [php:error] [pid 1398] [client 194.26.192.238:0] script '/domains/system_default/txets.php' not found or unable to stat
[Mon Feb 23 01:09:40.782622 2026] [php:error] [pid 1401] [client 194.26.192.238:0] script '/domains/system_default/schallfuns.php' not found or unable to stat
[Mon Feb 23 01:09:41.048785 2026] [php:error] [pid 1407] [client 194.26.192.238:0] script '/domains/system_default/postnews.php' not found or unable to stat
[Mon Feb 23 01:10:19.269066 2026] [php:error] [pid 1403] [client 194.26.192.238:0] script '/domains/acagolf1/txets.php' not found or unable to stat
[Mon Feb 23 01:10:20.868847 2026] [php:error] [pid 1403] [client 194.26.192.238:0] script '/domains/acagolf1/schallfuns.php' not found or unable to stat
[Mon Feb 23 01:10:21.078038 2026] [php:error] [pid 1413] [client 194.26.192.238:0] script '/domains/acagolf1/postnews.php' not found or unable to stat
[Mon Feb 23 01:10:42.874101 2026] [php:error] [pid 1403] [client 20.48.26.117:0] script '/domains/astrosfm/new4.php' not found or unable to stat
[Mon Feb 23 01:10:43.113087 2026] [php:error] [pid 1403] [client 20.48.26.117:0] script '/domains/astrosfm/shell20211028.php' not found or unable to stat
[Mon Feb 23 01:10:43.577237 2026] [php:error] [pid 1403] [client 20.48.26.117:0] script '/domains/astrosfm/db.php' not found or unable to stat
[Mon Feb 23 01:10:44.094712 2026] [php:error] [pid 1403] [client 20.48.26.117:0] script '/domains/astrosfm/bs1.php' not found or unable to stat
[Mon Feb 23 01:10:44.262089 2026] [php:error] [pid 1403] [client 20.48.26.117:0] script '/domains/astrosfm/BDKR28WP.php' not found or unable to stat
[Mon Feb 23 01:10:44.420285 2026] [php:error] [pid 1403] [client 20.48.26.117:0] script '/domains/astrosfm/zu.php' not found or unable to stat
[Mon Feb 23 01:10:44.578357 2026] [php:error] [pid 1403] [client 20.48.26.117:0] script '/domains/astrosfm/alpha.php' not found or unable to stat
[Mon Feb 23 01:10:44.738079 2026] [php:error] [pid 1403] [client 20.48.26.117:0] script '/domains/astrosfm/sty.php' not found or unable to stat
[Mon Feb 23 01:10:44.906517 2026] [php:error] [pid 1403] [client 20.48.26.117:0] script '/domains/astrosfm/htaccess.php' not found or unable to stat
[Mon Feb 23 01:10:45.440342 2026] [php:error] [pid 1403] [client 20.48.26.117:0] script '/domains/astrosfm/opts.php' not found or unable to stat
[Mon Feb 23 01:10:45.614443 2026] [php:error] [pid 1403] [client 20.48.26.117:0] script '/domains/astrosfm/wp-act.php' not found or unable to stat
[Mon Feb 23 01:10:45.840382 2026] [php:error] [pid 1403] [client 20.48.26.117:0] script '/domains/astrosfm/ze.php' not found or unable to stat
[Mon Feb 23 01:10:46.011997 2026] [php:error] [pid 1403] [client 20.48.26.117:0] script '/domains/astrosfm/seetox.php' not found or unable to stat
[Mon Feb 23 01:10:46.341727 2026] [php:error] [pid 1403] [client 20.48.26.117:0] script '/domains/astrosfm/plugins.php' not found or unable to stat
[Mon Feb 23 01:10:46.501657 2026] [php:error] [pid 1403] [client 20.48.26.117:0] script '/domains/astrosfm/xoot.php' not found or unable to stat
[Mon Feb 23 01:10:46.672874 2026] [php:error] [pid 1403] [client 20.48.26.117:0] script '/domains/astrosfm/X57.php' not found or unable to stat
[Mon Feb 23 01:10:46.682418 2026] [php:error] [pid 1414] [client 172.182.206.241:0] script '/domains/peterbmiller/new4.php' not found or unable to stat
[Mon Feb 23 01:10:46.744529 2026] [php:error] [pid 1414] [client 172.182.206.241:0] script '/domains/peterbmiller/shell20211028.php' not found or unable to stat
[Mon Feb 23 01:10:46.867071 2026] [php:error] [pid 1414] [client 172.182.206.241:0] script '/domains/peterbmiller/db.php' not found or unable to stat
[Mon Feb 23 01:10:46.877442 2026] [php:error] [pid 1403] [client 20.48.26.117:0] script '/domains/astrosfm/vx.php' not found or unable to stat
[Mon Feb 23 01:10:47.051072 2026] [php:error] [pid 1414] [client 172.182.206.241:0] script '/domains/peterbmiller/bs1.php' not found or unable to stat
[Mon Feb 23 01:10:47.064660 2026] [php:error] [pid 1403] [client 20.48.26.117:0] script '/domains/astrosfm/file59.php' not found or unable to stat
[Mon Feb 23 01:10:47.112464 2026] [php:error] [pid 1414] [client 172.182.206.241:0] script '/domains/peterbmiller/BDKR28WP.php' not found or unable to stat
[Mon Feb 23 01:10:47.175149 2026] [php:error] [pid 1414] [client 172.182.206.241:0] script '/domains/peterbmiller/zu.php' not found or unable to stat
[Mon Feb 23 01:10:47.236616 2026] [php:error] [pid 1414] [client 172.182.206.241:0] script '/domains/peterbmiller/alpha.php' not found or unable to stat
[Mon Feb 23 01:10:47.297980 2026] [php:error] [pid 1414] [client 172.182.206.241:0] script '/domains/peterbmiller/sty.php' not found or unable to stat
[Mon Feb 23 01:10:47.359378 2026] [php:error] [pid 1414] [client 172.182.206.241:0] script '/domains/peterbmiller/htaccess.php' not found or unable to stat
[Mon Feb 23 01:10:47.392908 2026] [php:error] [pid 1403] [client 20.48.26.117:0] script '/domains/astrosfm/xa.php' not found or unable to stat
[Mon Feb 23 01:10:47.543579 2026] [php:error] [pid 1414] [client 172.182.206.241:0] script '/domains/peterbmiller/opts.php' not found or unable to stat
[Mon Feb 23 01:10:47.560756 2026] [php:error] [pid 1403] [client 20.48.26.117:0] script '/domains/astrosfm/er.php' not found or unable to stat
[Mon Feb 23 01:10:47.604842 2026] [php:error] [pid 1414] [client 172.182.206.241:0] script '/domains/peterbmiller/wp-act.php' not found or unable to stat
[Mon Feb 23 01:10:47.673565 2026] [php:error] [pid 1414] [client 172.182.206.241:0] script '/domains/peterbmiller/ze.php' not found or unable to stat
[Mon Feb 23 01:10:47.726494 2026] [php:error] [pid 1403] [client 20.48.26.117:0] script '/domains/astrosfm/fault.php' not found or unable to stat
[Mon Feb 23 01:10:47.734870 2026] [php:error] [pid 1414] [client 172.182.206.241:0] script '/domains/peterbmiller/seetox.php' not found or unable to stat
[Mon Feb 23 01:10:47.857354 2026] [php:error] [pid 1414] [client 172.182.206.241:0] script '/domains/peterbmiller/plugins.php' not found or unable to stat
[Mon Feb 23 01:10:47.897284 2026] [php:error] [pid 1403] [client 20.48.26.117:0] script '/domains/astrosfm/motu.php' not found or unable to stat
[Mon Feb 23 01:10:47.918913 2026] [php:error] [pid 1414] [client 172.182.206.241:0] script '/domains/peterbmiller/xoot.php' not found or unable to stat
[Mon Feb 23 01:10:47.980226 2026] [php:error] [pid 1414] [client 172.182.206.241:0] script '/domains/peterbmiller/X57.php' not found or unable to stat
[Mon Feb 23 01:10:48.041958 2026] [php:error] [pid 1414] [client 172.182.206.241:0] script '/domains/peterbmiller/vx.php' not found or unable to stat
[Mon Feb 23 01:10:48.091509 2026] [php:error] [pid 1403] [client 20.48.26.117:0] script '/domains/astrosfm/66.php' not found or unable to stat
[Mon Feb 23 01:10:48.103287 2026] [php:error] [pid 1414] [client 172.182.206.241:0] script '/domains/peterbmiller/file59.php' not found or unable to stat
[Mon Feb 23 01:10:48.226432 2026] [php:error] [pid 1414] [client 172.182.206.241:0] script '/domains/peterbmiller/xa.php' not found or unable to stat
[Mon Feb 23 01:10:48.249279 2026] [php:error] [pid 1403] [client 20.48.26.117:0] script '/domains/astrosfm/leuk.php' not found or unable to stat
[Mon Feb 23 01:10:48.287831 2026] [php:error] [pid 1414] [client 172.182.206.241:0] script '/domains/peterbmiller/er.php' not found or unable to stat
[Mon Feb 23 01:10:48.349211 2026] [php:error] [pid 1414] [client 172.182.206.241:0] script '/domains/peterbmiller/fault.php' not found or unable to stat
[Mon Feb 23 01:10:48.407310 2026] [php:error] [pid 1403] [client 20.48.26.117:0] script '/domains/astrosfm/xqq.php' not found or unable to stat
[Mon Feb 23 01:10:48.410294 2026] [php:error] [pid 1414] [client 172.182.206.241:0] script '/domains/peterbmiller/motu.php' not found or unable to stat
[Mon Feb 23 01:10:48.471717 2026] [php:error] [pid 1414] [client 172.182.206.241:0] script '/domains/peterbmiller/66.php' not found or unable to stat
[Mon Feb 23 01:10:48.533150 2026] [php:error] [pid 1414] [client 172.182.206.241:0] script '/domains/peterbmiller/leuk.php' not found or unable to stat
[Mon Feb 23 01:10:48.572557 2026] [php:error] [pid 1403] [client 20.48.26.117:0] script '/domains/astrosfm/kolda.php' not found or unable to stat
[Mon Feb 23 01:10:48.594529 2026] [php:error] [pid 1414] [client 172.182.206.241:0] script '/domains/peterbmiller/xqq.php' not found or unable to stat
[Mon Feb 23 01:10:48.657913 2026] [php:error] [pid 1414] [client 172.182.206.241:0] script '/domains/peterbmiller/kolda.php' not found or unable to stat
[Mon Feb 23 01:10:48.719210 2026] [php:error] [pid 1414] [client 172.182.206.241:0] script '/domains/peterbmiller/nw.php' not found or unable to stat
[Mon Feb 23 01:10:48.736879 2026] [php:error] [pid 1403] [client 20.48.26.117:0] script '/domains/astrosfm/nw.php' not found or unable to stat
[Mon Feb 23 01:10:48.780425 2026] [php:error] [pid 1414] [client 172.182.206.241:0] script '/domains/peterbmiller/666.php' not found or unable to stat
[Mon Feb 23 01:10:48.841781 2026] [php:error] [pid 1414] [client 172.182.206.241:0] script '/domains/peterbmiller/kj.php' not found or unable to stat
[Mon Feb 23 01:10:48.894443 2026] [php:error] [pid 1403] [client 20.48.26.117:0] script '/domains/astrosfm/666.php' not found or unable to stat
[Mon Feb 23 01:10:48.903211 2026] [php:error] [pid 1414] [client 172.182.206.241:0] script '/domains/peterbmiller/un.php' not found or unable to stat
[Mon Feb 23 01:10:48.964837 2026] [php:error] [pid 1414] [client 172.182.206.241:0] script '/domains/peterbmiller/fs.php' not found or unable to stat
[Mon Feb 23 01:10:49.026261 2026] [php:error] [pid 1414] [client 172.182.206.241:0] script '/domains/peterbmiller/ms.php' not found or unable to stat
[Mon Feb 23 01:10:49.064650 2026] [php:error] [pid 1403] [client 20.48.26.117:0] script '/domains/astrosfm/kj.php' not found or unable to stat
[Mon Feb 23 01:10:49.087548 2026] [php:error] [pid 1414] [client 172.182.206.241:0] script '/domains/peterbmiller/login5.php' not found or unable to stat
[Mon Feb 23 01:10:49.149089 2026] [php:error] [pid 1414] [client 172.182.206.241:0] script '/domains/peterbmiller/cu.php' not found or unable to stat
[Mon Feb 23 01:10:49.211062 2026] [php:error] [pid 1414] [client 172.182.206.241:0] script '/domains/peterbmiller/lul.php' not found or unable to stat
[Mon Feb 23 01:10:49.232612 2026] [php:error] [pid 1403] [client 20.48.26.117:0] script '/domains/astrosfm/un.php' not found or unable to stat
[Mon Feb 23 01:10:49.272685 2026] [php:error] [pid 1414] [client 172.182.206.241:0] script '/domains/peterbmiller/0.php' not found or unable to stat
[Mon Feb 23 01:10:49.334410 2026] [php:error] [pid 1414] [client 172.182.206.241:0] script '/domains/peterbmiller/ms-edit.php' not found or unable to stat
[Mon Feb 23 01:10:49.395781 2026] [php:error] [pid 1414] [client 172.182.206.241:0] script '/domains/peterbmiller/grsiuk.php' not found or unable to stat
[Mon Feb 23 01:10:49.399053 2026] [php:error] [pid 1403] [client 20.48.26.117:0] script '/domains/astrosfm/fs.php' not found or unable to stat
[Mon Feb 23 01:10:49.457261 2026] [php:error] [pid 1414] [client 172.182.206.241:0] script '/domains/peterbmiller/wp-blog.php' not found or unable to stat
[Mon Feb 23 01:10:49.518675 2026] [php:error] [pid 1414] [client 172.182.206.241:0] script '/domains/peterbmiller/wp-access.php' not found or unable to stat
[Mon Feb 23 01:10:49.556596 2026] [php:error] [pid 1403] [client 20.48.26.117:0] script '/domains/astrosfm/ms.php' not found or unable to stat
[Mon Feb 23 01:10:49.579948 2026] [php:error] [pid 1414] [client 172.182.206.241:0] script '/domains/peterbmiller/a1vx.php' not found or unable to stat
[Mon Feb 23 01:10:49.641731 2026] [php:error] [pid 1414] [client 172.182.206.241:0] script '/domains/peterbmiller/sbhu.php' not found or unable to stat
[Mon Feb 23 01:10:49.703453 2026] [php:error] [pid 1414] [client 172.182.206.241:0] script '/domains/peterbmiller/wp-the.php' not found or unable to stat
