[Mon Feb 23 00:51:10.672323 2026] [php:error] [pid 1144] [client 194.26.192.238:0] script '/domains/familyplayhouse2/postnews.php' not found or unable to stat
[Mon Feb 23 00:51:10.687309 2026] [php:error] [pid 1175] [client 20.197.58.121:0] script '/domains/samscars/rip.php' not found or unable to stat
[Mon Feb 23 00:51:10.885860 2026] [php:error] [pid 1175] [client 20.197.58.121:0] script '/domains/samscars/autoload_classmap.php' not found or unable to stat
[Mon Feb 23 00:51:11.084354 2026] [php:error] [pid 1175] [client 20.197.58.121:0] script '/domains/samscars/chosen.php' not found or unable to stat
[Mon Feb 23 00:51:11.282772 2026] [php:error] [pid 1175] [client 20.197.58.121:0] script '/domains/samscars/classwithtostring.php' not found or unable to stat
[Mon Feb 23 00:51:11.482221 2026] [php:error] [pid 1175] [client 20.197.58.121:0] script '/domains/samscars/defaults.php' not found or unable to stat
[Mon Feb 23 00:51:12.498365 2026] [php:error] [pid 1175] [client 20.197.58.121:0] script '/domains/samscars/info.php' not found or unable to stat
[Mon Feb 23 00:51:13.899000 2026] [php:error] [pid 1175] [client 20.197.58.121:0] script '/domains/samscars/adminfuns.php' not found or unable to stat
[Mon Feb 23 00:51:21.301528 2026] [php:error] [pid 1142] [client 80.97.160.166:0] script '/domains/performancepartsinc/images/wp-login.php' not found or unable to stat, referer: http://www.performancepartsinc.com/images/wp-login.php
[Mon Feb 23 00:51:24.238848 2026] [php:error] [pid 1173] [client 80.97.160.166:0] script '/domains/performancepartsinc/images/ex.php' not found or unable to stat, referer: http://www.performancepartsinc.com/images/ex.php
[Mon Feb 23 00:51:27.217378 2026] [php:error] [pid 1156] [client 80.97.160.166:0] script '/domains/performancepartsinc/images/radio.php' not found or unable to stat, referer: http://www.performancepartsinc.com/images/radio.php
[Mon Feb 23 00:51:29.861247 2026] [php:error] [pid 1171] [client 80.97.160.166:0] script '/domains/performancepartsinc/images/inputs.php' not found or unable to stat, referer: http://www.performancepartsinc.com/images/inputs.php
[Mon Feb 23 00:51:31.542436 2026] [php:error] [pid 1179] [client 91.202.4.80:0] script '/domains/lover/txets.php' not found or unable to stat
[Mon Feb 23 00:51:33.177256 2026] [php:error] [pid 1181] [client 80.97.160.166:0] script '/domains/performancepartsinc/images/about.php' not found or unable to stat, referer: http://www.performancepartsinc.com/images/about.php
[Mon Feb 23 00:51:36.655199 2026] [php:error] [pid 1184] [client 80.97.160.166:0] script '/domains/performancepartsinc/images/pages.php' not found or unable to stat, referer: http://www.performancepartsinc.com/images/pages.php
[Mon Feb 23 00:52:15.429881 2026] [php:error] [pid 1185] [client 40.80.90.214:0] script '/domains/fryer/myfile.php' not found or unable to stat
[Mon Feb 23 00:52:15.646803 2026] [php:error] [pid 1185] [client 40.80.90.214:0] script '/domains/fryer/work.php' not found or unable to stat
[Mon Feb 23 00:52:15.880027 2026] [php:error] [pid 1185] [client 40.80.90.214:0] script '/domains/fryer/C.php' not found or unable to stat
[Mon Feb 23 00:52:16.114722 2026] [php:error] [pid 1185] [client 40.80.90.214:0] script '/domains/fryer/ze.php' not found or unable to stat
[Mon Feb 23 00:52:16.328592 2026] [php:error] [pid 1185] [client 40.80.90.214:0] script '/domains/fryer/new4.php' not found or unable to stat
[Mon Feb 23 00:52:16.552119 2026] [php:error] [pid 1185] [client 40.80.90.214:0] script '/domains/fryer/sc.php' not found or unable to stat
[Mon Feb 23 00:52:17.052986 2026] [php:error] [pid 1185] [client 40.80.90.214:0] script '/domains/fryer/pouhg.php' not found or unable to stat
[Mon Feb 23 00:52:17.261842 2026] [php:error] [pid 1185] [client 40.80.90.214:0] script '/domains/fryer/vgtyu.php' not found or unable to stat
[Mon Feb 23 00:52:17.470760 2026] [php:error] [pid 1185] [client 40.80.90.214:0] script '/domains/fryer/aq.php' not found or unable to stat
[Mon Feb 23 00:52:17.687592 2026] [php:error] [pid 1185] [client 40.80.90.214:0] script '/domains/fryer/opts.php' not found or unable to stat
[Mon Feb 23 00:52:18.068624 2026] [php:error] [pid 1185] [client 40.80.90.214:0] script '/domains/fryer/x123.php' not found or unable to stat
[Mon Feb 23 00:52:18.279280 2026] [php:error] [pid 1185] [client 40.80.90.214:0] script '/domains/fryer/wp-act.php' not found or unable to stat
[Mon Feb 23 00:52:18.488190 2026] [php:error] [pid 1185] [client 40.80.90.214:0] script '/domains/fryer/moshou.php' not found or unable to stat
[Mon Feb 23 00:52:18.714578 2026] [php:error] [pid 1185] [client 40.80.90.214:0] script '/domains/fryer/seetox.php' not found or unable to stat
[Mon Feb 23 00:52:18.928061 2026] [php:error] [pid 1185] [client 40.80.90.214:0] script '/domains/fryer/dom.php' not found or unable to stat
[Mon Feb 23 00:52:19.242244 2026] [php:error] [pid 1185] [client 40.80.90.214:0] script '/domains/fryer/ws60.php' not found or unable to stat
[Mon Feb 23 00:52:19.649889 2026] [php:error] [pid 1185] [client 40.80.90.214:0] script '/domains/fryer/samiri.php' not found or unable to stat
[Mon Feb 23 00:52:19.989962 2026] [php:error] [pid 1185] [client 40.80.90.214:0] script '/domains/fryer/plugins.php' not found or unable to stat
[Mon Feb 23 00:52:20.251385 2026] [php:error] [pid 1185] [client 40.80.90.214:0] script '/domains/fryer/xoot.php' not found or unable to stat
[Mon Feb 23 00:52:20.460373 2026] [php:error] [pid 1185] [client 40.80.90.214:0] script '/domains/fryer/X57.php' not found or unable to stat
[Mon Feb 23 00:52:20.724816 2026] [php:error] [pid 1185] [client 40.80.90.214:0] script '/domains/fryer/vx.php' not found or unable to stat
[Mon Feb 23 00:52:20.937004 2026] [php:error] [pid 1185] [client 40.80.90.214:0] script '/domains/fryer/file59.php' not found or unable to stat
[Mon Feb 23 00:52:21.355215 2026] [php:error] [pid 1185] [client 40.80.90.214:0] script '/domains/fryer/shas.php' not found or unable to stat
[Mon Feb 23 00:52:21.564642 2026] [php:error] [pid 1185] [client 40.80.90.214:0] script '/domains/fryer/xa.php' not found or unable to stat
[Mon Feb 23 00:52:21.774856 2026] [php:error] [pid 1185] [client 40.80.90.214:0] script '/domains/fryer/xda.php' not found or unable to stat
[Mon Feb 23 00:52:22.048170 2026] [php:error] [pid 1185] [client 40.80.90.214:0] script '/domains/fryer/er.php' not found or unable to stat
[Mon Feb 23 00:52:22.257664 2026] [php:error] [pid 1185] [client 40.80.90.214:0] script '/domains/fryer/fault.php' not found or unable to stat
[Mon Feb 23 00:52:22.507614 2026] [php:error] [pid 1185] [client 40.80.90.214:0] script '/domains/fryer/motu.php' not found or unable to stat
[Mon Feb 23 00:52:22.735762 2026] [php:error] [pid 1185] [client 40.80.90.214:0] script '/domains/fryer/66.php' not found or unable to stat
[Mon Feb 23 00:52:22.944967 2026] [php:error] [pid 1185] [client 40.80.90.214:0] script '/domains/fryer/leuk.php' not found or unable to stat
[Mon Feb 23 00:52:23.172875 2026] [php:error] [pid 1185] [client 40.80.90.214:0] script '/domains/fryer/xqq.php' not found or unable to stat
[Mon Feb 23 00:52:23.422144 2026] [php:error] [pid 1185] [client 40.80.90.214:0] script '/domains/fryer/kolda.php' not found or unable to stat
[Mon Feb 23 00:52:23.720246 2026] [php:error] [pid 1185] [client 40.80.90.214:0] script '/domains/fryer/nw.php' not found or unable to stat
[Mon Feb 23 00:52:23.933756 2026] [php:error] [pid 1185] [client 40.80.90.214:0] script '/domains/fryer/god.php' not found or unable to stat
[Mon Feb 23 00:52:24.142372 2026] [php:error] [pid 1185] [client 40.80.90.214:0] script '/domains/fryer/666.php' not found or unable to stat
[Mon Feb 23 00:52:24.551434 2026] [php:error] [pid 1185] [client 40.80.90.214:0] script '/domains/fryer/kj.php' not found or unable to stat
[Mon Feb 23 00:52:24.760744 2026] [php:error] [pid 1185] [client 40.80.90.214:0] script '/domains/fryer/un.php' not found or unable to stat
[Mon Feb 23 00:52:24.969866 2026] [php:error] [pid 1185] [client 40.80.90.214:0] script '/domains/fryer/fs.php' not found or unable to stat
[Mon Feb 23 00:52:25.185425 2026] [php:error] [pid 1185] [client 40.80.90.214:0] script '/domains/fryer/ms.php' not found or unable to stat
[Mon Feb 23 00:52:25.417808 2026] [php:error] [pid 1185] [client 40.80.90.214:0] script '/domains/fryer/login8.php' not found or unable to stat
[Mon Feb 23 00:52:25.686831 2026] [php:error] [pid 1185] [client 40.80.90.214:0] script '/domains/fryer/nnyvn.php' not found or unable to stat
[Mon Feb 23 00:52:25.895660 2026] [php:error] [pid 1185] [client 40.80.90.214:0] script '/domains/fryer/cu.php' not found or unable to stat
[Mon Feb 23 00:52:26.108802 2026] [php:error] [pid 1185] [client 40.80.90.214:0] script '/domains/fryer/lul.php' not found or unable to stat
[Mon Feb 23 00:52:26.328549 2026] [php:error] [pid 1185] [client 40.80.90.214:0] script '/domains/fryer/0.php' not found or unable to stat
[Mon Feb 23 00:52:26.537616 2026] [php:error] [pid 1185] [client 40.80.90.214:0] script '/domains/fryer/ms-edit.php' not found or unable to stat
[Mon Feb 23 00:52:26.946038 2026] [php:error] [pid 1144] [client 20.189.202.58:0] script '/domains/system_default/wp-trackback.php' not found or unable to stat
[Mon Feb 23 00:52:26.946157 2026] [php:error] [pid 1185] [client 40.80.90.214:0] script '/domains/fryer/ya.php' not found or unable to stat
[Mon Feb 23 00:52:27.113007 2026] [php:error] [pid 1144] [client 20.189.202.58:0] script '/domains/system_default/about.php' not found or unable to stat
[Mon Feb 23 00:52:27.157794 2026] [php:error] [pid 1185] [client 40.80.90.214:0] script '/domains/fryer/grsiuk.php' not found or unable to stat
[Mon Feb 23 00:52:27.311758 2026] [php:error] [pid 1144] [client 20.189.202.58:0] script '/domains/system_default/file.php' not found or unable to stat
[Mon Feb 23 00:52:27.373521 2026] [php:error] [pid 1185] [client 40.80.90.214:0] script '/domains/fryer/wp-blog.php' not found or unable to stat
[Mon Feb 23 00:52:27.479043 2026] [php:error] [pid 1144] [client 20.189.202.58:0] script '/domains/system_default/wp-good.php' not found or unable to stat
[Mon Feb 23 00:52:27.583383 2026] [php:error] [pid 1185] [client 40.80.90.214:0] script '/domains/fryer/wp-access.php' not found or unable to stat
[Mon Feb 23 00:52:27.657684 2026] [php:error] [pid 1144] [client 20.189.202.58:0] script '/domains/system_default/xmlrpc.php' not found or unable to stat
[Mon Feb 23 00:52:27.824636 2026] [php:error] [pid 1144] [client 20.189.202.58:0] script '/domains/system_default/goods.php' not found or unable to stat
[Mon Feb 23 00:52:27.921207 2026] [php:error] [pid 1185] [client 40.80.90.214:0] script '/domains/fryer/a1vx.php' not found or unable to stat
[Mon Feb 23 00:52:27.992274 2026] [php:error] [pid 1144] [client 20.189.202.58:0] script '/domains/system_default/ioxi-o.php' not found or unable to stat
[Mon Feb 23 00:52:28.130456 2026] [php:error] [pid 1185] [client 40.80.90.214:0] script '/domains/fryer/sbhu.php' not found or unable to stat
[Mon Feb 23 00:52:28.166943 2026] [php:error] [pid 1144] [client 20.189.202.58:0] script '/domains/system_default/class-t.api.php' not found or unable to stat
[Mon Feb 23 00:52:28.334103 2026] [php:error] [pid 1144] [client 20.189.202.58:0] script '/domains/system_default/admin.php' not found or unable to stat
[Mon Feb 23 00:52:28.421300 2026] [php:error] [pid 1185] [client 40.80.90.214:0] script '/domains/fryer/wp-the.php' not found or unable to stat
[Mon Feb 23 00:52:28.501030 2026] [php:error] [pid 1144] [client 20.189.202.58:0] script '/domains/system_default/sf.php' not found or unable to stat
[Mon Feb 23 00:52:28.633617 2026] [php:error] [pid 1185] [client 40.80.90.214:0] script '/domains/fryer/06.php' not found or unable to stat
[Mon Feb 23 00:52:28.669433 2026] [php:error] [pid 1144] [client 20.189.202.58:0] script '/domains/system_default/rip.php' not found or unable to stat
[Mon Feb 23 00:52:28.836897 2026] [php:error] [pid 1144] [client 20.189.202.58:0] script '/domains/system_default/autoload_classmap.php' not found or unable to stat
[Mon Feb 23 00:52:28.845041 2026] [php:error] [pid 1185] [client 40.80.90.214:0] script '/domains/fryer/wp5.php' not found or unable to stat
[Mon Feb 23 00:52:29.003618 2026] [php:error] [pid 1144] [client 20.189.202.58:0] script '/domains/system_default/chosen.php' not found or unable to stat
[Mon Feb 23 00:52:29.135122 2026] [php:error] [pid 1185] [client 40.80.90.214:0] script '/domains/fryer/fot.php' not found or unable to stat
[Mon Feb 23 00:52:29.170566 2026] [php:error] [pid 1144] [client 20.189.202.58:0] script '/domains/system_default/classwithtostring.php' not found or unable to stat
[Mon Feb 23 00:52:29.360616 2026] [php:error] [pid 1144] [client 20.189.202.58:0] script '/domains/system_default/defaults.php' not found or unable to stat
[Mon Feb 23 00:52:29.366085 2026] [php:error] [pid 1185] [client 40.80.90.214:0] script '/domains/fryer/ff1.php' not found or unable to stat
[Mon Feb 23 00:52:29.394744 2026] [php:error] [pid 1184] [client 194.26.192.238:0] script '/domains/machinadynamica/txets.php' not found or unable to stat
[Mon Feb 23 00:52:29.574732 2026] [php:error] [pid 1185] [client 40.80.90.214:0] script '/domains/fryer/forbidals.php' not found or unable to stat
[Mon Feb 23 00:52:29.787726 2026] [php:error] [pid 1185] [client 40.80.90.214:0] script '/domains/fryer/erty.php' not found or unable to stat
[Mon Feb 23 00:52:30.058581 2026] [php:error] [pid 1185] [client 40.80.90.214:0] script '/domains/fryer/dev1s.php' not found or unable to stat
[Mon Feb 23 00:52:30.214779 2026] [php:error] [pid 1144] [client 20.189.202.58:0] script '/domains/system_default/info.php' not found or unable to stat
[Mon Feb 23 00:52:30.269886 2026] [php:error] [pid 1185] [client 40.80.90.214:0] script '/domains/fryer/ffd.php' not found or unable to stat
[Mon Feb 23 00:52:30.494242 2026] [php:error] [pid 1185] [client 40.80.90.214:0] script '/domains/fryer/admiin.php' not found or unable to stat
[Mon Feb 23 00:52:30.737432 2026] [php:error] [pid 1185] [client 40.80.90.214:0] script '/domains/fryer/ol.php' not found or unable to stat
[Mon Feb 23 00:52:30.951360 2026] [php:error] [pid 1185] [client 40.80.90.214:0] script '/domains/fryer/Sanskrit.php' not found or unable to stat
[Mon Feb 23 00:52:31.120026 2026] [php:error] [pid 1178] [client 194.26.192.238:0] script '/domains/machinadynamica/schallfuns.php' not found or unable to stat
[Mon Feb 23 00:52:31.168156 2026] [php:error] [pid 1185] [client 40.80.90.214:0] script '/domains/fryer/vxrl.php' not found or unable to stat
[Mon Feb 23 00:52:31.367216 2026] [php:error] [pid 1186] [client 194.26.192.238:0] script '/domains/machinadynamica/postnews.php' not found or unable to stat
[Mon Feb 23 00:52:31.388239 2026] [php:error] [pid 1185] [client 40.80.90.214:0] script '/domains/fryer/re.php' not found or unable to stat
[Mon Feb 23 00:52:31.419003 2026] [php:error] [pid 1144] [client 20.189.202.58:0] script '/domains/system_default/adminfuns.php' not found or unable to stat
[Mon Feb 23 00:52:31.600931 2026] [php:error] [pid 1185] [client 40.80.90.214:0] script '/domains/fryer/num.php' not found or unable to stat
[Mon Feb 23 00:52:32.238315 2026] [php:error] [pid 1185] [client 40.80.90.214:0] script '/domains/fryer/axx.php' not found or unable to stat
[Mon Feb 23 00:52:32.446913 2026] [php:error] [pid 1185] [client 40.80.90.214:0] script '/domains/fryer/vxrl.php' not found or unable to stat
[Mon Feb 23 00:52:32.657224 2026] [php:error] [pid 1185] [client 40.80.90.214:0] script '/domains/fryer/in.php' not found or unable to stat
[Mon Feb 23 00:52:32.949522 2026] [php:error] [pid 1185] [client 40.80.90.214:0] script '/domains/fryer/style.php' not found or unable to stat
[Mon Feb 23 00:52:33.158650 2026] [php:error] [pid 1185] [client 40.80.90.214:0] script '/domains/fryer/we.php' not found or unable to stat
[Mon Feb 23 00:52:33.386085 2026] [php:error] [pid 1185] [client 40.80.90.214:0] script '/domains/fryer/zwso.php' not found or unable to stat
[Mon Feb 23 00:52:33.606418 2026] [php:error] [pid 1185] [client 40.80.90.214:0] script '/domains/fryer/karak.php' not found or unable to stat
[Mon Feb 23 00:52:33.953596 2026] [php:error] [pid 1185] [client 40.80.90.214:0] script '/domains/fryer/prv8.php' not found or unable to stat
[Mon Feb 23 00:52:34.279453 2026] [php:error] [pid 1185] [client 40.80.90.214:0] script '/domains/fryer/i.php' not found or unable to stat
[Mon Feb 23 00:52:34.513815 2026] [php:error] [pid 1185] [client 40.80.90.214:0] script '/domains/fryer/a.php' not found or unable to stat
[Mon Feb 23 00:52:34.875172 2026] [php:error] [pid 1185] [client 40.80.90.214:0] script '/domains/fryer/xmlrpc.php' not found or unable to stat
[Mon Feb 23 00:52:35.241338 2026] [php:error] [pid 1185] [client 40.80.90.214:0] script '/domains/fryer/aw.php' not found or unable to stat
[Mon Feb 23 00:52:35.543357 2026] [php:error] [pid 1185] [client 40.80.90.214:0] script '/domains/fryer/dev.php' not found or unable to stat
[Mon Feb 23 00:52:35.753087 2026] [php:error] [pid 1185] [client 40.80.90.214:0] script '/domains/fryer/lock360.php' not found or unable to stat
[Mon Feb 23 00:52:35.965107 2026] [php:error] [pid 1185] [client 40.80.90.214:0] script '/domains/fryer/155.php' not found or unable to stat
[Mon Feb 23 00:52:36.236038 2026] [php:error] [pid 1185] [client 40.80.90.214:0] script '/domains/fryer/goat.php' not found or unable to stat
[Mon Feb 23 00:52:36.445877 2026] [php:error] [pid 1185] [client 40.80.90.214:0] script '/domains/fryer/tcp.php' not found or unable to stat
[Mon Feb 23 00:52:36.682430 2026] [php:error] [pid 1185] [client 40.80.90.214:0] script '/domains/fryer/ext.php' not found or unable to stat
[Mon Feb 23 00:52:37.006947 2026] [php:error] [pid 1185] [client 40.80.90.214:0] script '/domains/fryer/inputs.php' not found or unable to stat
[Mon Feb 23 00:52:38.845632 2026] [php:error] [pid 1185] [client 40.80.90.214:0] script '/domains/fryer/ioxi.php' not found or unable to stat
[Mon Feb 23 00:52:39.057147 2026] [php:error] [pid 1185] [client 40.80.90.214:0] script '/domains/fryer/fe5.php' not found or unable to stat
[Mon Feb 23 00:52:39.284027 2026] [php:error] [pid 1185] [client 40.80.90.214:0] script '/domains/fryer/ov.php' not found or unable to stat
[Mon Feb 23 00:52:39.720796 2026] [php:error] [pid 1185] [client 40.80.90.214:0] script '/domains/fryer/default.php' not found or unable to stat
[Mon Feb 23 00:52:39.929748 2026] [php:error] [pid 1185] [client 40.80.90.214:0] script '/domains/fryer/abcd.php' not found or unable to stat
[Mon Feb 23 00:52:40.167575 2026] [php:error] [pid 1185] [client 40.80.90.214:0] script '/domains/fryer/class.1.php' not found or unable to stat
[Mon Feb 23 00:52:40.377076 2026] [php:error] [pid 1185] [client 40.80.90.214:0] script '/domains/fryer/async.php' not found or unable to stat
[Mon Feb 23 00:52:40.586909 2026] [php:error] [pid 1185] [client 40.80.90.214:0] script '/domains/fryer/ff.php' not found or unable to stat
[Mon Feb 23 00:52:40.806200 2026] [php:error] [pid 1185] [client 40.80.90.214:0] script '/domains/fryer/ioxi-o.php' not found or unable to stat
[Mon Feb 23 00:52:41.029458 2026] [php:error] [pid 1185] [client 40.80.90.214:0] script '/domains/fryer/manager.php' not found or unable to stat
[Mon Feb 23 00:52:41.240537 2026] [php:error] [pid 1185] [client 40.80.90.214:0] script '/domains/fryer/wp-update.php' not found or unable to stat
[Mon Feb 23 00:52:41.566711 2026] [php:error] [pid 1185] [client 40.80.90.214:0] script '/domains/fryer/file.php' not found or unable to stat
[Mon Feb 23 00:52:42.851927 2026] [php:error] [pid 1184] [client 40.80.90.214:0] script '/domains/fryer/lc.php' not found or unable to stat
[Mon Feb 23 00:52:43.092573 2026] [php:error] [pid 1184] [client 40.80.90.214:0] script '/domains/fryer/cbrfo.php' not found or unable to stat
[Mon Feb 23 00:52:43.351324 2026] [php:error] [pid 1184] [client 40.80.90.214:0] script '/domains/fryer/inc.php' not found or unable to stat
[Mon Feb 23 00:52:43.568274 2026] [php:error] [pid 1184] [client 40.80.90.214:0] script '/domains/fryer/gifclass.php' not found or unable to stat
[Mon Feb 23 00:52:43.792368 2026] [php:error] [pid 1184] [client 40.80.90.214:0] script '/domains/fryer/miansha.php' not found or unable to stat
[Mon Feb 23 00:52:44.018549 2026] [php:error] [pid 1184] [client 40.80.90.214:0] script '/domains/fryer/tinyfilemanager.php' not found or unable to stat
[Mon Feb 23 00:52:44.232209 2026] [php:error] [pid 1184] [client 40.80.90.214:0] script '/domains/fryer/admin.php' not found or unable to stat
[Mon Feb 23 00:52:44.540618 2026] [php:error] [pid 1184] [client 40.80.90.214:0] script '/domains/fryer/ok.php' not found or unable to stat
[Mon Feb 23 00:52:45.125290 2026] [php:error] [pid 1184] [client 40.80.90.214:0] script '/domains/fryer/fi.php' not found or unable to stat
[Mon Feb 23 00:52:45.335103 2026] [php:error] [pid 1184] [client 40.80.90.214:0] script '/domains/fryer/muzu.php' not found or unable to stat
[Mon Feb 23 00:52:45.723230 2026] [php:error] [pid 1184] [client 40.80.90.214:0] script '/domains/fryer/reze.php' not found or unable to stat
[Mon Feb 23 00:52:45.932417 2026] [php:error] [pid 1184] [client 40.80.90.214:0] script '/domains/fryer/styll.php' not found or unable to stat
[Mon Feb 23 00:52:46.142279 2026] [php:error] [pid 1184] [client 40.80.90.214:0] script '/domains/fryer/x7.php' not found or unable to stat
[Mon Feb 23 00:52:46.373543 2026] [php:error] [pid 1184] [client 40.80.90.214:0] script '/domains/fryer/thebe.php' not found or unable to stat
[Mon Feb 23 00:52:46.582790 2026] [php:error] [pid 1184] [client 40.80.90.214:0] script '/domains/fryer/ddd.php' not found or unable to stat
[Mon Feb 23 00:52:46.834367 2026] [php:error] [pid 1184] [client 40.80.90.214:0] script '/domains/fryer/bgymj.php' not found or unable to stat
[Mon Feb 23 00:52:47.045145 2026] [php:error] [pid 1184] [client 40.80.90.214:0] script '/domains/fryer/8xyz.php' not found or unable to stat
[Mon Feb 23 00:52:47.272711 2026] [php:error] [pid 1184] [client 40.80.90.214:0] script '/domains/fryer/ioxi.php' not found or unable to stat
[Mon Feb 23 00:52:47.482282 2026] [php:error] [pid 1184] [client 40.80.90.214:0] script '/domains/fryer/xpwer1.php' not found or unable to stat
[Mon Feb 23 00:52:47.691497 2026] [php:error] [pid 1184] [client 40.80.90.214:0] script '/domains/fryer/lala.php' not found or unable to stat
[Mon Feb 23 00:52:47.916870 2026] [php:error] [pid 1184] [client 40.80.90.214:0] script '/domains/fryer/about.php' not found or unable to stat
[Mon Feb 23 00:52:48.969097 2026] [php:error] [pid 1184] [client 40.80.90.214:0] script '/domains/fryer/info.php' not found or unable to stat
[Mon Feb 23 00:52:49.191660 2026] [php:error] [pid 1184] [client 40.80.90.214:0] script '/domains/fryer/about.php' not found or unable to stat
[Mon Feb 23 00:52:49.984794 2026] [php:error] [pid 1184] [client 40.80.90.214:0] script '/domains/fryer/222.php' not found or unable to stat
[Mon Feb 23 00:52:50.194226 2026] [php:error] [pid 1184] [client 40.80.90.214:0] script '/domains/fryer/adminfuns.php' not found or unable to stat
[Mon Feb 23 00:52:50.770887 2026] [php:error] [pid 1184] [client 40.80.90.214:0] script '/domains/fryer/xx.php' not found or unable to stat
[Mon Feb 23 00:52:51.189525 2026] [php:error] [pid 1184] [client 40.80.90.214:0] script '/domains/fryer/f5.php' not found or unable to stat
[Mon Feb 23 00:52:51.420135 2026] [php:error] [pid 1184] [client 40.80.90.214:0] script '/domains/fryer/flower.php' not found or unable to stat
[Mon Feb 23 00:52:51.639175 2026] [php:error] [pid 1184] [client 40.80.90.214:0] script '/domains/fryer/f6.php' not found or unable to stat
[Mon Feb 23 00:52:51.921510 2026] [php:error] [pid 1184] [client 40.80.90.214:0] script '/domains/fryer/edit.php' not found or unable to stat
[Mon Feb 23 00:52:52.705116 2026] [php:error] [pid 1184] [client 40.80.90.214:0] script '/domains/fryer/av.php' not found or unable to stat
[Mon Feb 23 00:52:53.226525 2026] [php:error] [pid 1184] [client 40.80.90.214:0] script '/domains/fryer/wsd.php' not found or unable to stat
[Mon Feb 23 00:52:53.435832 2026] [php:error] [pid 1184] [client 40.80.90.214:0] script '/domains/fryer/jane.php' not found or unable to stat
[Mon Feb 23 00:52:53.646625 2026] [php:error] [pid 1184] [client 40.80.90.214:0] script '/domains/fryer/css.php' not found or unable to stat
[Mon Feb 23 00:52:53.875264 2026] [php:error] [pid 1184] [client 40.80.90.214:0] script '/domains/fryer/alfa.php' not found or unable to stat
[Mon Feb 23 00:52:54.112376 2026] [php:error] [pid 1184] [client 40.80.90.214:0] script '/domains/fryer/wen.php' not found or unable to stat
[Mon Feb 23 00:52:54.334687 2026] [php:error] [pid 1184] [client 40.80.90.214:0] script '/domains/fryer/x.php' not found or unable to stat
[Mon Feb 23 00:52:54.543969 2026] [php:error] [pid 1184] [client 40.80.90.214:0] script '/domains/fryer/xxxx.php' not found or unable to stat
[Mon Feb 23 00:52:54.753228 2026] [php:error] [pid 1184] [client 40.80.90.214:0] script '/domains/fryer/class.php' not found or unable to stat
[Mon Feb 23 00:52:54.974937 2026] [php:error] [pid 1184] [client 40.80.90.214:0] script '/domains/fryer/f35.php' not found or unable to stat
[Mon Feb 23 00:52:55.825893 2026] [php:error] [pid 1184] [client 40.80.90.214:0] script '/domains/fryer/class-t.api.php' not found or unable to stat
[Mon Feb 23 00:52:56.153120 2026] [php:error] [pid 1184] [client 40.80.90.214:0] script '/domains/fryer/blurbs18.php' not found or unable to stat
[Mon Feb 23 00:52:56.677066 2026] [php:error] [pid 1191] [client 20.210.89.170:0] script '/domains/system_default/wp-trackback.php' not found or unable to stat
[Mon Feb 23 00:52:56.846868 2026] [php:error] [pid 1191] [client 20.210.89.170:0] script '/domains/system_default/about.php' not found or unable to stat
[Mon Feb 23 00:52:57.016416 2026] [php:error] [pid 1191] [client 20.210.89.170:0] script '/domains/system_default/file.php' not found or unable to stat
[Mon Feb 23 00:52:57.185452 2026] [php:error] [pid 1191] [client 20.210.89.170:0] script '/domains/system_default/wp-good.php' not found or unable to stat
[Mon Feb 23 00:52:57.354802 2026] [php:error] [pid 1191] [client 20.210.89.170:0] script '/domains/system_default/xmlrpc.php' not found or unable to stat
[Mon Feb 23 00:52:57.539688 2026] [php:error] [pid 1191] [client 20.210.89.170:0] script '/domains/system_default/goods.php' not found or unable to stat
[Mon Feb 23 00:52:57.710018 2026] [php:error] [pid 1191] [client 20.210.89.170:0] script '/domains/system_default/ioxi-o.php' not found or unable to stat
[Mon Feb 23 00:52:57.760223 2026] [php:error] [pid 1184] [client 40.80.90.214:0] script '/domains/fryer/bless11.php' not found or unable to stat
[Mon Feb 23 00:52:57.879728 2026] [php:error] [pid 1191] [client 20.210.89.170:0] script '/domains/system_default/class-t.api.php' not found or unable to stat
[Mon Feb 23 00:52:58.043281 2026] [php:error] [pid 1184] [client 40.80.90.214:0] script '/domains/fryer/init.php' not found or unable to stat
[Mon Feb 23 00:52:58.048875 2026] [php:error] [pid 1191] [client 20.210.89.170:0] script '/domains/system_default/admin.php' not found or unable to stat
[Mon Feb 23 00:52:58.218180 2026] [php:error] [pid 1191] [client 20.210.89.170:0] script '/domains/system_default/sf.php' not found or unable to stat
[Mon Feb 23 00:52:58.406506 2026] [php:error] [pid 1191] [client 20.210.89.170:0] script '/domains/system_default/rip.php' not found or unable to stat
[Mon Feb 23 00:52:58.511890 2026] [php:error] [pid 1184] [client 40.80.90.214:0] script '/domains/fryer/k.php' not found or unable to stat
[Mon Feb 23 00:52:58.575807 2026] [php:error] [pid 1191] [client 20.210.89.170:0] script '/domains/system_default/autoload_classmap.php' not found or unable to stat
[Mon Feb 23 00:52:58.721142 2026] [php:error] [pid 1184] [client 40.80.90.214:0] script '/domains/fryer/bless.php' not found or unable to stat
[Mon Feb 23 00:52:58.745418 2026] [php:error] [pid 1191] [client 20.210.89.170:0] script '/domains/system_default/chosen.php' not found or unable to stat
[Mon Feb 23 00:52:58.914905 2026] [php:error] [pid 1191] [client 20.210.89.170:0] script '/domains/system_default/classwithtostring.php' not found or unable to stat
[Mon Feb 23 00:52:58.934666 2026] [php:error] [pid 1184] [client 40.80.90.214:0] script '/domains/fryer/X7x.php' not found or unable to stat
[Mon Feb 23 00:52:59.084199 2026] [php:error] [pid 1191] [client 20.210.89.170:0] script '/domains/system_default/defaults.php' not found or unable to stat
[Mon Feb 23 00:52:59.148852 2026] [php:error] [pid 1184] [client 40.80.90.214:0] script '/domains/fryer/166.php' not found or unable to stat
[Mon Feb 23 00:52:59.363444 2026] [php:error] [pid 1184] [client 40.80.90.214:0] script '/domains/fryer/plss3.php' not found or unable to stat
[Mon Feb 23 00:52:59.951517 2026] [php:error] [pid 1184] [client 40.80.90.214:0] script '/domains/fryer/admins.php' not found or unable to stat
[Mon Feb 23 00:52:59.952668 2026] [php:error] [pid 1191] [client 20.210.89.170:0] script '/domains/system_default/info.php' not found or unable to stat
[Mon Feb 23 00:53:00.160997 2026] [php:error] [pid 1184] [client 40.80.90.214:0] script '/domains/fryer/wp.php' not found or unable to stat
[Mon Feb 23 00:53:00.383330 2026] [php:error] [pid 1184] [client 40.80.90.214:0] script '/domains/fryer/main.php' not found or unable to stat
[Mon Feb 23 00:53:00.594592 2026] [php:error] [pid 1184] [client 40.80.90.214:0] script '/domains/fryer/a1.php' not found or unable to stat
[Mon Feb 23 00:53:00.818265 2026] [php:error] [pid 1184] [client 40.80.90.214:0] script '/domains/fryer/lala.php' not found or unable to stat
[Mon Feb 23 00:53:01.027798 2026] [php:error] [pid 1184] [client 40.80.90.214:0] script '/domains/fryer/aaa.php' not found or unable to stat
[Mon Feb 23 00:53:01.163990 2026] [php:error] [pid 1191] [client 20.210.89.170:0] script '/domains/system_default/adminfuns.php' not found or unable to stat
[Mon Feb 23 00:53:01.257217 2026] [php:error] [pid 1184] [client 40.80.90.214:0] script '/domains/fryer/a2.php' not found or unable to stat
[Mon Feb 23 00:53:01.711779 2026] [php:error] [pid 1184] [client 40.80.90.214:0] script '/domains/fryer/jsond.php' not found or unable to stat
[Mon Feb 23 00:53:02.398597 2026] [php:error] [pid 1186] [client 194.26.192.238:0] script '/domains/msintl/txets.php' not found or unable to stat
[Mon Feb 23 00:53:04.347586 2026] [php:error] [pid 1193] [client 194.26.192.238:0] script '/domains/msintl/schallfuns.php' not found or unable to stat
[Mon Feb 23 00:53:04.706304 2026] [php:error] [pid 1186] [client 194.26.192.238:0] script '/domains/msintl/postnews.php' not found or unable to stat
[Mon Feb 23 00:53:36.003362 2026] [php:error] [pid 1184] [client 20.210.89.170:0] script '/domains/memanuel/wp-trackback.php' not found or unable to stat
[Mon Feb 23 00:53:36.174638 2026] [php:error] [pid 1184] [client 20.210.89.170:0] script '/domains/memanuel/about.php' not found or unable to stat
[Mon Feb 23 00:53:36.345953 2026] [php:error] [pid 1184] [client 20.210.89.170:0] script '/domains/memanuel/file.php' not found or unable to stat
[Mon Feb 23 00:53:36.516654 2026] [php:error] [pid 1184] [client 20.210.89.170:0] script '/domains/memanuel/wp-good.php' not found or unable to stat
[Mon Feb 23 00:53:36.686716 2026] [php:error] [pid 1184] [client 20.210.89.170:0] script '/domains/memanuel/xmlrpc.php' not found or unable to stat
[Mon Feb 23 00:53:36.858031 2026] [php:error] [pid 1184] [client 20.210.89.170:0] script '/domains/memanuel/goods.php' not found or unable to stat
[Mon Feb 23 00:53:37.028627 2026] [php:error] [pid 1184] [client 20.210.89.170:0] script '/domains/memanuel/ioxi-o.php' not found or unable to stat
[Mon Feb 23 00:53:37.202137 2026] [php:error] [pid 1184] [client 20.210.89.170:0] script '/domains/memanuel/class-t.api.php' not found or unable to stat
[Mon Feb 23 00:53:37.372292 2026] [php:error] [pid 1184] [client 20.210.89.170:0] script '/domains/memanuel/admin.php' not found or unable to stat
[Mon Feb 23 00:53:37.542567 2026] [php:error] [pid 1184] [client 20.210.89.170:0] script '/domains/memanuel/sf.php' not found or unable to stat
[Mon Feb 23 00:53:37.713655 2026] [php:error] [pid 1184] [client 20.210.89.170:0] script '/domains/memanuel/rip.php' not found or unable to stat
[Mon Feb 23 00:53:37.901687 2026] [php:error] [pid 1184] [client 20.210.89.170:0] script '/domains/memanuel/autoload_classmap.php' not found or unable to stat
[Mon Feb 23 00:53:38.076768 2026] [php:error] [pid 1184] [client 20.210.89.170:0] script '/domains/memanuel/chosen.php' not found or unable to stat
[Mon Feb 23 00:53:38.316359 2026] [php:error] [pid 1184] [client 20.210.89.170:0] script '/domains/memanuel/classwithtostring.php' not found or unable to stat
[Mon Feb 23 00:53:38.674289 2026] [php:error] [pid 1184] [client 20.210.89.170:0] script '/domains/memanuel/defaults.php' not found or unable to stat
[Mon Feb 23 00:53:39.537918 2026] [php:error] [pid 1184] [client 20.210.89.170:0] script '/domains/memanuel/info.php' not found or unable to stat
[Mon Feb 23 00:53:40.745891 2026] [php:error] [pid 1184] [client 20.210.89.170:0] script '/domains/memanuel/adminfuns.php' not found or unable to stat
[Mon Feb 23 00:53:45.212082 2026] [php:error] [pid 1185] [client 20.89.40.149:0] script '/domains/ltemple/wp-trackback.php' not found or unable to stat
[Mon Feb 23 00:53:45.382114 2026] [php:error] [pid 1185] [client 20.89.40.149:0] script '/domains/ltemple/about.php' not found or unable to stat
[Mon Feb 23 00:53:45.551299 2026] [php:error] [pid 1185] [client 20.89.40.149:0] script '/domains/ltemple/file.php' not found or unable to stat
[Mon Feb 23 00:53:45.721265 2026] [php:error] [pid 1185] [client 20.89.40.149:0] script '/domains/ltemple/wp-good.php' not found or unable to stat
[Mon Feb 23 00:53:45.890504 2026] [php:error] [pid 1185] [client 20.89.40.149:0] script '/domains/ltemple/xmlrpc.php' not found or unable to stat
[Mon Feb 23 00:53:46.059662 2026] [php:error] [pid 1185] [client 20.89.40.149:0] script '/domains/ltemple/goods.php' not found or unable to stat
[Mon Feb 23 00:53:46.228665 2026] [php:error] [pid 1185] [client 20.89.40.149:0] script '/domains/ltemple/ioxi-o.php' not found or unable to stat
[Mon Feb 23 00:53:46.397715 2026] [php:error] [pid 1185] [client 20.89.40.149:0] script '/domains/ltemple/class-t.api.php' not found or unable to stat
[Mon Feb 23 00:53:46.567030 2026] [php:error] [pid 1185] [client 20.89.40.149:0] script '/domains/ltemple/admin.php' not found or unable to stat
[Mon Feb 23 00:53:46.736373 2026] [php:error] [pid 1185] [client 20.89.40.149:0] script '/domains/ltemple/sf.php' not found or unable to stat
[Mon Feb 23 00:53:46.909608 2026] [php:error] [pid 1185] [client 20.89.40.149:0] script '/domains/ltemple/rip.php' not found or unable to stat
[Mon Feb 23 00:53:47.079200 2026] [php:error] [pid 1185] [client 20.89.40.149:0] script '/domains/ltemple/autoload_classmap.php' not found or unable to stat
[Mon Feb 23 00:53:47.248626 2026] [php:error] [pid 1185] [client 20.89.40.149:0] script '/domains/ltemple/chosen.php' not found or unable to stat
[Mon Feb 23 00:53:47.417673 2026] [php:error] [pid 1185] [client 20.89.40.149:0] script '/domains/ltemple/classwithtostring.php' not found or unable to stat
[Mon Feb 23 00:53:47.588076 2026] [php:error] [pid 1185] [client 20.89.40.149:0] script '/domains/ltemple/defaults.php' not found or unable to stat
[Mon Feb 23 00:53:48.435391 2026] [php:error] [pid 1185] [client 20.89.40.149:0] script '/domains/ltemple/info.php' not found or unable to stat
[Mon Feb 23 00:53:49.640093 2026] [php:error] [pid 1185] [client 20.89.40.149:0] script '/domains/ltemple/adminfuns.php' not found or unable to stat
[Mon Feb 23 00:53:50.870756 2026] [php:error] [pid 1184] [client 172.190.142.176:0] script '/domains/tmandel/shell.php' not found or unable to stat
[Mon Feb 23 00:53:50.881846 2026] [php:error] [pid 1184] [client 172.190.142.176:0] script '/domains/tmandel/favicon.php' not found or unable to stat
[Mon Feb 23 00:53:50.886632 2026] [php:error] [pid 1184] [client 172.190.142.176:0] script '/domains/tmandel/8xyz.php' not found or unable to stat
[Mon Feb 23 00:53:50.912531 2026] [php:error] [pid 1184] [client 172.190.142.176:0] script '/domains/tmandel/install.php' not found or unable to stat
[Mon Feb 23 00:53:50.935673 2026] [php:error] [pid 1184] [client 172.190.142.176:0] script '/domains/tmandel/dropdown.php' not found or unable to stat
[Mon Feb 23 00:53:50.951915 2026] [php:error] [pid 1184] [client 172.190.142.176:0] script '/domains/tmandel/gdn.php' not found or unable to stat
[Mon Feb 23 00:53:50.956226 2026] [php:error] [pid 1184] [client 172.190.142.176:0] script '/domains/tmandel/system_log.php' not found or unable to stat
[Mon Feb 23 00:53:50.960255 2026] [php:error] [pid 1184] [client 172.190.142.176:0] script '/domains/tmandel/gettest.php' not found or unable to stat
[Mon Feb 23 00:53:50.964285 2026] [php:error] [pid 1184] [client 172.190.142.176:0] script '/domains/tmandel/shell20211028.php' not found or unable to stat
[Mon Feb 23 00:53:51.038752 2026] [php:error] [pid 1184] [client 172.190.142.176:0] script '/domains/tmandel/byp.php' not found or unable to stat
[Mon Feb 23 00:53:51.056239 2026] [php:error] [pid 1184] [client 172.190.142.176:0] script '/domains/tmandel/an.php' not found or unable to stat
[Mon Feb 23 00:53:51.060079 2026] [php:error] [pid 1184] [client 172.190.142.176:0] script '/domains/tmandel/b.php' not found or unable to stat
[Mon Feb 23 00:53:51.063918 2026] [php:error] [pid 1184] [client 172.190.142.176:0] script '/domains/tmandel/404.php' not found or unable to stat
[Mon Feb 23 00:53:51.076547 2026] [php:error] [pid 1184] [client 172.190.142.176:0] script '/domains/tmandel/fetch.php' not found or unable to stat
[Mon Feb 23 00:53:51.097344 2026] [php:error] [pid 1184] [client 172.190.142.176:0] script '/domains/tmandel/wp-config-sample.php' not found or unable to stat
[Mon Feb 23 00:53:51.101081 2026] [php:error] [pid 1184] [client 172.190.142.176:0] script '/domains/tmandel/a2.php' not found or unable to stat
[Mon Feb 23 00:53:51.109815 2026] [php:error] [pid 1184] [client 172.190.142.176:0] script '/domains/tmandel/rip.php' not found or unable to stat
[Mon Feb 23 00:53:51.119227 2026] [php:error] [pid 1184] [client 172.190.142.176:0] script '/domains/tmandel/doc.php' not found or unable to stat
[Mon Feb 23 00:53:51.123527 2026] [php:error] [pid 1184] [client 172.190.142.176:0] script '/domains/tmandel/o.php' not found or unable to stat
[Mon Feb 23 00:53:51.150767 2026] [php:error] [pid 1184] [client 172.190.142.176:0] script '/domains/tmandel/bgymj.php' not found or unable to stat
[Mon Feb 23 00:53:51.154574 2026] [php:error] [pid 1184] [client 172.190.142.176:0] script '/domains/tmandel/f.php' not found or unable to stat
[Mon Feb 23 00:53:51.158298 2026] [php:error] [pid 1184] [client 172.190.142.176:0] script '/domains/tmandel/ws.php' not found or unable to stat
[Mon Feb 23 00:53:51.165635 2026] [php:error] [pid 1184] [client 172.190.142.176:0] script '/domains/tmandel/system.php' not found or unable to stat
[Mon Feb 23 00:53:51.169567 2026] [php:error] [pid 1184] [client 172.190.142.176:0] script '/domains/tmandel/chosen.php' not found or unable to stat
[Mon Feb 23 00:53:51.176913 2026] [php:error] [pid 1184] [client 172.190.142.176:0] script '/domains/tmandel/an.php' not found or unable to stat
[Mon Feb 23 00:53:51.182121 2026] [php:error] [pid 1184] [client 172.190.142.176:0] script '/domains/tmandel/ma.php' not found or unable to stat
[Mon Feb 23 00:53:51.187549 2026] [php:error] [pid 1184] [client 172.190.142.176:0] script '/domains/tmandel/h.php' not found or unable to stat
[Mon Feb 23 00:53:51.207806 2026] [php:error] [pid 1184] [client 172.190.142.176:0] script '/domains/tmandel/system.php' not found or unable to stat
[Mon Feb 23 00:53:51.217629 2026] [php:error] [pid 1184] [client 172.190.142.176:0] script '/domains/tmandel/class-t.api.php' not found or unable to stat
[Mon Feb 23 00:53:51.222066 2026] [php:error] [pid 1184] [client 172.190.142.176:0] script '/domains/tmandel/asd.php' not found or unable to stat
[Mon Feb 23 00:53:51.242549 2026] [php:error] [pid 1184] [client 172.190.142.176:0] script '/domains/tmandel/k.php' not found or unable to stat
[Mon Feb 23 00:53:51.246401 2026] [php:error] [pid 1184] [client 172.190.142.176:0] script '/domains/tmandel/geck.php' not found or unable to stat
[Mon Feb 23 00:53:51.250240 2026] [php:error] [pid 1184] [client 172.190.142.176:0] script '/domains/tmandel/lala.php' not found or unable to stat
[Mon Feb 23 00:53:51.266903 2026] [php:error] [pid 1184] [client 172.190.142.176:0] script '/domains/tmandel/menu.php' not found or unable to stat
[Mon Feb 23 00:53:51.271041 2026] [php:error] [pid 1184] [client 172.190.142.176:0] script '/domains/tmandel/alfa.php' not found or unable to stat
[Mon Feb 23 00:53:51.275156 2026] [php:error] [pid 1184] [client 172.190.142.176:0] script '/domains/tmandel/dropdown.php' not found or unable to stat
[Mon Feb 23 00:53:51.280085 2026] [php:error] [pid 1184] [client 172.190.142.176:0] script '/domains/tmandel/v2.php' not found or unable to stat
[Mon Feb 23 00:53:51.303828 2026] [php:error] [pid 1184] [client 172.190.142.176:0] script '/domains/tmandel/jmfi2.php' not found or unable to stat
[Mon Feb 23 00:53:51.321716 2026] [php:error] [pid 1184] [client 172.190.142.176:0] script '/domains/tmandel/w.php' not found or unable to stat
[Mon Feb 23 00:53:51.340943 2026] [php:error] [pid 1184] [client 172.190.142.176:0] script '/domains/tmandel/flower2.php' not found or unable to stat
[Mon Feb 23 00:53:51.359616 2026] [php:error] [pid 1184] [client 172.190.142.176:0] script '/domains/tmandel/wp-login.php' not found or unable to stat
[Mon Feb 23 00:53:51.392571 2026] [php:error] [pid 1184] [client 172.190.142.176:0] script '/domains/tmandel/ze.php' not found or unable to stat
[Mon Feb 23 00:53:51.396348 2026] [php:error] [pid 1184] [client 172.190.142.176:0] script '/domains/tmandel/elp.php' not found or unable to stat
[Mon Feb 23 00:53:51.410501 2026] [php:error] [pid 1184] [client 172.190.142.176:0] script '/domains/tmandel/ph33w.php' not found or unable to stat
[Mon Feb 23 00:53:51.414310 2026] [php:error] [pid 1184] [client 172.190.142.176:0] script '/domains/tmandel/x.php' not found or unable to stat
[Mon Feb 23 00:53:51.431880 2026] [php:error] [pid 1184] [client 172.190.142.176:0] script '/domains/tmandel/lp6.php' not found or unable to stat
[Mon Feb 23 00:53:51.492278 2026] [php:error] [pid 1184] [client 172.190.142.176:0] script '/domains/tmandel/d12.php' not found or unable to stat
[Mon Feb 23 00:53:51.505631 2026] [php:error] [pid 1184] [client 172.190.142.176:0] script '/domains/tmandel/x.php' not found or unable to stat
[Mon Feb 23 00:53:51.531750 2026] [php:error] [pid 1184] [client 172.190.142.176:0] script '/domains/tmandel/bk.php' not found or unable to stat
[Mon Feb 23 00:53:51.551393 2026] [php:error] [pid 1184] [client 172.190.142.176:0] script '/domains/tmandel/phpinfo.php' not found or unable to stat
[Mon Feb 23 00:53:51.564858 2026] [php:error] [pid 1184] [client 172.190.142.176:0] script '/domains/tmandel/f.php' not found or unable to stat
[Mon Feb 23 00:53:51.590535 2026] [php:error] [pid 1184] [client 172.190.142.176:0] script '/domains/tmandel/z.php' not found or unable to stat
[Mon Feb 23 00:53:51.598230 2026] [php:error] [pid 1184] [client 172.190.142.176:0] script '/domains/tmandel/z.php' not found or unable to stat
[Mon Feb 23 00:53:51.618860 2026] [php:error] [pid 1184] [client 172.190.142.176:0] script '/domains/tmandel/file.php' not found or unable to stat
[Mon Feb 23 00:53:51.687553 2026] [php:error] [pid 1184] [client 172.190.142.176:0] script '/domains/tmandel/elp.php' not found or unable to stat
[Mon Feb 23 00:53:51.691629 2026] [php:error] [pid 1184] [client 172.190.142.176:0] script '/domains/tmandel/p.php' not found or unable to stat
[Mon Feb 23 00:53:51.803730 2026] [php:error] [pid 1184] [client 172.190.142.176:0] script '/domains/tmandel/config.php' not found or unable to stat
[Mon Feb 23 00:53:51.810054 2026] [php:error] [pid 1184] [client 172.190.142.176:0] script '/domains/tmandel/rip.php' not found or unable to stat
[Mon Feb 23 00:53:51.813832 2026] [php:error] [pid 1184] [client 172.190.142.176:0] script '/domains/tmandel/cache.php' not found or unable to stat
[Mon Feb 23 00:53:51.817691 2026] [php:error] [pid 1184] [client 172.190.142.176:0] script '/domains/tmandel/ahax.php' not found or unable to stat
[Mon Feb 23 00:53:51.835207 2026] [php:error] [pid 1184] [client 172.190.142.176:0] script '/domains/tmandel/tt.php' not found or unable to stat
[Mon Feb 23 00:53:51.853729 2026] [php:error] [pid 1184] [client 172.190.142.176:0] script '/domains/tmandel/wp-conf.php' not found or unable to stat
[Mon Feb 23 00:53:52.209902 2026] [php:error] [pid 1190] [client 172.190.142.176:0] script '/domains/tmandel/hey.php' not found or unable to stat
[Mon Feb 23 00:53:52.216328 2026] [php:error] [pid 1190] [client 172.190.142.176:0] script '/domains/tmandel/m.php' not found or unable to stat
[Mon Feb 23 00:53:52.219733 2026] [php:error] [pid 1190] [client 172.190.142.176:0] script '/domains/tmandel/install.php' not found or unable to stat
[Mon Feb 23 00:53:52.223573 2026] [php:error] [pid 1190] [client 172.190.142.176:0] script '/domains/tmandel/web.php' not found or unable to stat
[Mon Feb 23 00:53:52.230799 2026] [php:error] [pid 1190] [client 172.190.142.176:0] script '/domains/tmandel/content.php' not found or unable to stat
[Mon Feb 23 00:53:52.259761 2026] [php:error] [pid 1190] [client 172.190.142.176:0] script '/domains/tmandel/adminfuns.php' not found or unable to stat
[Mon Feb 23 00:53:52.290906 2026] [php:error] [pid 1190] [client 172.190.142.176:0] script '/domains/tmandel/la.php' not found or unable to stat
[Mon Feb 23 00:53:52.296914 2026] [php:error] [pid 1190] [client 172.190.142.176:0] script '/domains/tmandel/a1.php' not found or unable to stat
[Mon Feb 23 00:53:52.300848 2026] [php:error] [pid 1190] [client 172.190.142.176:0] script '/domains/tmandel/403.php' not found or unable to stat
[Mon Feb 23 00:53:52.336156 2026] [php:error] [pid 1190] [client 172.190.142.176:0] script '/domains/tmandel/errw.php' not found or unable to stat
[Mon Feb 23 00:53:52.343585 2026] [php:error] [pid 1190] [client 172.190.142.176:0] script '/domains/tmandel/wp.php' not found or unable to stat
[Mon Feb 23 00:53:52.347242 2026] [php:error] [pid 1190] [client 172.190.142.176:0] script '/domains/tmandel/themes.php' not found or unable to stat
[Mon Feb 23 00:53:52.350908 2026] [php:error] [pid 1190] [client 172.190.142.176:0] script '/domains/tmandel/environment.php' not found or unable to stat
[Mon Feb 23 00:53:52.354258 2026] [php:error] [pid 1190] [client 172.190.142.176:0] script '/domains/tmandel/404.php' not found or unable to stat
[Mon Feb 23 00:53:52.361205 2026] [php:error] [pid 1190] [client 172.190.142.176:0] script '/domains/tmandel/cs.php' not found or unable to stat
[Mon Feb 23 00:53:52.372916 2026] [php:error] [pid 1190] [client 172.190.142.176:0] script '/domains/tmandel/domains.php' not found or unable to stat
[Mon Feb 23 00:53:52.383313 2026] [php:error] [pid 1190] [client 172.190.142.176:0] script '/domains/tmandel/radio.php' not found or unable to stat
[Mon Feb 23 00:53:52.390369 2026] [php:error] [pid 1190] [client 172.190.142.176:0] script '/domains/tmandel/wp-blog.php' not found or unable to stat
[Mon Feb 23 00:53:52.397383 2026] [php:error] [pid 1190] [client 172.190.142.176:0] script '/domains/tmandel/ak.php' not found or unable to stat
[Mon Feb 23 00:53:52.443638 2026] [php:error] [pid 1190] [client 172.190.142.176:0] script '/domains/tmandel/403.php' not found or unable to stat
[Mon Feb 23 00:53:52.461800 2026] [php:error] [pid 1190] [client 172.190.142.176:0] script '/domains/tmandel/wso.php' not found or unable to stat
[Mon Feb 23 00:53:52.465378 2026] [php:error] [pid 1190] [client 172.190.142.176:0] script '/domains/tmandel/wp-cron.php' not found or unable to stat
[Mon Feb 23 00:53:52.469162 2026] [php:error] [pid 1190] [client 172.190.142.176:0] script '/domains/tmandel/autoload_classmap.php' not found or unable to stat
[Mon Feb 23 00:53:52.491426 2026] [php:error] [pid 1190] [client 172.190.142.176:0] script '/domains/tmandel/inputs.php' not found or unable to stat
[Mon Feb 23 00:53:52.569040 2026] [php:error] [pid 1190] [client 172.190.142.176:0] script '/domains/tmandel/zwso.php' not found or unable to stat
[Mon Feb 23 00:53:52.619816 2026] [php:error] [pid 1190] [client 172.190.142.176:0] script '/domains/tmandel/bolt.php' not found or unable to stat
[Mon Feb 23 00:53:52.737420 2026] [php:error] [pid 1190] [client 172.190.142.176:0] script '/domains/tmandel/autoload_classmap.php' not found or unable to stat
[Mon Feb 23 00:53:52.741090 2026] [php:error] [pid 1190] [client 172.190.142.176:0] script '/domains/tmandel/gdn.php' not found or unable to stat
[Mon Feb 23 00:53:52.750710 2026] [php:error] [pid 1190] [client 172.190.142.176:0] script '/domains/tmandel/lala.php' not found or unable to stat
[Mon Feb 23 00:53:52.766234 2026] [php:error] [pid 1190] [client 172.190.142.176:0] script '/domains/tmandel/bnn_.php' not found or unable to stat
[Mon Feb 23 00:53:58.771669 2026] [php:error] [pid 1184] [client 40.80.83.34:0] script '/domains/familyplayhouse2/wp-trackback.php' not found or unable to stat
[Mon Feb 23 00:53:58.981629 2026] [php:error] [pid 1184] [client 40.80.83.34:0] script '/domains/familyplayhouse2/about.php' not found or unable to stat
[Mon Feb 23 00:53:59.190228 2026] [php:error] [pid 1184] [client 40.80.83.34:0] script '/domains/familyplayhouse2/file.php' not found or unable to stat
