[Mon Feb 23 02:04:30.582736 2026] [php:error] [pid 1968] [client 20.24.210.86:0] script '/domains/ecernstelectric/ff1.php' not found or unable to stat
[Mon Feb 23 02:04:30.624355 2026] [php:error] [pid 1958] [client 20.214.136.247:0] script '/domains/metrolighting/i.php' not found or unable to stat
[Mon Feb 23 02:04:30.795777 2026] [php:error] [pid 1968] [client 20.24.210.86:0] script '/domains/ecernstelectric/forbidals.php' not found or unable to stat
[Mon Feb 23 02:04:30.804332 2026] [php:error] [pid 1958] [client 20.214.136.247:0] script '/domains/metrolighting/a.php' not found or unable to stat
[Mon Feb 23 02:04:30.984919 2026] [php:error] [pid 1958] [client 20.214.136.247:0] script '/domains/metrolighting/xmlrpc.php' not found or unable to stat
[Mon Feb 23 02:04:31.005610 2026] [php:error] [pid 1968] [client 20.24.210.86:0] script '/domains/ecernstelectric/erty.php' not found or unable to stat
[Mon Feb 23 02:04:31.157043 2026] [php:error] [pid 1943] [client 23.100.90.148:0] script '/domains/kandg-pc/elp.php' not found or unable to stat
[Mon Feb 23 02:04:31.165730 2026] [php:error] [pid 1958] [client 20.214.136.247:0] script '/domains/metrolighting/aw.php' not found or unable to stat
[Mon Feb 23 02:04:31.217448 2026] [php:error] [pid 1968] [client 20.24.210.86:0] script '/domains/ecernstelectric/dev1s.php' not found or unable to stat
[Mon Feb 23 02:04:31.351361 2026] [php:error] [pid 1958] [client 20.214.136.247:0] script '/domains/metrolighting/dev.php' not found or unable to stat
[Mon Feb 23 02:04:31.367199 2026] [php:error] [pid 1943] [client 23.100.90.148:0] script '/domains/kandg-pc/p.php' not found or unable to stat
[Mon Feb 23 02:04:31.426666 2026] [php:error] [pid 1968] [client 20.24.210.86:0] script '/domains/ecernstelectric/ffd.php' not found or unable to stat
[Mon Feb 23 02:04:31.540648 2026] [php:error] [pid 1958] [client 20.214.136.247:0] script '/domains/metrolighting/lock360.php' not found or unable to stat
[Mon Feb 23 02:04:31.637363 2026] [php:error] [pid 1968] [client 20.24.210.86:0] script '/domains/ecernstelectric/admiin.php' not found or unable to stat
[Mon Feb 23 02:04:31.720968 2026] [php:error] [pid 1958] [client 20.214.136.247:0] script '/domains/metrolighting/155.php' not found or unable to stat
[Mon Feb 23 02:04:31.794042 2026] [php:error] [pid 1943] [client 23.100.90.148:0] script '/domains/kandg-pc/config.php' not found or unable to stat
[Mon Feb 23 02:04:31.848571 2026] [php:error] [pid 1968] [client 20.24.210.86:0] script '/domains/ecernstelectric/ol.php' not found or unable to stat
[Mon Feb 23 02:04:31.900716 2026] [php:error] [pid 1958] [client 20.214.136.247:0] script '/domains/metrolighting/goat.php' not found or unable to stat
[Mon Feb 23 02:04:32.004476 2026] [php:error] [pid 1943] [client 23.100.90.148:0] script '/domains/kandg-pc/rip.php' not found or unable to stat
[Mon Feb 23 02:04:32.059085 2026] [php:error] [pid 1968] [client 20.24.210.86:0] script '/domains/ecernstelectric/Sanskrit.php' not found or unable to stat
[Mon Feb 23 02:04:32.081422 2026] [php:error] [pid 1958] [client 20.214.136.247:0] script '/domains/metrolighting/tcp.php' not found or unable to stat
[Mon Feb 23 02:04:32.215309 2026] [php:error] [pid 1943] [client 23.100.90.148:0] script '/domains/kandg-pc/cache.php' not found or unable to stat
[Mon Feb 23 02:04:32.265524 2026] [php:error] [pid 1958] [client 20.214.136.247:0] script '/domains/metrolighting/ext.php' not found or unable to stat
[Mon Feb 23 02:04:32.269107 2026] [php:error] [pid 1968] [client 20.24.210.86:0] script '/domains/ecernstelectric/vxrl.php' not found or unable to stat
[Mon Feb 23 02:04:32.426113 2026] [php:error] [pid 1943] [client 23.100.90.148:0] script '/domains/kandg-pc/ahax.php' not found or unable to stat
[Mon Feb 23 02:04:32.450879 2026] [php:error] [pid 1958] [client 20.214.136.247:0] script '/domains/metrolighting/inputs.php' not found or unable to stat
[Mon Feb 23 02:04:32.480605 2026] [php:error] [pid 1968] [client 20.24.210.86:0] script '/domains/ecernstelectric/re.php' not found or unable to stat
[Mon Feb 23 02:04:32.631436 2026] [php:error] [pid 1958] [client 20.214.136.247:0] script '/domains/metrolighting/ioxi.php' not found or unable to stat
[Mon Feb 23 02:04:32.691826 2026] [php:error] [pid 1968] [client 20.24.210.86:0] script '/domains/ecernstelectric/num.php' not found or unable to stat
[Mon Feb 23 02:04:32.811351 2026] [php:error] [pid 1958] [client 20.214.136.247:0] script '/domains/metrolighting/fe5.php' not found or unable to stat
[Mon Feb 23 02:04:32.847060 2026] [php:error] [pid 1943] [client 23.100.90.148:0] script '/domains/kandg-pc/tt.php' not found or unable to stat
[Mon Feb 23 02:04:32.903040 2026] [php:error] [pid 1968] [client 20.24.210.86:0] script '/domains/ecernstelectric/axx.php' not found or unable to stat
[Mon Feb 23 02:04:32.994093 2026] [php:error] [pid 1958] [client 20.214.136.247:0] script '/domains/metrolighting/ov.php' not found or unable to stat
[Mon Feb 23 02:04:33.117016 2026] [php:error] [pid 1968] [client 20.24.210.86:0] script '/domains/ecernstelectric/vxrl.php' not found or unable to stat
[Mon Feb 23 02:04:33.327045 2026] [php:error] [pid 1968] [client 20.24.210.86:0] script '/domains/ecernstelectric/in.php' not found or unable to stat
[Mon Feb 23 02:04:33.355752 2026] [php:error] [pid 1958] [client 20.214.136.247:0] script '/domains/metrolighting/default.php' not found or unable to stat
[Mon Feb 23 02:04:33.478966 2026] [php:error] [pid 1943] [client 23.100.90.148:0] script '/domains/kandg-pc/wp-conf.php' not found or unable to stat
[Mon Feb 23 02:04:33.535321 2026] [php:error] [pid 1958] [client 20.214.136.247:0] script '/domains/metrolighting/abcd.php' not found or unable to stat
[Mon Feb 23 02:04:33.537895 2026] [php:error] [pid 1968] [client 20.24.210.86:0] script '/domains/ecernstelectric/style.php' not found or unable to stat
[Mon Feb 23 02:04:33.719007 2026] [php:error] [pid 1958] [client 20.214.136.247:0] script '/domains/metrolighting/class.1.php' not found or unable to stat
[Mon Feb 23 02:04:33.749118 2026] [php:error] [pid 1968] [client 20.24.210.86:0] script '/domains/ecernstelectric/we.php' not found or unable to stat
[Mon Feb 23 02:04:33.907383 2026] [php:error] [pid 1958] [client 20.214.136.247:0] script '/domains/metrolighting/async.php' not found or unable to stat
[Mon Feb 23 02:04:33.959362 2026] [php:error] [pid 1968] [client 20.24.210.86:0] script '/domains/ecernstelectric/zwso.php' not found or unable to stat
[Mon Feb 23 02:04:34.089029 2026] [php:error] [pid 1958] [client 20.214.136.247:0] script '/domains/metrolighting/ff.php' not found or unable to stat
[Mon Feb 23 02:04:34.169448 2026] [php:error] [pid 1968] [client 20.24.210.86:0] script '/domains/ecernstelectric/karak.php' not found or unable to stat
[Mon Feb 23 02:04:34.269224 2026] [php:error] [pid 1958] [client 20.214.136.247:0] script '/domains/metrolighting/ioxi-o.php' not found or unable to stat
[Mon Feb 23 02:04:34.339114 2026] [php:error] [pid 1962] [client 23.100.90.148:0] script '/domains/kandg-pc/hey.php' not found or unable to stat
[Mon Feb 23 02:04:34.379314 2026] [php:error] [pid 1968] [client 20.24.210.86:0] script '/domains/ecernstelectric/prv8.php' not found or unable to stat
[Mon Feb 23 02:04:34.450195 2026] [php:error] [pid 1958] [client 20.214.136.247:0] script '/domains/metrolighting/manager.php' not found or unable to stat
[Mon Feb 23 02:04:34.555175 2026] [php:error] [pid 1962] [client 23.100.90.148:0] script '/domains/kandg-pc/m.php' not found or unable to stat
[Mon Feb 23 02:04:34.589039 2026] [php:error] [pid 1968] [client 20.24.210.86:0] script '/domains/ecernstelectric/i.php' not found or unable to stat
[Mon Feb 23 02:04:34.630015 2026] [php:error] [pid 1958] [client 20.214.136.247:0] script '/domains/metrolighting/wp-update.php' not found or unable to stat
[Mon Feb 23 02:04:34.771312 2026] [php:error] [pid 1962] [client 23.100.90.148:0] script '/domains/kandg-pc/install.php' not found or unable to stat
[Mon Feb 23 02:04:34.798657 2026] [php:error] [pid 1968] [client 20.24.210.86:0] script '/domains/ecernstelectric/a.php' not found or unable to stat
[Mon Feb 23 02:04:34.810967 2026] [php:error] [pid 1958] [client 20.214.136.247:0] script '/domains/metrolighting/file.php' not found or unable to stat
[Mon Feb 23 02:04:34.988196 2026] [php:error] [pid 1962] [client 23.100.90.148:0] script '/domains/kandg-pc/web.php' not found or unable to stat
[Mon Feb 23 02:04:35.009647 2026] [php:error] [pid 1968] [client 20.24.210.86:0] script '/domains/ecernstelectric/xmlrpc.php' not found or unable to stat
[Mon Feb 23 02:04:35.220251 2026] [php:error] [pid 1968] [client 20.24.210.86:0] script '/domains/ecernstelectric/aw.php' not found or unable to stat
[Mon Feb 23 02:04:35.357195 2026] [php:error] [pid 1969] [client 20.214.136.247:0] script '/domains/metrolighting/lc.php' not found or unable to stat
[Mon Feb 23 02:04:35.426581 2026] [php:error] [pid 1962] [client 23.100.90.148:0] script '/domains/kandg-pc/content.php' not found or unable to stat
[Mon Feb 23 02:04:35.430248 2026] [php:error] [pid 1968] [client 20.24.210.86:0] script '/domains/ecernstelectric/dev.php' not found or unable to stat
[Mon Feb 23 02:04:35.535703 2026] [php:error] [pid 1969] [client 20.214.136.247:0] script '/domains/metrolighting/cbrfo.php' not found or unable to stat
[Mon Feb 23 02:04:35.641950 2026] [php:error] [pid 1968] [client 20.24.210.86:0] script '/domains/ecernstelectric/lock360.php' not found or unable to stat
[Mon Feb 23 02:04:35.642862 2026] [php:error] [pid 1962] [client 23.100.90.148:0] script '/domains/kandg-pc/adminfuns.php' not found or unable to stat
[Mon Feb 23 02:04:35.718321 2026] [php:error] [pid 1969] [client 20.214.136.247:0] script '/domains/metrolighting/inc.php' not found or unable to stat
[Mon Feb 23 02:04:35.852924 2026] [php:error] [pid 1968] [client 20.24.210.86:0] script '/domains/ecernstelectric/155.php' not found or unable to stat
[Mon Feb 23 02:04:35.896702 2026] [php:error] [pid 1969] [client 20.214.136.247:0] script '/domains/metrolighting/gifclass.php' not found or unable to stat
[Mon Feb 23 02:04:36.065099 2026] [php:error] [pid 1968] [client 20.24.210.86:0] script '/domains/ecernstelectric/goat.php' not found or unable to stat
[Mon Feb 23 02:04:36.074668 2026] [php:error] [pid 1969] [client 20.214.136.247:0] script '/domains/metrolighting/miansha.php' not found or unable to stat
[Mon Feb 23 02:04:36.254305 2026] [php:error] [pid 1969] [client 20.214.136.247:0] script '/domains/metrolighting/tinyfilemanager.php' not found or unable to stat
[Mon Feb 23 02:04:36.275651 2026] [php:error] [pid 1968] [client 20.24.210.86:0] script '/domains/ecernstelectric/tcp.php' not found or unable to stat
[Mon Feb 23 02:04:36.291910 2026] [php:error] [pid 1962] [client 23.100.90.148:0] script '/domains/kandg-pc/la.php' not found or unable to stat
[Mon Feb 23 02:04:36.434105 2026] [php:error] [pid 1969] [client 20.214.136.247:0] script '/domains/metrolighting/admin.php' not found or unable to stat
[Mon Feb 23 02:04:36.486464 2026] [php:error] [pid 1968] [client 20.24.210.86:0] script '/domains/ecernstelectric/ext.php' not found or unable to stat
[Mon Feb 23 02:04:36.508904 2026] [php:error] [pid 1962] [client 23.100.90.148:0] script '/domains/kandg-pc/a1.php' not found or unable to stat
[Mon Feb 23 02:04:36.612629 2026] [php:error] [pid 1969] [client 20.214.136.247:0] script '/domains/metrolighting/ok.php' not found or unable to stat
[Mon Feb 23 02:04:36.699222 2026] [php:error] [pid 1968] [client 20.24.210.86:0] script '/domains/ecernstelectric/inputs.php' not found or unable to stat
[Mon Feb 23 02:04:36.725610 2026] [php:error] [pid 1962] [client 23.100.90.148:0] script '/domains/kandg-pc/403.php' not found or unable to stat
[Mon Feb 23 02:04:36.792237 2026] [php:error] [pid 1969] [client 20.214.136.247:0] script '/domains/metrolighting/fi.php' not found or unable to stat
[Mon Feb 23 02:04:36.912705 2026] [php:error] [pid 1968] [client 20.24.210.86:0] script '/domains/ecernstelectric/ioxi.php' not found or unable to stat
[Mon Feb 23 02:04:36.972967 2026] [php:error] [pid 1969] [client 20.214.136.247:0] script '/domains/metrolighting/muzu.php' not found or unable to stat
[Mon Feb 23 02:04:37.127632 2026] [php:error] [pid 1968] [client 20.24.210.86:0] script '/domains/ecernstelectric/fe5.php' not found or unable to stat
[Mon Feb 23 02:04:37.151300 2026] [php:error] [pid 1969] [client 20.214.136.247:0] script '/domains/metrolighting/reze.php' not found or unable to stat
[Mon Feb 23 02:04:37.330133 2026] [php:error] [pid 1969] [client 20.214.136.247:0] script '/domains/metrolighting/styll.php' not found or unable to stat
[Mon Feb 23 02:04:37.337855 2026] [php:error] [pid 1968] [client 20.24.210.86:0] script '/domains/ecernstelectric/ov.php' not found or unable to stat
[Mon Feb 23 02:04:37.379162 2026] [php:error] [pid 1962] [client 23.100.90.148:0] script '/domains/kandg-pc/errw.php' not found or unable to stat
[Mon Feb 23 02:04:37.508678 2026] [php:error] [pid 1969] [client 20.214.136.247:0] script '/domains/metrolighting/x7.php' not found or unable to stat
[Mon Feb 23 02:04:37.686847 2026] [php:error] [pid 1969] [client 20.214.136.247:0] script '/domains/metrolighting/thebe.php' not found or unable to stat
[Mon Feb 23 02:04:37.758955 2026] [php:error] [pid 1968] [client 20.24.210.86:0] script '/domains/ecernstelectric/default.php' not found or unable to stat
[Mon Feb 23 02:04:37.811492 2026] [php:error] [pid 1962] [client 23.100.90.148:0] script '/domains/kandg-pc/wp.php' not found or unable to stat
[Mon Feb 23 02:04:37.864954 2026] [php:error] [pid 1969] [client 20.214.136.247:0] script '/domains/metrolighting/ddd.php' not found or unable to stat
[Mon Feb 23 02:04:37.969378 2026] [php:error] [pid 1968] [client 20.24.210.86:0] script '/domains/ecernstelectric/abcd.php' not found or unable to stat
[Mon Feb 23 02:04:38.027929 2026] [php:error] [pid 1962] [client 23.100.90.148:0] script '/domains/kandg-pc/themes.php' not found or unable to stat
[Mon Feb 23 02:04:38.043457 2026] [php:error] [pid 1969] [client 20.214.136.247:0] script '/domains/metrolighting/bgymj.php' not found or unable to stat
[Mon Feb 23 02:04:38.179946 2026] [php:error] [pid 1968] [client 20.24.210.86:0] script '/domains/ecernstelectric/class.1.php' not found or unable to stat
[Mon Feb 23 02:04:38.221847 2026] [php:error] [pid 1969] [client 20.214.136.247:0] script '/domains/metrolighting/8xyz.php' not found or unable to stat
[Mon Feb 23 02:04:38.244398 2026] [php:error] [pid 1962] [client 23.100.90.148:0] script '/domains/kandg-pc/environment.php' not found or unable to stat
[Mon Feb 23 02:04:38.398008 2026] [php:error] [pid 1968] [client 20.24.210.86:0] script '/domains/ecernstelectric/async.php' not found or unable to stat
[Mon Feb 23 02:04:38.399728 2026] [php:error] [pid 1969] [client 20.214.136.247:0] script '/domains/metrolighting/ioxi.php' not found or unable to stat
[Mon Feb 23 02:04:38.460515 2026] [php:error] [pid 1962] [client 23.100.90.148:0] script '/domains/kandg-pc/404.php' not found or unable to stat
[Mon Feb 23 02:04:38.578324 2026] [php:error] [pid 1969] [client 20.214.136.247:0] script '/domains/metrolighting/xpwer1.php' not found or unable to stat
[Mon Feb 23 02:04:38.611174 2026] [php:error] [pid 1968] [client 20.24.210.86:0] script '/domains/ecernstelectric/ff.php' not found or unable to stat
[Mon Feb 23 02:04:38.758227 2026] [php:error] [pid 1969] [client 20.214.136.247:0] script '/domains/metrolighting/lala.php' not found or unable to stat
[Mon Feb 23 02:04:38.821299 2026] [php:error] [pid 1968] [client 20.24.210.86:0] script '/domains/ecernstelectric/ioxi-o.php' not found or unable to stat
[Mon Feb 23 02:04:38.893304 2026] [php:error] [pid 1962] [client 23.100.90.148:0] script '/domains/kandg-pc/cs.php' not found or unable to stat
[Mon Feb 23 02:04:38.938082 2026] [php:error] [pid 1969] [client 20.214.136.247:0] script '/domains/metrolighting/about.php' not found or unable to stat
[Mon Feb 23 02:04:39.030540 2026] [php:error] [pid 1968] [client 20.24.210.86:0] script '/domains/ecernstelectric/manager.php' not found or unable to stat
[Mon Feb 23 02:04:39.240929 2026] [php:error] [pid 1968] [client 20.24.210.86:0] script '/domains/ecernstelectric/wp-update.php' not found or unable to stat
[Mon Feb 23 02:04:39.295267 2026] [php:error] [pid 1969] [client 20.214.136.247:0] script '/domains/metrolighting/cgi-bin/index.php' not found or unable to stat
[Mon Feb 23 02:04:39.456503 2026] [php:error] [pid 1968] [client 20.24.210.86:0] script '/domains/ecernstelectric/file.php' not found or unable to stat
[Mon Feb 23 02:04:39.546982 2026] [php:error] [pid 1962] [client 23.100.90.148:0] script '/domains/kandg-pc/domains.php' not found or unable to stat
[Mon Feb 23 02:04:39.831622 2026] [php:error] [pid 1969] [client 20.214.136.247:0] script '/domains/metrolighting/info.php' not found or unable to stat
[Mon Feb 23 02:04:39.878759 2026] [php:error] [pid 1968] [client 20.24.210.86:0] script '/domains/ecernstelectric/lc.php' not found or unable to stat
[Mon Feb 23 02:04:40.011178 2026] [php:error] [pid 1969] [client 20.214.136.247:0] script '/domains/metrolighting/about.php' not found or unable to stat
[Mon Feb 23 02:04:40.093292 2026] [php:error] [pid 1968] [client 20.24.210.86:0] script '/domains/ecernstelectric/cbrfo.php' not found or unable to stat
[Mon Feb 23 02:04:40.195817 2026] [php:error] [pid 1962] [client 23.100.90.148:0] script '/domains/kandg-pc/radio.php' not found or unable to stat
[Mon Feb 23 02:04:40.303481 2026] [php:error] [pid 1968] [client 20.24.210.86:0] script '/domains/ecernstelectric/inc.php' not found or unable to stat
[Mon Feb 23 02:04:40.367610 2026] [php:error] [pid 1969] [client 20.214.136.247:0] script '/domains/metrolighting/222.php' not found or unable to stat
[Mon Feb 23 02:04:40.515085 2026] [php:error] [pid 1968] [client 20.24.210.86:0] script '/domains/ecernstelectric/gifclass.php' not found or unable to stat
[Mon Feb 23 02:04:40.545627 2026] [php:error] [pid 1969] [client 20.214.136.247:0] script '/domains/metrolighting/adminfuns.php' not found or unable to stat
[Mon Feb 23 02:04:40.628452 2026] [php:error] [pid 1962] [client 23.100.90.148:0] script '/domains/kandg-pc/wp-blog.php' not found or unable to stat
[Mon Feb 23 02:04:40.725230 2026] [php:error] [pid 1968] [client 20.24.210.86:0] script '/domains/ecernstelectric/miansha.php' not found or unable to stat
[Mon Feb 23 02:04:40.845588 2026] [php:error] [pid 1962] [client 23.100.90.148:0] script '/domains/kandg-pc/ak.php' not found or unable to stat
[Mon Feb 23 02:04:40.906066 2026] [php:error] [pid 1969] [client 20.214.136.247:0] script '/domains/metrolighting/xx.php' not found or unable to stat
[Mon Feb 23 02:04:40.938851 2026] [php:error] [pid 1968] [client 20.24.210.86:0] script '/domains/ecernstelectric/tinyfilemanager.php' not found or unable to stat
[Mon Feb 23 02:04:41.149056 2026] [php:error] [pid 1968] [client 20.24.210.86:0] script '/domains/ecernstelectric/admin.php' not found or unable to stat
[Mon Feb 23 02:04:41.263190 2026] [php:error] [pid 1969] [client 20.214.136.247:0] script '/domains/metrolighting/f5.php' not found or unable to stat
[Mon Feb 23 02:04:41.359778 2026] [php:error] [pid 1968] [client 20.24.210.86:0] script '/domains/ecernstelectric/ok.php' not found or unable to stat
[Mon Feb 23 02:04:41.441879 2026] [php:error] [pid 1969] [client 20.214.136.247:0] script '/domains/metrolighting/flower.php' not found or unable to stat
[Mon Feb 23 02:04:41.495368 2026] [php:error] [pid 1962] [client 23.100.90.148:0] script '/domains/kandg-pc/403.php' not found or unable to stat
[Mon Feb 23 02:04:41.570672 2026] [php:error] [pid 1968] [client 20.24.210.86:0] script '/domains/ecernstelectric/fi.php' not found or unable to stat
[Mon Feb 23 02:04:41.620113 2026] [php:error] [pid 1969] [client 20.214.136.247:0] script '/domains/metrolighting/f6.php' not found or unable to stat
[Mon Feb 23 02:04:41.782460 2026] [php:error] [pid 1968] [client 20.24.210.86:0] script '/domains/ecernstelectric/muzu.php' not found or unable to stat
[Mon Feb 23 02:04:41.798363 2026] [php:error] [pid 1969] [client 20.214.136.247:0] script '/domains/metrolighting/edit.php' not found or unable to stat
[Mon Feb 23 02:04:41.928611 2026] [php:error] [pid 1962] [client 23.100.90.148:0] script '/domains/kandg-pc/wso.php' not found or unable to stat
[Mon Feb 23 02:04:41.993563 2026] [php:error] [pid 1968] [client 20.24.210.86:0] script '/domains/ecernstelectric/reze.php' not found or unable to stat
[Mon Feb 23 02:04:42.146964 2026] [php:error] [pid 1962] [client 23.100.90.148:0] script '/domains/kandg-pc/wp-cron.php' not found or unable to stat
[Mon Feb 23 02:04:42.204658 2026] [php:error] [pid 1968] [client 20.24.210.86:0] script '/domains/ecernstelectric/styll.php' not found or unable to stat
[Mon Feb 23 02:04:42.347067 2026] [php:error] [pid 1969] [client 20.214.136.247:0] script '/domains/metrolighting/av.php' not found or unable to stat
[Mon Feb 23 02:04:42.363242 2026] [php:error] [pid 1962] [client 23.100.90.148:0] script '/domains/kandg-pc/autoload_classmap.php' not found or unable to stat
[Mon Feb 23 02:04:42.415225 2026] [php:error] [pid 1968] [client 20.24.210.86:0] script '/domains/ecernstelectric/x7.php' not found or unable to stat
[Mon Feb 23 02:04:42.579565 2026] [php:error] [pid 1962] [client 23.100.90.148:0] script '/domains/kandg-pc/inputs.php' not found or unable to stat
[Mon Feb 23 02:04:42.625023 2026] [php:error] [pid 1968] [client 20.24.210.86:0] script '/domains/ecernstelectric/thebe.php' not found or unable to stat
[Mon Feb 23 02:04:42.708464 2026] [php:error] [pid 1969] [client 20.214.136.247:0] script '/domains/metrolighting/wsd.php' not found or unable to stat
[Mon Feb 23 02:04:42.834150 2026] [php:error] [pid 1968] [client 20.24.210.86:0] script '/domains/ecernstelectric/ddd.php' not found or unable to stat
[Mon Feb 23 02:04:42.886622 2026] [php:error] [pid 1969] [client 20.214.136.247:0] script '/domains/metrolighting/jane.php' not found or unable to stat
[Mon Feb 23 02:04:43.045692 2026] [php:error] [pid 1968] [client 20.24.210.86:0] script '/domains/ecernstelectric/bgymj.php' not found or unable to stat
[Mon Feb 23 02:04:43.064633 2026] [php:error] [pid 1969] [client 20.214.136.247:0] script '/domains/metrolighting/css.php' not found or unable to stat
[Mon Feb 23 02:04:43.230173 2026] [php:error] [pid 1962] [client 23.100.90.148:0] script '/domains/kandg-pc/zwso.php' not found or unable to stat
[Mon Feb 23 02:04:43.244124 2026] [php:error] [pid 1969] [client 20.214.136.247:0] script '/domains/metrolighting/alfa.php' not found or unable to stat
[Mon Feb 23 02:04:43.255838 2026] [php:error] [pid 1968] [client 20.24.210.86:0] script '/domains/ecernstelectric/8xyz.php' not found or unable to stat
[Mon Feb 23 02:04:43.422415 2026] [php:error] [pid 1969] [client 20.214.136.247:0] script '/domains/metrolighting/wen.php' not found or unable to stat
[Mon Feb 23 02:04:43.446532 2026] [php:error] [pid 1962] [client 23.100.90.148:0] script '/domains/kandg-pc/bolt.php' not found or unable to stat
[Mon Feb 23 02:04:43.464844 2026] [php:error] [pid 1968] [client 20.24.210.86:0] script '/domains/ecernstelectric/ioxi.php' not found or unable to stat
[Mon Feb 23 02:04:43.600475 2026] [php:error] [pid 1969] [client 20.214.136.247:0] script '/domains/metrolighting/x.php' not found or unable to stat
[Mon Feb 23 02:04:43.674356 2026] [php:error] [pid 1968] [client 20.24.210.86:0] script '/domains/ecernstelectric/xpwer1.php' not found or unable to stat
[Mon Feb 23 02:04:43.779631 2026] [php:error] [pid 1969] [client 20.214.136.247:0] script '/domains/metrolighting/xxxx.php' not found or unable to stat
[Mon Feb 23 02:04:43.883088 2026] [php:error] [pid 1962] [client 23.100.90.148:0] script '/domains/kandg-pc/autoload_classmap.php' not found or unable to stat
[Mon Feb 23 02:04:43.884766 2026] [php:error] [pid 1968] [client 20.24.210.86:0] script '/domains/ecernstelectric/lala.php' not found or unable to stat
[Mon Feb 23 02:04:43.957800 2026] [php:error] [pid 1969] [client 20.214.136.247:0] script '/domains/metrolighting/class.php' not found or unable to stat
[Mon Feb 23 02:04:44.094508 2026] [php:error] [pid 1968] [client 20.24.210.86:0] script '/domains/ecernstelectric/about.php' not found or unable to stat
[Mon Feb 23 02:04:44.099136 2026] [php:error] [pid 1962] [client 23.100.90.148:0] script '/domains/kandg-pc/gdn.php' not found or unable to stat
[Mon Feb 23 02:04:44.135754 2026] [php:error] [pid 1969] [client 20.214.136.247:0] script '/domains/metrolighting/f35.php' not found or unable to stat
[Mon Feb 23 02:04:44.530862 2026] [php:error] [pid 1962] [client 23.100.90.148:0] script '/domains/kandg-pc/lala.php' not found or unable to stat
[Mon Feb 23 02:04:44.747048 2026] [php:error] [pid 1962] [client 23.100.90.148:0] script '/domains/kandg-pc/bnn_.php' not found or unable to stat
[Mon Feb 23 02:04:44.865058 2026] [php:error] [pid 1969] [client 20.214.136.247:0] script '/domains/metrolighting/class-t.api.php' not found or unable to stat
[Mon Feb 23 02:04:45.043195 2026] [php:error] [pid 1969] [client 20.214.136.247:0] script '/domains/metrolighting/blurbs18.php' not found or unable to stat
[Mon Feb 23 02:04:45.144610 2026] [php:error] [pid 1968] [client 20.24.210.86:0] script '/domains/ecernstelectric/info.php' not found or unable to stat
[Mon Feb 23 02:04:45.354884 2026] [php:error] [pid 1968] [client 20.24.210.86:0] script '/domains/ecernstelectric/about.php' not found or unable to stat
[Mon Feb 23 02:04:45.965259 2026] [php:error] [pid 1958] [client 20.24.210.86:0] script '/domains/ecernstelectric/222.php' not found or unable to stat
[Mon Feb 23 02:04:46.168910 2026] [php:error] [pid 1958] [client 20.24.210.86:0] script '/domains/ecernstelectric/adminfuns.php' not found or unable to stat
[Mon Feb 23 02:04:46.291625 2026] [php:error] [pid 1969] [client 20.214.136.247:0] script '/domains/metrolighting/bless11.php' not found or unable to stat
[Mon Feb 23 02:04:46.469675 2026] [php:error] [pid 1969] [client 20.214.136.247:0] script '/domains/metrolighting/init.php' not found or unable to stat
[Mon Feb 23 02:04:46.577833 2026] [php:error] [pid 1958] [client 20.24.210.86:0] script '/domains/ecernstelectric/xx.php' not found or unable to stat
[Mon Feb 23 02:04:46.826047 2026] [php:error] [pid 1969] [client 20.214.136.247:0] script '/domains/metrolighting/k.php' not found or unable to stat
[Mon Feb 23 02:04:46.987872 2026] [php:error] [pid 1958] [client 20.24.210.86:0] script '/domains/ecernstelectric/f5.php' not found or unable to stat
[Mon Feb 23 02:04:47.006182 2026] [php:error] [pid 1969] [client 20.214.136.247:0] script '/domains/metrolighting/bless.php' not found or unable to stat
[Mon Feb 23 02:04:47.184597 2026] [php:error] [pid 1969] [client 20.214.136.247:0] script '/domains/metrolighting/X7x.php' not found or unable to stat
[Mon Feb 23 02:04:47.192245 2026] [php:error] [pid 1958] [client 20.24.210.86:0] script '/domains/ecernstelectric/flower.php' not found or unable to stat
[Mon Feb 23 02:04:47.363325 2026] [php:error] [pid 1969] [client 20.214.136.247:0] script '/domains/metrolighting/166.php' not found or unable to stat
[Mon Feb 23 02:04:47.396523 2026] [php:error] [pid 1958] [client 20.24.210.86:0] script '/domains/ecernstelectric/f6.php' not found or unable to stat
[Mon Feb 23 02:04:47.541367 2026] [php:error] [pid 1969] [client 20.214.136.247:0] script '/domains/metrolighting/plss3.php' not found or unable to stat
[Mon Feb 23 02:04:47.602512 2026] [php:error] [pid 1958] [client 20.24.210.86:0] script '/domains/ecernstelectric/edit.php' not found or unable to stat
[Mon Feb 23 02:04:47.902361 2026] [php:error] [pid 1969] [client 20.214.136.247:0] script '/domains/metrolighting/admins.php' not found or unable to stat
[Mon Feb 23 02:04:48.083256 2026] [php:error] [pid 1969] [client 20.214.136.247:0] script '/domains/metrolighting/wp.php' not found or unable to stat
[Mon Feb 23 02:04:48.214900 2026] [php:error] [pid 1958] [client 20.24.210.86:0] script '/domains/ecernstelectric/av.php' not found or unable to stat
[Mon Feb 23 02:04:48.245728 2026] [php:error] [pid 1968] [client 20.199.120.254:0] script '/domains/system_suspended/new4.php' not found or unable to stat
[Mon Feb 23 02:04:48.261721 2026] [php:error] [pid 1969] [client 20.214.136.247:0] script '/domains/metrolighting/main.php' not found or unable to stat
[Mon Feb 23 02:04:48.334438 2026] [php:error] [pid 1968] [client 20.199.120.254:0] script '/domains/system_suspended/xoot.php' not found or unable to stat
[Mon Feb 23 02:04:48.423108 2026] [php:error] [pid 1968] [client 20.199.120.254:0] script '/domains/system_suspended/er.php' not found or unable to stat
[Mon Feb 23 02:04:48.444562 2026] [php:error] [pid 1969] [client 20.214.136.247:0] script '/domains/metrolighting/a1.php' not found or unable to stat
[Mon Feb 23 02:04:48.511893 2026] [php:error] [pid 1968] [client 20.199.120.254:0] script '/domains/system_suspended/fault.php' not found or unable to stat
[Mon Feb 23 02:04:48.600186 2026] [php:error] [pid 1968] [client 20.199.120.254:0] script '/domains/system_suspended/x2x.php' not found or unable to stat
[Mon Feb 23 02:04:48.622384 2026] [php:error] [pid 1969] [client 20.214.136.247:0] script '/domains/metrolighting/lala.php' not found or unable to stat
[Mon Feb 23 02:04:48.624148 2026] [php:error] [pid 1958] [client 20.24.210.86:0] script '/domains/ecernstelectric/wsd.php' not found or unable to stat
[Mon Feb 23 02:04:48.688619 2026] [php:error] [pid 1968] [client 20.199.120.254:0] script '/domains/system_suspended/motu.php' not found or unable to stat
[Mon Feb 23 02:04:48.777352 2026] [php:error] [pid 1968] [client 20.199.120.254:0] script '/domains/system_suspended/66.php' not found or unable to stat
[Mon Feb 23 02:04:48.800530 2026] [php:error] [pid 1969] [client 20.214.136.247:0] script '/domains/metrolighting/aaa.php' not found or unable to stat
[Mon Feb 23 02:04:48.827922 2026] [php:error] [pid 1958] [client 20.24.210.86:0] script '/domains/ecernstelectric/jane.php' not found or unable to stat
[Mon Feb 23 02:04:48.865891 2026] [php:error] [pid 1968] [client 20.199.120.254:0] script '/domains/system_suspended/leuk.php' not found or unable to stat
[Mon Feb 23 02:04:48.954585 2026] [php:error] [pid 1968] [client 20.199.120.254:0] script '/domains/system_suspended/bc-456.php' not found or unable to stat
[Mon Feb 23 02:04:48.980311 2026] [php:error] [pid 1969] [client 20.214.136.247:0] script '/domains/metrolighting/a2.php' not found or unable to stat
[Mon Feb 23 02:04:49.032664 2026] [php:error] [pid 1958] [client 20.24.210.86:0] script '/domains/ecernstelectric/css.php' not found or unable to stat
[Mon Feb 23 02:04:49.043406 2026] [php:error] [pid 1968] [client 20.199.120.254:0] script '/domains/system_suspended/wo.php' not found or unable to stat
[Mon Feb 23 02:04:49.133285 2026] [php:error] [pid 1968] [client 20.199.120.254:0] script '/domains/system_suspended/bvb.php' not found or unable to stat
[Mon Feb 23 02:04:49.222028 2026] [php:error] [pid 1968] [client 20.199.120.254:0] script '/domains/system_suspended/xqq.php' not found or unable to stat
[Mon Feb 23 02:04:49.236650 2026] [php:error] [pid 1958] [client 20.24.210.86:0] script '/domains/ecernstelectric/alfa.php' not found or unable to stat
[Mon Feb 23 02:04:49.310604 2026] [php:error] [pid 1968] [client 20.199.120.254:0] script '/domains/system_suspended/kolda.php' not found or unable to stat
[Mon Feb 23 02:04:49.336704 2026] [php:error] [pid 1969] [client 20.214.136.247:0] script '/domains/metrolighting/jsond.php' not found or unable to stat
[Mon Feb 23 02:04:49.398990 2026] [php:error] [pid 1968] [client 20.199.120.254:0] script '/domains/system_suspended/nw.php' not found or unable to stat
[Mon Feb 23 02:04:49.441501 2026] [php:error] [pid 1958] [client 20.24.210.86:0] script '/domains/ecernstelectric/wen.php' not found or unable to stat
[Mon Feb 23 02:04:49.487898 2026] [php:error] [pid 1968] [client 20.199.120.254:0] script '/domains/system_suspended/god.php' not found or unable to stat
[Mon Feb 23 02:04:49.576259 2026] [php:error] [pid 1968] [client 20.199.120.254:0] script '/domains/system_suspended/666.php' not found or unable to stat
[Mon Feb 23 02:04:49.645550 2026] [php:error] [pid 1958] [client 20.24.210.86:0] script '/domains/ecernstelectric/x.php' not found or unable to stat
[Mon Feb 23 02:04:49.664425 2026] [php:error] [pid 1968] [client 20.199.120.254:0] script '/domains/system_suspended/kj.php' not found or unable to stat
[Mon Feb 23 02:04:49.753011 2026] [php:error] [pid 1968] [client 20.199.120.254:0] script '/domains/system_suspended/un.php' not found or unable to stat
[Mon Feb 23 02:04:49.841857 2026] [php:error] [pid 1968] [client 20.199.120.254:0] script '/domains/system_suspended/fs.php' not found or unable to stat
[Mon Feb 23 02:04:49.849382 2026] [php:error] [pid 1958] [client 20.24.210.86:0] script '/domains/ecernstelectric/xxxx.php' not found or unable to stat
[Mon Feb 23 02:04:49.930635 2026] [php:error] [pid 1968] [client 20.199.120.254:0] script '/domains/system_suspended/lts.php' not found or unable to stat
[Mon Feb 23 02:04:50.018950 2026] [php:error] [pid 1968] [client 20.199.120.254:0] script '/domains/system_suspended/ms.php' not found or unable to stat
[Mon Feb 23 02:04:50.052748 2026] [php:error] [pid 1958] [client 20.24.210.86:0] script '/domains/ecernstelectric/class.php' not found or unable to stat
[Mon Feb 23 02:04:50.107465 2026] [php:error] [pid 1968] [client 20.199.120.254:0] script '/domains/system_suspended/login8.php' not found or unable to stat
[Mon Feb 23 02:04:50.197149 2026] [php:error] [pid 1968] [client 20.199.120.254:0] script '/domains/system_suspended/nnyvn.php' not found or unable to stat
[Mon Feb 23 02:04:50.256971 2026] [php:error] [pid 1958] [client 20.24.210.86:0] script '/domains/ecernstelectric/f35.php' not found or unable to stat
[Mon Feb 23 02:04:50.285732 2026] [php:error] [pid 1968] [client 20.199.120.254:0] script '/domains/system_suspended/cu.php' not found or unable to stat
[Mon Feb 23 02:04:50.374451 2026] [php:error] [pid 1968] [client 20.199.120.254:0] script '/domains/system_suspended/lul.php' not found or unable to stat
[Mon Feb 23 02:04:50.463125 2026] [php:error] [pid 1968] [client 20.199.120.254:0] script '/domains/system_suspended/0.php' not found or unable to stat
[Mon Feb 23 02:04:50.556745 2026] [php:error] [pid 1968] [client 20.199.120.254:0] script '/domains/system_suspended/ms-edit.php' not found or unable to stat
[Mon Feb 23 02:04:50.646126 2026] [php:error] [pid 1968] [client 20.199.120.254:0] script '/domains/system_suspended/ya.php' not found or unable to stat
[Mon Feb 23 02:04:50.734688 2026] [php:error] [pid 1968] [client 20.199.120.254:0] script '/domains/system_suspended/grsiuk.php' not found or unable to stat
[Mon Feb 23 02:04:50.823186 2026] [php:error] [pid 1968] [client 20.199.120.254:0] script '/domains/system_suspended/wp-blog.php' not found or unable to stat
[Mon Feb 23 02:04:50.911995 2026] [php:error] [pid 1968] [client 20.199.120.254:0] script '/domains/system_suspended/ftem.php' not found or unable to stat
[Mon Feb 23 02:04:51.000178 2026] [php:error] [pid 1968] [client 20.199.120.254:0] script '/domains/system_suspended/7wom.php' not found or unable to stat
[Mon Feb 23 02:04:51.079701 2026] [php:error] [pid 1958] [client 20.24.210.86:0] script '/domains/ecernstelectric/class-t.api.php' not found or unable to stat
[Mon Feb 23 02:04:51.089937 2026] [php:error] [pid 1968] [client 20.199.120.254:0] script '/domains/system_suspended/wp-access.php' not found or unable to stat
[Mon Feb 23 02:04:51.179287 2026] [php:error] [pid 1968] [client 20.199.120.254:0] script '/domains/system_suspended/a1vx.php' not found or unable to stat
[Mon Feb 23 02:04:51.267921 2026] [php:error] [pid 1968] [client 20.199.120.254:0] script '/domains/system_suspended/sbhu.php' not found or unable to stat
[Mon Feb 23 02:04:51.283205 2026] [php:error] [pid 1958] [client 20.24.210.86:0] script '/domains/ecernstelectric/blurbs18.php' not found or unable to stat
[Mon Feb 23 02:04:51.356613 2026] [php:error] [pid 1968] [client 20.199.120.254:0] script '/domains/system_suspended/wp-the.php' not found or unable to stat
[Mon Feb 23 02:04:51.445359 2026] [php:error] [pid 1968] [client 20.199.120.254:0] script '/domains/system_suspended/06.php' not found or unable to stat
[Mon Feb 23 02:04:51.536258 2026] [php:error] [pid 1968] [client 20.199.120.254:0] script '/domains/system_suspended/wp5.php' not found or unable to stat
[Mon Feb 23 02:04:51.624507 2026] [php:error] [pid 1968] [client 20.199.120.254:0] script '/domains/system_suspended/fot.php' not found or unable to stat
[Mon Feb 23 02:04:51.712693 2026] [php:error] [pid 1968] [client 20.199.120.254:0] script '/domains/system_suspended/ff1.php' not found or unable to stat
[Mon Feb 23 02:04:51.801323 2026] [php:error] [pid 1968] [client 20.199.120.254:0] script '/domains/system_suspended/forbidals.php' not found or unable to stat
[Mon Feb 23 02:04:51.889598 2026] [php:error] [pid 1968] [client 20.199.120.254:0] script '/domains/system_suspended/erty.php' not found or unable to stat
[Mon Feb 23 02:04:51.977772 2026] [php:error] [pid 1968] [client 20.199.120.254:0] script '/domains/system_suspended/dev1s.php' not found or unable to stat
[Mon Feb 23 02:04:52.084103 2026] [php:error] [pid 1968] [client 20.199.120.254:0] script '/domains/system_suspended/ffd.php' not found or unable to stat
[Mon Feb 23 02:04:52.172508 2026] [php:error] [pid 1968] [client 20.199.120.254:0] script '/domains/system_suspended/admiin.php' not found or unable to stat
[Mon Feb 23 02:04:52.261049 2026] [php:error] [pid 1968] [client 20.199.120.254:0] script '/domains/system_suspended/ol.php' not found or unable to stat
[Mon Feb 23 02:04:52.349485 2026] [php:error] [pid 1968] [client 20.199.120.254:0] script '/domains/system_suspended/Sanskrit.php' not found or unable to stat
[Mon Feb 23 02:04:52.440248 2026] [php:error] [pid 1968] [client 20.199.120.254:0] script '/domains/system_suspended/vxrl.php' not found or unable to stat
[Mon Feb 23 02:04:52.528938 2026] [php:error] [pid 1968] [client 20.199.120.254:0] script '/domains/system_suspended/re.php' not found or unable to stat
[Mon Feb 23 02:04:52.617591 2026] [php:error] [pid 1968] [client 20.199.120.254:0] script '/domains/system_suspended/num.php' not found or unable to stat
[Mon Feb 23 02:04:52.705741 2026] [php:error] [pid 1968] [client 20.199.120.254:0] script '/domains/system_suspended/axx.php' not found or unable to stat
[Mon Feb 23 02:04:52.713121 2026] [php:error] [pid 1958] [client 20.24.210.86:0] script '/domains/ecernstelectric/bless11.php' not found or unable to stat
[Mon Feb 23 02:04:52.793837 2026] [php:error] [pid 1968] [client 20.199.120.254:0] script '/domains/system_suspended/vxrl.php' not found or unable to stat
[Mon Feb 23 02:04:52.882464 2026] [php:error] [pid 1968] [client 20.199.120.254:0] script '/domains/system_suspended/in.php' not found or unable to stat
[Mon Feb 23 02:04:52.916480 2026] [php:error] [pid 1958] [client 20.24.210.86:0] script '/domains/ecernstelectric/init.php' not found or unable to stat
[Mon Feb 23 02:04:52.971772 2026] [php:error] [pid 1968] [client 20.199.120.254:0] script '/domains/system_suspended/style.php' not found or unable to stat
[Mon Feb 23 02:04:53.060174 2026] [php:error] [pid 1968] [client 20.199.120.254:0] script '/domains/system_suspended/we.php' not found or unable to stat
[Mon Feb 23 02:04:53.148669 2026] [php:error] [pid 1968] [client 20.199.120.254:0] script '/domains/system_suspended/zwso.php' not found or unable to stat
[Mon Feb 23 02:04:53.237012 2026] [php:error] [pid 1968] [client 20.199.120.254:0] script '/domains/system_suspended/karak.php' not found or unable to stat
[Mon Feb 23 02:04:53.325483 2026] [php:error] [pid 1968] [client 20.199.120.254:0] script '/domains/system_suspended/trd.php' not found or unable to stat
[Mon Feb 23 02:04:53.326088 2026] [php:error] [pid 1958] [client 20.24.210.86:0] script '/domains/ecernstelectric/k.php' not found or unable to stat
[Mon Feb 23 02:04:53.414240 2026] [php:error] [pid 1968] [client 20.199.120.254:0] script '/domains/system_suspended/past.php' not found or unable to stat
[Mon Feb 23 02:04:53.502801 2026] [php:error] [pid 1968] [client 20.199.120.254:0] script '/domains/system_suspended/prv8.php' not found or unable to stat
[Mon Feb 23 02:04:53.529914 2026] [php:error] [pid 1958] [client 20.24.210.86:0] script '/domains/ecernstelectric/bless.php' not found or unable to stat
[Mon Feb 23 02:04:53.591752 2026] [php:error] [pid 1968] [client 20.199.120.254:0] script '/domains/system_suspended/i.php' not found or unable to stat
[Mon Feb 23 02:04:53.734499 2026] [php:error] [pid 1958] [client 20.24.210.86:0] script '/domains/ecernstelectric/X7x.php' not found or unable to stat
[Mon Feb 23 02:04:53.768870 2026] [php:error] [pid 1968] [client 20.199.120.254:0] script '/domains/system_suspended/xmlrpc.php' not found or unable to stat
[Mon Feb 23 02:04:53.858342 2026] [php:error] [pid 1968] [client 20.199.120.254:0] script '/domains/system_suspended/aw.php' not found or unable to stat
[Mon Feb 23 02:04:53.938371 2026] [php:error] [pid 1958] [client 20.24.210.86:0] script '/domains/ecernstelectric/166.php' not found or unable to stat
[Mon Feb 23 02:04:53.946969 2026] [php:error] [pid 1968] [client 20.199.120.254:0] script '/domains/system_suspended/dev.php' not found or unable to stat
[Mon Feb 23 02:04:54.035220 2026] [php:error] [pid 1968] [client 20.199.120.254:0] script '/domains/system_suspended/lock360.php' not found or unable to stat
[Mon Feb 23 02:04:54.123744 2026] [php:error] [pid 1968] [client 20.199.120.254:0] script '/domains/system_suspended/155.php' not found or unable to stat
[Mon Feb 23 02:04:54.141618 2026] [php:error] [pid 1958] [client 20.24.210.86:0] script '/domains/ecernstelectric/plss3.php' not found or unable to stat
[Mon Feb 23 02:04:54.213007 2026] [php:error] [pid 1968] [client 20.199.120.254:0] script '/domains/system_suspended/goat.php' not found or unable to stat
[Mon Feb 23 02:04:54.301743 2026] [php:error] [pid 1968] [client 20.199.120.254:0] script '/domains/system_suspended/tcp.php' not found or unable to stat
[Mon Feb 23 02:04:54.390236 2026] [php:error] [pid 1968] [client 20.199.120.254:0] script '/domains/system_suspended/ext.php' not found or unable to stat
[Mon Feb 23 02:04:54.478608 2026] [php:error] [pid 1968] [client 20.199.120.254:0] script '/domains/system_suspended/inputs.php' not found or unable to stat
[Mon Feb 23 02:04:54.552872 2026] [php:error] [pid 1958] [client 20.24.210.86:0] script '/domains/ecernstelectric/admins.php' not found or unable to stat
[Mon Feb 23 02:04:54.567073 2026] [php:error] [pid 1968] [client 20.199.120.254:0] script '/domains/system_suspended/ioxi.php' not found or unable to stat
[Mon Feb 23 02:04:54.657277 2026] [php:error] [pid 1968] [client 20.199.120.254:0] script '/domains/system_suspended/fe5.php' not found or unable to stat
[Mon Feb 23 02:04:54.746430 2026] [php:error] [pid 1968] [client 20.199.120.254:0] script '/domains/system_suspended/ov.php' not found or unable to stat
[Mon Feb 23 02:04:54.758086 2026] [php:error] [pid 1958] [client 20.24.210.86:0] script '/domains/ecernstelectric/wp.php' not found or unable to stat
[Mon Feb 23 02:04:54.843057 2026] [php:error] [pid 1968] [client 20.199.120.254:0] script '/domains/system_suspended/past1.php' not found or unable to stat
[Mon Feb 23 02:04:54.961030 2026] [php:error] [pid 1958] [client 20.24.210.86:0] script '/domains/ecernstelectric/main.php' not found or unable to stat
[Mon Feb 23 02:04:55.020570 2026] [php:error] [pid 1968] [client 20.199.120.254:0] script '/domains/system_suspended/default.php' not found or unable to stat
[Mon Feb 23 02:04:55.109140 2026] [php:error] [pid 1968] [client 20.199.120.254:0] script '/domains/system_suspended/goods.php' not found or unable to stat
[Mon Feb 23 02:04:55.163949 2026] [php:error] [pid 1958] [client 20.24.210.86:0] script '/domains/ecernstelectric/a1.php' not found or unable to stat
[Mon Feb 23 02:04:55.197863 2026] [php:error] [pid 1968] [client 20.199.120.254:0] script '/domains/system_suspended/abcd.php' not found or unable to stat
[Mon Feb 23 02:04:55.286195 2026] [php:error] [pid 1968] [client 20.199.120.254:0] script '/domains/system_suspended/yos.php' not found or unable to stat
[Mon Feb 23 02:04:55.368486 2026] [php:error] [pid 1958] [client 20.24.210.86:0] script '/domains/ecernstelectric/lala.php' not found or unable to stat
[Mon Feb 23 02:04:55.374434 2026] [php:error] [pid 1968] [client 20.199.120.254:0] script '/domains/system_suspended/nope.php' not found or unable to stat
[Mon Feb 23 02:04:55.463663 2026] [php:error] [pid 1968] [client 20.199.120.254:0] script '/domains/system_suspended/class.1.php' not found or unable to stat
[Mon Feb 23 02:04:55.553231 2026] [php:error] [pid 1968] [client 20.199.120.254:0] script '/domains/system_suspended/file5.php' not found or unable to stat
[Mon Feb 23 02:04:55.572412 2026] [php:error] [pid 1958] [client 20.24.210.86:0] script '/domains/ecernstelectric/aaa.php' not found or unable to stat
[Mon Feb 23 02:04:55.641829 2026] [php:error] [pid 1968] [client 20.199.120.254:0] script '/domains/system_suspended/async.php' not found or unable to stat
[Mon Feb 23 02:04:55.730567 2026] [php:error] [pid 1968] [client 20.199.120.254:0] script '/domains/system_suspended/ff.php' not found or unable to stat
[Mon Feb 23 02:04:55.776642 2026] [php:error] [pid 1958] [client 20.24.210.86:0] script '/domains/ecernstelectric/a2.php' not found or unable to stat
[Mon Feb 23 02:04:55.818789 2026] [php:error] [pid 1968] [client 20.199.120.254:0] script '/domains/system_suspended/ioxi-o.php' not found or unable to stat
[Mon Feb 23 02:04:55.907355 2026] [php:error] [pid 1968] [client 20.199.120.254:0] script '/domains/system_suspended/manager.php' not found or unable to stat
[Mon Feb 23 02:04:55.995571 2026] [php:error] [pid 1968] [client 20.199.120.254:0] script '/domains/system_suspended/wp-update.php' not found or unable to stat
[Mon Feb 23 02:04:56.084344 2026] [php:error] [pid 1968] [client 20.199.120.254:0] script '/domains/system_suspended/file.php' not found or unable to stat
[Mon Feb 23 02:04:56.186159 2026] [php:error] [pid 1958] [client 20.24.210.86:0] script '/domains/ecernstelectric/jsond.php' not found or unable to stat
[Mon Feb 23 02:04:56.263825 2026] [php:error] [pid 1968] [client 20.199.120.254:0] script '/domains/system_suspended/lc.php' not found or unable to stat
[Mon Feb 23 02:04:56.358596 2026] [php:error] [pid 1968] [client 20.199.120.254:0] script '/domains/system_suspended/hexx.php' not found or unable to stat
[Mon Feb 23 02:04:56.447209 2026] [php:error] [pid 1968] [client 20.199.120.254:0] script '/domains/system_suspended/cbrfo.php' not found or unable to stat
[Mon Feb 23 02:04:56.535360 2026] [php:error] [pid 1968] [client 20.199.120.254:0] script '/domains/system_suspended/inc.php' not found or unable to stat
[Mon Feb 23 02:04:56.623500 2026] [php:error] [pid 1968] [client 20.199.120.254:0] script '/domains/system_suspended/gifclass.php' not found or unable to stat
[Mon Feb 23 02:04:56.712588 2026] [php:error] [pid 1968] [client 20.199.120.254:0] script '/domains/system_suspended/miansha.php' not found or unable to stat
[Mon Feb 23 02:04:56.800867 2026] [php:error] [pid 1968] [client 20.199.120.254:0] script '/domains/system_suspended/tinyfilemanager.php' not found or unable to stat
[Mon Feb 23 02:04:56.889752 2026] [php:error] [pid 1968] [client 20.199.120.254:0] script '/domains/system_suspended/xfile25.php' not found or unable to stat
[Mon Feb 23 02:04:56.979047 2026] [php:error] [pid 1968] [client 20.199.120.254:0] script '/domains/system_suspended/ok.php' not found or unable to stat
[Mon Feb 23 02:04:57.067341 2026] [php:error] [pid 1968] [client 20.199.120.254:0] script '/domains/system_suspended/fi.php' not found or unable to stat
[Mon Feb 23 02:04:57.243118 2026] [php:error] [pid 1943] [client 20.199.120.254:0] script '/domains/system_suspended/muzu.php' not found or unable to stat
[Mon Feb 23 02:04:57.329019 2026] [php:error] [pid 1943] [client 20.199.120.254:0] script '/domains/system_suspended/reze.php' not found or unable to stat
[Mon Feb 23 02:04:57.414897 2026] [php:error] [pid 1943] [client 20.199.120.254:0] script '/domains/system_suspended/styll.php' not found or unable to stat
[Mon Feb 23 02:04:57.500815 2026] [php:error] [pid 1943] [client 20.199.120.254:0] script '/domains/system_suspended/x7.php' not found or unable to stat
[Mon Feb 23 02:04:57.587088 2026] [php:error] [pid 1943] [client 20.199.120.254:0] script '/domains/system_suspended/thebe.php' not found or unable to stat
[Mon Feb 23 02:04:57.672707 2026] [php:error] [pid 1943] [client 20.199.120.254:0] script '/domains/system_suspended/ddd.php' not found or unable to stat
[Mon Feb 23 02:04:57.759914 2026] [php:error] [pid 1943] [client 20.199.120.254:0] script '/domains/system_suspended/ccs.php' not found or unable to stat
[Mon Feb 23 02:04:57.846263 2026] [php:error] [pid 1943] [client 20.199.120.254:0] script '/domains/system_suspended/bgymj.php' not found or unable to stat
[Mon Feb 23 02:04:57.932240 2026] [php:error] [pid 1943] [client 20.199.120.254:0] script '/domains/system_suspended/8xyz.php' not found or unable to stat
[Mon Feb 23 02:04:58.018041 2026] [php:error] [pid 1943] [client 20.199.120.254:0] script '/domains/system_suspended/la.php' not found or unable to stat
[Mon Feb 23 02:04:58.115424 2026] [php:error] [pid 1943] [client 20.199.120.254:0] script '/domains/system_suspended/ioxi.php' not found or unable to stat
[Mon Feb 23 02:04:58.201298 2026] [php:error] [pid 1943] [client 20.199.120.254:0] script '/domains/system_suspended/xpwer1.php' not found or unable to stat
