[Mon Feb 23 01:42:04.517897 2026] [php:error] [pid 1714] [client 20.223.240.16:0] script '/domains/proinc/xopgt.php' not found or unable to stat
[Mon Feb 23 01:42:04.588974 2026] [php:error] [pid 1714] [client 20.223.240.16:0] script '/domains/proinc/xsjtz.php' not found or unable to stat
[Mon Feb 23 01:42:04.659730 2026] [php:error] [pid 1714] [client 20.223.240.16:0] script '/domains/proinc/zvinn.php' not found or unable to stat
[Mon Feb 23 01:42:31.627889 2026] [php:error] [pid 1721] [client 176.65.132.217:0] script '/domains/fryer/database.php' not found or unable to stat, referer: http://fryer.com/
[Mon Feb 23 01:42:31.690113 2026] [php:error] [pid 1718] [client 176.65.132.217:0] script '/domains/fryer/settings.php' not found or unable to stat, referer: http://fryer.com/
[Mon Feb 23 01:42:31.699404 2026] [php:error] [pid 1716] [client 176.65.132.217:0] script '/domains/fryer/db.php' not found or unable to stat, referer: http://fryer.com/
[Mon Feb 23 01:42:33.998072 2026] [php:error] [pid 1713] [client 20.205.227.70:0] script '/domains/pauljbrock/wp-trackback.php' not found or unable to stat
[Mon Feb 23 01:42:34.225693 2026] [php:error] [pid 1713] [client 20.205.227.70:0] script '/domains/pauljbrock/about.php' not found or unable to stat
[Mon Feb 23 01:42:34.454433 2026] [php:error] [pid 1713] [client 20.205.227.70:0] script '/domains/pauljbrock/file.php' not found or unable to stat
[Mon Feb 23 01:42:34.682571 2026] [php:error] [pid 1713] [client 20.205.227.70:0] script '/domains/pauljbrock/adminfuns.php' not found or unable to stat
[Mon Feb 23 01:42:34.910587 2026] [php:error] [pid 1713] [client 20.205.227.70:0] script '/domains/pauljbrock/wp-good.php' not found or unable to stat
[Mon Feb 23 01:42:35.138480 2026] [php:error] [pid 1713] [client 20.205.227.70:0] script '/domains/pauljbrock/xmlrpc.php' not found or unable to stat
[Mon Feb 23 01:42:35.367162 2026] [php:error] [pid 1713] [client 20.205.227.70:0] script '/domains/pauljbrock/goods.php' not found or unable to stat
[Mon Feb 23 01:42:35.595168 2026] [php:error] [pid 1713] [client 20.205.227.70:0] script '/domains/pauljbrock/ioxi-o.php' not found or unable to stat
[Mon Feb 23 01:42:35.823069 2026] [php:error] [pid 1713] [client 20.205.227.70:0] script '/domains/pauljbrock/class-t.api.php' not found or unable to stat
[Mon Feb 23 01:42:36.050772 2026] [php:error] [pid 1713] [client 20.205.227.70:0] script '/domains/pauljbrock/admin.php' not found or unable to stat
[Mon Feb 23 01:42:36.278414 2026] [php:error] [pid 1713] [client 20.205.227.70:0] script '/domains/pauljbrock/sf.php' not found or unable to stat
[Mon Feb 23 01:42:36.506255 2026] [php:error] [pid 1713] [client 20.205.227.70:0] script '/domains/pauljbrock/rip.php' not found or unable to stat
[Mon Feb 23 01:42:36.751994 2026] [php:error] [pid 1713] [client 20.205.227.70:0] script '/domains/pauljbrock/kbfr.php' not found or unable to stat
[Mon Feb 23 01:42:36.980376 2026] [php:error] [pid 1713] [client 20.205.227.70:0] script '/domains/pauljbrock/autoload_classmap.php' not found or unable to stat
[Mon Feb 23 01:42:37.208019 2026] [php:error] [pid 1713] [client 20.205.227.70:0] script '/domains/pauljbrock/chosen.php' not found or unable to stat
[Mon Feb 23 01:42:37.436473 2026] [php:error] [pid 1713] [client 20.205.227.70:0] script '/domains/pauljbrock/classwithtostring.php' not found or unable to stat
[Mon Feb 23 01:42:37.664080 2026] [php:error] [pid 1713] [client 20.205.227.70:0] script '/domains/pauljbrock/defaults.php' not found or unable to stat
[Mon Feb 23 01:42:38.841925 2026] [php:error] [pid 1713] [client 20.205.227.70:0] script '/domains/pauljbrock/info.php' not found or unable to stat
[Mon Feb 23 01:43:03.528352 2026] [php:error] [pid 1718] [client 40.80.90.214:0] script '/domains/assetenhance/new4.php' not found or unable to stat
[Mon Feb 23 01:43:04.159315 2026] [php:error] [pid 1718] [client 40.80.90.214:0] script '/domains/assetenhance/shell20211028.php' not found or unable to stat
[Mon Feb 23 01:43:05.423136 2026] [php:error] [pid 1718] [client 40.80.90.214:0] script '/domains/assetenhance/db.php' not found or unable to stat
[Mon Feb 23 01:43:07.308178 2026] [php:error] [pid 1718] [client 40.80.90.214:0] script '/domains/assetenhance/bs1.php' not found or unable to stat
[Mon Feb 23 01:43:07.948278 2026] [php:error] [pid 1718] [client 40.80.90.214:0] script '/domains/assetenhance/BDKR28WP.php' not found or unable to stat
[Mon Feb 23 01:43:08.580083 2026] [php:error] [pid 1718] [client 40.80.90.214:0] script '/domains/assetenhance/zu.php' not found or unable to stat
[Mon Feb 23 01:43:09.204629 2026] [php:error] [pid 1718] [client 40.80.90.214:0] script '/domains/assetenhance/alpha.php' not found or unable to stat
[Mon Feb 23 01:43:09.838398 2026] [php:error] [pid 1718] [client 40.80.90.214:0] script '/domains/assetenhance/sty.php' not found or unable to stat
[Mon Feb 23 01:43:10.474040 2026] [php:error] [pid 1718] [client 40.80.90.214:0] script '/domains/assetenhance/htaccess.php' not found or unable to stat
[Mon Feb 23 01:43:11.325437 2026] [php:error] [pid 1713] [client 52.172.248.2:0] script '/domains/fairlane1/166.php' not found or unable to stat
[Mon Feb 23 01:43:11.536325 2026] [php:error] [pid 1713] [client 52.172.248.2:0] script '/domains/fairlane1/2026.php' not found or unable to stat
[Mon Feb 23 01:43:11.759984 2026] [php:error] [pid 1713] [client 52.172.248.2:0] script '/domains/fairlane1/muzu.php' not found or unable to stat
[Mon Feb 23 01:43:11.970980 2026] [php:error] [pid 1713] [client 52.172.248.2:0] script '/domains/fairlane1/reze.php' not found or unable to stat
[Mon Feb 23 01:43:12.364047 2026] [php:error] [pid 1718] [client 40.80.90.214:0] script '/domains/assetenhance/opts.php' not found or unable to stat
[Mon Feb 23 01:43:12.389937 2026] [php:error] [pid 1713] [client 52.172.248.2:0] script '/domains/fairlane1/jsond.php' not found or unable to stat
[Mon Feb 23 01:43:12.601322 2026] [php:error] [pid 1713] [client 52.172.248.2:0] script '/domains/fairlane1/x7.php' not found or unable to stat
[Mon Feb 23 01:43:12.812733 2026] [php:error] [pid 1713] [client 52.172.248.2:0] script '/domains/fairlane1/bgymj.php' not found or unable to stat
[Mon Feb 23 01:43:12.990633 2026] [php:error] [pid 1718] [client 40.80.90.214:0] script '/domains/assetenhance/wp-act.php' not found or unable to stat
[Mon Feb 23 01:43:13.024250 2026] [php:error] [pid 1713] [client 52.172.248.2:0] script '/domains/fairlane1/lala.php' not found or unable to stat
[Mon Feb 23 01:43:13.235416 2026] [php:error] [pid 1713] [client 52.172.248.2:0] script '/domains/fairlane1/8xyz.php' not found or unable to stat
[Mon Feb 23 01:43:13.446059 2026] [php:error] [pid 1713] [client 52.172.248.2:0] script '/domains/fairlane1/wsd.php' not found or unable to stat
[Mon Feb 23 01:43:13.613989 2026] [php:error] [pid 1718] [client 40.80.90.214:0] script '/domains/assetenhance/ze.php' not found or unable to stat
[Mon Feb 23 01:43:13.868137 2026] [php:error] [pid 1713] [client 52.172.248.2:0] script '/domains/fairlane1/la.php' not found or unable to stat
[Mon Feb 23 01:43:14.085767 2026] [php:error] [pid 1713] [client 52.172.248.2:0] script '/domains/fairlane1/Wp-good.php' not found or unable to stat
[Mon Feb 23 01:43:14.249730 2026] [php:error] [pid 1718] [client 40.80.90.214:0] script '/domains/assetenhance/seetox.php' not found or unable to stat
[Mon Feb 23 01:43:14.296348 2026] [php:error] [pid 1713] [client 52.172.248.2:0] script '/domains/fairlane1/tphp.php' not found or unable to stat
[Mon Feb 23 01:43:14.508221 2026] [php:error] [pid 1713] [client 52.172.248.2:0] script '/domains/fairlane1/a1.php' not found or unable to stat
[Mon Feb 23 01:43:14.719227 2026] [php:error] [pid 1713] [client 52.172.248.2:0] script '/domains/fairlane1/nyan.php' not found or unable to stat
[Mon Feb 23 01:43:14.939559 2026] [php:error] [pid 1713] [client 52.172.248.2:0] script '/domains/fairlane1/autoload_classmap.php' not found or unable to stat
[Mon Feb 23 01:43:15.190409 2026] [php:error] [pid 1713] [client 52.172.248.2:0] script '/domains/fairlane1/alfa.php' not found or unable to stat
[Mon Feb 23 01:43:15.621545 2026] [php:error] [pid 1718] [client 40.80.90.214:0] script '/domains/assetenhance/plugins.php' not found or unable to stat
[Mon Feb 23 01:43:15.677558 2026] [php:error] [pid 1713] [client 52.172.248.2:0] script '/domains/fairlane1/luxe.php' not found or unable to stat
[Mon Feb 23 01:43:16.266360 2026] [php:error] [pid 1718] [client 40.80.90.214:0] script '/domains/assetenhance/xoot.php' not found or unable to stat
[Mon Feb 23 01:43:16.701029 2026] [php:error] [pid 1713] [client 52.172.248.2:0] script '/domains/fairlane1/rezor.php' not found or unable to stat
[Mon Feb 23 01:43:16.890832 2026] [php:error] [pid 1718] [client 40.80.90.214:0] script '/domains/assetenhance/X57.php' not found or unable to stat
[Mon Feb 23 01:43:16.986845 2026] [php:error] [pid 1713] [client 52.172.248.2:0] script '/domains/fairlane1/doc.php' not found or unable to stat
[Mon Feb 23 01:43:17.523977 2026] [php:error] [pid 1718] [client 40.80.90.214:0] script '/domains/assetenhance/vx.php' not found or unable to stat
[Mon Feb 23 01:43:17.625393 2026] [php:error] [pid 1713] [client 52.172.248.2:0] script '/domains/fairlane1/install.php' not found or unable to stat
[Mon Feb 23 01:43:18.150883 2026] [php:error] [pid 1718] [client 40.80.90.214:0] script '/domains/assetenhance/file59.php' not found or unable to stat
[Mon Feb 23 01:43:18.159747 2026] [php:error] [pid 1713] [client 52.172.248.2:0] script '/domains/fairlane1/sto.php' not found or unable to stat
[Mon Feb 23 01:43:18.371090 2026] [php:error] [pid 1713] [client 52.172.248.2:0] script '/domains/fairlane1/x.php' not found or unable to stat
[Mon Feb 23 01:43:18.593251 2026] [php:error] [pid 1713] [client 52.172.248.2:0] script '/domains/fairlane1/test.php' not found or unable to stat
[Mon Feb 23 01:43:19.052538 2026] [php:error] [pid 1713] [client 52.172.248.2:0] script '/domains/fairlane1/n3.php' not found or unable to stat
[Mon Feb 23 01:43:19.424276 2026] [php:error] [pid 1718] [client 40.80.90.214:0] script '/domains/assetenhance/xa.php' not found or unable to stat
[Mon Feb 23 01:43:19.481302 2026] [php:error] [pid 1713] [client 52.172.248.2:0] script '/domains/fairlane1/o.php' not found or unable to stat
[Mon Feb 23 01:43:19.943924 2026] [php:error] [pid 1713] [client 52.172.248.2:0] script '/domains/fairlane1/class-t.api.php' not found or unable to stat
[Mon Feb 23 01:43:20.066089 2026] [php:error] [pid 1718] [client 40.80.90.214:0] script '/domains/assetenhance/er.php' not found or unable to stat
[Mon Feb 23 01:43:20.368693 2026] [php:error] [pid 1713] [client 52.172.248.2:0] script '/domains/fairlane1/wp.php' not found or unable to stat
[Mon Feb 23 01:43:20.703801 2026] [php:error] [pid 1718] [client 40.80.90.214:0] script '/domains/assetenhance/fault.php' not found or unable to stat
[Mon Feb 23 01:43:21.004662 2026] [php:error] [pid 1713] [client 52.172.248.2:0] script '/domains/fairlane1/h.php' not found or unable to stat
[Mon Feb 23 01:43:21.347787 2026] [php:error] [pid 1718] [client 40.80.90.214:0] script '/domains/assetenhance/motu.php' not found or unable to stat
[Mon Feb 23 01:43:21.457698 2026] [php:error] [pid 1713] [client 52.172.248.2:0] script '/domains/fairlane1/wrt.php' not found or unable to stat
[Mon Feb 23 01:43:22.002429 2026] [php:error] [pid 1718] [client 40.80.90.214:0] script '/domains/assetenhance/66.php' not found or unable to stat
[Mon Feb 23 01:43:22.299975 2026] [php:error] [pid 1713] [client 52.172.248.2:0] script '/domains/fairlane1/png.php' not found or unable to stat
[Mon Feb 23 01:43:22.629682 2026] [php:error] [pid 1718] [client 40.80.90.214:0] script '/domains/assetenhance/leuk.php' not found or unable to stat
[Mon Feb 23 01:43:22.733464 2026] [php:error] [pid 1713] [client 52.172.248.2:0] script '/domains/fairlane1/zwso.php' not found or unable to stat
[Mon Feb 23 01:43:23.261049 2026] [php:error] [pid 1718] [client 40.80.90.214:0] script '/domains/assetenhance/xqq.php' not found or unable to stat
[Mon Feb 23 01:43:23.575716 2026] [php:error] [pid 1713] [client 52.172.248.2:0] script '/domains/fairlane1/ton.php' not found or unable to stat
[Mon Feb 23 01:43:23.793325 2026] [php:error] [pid 1713] [client 52.172.248.2:0] script '/domains/fairlane1/wso.php' not found or unable to stat
[Mon Feb 23 01:43:23.898999 2026] [php:error] [pid 1718] [client 40.80.90.214:0] script '/domains/assetenhance/kolda.php' not found or unable to stat
[Mon Feb 23 01:43:24.220684 2026] [php:error] [pid 1713] [client 52.172.248.2:0] script '/domains/fairlane1/a2.php' not found or unable to stat
[Mon Feb 23 01:43:24.432964 2026] [php:error] [pid 1713] [client 52.172.248.2:0] script '/domains/fairlane1/shell.php' not found or unable to stat
[Mon Feb 23 01:43:24.559438 2026] [php:error] [pid 1718] [client 40.80.90.214:0] script '/domains/assetenhance/nw.php' not found or unable to stat
[Mon Feb 23 01:43:24.860717 2026] [php:error] [pid 1713] [client 52.172.248.2:0] script '/domains/fairlane1/sxo.php' not found or unable to stat
[Mon Feb 23 01:43:25.205196 2026] [php:error] [pid 1718] [client 40.80.90.214:0] script '/domains/assetenhance/666.php' not found or unable to stat
[Mon Feb 23 01:43:25.575920 2026] [php:error] [pid 1713] [client 52.172.248.2:0] script '/domains/fairlane1/mans.php' not found or unable to stat
[Mon Feb 23 01:43:25.846847 2026] [php:error] [pid 1713] [client 52.172.248.2:0] script '/domains/fairlane1/dropdown.php' not found or unable to stat
[Mon Feb 23 01:43:25.899003 2026] [php:error] [pid 1718] [client 40.80.90.214:0] script '/domains/assetenhance/kj.php' not found or unable to stat
[Mon Feb 23 01:43:26.273893 2026] [php:error] [pid 1713] [client 52.172.248.2:0] script '/domains/fairlane1/ze.php' not found or unable to stat
[Mon Feb 23 01:43:26.485816 2026] [php:error] [pid 1713] [client 52.172.248.2:0] script '/domains/fairlane1/geck.php' not found or unable to stat
[Mon Feb 23 01:43:26.570725 2026] [php:error] [pid 1718] [client 40.80.90.214:0] script '/domains/assetenhance/un.php' not found or unable to stat
[Mon Feb 23 01:43:26.696779 2026] [php:error] [pid 1713] [client 52.172.248.2:0] script '/domains/fairlane1/menu.php' not found or unable to stat
[Mon Feb 23 01:43:27.214931 2026] [php:error] [pid 1718] [client 40.80.90.214:0] script '/domains/assetenhance/fs.php' not found or unable to stat
[Mon Feb 23 01:43:27.343863 2026] [php:error] [pid 1713] [client 52.172.248.2:0] script '/domains/fairlane1/flower.php' not found or unable to stat
[Mon Feb 23 01:43:27.554801 2026] [php:error] [pid 1713] [client 52.172.248.2:0] script '/domains/fairlane1/ftp.php' not found or unable to stat
[Mon Feb 23 01:43:27.804032 2026] [php:error] [pid 1713] [client 52.172.248.2:0] script '/domains/fairlane1/mds.php' not found or unable to stat
[Mon Feb 23 01:43:27.892696 2026] [php:error] [pid 1718] [client 40.80.90.214:0] script '/domains/assetenhance/ms.php' not found or unable to stat
[Mon Feb 23 01:43:28.015531 2026] [php:error] [pid 1713] [client 52.172.248.2:0] script '/domains/fairlane1/ahax.php' not found or unable to stat
[Mon Feb 23 01:43:28.527699 2026] [php:error] [pid 1718] [client 40.80.90.214:0] script '/domains/assetenhance/login5.php' not found or unable to stat
[Mon Feb 23 01:43:28.575074 2026] [php:error] [pid 1713] [client 52.172.248.2:0] script '/domains/fairlane1/cool.php' not found or unable to stat
[Mon Feb 23 01:43:28.785801 2026] [php:error] [pid 1713] [client 52.172.248.2:0] script '/domains/fairlane1/gm.php' not found or unable to stat
[Mon Feb 23 01:43:29.060041 2026] [php:error] [pid 1713] [client 52.172.248.2:0] script '/domains/fairlane1/simple.php' not found or unable to stat
[Mon Feb 23 01:43:29.196268 2026] [php:error] [pid 1718] [client 40.80.90.214:0] script '/domains/assetenhance/cu.php' not found or unable to stat
[Mon Feb 23 01:43:29.271603 2026] [php:error] [pid 1713] [client 52.172.248.2:0] script '/domains/fairlane1/elp.php' not found or unable to stat
[Mon Feb 23 01:43:29.482419 2026] [php:error] [pid 1713] [client 52.172.248.2:0] script '/domains/fairlane1/bolt.php' not found or unable to stat
[Mon Feb 23 01:43:29.886317 2026] [php:error] [pid 1718] [client 40.80.90.214:0] script '/domains/assetenhance/lul.php' not found or unable to stat
[Mon Feb 23 01:43:29.925743 2026] [php:error] [pid 1713] [client 52.172.248.2:0] script '/domains/fairlane1/inputs.php' not found or unable to stat
[Mon Feb 23 01:43:30.348398 2026] [php:error] [pid 1713] [client 52.172.248.2:0] script '/domains/fairlane1/system.php' not found or unable to stat
[Mon Feb 23 01:43:30.552791 2026] [php:error] [pid 1718] [client 40.80.90.214:0] script '/domains/assetenhance/0.php' not found or unable to stat
[Mon Feb 23 01:43:31.193910 2026] [php:error] [pid 1718] [client 40.80.90.214:0] script '/domains/assetenhance/ms-edit.php' not found or unable to stat
[Mon Feb 23 01:43:31.207882 2026] [php:error] [pid 1713] [client 52.172.248.2:0] script '/domains/fairlane1/an.php' not found or unable to stat
[Mon Feb 23 01:43:31.418858 2026] [php:error] [pid 1713] [client 52.172.248.2:0] script '/domains/fairlane1/w.php' not found or unable to stat
[Mon Feb 23 01:43:31.642771 2026] [php:error] [pid 1713] [client 52.172.248.2:0] script '/domains/fairlane1/gmo.php' not found or unable to stat
[Mon Feb 23 01:43:31.828827 2026] [php:error] [pid 1718] [client 40.80.90.214:0] script '/domains/assetenhance/grsiuk.php' not found or unable to stat
[Mon Feb 23 01:43:31.853893 2026] [php:error] [pid 1713] [client 52.172.248.2:0] script '/domains/fairlane1/gib.php' not found or unable to stat
[Mon Feb 23 01:43:32.088226 2026] [php:error] [pid 1713] [client 52.172.248.2:0] script '/domains/fairlane1/wp-miiss.php.php' not found or unable to stat
[Mon Feb 23 01:43:32.502184 2026] [php:error] [pid 1718] [client 40.80.90.214:0] script '/domains/assetenhance/wp-blog.php' not found or unable to stat
[Mon Feb 23 01:43:32.510120 2026] [php:error] [pid 1713] [client 52.172.248.2:0] script '/domains/fairlane1/moon.php' not found or unable to stat
[Mon Feb 23 01:43:32.721002 2026] [php:error] [pid 1713] [client 52.172.248.2:0] script '/domains/fairlane1/filesss.php' not found or unable to stat
[Mon Feb 23 01:43:32.931599 2026] [php:error] [pid 1713] [client 52.172.248.2:0] script '/domains/fairlane1/hey.php' not found or unable to stat
[Mon Feb 23 01:43:33.131634 2026] [php:error] [pid 1718] [client 40.80.90.214:0] script '/domains/assetenhance/wp-access.php' not found or unable to stat
[Mon Feb 23 01:43:33.361583 2026] [php:error] [pid 1713] [client 52.172.248.2:0] script '/domains/fairlane1/1337.php' not found or unable to stat
[Mon Feb 23 01:43:33.571989 2026] [php:error] [pid 1713] [client 52.172.248.2:0] script '/domains/fairlane1/buy.php' not found or unable to stat
[Mon Feb 23 01:43:33.781899 2026] [php:error] [pid 1718] [client 40.80.90.214:0] script '/domains/assetenhance/a1vx.php' not found or unable to stat
[Mon Feb 23 01:43:34.027597 2026] [php:error] [pid 1713] [client 52.172.248.2:0] script '/domains/fairlane1/m.php' not found or unable to stat
[Mon Feb 23 01:43:34.472698 2026] [php:error] [pid 1718] [client 40.80.90.214:0] script '/domains/assetenhance/sbhu.php' not found or unable to stat
[Mon Feb 23 01:43:34.528540 2026] [php:error] [pid 1729] [client 52.172.248.2:0] script '/domains/fairlane1/wp-is.php' not found or unable to stat
[Mon Feb 23 01:43:34.740651 2026] [php:error] [pid 1729] [client 52.172.248.2:0] script '/domains/fairlane1/jmfi2.php' not found or unable to stat
[Mon Feb 23 01:43:35.109186 2026] [php:error] [pid 1718] [client 40.80.90.214:0] script '/domains/assetenhance/wp-the.php' not found or unable to stat
[Mon Feb 23 01:43:35.205113 2026] [php:error] [pid 1729] [client 52.172.248.2:0] script '/domains/fairlane1/bnn_.php' not found or unable to stat
[Mon Feb 23 01:43:35.629047 2026] [php:error] [pid 1729] [client 52.172.248.2:0] script '/domains/fairlane1/hzz.php' not found or unable to stat
[Mon Feb 23 01:43:35.847270 2026] [php:error] [pid 1729] [client 52.172.248.2:0] script '/domains/fairlane1/shell20211028.php' not found or unable to stat
[Mon Feb 23 01:43:35.852270 2026] [php:error] [pid 1718] [client 40.80.90.214:0] script '/domains/assetenhance/06.php' not found or unable to stat
[Mon Feb 23 01:43:36.086346 2026] [php:error] [pid 1729] [client 52.172.248.2:0] script '/domains/fairlane1/content.php' not found or unable to stat
[Mon Feb 23 01:43:36.473913 2026] [php:error] [pid 1718] [client 40.80.90.214:0] script '/domains/assetenhance/classwithtostring.php' not found or unable to stat
[Mon Feb 23 01:43:36.620764 2026] [php:error] [pid 1729] [client 52.172.248.2:0] script '/domains/fairlane1/ps.php' not found or unable to stat
[Mon Feb 23 01:43:37.124918 2026] [php:error] [pid 1718] [client 40.80.90.214:0] script '/domains/assetenhance/fot.php' not found or unable to stat
[Mon Feb 23 01:43:37.406586 2026] [php:error] [pid 1729] [client 52.172.248.2:0] script '/domains/fairlane1/cache.php' not found or unable to stat
[Mon Feb 23 01:43:37.620563 2026] [php:error] [pid 1729] [client 52.172.248.2:0] script '/domains/fairlane1/ss.php' not found or unable to stat
[Mon Feb 23 01:43:37.748658 2026] [php:error] [pid 1718] [client 40.80.90.214:0] script '/domains/assetenhance/ff1.php' not found or unable to stat
[Mon Feb 23 01:43:37.866043 2026] [php:error] [pid 1729] [client 52.172.248.2:0] script '/domains/fairlane1/p.php' not found or unable to stat
[Mon Feb 23 01:43:38.290457 2026] [php:error] [pid 1729] [client 52.172.248.2:0] script '/domains/fairlane1/user.php' not found or unable to stat
[Mon Feb 23 01:43:38.385218 2026] [php:error] [pid 1718] [client 40.80.90.214:0] script '/domains/assetenhance/forbidals.php' not found or unable to stat
[Mon Feb 23 01:43:38.945671 2026] [php:error] [pid 1729] [client 52.172.248.2:0] script '/domains/fairlane1/wp.php' not found or unable to stat
[Mon Feb 23 01:43:39.019386 2026] [php:error] [pid 1718] [client 40.80.90.214:0] script '/domains/assetenhance/erty.php' not found or unable to stat
[Mon Feb 23 01:43:39.167669 2026] [php:error] [pid 1729] [client 52.172.248.2:0] script '/domains/fairlane1/rip.php' not found or unable to stat
[Mon Feb 23 01:43:39.416876 2026] [php:error] [pid 1729] [client 52.172.248.2:0] script '/domains/fairlane1/wp4.php' not found or unable to stat
[Mon Feb 23 01:43:39.629024 2026] [php:error] [pid 1729] [client 52.172.248.2:0] script '/domains/fairlane1/403.php' not found or unable to stat
[Mon Feb 23 01:43:39.642624 2026] [php:error] [pid 1718] [client 40.80.90.214:0] script '/domains/assetenhance/dev1s.php' not found or unable to stat
[Mon Feb 23 01:43:40.291134 2026] [php:error] [pid 1718] [client 40.80.90.214:0] script '/domains/assetenhance/ffd.php' not found or unable to stat
[Mon Feb 23 01:43:40.472367 2026] [php:error] [pid 1729] [client 52.172.248.2:0] script '/domains/fairlane1/asd67.php' not found or unable to stat
[Mon Feb 23 01:43:40.964170 2026] [php:error] [pid 1729] [client 52.172.248.2:0] script '/domains/fairlane1/oivcl.php' not found or unable to stat
[Mon Feb 23 01:43:40.977732 2026] [php:error] [pid 1718] [client 40.80.90.214:0] script '/domains/assetenhance/admiin.php' not found or unable to stat
[Mon Feb 23 01:43:41.195084 2026] [php:error] [pid 1729] [client 52.172.248.2:0] script '/domains/fairlane1/about.php' not found or unable to stat
[Mon Feb 23 01:43:41.618756 2026] [php:error] [pid 1718] [client 40.80.90.214:0] script '/domains/assetenhance/ol.php' not found or unable to stat
[Mon Feb 23 01:43:41.656706 2026] [php:error] [pid 1729] [client 52.172.248.2:0] script '/domains/fairlane1/v2.php' not found or unable to stat
[Mon Feb 23 01:43:42.262908 2026] [php:error] [pid 1718] [client 40.80.90.214:0] script '/domains/assetenhance/Sanskrit.php' not found or unable to stat
[Mon Feb 23 01:43:42.566318 2026] [php:error] [pid 1729] [client 52.172.248.2:0] script '/domains/fairlane1/dr.php' not found or unable to stat
[Mon Feb 23 01:43:42.779295 2026] [php:error] [pid 1729] [client 52.172.248.2:0] script '/domains/fairlane1/raw.php' not found or unable to stat
[Mon Feb 23 01:43:42.975708 2026] [php:error] [pid 1718] [client 40.80.90.214:0] script '/domains/assetenhance/vxrl.php' not found or unable to stat
[Mon Feb 23 01:43:43.438984 2026] [php:error] [pid 1729] [client 52.172.248.2:0] script '/domains/fairlane1/ioxi-o2.php' not found or unable to stat
[Mon Feb 23 01:43:43.669288 2026] [php:error] [pid 1718] [client 40.80.90.214:0] script '/domains/assetenhance/re.php' not found or unable to stat
[Mon Feb 23 01:43:43.683475 2026] [php:error] [pid 1729] [client 52.172.248.2:0] script '/domains/fairlane1/dropdown.php' not found or unable to stat
[Mon Feb 23 01:43:43.896218 2026] [php:error] [pid 1729] [client 52.172.248.2:0] script '/domains/fairlane1/dlu.php' not found or unable to stat
[Mon Feb 23 01:43:44.321560 2026] [php:error] [pid 1729] [client 52.172.248.2:0] script '/domains/fairlane1/db.php' not found or unable to stat
[Mon Feb 23 01:43:44.364045 2026] [php:error] [pid 1718] [client 40.80.90.214:0] script '/domains/assetenhance/num.php' not found or unable to stat
[Mon Feb 23 01:43:44.555706 2026] [php:error] [pid 1729] [client 52.172.248.2:0] script '/domains/fairlane1/packed.php' not found or unable to stat
[Mon Feb 23 01:43:44.809567 2026] [php:error] [pid 1729] [client 52.172.248.2:0] script '/domains/fairlane1/wp-configs.php' not found or unable to stat
[Mon Feb 23 01:43:45.037752 2026] [php:error] [pid 1729] [client 52.172.248.2:0] script '/domains/fairlane1/404.php' not found or unable to stat
[Mon Feb 23 01:43:45.179544 2026] [php:error] [pid 1718] [client 40.80.90.214:0] script '/domains/assetenhance/makeasmtp.php' not found or unable to stat
[Mon Feb 23 01:43:45.249550 2026] [php:error] [pid 1729] [client 52.172.248.2:0] script '/domains/fairlane1/des.php' not found or unable to stat
[Mon Feb 23 01:43:45.673953 2026] [php:error] [pid 1729] [client 52.172.248.2:0] script '/domains/fairlane1/lufix.php' not found or unable to stat
[Mon Feb 23 01:43:45.823675 2026] [php:error] [pid 1718] [client 40.80.90.214:0] script '/domains/assetenhance/vxrl.php' not found or unable to stat
[Mon Feb 23 01:43:46.525155 2026] [php:error] [pid 1718] [client 40.80.90.214:0] script '/domains/assetenhance/in.php' not found or unable to stat
[Mon Feb 23 01:43:47.167805 2026] [php:error] [pid 1718] [client 40.80.90.214:0] script '/domains/assetenhance/style.php' not found or unable to stat
[Mon Feb 23 01:43:47.811776 2026] [php:error] [pid 1718] [client 40.80.90.214:0] script '/domains/assetenhance/we.php' not found or unable to stat
[Mon Feb 23 01:43:48.459816 2026] [php:error] [pid 1718] [client 40.80.90.214:0] script '/domains/assetenhance/zwso.php' not found or unable to stat
[Mon Feb 23 01:43:49.151288 2026] [php:error] [pid 1718] [client 40.80.90.214:0] script '/domains/assetenhance/karak.php' not found or unable to stat
[Mon Feb 23 01:43:49.785340 2026] [php:error] [pid 1718] [client 40.80.90.214:0] script '/domains/assetenhance/prv8.php' not found or unable to stat
[Mon Feb 23 01:43:51.060412 2026] [php:error] [pid 1718] [client 40.80.90.214:0] script '/domains/assetenhance/a.php' not found or unable to stat
[Mon Feb 23 01:43:51.706432 2026] [php:error] [pid 1718] [client 40.80.90.214:0] script '/domains/assetenhance/xmlrpc.php' not found or unable to stat
[Mon Feb 23 01:43:52.361761 2026] [php:error] [pid 1718] [client 40.80.90.214:0] script '/domains/assetenhance/aw.php' not found or unable to stat
[Mon Feb 23 01:43:52.995694 2026] [php:error] [pid 1718] [client 40.80.90.214:0] script '/domains/assetenhance/dev.php' not found or unable to stat
[Mon Feb 23 01:43:53.633188 2026] [php:error] [pid 1718] [client 40.80.90.214:0] script '/domains/assetenhance/lock360.php' not found or unable to stat
[Mon Feb 23 01:43:54.261347 2026] [php:error] [pid 1718] [client 40.80.90.214:0] script '/domains/assetenhance/155.php' not found or unable to stat
[Mon Feb 23 01:43:54.897375 2026] [php:error] [pid 1718] [client 40.80.90.214:0] script '/domains/assetenhance/goat.php' not found or unable to stat
[Mon Feb 23 01:43:55.531109 2026] [php:error] [pid 1718] [client 40.80.90.214:0] script '/domains/assetenhance/tcp.php' not found or unable to stat
[Mon Feb 23 01:43:56.185198 2026] [php:error] [pid 1718] [client 40.80.90.214:0] script '/domains/assetenhance/ext.php' not found or unable to stat
[Mon Feb 23 01:43:56.840179 2026] [php:error] [pid 1718] [client 40.80.90.214:0] script '/domains/assetenhance/inputs.php' not found or unable to stat
[Mon Feb 23 01:43:57.474297 2026] [php:error] [pid 1718] [client 40.80.90.214:0] script '/domains/assetenhance/ioxi.php' not found or unable to stat
[Mon Feb 23 01:43:58.148918 2026] [php:error] [pid 1718] [client 40.80.90.214:0] script '/domains/assetenhance/fe5.php' not found or unable to stat
[Mon Feb 23 01:43:58.800387 2026] [php:error] [pid 1718] [client 40.80.90.214:0] script '/domains/assetenhance/ov.php' not found or unable to stat
[Mon Feb 23 01:44:00.124919 2026] [php:error] [pid 1718] [client 40.80.90.214:0] script '/domains/assetenhance/default.php' not found or unable to stat
[Mon Feb 23 01:44:00.808156 2026] [php:error] [pid 1718] [client 40.80.90.214:0] script '/domains/assetenhance/goods.php' not found or unable to stat
[Mon Feb 23 01:44:01.480309 2026] [php:error] [pid 1718] [client 40.80.90.214:0] script '/domains/assetenhance/abcd.php' not found or unable to stat
[Mon Feb 23 01:44:02.129535 2026] [php:error] [pid 1718] [client 40.80.90.214:0] script '/domains/assetenhance/class.1.php' not found or unable to stat
[Mon Feb 23 01:44:02.766901 2026] [php:error] [pid 1718] [client 40.80.90.214:0] script '/domains/assetenhance/async.php' not found or unable to stat
[Mon Feb 23 01:44:03.411440 2026] [php:error] [pid 1718] [client 40.80.90.214:0] script '/domains/assetenhance/ff.php' not found or unable to stat
[Mon Feb 23 01:44:04.051153 2026] [php:error] [pid 1718] [client 40.80.90.214:0] script '/domains/assetenhance/ioxi-o.php' not found or unable to stat
[Mon Feb 23 01:44:04.685388 2026] [php:error] [pid 1718] [client 40.80.90.214:0] script '/domains/assetenhance/manager.php' not found or unable to stat
[Mon Feb 23 01:44:05.332423 2026] [php:error] [pid 1718] [client 40.80.90.214:0] script '/domains/assetenhance/wp-update.php' not found or unable to stat
[Mon Feb 23 01:44:06.010492 2026] [php:error] [pid 1718] [client 40.80.90.214:0] script '/domains/assetenhance/file.php' not found or unable to stat
[Mon Feb 23 01:44:06.665924 2026] [php:error] [pid 1718] [client 40.80.90.214:0] script '/domains/assetenhance/lc.php' not found or unable to stat
[Mon Feb 23 01:44:07.349167 2026] [php:error] [pid 1718] [client 40.80.90.214:0] script '/domains/assetenhance/cbrfo.php' not found or unable to stat
[Mon Feb 23 01:44:08.019791 2026] [php:error] [pid 1718] [client 40.80.90.214:0] script '/domains/assetenhance/inc.php' not found or unable to stat
[Mon Feb 23 01:44:09.103631 2026] [php:error] [pid 1730] [client 40.80.90.214:0] script '/domains/assetenhance/gifclass.php' not found or unable to stat
[Mon Feb 23 01:44:09.754490 2026] [php:error] [pid 1730] [client 40.80.90.214:0] script '/domains/assetenhance/miansha.php' not found or unable to stat
[Mon Feb 23 01:44:10.457992 2026] [php:error] [pid 1730] [client 40.80.90.214:0] script '/domains/assetenhance/tinyfilemanager.php' not found or unable to stat
[Mon Feb 23 01:44:11.138626 2026] [php:error] [pid 1730] [client 40.80.90.214:0] script '/domains/assetenhance/admin.php' not found or unable to stat
[Mon Feb 23 01:44:11.798554 2026] [php:error] [pid 1730] [client 40.80.90.214:0] script '/domains/assetenhance/ok.php' not found or unable to stat
[Mon Feb 23 01:44:12.455651 2026] [php:error] [pid 1730] [client 40.80.90.214:0] script '/domains/assetenhance/fi.php' not found or unable to stat
[Mon Feb 23 01:44:13.207359 2026] [php:error] [pid 1730] [client 40.80.90.214:0] script '/domains/assetenhance/muzu.php' not found or unable to stat
[Mon Feb 23 01:44:14.033535 2026] [php:error] [pid 1730] [client 40.80.90.214:0] script '/domains/assetenhance/reze.php' not found or unable to stat
[Mon Feb 23 01:44:14.859715 2026] [php:error] [pid 1730] [client 40.80.90.214:0] script '/domains/assetenhance/styll.php' not found or unable to stat
[Mon Feb 23 01:44:15.494090 2026] [php:error] [pid 1730] [client 40.80.90.214:0] script '/domains/assetenhance/x7.php' not found or unable to stat
[Mon Feb 23 01:44:16.221972 2026] [php:error] [pid 1730] [client 40.80.90.214:0] script '/domains/assetenhance/thebe.php' not found or unable to stat
[Mon Feb 23 01:44:16.902406 2026] [php:error] [pid 1730] [client 40.80.90.214:0] script '/domains/assetenhance/ddd.php' not found or unable to stat
[Mon Feb 23 01:44:17.544248 2026] [php:error] [pid 1730] [client 40.80.90.214:0] script '/domains/assetenhance/bgymj.php' not found or unable to stat
[Mon Feb 23 01:44:18.808874 2026] [php:error] [pid 1730] [client 40.80.90.214:0] script '/domains/assetenhance/ioxi.php' not found or unable to stat
[Mon Feb 23 01:44:19.452016 2026] [php:error] [pid 1730] [client 40.80.90.214:0] script '/domains/assetenhance/xpwer1.php' not found or unable to stat
[Mon Feb 23 01:44:20.162912 2026] [php:error] [pid 1730] [client 40.80.90.214:0] script '/domains/assetenhance/lala.php' not found or unable to stat
[Mon Feb 23 01:44:20.825902 2026] [php:error] [pid 1730] [client 40.80.90.214:0] script '/domains/assetenhance/about.php' not found or unable to stat
[Mon Feb 23 01:44:24.029570 2026] [php:error] [pid 1730] [client 40.80.90.214:0] script '/domains/assetenhance/info.php' not found or unable to stat
[Mon Feb 23 01:44:24.669637 2026] [php:error] [pid 1730] [client 40.80.90.214:0] script '/domains/assetenhance/about.php' not found or unable to stat
[Mon Feb 23 01:44:25.940262 2026] [php:error] [pid 1730] [client 40.80.90.214:0] script '/domains/assetenhance/222.php' not found or unable to stat
[Mon Feb 23 01:44:26.597917 2026] [php:error] [pid 1730] [client 40.80.90.214:0] script '/domains/assetenhance/adminfuns.php' not found or unable to stat
[Mon Feb 23 01:44:27.878626 2026] [php:error] [pid 1730] [client 40.80.90.214:0] script '/domains/assetenhance/xx.php' not found or unable to stat
[Mon Feb 23 01:44:29.130129 2026] [php:error] [pid 1730] [client 40.80.90.214:0] script '/domains/assetenhance/f5.php' not found or unable to stat
[Mon Feb 23 01:44:29.772171 2026] [php:error] [pid 1730] [client 40.80.90.214:0] script '/domains/assetenhance/flower.php' not found or unable to stat
[Mon Feb 23 01:44:30.423587 2026] [php:error] [pid 1730] [client 40.80.90.214:0] script '/domains/assetenhance/f6.php' not found or unable to stat
[Mon Feb 23 01:44:31.074245 2026] [php:error] [pid 1730] [client 40.80.90.214:0] script '/domains/assetenhance/edit.php' not found or unable to stat
[Mon Feb 23 01:44:32.973873 2026] [php:error] [pid 1730] [client 40.80.90.214:0] script '/domains/assetenhance/av.php' not found or unable to stat
[Mon Feb 23 01:44:34.263429 2026] [php:error] [pid 1730] [client 40.80.90.214:0] script '/domains/assetenhance/wsd.php' not found or unable to stat
[Mon Feb 23 01:44:34.914559 2026] [php:error] [pid 1730] [client 40.80.90.214:0] script '/domains/assetenhance/jane.php' not found or unable to stat
[Mon Feb 23 01:44:35.543612 2026] [php:error] [pid 1730] [client 40.80.90.214:0] script '/domains/assetenhance/css.php' not found or unable to stat
[Mon Feb 23 01:44:36.178237 2026] [php:error] [pid 1730] [client 40.80.90.214:0] script '/domains/assetenhance/alfa.php' not found or unable to stat
[Mon Feb 23 01:44:36.813377 2026] [php:error] [pid 1730] [client 40.80.90.214:0] script '/domains/assetenhance/abe.php' not found or unable to stat
[Mon Feb 23 01:44:37.453680 2026] [php:error] [pid 1730] [client 40.80.90.214:0] script '/domains/assetenhance/x.php' not found or unable to stat
[Mon Feb 23 01:44:38.090852 2026] [php:error] [pid 1730] [client 40.80.90.214:0] script '/domains/assetenhance/xxxx.php' not found or unable to stat
[Mon Feb 23 01:44:38.753820 2026] [php:error] [pid 1730] [client 40.80.90.214:0] script '/domains/assetenhance/class.php' not found or unable to stat
[Mon Feb 23 01:44:39.458895 2026] [php:error] [pid 1730] [client 40.80.90.214:0] script '/domains/assetenhance/f35.php' not found or unable to stat
[Mon Feb 23 01:44:42.067609 2026] [php:error] [pid 1730] [client 40.80.90.214:0] script '/domains/assetenhance/class-t.api.php' not found or unable to stat
[Mon Feb 23 01:44:42.836867 2026] [php:error] [pid 1730] [client 40.80.90.214:0] script '/domains/assetenhance/blurbs18.php' not found or unable to stat
[Mon Feb 23 01:44:43.919788 2026] [php:error] [pid 1731] [client 194.26.192.238:0] script '/domains/covertcomic/txets.php' not found or unable to stat
[Mon Feb 23 01:44:45.490830 2026] [php:error] [pid 1704] [client 194.26.192.238:0] script '/domains/covertcomic/schallfuns.php' not found or unable to stat
[Mon Feb 23 01:44:45.684442 2026] [php:error] [pid 1726] [client 194.26.192.238:0] script '/domains/covertcomic/postnews.php' not found or unable to stat
[Mon Feb 23 01:44:47.612526 2026] [php:error] [pid 1730] [client 40.80.90.214:0] script '/domains/assetenhance/bless11.php' not found or unable to stat
[Mon Feb 23 01:44:47.864736 2026] [php:error] [pid 1743] [client 20.24.200.53:0] script '/domains/conceptlabs1/wp-trackback.php' not found or unable to stat
[Mon Feb 23 01:44:48.077819 2026] [php:error] [pid 1743] [client 20.24.200.53:0] script '/domains/conceptlabs1/about.php' not found or unable to stat
[Mon Feb 23 01:44:48.255524 2026] [php:error] [pid 1730] [client 40.80.90.214:0] script '/domains/assetenhance/init.php' not found or unable to stat
[Mon Feb 23 01:44:48.290935 2026] [php:error] [pid 1743] [client 20.24.200.53:0] script '/domains/conceptlabs1/file.php' not found or unable to stat
[Mon Feb 23 01:44:48.503635 2026] [php:error] [pid 1743] [client 20.24.200.53:0] script '/domains/conceptlabs1/wp-good.php' not found or unable to stat
[Mon Feb 23 01:44:48.716638 2026] [php:error] [pid 1743] [client 20.24.200.53:0] script '/domains/conceptlabs1/xmlrpc.php' not found or unable to stat
[Mon Feb 23 01:44:48.929374 2026] [php:error] [pid 1743] [client 20.24.200.53:0] script '/domains/conceptlabs1/goods.php' not found or unable to stat
[Mon Feb 23 01:44:49.143094 2026] [php:error] [pid 1743] [client 20.24.200.53:0] script '/domains/conceptlabs1/ioxi-o.php' not found or unable to stat
[Mon Feb 23 01:44:49.357196 2026] [php:error] [pid 1743] [client 20.24.200.53:0] script '/domains/conceptlabs1/class-t.api.php' not found or unable to stat
[Mon Feb 23 01:44:49.570047 2026] [php:error] [pid 1743] [client 20.24.200.53:0] script '/domains/conceptlabs1/admin.php' not found or unable to stat
[Mon Feb 23 01:44:49.754508 2026] [php:error] [pid 1730] [client 40.80.90.214:0] script '/domains/assetenhance/k.php' not found or unable to stat
[Mon Feb 23 01:44:49.792093 2026] [php:error] [pid 1743] [client 20.24.200.53:0] script '/domains/conceptlabs1/sf.php' not found or unable to stat
[Mon Feb 23 01:44:50.004693 2026] [php:error] [pid 1743] [client 20.24.200.53:0] script '/domains/conceptlabs1/rip.php' not found or unable to stat
[Mon Feb 23 01:44:50.217684 2026] [php:error] [pid 1743] [client 20.24.200.53:0] script '/domains/conceptlabs1/autoload_classmap.php' not found or unable to stat
[Mon Feb 23 01:44:50.404563 2026] [php:error] [pid 1730] [client 40.80.90.214:0] script '/domains/assetenhance/bless.php' not found or unable to stat
[Mon Feb 23 01:44:50.431708 2026] [php:error] [pid 1743] [client 20.24.200.53:0] script '/domains/conceptlabs1/chosen.php' not found or unable to stat
[Mon Feb 23 01:44:50.655634 2026] [php:error] [pid 1743] [client 20.24.200.53:0] script '/domains/conceptlabs1/classwithtostring.php' not found or unable to stat
[Mon Feb 23 01:44:50.868282 2026] [php:error] [pid 1743] [client 20.24.200.53:0] script '/domains/conceptlabs1/defaults.php' not found or unable to stat
[Mon Feb 23 01:44:51.071469 2026] [php:error] [pid 1730] [client 40.80.90.214:0] script '/domains/assetenhance/X7x.php' not found or unable to stat
[Mon Feb 23 01:44:51.924342 2026] [php:error] [pid 1730] [client 40.80.90.214:0] script '/domains/assetenhance/166.php' not found or unable to stat
[Mon Feb 23 01:44:51.959702 2026] [php:error] [pid 1743] [client 20.24.200.53:0] script '/domains/conceptlabs1/info.php' not found or unable to stat
[Mon Feb 23 01:44:52.178121 2026] [autoindex:error] [pid 1743] [client 20.24.200.53:0] AH01276: Cannot serve directory /domains/conceptlabs1/cgi-bin/: No matching DirectoryIndex (index.html,suspended_index.rcn.html,index.php,index.pl,index.cgi,index.htm,index.html,index.shtml,index.shtm,default.htm) found, and server-generated directory index forbidden by Options directive
[Mon Feb 23 01:44:52.951122 2026] [php:error] [pid 1730] [client 40.80.90.214:0] script '/domains/assetenhance/plss3.php' not found or unable to stat
[Mon Feb 23 01:44:53.455468 2026] [php:error] [pid 1743] [client 20.24.200.53:0] script '/domains/conceptlabs1/adminfuns.php' not found or unable to stat
[Mon Feb 23 01:44:55.575283 2026] [php:error] [pid 1730] [client 40.80.90.214:0] script '/domains/assetenhance/admins.php' not found or unable to stat
[Mon Feb 23 01:44:56.249578 2026] [php:error] [pid 1730] [client 40.80.90.214:0] script '/domains/assetenhance/wp.php' not found or unable to stat
[Mon Feb 23 01:44:56.963009 2026] [php:error] [pid 1730] [client 40.80.90.214:0] script '/domains/assetenhance/main.php' not found or unable to stat
[Mon Feb 23 01:44:57.664383 2026] [php:error] [pid 1730] [client 40.80.90.214:0] script '/domains/assetenhance/a1.php' not found or unable to stat
[Mon Feb 23 01:44:58.343128 2026] [php:error] [pid 1730] [client 40.80.90.214:0] script '/domains/assetenhance/lala.php' not found or unable to stat
[Mon Feb 23 01:44:59.387093 2026] [php:error] [pid 1730] [client 40.80.90.214:0] script '/domains/assetenhance/aaa.php' not found or unable to stat
[Mon Feb 23 01:45:00.064683 2026] [php:error] [pid 1730] [client 40.80.90.214:0] script '/domains/assetenhance/a2.php' not found or unable to stat
[Mon Feb 23 01:45:01.414537 2026] [php:error] [pid 1730] [client 40.80.90.214:0] script '/domains/assetenhance/jsond.php' not found or unable to stat
[Mon Feb 23 01:45:10.639075 2026] [php:error] [pid 1743] [client 20.78.129.228:0] script '/domains/smartny/wp-trackback.php' not found or unable to stat
[Mon Feb 23 01:45:10.818975 2026] [php:error] [pid 1743] [client 20.78.129.228:0] script '/domains/smartny/about.php' not found or unable to stat
[Mon Feb 23 01:45:10.987802 2026] [php:error] [pid 1743] [client 20.78.129.228:0] script '/domains/smartny/file.php' not found or unable to stat
[Mon Feb 23 01:45:11.155249 2026] [php:error] [pid 1743] [client 20.78.129.228:0] script '/domains/smartny/adminfuns.php' not found or unable to stat
[Mon Feb 23 01:45:11.323225 2026] [php:error] [pid 1743] [client 20.78.129.228:0] script '/domains/smartny/wp-good.php' not found or unable to stat
[Mon Feb 23 01:45:11.501217 2026] [php:error] [pid 1743] [client 20.78.129.228:0] script '/domains/smartny/xmlrpc.php' not found or unable to stat
[Mon Feb 23 01:45:11.668911 2026] [php:error] [pid 1743] [client 20.78.129.228:0] script '/domains/smartny/goods.php' not found or unable to stat
[Mon Feb 23 01:45:11.849277 2026] [php:error] [pid 1743] [client 20.78.129.228:0] script '/domains/smartny/ioxi-o.php' not found or unable to stat
[Mon Feb 23 01:45:12.016806 2026] [php:error] [pid 1743] [client 20.78.129.228:0] script '/domains/smartny/class-t.api.php' not found or unable to stat
[Mon Feb 23 01:45:12.184748 2026] [php:error] [pid 1743] [client 20.78.129.228:0] script '/domains/smartny/admin.php' not found or unable to stat
[Mon Feb 23 01:45:12.352708 2026] [php:error] [pid 1743] [client 20.78.129.228:0] script '/domains/smartny/sf.php' not found or unable to stat
[Mon Feb 23 01:45:12.520765 2026] [php:error] [pid 1743] [client 20.78.129.228:0] script '/domains/smartny/rip.php' not found or unable to stat
[Mon Feb 23 01:45:12.689030 2026] [php:error] [pid 1743] [client 20.78.129.228:0] script '/domains/smartny/kbfr.php' not found or unable to stat
[Mon Feb 23 01:45:12.872974 2026] [php:error] [pid 1743] [client 20.78.129.228:0] script '/domains/smartny/autoload_classmap.php' not found or unable to stat
[Mon Feb 23 01:45:13.040466 2026] [php:error] [pid 1743] [client 20.78.129.228:0] script '/domains/smartny/chosen.php' not found or unable to stat
[Mon Feb 23 01:45:13.214316 2026] [php:error] [pid 1743] [client 20.78.129.228:0] script '/domains/smartny/classwithtostring.php' not found or unable to stat
[Mon Feb 23 01:45:13.382004 2026] [php:error] [pid 1743] [client 20.78.129.228:0] script '/domains/smartny/defaults.php' not found or unable to stat
[Mon Feb 23 01:45:14.234700 2026] [php:error] [pid 1743] [client 20.78.129.228:0] script '/domains/smartny/info.php' not found or unable to stat
[Mon Feb 23 01:45:31.702916 2026] [php:error] [pid 1743] [client 20.24.200.53:0] script '/domains/system_default/wp-trackback.php' not found or unable to stat
[Mon Feb 23 01:45:31.908833 2026] [php:error] [pid 1743] [client 20.24.200.53:0] script '/domains/system_default/about.php' not found or unable to stat
[Mon Feb 23 01:45:32.115696 2026] [php:error] [pid 1743] [client 20.24.200.53:0] script '/domains/system_default/file.php' not found or unable to stat
[Mon Feb 23 01:45:32.322254 2026] [php:error] [pid 1743] [client 20.24.200.53:0] script '/domains/system_default/wp-good.php' not found or unable to stat
[Mon Feb 23 01:45:32.527968 2026] [php:error] [pid 1743] [client 20.24.200.53:0] script '/domains/system_default/xmlrpc.php' not found or unable to stat
[Mon Feb 23 01:45:32.742005 2026] [php:error] [pid 1743] [client 20.24.200.53:0] script '/domains/system_default/goods.php' not found or unable to stat
[Mon Feb 23 01:45:32.948090 2026] [php:error] [pid 1743] [client 20.24.200.53:0] script '/domains/system_default/ioxi-o.php' not found or unable to stat
[Mon Feb 23 01:45:33.154500 2026] [php:error] [pid 1743] [client 20.24.200.53:0] script '/domains/system_default/class-t.api.php' not found or unable to stat
[Mon Feb 23 01:45:33.371684 2026] [php:error] [pid 1743] [client 20.24.200.53:0] script '/domains/system_default/admin.php' not found or unable to stat
[Mon Feb 23 01:45:33.578337 2026] [php:error] [pid 1743] [client 20.24.200.53:0] script '/domains/system_default/sf.php' not found or unable to stat
[Mon Feb 23 01:45:33.785151 2026] [php:error] [pid 1743] [client 20.24.200.53:0] script '/domains/system_default/rip.php' not found or unable to stat
[Mon Feb 23 01:45:33.991264 2026] [php:error] [pid 1743] [client 20.24.200.53:0] script '/domains/system_default/autoload_classmap.php' not found or unable to stat
[Mon Feb 23 01:45:34.197611 2026] [php:error] [pid 1743] [client 20.24.200.53:0] script '/domains/system_default/chosen.php' not found or unable to stat
[Mon Feb 23 01:45:34.403122 2026] [php:error] [pid 1743] [client 20.24.200.53:0] script '/domains/system_default/classwithtostring.php' not found or unable to stat
[Mon Feb 23 01:45:34.608657 2026] [php:error] [pid 1743] [client 20.24.200.53:0] script '/domains/system_default/defaults.php' not found or unable to stat
[Mon Feb 23 01:45:35.654255 2026] [php:error] [pid 1743] [client 20.24.200.53:0] script '/domains/system_default/info.php' not found or unable to stat
[Mon Feb 23 01:45:37.095083 2026] [php:error] [pid 1743] [client 20.24.200.53:0] script '/domains/system_default/adminfuns.php' not found or unable to stat
[Mon Feb 23 01:45:53.586454 2026] [php:error] [pid 1746] [client 194.26.192.238:0] script '/domains/agribiz/txets.php' not found or unable to stat
[Mon Feb 23 01:45:55.122160 2026] [php:error] [pid 1746] [client 194.26.192.238:0] script '/domains/agribiz/schallfuns.php' not found or unable to stat
[Mon Feb 23 01:45:55.354892 2026] [php:error] [pid 1760] [client 194.26.192.238:0] script '/domains/agribiz/postnews.php' not found or unable to stat
[Mon Feb 23 01:46:30.272911 2026] [php:error] [pid 1732] [client 20.219.0.101:0] script '/domains/deltaele/shell.php' not found or unable to stat
[Mon Feb 23 01:46:30.695480 2026] [php:error] [pid 1732] [client 20.219.0.101:0] script '/domains/deltaele/favicon.php' not found or unable to stat
[Mon Feb 23 01:46:30.907793 2026] [php:error] [pid 1732] [client 20.219.0.101:0] script '/domains/deltaele/8xyz.php' not found or unable to stat
[Mon Feb 23 01:46:31.335174 2026] [php:error] [pid 1732] [client 20.219.0.101:0] script '/domains/deltaele/install.php' not found or unable to stat
[Mon Feb 23 01:46:31.757654 2026] [php:error] [pid 1732] [client 20.219.0.101:0] script '/domains/deltaele/dropdown.php' not found or unable to stat
[Mon Feb 23 01:46:31.968781 2026] [php:error] [pid 1732] [client 20.219.0.101:0] script '/domains/deltaele/gdn.php' not found or unable to stat
[Mon Feb 23 01:46:32.181430 2026] [php:error] [pid 1732] [client 20.219.0.101:0] script '/domains/deltaele/system_log.php' not found or unable to stat
[Mon Feb 23 01:46:32.392421 2026] [php:error] [pid 1732] [client 20.219.0.101:0] script '/domains/deltaele/gettest.php' not found or unable to stat
[Mon Feb 23 01:46:32.603466 2026] [php:error] [pid 1732] [client 20.219.0.101:0] script '/domains/deltaele/shell20211028.php' not found or unable to stat
[Mon Feb 23 01:46:32.814504 2026] [php:error] [pid 1732] [client 20.219.0.101:0] script '/domains/deltaele/byp.php' not found or unable to stat
[Mon Feb 23 01:46:33.025458 2026] [php:error] [pid 1732] [client 20.219.0.101:0] script '/domains/deltaele/an.php' not found or unable to stat
[Mon Feb 23 01:46:33.239489 2026] [php:error] [pid 1732] [client 20.219.0.101:0] script '/domains/deltaele/b.php' not found or unable to stat
