[Mon Feb 23 01:01:47.341336 2026] [php:error] [pid 1297] [client 51.107.182.56:0] script '/domains/agribiz/a332.php' not found or unable to stat
[Mon Feb 23 01:01:47.371501 2026] [php:error] [pid 1281] [client 104.215.189.248:0] script '/domains/gk3c/wp-blog.php' not found or unable to stat
[Mon Feb 23 01:01:47.437244 2026] [php:error] [pid 1297] [client 51.107.182.56:0] script '/domains/agribiz/bootstrap.php' not found or unable to stat
[Mon Feb 23 01:01:47.533352 2026] [php:error] [pid 1297] [client 51.107.182.56:0] script '/domains/agribiz/f2.php' not found or unable to stat
[Mon Feb 23 01:01:47.597608 2026] [php:error] [pid 1281] [client 104.215.189.248:0] script '/domains/gk3c/wp-access.php' not found or unable to stat
[Mon Feb 23 01:01:47.629166 2026] [php:error] [pid 1297] [client 51.107.182.56:0] script '/domains/agribiz/to.php' not found or unable to stat
[Mon Feb 23 01:01:47.724632 2026] [php:error] [pid 1297] [client 51.107.182.56:0] script '/domains/agribiz/inege.php' not found or unable to stat
[Mon Feb 23 01:01:47.820385 2026] [php:error] [pid 1297] [client 51.107.182.56:0] script '/domains/agribiz/thui.php' not found or unable to stat
[Mon Feb 23 01:01:47.823564 2026] [php:error] [pid 1281] [client 104.215.189.248:0] script '/domains/gk3c/a1vx.php' not found or unable to stat
[Mon Feb 23 01:01:47.916337 2026] [php:error] [pid 1297] [client 51.107.182.56:0] script '/domains/agribiz/8.php' not found or unable to stat
[Mon Feb 23 01:01:48.011751 2026] [php:error] [pid 1297] [client 51.107.182.56:0] script '/domains/agribiz/fresh3.php' not found or unable to stat
[Mon Feb 23 01:01:48.049941 2026] [php:error] [pid 1281] [client 104.215.189.248:0] script '/domains/gk3c/sbhu.php' not found or unable to stat
[Mon Feb 23 01:01:48.107285 2026] [php:error] [pid 1297] [client 51.107.182.56:0] script '/domains/agribiz/selesai.php' not found or unable to stat
[Mon Feb 23 01:01:48.202614 2026] [php:error] [pid 1297] [client 51.107.182.56:0] script '/domains/agribiz/xs.php' not found or unable to stat
[Mon Feb 23 01:01:48.276484 2026] [php:error] [pid 1281] [client 104.215.189.248:0] script '/domains/gk3c/wp-the.php' not found or unable to stat
[Mon Feb 23 01:01:48.297912 2026] [php:error] [pid 1297] [client 51.107.182.56:0] script '/domains/agribiz/maraz.php' not found or unable to stat
[Mon Feb 23 01:01:48.393324 2026] [php:error] [pid 1297] [client 51.107.182.56:0] script '/domains/agribiz/ws66.php' not found or unable to stat
[Mon Feb 23 01:01:48.502735 2026] [php:error] [pid 1281] [client 104.215.189.248:0] script '/domains/gk3c/06.php' not found or unable to stat
[Mon Feb 23 01:01:48.503062 2026] [php:error] [pid 1297] [client 51.107.182.56:0] script '/domains/agribiz/erty.php' not found or unable to stat
[Mon Feb 23 01:01:48.598441 2026] [php:error] [pid 1297] [client 51.107.182.56:0] script '/domains/agribiz/24.php' not found or unable to stat
[Mon Feb 23 01:01:48.694045 2026] [php:error] [pid 1297] [client 51.107.182.56:0] script '/domains/agribiz/bzjdlofz.php' not found or unable to stat
[Mon Feb 23 01:01:48.728839 2026] [php:error] [pid 1281] [client 104.215.189.248:0] script '/domains/gk3c/wp5.php' not found or unable to stat
[Mon Feb 23 01:01:48.790139 2026] [php:error] [pid 1297] [client 51.107.182.56:0] script '/domains/agribiz/sbhu.php' not found or unable to stat
[Mon Feb 23 01:01:48.885450 2026] [php:error] [pid 1297] [client 51.107.182.56:0] script '/domains/agribiz/wp-blogs.php' not found or unable to stat
[Mon Feb 23 01:01:48.955180 2026] [php:error] [pid 1281] [client 104.215.189.248:0] script '/domains/gk3c/fot.php' not found or unable to stat
[Mon Feb 23 01:01:48.980869 2026] [php:error] [pid 1297] [client 51.107.182.56:0] script '/domains/agribiz/fetch.php' not found or unable to stat
[Mon Feb 23 01:01:49.077412 2026] [php:error] [pid 1297] [client 51.107.182.56:0] script '/domains/agribiz/bolt.php' not found or unable to stat
[Mon Feb 23 01:01:49.172911 2026] [php:error] [pid 1297] [client 51.107.182.56:0] script '/domains/agribiz/tfm.php' not found or unable to stat
[Mon Feb 23 01:01:49.181206 2026] [php:error] [pid 1281] [client 104.215.189.248:0] script '/domains/gk3c/ff1.php' not found or unable to stat
[Mon Feb 23 01:01:49.268394 2026] [php:error] [pid 1297] [client 51.107.182.56:0] script '/domains/agribiz/ak.php' not found or unable to stat
[Mon Feb 23 01:01:49.376942 2026] [php:error] [pid 1297] [client 51.107.182.56:0] script '/domains/agribiz/wp-style.php' not found or unable to stat
[Mon Feb 23 01:01:49.407081 2026] [php:error] [pid 1281] [client 104.215.189.248:0] script '/domains/gk3c/forbidals.php' not found or unable to stat
[Mon Feb 23 01:01:49.472325 2026] [php:error] [pid 1297] [client 51.107.182.56:0] script '/domains/agribiz/0x0x.php' not found or unable to stat
[Mon Feb 23 01:01:49.567770 2026] [php:error] [pid 1297] [client 51.107.182.56:0] script '/domains/agribiz/0byte.php' not found or unable to stat
[Mon Feb 23 01:01:49.633425 2026] [php:error] [pid 1281] [client 104.215.189.248:0] script '/domains/gk3c/erty.php' not found or unable to stat
[Mon Feb 23 01:01:49.663175 2026] [php:error] [pid 1297] [client 51.107.182.56:0] script '/domains/agribiz/a4.php' not found or unable to stat
[Mon Feb 23 01:01:49.758552 2026] [php:error] [pid 1297] [client 51.107.182.56:0] script '/domains/agribiz/logs1.php' not found or unable to stat
[Mon Feb 23 01:01:49.853950 2026] [php:error] [pid 1297] [client 51.107.182.56:0] script '/domains/agribiz/35.php' not found or unable to stat
[Mon Feb 23 01:01:49.859446 2026] [php:error] [pid 1281] [client 104.215.189.248:0] script '/domains/gk3c/dev1s.php' not found or unable to stat
[Mon Feb 23 01:01:49.949444 2026] [php:error] [pid 1297] [client 51.107.182.56:0] script '/domains/agribiz/lanka.php' not found or unable to stat
[Mon Feb 23 01:01:50.045225 2026] [php:error] [pid 1297] [client 51.107.182.56:0] script '/domains/agribiz/knmt.php' not found or unable to stat
[Mon Feb 23 01:01:50.086127 2026] [php:error] [pid 1281] [client 104.215.189.248:0] script '/domains/gk3c/ffd.php' not found or unable to stat
[Mon Feb 23 01:01:50.140795 2026] [php:error] [pid 1297] [client 51.107.182.56:0] script '/domains/agribiz/ioxi.php' not found or unable to stat
[Mon Feb 23 01:01:50.236377 2026] [php:error] [pid 1297] [client 51.107.182.56:0] script '/domains/agribiz/lkui.php' not found or unable to stat
[Mon Feb 23 01:01:50.326477 2026] [php:error] [pid 1281] [client 104.215.189.248:0] script '/domains/gk3c/admiin.php' not found or unable to stat
[Mon Feb 23 01:01:50.331626 2026] [php:error] [pid 1297] [client 51.107.182.56:0] script '/domains/agribiz/grsiuk.php' not found or unable to stat
[Mon Feb 23 01:01:50.523429 2026] [php:error] [pid 1297] [client 51.107.182.56:0] script '/domains/agribiz/Geforce.php' not found or unable to stat
[Mon Feb 23 01:01:50.552833 2026] [php:error] [pid 1281] [client 104.215.189.248:0] script '/domains/gk3c/ol.php' not found or unable to stat
[Mon Feb 23 01:01:50.619215 2026] [php:error] [pid 1297] [client 51.107.182.56:0] script '/domains/agribiz/easy.php' not found or unable to stat
[Mon Feb 23 01:01:50.715424 2026] [php:error] [pid 1297] [client 51.107.182.56:0] script '/domains/agribiz/s1.php' not found or unable to stat
[Mon Feb 23 01:01:50.778960 2026] [php:error] [pid 1281] [client 104.215.189.248:0] script '/domains/gk3c/Sanskrit.php' not found or unable to stat
[Mon Feb 23 01:01:50.811304 2026] [php:error] [pid 1297] [client 51.107.182.56:0] script '/domains/agribiz/cc13.php' not found or unable to stat
[Mon Feb 23 01:01:50.906797 2026] [php:error] [pid 1297] [client 51.107.182.56:0] script '/domains/agribiz/06.php' not found or unable to stat
[Mon Feb 23 01:01:51.002687 2026] [php:error] [pid 1297] [client 51.107.182.56:0] script '/domains/agribiz/t.php' not found or unable to stat
[Mon Feb 23 01:01:51.006490 2026] [php:error] [pid 1281] [client 104.215.189.248:0] script '/domains/gk3c/vxrl.php' not found or unable to stat
[Mon Feb 23 01:01:51.098531 2026] [php:error] [pid 1297] [client 51.107.182.56:0] script '/domains/agribiz/export.php' not found or unable to stat
[Mon Feb 23 01:01:51.194478 2026] [php:error] [pid 1297] [client 51.107.182.56:0] script '/domains/agribiz/xxw.php' not found or unable to stat
[Mon Feb 23 01:01:51.232765 2026] [php:error] [pid 1281] [client 104.215.189.248:0] script '/domains/gk3c/re.php' not found or unable to stat
[Mon Feb 23 01:01:51.290155 2026] [php:error] [pid 1297] [client 51.107.182.56:0] script '/domains/agribiz/term.php' not found or unable to stat
[Mon Feb 23 01:01:51.387578 2026] [php:error] [pid 1297] [client 51.107.182.56:0] script '/domains/agribiz/num.php' not found or unable to stat
[Mon Feb 23 01:01:51.459149 2026] [php:error] [pid 1281] [client 104.215.189.248:0] script '/domains/gk3c/num.php' not found or unable to stat
[Mon Feb 23 01:01:51.483283 2026] [php:error] [pid 1297] [client 51.107.182.56:0] script '/domains/agribiz/file.php' not found or unable to stat
[Mon Feb 23 01:01:51.579018 2026] [php:error] [pid 1297] [client 51.107.182.56:0] script '/domains/agribiz/403.php' not found or unable to stat
[Mon Feb 23 01:01:51.674604 2026] [php:error] [pid 1297] [client 51.107.182.56:0] script '/domains/agribiz/ccu.php' not found or unable to stat
[Mon Feb 23 01:01:51.685674 2026] [php:error] [pid 1281] [client 104.215.189.248:0] script '/domains/gk3c/axx.php' not found or unable to stat
[Mon Feb 23 01:01:51.770465 2026] [php:error] [pid 1297] [client 51.107.182.56:0] script '/domains/agribiz/155.php' not found or unable to stat
[Mon Feb 23 01:01:51.866583 2026] [php:error] [pid 1297] [client 51.107.182.56:0] script '/domains/agribiz/xsox.php' not found or unable to stat
[Mon Feb 23 01:01:51.911509 2026] [php:error] [pid 1281] [client 104.215.189.248:0] script '/domains/gk3c/vxrl.php' not found or unable to stat
[Mon Feb 23 01:01:51.963928 2026] [php:error] [pid 1297] [client 51.107.182.56:0] script '/domains/agribiz/wen.php' not found or unable to stat
[Mon Feb 23 01:01:52.060712 2026] [php:error] [pid 1297] [client 51.107.182.56:0] script '/domains/agribiz/bgymj.php' not found or unable to stat
[Mon Feb 23 01:01:52.137831 2026] [php:error] [pid 1281] [client 104.215.189.248:0] script '/domains/gk3c/in.php' not found or unable to stat
[Mon Feb 23 01:01:52.156422 2026] [php:error] [pid 1297] [client 51.107.182.56:0] script '/domains/agribiz/gk.php' not found or unable to stat
[Mon Feb 23 01:01:52.252101 2026] [php:error] [pid 1297] [client 51.107.182.56:0] script '/domains/agribiz/zoo.php' not found or unable to stat
[Mon Feb 23 01:01:52.350805 2026] [php:error] [pid 1297] [client 51.107.182.56:0] script '/domains/agribiz/zxekqlxb.php' not found or unable to stat
[Mon Feb 23 01:01:52.363972 2026] [php:error] [pid 1281] [client 104.215.189.248:0] script '/domains/gk3c/style.php' not found or unable to stat
[Mon Feb 23 01:01:52.446521 2026] [php:error] [pid 1297] [client 51.107.182.56:0] script '/domains/agribiz/wp-scr1pts.php' not found or unable to stat
[Mon Feb 23 01:01:52.541935 2026] [php:error] [pid 1297] [client 51.107.182.56:0] script '/domains/agribiz/shlo.php' not found or unable to stat
[Mon Feb 23 01:01:52.591142 2026] [php:error] [pid 1281] [client 104.215.189.248:0] script '/domains/gk3c/we.php' not found or unable to stat
[Mon Feb 23 01:01:52.637262 2026] [php:error] [pid 1297] [client 51.107.182.56:0] script '/domains/agribiz/166.php' not found or unable to stat
[Mon Feb 23 01:01:52.732743 2026] [php:error] [pid 1297] [client 51.107.182.56:0] script '/domains/agribiz/gdn.php' not found or unable to stat
[Mon Feb 23 01:01:52.817228 2026] [php:error] [pid 1281] [client 104.215.189.248:0] script '/domains/gk3c/zwso.php' not found or unable to stat
[Mon Feb 23 01:01:52.828206 2026] [php:error] [pid 1297] [client 51.107.182.56:0] script '/domains/agribiz/6bcwiqwj.php' not found or unable to stat
[Mon Feb 23 01:01:52.923638 2026] [php:error] [pid 1297] [client 51.107.182.56:0] script '/domains/agribiz/mar.php' not found or unable to stat
[Mon Feb 23 01:01:53.019223 2026] [php:error] [pid 1297] [client 51.107.182.56:0] script '/domains/agribiz/ws69.php' not found or unable to stat
[Mon Feb 23 01:01:53.043372 2026] [php:error] [pid 1281] [client 104.215.189.248:0] script '/domains/gk3c/karak.php' not found or unable to stat
[Mon Feb 23 01:01:53.118608 2026] [php:error] [pid 1297] [client 51.107.182.56:0] script '/domains/agribiz/amp.php' not found or unable to stat
[Mon Feb 23 01:01:53.214590 2026] [php:error] [pid 1297] [client 51.107.182.56:0] script '/domains/agribiz/gettest.php' not found or unable to stat
[Mon Feb 23 01:01:53.269450 2026] [php:error] [pid 1281] [client 104.215.189.248:0] script '/domains/gk3c/prv8.php' not found or unable to stat
[Mon Feb 23 01:01:53.310113 2026] [php:error] [pid 1297] [client 51.107.182.56:0] script '/domains/agribiz/Jcrop.php' not found or unable to stat
[Mon Feb 23 01:01:53.405629 2026] [php:error] [pid 1297] [client 51.107.182.56:0] script '/domains/agribiz/wp-act.php' not found or unable to stat
[Mon Feb 23 01:01:53.495543 2026] [php:error] [pid 1281] [client 104.215.189.248:0] script '/domains/gk3c/i.php' not found or unable to stat
[Mon Feb 23 01:01:53.501133 2026] [php:error] [pid 1297] [client 51.107.182.56:0] script '/domains/agribiz/wp-link10.php' not found or unable to stat
[Mon Feb 23 01:01:53.598116 2026] [php:error] [pid 1297] [client 51.107.182.56:0] script '/domains/agribiz/ff1.php' not found or unable to stat
[Mon Feb 23 01:01:53.694026 2026] [php:error] [pid 1297] [client 51.107.182.56:0] script '/domains/agribiz/lib.php' not found or unable to stat
[Mon Feb 23 01:01:53.721588 2026] [php:error] [pid 1281] [client 104.215.189.248:0] script '/domains/gk3c/a.php' not found or unable to stat
[Mon Feb 23 01:01:53.789586 2026] [php:error] [pid 1297] [client 51.107.182.56:0] script '/domains/agribiz/Ov-Simple1.php' not found or unable to stat
[Mon Feb 23 01:01:53.885307 2026] [php:error] [pid 1297] [client 51.107.182.56:0] script '/domains/agribiz/ccs.php' not found or unable to stat
[Mon Feb 23 01:01:53.947815 2026] [php:error] [pid 1281] [client 104.215.189.248:0] script '/domains/gk3c/xmlrpc.php' not found or unable to stat
[Mon Feb 23 01:01:53.989416 2026] [php:error] [pid 1297] [client 51.107.182.56:0] script '/domains/agribiz/mini.php' not found or unable to stat
[Mon Feb 23 01:01:54.085239 2026] [php:error] [pid 1297] [client 51.107.182.56:0] script '/domains/agribiz/xr.php' not found or unable to stat
[Mon Feb 23 01:01:54.174843 2026] [php:error] [pid 1281] [client 104.215.189.248:0] script '/domains/gk3c/aw.php' not found or unable to stat
[Mon Feb 23 01:01:54.180996 2026] [php:error] [pid 1297] [client 51.107.182.56:0] script '/domains/agribiz/baixy.php' not found or unable to stat
[Mon Feb 23 01:01:54.276736 2026] [php:error] [pid 1297] [client 51.107.182.56:0] script '/domains/agribiz/rtx.php' not found or unable to stat
[Mon Feb 23 01:01:54.372834 2026] [php:error] [pid 1297] [client 51.107.182.56:0] script '/domains/agribiz/666.php' not found or unable to stat
[Mon Feb 23 01:01:54.400952 2026] [php:error] [pid 1281] [client 104.215.189.248:0] script '/domains/gk3c/dev.php' not found or unable to stat
[Mon Feb 23 01:01:54.468219 2026] [php:error] [pid 1297] [client 51.107.182.56:0] script '/domains/agribiz/h2a2ck.php' not found or unable to stat
[Mon Feb 23 01:01:54.563832 2026] [php:error] [pid 1297] [client 51.107.182.56:0] script '/domains/agribiz/cytyr.php' not found or unable to stat
[Mon Feb 23 01:01:54.628218 2026] [php:error] [pid 1281] [client 104.215.189.248:0] script '/domains/gk3c/lock360.php' not found or unable to stat
[Mon Feb 23 01:01:54.659473 2026] [php:error] [pid 1297] [client 51.107.182.56:0] script '/domains/agribiz/h02ugyh.php' not found or unable to stat
[Mon Feb 23 01:01:54.754784 2026] [php:error] [pid 1297] [client 51.107.182.56:0] script '/domains/agribiz/66.php' not found or unable to stat
[Mon Feb 23 01:01:54.850204 2026] [php:error] [pid 1297] [client 51.107.182.56:0] script '/domains/agribiz/init.php' not found or unable to stat
[Mon Feb 23 01:01:54.854911 2026] [php:error] [pid 1281] [client 104.215.189.248:0] script '/domains/gk3c/155.php' not found or unable to stat
[Mon Feb 23 01:01:54.946050 2026] [php:error] [pid 1297] [client 51.107.182.56:0] script '/domains/agribiz/ava.php' not found or unable to stat
[Mon Feb 23 01:01:55.041462 2026] [php:error] [pid 1297] [client 51.107.182.56:0] script '/domains/agribiz/balin.php' not found or unable to stat
[Mon Feb 23 01:01:55.081098 2026] [php:error] [pid 1281] [client 104.215.189.248:0] script '/domains/gk3c/goat.php' not found or unable to stat
[Mon Feb 23 01:01:55.136759 2026] [php:error] [pid 1297] [client 51.107.182.56:0] script '/domains/agribiz/0x19493QU8ZQ.php' not found or unable to stat
[Mon Feb 23 01:01:55.232201 2026] [php:error] [pid 1297] [client 51.107.182.56:0] script '/domains/agribiz/13ede.php' not found or unable to stat
[Mon Feb 23 01:01:55.307350 2026] [php:error] [pid 1281] [client 104.215.189.248:0] script '/domains/gk3c/tcp.php' not found or unable to stat
[Mon Feb 23 01:01:55.327641 2026] [php:error] [pid 1297] [client 51.107.182.56:0] script '/domains/agribiz/akhvg.php' not found or unable to stat
[Mon Feb 23 01:01:55.426951 2026] [php:error] [pid 1297] [client 51.107.182.56:0] script '/domains/agribiz/assacc.php' not found or unable to stat
[Mon Feb 23 01:01:55.522596 2026] [php:error] [pid 1297] [client 51.107.182.56:0] script '/domains/agribiz/t00l.php' not found or unable to stat
[Mon Feb 23 01:01:55.534140 2026] [php:error] [pid 1281] [client 104.215.189.248:0] script '/domains/gk3c/ext.php' not found or unable to stat
[Mon Feb 23 01:01:55.618011 2026] [php:error] [pid 1297] [client 51.107.182.56:0] script '/domains/agribiz/xy.php' not found or unable to stat
[Mon Feb 23 01:01:55.714084 2026] [php:error] [pid 1297] [client 51.107.182.56:0] script '/domains/agribiz/atomlib.php' not found or unable to stat
[Mon Feb 23 01:01:55.760176 2026] [php:error] [pid 1281] [client 104.215.189.248:0] script '/domains/gk3c/inputs.php' not found or unable to stat
[Mon Feb 23 01:01:55.809194 2026] [php:error] [pid 1297] [client 51.107.182.56:0] script '/domains/agribiz/fetch.php' not found or unable to stat
[Mon Feb 23 01:01:55.904740 2026] [php:error] [pid 1297] [client 51.107.182.56:0] script '/domains/agribiz/jnhddqyz.php' not found or unable to stat
[Mon Feb 23 01:01:55.986240 2026] [php:error] [pid 1281] [client 104.215.189.248:0] script '/domains/gk3c/ioxi.php' not found or unable to stat
[Mon Feb 23 01:01:56.000387 2026] [php:error] [pid 1297] [client 51.107.182.56:0] script '/domains/agribiz/cgi-bin_bkp.php' not found or unable to stat
[Mon Feb 23 01:01:56.212562 2026] [php:error] [pid 1281] [client 104.215.189.248:0] script '/domains/gk3c/fe5.php' not found or unable to stat
[Mon Feb 23 01:01:56.439436 2026] [php:error] [pid 1281] [client 104.215.189.248:0] script '/domains/gk3c/ov.php' not found or unable to stat
[Mon Feb 23 01:01:56.892172 2026] [php:error] [pid 1281] [client 104.215.189.248:0] script '/domains/gk3c/default.php' not found or unable to stat
[Mon Feb 23 01:01:57.118718 2026] [php:error] [pid 1281] [client 104.215.189.248:0] script '/domains/gk3c/goods.php' not found or unable to stat
[Mon Feb 23 01:01:57.345387 2026] [php:error] [pid 1281] [client 104.215.189.248:0] script '/domains/gk3c/abcd.php' not found or unable to stat
[Mon Feb 23 01:01:57.571657 2026] [php:error] [pid 1281] [client 104.215.189.248:0] script '/domains/gk3c/class.1.php' not found or unable to stat
[Mon Feb 23 01:01:57.800900 2026] [php:error] [pid 1281] [client 104.215.189.248:0] script '/domains/gk3c/async.php' not found or unable to stat
[Mon Feb 23 01:01:58.027136 2026] [php:error] [pid 1281] [client 104.215.189.248:0] script '/domains/gk3c/ff.php' not found or unable to stat
[Mon Feb 23 01:01:58.253534 2026] [php:error] [pid 1281] [client 104.215.189.248:0] script '/domains/gk3c/ioxi-o.php' not found or unable to stat
[Mon Feb 23 01:01:58.481946 2026] [php:error] [pid 1281] [client 104.215.189.248:0] script '/domains/gk3c/manager.php' not found or unable to stat
[Mon Feb 23 01:01:58.708144 2026] [php:error] [pid 1281] [client 104.215.189.248:0] script '/domains/gk3c/wp-update.php' not found or unable to stat
[Mon Feb 23 01:01:58.934590 2026] [php:error] [pid 1281] [client 104.215.189.248:0] script '/domains/gk3c/file.php' not found or unable to stat
[Mon Feb 23 01:01:59.058337 2026] [php:error] [pid 1309] [client 93.123.109.247:0] script '/domains/fryer/index.php' not found or unable to stat
[Mon Feb 23 01:01:59.161747 2026] [php:error] [pid 1281] [client 104.215.189.248:0] script '/domains/gk3c/lc.php' not found or unable to stat
[Mon Feb 23 01:01:59.388096 2026] [php:error] [pid 1281] [client 104.215.189.248:0] script '/domains/gk3c/cbrfo.php' not found or unable to stat
[Mon Feb 23 01:01:59.614327 2026] [php:error] [pid 1281] [client 104.215.189.248:0] script '/domains/gk3c/inc.php' not found or unable to stat
[Mon Feb 23 01:02:00.069976 2026] [php:error] [pid 1313] [client 104.215.189.248:0] script '/domains/gk3c/gifclass.php' not found or unable to stat
[Mon Feb 23 01:02:00.296990 2026] [php:error] [pid 1313] [client 104.215.189.248:0] script '/domains/gk3c/miansha.php' not found or unable to stat
[Mon Feb 23 01:02:00.524282 2026] [php:error] [pid 1313] [client 104.215.189.248:0] script '/domains/gk3c/tinyfilemanager.php' not found or unable to stat
[Mon Feb 23 01:02:00.751048 2026] [php:error] [pid 1313] [client 104.215.189.248:0] script '/domains/gk3c/admin.php' not found or unable to stat
[Mon Feb 23 01:02:00.977963 2026] [php:error] [pid 1313] [client 104.215.189.248:0] script '/domains/gk3c/ok.php' not found or unable to stat
[Mon Feb 23 01:02:01.204521 2026] [php:error] [pid 1313] [client 104.215.189.248:0] script '/domains/gk3c/fi.php' not found or unable to stat
[Mon Feb 23 01:02:01.431652 2026] [php:error] [pid 1313] [client 104.215.189.248:0] script '/domains/gk3c/muzu.php' not found or unable to stat
[Mon Feb 23 01:02:01.658805 2026] [php:error] [pid 1313] [client 104.215.189.248:0] script '/domains/gk3c/reze.php' not found or unable to stat
[Mon Feb 23 01:02:01.885455 2026] [php:error] [pid 1313] [client 104.215.189.248:0] script '/domains/gk3c/styll.php' not found or unable to stat
[Mon Feb 23 01:02:01.941808 2026] [php:error] [pid 1299] [client 52.141.18.191:0] script '/domains/tennex/wp-trackback.php' not found or unable to stat
[Mon Feb 23 01:02:02.112502 2026] [php:error] [pid 1313] [client 104.215.189.248:0] script '/domains/gk3c/x7.php' not found or unable to stat
[Mon Feb 23 01:02:02.123441 2026] [php:error] [pid 1299] [client 52.141.18.191:0] script '/domains/tennex/about.php' not found or unable to stat
[Mon Feb 23 01:02:02.305191 2026] [php:error] [pid 1299] [client 52.141.18.191:0] script '/domains/tennex/file.php' not found or unable to stat
[Mon Feb 23 01:02:02.339046 2026] [php:error] [pid 1313] [client 104.215.189.248:0] script '/domains/gk3c/thebe.php' not found or unable to stat
[Mon Feb 23 01:02:02.494315 2026] [php:error] [pid 1299] [client 52.141.18.191:0] script '/domains/tennex/wp-good.php' not found or unable to stat
[Mon Feb 23 01:02:02.565657 2026] [php:error] [pid 1313] [client 104.215.189.248:0] script '/domains/gk3c/ddd.php' not found or unable to stat
[Mon Feb 23 01:02:02.688089 2026] [php:error] [pid 1299] [client 52.141.18.191:0] script '/domains/tennex/xmlrpc.php' not found or unable to stat
[Mon Feb 23 01:02:02.794737 2026] [php:error] [pid 1313] [client 104.215.189.248:0] script '/domains/gk3c/bgymj.php' not found or unable to stat
[Mon Feb 23 01:02:02.869913 2026] [php:error] [pid 1299] [client 52.141.18.191:0] script '/domains/tennex/goods.php' not found or unable to stat
[Mon Feb 23 01:02:03.021416 2026] [php:error] [pid 1313] [client 104.215.189.248:0] script '/domains/gk3c/8xyz.php' not found or unable to stat
[Mon Feb 23 01:02:03.051883 2026] [php:error] [pid 1299] [client 52.141.18.191:0] script '/domains/tennex/ioxi-o.php' not found or unable to stat
[Mon Feb 23 01:02:03.233721 2026] [php:error] [pid 1299] [client 52.141.18.191:0] script '/domains/tennex/class-t.api.php' not found or unable to stat
[Mon Feb 23 01:02:03.425023 2026] [php:error] [pid 1299] [client 52.141.18.191:0] script '/domains/tennex/admin.php' not found or unable to stat
[Mon Feb 23 01:02:03.606543 2026] [php:error] [pid 1299] [client 52.141.18.191:0] script '/domains/tennex/sf.php' not found or unable to stat
[Mon Feb 23 01:02:03.706441 2026] [php:error] [pid 1313] [client 104.215.189.248:0] script '/domains/gk3c/ioxi.php' not found or unable to stat
[Mon Feb 23 01:02:03.790050 2026] [php:error] [pid 1299] [client 52.141.18.191:0] script '/domains/tennex/rip.php' not found or unable to stat
[Mon Feb 23 01:02:03.933446 2026] [php:error] [pid 1313] [client 104.215.189.248:0] script '/domains/gk3c/xpwer1.php' not found or unable to stat
[Mon Feb 23 01:02:03.971555 2026] [php:error] [pid 1299] [client 52.141.18.191:0] script '/domains/tennex/autoload_classmap.php' not found or unable to stat
[Mon Feb 23 01:02:04.154630 2026] [php:error] [pid 1299] [client 52.141.18.191:0] script '/domains/tennex/chosen.php' not found or unable to stat
[Mon Feb 23 01:02:04.160436 2026] [php:error] [pid 1313] [client 104.215.189.248:0] script '/domains/gk3c/lala.php' not found or unable to stat
[Mon Feb 23 01:02:04.336653 2026] [php:error] [pid 1299] [client 52.141.18.191:0] script '/domains/tennex/classwithtostring.php' not found or unable to stat
[Mon Feb 23 01:02:04.387526 2026] [php:error] [pid 1313] [client 104.215.189.248:0] script '/domains/gk3c/about.php' not found or unable to stat
[Mon Feb 23 01:02:04.518294 2026] [php:error] [pid 1299] [client 52.141.18.191:0] script '/domains/tennex/defaults.php' not found or unable to stat
[Mon Feb 23 01:02:05.442196 2026] [php:error] [pid 1299] [client 52.141.18.191:0] script '/domains/tennex/info.php' not found or unable to stat
[Mon Feb 23 01:02:05.519670 2026] [php:error] [pid 1313] [client 104.215.189.248:0] script '/domains/gk3c/info.php' not found or unable to stat
[Mon Feb 23 01:02:05.746111 2026] [php:error] [pid 1313] [client 104.215.189.248:0] script '/domains/gk3c/about.php' not found or unable to stat
[Mon Feb 23 01:02:06.200089 2026] [php:error] [pid 1313] [client 104.215.189.248:0] script '/domains/gk3c/222.php' not found or unable to stat
[Mon Feb 23 01:02:06.427042 2026] [php:error] [pid 1313] [client 104.215.189.248:0] script '/domains/gk3c/adminfuns.php' not found or unable to stat
[Mon Feb 23 01:02:06.757068 2026] [php:error] [pid 1299] [client 52.141.18.191:0] script '/domains/tennex/adminfuns.php' not found or unable to stat
[Mon Feb 23 01:02:06.880319 2026] [php:error] [pid 1313] [client 104.215.189.248:0] script '/domains/gk3c/xx.php' not found or unable to stat
[Mon Feb 23 01:02:07.334703 2026] [php:error] [pid 1313] [client 104.215.189.248:0] script '/domains/gk3c/f5.php' not found or unable to stat
[Mon Feb 23 01:02:07.561430 2026] [php:error] [pid 1313] [client 104.215.189.248:0] script '/domains/gk3c/flower.php' not found or unable to stat
[Mon Feb 23 01:02:07.788125 2026] [php:error] [pid 1313] [client 104.215.189.248:0] script '/domains/gk3c/f6.php' not found or unable to stat
[Mon Feb 23 01:02:08.015466 2026] [php:error] [pid 1313] [client 104.215.189.248:0] script '/domains/gk3c/edit.php' not found or unable to stat
[Mon Feb 23 01:02:08.697140 2026] [php:error] [pid 1313] [client 104.215.189.248:0] script '/domains/gk3c/av.php' not found or unable to stat
[Mon Feb 23 01:02:09.150905 2026] [php:error] [pid 1313] [client 104.215.189.248:0] script '/domains/gk3c/wsd.php' not found or unable to stat
[Mon Feb 23 01:02:09.378110 2026] [php:error] [pid 1313] [client 104.215.189.248:0] script '/domains/gk3c/jane.php' not found or unable to stat
[Mon Feb 23 01:02:09.605459 2026] [php:error] [pid 1313] [client 104.215.189.248:0] script '/domains/gk3c/css.php' not found or unable to stat
[Mon Feb 23 01:02:09.832231 2026] [php:error] [pid 1313] [client 104.215.189.248:0] script '/domains/gk3c/alfa.php' not found or unable to stat
[Mon Feb 23 01:02:10.058910 2026] [php:error] [pid 1313] [client 104.215.189.248:0] script '/domains/gk3c/wen.php' not found or unable to stat
[Mon Feb 23 01:02:10.293639 2026] [php:error] [pid 1313] [client 104.215.189.248:0] script '/domains/gk3c/x.php' not found or unable to stat
[Mon Feb 23 01:02:10.520668 2026] [php:error] [pid 1313] [client 104.215.189.248:0] script '/domains/gk3c/xxxx.php' not found or unable to stat
[Mon Feb 23 01:02:10.748977 2026] [php:error] [pid 1313] [client 104.215.189.248:0] script '/domains/gk3c/class.php' not found or unable to stat
[Mon Feb 23 01:02:10.975373 2026] [php:error] [pid 1313] [client 104.215.189.248:0] script '/domains/gk3c/f35.php' not found or unable to stat
[Mon Feb 23 01:02:11.884668 2026] [php:error] [pid 1313] [client 104.215.189.248:0] script '/domains/gk3c/class-t.api.php' not found or unable to stat
[Mon Feb 23 01:02:12.111351 2026] [php:error] [pid 1313] [client 104.215.189.248:0] script '/domains/gk3c/blurbs18.php' not found or unable to stat
[Mon Feb 23 01:02:13.700145 2026] [php:error] [pid 1313] [client 104.215.189.248:0] script '/domains/gk3c/bless11.php' not found or unable to stat
[Mon Feb 23 01:02:13.927495 2026] [php:error] [pid 1313] [client 104.215.189.248:0] script '/domains/gk3c/init.php' not found or unable to stat
[Mon Feb 23 01:02:14.386382 2026] [php:error] [pid 1313] [client 104.215.189.248:0] script '/domains/gk3c/k.php' not found or unable to stat
[Mon Feb 23 01:02:14.612824 2026] [php:error] [pid 1313] [client 104.215.189.248:0] script '/domains/gk3c/bless.php' not found or unable to stat
[Mon Feb 23 01:02:14.839791 2026] [php:error] [pid 1313] [client 104.215.189.248:0] script '/domains/gk3c/X7x.php' not found or unable to stat
[Mon Feb 23 01:02:15.066295 2026] [php:error] [pid 1313] [client 104.215.189.248:0] script '/domains/gk3c/166.php' not found or unable to stat
[Mon Feb 23 01:02:15.293423 2026] [php:error] [pid 1313] [client 104.215.189.248:0] script '/domains/gk3c/plss3.php' not found or unable to stat
[Mon Feb 23 01:02:15.748121 2026] [php:error] [pid 1313] [client 104.215.189.248:0] script '/domains/gk3c/admins.php' not found or unable to stat
[Mon Feb 23 01:02:15.975529 2026] [php:error] [pid 1313] [client 104.215.189.248:0] script '/domains/gk3c/wp.php' not found or unable to stat
[Mon Feb 23 01:02:16.202858 2026] [php:error] [pid 1313] [client 104.215.189.248:0] script '/domains/gk3c/main.php' not found or unable to stat
[Mon Feb 23 01:02:16.430275 2026] [php:error] [pid 1313] [client 104.215.189.248:0] script '/domains/gk3c/a1.php' not found or unable to stat
[Mon Feb 23 01:02:16.657475 2026] [php:error] [pid 1313] [client 104.215.189.248:0] script '/domains/gk3c/lala.php' not found or unable to stat
[Mon Feb 23 01:02:16.884695 2026] [php:error] [pid 1313] [client 104.215.189.248:0] script '/domains/gk3c/aaa.php' not found or unable to stat
[Mon Feb 23 01:02:17.111597 2026] [php:error] [pid 1313] [client 104.215.189.248:0] script '/domains/gk3c/a2.php' not found or unable to stat
[Mon Feb 23 01:02:17.564642 2026] [php:error] [pid 1313] [client 104.215.189.248:0] script '/domains/gk3c/jsond.php' not found or unable to stat
[Mon Feb 23 01:02:38.541175 2026] [php:error] [pid 1314] [client 20.214.159.60:0] script '/domains/bruceweb/wp-trackback.php' not found or unable to stat
[Mon Feb 23 01:02:38.744888 2026] [php:error] [pid 1314] [client 20.214.159.60:0] script '/domains/bruceweb/about.php' not found or unable to stat
[Mon Feb 23 01:02:38.925767 2026] [php:error] [pid 1314] [client 20.214.159.60:0] script '/domains/bruceweb/file.php' not found or unable to stat
[Mon Feb 23 01:02:39.105259 2026] [php:error] [pid 1314] [client 20.214.159.60:0] script '/domains/bruceweb/wp-good.php' not found or unable to stat
[Mon Feb 23 01:02:39.308660 2026] [php:error] [pid 1314] [client 20.214.159.60:0] script '/domains/bruceweb/xmlrpc.php' not found or unable to stat
[Mon Feb 23 01:02:39.491966 2026] [php:error] [pid 1314] [client 20.214.159.60:0] script '/domains/bruceweb/goods.php' not found or unable to stat
[Mon Feb 23 01:02:39.675512 2026] [php:error] [pid 1314] [client 20.214.159.60:0] script '/domains/bruceweb/ioxi-o.php' not found or unable to stat
[Mon Feb 23 01:02:39.862844 2026] [php:error] [pid 1314] [client 20.214.159.60:0] script '/domains/bruceweb/class-t.api.php' not found or unable to stat
[Mon Feb 23 01:02:40.045613 2026] [php:error] [pid 1314] [client 20.214.159.60:0] script '/domains/bruceweb/admin.php' not found or unable to stat
[Mon Feb 23 01:02:40.227218 2026] [php:error] [pid 1314] [client 20.214.159.60:0] script '/domains/bruceweb/sf.php' not found or unable to stat
[Mon Feb 23 01:02:40.408692 2026] [php:error] [pid 1314] [client 20.214.159.60:0] script '/domains/bruceweb/rip.php' not found or unable to stat
[Mon Feb 23 01:02:40.602650 2026] [php:error] [pid 1314] [client 20.214.159.60:0] script '/domains/bruceweb/autoload_classmap.php' not found or unable to stat
[Mon Feb 23 01:02:40.782115 2026] [php:error] [pid 1314] [client 20.214.159.60:0] script '/domains/bruceweb/chosen.php' not found or unable to stat
[Mon Feb 23 01:02:40.962965 2026] [php:error] [pid 1314] [client 20.214.159.60:0] script '/domains/bruceweb/classwithtostring.php' not found or unable to stat
[Mon Feb 23 01:02:41.143273 2026] [php:error] [pid 1314] [client 20.214.159.60:0] script '/domains/bruceweb/defaults.php' not found or unable to stat
[Mon Feb 23 01:02:42.046871 2026] [php:error] [pid 1314] [client 20.214.159.60:0] script '/domains/bruceweb/info.php' not found or unable to stat
[Mon Feb 23 01:02:43.307126 2026] [php:error] [pid 1314] [client 20.214.159.60:0] script '/domains/bruceweb/adminfuns.php' not found or unable to stat
[Mon Feb 23 01:02:44.646648 2026] [php:error] [pid 1309] [client 52.237.113.170:0] script '/domains/mjbradley/wp-trackback.php' not found or unable to stat
[Mon Feb 23 01:02:44.876197 2026] [php:error] [pid 1309] [client 52.237.113.170:0] script '/domains/mjbradley/about.php' not found or unable to stat
[Mon Feb 23 01:02:45.115756 2026] [php:error] [pid 1309] [client 52.237.113.170:0] script '/domains/mjbradley/file.php' not found or unable to stat
[Mon Feb 23 01:02:45.345745 2026] [php:error] [pid 1309] [client 52.237.113.170:0] script '/domains/mjbradley/wp-good.php' not found or unable to stat
[Mon Feb 23 01:02:45.576054 2026] [php:error] [pid 1309] [client 52.237.113.170:0] script '/domains/mjbradley/xmlrpc.php' not found or unable to stat
[Mon Feb 23 01:02:45.806112 2026] [php:error] [pid 1309] [client 52.237.113.170:0] script '/domains/mjbradley/goods.php' not found or unable to stat
[Mon Feb 23 01:02:46.035276 2026] [php:error] [pid 1309] [client 52.237.113.170:0] script '/domains/mjbradley/ioxi-o.php' not found or unable to stat
[Mon Feb 23 01:02:46.410516 2026] [php:error] [pid 1309] [client 52.237.113.170:0] script '/domains/mjbradley/class-t.api.php' not found or unable to stat
[Mon Feb 23 01:02:46.779118 2026] [php:error] [pid 1309] [client 52.237.113.170:0] script '/domains/mjbradley/admin.php' not found or unable to stat
[Mon Feb 23 01:02:47.008938 2026] [php:error] [pid 1309] [client 52.237.113.170:0] script '/domains/mjbradley/sf.php' not found or unable to stat
[Mon Feb 23 01:02:47.237223 2026] [php:error] [pid 1309] [client 52.237.113.170:0] script '/domains/mjbradley/rip.php' not found or unable to stat
[Mon Feb 23 01:02:47.468276 2026] [php:error] [pid 1309] [client 52.237.113.170:0] script '/domains/mjbradley/autoload_classmap.php' not found or unable to stat
[Mon Feb 23 01:02:47.696851 2026] [php:error] [pid 1309] [client 52.237.113.170:0] script '/domains/mjbradley/chosen.php' not found or unable to stat
[Mon Feb 23 01:02:47.926424 2026] [php:error] [pid 1309] [client 52.237.113.170:0] script '/domains/mjbradley/classwithtostring.php' not found or unable to stat
[Mon Feb 23 01:02:48.155608 2026] [php:error] [pid 1309] [client 52.237.113.170:0] script '/domains/mjbradley/defaults.php' not found or unable to stat
[Mon Feb 23 01:02:49.371434 2026] [php:error] [pid 1309] [client 52.237.113.170:0] script '/domains/mjbradley/info.php' not found or unable to stat
[Mon Feb 23 01:02:51.019249 2026] [php:error] [pid 1309] [client 52.237.113.170:0] script '/domains/mjbradley/adminfuns.php' not found or unable to stat
[Mon Feb 23 01:03:01.875307 2026] [php:error] [pid 1299] [client 40.74.73.234:0] script '/domains/ceonlinenews/meew.php' not found or unable to stat
[Mon Feb 23 01:03:02.044530 2026] [php:error] [pid 1299] [client 40.74.73.234:0] script '/domains/ceonlinenews/add.php' not found or unable to stat
[Mon Feb 23 01:03:02.208831 2026] [php:error] [pid 1299] [client 40.74.73.234:0] script '/domains/ceonlinenews/8.php' not found or unable to stat
[Mon Feb 23 01:03:02.390340 2026] [php:error] [pid 1299] [client 40.74.73.234:0] script '/domains/ceonlinenews/ty.php' not found or unable to stat
[Mon Feb 23 01:03:02.554652 2026] [php:error] [pid 1299] [client 40.74.73.234:0] script '/domains/ceonlinenews/sys.php' not found or unable to stat
[Mon Feb 23 01:03:02.721012 2026] [php:error] [pid 1299] [client 40.74.73.234:0] script '/domains/ceonlinenews/mass.php' not found or unable to stat
[Mon Feb 23 01:03:02.895670 2026] [php:error] [pid 1299] [client 40.74.73.234:0] script '/domains/ceonlinenews/alfa.php' not found or unable to stat
[Mon Feb 23 01:03:03.101644 2026] [php:error] [pid 1299] [client 40.74.73.234:0] script '/domains/ceonlinenews/71.php' not found or unable to stat
[Mon Feb 23 01:03:03.301852 2026] [php:error] [pid 1299] [client 40.74.73.234:0] script '/domains/ceonlinenews/admin-footer.php' not found or unable to stat
[Mon Feb 23 01:03:03.809799 2026] [php:error] [pid 1322] [client 68.221.64.54:0] script '/domains/byardrealestate/webdb.php' not found or unable to stat
[Mon Feb 23 01:03:03.892549 2026] [php:error] [pid 1322] [client 68.221.64.54:0] script '/domains/byardrealestate/file.php' not found or unable to stat
[Mon Feb 23 01:03:03.989366 2026] [php:error] [pid 1322] [client 68.221.64.54:0] script '/domains/byardrealestate/166.php' not found or unable to stat
[Mon Feb 23 01:03:04.021027 2026] [php:error] [pid 1299] [client 40.74.73.234:0] script '/domains/ceonlinenews/webdb.php' not found or unable to stat
[Mon Feb 23 01:03:04.073336 2026] [php:error] [pid 1322] [client 68.221.64.54:0] script '/domains/byardrealestate/classwithtostring.php' not found or unable to stat
[Mon Feb 23 01:03:04.157822 2026] [php:error] [pid 1322] [client 68.221.64.54:0] script '/domains/byardrealestate/by.php' not found or unable to stat
[Mon Feb 23 01:03:04.184769 2026] [php:error] [pid 1299] [client 40.74.73.234:0] script '/domains/ceonlinenews/plugin.php' not found or unable to stat
[Mon Feb 23 01:03:04.339782 2026] [php:error] [pid 1322] [client 68.221.64.54:0] script '/domains/byardrealestate/simple.php' not found or unable to stat
[Mon Feb 23 01:03:04.352326 2026] [php:error] [pid 1299] [client 40.74.73.234:0] script '/domains/ceonlinenews/lib.php' not found or unable to stat
[Mon Feb 23 01:03:04.532224 2026] [php:error] [pid 1299] [client 40.74.73.234:0] script '/domains/ceonlinenews/makeasmtp.php' not found or unable to stat
[Mon Feb 23 01:03:04.627144 2026] [php:error] [pid 1322] [client 68.221.64.54:0] script '/domains/byardrealestate/confq.php' not found or unable to stat
[Mon Feb 23 01:03:04.696089 2026] [php:error] [pid 1299] [client 40.74.73.234:0] script '/domains/ceonlinenews/zeal.php' not found or unable to stat
[Mon Feb 23 01:03:04.792715 2026] [php:error] [pid 1322] [client 68.221.64.54:0] script '/domains/byardrealestate/404.php' not found or unable to stat
[Mon Feb 23 01:03:04.875579 2026] [php:error] [pid 1322] [client 68.221.64.54:0] script '/domains/byardrealestate/35.php' not found or unable to stat
[Mon Feb 23 01:03:04.880709 2026] [php:error] [pid 1299] [client 40.74.73.234:0] script '/domains/ceonlinenews/sc.php' not found or unable to stat
[Mon Feb 23 01:03:05.062417 2026] [php:error] [pid 1322] [client 68.221.64.54:0] script '/domains/byardrealestate/sx.php' not found or unable to stat
[Mon Feb 23 01:03:05.146422 2026] [php:error] [pid 1322] [client 68.221.64.54:0] script '/domains/byardrealestate/gettest.php' not found or unable to stat
[Mon Feb 23 01:03:05.216013 2026] [php:error] [pid 1299] [client 40.74.73.234:0] script '/domains/ceonlinenews/txets.php' not found or unable to stat
[Mon Feb 23 01:03:05.313972 2026] [php:error] [pid 1322] [client 68.221.64.54:0] script '/domains/byardrealestate/reze.php' not found or unable to stat
[Mon Feb 23 01:03:05.396672 2026] [php:error] [pid 1322] [client 68.221.64.54:0] script '/domains/byardrealestate/ioxi.php' not found or unable to stat
[Mon Feb 23 01:03:05.415354 2026] [php:error] [pid 1299] [client 40.74.73.234:0] script '/domains/ceonlinenews/options-head.php' not found or unable to stat
[Mon Feb 23 01:03:05.483766 2026] [php:error] [pid 1322] [client 68.221.64.54:0] script '/domains/byardrealestate/g.php' not found or unable to stat
[Mon Feb 23 01:03:05.567208 2026] [php:error] [pid 1322] [client 68.221.64.54:0] script '/domains/byardrealestate/az.php' not found or unable to stat
[Mon Feb 23 01:03:05.743226 2026] [php:error] [pid 1299] [client 40.74.73.234:0] script '/domains/ceonlinenews/cmdo.php' not found or unable to stat
[Mon Feb 23 01:03:05.907198 2026] [php:error] [pid 1299] [client 40.74.73.234:0] script '/domains/ceonlinenews/p.php' not found or unable to stat
[Mon Feb 23 01:03:05.914044 2026] [php:error] [pid 1322] [client 68.221.64.54:0] script '/domains/byardrealestate/app.php' not found or unable to stat
[Mon Feb 23 01:03:06.027518 2026] [php:error] [pid 1322] [client 68.221.64.54:0] script '/domains/byardrealestate/aboutc.php' not found or unable to stat
[Mon Feb 23 01:03:06.071186 2026] [php:error] [pid 1299] [client 40.74.73.234:0] script '/domains/ceonlinenews/Capte.php' not found or unable to stat
[Mon Feb 23 01:03:06.110744 2026] [php:error] [pid 1322] [client 68.221.64.54:0] script '/domains/byardrealestate/elp.php' not found or unable to stat
[Mon Feb 23 01:03:06.235547 2026] [php:error] [pid 1299] [client 40.74.73.234:0] script '/domains/ceonlinenews/ccou.php' not found or unable to stat
[Mon Feb 23 01:03:06.445873 2026] [php:error] [pid 1299] [client 40.74.73.234:0] script '/domains/ceonlinenews/503.php' not found or unable to stat
[Mon Feb 23 01:03:06.674406 2026] [php:error] [pid 1299] [client 40.74.73.234:0] script '/domains/ceonlinenews/ws66.php' not found or unable to stat
[Mon Feb 23 01:03:06.840364 2026] [php:error] [pid 1299] [client 40.74.73.234:0] script '/domains/ceonlinenews/xa.php' not found or unable to stat
[Mon Feb 23 01:03:07.042268 2026] [php:error] [pid 1299] [client 40.74.73.234:0] script '/domains/ceonlinenews/666.php' not found or unable to stat
[Mon Feb 23 01:03:07.214085 2026] [php:error] [pid 1299] [client 40.74.73.234:0] script '/domains/ceonlinenews/error.php' not found or unable to stat
[Mon Feb 23 01:03:07.377978 2026] [php:error] [pid 1299] [client 40.74.73.234:0] script '/domains/ceonlinenews/222.php' not found or unable to stat
[Mon Feb 23 01:03:07.562680 2026] [php:error] [pid 1299] [client 40.74.73.234:0] script '/domains/ceonlinenews/wen.php' not found or unable to stat
[Mon Feb 23 01:03:07.728012 2026] [php:error] [pid 1299] [client 40.74.73.234:0] script '/domains/ceonlinenews/environment.php' not found or unable to stat
[Mon Feb 23 01:03:07.933205 2026] [php:error] [pid 1299] [client 40.74.73.234:0] script '/domains/ceonlinenews/styles.php' not found or unable to stat
[Mon Feb 23 01:03:08.408268 2026] [php:error] [pid 1299] [client 40.74.73.234:0] script '/domains/ceonlinenews/wp-4doption1.php' not found or unable to stat
[Mon Feb 23 01:03:08.821681 2026] [php:error] [pid 1299] [client 40.74.73.234:0] script '/domains/ceonlinenews/1.php' not found or unable to stat
[Mon Feb 23 01:03:09.428412 2026] [php:error] [pid 1299] [client 40.74.73.234:0] script '/domains/ceonlinenews/atomlib.php' not found or unable to stat
[Mon Feb 23 01:03:09.644548 2026] [php:error] [pid 1299] [client 40.74.73.234:0] script '/domains/ceonlinenews/asasx.php' not found or unable to stat
[Mon Feb 23 01:03:09.815769 2026] [php:error] [pid 1299] [client 40.74.73.234:0] script '/domains/ceonlinenews/ioxi-o.php' not found or unable to stat
[Mon Feb 23 01:03:09.981334 2026] [php:error] [pid 1299] [client 40.74.73.234:0] script '/domains/ceonlinenews/z60.php' not found or unable to stat
[Mon Feb 23 01:03:10.148105 2026] [php:error] [pid 1299] [client 40.74.73.234:0] script '/domains/ceonlinenews/dropdown.php' not found or unable to stat
[Mon Feb 23 01:03:10.481466 2026] [php:error] [pid 1299] [client 40.74.73.234:0] script '/domains/ceonlinenews/wp-tot.php' not found or unable to stat
[Mon Feb 23 01:03:11.015166 2026] [php:error] [pid 1299] [client 40.74.73.234:0] script '/domains/ceonlinenews/class.php' not found or unable to stat
[Mon Feb 23 01:03:11.827631 2026] [php:error] [pid 1299] [client 40.74.73.234:0] script '/domains/ceonlinenews/404.php' not found or unable to stat
[Mon Feb 23 01:03:12.172182 2026] [php:error] [pid 1299] [client 40.74.73.234:0] script '/domains/ceonlinenews/mode.php' not found or unable to stat
[Mon Feb 23 01:03:12.381789 2026] [php:error] [pid 1299] [client 40.74.73.234:0] script '/domains/ceonlinenews/aboutc.php' not found or unable to stat
[Mon Feb 23 01:03:12.621048 2026] [php:error] [pid 1299] [client 40.74.73.234:0] script '/domains/ceonlinenews/sx.php' not found or unable to stat
[Mon Feb 23 01:03:12.785244 2026] [php:error] [pid 1299] [client 40.74.73.234:0] script '/domains/ceonlinenews/themes.php' not found or unable to stat
[Mon Feb 23 01:03:12.949742 2026] [php:error] [pid 1299] [client 40.74.73.234:0] script '/domains/ceonlinenews/yawa.php' not found or unable to stat
[Mon Feb 23 01:03:13.122464 2026] [php:error] [pid 1299] [client 40.74.73.234:0] script '/domains/ceonlinenews/m.php' not found or unable to stat
[Mon Feb 23 01:03:13.680052 2026] [php:error] [pid 1299] [client 40.74.73.234:0] script '/domains/ceonlinenews/item.php' not found or unable to stat
[Mon Feb 23 01:03:13.845278 2026] [php:error] [pid 1299] [client 40.74.73.234:0] script '/domains/ceonlinenews/403.php' not found or unable to stat
[Mon Feb 23 01:03:14.013097 2026] [php:error] [pid 1299] [client 40.74.73.234:0] script '/domains/ceonlinenews/gg.php' not found or unable to stat
[Mon Feb 23 01:03:14.177549 2026] [php:error] [pid 1299] [client 40.74.73.234:0] script '/domains/ceonlinenews/akcc.php' not found or unable to stat
[Mon Feb 23 01:03:14.345268 2026] [php:error] [pid 1299] [client 40.74.73.234:0] script '/domains/ceonlinenews/radio.php' not found or unable to stat
[Mon Feb 23 01:03:14.511779 2026] [php:error] [pid 1299] [client 40.74.73.234:0] script '/domains/ceonlinenews/xa.php' not found or unable to stat
[Mon Feb 23 01:03:14.676336 2026] [php:error] [pid 1299] [client 40.74.73.234:0] script '/domains/ceonlinenews/backup.php' not found or unable to stat
[Mon Feb 23 01:03:15.107337 2026] [php:error] [pid 1299] [client 40.74.73.234:0] script '/domains/ceonlinenews/galex.php' not found or unable to stat
[Mon Feb 23 01:03:15.499315 2026] [php:error] [pid 1299] [client 40.74.73.234:0] script '/domains/ceonlinenews/about.php' not found or unable to stat
[Mon Feb 23 01:03:15.707497 2026] [php:error] [pid 1299] [client 40.74.73.234:0] script '/domains/ceonlinenews/vx.php' not found or unable to stat
[Mon Feb 23 01:03:15.872078 2026] [php:error] [pid 1299] [client 40.74.73.234:0] script '/domains/ceonlinenews/classwithtostring.php' not found or unable to stat
[Mon Feb 23 01:03:16.248609 2026] [php:error] [pid 1299] [client 40.74.73.234:0] script '/domains/ceonlinenews/fff.php' not found or unable to stat
[Mon Feb 23 01:03:16.412725 2026] [php:error] [pid 1299] [client 40.74.73.234:0] script '/domains/ceonlinenews/content.php' not found or unable to stat
[Mon Feb 23 01:03:16.638435 2026] [php:error] [pid 1299] [client 40.74.73.234:0] script '/domains/ceonlinenews/menu.php' not found or unable to stat
[Mon Feb 23 01:03:16.850596 2026] [php:error] [pid 1299] [client 40.74.73.234:0] script '/domains/ceonlinenews/gifclass.php' not found or unable to stat
[Mon Feb 23 01:03:17.331564 2026] [php:error] [pid 1299] [client 40.74.73.234:0] script '/domains/ceonlinenews/css.php' not found or unable to stat
[Mon Feb 23 01:03:17.519416 2026] [php:error] [pid 1299] [client 40.74.73.234:0] script '/domains/ceonlinenews/x7.php' not found or unable to stat
[Mon Feb 23 01:03:17.820904 2026] [php:error] [pid 1299] [client 40.74.73.234:0] script '/domains/ceonlinenews/bugger.php' not found or unable to stat
[Mon Feb 23 01:03:18.256188 2026] [php:error] [pid 1299] [client 40.74.73.234:0] script '/domains/ceonlinenews/simple.php' not found or unable to stat
[Mon Feb 23 01:03:18.468590 2026] [php:error] [pid 1299] [client 40.74.73.234:0] script '/domains/ceonlinenews/alfa.php' not found or unable to stat
[Mon Feb 23 01:03:18.687097 2026] [php:error] [pid 1299] [client 40.74.73.234:0] script '/domains/ceonlinenews/wp-file.php' not found or unable to stat
[Mon Feb 23 01:03:18.851254 2026] [php:error] [pid 1299] [client 40.74.73.234:0] script '/domains/ceonlinenews/as.php' not found or unable to stat
[Mon Feb 23 01:03:19.057427 2026] [php:error] [pid 1299] [client 40.74.73.234:0] script '/domains/ceonlinenews/X57.php' not found or unable to stat
[Mon Feb 23 01:03:19.258030 2026] [php:error] [pid 1299] [client 40.74.73.234:0] script '/domains/ceonlinenews/abc.php' not found or unable to stat
[Mon Feb 23 01:03:19.422705 2026] [php:error] [pid 1299] [client 40.74.73.234:0] script '/domains/ceonlinenews/gettest.php' not found or unable to stat
[Mon Feb 23 01:03:19.614529 2026] [php:error] [pid 1299] [client 40.74.73.234:0] script '/domains/ceonlinenews/sbhu.php' not found or unable to stat
