[Mon Feb 23 01:58:11.969063 2026] [php:error] [pid 1873] [client 20.205.3.49:0] script '/domains/bels/lp6.php' not found or unable to stat
[Mon Feb 23 01:58:12.391327 2026] [php:error] [pid 1873] [client 20.205.3.49:0] script '/domains/bels/d12.php' not found or unable to stat
[Mon Feb 23 01:58:12.594144 2026] [php:error] [pid 1873] [client 20.205.3.49:0] script '/domains/bels/x.php' not found or unable to stat
[Mon Feb 23 01:58:12.809070 2026] [php:error] [pid 1873] [client 20.205.3.49:0] script '/domains/bels/bk.php' not found or unable to stat
[Mon Feb 23 01:58:12.867126 2026] [php:error] [pid 1882] [client 20.205.3.49:0] script '/domains/system_cancel/an.php' not found or unable to stat
[Mon Feb 23 01:58:13.022950 2026] [php:error] [pid 1873] [client 20.205.3.49:0] script '/domains/bels/phpinfo.php' not found or unable to stat
[Mon Feb 23 01:58:13.428909 2026] [php:error] [pid 1873] [client 20.205.3.49:0] script '/domains/bels/f.php' not found or unable to stat
[Mon Feb 23 01:58:14.054325 2026] [php:error] [pid 1873] [client 20.205.3.49:0] script '/domains/bels/z.php' not found or unable to stat
[Mon Feb 23 01:58:14.261220 2026] [php:error] [pid 1873] [client 20.205.3.49:0] script '/domains/bels/z.php' not found or unable to stat
[Mon Feb 23 01:58:14.894916 2026] [php:error] [pid 1873] [client 20.205.3.49:0] script '/domains/bels/file.php' not found or unable to stat
[Mon Feb 23 01:58:15.459990 2026] [php:error] [pid 1881] [client 20.205.3.49:0] script '/domains/system_cancel/a2.php' not found or unable to stat
[Mon Feb 23 01:58:15.640648 2026] [php:error] [pid 1873] [client 20.205.3.49:0] script '/domains/bels/elp.php' not found or unable to stat
[Mon Feb 23 01:58:15.865018 2026] [php:error] [pid 1873] [client 20.205.3.49:0] script '/domains/bels/p.php' not found or unable to stat
[Mon Feb 23 01:58:15.886780 2026] [php:error] [pid 1881] [client 20.205.3.49:0] script '/domains/system_cancel/rip.php' not found or unable to stat
[Mon Feb 23 01:58:16.154583 2026] [php:error] [pid 1881] [client 20.205.3.49:0] script '/domains/system_cancel/doc.php' not found or unable to stat
[Mon Feb 23 01:58:16.716993 2026] [php:error] [pid 1873] [client 20.205.3.49:0] script '/domains/bels/config.php' not found or unable to stat
[Mon Feb 23 01:58:16.919641 2026] [php:error] [pid 1873] [client 20.205.3.49:0] script '/domains/bels/rip.php' not found or unable to stat
[Mon Feb 23 01:58:17.133080 2026] [php:error] [pid 1873] [client 20.205.3.49:0] script '/domains/bels/cache.php' not found or unable to stat
[Mon Feb 23 01:58:17.346443 2026] [php:error] [pid 1873] [client 20.205.3.49:0] script '/domains/bels/ahax.php' not found or unable to stat
[Mon Feb 23 01:58:17.756439 2026] [php:error] [pid 1873] [client 20.205.3.49:0] script '/domains/bels/tt.php' not found or unable to stat
[Mon Feb 23 01:58:18.527996 2026] [php:error] [pid 1873] [client 20.205.3.49:0] script '/domains/bels/wp-conf.php' not found or unable to stat
[Mon Feb 23 01:58:19.502152 2026] [php:error] [pid 1881] [client 20.205.3.49:0] script '/domains/system_cancel/chosen.php' not found or unable to stat
[Mon Feb 23 01:58:20.143916 2026] [php:error] [pid 1881] [client 20.205.3.49:0] script '/domains/system_cancel/an.php' not found or unable to stat
[Mon Feb 23 01:58:20.401525 2026] [php:error] [pid 1881] [client 20.205.3.49:0] script '/domains/system_cancel/ma.php' not found or unable to stat
[Mon Feb 23 01:58:20.626985 2026] [php:error] [pid 1881] [client 20.205.3.49:0] script '/domains/system_cancel/h.php' not found or unable to stat
[Mon Feb 23 01:58:21.057012 2026] [php:error] [pid 1871] [client 20.205.3.49:0] script '/domains/bels/hey.php' not found or unable to stat
[Mon Feb 23 01:58:21.273702 2026] [php:error] [pid 1871] [client 20.205.3.49:0] script '/domains/bels/m.php' not found or unable to stat
[Mon Feb 23 01:58:21.483554 2026] [php:error] [pid 1871] [client 20.205.3.49:0] script '/domains/bels/install.php' not found or unable to stat
[Mon Feb 23 01:58:21.697654 2026] [php:error] [pid 1871] [client 20.205.3.49:0] script '/domains/bels/web.php' not found or unable to stat
[Mon Feb 23 01:58:22.118842 2026] [php:error] [pid 1871] [client 20.205.3.49:0] script '/domains/bels/content.php' not found or unable to stat
[Mon Feb 23 01:58:22.330155 2026] [php:error] [pid 1871] [client 20.205.3.49:0] script '/domains/bels/adminfuns.php' not found or unable to stat
[Mon Feb 23 01:58:23.165358 2026] [php:error] [pid 1871] [client 20.205.3.49:0] script '/domains/bels/la.php' not found or unable to stat
[Mon Feb 23 01:58:23.439151 2026] [php:error] [pid 1871] [client 20.205.3.49:0] script '/domains/bels/a1.php' not found or unable to stat
[Mon Feb 23 01:58:23.650437 2026] [php:error] [pid 1871] [client 20.205.3.49:0] script '/domains/bels/403.php' not found or unable to stat
[Mon Feb 23 01:58:23.731538 2026] [php:error] [pid 1881] [client 20.205.3.49:0] script '/domains/system_cancel/class-t.api.php' not found or unable to stat
[Mon Feb 23 01:58:23.943172 2026] [php:error] [pid 1881] [client 20.205.3.49:0] script '/domains/system_cancel/asd.php' not found or unable to stat
[Mon Feb 23 01:58:24.517619 2026] [php:error] [pid 1871] [client 20.205.3.49:0] script '/domains/bels/errw.php' not found or unable to stat
[Mon Feb 23 01:58:24.937969 2026] [php:error] [pid 1871] [client 20.205.3.49:0] script '/domains/bels/wp.php' not found or unable to stat
[Mon Feb 23 01:58:25.148327 2026] [php:error] [pid 1871] [client 20.205.3.49:0] script '/domains/bels/themes.php' not found or unable to stat
[Mon Feb 23 01:58:25.373793 2026] [php:error] [pid 1871] [client 20.205.3.49:0] script '/domains/bels/environment.php' not found or unable to stat
[Mon Feb 23 01:58:25.592449 2026] [php:error] [pid 1871] [client 20.205.3.49:0] script '/domains/bels/404.php' not found or unable to stat
[Mon Feb 23 01:58:25.960211 2026] [php:error] [pid 1881] [client 20.205.3.49:0] script '/domains/system_cancel/lala.php' not found or unable to stat
[Mon Feb 23 01:58:26.029483 2026] [php:error] [pid 1871] [client 20.205.3.49:0] script '/domains/bels/cs.php' not found or unable to stat
[Mon Feb 23 01:58:26.181698 2026] [php:error] [pid 1881] [client 20.205.3.49:0] script '/domains/system_cancel/menu.php' not found or unable to stat
[Mon Feb 23 01:58:26.393217 2026] [php:error] [pid 1881] [client 20.205.3.49:0] script '/domains/system_cancel/alfa.php' not found or unable to stat
[Mon Feb 23 01:58:26.604480 2026] [php:error] [pid 1881] [client 20.205.3.49:0] script '/domains/system_cancel/dropdown.php' not found or unable to stat
[Mon Feb 23 01:58:26.666689 2026] [php:error] [pid 1871] [client 20.205.3.49:0] script '/domains/bels/domains.php' not found or unable to stat
[Mon Feb 23 01:58:27.307760 2026] [php:error] [pid 1871] [client 20.205.3.49:0] script '/domains/bels/radio.php' not found or unable to stat
[Mon Feb 23 01:58:27.741396 2026] [php:error] [pid 1871] [client 20.205.3.49:0] script '/domains/bels/wp-blog.php' not found or unable to stat
[Mon Feb 23 01:58:27.951207 2026] [php:error] [pid 1871] [client 20.205.3.49:0] script '/domains/bels/ak.php' not found or unable to stat
[Mon Feb 23 01:58:28.581145 2026] [php:error] [pid 1871] [client 20.205.3.49:0] script '/domains/bels/403.php' not found or unable to stat
[Mon Feb 23 01:58:29.011878 2026] [php:error] [pid 1871] [client 20.205.3.49:0] script '/domains/bels/wso.php' not found or unable to stat
[Mon Feb 23 01:58:29.240478 2026] [php:error] [pid 1871] [client 20.205.3.49:0] script '/domains/bels/wp-cron.php' not found or unable to stat
[Mon Feb 23 01:58:29.470432 2026] [php:error] [pid 1871] [client 20.205.3.49:0] script '/domains/bels/autoload_classmap.php' not found or unable to stat
[Mon Feb 23 01:58:29.680685 2026] [php:error] [pid 1871] [client 20.205.3.49:0] script '/domains/bels/inputs.php' not found or unable to stat
[Mon Feb 23 01:58:30.318724 2026] [php:error] [pid 1871] [client 20.205.3.49:0] script '/domains/bels/zwso.php' not found or unable to stat
[Mon Feb 23 01:58:30.537100 2026] [php:error] [pid 1871] [client 20.205.3.49:0] script '/domains/bels/bolt.php' not found or unable to stat
[Mon Feb 23 01:58:31.024372 2026] [php:error] [pid 1871] [client 20.205.3.49:0] script '/domains/bels/autoload_classmap.php' not found or unable to stat
[Mon Feb 23 01:58:31.234659 2026] [php:error] [pid 1871] [client 20.205.3.49:0] script '/domains/bels/gdn.php' not found or unable to stat
[Mon Feb 23 01:58:31.694007 2026] [php:error] [pid 1871] [client 20.205.3.49:0] script '/domains/bels/lala.php' not found or unable to stat
[Mon Feb 23 01:58:31.908487 2026] [php:error] [pid 1871] [client 20.205.3.49:0] script '/domains/bels/bnn_.php' not found or unable to stat
[Mon Feb 23 01:58:32.203734 2026] [php:error] [pid 1881] [client 20.205.3.49:0] script '/domains/system_cancel/elp.php' not found or unable to stat
[Mon Feb 23 01:58:33.328398 2026] [php:error] [pid 1881] [client 20.205.3.49:0] script '/domains/system_cancel/x.php' not found or unable to stat
[Mon Feb 23 01:58:34.059691 2026] [php:error] [pid 1881] [client 20.205.3.49:0] script '/domains/system_cancel/lp6.php' not found or unable to stat
[Mon Feb 23 01:58:34.707433 2026] [php:error] [pid 1881] [client 20.205.3.49:0] script '/domains/system_cancel/d12.php' not found or unable to stat
[Mon Feb 23 01:58:34.919163 2026] [php:error] [pid 1881] [client 20.205.3.49:0] script '/domains/system_cancel/x.php' not found or unable to stat
[Mon Feb 23 01:58:41.343459 2026] [php:error] [pid 1885] [client 20.205.3.49:0] script '/domains/system_cancel/elp.php' not found or unable to stat
[Mon Feb 23 01:58:42.914079 2026] [php:error] [pid 1885] [client 20.205.3.49:0] script '/domains/system_cancel/config.php' not found or unable to stat
[Mon Feb 23 01:58:43.125495 2026] [php:error] [pid 1885] [client 20.205.3.49:0] script '/domains/system_cancel/rip.php' not found or unable to stat
[Mon Feb 23 01:58:43.338000 2026] [php:error] [pid 1885] [client 20.205.3.49:0] script '/domains/system_cancel/cache.php' not found or unable to stat
[Mon Feb 23 01:58:43.549958 2026] [php:error] [pid 1885] [client 20.205.3.49:0] script '/domains/system_cancel/ahax.php' not found or unable to stat
[Mon Feb 23 01:58:43.981013 2026] [php:error] [pid 1885] [client 20.205.3.49:0] script '/domains/system_cancel/tt.php' not found or unable to stat
[Mon Feb 23 01:58:46.176241 2026] [php:error] [pid 1885] [client 20.205.3.49:0] script '/domains/system_cancel/hey.php' not found or unable to stat
[Mon Feb 23 01:58:46.387962 2026] [php:error] [pid 1885] [client 20.205.3.49:0] script '/domains/system_cancel/m.php' not found or unable to stat
[Mon Feb 23 01:58:46.599172 2026] [php:error] [pid 1885] [client 20.205.3.49:0] script '/domains/system_cancel/install.php' not found or unable to stat
[Mon Feb 23 01:58:47.683407 2026] [php:error] [pid 1885] [client 20.205.3.49:0] script '/domains/system_cancel/content.php' not found or unable to stat
[Mon Feb 23 01:58:47.997439 2026] [php:error] [pid 1885] [client 20.205.3.49:0] script '/domains/system_cancel/adminfuns.php' not found or unable to stat
[Mon Feb 23 01:58:49.118806 2026] [php:error] [pid 1885] [client 20.205.3.49:0] script '/domains/system_cancel/la.php' not found or unable to stat
[Mon Feb 23 01:58:49.335783 2026] [php:error] [pid 1885] [client 20.205.3.49:0] script '/domains/system_cancel/a1.php' not found or unable to stat
[Mon Feb 23 01:58:51.211436 2026] [php:error] [pid 1885] [client 20.205.3.49:0] script '/domains/system_cancel/errw.php' not found or unable to stat
[Mon Feb 23 01:58:52.073986 2026] [php:error] [pid 1884] [client 20.205.3.49:0] script '/domains/system_cancel/themes.php' not found or unable to stat
[Mon Feb 23 01:58:52.285652 2026] [php:error] [pid 1884] [client 20.205.3.49:0] script '/domains/system_cancel/environment.php' not found or unable to stat
[Mon Feb 23 01:58:53.395027 2026] [php:error] [pid 1884] [client 20.205.3.49:0] script '/domains/system_cancel/cs.php' not found or unable to stat
[Mon Feb 23 01:58:54.530314 2026] [php:error] [pid 1884] [client 20.205.3.49:0] script '/domains/system_cancel/domains.php' not found or unable to stat
[Mon Feb 23 01:58:55.598009 2026] [php:error] [pid 1884] [client 20.205.3.49:0] script '/domains/system_cancel/radio.php' not found or unable to stat
[Mon Feb 23 01:58:56.677845 2026] [php:error] [pid 1884] [client 20.205.3.49:0] script '/domains/system_cancel/ak.php' not found or unable to stat
[Mon Feb 23 01:58:59.438239 2026] [php:error] [pid 1884] [client 20.205.3.49:0] script '/domains/system_cancel/autoload_classmap.php' not found or unable to stat
[Mon Feb 23 01:58:59.650353 2026] [php:error] [pid 1884] [client 20.205.3.49:0] script '/domains/system_cancel/inputs.php' not found or unable to stat
[Mon Feb 23 01:59:01.814554 2026] [php:error] [pid 1884] [client 20.205.3.49:0] script '/domains/system_cancel/autoload_classmap.php' not found or unable to stat
[Mon Feb 23 01:59:02.959873 2026] [php:error] [pid 1884] [client 20.205.3.49:0] script '/domains/system_cancel/lala.php' not found or unable to stat
[Mon Feb 23 01:59:16.471698 2026] [php:error] [pid 1881] [client 20.214.157.214:0] script '/domains/biehlweb/indo.php' not found or unable to stat
[Mon Feb 23 01:59:16.658305 2026] [php:error] [pid 1881] [client 20.214.157.214:0] script '/domains/biehlweb/localization.php' not found or unable to stat
[Mon Feb 23 01:59:17.972322 2026] [php:error] [pid 1881] [client 20.214.157.214:0] script '/domains/biehlweb/rin.php' not found or unable to stat
[Mon Feb 23 01:59:19.465876 2026] [php:error] [pid 1881] [client 20.214.157.214:0] script '/domains/biehlweb/mk.php' not found or unable to stat
[Mon Feb 23 01:59:19.652745 2026] [php:error] [pid 1881] [client 20.214.157.214:0] script '/domains/biehlweb/moderation.php' not found or unable to stat
[Mon Feb 23 01:59:20.025737 2026] [php:error] [pid 1881] [client 20.214.157.214:0] script '/domains/biehlweb/ioxi.php' not found or unable to stat
[Mon Feb 23 01:59:20.212828 2026] [php:error] [pid 1881] [client 20.214.157.214:0] script '/domains/biehlweb/vbv.php' not found or unable to stat
[Mon Feb 23 01:59:20.399590 2026] [php:error] [pid 1881] [client 20.214.157.214:0] script '/domains/biehlweb/simple-shell.php' not found or unable to stat
[Mon Feb 23 01:59:20.774014 2026] [php:error] [pid 1881] [client 20.214.157.214:0] script '/domains/biehlweb/2Vu80QG.php' not found or unable to stat
[Mon Feb 23 01:59:20.961029 2026] [php:error] [pid 1881] [client 20.214.157.214:0] script '/domains/biehlweb/bsr.php' not found or unable to stat
[Mon Feb 23 01:59:21.149810 2026] [php:error] [pid 1881] [client 20.214.157.214:0] script '/domains/biehlweb/css/plugins.php' not found or unable to stat
[Mon Feb 23 01:59:21.523306 2026] [php:error] [pid 1881] [client 20.214.157.214:0] script '/domains/biehlweb/akmila.php' not found or unable to stat
[Mon Feb 23 01:59:21.710336 2026] [php:error] [pid 1881] [client 20.214.157.214:0] script '/domains/biehlweb/php-shells.php' not found or unable to stat
[Mon Feb 23 01:59:22.098338 2026] [php:error] [pid 1881] [client 20.214.157.214:0] script '/domains/biehlweb/ans.php' not found or unable to stat
[Mon Feb 23 01:59:22.285124 2026] [php:error] [pid 1881] [client 20.214.157.214:0] script '/domains/biehlweb/wp-tot.php' not found or unable to stat
[Mon Feb 23 01:59:22.482183 2026] [php:error] [pid 1881] [client 20.214.157.214:0] script '/domains/biehlweb/makeasmtp.php' not found or unable to stat
[Mon Feb 23 01:59:23.416094 2026] [php:error] [pid 1881] [client 20.214.157.214:0] script '/domains/biehlweb/Core-wp.php' not found or unable to stat
[Mon Feb 23 01:59:23.610021 2026] [php:error] [pid 1881] [client 20.214.157.214:0] script '/domains/biehlweb/src.php' not found or unable to stat
[Mon Feb 23 01:59:25.686215 2026] [php:error] [pid 1881] [client 20.214.157.214:0] script '/domains/biehlweb/nxd.php' not found or unable to stat
[Mon Feb 23 01:59:25.740817 2026] [php:error] [pid 1883] [client 68.221.129.30:0] script '/domains/agribiz/abhjr.php' not found or unable to stat
[Mon Feb 23 01:59:25.826446 2026] [php:error] [pid 1883] [client 68.221.129.30:0] script '/domains/agribiz/anczg.php' not found or unable to stat
[Mon Feb 23 01:59:25.910925 2026] [php:error] [pid 1883] [client 68.221.129.30:0] script '/domains/agribiz/ardsw.php' not found or unable to stat
[Mon Feb 23 01:59:25.995460 2026] [php:error] [pid 1883] [client 68.221.129.30:0] script '/domains/agribiz/atfis.php' not found or unable to stat
[Mon Feb 23 01:59:26.081383 2026] [php:error] [pid 1883] [client 68.221.129.30:0] script '/domains/agribiz/azpaq.php' not found or unable to stat
[Mon Feb 23 01:59:26.166152 2026] [php:error] [pid 1883] [client 68.221.129.30:0] script '/domains/agribiz/bclms.php' not found or unable to stat
[Mon Feb 23 01:59:26.246381 2026] [php:error] [pid 1881] [client 20.214.157.214:0] script '/domains/biehlweb/module.php' not found or unable to stat
[Mon Feb 23 01:59:26.250822 2026] [php:error] [pid 1883] [client 68.221.129.30:0] script '/domains/agribiz/bivvw.php' not found or unable to stat
[Mon Feb 23 01:59:26.335684 2026] [php:error] [pid 1883] [client 68.221.129.30:0] script '/domains/agribiz/bykdo.php' not found or unable to stat
[Mon Feb 23 01:59:26.420492 2026] [php:error] [pid 1883] [client 68.221.129.30:0] script '/domains/agribiz/byueb.php' not found or unable to stat
[Mon Feb 23 01:59:26.505121 2026] [php:error] [pid 1883] [client 68.221.129.30:0] script '/domains/agribiz/cjndd.php' not found or unable to stat
[Mon Feb 23 01:59:26.590762 2026] [php:error] [pid 1883] [client 68.221.129.30:0] script '/domains/agribiz/coiuz.php' not found or unable to stat
[Mon Feb 23 01:59:26.622735 2026] [php:error] [pid 1881] [client 20.214.157.214:0] script '/domains/biehlweb/phpinfo.php.orig' not found or unable to stat
[Mon Feb 23 01:59:26.678020 2026] [php:error] [pid 1883] [client 68.221.129.30:0] script '/domains/agribiz/click.php' not found or unable to stat
[Mon Feb 23 01:59:26.762814 2026] [php:error] [pid 1883] [client 68.221.129.30:0] script '/domains/agribiz/ctjpseby.php' not found or unable to stat
[Mon Feb 23 01:59:26.847420 2026] [php:error] [pid 1883] [client 68.221.129.30:0] script '/domains/agribiz/cxxuv.php' not found or unable to stat
[Mon Feb 23 01:59:26.931690 2026] [php:error] [pid 1883] [client 68.221.129.30:0] script '/domains/agribiz/dawvg.php' not found or unable to stat
[Mon Feb 23 01:59:27.017801 2026] [php:error] [pid 1883] [client 68.221.129.30:0] script '/domains/agribiz/dhjqs.php' not found or unable to stat
[Mon Feb 23 01:59:27.103565 2026] [php:error] [pid 1883] [client 68.221.129.30:0] script '/domains/agribiz/diayd.php' not found or unable to stat
[Mon Feb 23 01:59:27.189077 2026] [php:error] [pid 1883] [client 68.221.129.30:0] script '/domains/agribiz/dljpy.php' not found or unable to stat
[Mon Feb 23 01:59:27.275593 2026] [php:error] [pid 1883] [client 68.221.129.30:0] script '/domains/agribiz/dqagu.php' not found or unable to stat
[Mon Feb 23 01:59:27.360947 2026] [php:error] [pid 1883] [client 68.221.129.30:0] script '/domains/agribiz/druqr.php' not found or unable to stat
[Mon Feb 23 01:59:27.379752 2026] [php:error] [pid 1881] [client 20.214.157.214:0] script '/domains/biehlweb/payout.php' not found or unable to stat
[Mon Feb 23 01:59:27.445489 2026] [php:error] [pid 1883] [client 68.221.129.30:0] script '/domains/agribiz/dyxbc.php' not found or unable to stat
[Mon Feb 23 01:59:27.531498 2026] [php:error] [pid 1883] [client 68.221.129.30:0] script '/domains/agribiz/eapjf.php' not found or unable to stat
[Mon Feb 23 01:59:27.566668 2026] [php:error] [pid 1881] [client 20.214.157.214:0] script '/domains/biehlweb/uxquidwa.php' not found or unable to stat
[Mon Feb 23 01:59:27.616447 2026] [php:error] [pid 1883] [client 68.221.129.30:0] script '/domains/agribiz/ebuom.php' not found or unable to stat
[Mon Feb 23 01:59:27.702949 2026] [php:error] [pid 1883] [client 68.221.129.30:0] script '/domains/agribiz/emcgm.php' not found or unable to stat
[Mon Feb 23 01:59:27.788061 2026] [php:error] [pid 1883] [client 68.221.129.30:0] script '/domains/agribiz/euocu.php' not found or unable to stat
[Mon Feb 23 01:59:27.872754 2026] [php:error] [pid 1883] [client 68.221.129.30:0] script '/domains/agribiz/f35.php' not found or unable to stat
[Mon Feb 23 01:59:27.957114 2026] [php:error] [pid 1883] [client 68.221.129.30:0] script '/domains/agribiz/frdyx.php' not found or unable to stat
[Mon Feb 23 01:59:28.043084 2026] [php:error] [pid 1883] [client 68.221.129.30:0] script '/domains/agribiz/fsjzs.php' not found or unable to stat
[Mon Feb 23 01:59:28.129650 2026] [php:error] [pid 1883] [client 68.221.129.30:0] script '/domains/agribiz/fwtoa.php' not found or unable to stat
[Mon Feb 23 01:59:28.214331 2026] [php:error] [pid 1883] [client 68.221.129.30:0] script '/domains/agribiz/gbhyv.php' not found or unable to stat
[Mon Feb 23 01:59:28.298749 2026] [php:error] [pid 1883] [client 68.221.129.30:0] script '/domains/agribiz/gedim.php' not found or unable to stat
[Mon Feb 23 01:59:28.383092 2026] [php:error] [pid 1883] [client 68.221.129.30:0] script '/domains/agribiz/ibano.php' not found or unable to stat
[Mon Feb 23 01:59:28.467927 2026] [php:error] [pid 1883] [client 68.221.129.30:0] script '/domains/agribiz/ifrea.php' not found or unable to stat
[Mon Feb 23 01:59:28.553469 2026] [php:error] [pid 1883] [client 68.221.129.30:0] script '/domains/agribiz/itlvk.php' not found or unable to stat
[Mon Feb 23 01:59:28.638692 2026] [php:error] [pid 1883] [client 68.221.129.30:0] script '/domains/agribiz/jctyd.php' not found or unable to stat
[Mon Feb 23 01:59:28.685450 2026] [php:error] [pid 1881] [client 20.214.157.214:0] script '/domains/biehlweb/group.php' not found or unable to stat
[Mon Feb 23 01:59:28.723178 2026] [php:error] [pid 1883] [client 68.221.129.30:0] script '/domains/agribiz/jtfocpif.php' not found or unable to stat
[Mon Feb 23 01:59:28.808928 2026] [php:error] [pid 1883] [client 68.221.129.30:0] script '/domains/agribiz/junvh.php' not found or unable to stat
[Mon Feb 23 01:59:28.893358 2026] [php:error] [pid 1883] [client 68.221.129.30:0] script '/domains/agribiz/jvtsa.php' not found or unable to stat
[Mon Feb 23 01:59:28.978452 2026] [php:error] [pid 1883] [client 68.221.129.30:0] script '/domains/agribiz/kaduu.php' not found or unable to stat
[Mon Feb 23 01:59:29.062823 2026] [php:error] [pid 1883] [client 68.221.129.30:0] script '/domains/agribiz/kagug.php' not found or unable to stat
[Mon Feb 23 01:59:29.147489 2026] [php:error] [pid 1883] [client 68.221.129.30:0] script '/domains/agribiz/kandw.php' not found or unable to stat
[Mon Feb 23 01:59:29.232065 2026] [php:error] [pid 1883] [client 68.221.129.30:0] script '/domains/agribiz/kduhq.php' not found or unable to stat
[Mon Feb 23 01:59:29.245072 2026] [php:error] [pid 1881] [client 20.214.157.214:0] script '/domains/biehlweb/semayan.php' not found or unable to stat
[Mon Feb 23 01:59:29.317005 2026] [php:error] [pid 1883] [client 68.221.129.30:0] script '/domains/agribiz/rgjrq.php' not found or unable to stat
[Mon Feb 23 01:59:29.403738 2026] [php:error] [pid 1883] [client 68.221.129.30:0] script '/domains/agribiz/vopxx.php' not found or unable to stat
[Mon Feb 23 01:59:29.488175 2026] [php:error] [pid 1883] [client 68.221.129.30:0] script '/domains/agribiz/wcoiw.php' not found or unable to stat
[Mon Feb 23 01:59:29.572789 2026] [php:error] [pid 1883] [client 68.221.129.30:0] script '/domains/agribiz/wtogs.php' not found or unable to stat
[Mon Feb 23 01:59:29.619314 2026] [php:error] [pid 1881] [client 20.214.157.214:0] script '/domains/biehlweb/theme_support.php' not found or unable to stat
[Mon Feb 23 01:59:29.657261 2026] [php:error] [pid 1883] [client 68.221.129.30:0] script '/domains/agribiz/xbbih.php' not found or unable to stat
[Mon Feb 23 01:59:29.741811 2026] [php:error] [pid 1883] [client 68.221.129.30:0] script '/domains/agribiz/xcakx.php' not found or unable to stat
[Mon Feb 23 01:59:29.805929 2026] [php:error] [pid 1881] [client 20.214.157.214:0] script '/domains/biehlweb/mrbmppbo.php' not found or unable to stat
[Mon Feb 23 01:59:29.826299 2026] [php:error] [pid 1883] [client 68.221.129.30:0] script '/domains/agribiz/xjgdw.php' not found or unable to stat
[Mon Feb 23 01:59:29.910977 2026] [php:error] [pid 1883] [client 68.221.129.30:0] script '/domains/agribiz/xopgt.php' not found or unable to stat
[Mon Feb 23 01:59:29.992608 2026] [php:error] [pid 1881] [client 20.214.157.214:0] script '/domains/biehlweb/wso-latest.php' not found or unable to stat
[Mon Feb 23 01:59:29.995402 2026] [php:error] [pid 1883] [client 68.221.129.30:0] script '/domains/agribiz/xsjtz.php' not found or unable to stat
[Mon Feb 23 01:59:30.079788 2026] [php:error] [pid 1883] [client 68.221.129.30:0] script '/domains/agribiz/zvinn.php' not found or unable to stat
[Mon Feb 23 01:59:30.722916 2026] [php:error] [pid 1890] [client 20.214.157.214:0] script '/domains/biehlweb/woqramot.php' not found or unable to stat
[Mon Feb 23 01:59:42.569995 2026] [php:error] [pid 1891] [client 52.141.18.191:0] script '/domains/sjsachs/wp-trackback.php' not found or unable to stat
[Mon Feb 23 01:59:42.759202 2026] [php:error] [pid 1891] [client 52.141.18.191:0] script '/domains/sjsachs/about.php' not found or unable to stat
[Mon Feb 23 01:59:42.946739 2026] [php:error] [pid 1891] [client 52.141.18.191:0] script '/domains/sjsachs/file.php' not found or unable to stat
[Mon Feb 23 01:59:43.135630 2026] [php:error] [pid 1891] [client 52.141.18.191:0] script '/domains/sjsachs/wp-good.php' not found or unable to stat
[Mon Feb 23 01:59:43.322864 2026] [php:error] [pid 1891] [client 52.141.18.191:0] script '/domains/sjsachs/xmlrpc.php' not found or unable to stat
[Mon Feb 23 01:59:43.510048 2026] [php:error] [pid 1891] [client 52.141.18.191:0] script '/domains/sjsachs/goods.php' not found or unable to stat
[Mon Feb 23 01:59:43.701861 2026] [php:error] [pid 1891] [client 52.141.18.191:0] script '/domains/sjsachs/ioxi-o.php' not found or unable to stat
[Mon Feb 23 01:59:43.889580 2026] [php:error] [pid 1891] [client 52.141.18.191:0] script '/domains/sjsachs/class-t.api.php' not found or unable to stat
[Mon Feb 23 01:59:44.076764 2026] [php:error] [pid 1891] [client 52.141.18.191:0] script '/domains/sjsachs/admin.php' not found or unable to stat
[Mon Feb 23 01:59:44.264882 2026] [php:error] [pid 1891] [client 52.141.18.191:0] script '/domains/sjsachs/sf.php' not found or unable to stat
[Mon Feb 23 01:59:44.452145 2026] [php:error] [pid 1891] [client 52.141.18.191:0] script '/domains/sjsachs/rip.php' not found or unable to stat
[Mon Feb 23 01:59:44.639784 2026] [php:error] [pid 1891] [client 52.141.18.191:0] script '/domains/sjsachs/autoload_classmap.php' not found or unable to stat
[Mon Feb 23 01:59:44.828097 2026] [php:error] [pid 1891] [client 52.141.18.191:0] script '/domains/sjsachs/chosen.php' not found or unable to stat
[Mon Feb 23 01:59:45.015472 2026] [php:error] [pid 1891] [client 52.141.18.191:0] script '/domains/sjsachs/classwithtostring.php' not found or unable to stat
[Mon Feb 23 01:59:45.204288 2026] [php:error] [pid 1891] [client 52.141.18.191:0] script '/domains/sjsachs/defaults.php' not found or unable to stat
[Mon Feb 23 01:59:46.164139 2026] [php:error] [pid 1891] [client 52.141.18.191:0] script '/domains/sjsachs/info.php' not found or unable to stat
[Mon Feb 23 01:59:47.490382 2026] [php:error] [pid 1891] [client 52.141.18.191:0] script '/domains/sjsachs/adminfuns.php' not found or unable to stat
[Mon Feb 23 01:59:56.699667 2026] [php:error] [pid 1888] [client 20.78.129.228:0] script '/domains/trodine/wp-trackback.php' not found or unable to stat
[Mon Feb 23 01:59:56.881268 2026] [php:error] [pid 1888] [client 20.78.129.228:0] script '/domains/trodine/about.php' not found or unable to stat
[Mon Feb 23 01:59:57.052403 2026] [php:error] [pid 1888] [client 20.78.129.228:0] script '/domains/trodine/file.php' not found or unable to stat
[Mon Feb 23 01:59:57.240298 2026] [php:error] [pid 1888] [client 20.78.129.228:0] script '/domains/trodine/adminfuns.php' not found or unable to stat
[Mon Feb 23 01:59:57.419651 2026] [php:error] [pid 1888] [client 20.78.129.228:0] script '/domains/trodine/wp-good.php' not found or unable to stat
[Mon Feb 23 01:59:57.591266 2026] [php:error] [pid 1888] [client 20.78.129.228:0] script '/domains/trodine/xmlrpc.php' not found or unable to stat
[Mon Feb 23 01:59:57.763142 2026] [php:error] [pid 1888] [client 20.78.129.228:0] script '/domains/trodine/goods.php' not found or unable to stat
[Mon Feb 23 01:59:57.935940 2026] [php:error] [pid 1888] [client 20.78.129.228:0] script '/domains/trodine/ioxi-o.php' not found or unable to stat
[Mon Feb 23 01:59:58.109156 2026] [php:error] [pid 1888] [client 20.78.129.228:0] script '/domains/trodine/class-t.api.php' not found or unable to stat
[Mon Feb 23 01:59:58.282882 2026] [php:error] [pid 1888] [client 20.78.129.228:0] script '/domains/trodine/admin.php' not found or unable to stat
[Mon Feb 23 01:59:58.454159 2026] [php:error] [pid 1888] [client 20.78.129.228:0] script '/domains/trodine/sf.php' not found or unable to stat
[Mon Feb 23 01:59:58.625254 2026] [php:error] [pid 1888] [client 20.78.129.228:0] script '/domains/trodine/rip.php' not found or unable to stat
[Mon Feb 23 01:59:58.797004 2026] [php:error] [pid 1888] [client 20.78.129.228:0] script '/domains/trodine/kbfr.php' not found or unable to stat
[Mon Feb 23 01:59:58.968201 2026] [php:error] [pid 1888] [client 20.78.129.228:0] script '/domains/trodine/autoload_classmap.php' not found or unable to stat
[Mon Feb 23 01:59:59.140274 2026] [php:error] [pid 1888] [client 20.78.129.228:0] script '/domains/trodine/chosen.php' not found or unable to stat
[Mon Feb 23 01:59:59.312773 2026] [php:error] [pid 1888] [client 20.78.129.228:0] script '/domains/trodine/classwithtostring.php' not found or unable to stat
[Mon Feb 23 01:59:59.484015 2026] [php:error] [pid 1888] [client 20.78.129.228:0] script '/domains/trodine/defaults.php' not found or unable to stat
[Mon Feb 23 02:00:00.363143 2026] [php:error] [pid 1888] [client 20.78.129.228:0] script '/domains/trodine/info.php' not found or unable to stat
[Mon Feb 23 02:00:40.728156 2026] [php:error] [pid 1917] [client 104.211.88.54:0] script '/domains/nostrada/wp-trackback.php' not found or unable to stat
[Mon Feb 23 02:00:40.936129 2026] [php:error] [pid 1917] [client 104.211.88.54:0] script '/domains/nostrada/about.php' not found or unable to stat
[Mon Feb 23 02:00:41.165778 2026] [php:error] [pid 1917] [client 104.211.88.54:0] script '/domains/nostrada/file.php' not found or unable to stat
[Mon Feb 23 02:00:41.374426 2026] [php:error] [pid 1917] [client 104.211.88.54:0] script '/domains/nostrada/wp-good.php' not found or unable to stat
[Mon Feb 23 02:00:41.583299 2026] [php:error] [pid 1917] [client 104.211.88.54:0] script '/domains/nostrada/xmlrpc.php' not found or unable to stat
[Mon Feb 23 02:00:41.791795 2026] [php:error] [pid 1917] [client 104.211.88.54:0] script '/domains/nostrada/goods.php' not found or unable to stat
[Mon Feb 23 02:00:41.998839 2026] [php:error] [pid 1917] [client 104.211.88.54:0] script '/domains/nostrada/ioxi-o.php' not found or unable to stat
[Mon Feb 23 02:00:42.206389 2026] [php:error] [pid 1917] [client 104.211.88.54:0] script '/domains/nostrada/class-t.api.php' not found or unable to stat
[Mon Feb 23 02:00:42.414722 2026] [php:error] [pid 1917] [client 104.211.88.54:0] script '/domains/nostrada/admin.php' not found or unable to stat
[Mon Feb 23 02:00:42.622278 2026] [php:error] [pid 1917] [client 104.211.88.54:0] script '/domains/nostrada/sf.php' not found or unable to stat
[Mon Feb 23 02:00:42.830029 2026] [php:error] [pid 1917] [client 104.211.88.54:0] script '/domains/nostrada/rip.php' not found or unable to stat
[Mon Feb 23 02:00:43.037858 2026] [php:error] [pid 1917] [client 104.211.88.54:0] script '/domains/nostrada/autoload_classmap.php' not found or unable to stat
[Mon Feb 23 02:00:43.246576 2026] [php:error] [pid 1917] [client 104.211.88.54:0] script '/domains/nostrada/chosen.php' not found or unable to stat
[Mon Feb 23 02:00:43.454121 2026] [php:error] [pid 1917] [client 104.211.88.54:0] script '/domains/nostrada/classwithtostring.php' not found or unable to stat
[Mon Feb 23 02:00:43.661571 2026] [php:error] [pid 1917] [client 104.211.88.54:0] script '/domains/nostrada/defaults.php' not found or unable to stat
[Mon Feb 23 02:00:44.698237 2026] [php:error] [pid 1917] [client 104.211.88.54:0] script '/domains/nostrada/info.php' not found or unable to stat
[Mon Feb 23 02:00:46.195331 2026] [php:error] [pid 1917] [client 104.211.88.54:0] script '/domains/nostrada/adminfuns.php' not found or unable to stat
[Mon Feb 23 02:01:08.104718 2026] [php:error] [pid 1918] [client 20.78.169.245:0] script '/domains/nostrada/wp-trackback.php' not found or unable to stat
[Mon Feb 23 02:01:08.269399 2026] [php:error] [pid 1918] [client 20.78.169.245:0] script '/domains/nostrada/about.php' not found or unable to stat
[Mon Feb 23 02:01:08.434116 2026] [php:error] [pid 1918] [client 20.78.169.245:0] script '/domains/nostrada/file.php' not found or unable to stat
[Mon Feb 23 02:01:08.606594 2026] [php:error] [pid 1918] [client 20.78.169.245:0] script '/domains/nostrada/wp-good.php' not found or unable to stat
[Mon Feb 23 02:01:08.771366 2026] [php:error] [pid 1918] [client 20.78.169.245:0] script '/domains/nostrada/xmlrpc.php' not found or unable to stat
[Mon Feb 23 02:01:08.936069 2026] [php:error] [pid 1918] [client 20.78.169.245:0] script '/domains/nostrada/goods.php' not found or unable to stat
[Mon Feb 23 02:01:09.100589 2026] [php:error] [pid 1918] [client 20.78.169.245:0] script '/domains/nostrada/ioxi-o.php' not found or unable to stat
[Mon Feb 23 02:01:09.266689 2026] [php:error] [pid 1918] [client 20.78.169.245:0] script '/domains/nostrada/class-t.api.php' not found or unable to stat
[Mon Feb 23 02:01:09.431706 2026] [php:error] [pid 1917] [client 52.169.119.118:0] script '/domains/tennex/webdb.php' not found or unable to stat
[Mon Feb 23 02:01:09.432052 2026] [php:error] [pid 1918] [client 20.78.169.245:0] script '/domains/nostrada/admin.php' not found or unable to stat
[Mon Feb 23 02:01:09.504138 2026] [php:error] [pid 1917] [client 52.169.119.118:0] script '/domains/tennex/file.php' not found or unable to stat
[Mon Feb 23 02:01:09.576652 2026] [php:error] [pid 1917] [client 52.169.119.118:0] script '/domains/tennex/166.php' not found or unable to stat
[Mon Feb 23 02:01:09.588194 2026] [php:error] [pid 1890] [client 74.243.251.125:0] script '/domains/csiniaws/webdb.php' not found or unable to stat
[Mon Feb 23 02:01:09.600436 2026] [php:error] [pid 1918] [client 20.78.169.245:0] script '/domains/nostrada/sf.php' not found or unable to stat
[Mon Feb 23 02:01:09.648854 2026] [php:error] [pid 1917] [client 52.169.119.118:0] script '/domains/tennex/classwithtostring.php' not found or unable to stat
[Mon Feb 23 02:01:09.721104 2026] [php:error] [pid 1917] [client 52.169.119.118:0] script '/domains/tennex/by.php' not found or unable to stat
[Mon Feb 23 02:01:09.772580 2026] [php:error] [pid 1890] [client 74.243.251.125:0] script '/domains/csiniaws/file.php' not found or unable to stat
[Mon Feb 23 02:01:09.783322 2026] [php:error] [pid 1918] [client 20.78.169.245:0] script '/domains/nostrada/rip.php' not found or unable to stat
[Mon Feb 23 02:01:09.865872 2026] [php:error] [pid 1917] [client 52.169.119.118:0] script '/domains/tennex/simple.php' not found or unable to stat
[Mon Feb 23 02:01:09.947996 2026] [php:error] [pid 1918] [client 20.78.169.245:0] script '/domains/nostrada/autoload_classmap.php' not found or unable to stat
[Mon Feb 23 02:01:09.956534 2026] [php:error] [pid 1890] [client 74.243.251.125:0] script '/domains/csiniaws/166.php' not found or unable to stat
[Mon Feb 23 02:01:10.082313 2026] [php:error] [pid 1917] [client 52.169.119.118:0] script '/domains/tennex/confq.php' not found or unable to stat
[Mon Feb 23 02:01:10.112940 2026] [php:error] [pid 1918] [client 20.78.169.245:0] script '/domains/nostrada/chosen.php' not found or unable to stat
[Mon Feb 23 02:01:10.140631 2026] [php:error] [pid 1890] [client 74.243.251.125:0] script '/domains/csiniaws/classwithtostring.php' not found or unable to stat
[Mon Feb 23 02:01:10.226784 2026] [php:error] [pid 1917] [client 52.169.119.118:0] script '/domains/tennex/404.php' not found or unable to stat
[Mon Feb 23 02:01:10.277820 2026] [php:error] [pid 1918] [client 20.78.169.245:0] script '/domains/nostrada/classwithtostring.php' not found or unable to stat
[Mon Feb 23 02:01:10.299140 2026] [php:error] [pid 1917] [client 52.169.119.118:0] script '/domains/tennex/35.php' not found or unable to stat
[Mon Feb 23 02:01:10.324786 2026] [php:error] [pid 1890] [client 74.243.251.125:0] script '/domains/csiniaws/by.php' not found or unable to stat
[Mon Feb 23 02:01:10.371373 2026] [php:error] [pid 1917] [client 52.169.119.118:0] script '/domains/tennex/sx.php' not found or unable to stat
[Mon Feb 23 02:01:10.442442 2026] [php:error] [pid 1918] [client 20.78.169.245:0] script '/domains/nostrada/defaults.php' not found or unable to stat
[Mon Feb 23 02:01:10.443546 2026] [php:error] [pid 1917] [client 52.169.119.118:0] script '/domains/tennex/gettest.php' not found or unable to stat
[Mon Feb 23 02:01:10.589949 2026] [php:error] [pid 1917] [client 52.169.119.118:0] script '/domains/tennex/reze.php' not found or unable to stat
[Mon Feb 23 02:01:10.662165 2026] [php:error] [pid 1917] [client 52.169.119.118:0] script '/domains/tennex/ioxi.php' not found or unable to stat
[Mon Feb 23 02:01:10.698140 2026] [php:error] [pid 1890] [client 74.243.251.125:0] script '/domains/csiniaws/simple.php' not found or unable to stat
[Mon Feb 23 02:01:10.734660 2026] [php:error] [pid 1917] [client 52.169.119.118:0] script '/domains/tennex/g.php' not found or unable to stat
[Mon Feb 23 02:01:10.806926 2026] [php:error] [pid 1917] [client 52.169.119.118:0] script '/domains/tennex/az.php' not found or unable to stat
[Mon Feb 23 02:01:10.951040 2026] [php:error] [pid 1917] [client 52.169.119.118:0] script '/domains/tennex/app.php' not found or unable to stat
[Mon Feb 23 02:01:11.023134 2026] [php:error] [pid 1917] [client 52.169.119.118:0] script '/domains/tennex/aboutc.php' not found or unable to stat
[Mon Feb 23 02:01:11.096559 2026] [php:error] [pid 1917] [client 52.169.119.118:0] script '/domains/tennex/elp.php' not found or unable to stat
[Mon Feb 23 02:01:11.251091 2026] [php:error] [pid 1890] [client 74.243.251.125:0] script '/domains/csiniaws/confq.php' not found or unable to stat
[Mon Feb 23 02:01:11.276477 2026] [php:error] [pid 1918] [client 20.78.169.245:0] script '/domains/nostrada/info.php' not found or unable to stat
[Mon Feb 23 02:01:11.619564 2026] [php:error] [pid 1890] [client 74.243.251.125:0] script '/domains/csiniaws/404.php' not found or unable to stat
[Mon Feb 23 02:01:11.803845 2026] [php:error] [pid 1890] [client 74.243.251.125:0] script '/domains/csiniaws/35.php' not found or unable to stat
[Mon Feb 23 02:01:11.988442 2026] [php:error] [pid 1890] [client 74.243.251.125:0] script '/domains/csiniaws/sx.php' not found or unable to stat
[Mon Feb 23 02:01:12.172773 2026] [php:error] [pid 1890] [client 74.243.251.125:0] script '/domains/csiniaws/gettest.php' not found or unable to stat
[Mon Feb 23 02:01:12.432022 2026] [php:error] [pid 1918] [client 20.78.169.245:0] script '/domains/nostrada/adminfuns.php' not found or unable to stat
[Mon Feb 23 02:01:12.541506 2026] [php:error] [pid 1890] [client 74.243.251.125:0] script '/domains/csiniaws/reze.php' not found or unable to stat
[Mon Feb 23 02:01:12.726239 2026] [php:error] [pid 1890] [client 74.243.251.125:0] script '/domains/csiniaws/ioxi.php' not found or unable to stat
[Mon Feb 23 02:01:12.910923 2026] [php:error] [pid 1890] [client 74.243.251.125:0] script '/domains/csiniaws/g.php' not found or unable to stat
[Mon Feb 23 02:01:13.095132 2026] [php:error] [pid 1890] [client 74.243.251.125:0] script '/domains/csiniaws/az.php' not found or unable to stat
[Mon Feb 23 02:01:13.463275 2026] [php:error] [pid 1890] [client 74.243.251.125:0] script '/domains/csiniaws/app.php' not found or unable to stat
[Mon Feb 23 02:01:13.648329 2026] [php:error] [pid 1890] [client 74.243.251.125:0] script '/domains/csiniaws/aboutc.php' not found or unable to stat
[Mon Feb 23 02:01:13.832742 2026] [php:error] [pid 1890] [client 74.243.251.125:0] script '/domains/csiniaws/elp.php' not found or unable to stat
[Mon Feb 23 02:01:25.025489 2026] [php:error] [pid 1918] [client 20.89.109.155:0] script '/domains/system_default/meew.php' not found or unable to stat
[Mon Feb 23 02:01:25.199919 2026] [php:error] [pid 1918] [client 20.89.109.155:0] script '/domains/system_default/add.php' not found or unable to stat
[Mon Feb 23 02:01:25.372973 2026] [php:error] [pid 1918] [client 20.89.109.155:0] script '/domains/system_default/8.php' not found or unable to stat
[Mon Feb 23 02:01:25.543875 2026] [php:error] [pid 1918] [client 20.89.109.155:0] script '/domains/system_default/ty.php' not found or unable to stat
[Mon Feb 23 02:01:25.709150 2026] [php:error] [pid 1918] [client 20.89.109.155:0] script '/domains/system_default/sys.php' not found or unable to stat
[Mon Feb 23 02:01:25.874243 2026] [php:error] [pid 1918] [client 20.89.109.155:0] script '/domains/system_default/mass.php' not found or unable to stat
[Mon Feb 23 02:01:26.038861 2026] [php:error] [pid 1918] [client 20.89.109.155:0] script '/domains/system_default/alfa.php' not found or unable to stat
[Mon Feb 23 02:01:26.204767 2026] [php:error] [pid 1918] [client 20.89.109.155:0] script '/domains/system_default/71.php' not found or unable to stat
[Mon Feb 23 02:01:26.370173 2026] [php:error] [pid 1918] [client 20.89.109.155:0] script '/domains/system_default/admin-footer.php' not found or unable to stat
[Mon Feb 23 02:01:26.864619 2026] [php:error] [pid 1918] [client 20.89.109.155:0] script '/domains/system_default/webdb.php' not found or unable to stat
[Mon Feb 23 02:01:27.461914 2026] [php:error] [pid 1918] [client 20.89.109.155:0] script '/domains/system_default/plugin.php' not found or unable to stat
[Mon Feb 23 02:01:27.644126 2026] [php:error] [pid 1918] [client 20.89.109.155:0] script '/domains/system_default/lib.php' not found or unable to stat
[Mon Feb 23 02:01:27.809067 2026] [php:error] [pid 1918] [client 20.89.109.155:0] script '/domains/system_default/makeasmtp.php' not found or unable to stat
[Mon Feb 23 02:01:27.974588 2026] [php:error] [pid 1918] [client 20.89.109.155:0] script '/domains/system_default/zeal.php' not found or unable to stat
[Mon Feb 23 02:01:28.139808 2026] [php:error] [pid 1918] [client 20.89.109.155:0] script '/domains/system_default/sc.php' not found or unable to stat
[Mon Feb 23 02:01:28.498857 2026] [php:error] [pid 1918] [client 20.89.109.155:0] script '/domains/system_default/txets.php' not found or unable to stat
[Mon Feb 23 02:01:28.703763 2026] [php:error] [pid 1918] [client 20.89.109.155:0] script '/domains/system_default/options-head.php' not found or unable to stat
[Mon Feb 23 02:01:29.041555 2026] [php:error] [pid 1918] [client 20.89.109.155:0] script '/domains/system_default/cmdo.php' not found or unable to stat
[Mon Feb 23 02:01:29.361897 2026] [php:error] [pid 1918] [client 20.89.109.155:0] script '/domains/system_default/p.php' not found or unable to stat
[Mon Feb 23 02:01:29.563748 2026] [php:error] [pid 1918] [client 20.89.109.155:0] script '/domains/system_default/Capte.php' not found or unable to stat
[Mon Feb 23 02:01:29.730130 2026] [php:error] [pid 1918] [client 20.89.109.155:0] script '/domains/system_default/ccou.php' not found or unable to stat
[Mon Feb 23 02:01:29.895249 2026] [php:error] [pid 1918] [client 20.89.109.155:0] script '/domains/system_default/503.php' not found or unable to stat
[Mon Feb 23 02:01:30.391310 2026] [php:error] [pid 1918] [client 20.89.109.155:0] script '/domains/system_default/ws66.php' not found or unable to stat
[Mon Feb 23 02:01:30.590126 2026] [php:error] [pid 1918] [client 20.89.109.155:0] script '/domains/system_default/xa.php' not found or unable to stat
[Mon Feb 23 02:01:30.755847 2026] [php:error] [pid 1918] [client 20.89.109.155:0] script '/domains/system_default/666.php' not found or unable to stat
[Mon Feb 23 02:01:31.074421 2026] [php:error] [pid 1918] [client 20.89.109.155:0] script '/domains/system_default/error.php' not found or unable to stat
[Mon Feb 23 02:01:31.239693 2026] [php:error] [pid 1918] [client 20.89.109.155:0] script '/domains/system_default/222.php' not found or unable to stat
[Mon Feb 23 02:01:31.472565 2026] [php:error] [pid 1918] [client 20.89.109.155:0] script '/domains/system_default/wen.php' not found or unable to stat
[Mon Feb 23 02:01:31.929213 2026] [php:error] [pid 1918] [client 20.89.109.155:0] script '/domains/system_default/environment.php' not found or unable to stat
[Mon Feb 23 02:01:32.101916 2026] [php:error] [pid 1918] [client 20.89.109.155:0] script '/domains/system_default/styles.php' not found or unable to stat
[Mon Feb 23 02:01:32.267153 2026] [php:error] [pid 1918] [client 20.89.109.155:0] script '/domains/system_default/wp-4doption1.php' not found or unable to stat
[Mon Feb 23 02:01:32.830711 2026] [php:error] [pid 1918] [client 20.89.109.155:0] script '/domains/system_default/1.php' not found or unable to stat
[Mon Feb 23 02:01:33.190940 2026] [php:error] [pid 1918] [client 20.89.109.155:0] script '/domains/system_default/atomlib.php' not found or unable to stat
[Mon Feb 23 02:01:33.511277 2026] [php:error] [pid 1918] [client 20.89.109.155:0] script '/domains/system_default/asasx.php' not found or unable to stat
[Mon Feb 23 02:01:33.949843 2026] [php:error] [pid 1918] [client 20.89.109.155:0] script '/domains/system_default/ioxi-o.php' not found or unable to stat
[Mon Feb 23 02:01:34.115710 2026] [php:error] [pid 1918] [client 20.89.109.155:0] script '/domains/system_default/z60.php' not found or unable to stat
[Mon Feb 23 02:01:34.281348 2026] [php:error] [pid 1918] [client 20.89.109.155:0] script '/domains/system_default/dropdown.php' not found or unable to stat
[Mon Feb 23 02:01:34.610946 2026] [php:error] [pid 1918] [client 20.89.109.155:0] script '/domains/system_default/wp-tot.php' not found or unable to stat
[Mon Feb 23 02:01:35.175404 2026] [php:error] [pid 1918] [client 20.89.109.155:0] script '/domains/system_default/class.php' not found or unable to stat
[Mon Feb 23 02:01:35.340752 2026] [php:error] [pid 1918] [client 20.89.109.155:0] script '/domains/system_default/404.php' not found or unable to stat
[Mon Feb 23 02:01:35.506175 2026] [php:error] [pid 1918] [client 20.89.109.155:0] script '/domains/system_default/mode.php' not found or unable to stat
[Mon Feb 23 02:01:35.671229 2026] [php:error] [pid 1918] [client 20.89.109.155:0] script '/domains/system_default/aboutc.php' not found or unable to stat
[Mon Feb 23 02:01:35.836307 2026] [php:error] [pid 1918] [client 20.89.109.155:0] script '/domains/system_default/sx.php' not found or unable to stat
[Mon Feb 23 02:01:36.040263 2026] [php:error] [pid 1918] [client 20.89.109.155:0] script '/domains/system_default/themes.php' not found or unable to stat
[Mon Feb 23 02:01:36.213530 2026] [php:error] [pid 1918] [client 20.89.109.155:0] script '/domains/system_default/yawa.php' not found or unable to stat
[Mon Feb 23 02:01:36.379709 2026] [php:error] [pid 1918] [client 20.89.109.155:0] script '/domains/system_default/m.php' not found or unable to stat
[Mon Feb 23 02:01:37.031830 2026] [php:error] [pid 1918] [client 20.89.109.155:0] script '/domains/system_default/item.php' not found or unable to stat
[Mon Feb 23 02:01:37.226132 2026] [php:error] [pid 1918] [client 20.89.109.155:0] script '/domains/system_default/403.php' not found or unable to stat
[Mon Feb 23 02:01:37.393209 2026] [php:error] [pid 1918] [client 20.89.109.155:0] script '/domains/system_default/gg.php' not found or unable to stat
[Mon Feb 23 02:01:37.955003 2026] [php:error] [pid 1918] [client 20.89.109.155:0] script '/domains/system_default/akcc.php' not found or unable to stat
[Mon Feb 23 02:01:38.120559 2026] [php:error] [pid 1918] [client 20.89.109.155:0] script '/domains/system_default/radio.php' not found or unable to stat
[Mon Feb 23 02:01:38.285772 2026] [php:error] [pid 1918] [client 20.89.109.155:0] script '/domains/system_default/xa.php' not found or unable to stat
[Mon Feb 23 02:01:38.457882 2026] [php:error] [pid 1918] [client 20.89.109.155:0] script '/domains/system_default/backup.php' not found or unable to stat
[Mon Feb 23 02:01:38.641967 2026] [php:error] [pid 1918] [client 20.89.109.155:0] script '/domains/system_default/galex.php' not found or unable to stat
[Mon Feb 23 02:01:39.258600 2026] [php:error] [pid 1918] [client 20.89.109.155:0] script '/domains/system_default/about.php' not found or unable to stat
[Mon Feb 23 02:01:39.424320 2026] [php:error] [pid 1918] [client 20.89.109.155:0] script '/domains/system_default/vx.php' not found or unable to stat
[Mon Feb 23 02:01:39.658575 2026] [php:error] [pid 1918] [client 20.89.109.155:0] script '/domains/system_default/classwithtostring.php' not found or unable to stat
[Mon Feb 23 02:01:39.988703 2026] [php:error] [pid 1918] [client 20.89.109.155:0] script '/domains/system_default/fff.php' not found or unable to stat
[Mon Feb 23 02:01:40.153668 2026] [php:error] [pid 1918] [client 20.89.109.155:0] script '/domains/system_default/content.php' not found or unable to stat
[Mon Feb 23 02:01:40.379166 2026] [php:error] [pid 1918] [client 20.89.109.155:0] script '/domains/system_default/menu.php' not found or unable to stat
[Mon Feb 23 02:01:40.548947 2026] [php:error] [pid 1918] [client 20.89.109.155:0] script '/domains/system_default/gifclass.php' not found or unable to stat
[Mon Feb 23 02:01:40.906936 2026] [php:error] [pid 1918] [client 20.89.109.155:0] script '/domains/system_default/css.php' not found or unable to stat
