[Mon Feb 23 00:25:11.293460 2026] [php:error] [pid 848] [client 4.194.131.131:0] script '/domains/frog.interport1/class.php' not found or unable to stat
[Mon Feb 23 00:25:11.520638 2026] [php:error] [pid 848] [client 4.194.131.131:0] script '/domains/frog.interport1/bless5.php' not found or unable to stat
[Mon Feb 23 00:25:11.747060 2026] [php:error] [pid 848] [client 4.194.131.131:0] script '/domains/frog.interport1/lock360.php' not found or unable to stat
[Mon Feb 23 00:25:11.974100 2026] [php:error] [pid 848] [client 4.194.131.131:0] script '/domains/frog.interport1/f35.php' not found or unable to stat
[Mon Feb 23 00:25:12.040563 2026] [php:error] [pid 857] [client 194.26.192.238:0] script '/domains/deltaele/schallfuns.php' not found or unable to stat
[Mon Feb 23 00:25:12.216575 2026] [php:error] [pid 848] [client 4.194.131.131:0] script '/domains/frog.interport1/ioxi-o1.php' not found or unable to stat
[Mon Feb 23 00:25:12.276854 2026] [php:error] [pid 849] [client 194.26.192.238:0] script '/domains/deltaele/postnews.php' not found or unable to stat
[Mon Feb 23 00:25:12.442876 2026] [php:error] [pid 848] [client 4.194.131.131:0] script '/domains/frog.interport1/ha.php' not found or unable to stat
[Mon Feb 23 00:25:12.734513 2026] [php:error] [pid 848] [client 4.194.131.131:0] script '/domains/frog.interport1/gg.php' not found or unable to stat
[Mon Feb 23 00:25:12.965123 2026] [php:error] [pid 848] [client 4.194.131.131:0] script '/domains/frog.interport1/ar.php' not found or unable to stat
[Mon Feb 23 00:25:13.201436 2026] [php:error] [pid 848] [client 4.194.131.131:0] script '/domains/frog.interport1/x.php' not found or unable to stat
[Mon Feb 23 00:25:13.368517 2026] [php:error] [pid 838] [client 20.212.104.201:0] script '/domains/hand-hammerweb/xjgdw.php' not found or unable to stat
[Mon Feb 23 00:25:13.431045 2026] [php:error] [pid 848] [client 4.194.131.131:0] script '/domains/frog.interport1/xx.php' not found or unable to stat
[Mon Feb 23 00:25:13.599483 2026] [php:error] [pid 838] [client 20.212.104.201:0] script '/domains/hand-hammerweb/xopgt.php' not found or unable to stat
[Mon Feb 23 00:25:13.660753 2026] [php:error] [pid 848] [client 4.194.131.131:0] script '/domains/frog.interport1/gifclass4.php' not found or unable to stat
[Mon Feb 23 00:25:13.862902 2026] [php:error] [pid 838] [client 20.212.104.201:0] script '/domains/hand-hammerweb/xsjtz.php' not found or unable to stat
[Mon Feb 23 00:25:13.898402 2026] [php:error] [pid 848] [client 4.194.131.131:0] script '/domains/frog.interport1/radio.php' not found or unable to stat
[Mon Feb 23 00:25:14.156694 2026] [php:error] [pid 848] [client 4.194.131.131:0] script '/domains/frog.interport1/blurbs15.php' not found or unable to stat
[Mon Feb 23 00:25:14.335126 2026] [php:error] [pid 838] [client 20.212.104.201:0] script '/domains/hand-hammerweb/zvinn.php' not found or unable to stat
[Mon Feb 23 00:25:14.383021 2026] [php:error] [pid 848] [client 4.194.131.131:0] script '/domains/frog.interport1/gifclass.php' not found or unable to stat
[Mon Feb 23 00:25:14.836798 2026] [php:error] [pid 848] [client 4.194.131.131:0] script '/domains/frog.interport1/nox.php' not found or unable to stat
[Mon Feb 23 00:25:15.064725 2026] [php:error] [pid 848] [client 4.194.131.131:0] script '/domains/frog.interport1/file48.php' not found or unable to stat
[Mon Feb 23 00:25:15.291662 2026] [php:error] [pid 848] [client 4.194.131.131:0] script '/domains/frog.interport1/info.php' not found or unable to stat
[Mon Feb 23 00:25:15.546518 2026] [php:error] [pid 848] [client 4.194.131.131:0] script '/domains/frog.interport1/class9.php' not found or unable to stat
[Mon Feb 23 00:25:15.787536 2026] [php:error] [pid 848] [client 4.194.131.131:0] script '/domains/frog.interport1/la.php' not found or unable to stat
[Mon Feb 23 00:25:16.013995 2026] [php:error] [pid 848] [client 4.194.131.131:0] script '/domains/frog.interport1/bless11.php' not found or unable to stat
[Mon Feb 23 00:25:16.265037 2026] [php:error] [pid 848] [client 4.194.131.131:0] script '/domains/frog.interport1/403.php' not found or unable to stat
[Mon Feb 23 00:25:16.493023 2026] [php:error] [pid 848] [client 4.194.131.131:0] script '/domains/frog.interport1/file9.php' not found or unable to stat
[Mon Feb 23 00:25:16.731405 2026] [php:error] [pid 848] [client 4.194.131.131:0] script '/domains/frog.interport1/ac.php' not found or unable to stat
[Mon Feb 23 00:25:17.050667 2026] [php:error] [pid 848] [client 4.194.131.131:0] script '/domains/frog.interport1/az.php' not found or unable to stat
[Mon Feb 23 00:25:17.296090 2026] [php:error] [pid 848] [client 4.194.131.131:0] script '/domains/frog.interport1/galex.php' not found or unable to stat
[Mon Feb 23 00:25:17.540579 2026] [php:error] [pid 848] [client 4.194.131.131:0] script '/domains/frog.interport1/xb.php' not found or unable to stat
[Mon Feb 23 00:25:17.767793 2026] [php:error] [pid 848] [client 4.194.131.131:0] script '/domains/frog.interport1/vx.php' not found or unable to stat
[Mon Feb 23 00:25:17.994205 2026] [php:error] [pid 848] [client 4.194.131.131:0] script '/domains/frog.interport1/rh.php' not found or unable to stat
[Mon Feb 23 00:25:18.248793 2026] [php:error] [pid 848] [client 4.194.131.131:0] script '/domains/frog.interport1/chosen.php' not found or unable to stat
[Mon Feb 23 00:25:19.084000 2026] [php:error] [pid 858] [client 4.194.131.131:0] script '/domains/frog.interport1/wp-good.php' not found or unable to stat
[Mon Feb 23 00:25:19.338794 2026] [php:error] [pid 858] [client 4.194.131.131:0] script '/domains/frog.interport1/xse25.php' not found or unable to stat
[Mon Feb 23 00:25:20.018831 2026] [php:error] [pid 858] [client 4.194.131.131:0] script '/domains/frog.interport1/wp-signin.php' not found or unable to stat
[Mon Feb 23 00:25:20.246241 2026] [php:error] [pid 858] [client 4.194.131.131:0] script '/domains/frog.interport1/shoyo.php' not found or unable to stat
[Mon Feb 23 00:25:20.534662 2026] [php:error] [pid 858] [client 4.194.131.131:0] script '/domains/frog.interport1/flower.php' not found or unable to stat
[Mon Feb 23 00:25:20.761713 2026] [php:error] [pid 858] [client 4.194.131.131:0] script '/domains/frog.interport1/waq.php' not found or unable to stat
[Mon Feb 23 00:25:21.035224 2026] [php:error] [pid 858] [client 4.194.131.131:0] script '/domains/frog.interport1/wakak.php' not found or unable to stat
[Mon Feb 23 00:25:21.261688 2026] [php:error] [pid 858] [client 4.194.131.131:0] script '/domains/frog.interport1/adminfuns.php' not found or unable to stat
[Mon Feb 23 00:25:22.016215 2026] [php:error] [pid 858] [client 4.194.131.131:0] script '/domains/frog.interport1/wen.php' not found or unable to stat
[Mon Feb 23 00:25:22.392222 2026] [php:error] [pid 858] [client 4.194.131.131:0] script '/domains/frog.interport1/cwclass.php' not found or unable to stat
[Mon Feb 23 00:25:22.618735 2026] [php:error] [pid 858] [client 4.194.131.131:0] script '/domains/frog.interport1/ah24.php' not found or unable to stat
[Mon Feb 23 00:25:22.845451 2026] [php:error] [pid 858] [client 4.194.131.131:0] script '/domains/frog.interport1/rtx.php' not found or unable to stat
[Mon Feb 23 00:25:23.071997 2026] [php:error] [pid 858] [client 4.194.131.131:0] script '/domains/frog.interport1/bipas.php' not found or unable to stat
[Mon Feb 23 00:25:23.298598 2026] [php:error] [pid 858] [client 4.194.131.131:0] script '/domains/frog.interport1/conte.php' not found or unable to stat
[Mon Feb 23 00:25:23.526107 2026] [php:error] [pid 858] [client 4.194.131.131:0] script '/domains/frog.interport1/class3.php' not found or unable to stat
[Mon Feb 23 00:25:23.753388 2026] [php:error] [pid 858] [client 4.194.131.131:0] script '/domains/frog.interport1/blurbs18.php' not found or unable to stat
[Mon Feb 23 00:25:23.991639 2026] [php:error] [pid 858] [client 4.194.131.131:0] script '/domains/frog.interport1/claa.php' not found or unable to stat
[Mon Feb 23 00:25:31.024651 2026] [php:error] [pid 849] [client 20.210.89.170:0] script '/domains/mschmid/wp-trackback.php' not found or unable to stat
[Mon Feb 23 00:25:31.184045 2026] [php:error] [pid 849] [client 20.210.89.170:0] script '/domains/mschmid/about.php' not found or unable to stat
[Mon Feb 23 00:25:31.344268 2026] [php:error] [pid 849] [client 20.210.89.170:0] script '/domains/mschmid/file.php' not found or unable to stat
[Mon Feb 23 00:25:31.496577 2026] [php:error] [pid 843] [client 4.196.161.14:0] script '/domains/larrysr/wp-trackback.php' not found or unable to stat
[Mon Feb 23 00:25:31.503229 2026] [php:error] [pid 849] [client 20.210.89.170:0] script '/domains/mschmid/wp-good.php' not found or unable to stat
[Mon Feb 23 00:25:31.674386 2026] [php:error] [pid 849] [client 20.210.89.170:0] script '/domains/mschmid/xmlrpc.php' not found or unable to stat
[Mon Feb 23 00:25:31.704545 2026] [php:error] [pid 843] [client 4.196.161.14:0] script '/domains/larrysr/about.php' not found or unable to stat
[Mon Feb 23 00:25:31.833747 2026] [php:error] [pid 849] [client 20.210.89.170:0] script '/domains/mschmid/goods.php' not found or unable to stat
[Mon Feb 23 00:25:31.906924 2026] [php:error] [pid 843] [client 4.196.161.14:0] script '/domains/larrysr/file.php' not found or unable to stat
[Mon Feb 23 00:25:31.993479 2026] [php:error] [pid 849] [client 20.210.89.170:0] script '/domains/mschmid/ioxi-o.php' not found or unable to stat
[Mon Feb 23 00:25:32.109251 2026] [php:error] [pid 843] [client 4.196.161.14:0] script '/domains/larrysr/wp-good.php' not found or unable to stat
[Mon Feb 23 00:25:32.164301 2026] [php:error] [pid 849] [client 20.210.89.170:0] script '/domains/mschmid/class-t.api.php' not found or unable to stat
[Mon Feb 23 00:25:32.311385 2026] [php:error] [pid 843] [client 4.196.161.14:0] script '/domains/larrysr/xmlrpc.php' not found or unable to stat
[Mon Feb 23 00:25:32.324049 2026] [php:error] [pid 849] [client 20.210.89.170:0] script '/domains/mschmid/admin.php' not found or unable to stat
[Mon Feb 23 00:25:32.482870 2026] [php:error] [pid 849] [client 20.210.89.170:0] script '/domains/mschmid/sf.php' not found or unable to stat
[Mon Feb 23 00:25:32.513433 2026] [php:error] [pid 843] [client 4.196.161.14:0] script '/domains/larrysr/goods.php' not found or unable to stat
[Mon Feb 23 00:25:32.662340 2026] [php:error] [pid 849] [client 20.210.89.170:0] script '/domains/mschmid/rip.php' not found or unable to stat
[Mon Feb 23 00:25:32.715687 2026] [php:error] [pid 843] [client 4.196.161.14:0] script '/domains/larrysr/ioxi-o.php' not found or unable to stat
[Mon Feb 23 00:25:32.822729 2026] [php:error] [pid 849] [client 20.210.89.170:0] script '/domains/mschmid/autoload_classmap.php' not found or unable to stat
[Mon Feb 23 00:25:32.919276 2026] [php:error] [pid 843] [client 4.196.161.14:0] script '/domains/larrysr/class-t.api.php' not found or unable to stat
[Mon Feb 23 00:25:32.981795 2026] [php:error] [pid 849] [client 20.210.89.170:0] script '/domains/mschmid/chosen.php' not found or unable to stat
[Mon Feb 23 00:25:33.145119 2026] [php:error] [pid 843] [client 4.196.161.14:0] script '/domains/larrysr/admin.php' not found or unable to stat
[Mon Feb 23 00:25:33.163060 2026] [php:error] [pid 849] [client 20.210.89.170:0] script '/domains/mschmid/classwithtostring.php' not found or unable to stat
[Mon Feb 23 00:25:33.322069 2026] [php:error] [pid 849] [client 20.210.89.170:0] script '/domains/mschmid/defaults.php' not found or unable to stat
[Mon Feb 23 00:25:33.347125 2026] [php:error] [pid 843] [client 4.196.161.14:0] script '/domains/larrysr/sf.php' not found or unable to stat
[Mon Feb 23 00:25:33.549148 2026] [php:error] [pid 843] [client 4.196.161.14:0] script '/domains/larrysr/rip.php' not found or unable to stat
[Mon Feb 23 00:25:33.752795 2026] [php:error] [pid 843] [client 4.196.161.14:0] script '/domains/larrysr/autoload_classmap.php' not found or unable to stat
[Mon Feb 23 00:25:33.954994 2026] [php:error] [pid 843] [client 4.196.161.14:0] script '/domains/larrysr/chosen.php' not found or unable to stat
[Mon Feb 23 00:25:34.121913 2026] [php:error] [pid 849] [client 20.210.89.170:0] script '/domains/mschmid/info.php' not found or unable to stat
[Mon Feb 23 00:25:34.157208 2026] [php:error] [pid 843] [client 4.196.161.14:0] script '/domains/larrysr/classwithtostring.php' not found or unable to stat
[Mon Feb 23 00:25:34.359245 2026] [php:error] [pid 843] [client 4.196.161.14:0] script '/domains/larrysr/defaults.php' not found or unable to stat
[Mon Feb 23 00:25:35.299319 2026] [php:error] [pid 849] [client 20.210.89.170:0] script '/domains/mschmid/adminfuns.php' not found or unable to stat
[Mon Feb 23 00:25:35.370013 2026] [php:error] [pid 843] [client 4.196.161.14:0] script '/domains/larrysr/info.php' not found or unable to stat
[Mon Feb 23 00:25:36.790636 2026] [php:error] [pid 843] [client 4.196.161.14:0] script '/domains/larrysr/adminfuns.php' not found or unable to stat
[Mon Feb 23 00:25:49.084445 2026] [php:error] [pid 848] [client 20.78.146.86:0] script '/domains/dcoffman/wp-trackback.php' not found or unable to stat
[Mon Feb 23 00:25:49.264184 2026] [php:error] [pid 848] [client 20.78.146.86:0] script '/domains/dcoffman/about.php' not found or unable to stat
[Mon Feb 23 00:25:49.321798 2026] [php:error] [pid 843] [client 194.26.192.238:0] script '/domains/wsmith.enteract/txets.php' not found or unable to stat
[Mon Feb 23 00:25:49.430599 2026] [php:error] [pid 848] [client 20.78.146.86:0] script '/domains/dcoffman/file.php' not found or unable to stat
[Mon Feb 23 00:25:49.597018 2026] [php:error] [pid 848] [client 20.78.146.86:0] script '/domains/dcoffman/wp-good.php' not found or unable to stat
[Mon Feb 23 00:25:49.762935 2026] [php:error] [pid 849] [client 20.89.109.155:0] script '/domains/davidbacker/meew.php' not found or unable to stat
[Mon Feb 23 00:25:49.763120 2026] [php:error] [pid 848] [client 20.78.146.86:0] script '/domains/dcoffman/xmlrpc.php' not found or unable to stat
[Mon Feb 23 00:25:49.929541 2026] [php:error] [pid 848] [client 20.78.146.86:0] script '/domains/dcoffman/goods.php' not found or unable to stat
[Mon Feb 23 00:25:49.933058 2026] [php:error] [pid 849] [client 20.89.109.155:0] script '/domains/davidbacker/add.php' not found or unable to stat
[Mon Feb 23 00:25:50.090504 2026] [php:error] [pid 849] [client 20.89.109.155:0] script '/domains/davidbacker/8.php' not found or unable to stat
[Mon Feb 23 00:25:50.097297 2026] [php:error] [pid 848] [client 20.78.146.86:0] script '/domains/dcoffman/ioxi-o.php' not found or unable to stat
[Mon Feb 23 00:25:50.248075 2026] [php:error] [pid 849] [client 20.89.109.155:0] script '/domains/davidbacker/ty.php' not found or unable to stat
[Mon Feb 23 00:25:50.263837 2026] [php:error] [pid 848] [client 20.78.146.86:0] script '/domains/dcoffman/class-t.api.php' not found or unable to stat
[Mon Feb 23 00:25:50.405730 2026] [php:error] [pid 849] [client 20.89.109.155:0] script '/domains/davidbacker/sys.php' not found or unable to stat
[Mon Feb 23 00:25:50.430069 2026] [php:error] [pid 848] [client 20.78.146.86:0] script '/domains/dcoffman/admin.php' not found or unable to stat
[Mon Feb 23 00:25:50.618586 2026] [php:error] [pid 848] [client 20.78.146.86:0] script '/domains/dcoffman/sf.php' not found or unable to stat
[Mon Feb 23 00:25:50.724200 2026] [php:error] [pid 849] [client 20.89.109.155:0] script '/domains/davidbacker/mass.php' not found or unable to stat
[Mon Feb 23 00:25:50.785169 2026] [php:error] [pid 848] [client 20.78.146.86:0] script '/domains/dcoffman/rip.php' not found or unable to stat
[Mon Feb 23 00:25:50.881609 2026] [php:error] [pid 849] [client 20.89.109.155:0] script '/domains/davidbacker/alfa.php' not found or unable to stat
[Mon Feb 23 00:25:50.951644 2026] [php:error] [pid 848] [client 20.78.146.86:0] script '/domains/dcoffman/autoload_classmap.php' not found or unable to stat
[Mon Feb 23 00:25:51.068687 2026] [php:error] [pid 849] [client 20.89.109.155:0] script '/domains/davidbacker/71.php' not found or unable to stat
[Mon Feb 23 00:25:51.117898 2026] [php:error] [pid 848] [client 20.78.146.86:0] script '/domains/dcoffman/chosen.php' not found or unable to stat
[Mon Feb 23 00:25:51.226674 2026] [php:error] [pid 849] [client 20.89.109.155:0] script '/domains/davidbacker/admin-footer.php' not found or unable to stat
[Mon Feb 23 00:25:51.284327 2026] [php:error] [pid 848] [client 20.78.146.86:0] script '/domains/dcoffman/classwithtostring.php' not found or unable to stat
[Mon Feb 23 00:25:51.451545 2026] [php:error] [pid 848] [client 20.78.146.86:0] script '/domains/dcoffman/defaults.php' not found or unable to stat
[Mon Feb 23 00:25:51.495474 2026] [php:error] [pid 843] [client 194.26.192.238:0] script '/domains/wsmith.enteract/schallfuns.php' not found or unable to stat
[Mon Feb 23 00:25:51.653456 2026] [php:error] [pid 849] [client 20.89.109.155:0] script '/domains/davidbacker/webdb.php' not found or unable to stat
[Mon Feb 23 00:25:51.759217 2026] [php:error] [pid 838] [client 194.26.192.238:0] script '/domains/wsmith.enteract/postnews.php' not found or unable to stat
[Mon Feb 23 00:25:51.818749 2026] [php:error] [pid 849] [client 20.89.109.155:0] script '/domains/davidbacker/plugin.php' not found or unable to stat
[Mon Feb 23 00:25:51.980326 2026] [php:error] [pid 849] [client 20.89.109.155:0] script '/domains/davidbacker/lib.php' not found or unable to stat
[Mon Feb 23 00:25:52.152317 2026] [php:error] [pid 849] [client 20.89.109.155:0] script '/domains/davidbacker/makeasmtp.php' not found or unable to stat
[Mon Feb 23 00:25:52.306453 2026] [php:error] [pid 848] [client 20.78.146.86:0] script '/domains/dcoffman/info.php' not found or unable to stat
[Mon Feb 23 00:25:52.320489 2026] [php:error] [pid 849] [client 20.89.109.155:0] script '/domains/davidbacker/zeal.php' not found or unable to stat
[Mon Feb 23 00:25:52.518223 2026] [php:error] [pid 849] [client 20.89.109.155:0] script '/domains/davidbacker/sc.php' not found or unable to stat
[Mon Feb 23 00:25:52.840182 2026] [php:error] [pid 849] [client 20.89.109.155:0] script '/domains/davidbacker/txets.php' not found or unable to stat
[Mon Feb 23 00:25:53.369526 2026] [php:error] [pid 849] [client 20.89.109.155:0] script '/domains/davidbacker/options-head.php' not found or unable to stat
[Mon Feb 23 00:25:53.498712 2026] [php:error] [pid 848] [client 20.78.146.86:0] script '/domains/dcoffman/adminfuns.php' not found or unable to stat
[Mon Feb 23 00:25:54.029333 2026] [php:error] [pid 849] [client 20.89.109.155:0] script '/domains/davidbacker/cmdo.php' not found or unable to stat
[Mon Feb 23 00:25:54.189023 2026] [php:error] [pid 849] [client 20.89.109.155:0] script '/domains/davidbacker/p.php' not found or unable to stat
[Mon Feb 23 00:25:54.346457 2026] [php:error] [pid 849] [client 20.89.109.155:0] script '/domains/davidbacker/Capte.php' not found or unable to stat
[Mon Feb 23 00:25:54.504073 2026] [php:error] [pid 849] [client 20.89.109.155:0] script '/domains/davidbacker/ccou.php' not found or unable to stat
[Mon Feb 23 00:25:54.921522 2026] [php:error] [pid 849] [client 20.89.109.155:0] script '/domains/davidbacker/503.php' not found or unable to stat
[Mon Feb 23 00:25:55.082132 2026] [php:error] [pid 849] [client 20.89.109.155:0] script '/domains/davidbacker/ws66.php' not found or unable to stat
[Mon Feb 23 00:25:55.239646 2026] [php:error] [pid 849] [client 20.89.109.155:0] script '/domains/davidbacker/xa.php' not found or unable to stat
[Mon Feb 23 00:25:55.396916 2026] [php:error] [pid 849] [client 20.89.109.155:0] script '/domains/davidbacker/666.php' not found or unable to stat
[Mon Feb 23 00:25:56.007990 2026] [php:error] [pid 849] [client 20.89.109.155:0] script '/domains/davidbacker/error.php' not found or unable to stat
[Mon Feb 23 00:25:56.166753 2026] [php:error] [pid 849] [client 20.89.109.155:0] script '/domains/davidbacker/222.php' not found or unable to stat
[Mon Feb 23 00:25:56.324355 2026] [php:error] [pid 849] [client 20.89.109.155:0] script '/domains/davidbacker/wen.php' not found or unable to stat
[Mon Feb 23 00:25:56.499691 2026] [php:error] [pid 849] [client 20.89.109.155:0] script '/domains/davidbacker/environment.php' not found or unable to stat
[Mon Feb 23 00:25:56.952480 2026] [php:error] [pid 849] [client 20.89.109.155:0] script '/domains/davidbacker/styles.php' not found or unable to stat
[Mon Feb 23 00:25:57.110077 2026] [php:error] [pid 849] [client 20.89.109.155:0] script '/domains/davidbacker/wp-4doption1.php' not found or unable to stat
[Mon Feb 23 00:25:57.447160 2026] [php:error] [pid 849] [client 20.89.109.155:0] script '/domains/davidbacker/1.php' not found or unable to stat
[Mon Feb 23 00:25:57.762214 2026] [php:error] [pid 849] [client 20.89.109.155:0] script '/domains/davidbacker/atomlib.php' not found or unable to stat
[Mon Feb 23 00:25:57.919971 2026] [php:error] [pid 849] [client 20.89.109.155:0] script '/domains/davidbacker/asasx.php' not found or unable to stat
[Mon Feb 23 00:25:58.079553 2026] [php:error] [pid 849] [client 20.89.109.155:0] script '/domains/davidbacker/ioxi-o.php' not found or unable to stat
[Mon Feb 23 00:25:58.649075 2026] [php:error] [pid 849] [client 20.89.109.155:0] script '/domains/davidbacker/z60.php' not found or unable to stat
[Mon Feb 23 00:25:58.837258 2026] [php:error] [pid 849] [client 20.89.109.155:0] script '/domains/davidbacker/dropdown.php' not found or unable to stat
[Mon Feb 23 00:25:59.413377 2026] [php:error] [pid 849] [client 20.89.109.155:0] script '/domains/davidbacker/wp-tot.php' not found or unable to stat
[Mon Feb 23 00:25:59.923587 2026] [php:error] [pid 849] [client 20.89.109.155:0] script '/domains/davidbacker/css/radio.php' not found or unable to stat
[Mon Feb 23 00:26:00.427641 2026] [php:error] [pid 849] [client 20.89.109.155:0] script '/domains/davidbacker/class.php' not found or unable to stat
[Mon Feb 23 00:26:00.585422 2026] [php:error] [pid 849] [client 20.89.109.155:0] script '/domains/davidbacker/404.php' not found or unable to stat
[Mon Feb 23 00:26:00.743880 2026] [php:error] [pid 849] [client 20.89.109.155:0] script '/domains/davidbacker/mode.php' not found or unable to stat
[Mon Feb 23 00:26:00.931176 2026] [php:error] [pid 849] [client 20.89.109.155:0] script '/domains/davidbacker/aboutc.php' not found or unable to stat
[Mon Feb 23 00:26:01.088952 2026] [php:error] [pid 849] [client 20.89.109.155:0] script '/domains/davidbacker/sx.php' not found or unable to stat
[Mon Feb 23 00:26:01.256248 2026] [php:error] [pid 849] [client 20.89.109.155:0] script '/domains/davidbacker/themes.php' not found or unable to stat
[Mon Feb 23 00:26:01.415478 2026] [php:error] [pid 849] [client 20.89.109.155:0] script '/domains/davidbacker/yawa.php' not found or unable to stat
[Mon Feb 23 00:26:01.573544 2026] [php:error] [pid 849] [client 20.89.109.155:0] script '/domains/davidbacker/m.php' not found or unable to stat
[Mon Feb 23 00:26:02.028213 2026] [php:error] [pid 849] [client 20.89.109.155:0] script '/domains/davidbacker/item.php' not found or unable to stat
[Mon Feb 23 00:26:02.185616 2026] [php:error] [pid 849] [client 20.89.109.155:0] script '/domains/davidbacker/403.php' not found or unable to stat
[Mon Feb 23 00:26:02.343106 2026] [php:error] [pid 849] [client 20.89.109.155:0] script '/domains/davidbacker/gg.php' not found or unable to stat
[Mon Feb 23 00:26:02.502084 2026] [php:error] [pid 849] [client 20.89.109.155:0] script '/domains/davidbacker/akcc.php' not found or unable to stat
[Mon Feb 23 00:26:02.678018 2026] [php:error] [pid 849] [client 20.89.109.155:0] script '/domains/davidbacker/radio.php' not found or unable to stat
[Mon Feb 23 00:26:02.874632 2026] [php:error] [pid 849] [client 20.89.109.155:0] script '/domains/davidbacker/xa.php' not found or unable to stat
[Mon Feb 23 00:26:03.386001 2026] [php:error] [pid 849] [client 20.89.109.155:0] script '/domains/davidbacker/backup.php' not found or unable to stat
[Mon Feb 23 00:26:03.543835 2026] [php:error] [pid 849] [client 20.89.109.155:0] script '/domains/davidbacker/galex.php' not found or unable to stat
[Mon Feb 23 00:26:03.860741 2026] [php:error] [pid 849] [client 20.89.109.155:0] script '/domains/davidbacker/about.php' not found or unable to stat
[Mon Feb 23 00:26:04.018483 2026] [php:error] [pid 849] [client 20.89.109.155:0] script '/domains/davidbacker/vx.php' not found or unable to stat
[Mon Feb 23 00:26:04.408760 2026] [php:error] [pid 849] [client 20.89.109.155:0] script '/domains/davidbacker/classwithtostring.php' not found or unable to stat
[Mon Feb 23 00:26:04.728944 2026] [php:error] [pid 849] [client 20.89.109.155:0] script '/domains/davidbacker/fff.php' not found or unable to stat
[Mon Feb 23 00:26:04.990902 2026] [php:error] [pid 849] [client 20.89.109.155:0] script '/domains/davidbacker/content.php' not found or unable to stat
[Mon Feb 23 00:26:05.232759 2026] [php:error] [pid 849] [client 20.89.109.155:0] script '/domains/davidbacker/menu.php' not found or unable to stat
[Mon Feb 23 00:26:05.391106 2026] [php:error] [pid 849] [client 20.89.109.155:0] script '/domains/davidbacker/gifclass.php' not found or unable to stat
[Mon Feb 23 00:26:05.706574 2026] [php:error] [pid 849] [client 20.89.109.155:0] script '/domains/davidbacker/css.php' not found or unable to stat
[Mon Feb 23 00:26:05.864899 2026] [php:error] [pid 849] [client 20.89.109.155:0] script '/domains/davidbacker/x7.php' not found or unable to stat
[Mon Feb 23 00:26:06.022719 2026] [php:error] [pid 849] [client 20.89.109.155:0] script '/domains/davidbacker/bugger.php' not found or unable to stat
[Mon Feb 23 00:26:06.344952 2026] [php:error] [pid 849] [client 20.89.109.155:0] script '/domains/davidbacker/simple.php' not found or unable to stat
[Mon Feb 23 00:26:06.529254 2026] [php:error] [pid 849] [client 20.89.109.155:0] script '/domains/davidbacker/alfa.php' not found or unable to stat
[Mon Feb 23 00:26:07.221878 2026] [php:error] [pid 849] [client 20.89.109.155:0] script '/domains/davidbacker/wp-file.php' not found or unable to stat
[Mon Feb 23 00:26:07.379596 2026] [php:error] [pid 849] [client 20.89.109.155:0] script '/domains/davidbacker/as.php' not found or unable to stat
[Mon Feb 23 00:26:07.549339 2026] [php:error] [pid 849] [client 20.89.109.155:0] script '/domains/davidbacker/X57.php' not found or unable to stat
[Mon Feb 23 00:26:07.888406 2026] [php:error] [pid 849] [client 20.89.109.155:0] script '/domains/davidbacker/abc.php' not found or unable to stat
[Mon Feb 23 00:26:08.045973 2026] [php:error] [pid 849] [client 20.89.109.155:0] script '/domains/davidbacker/gettest.php' not found or unable to stat
[Mon Feb 23 00:26:08.243824 2026] [php:error] [pid 849] [client 20.89.109.155:0] script '/domains/davidbacker/sbhu.php' not found or unable to stat
[Mon Feb 23 00:26:08.445424 2026] [php:error] [pid 849] [client 20.89.109.155:0] script '/domains/davidbacker/wp-trackback.php' not found or unable to stat
[Mon Feb 23 00:26:08.603109 2026] [php:error] [pid 849] [client 20.89.109.155:0] script '/domains/davidbacker/alfashell.php' not found or unable to stat
[Mon Feb 23 00:26:08.921578 2026] [php:error] [pid 849] [client 20.89.109.155:0] script '/domains/davidbacker/aaa.php' not found or unable to stat
[Mon Feb 23 00:26:09.079632 2026] [php:error] [pid 849] [client 20.89.109.155:0] script '/domains/davidbacker/chosen.php' not found or unable to stat
[Mon Feb 23 00:26:09.461655 2026] [php:error] [pid 849] [client 20.89.109.155:0] script '/domains/davidbacker/tmpls.php' not found or unable to stat
[Mon Feb 23 00:26:09.618958 2026] [php:error] [pid 849] [client 20.89.109.155:0] script '/domains/davidbacker/gtc.php' not found or unable to stat
[Mon Feb 23 00:26:09.776040 2026] [php:error] [pid 849] [client 20.89.109.155:0] script '/domains/davidbacker/ty.php' not found or unable to stat
[Mon Feb 23 00:26:09.937124 2026] [php:error] [pid 849] [client 20.89.109.155:0] script '/domains/davidbacker/0x.php' not found or unable to stat
[Mon Feb 23 00:26:10.196569 2026] [php:error] [pid 849] [client 20.89.109.155:0] script '/domains/davidbacker/inputs.php' not found or unable to stat
[Mon Feb 23 00:26:10.353928 2026] [php:error] [pid 849] [client 20.89.109.155:0] script '/domains/davidbacker/test1.php' not found or unable to stat
[Mon Feb 23 00:26:10.512016 2026] [php:error] [pid 849] [client 20.89.109.155:0] script '/domains/davidbacker/new4.php' not found or unable to stat
[Mon Feb 23 00:26:10.670995 2026] [php:error] [pid 849] [client 20.89.109.155:0] script '/domains/davidbacker/img.php' not found or unable to stat
[Mon Feb 23 00:26:11.024026 2026] [php:error] [pid 849] [client 20.89.109.155:0] script '/domains/davidbacker/w.php' not found or unable to stat
[Mon Feb 23 00:26:11.217575 2026] [php:error] [pid 849] [client 20.89.109.155:0] script '/domains/davidbacker/f35.php' not found or unable to stat
[Mon Feb 23 00:26:12.687712 2026] [php:error] [pid 861] [client 20.89.109.155:0] script '/domains/davidbacker/siteheads.php' not found or unable to stat
[Mon Feb 23 00:26:13.208085 2026] [php:error] [pid 861] [client 20.89.109.155:0] script '/domains/davidbacker/cwclass.php' not found or unable to stat
[Mon Feb 23 00:26:14.173174 2026] [php:error] [pid 861] [client 20.89.109.155:0] script '/domains/davidbacker/g.php' not found or unable to stat
[Mon Feb 23 00:26:14.530535 2026] [php:error] [pid 861] [client 20.89.109.155:0] script '/domains/davidbacker/install.php' not found or unable to stat
[Mon Feb 23 00:26:14.903941 2026] [php:error] [pid 861] [client 20.89.109.155:0] script '/domains/davidbacker/autoload_classmap.php' not found or unable to stat
[Mon Feb 23 00:26:15.083212 2026] [php:error] [pid 861] [client 20.89.109.155:0] script '/domains/davidbacker/bgymj.php' not found or unable to stat
[Mon Feb 23 00:26:18.925644 2026] [php:error] [pid 819] [client 20.53.249.250:0] script '/domains/system_default/myfile.php' not found or unable to stat
[Mon Feb 23 00:26:19.126678 2026] [php:error] [pid 819] [client 20.53.249.250:0] script '/domains/system_default/work.php' not found or unable to stat
[Mon Feb 23 00:26:19.326976 2026] [php:error] [pid 819] [client 20.53.249.250:0] script '/domains/system_default/C.php' not found or unable to stat
[Mon Feb 23 00:26:19.527179 2026] [php:error] [pid 819] [client 20.53.249.250:0] script '/domains/system_default/ze.php' not found or unable to stat
[Mon Feb 23 00:26:19.734068 2026] [php:error] [pid 819] [client 20.53.249.250:0] script '/domains/system_default/new4.php' not found or unable to stat
[Mon Feb 23 00:26:19.935084 2026] [php:error] [pid 819] [client 20.53.249.250:0] script '/domains/system_default/sc.php' not found or unable to stat
[Mon Feb 23 00:26:20.136111 2026] [php:error] [pid 819] [client 20.53.249.250:0] script '/domains/system_default/pouhg.php' not found or unable to stat
[Mon Feb 23 00:26:20.337460 2026] [php:error] [pid 819] [client 20.53.249.250:0] script '/domains/system_default/vgtyu.php' not found or unable to stat
[Mon Feb 23 00:26:20.537993 2026] [php:error] [pid 819] [client 20.53.249.250:0] script '/domains/system_default/aq.php' not found or unable to stat
[Mon Feb 23 00:26:20.740664 2026] [php:error] [pid 819] [client 20.53.249.250:0] script '/domains/system_default/opts.php' not found or unable to stat
[Mon Feb 23 00:26:20.941220 2026] [php:error] [pid 819] [client 20.53.249.250:0] script '/domains/system_default/x123.php' not found or unable to stat
[Mon Feb 23 00:26:21.143796 2026] [php:error] [pid 819] [client 20.53.249.250:0] script '/domains/system_default/wp-act.php' not found or unable to stat
[Mon Feb 23 00:26:21.344424 2026] [php:error] [pid 819] [client 20.53.249.250:0] script '/domains/system_default/moshou.php' not found or unable to stat
[Mon Feb 23 00:26:21.544801 2026] [php:error] [pid 819] [client 20.53.249.250:0] script '/domains/system_default/seetox.php' not found or unable to stat
[Mon Feb 23 00:26:21.747503 2026] [php:error] [pid 819] [client 20.53.249.250:0] script '/domains/system_default/dom.php' not found or unable to stat
[Mon Feb 23 00:26:21.947802 2026] [php:error] [pid 819] [client 20.53.249.250:0] script '/domains/system_default/ws60.php' not found or unable to stat
[Mon Feb 23 00:26:22.148149 2026] [php:error] [pid 819] [client 20.53.249.250:0] script '/domains/system_default/samiri.php' not found or unable to stat
[Mon Feb 23 00:26:22.349584 2026] [php:error] [pid 819] [client 20.53.249.250:0] script '/domains/system_default/plugins.php' not found or unable to stat
[Mon Feb 23 00:26:22.550147 2026] [php:error] [pid 819] [client 20.53.249.250:0] script '/domains/system_default/xoot.php' not found or unable to stat
[Mon Feb 23 00:26:22.763138 2026] [php:error] [pid 819] [client 20.53.249.250:0] script '/domains/system_default/X57.php' not found or unable to stat
[Mon Feb 23 00:26:22.964058 2026] [php:error] [pid 819] [client 20.53.249.250:0] script '/domains/system_default/vx.php' not found or unable to stat
[Mon Feb 23 00:26:23.171767 2026] [php:error] [pid 819] [client 20.53.249.250:0] script '/domains/system_default/file59.php' not found or unable to stat
[Mon Feb 23 00:26:23.574023 2026] [php:error] [pid 819] [client 20.53.249.250:0] script '/domains/system_default/shas.php' not found or unable to stat
[Mon Feb 23 00:26:23.774751 2026] [php:error] [pid 819] [client 20.53.249.250:0] script '/domains/system_default/xa.php' not found or unable to stat
[Mon Feb 23 00:26:23.975780 2026] [php:error] [pid 819] [client 20.53.249.250:0] script '/domains/system_default/xda.php' not found or unable to stat
[Mon Feb 23 00:26:24.176055 2026] [php:error] [pid 819] [client 20.53.249.250:0] script '/domains/system_default/er.php' not found or unable to stat
[Mon Feb 23 00:26:24.382687 2026] [php:error] [pid 819] [client 20.53.249.250:0] script '/domains/system_default/fault.php' not found or unable to stat
[Mon Feb 23 00:26:24.586695 2026] [php:error] [pid 819] [client 20.53.249.250:0] script '/domains/system_default/motu.php' not found or unable to stat
[Mon Feb 23 00:26:24.788110 2026] [php:error] [pid 819] [client 20.53.249.250:0] script '/domains/system_default/66.php' not found or unable to stat
[Mon Feb 23 00:26:24.989177 2026] [php:error] [pid 819] [client 20.53.249.250:0] script '/domains/system_default/leuk.php' not found or unable to stat
[Mon Feb 23 00:26:25.190046 2026] [php:error] [pid 819] [client 20.53.249.250:0] script '/domains/system_default/xqq.php' not found or unable to stat
[Mon Feb 23 00:26:25.396272 2026] [php:error] [pid 819] [client 20.53.249.250:0] script '/domains/system_default/kolda.php' not found or unable to stat
[Mon Feb 23 00:26:25.598810 2026] [php:error] [pid 819] [client 20.53.249.250:0] script '/domains/system_default/nw.php' not found or unable to stat
[Mon Feb 23 00:26:25.799182 2026] [php:error] [pid 819] [client 20.53.249.250:0] script '/domains/system_default/god.php' not found or unable to stat
[Mon Feb 23 00:26:26.003778 2026] [php:error] [pid 819] [client 20.53.249.250:0] script '/domains/system_default/666.php' not found or unable to stat
[Mon Feb 23 00:26:26.204607 2026] [php:error] [pid 819] [client 20.53.249.250:0] script '/domains/system_default/kj.php' not found or unable to stat
[Mon Feb 23 00:26:26.410336 2026] [php:error] [pid 819] [client 20.53.249.250:0] script '/domains/system_default/un.php' not found or unable to stat
[Mon Feb 23 00:26:26.611241 2026] [php:error] [pid 819] [client 20.53.249.250:0] script '/domains/system_default/fs.php' not found or unable to stat
[Mon Feb 23 00:26:26.813321 2026] [php:error] [pid 819] [client 20.53.249.250:0] script '/domains/system_default/ms.php' not found or unable to stat
[Mon Feb 23 00:26:27.016389 2026] [php:error] [pid 819] [client 20.53.249.250:0] script '/domains/system_default/login8.php' not found or unable to stat
[Mon Feb 23 00:26:27.217739 2026] [php:error] [pid 819] [client 20.53.249.250:0] script '/domains/system_default/nnyvn.php' not found or unable to stat
[Mon Feb 23 00:26:27.418107 2026] [php:error] [pid 819] [client 20.53.249.250:0] script '/domains/system_default/cu.php' not found or unable to stat
[Mon Feb 23 00:26:27.618551 2026] [php:error] [pid 819] [client 20.53.249.250:0] script '/domains/system_default/lul.php' not found or unable to stat
[Mon Feb 23 00:26:27.819133 2026] [php:error] [pid 819] [client 20.53.249.250:0] script '/domains/system_default/0.php' not found or unable to stat
[Mon Feb 23 00:26:28.031219 2026] [php:error] [pid 819] [client 20.53.249.250:0] script '/domains/system_default/ms-edit.php' not found or unable to stat
[Mon Feb 23 00:26:28.231649 2026] [php:error] [pid 819] [client 20.53.249.250:0] script '/domains/system_default/ya.php' not found or unable to stat
[Mon Feb 23 00:26:28.431937 2026] [php:error] [pid 819] [client 20.53.249.250:0] script '/domains/system_default/grsiuk.php' not found or unable to stat
[Mon Feb 23 00:26:28.632505 2026] [php:error] [pid 819] [client 20.53.249.250:0] script '/domains/system_default/wp-blog.php' not found or unable to stat
[Mon Feb 23 00:26:28.835120 2026] [php:error] [pid 819] [client 20.53.249.250:0] script '/domains/system_default/wp-access.php' not found or unable to stat
[Mon Feb 23 00:26:29.044629 2026] [php:error] [pid 819] [client 20.53.249.250:0] script '/domains/system_default/a1vx.php' not found or unable to stat
[Mon Feb 23 00:26:29.244990 2026] [php:error] [pid 819] [client 20.53.249.250:0] script '/domains/system_default/sbhu.php' not found or unable to stat
[Mon Feb 23 00:26:29.445371 2026] [php:error] [pid 819] [client 20.53.249.250:0] script '/domains/system_default/wp-the.php' not found or unable to stat
[Mon Feb 23 00:26:29.645887 2026] [php:error] [pid 819] [client 20.53.249.250:0] script '/domains/system_default/06.php' not found or unable to stat
[Mon Feb 23 00:26:29.846380 2026] [php:error] [pid 819] [client 20.53.249.250:0] script '/domains/system_default/wp5.php' not found or unable to stat
[Mon Feb 23 00:26:30.047181 2026] [php:error] [pid 819] [client 20.53.249.250:0] script '/domains/system_default/fot.php' not found or unable to stat
[Mon Feb 23 00:26:30.247979 2026] [php:error] [pid 819] [client 20.53.249.250:0] script '/domains/system_default/ff1.php' not found or unable to stat
[Mon Feb 23 00:26:30.448662 2026] [php:error] [pid 819] [client 20.53.249.250:0] script '/domains/system_default/forbidals.php' not found or unable to stat
[Mon Feb 23 00:26:30.649709 2026] [php:error] [pid 819] [client 20.53.249.250:0] script '/domains/system_default/erty.php' not found or unable to stat
[Mon Feb 23 00:26:30.850463 2026] [php:error] [pid 819] [client 20.53.249.250:0] script '/domains/system_default/dev1s.php' not found or unable to stat
[Mon Feb 23 00:26:31.051984 2026] [php:error] [pid 819] [client 20.53.249.250:0] script '/domains/system_default/ffd.php' not found or unable to stat
[Mon Feb 23 00:26:31.253404 2026] [php:error] [pid 819] [client 20.53.249.250:0] script '/domains/system_default/admiin.php' not found or unable to stat
[Mon Feb 23 00:26:31.457034 2026] [php:error] [pid 819] [client 20.53.249.250:0] script '/domains/system_default/ol.php' not found or unable to stat
[Mon Feb 23 00:26:31.659532 2026] [php:error] [pid 819] [client 20.53.249.250:0] script '/domains/system_default/Sanskrit.php' not found or unable to stat
[Mon Feb 23 00:26:31.860353 2026] [php:error] [pid 819] [client 20.53.249.250:0] script '/domains/system_default/vxrl.php' not found or unable to stat
[Mon Feb 23 00:26:32.062422 2026] [php:error] [pid 819] [client 20.53.249.250:0] script '/domains/system_default/re.php' not found or unable to stat
[Mon Feb 23 00:26:32.262946 2026] [php:error] [pid 819] [client 20.53.249.250:0] script '/domains/system_default/num.php' not found or unable to stat
[Mon Feb 23 00:26:32.463197 2026] [php:error] [pid 819] [client 20.53.249.250:0] script '/domains/system_default/axx.php' not found or unable to stat
[Mon Feb 23 00:26:32.677328 2026] [php:error] [pid 819] [client 20.53.249.250:0] script '/domains/system_default/vxrl.php' not found or unable to stat
[Mon Feb 23 00:26:32.877448 2026] [php:error] [pid 819] [client 20.53.249.250:0] script '/domains/system_default/in.php' not found or unable to stat
[Mon Feb 23 00:26:33.078396 2026] [php:error] [pid 819] [client 20.53.249.250:0] script '/domains/system_default/style.php' not found or unable to stat
[Mon Feb 23 00:26:33.279546 2026] [php:error] [pid 819] [client 20.53.249.250:0] script '/domains/system_default/we.php' not found or unable to stat
[Mon Feb 23 00:26:33.480248 2026] [php:error] [pid 819] [client 20.53.249.250:0] script '/domains/system_default/zwso.php' not found or unable to stat
[Mon Feb 23 00:26:33.681253 2026] [php:error] [pid 819] [client 20.53.249.250:0] script '/domains/system_default/karak.php' not found or unable to stat
[Mon Feb 23 00:26:33.882007 2026] [php:error] [pid 819] [client 20.53.249.250:0] script '/domains/system_default/prv8.php' not found or unable to stat
[Mon Feb 23 00:26:34.082556 2026] [php:error] [pid 819] [client 20.53.249.250:0] script '/domains/system_default/i.php' not found or unable to stat
[Mon Feb 23 00:26:34.696075 2026] [php:error] [pid 819] [client 20.53.249.250:0] script '/domains/system_default/xmlrpc.php' not found or unable to stat
[Mon Feb 23 00:26:34.897427 2026] [php:error] [pid 819] [client 20.53.249.250:0] script '/domains/system_default/aw.php' not found or unable to stat
[Mon Feb 23 00:26:35.101924 2026] [php:error] [pid 819] [client 20.53.249.250:0] script '/domains/system_default/dev.php' not found or unable to stat
[Mon Feb 23 00:26:35.302432 2026] [php:error] [pid 819] [client 20.53.249.250:0] script '/domains/system_default/lock360.php' not found or unable to stat
[Mon Feb 23 00:26:35.502928 2026] [php:error] [pid 819] [client 20.53.249.250:0] script '/domains/system_default/155.php' not found or unable to stat
[Mon Feb 23 00:26:35.703375 2026] [php:error] [pid 819] [client 20.53.249.250:0] script '/domains/system_default/goat.php' not found or unable to stat
[Mon Feb 23 00:26:35.904788 2026] [php:error] [pid 819] [client 20.53.249.250:0] script '/domains/system_default/tcp.php' not found or unable to stat
[Mon Feb 23 00:26:36.105828 2026] [php:error] [pid 819] [client 20.53.249.250:0] script '/domains/system_default/ext.php' not found or unable to stat
[Mon Feb 23 00:26:36.306380 2026] [php:error] [pid 819] [client 20.53.249.250:0] script '/domains/system_default/inputs.php' not found or unable to stat
[Mon Feb 23 00:26:36.507516 2026] [php:error] [pid 819] [client 20.53.249.250:0] script '/domains/system_default/ioxi.php' not found or unable to stat
[Mon Feb 23 00:26:36.708833 2026] [php:error] [pid 819] [client 20.53.249.250:0] script '/domains/system_default/fe5.php' not found or unable to stat
[Mon Feb 23 00:26:36.909754 2026] [php:error] [pid 819] [client 20.53.249.250:0] script '/domains/system_default/ov.php' not found or unable to stat
[Mon Feb 23 00:26:37.312316 2026] [php:error] [pid 819] [client 20.53.249.250:0] script '/domains/system_default/default.php' not found or unable to stat
[Mon Feb 23 00:26:37.513333 2026] [php:error] [pid 819] [client 20.53.249.250:0] script '/domains/system_default/abcd.php' not found or unable to stat
[Mon Feb 23 00:26:37.713989 2026] [php:error] [pid 819] [client 20.53.249.250:0] script '/domains/system_default/class.1.php' not found or unable to stat
[Mon Feb 23 00:26:37.914703 2026] [php:error] [pid 819] [client 20.53.249.250:0] script '/domains/system_default/async.php' not found or unable to stat
[Mon Feb 23 00:26:38.114851 2026] [php:error] [pid 819] [client 20.53.249.250:0] script '/domains/system_default/ff.php' not found or unable to stat
[Mon Feb 23 00:26:38.330120 2026] [php:error] [pid 819] [client 20.53.249.250:0] script '/domains/system_default/ioxi-o.php' not found or unable to stat
[Mon Feb 23 00:26:38.545224 2026] [php:error] [pid 819] [client 20.53.249.250:0] script '/domains/system_default/manager.php' not found or unable to stat
[Mon Feb 23 00:26:38.748432 2026] [php:error] [pid 819] [client 20.53.249.250:0] script '/domains/system_default/wp-update.php' not found or unable to stat
[Mon Feb 23 00:26:38.964030 2026] [php:error] [pid 819] [client 20.53.249.250:0] script '/domains/system_default/file.php' not found or unable to stat
[Mon Feb 23 00:26:39.574349 2026] [php:error] [pid 865] [client 20.53.249.250:0] script '/domains/system_default/lc.php' not found or unable to stat
[Mon Feb 23 00:26:39.776712 2026] [php:error] [pid 865] [client 20.53.249.250:0] script '/domains/system_default/cbrfo.php' not found or unable to stat
[Mon Feb 23 00:26:39.979199 2026] [php:error] [pid 865] [client 20.53.249.250:0] script '/domains/system_default/inc.php' not found or unable to stat
[Mon Feb 23 00:26:40.183208 2026] [php:error] [pid 865] [client 20.53.249.250:0] script '/domains/system_default/gifclass.php' not found or unable to stat
[Mon Feb 23 00:26:40.386330 2026] [php:error] [pid 865] [client 20.53.249.250:0] script '/domains/system_default/miansha.php' not found or unable to stat
[Mon Feb 23 00:26:40.588998 2026] [php:error] [pid 865] [client 20.53.249.250:0] script '/domains/system_default/tinyfilemanager.php' not found or unable to stat
[Mon Feb 23 00:26:40.791337 2026] [php:error] [pid 865] [client 20.53.249.250:0] script '/domains/system_default/admin.php' not found or unable to stat
[Mon Feb 23 00:26:40.993402 2026] [php:error] [pid 865] [client 20.53.249.250:0] script '/domains/system_default/ok.php' not found or unable to stat
[Mon Feb 23 00:26:41.195643 2026] [php:error] [pid 865] [client 20.53.249.250:0] script '/domains/system_default/fi.php' not found or unable to stat
[Mon Feb 23 00:26:41.398924 2026] [php:error] [pid 865] [client 20.53.249.250:0] script '/domains/system_default/muzu.php' not found or unable to stat
[Mon Feb 23 00:26:41.601313 2026] [php:error] [pid 865] [client 20.53.249.250:0] script '/domains/system_default/reze.php' not found or unable to stat
[Mon Feb 23 00:26:41.803528 2026] [php:error] [pid 865] [client 20.53.249.250:0] script '/domains/system_default/styll.php' not found or unable to stat
[Mon Feb 23 00:26:42.005760 2026] [php:error] [pid 865] [client 20.53.249.250:0] script '/domains/system_default/x7.php' not found or unable to stat
[Mon Feb 23 00:26:42.208124 2026] [php:error] [pid 865] [client 20.53.249.250:0] script '/domains/system_default/thebe.php' not found or unable to stat
[Mon Feb 23 00:26:42.410568 2026] [php:error] [pid 865] [client 20.53.249.250:0] script '/domains/system_default/ddd.php' not found or unable to stat
[Mon Feb 23 00:26:42.614577 2026] [php:error] [pid 865] [client 20.53.249.250:0] script '/domains/system_default/bgymj.php' not found or unable to stat
[Mon Feb 23 00:26:42.817436 2026] [php:error] [pid 865] [client 20.53.249.250:0] script '/domains/system_default/8xyz.php' not found or unable to stat
[Mon Feb 23 00:26:43.019511 2026] [php:error] [pid 865] [client 20.53.249.250:0] script '/domains/system_default/ioxi.php' not found or unable to stat
[Mon Feb 23 00:26:43.221478 2026] [php:error] [pid 865] [client 20.53.249.250:0] script '/domains/system_default/xpwer1.php' not found or unable to stat
[Mon Feb 23 00:26:43.425083 2026] [php:error] [pid 865] [client 20.53.249.250:0] script '/domains/system_default/lala.php' not found or unable to stat
[Mon Feb 23 00:26:43.629104 2026] [php:error] [pid 865] [client 20.53.249.250:0] script '/domains/system_default/about.php' not found or unable to stat
[Mon Feb 23 00:26:44.640871 2026] [php:error] [pid 865] [client 20.53.249.250:0] script '/domains/system_default/info.php' not found or unable to stat
[Mon Feb 23 00:26:44.842977 2026] [php:error] [pid 865] [client 20.53.249.250:0] script '/domains/system_default/about.php' not found or unable to stat
[Mon Feb 23 00:26:45.250244 2026] [php:error] [pid 865] [client 20.53.249.250:0] script '/domains/system_default/222.php' not found or unable to stat
[Mon Feb 23 00:26:45.453163 2026] [php:error] [pid 865] [client 20.53.249.250:0] script '/domains/system_default/adminfuns.php' not found or unable to stat
[Mon Feb 23 00:26:45.860735 2026] [php:error] [pid 865] [client 20.53.249.250:0] script '/domains/system_default/xx.php' not found or unable to stat
[Mon Feb 23 00:26:46.266912 2026] [php:error] [pid 865] [client 20.53.249.250:0] script '/domains/system_default/f5.php' not found or unable to stat
[Mon Feb 23 00:26:46.469617 2026] [php:error] [pid 865] [client 20.53.249.250:0] script '/domains/system_default/flower.php' not found or unable to stat
[Mon Feb 23 00:26:46.671744 2026] [php:error] [pid 865] [client 20.53.249.250:0] script '/domains/system_default/f6.php' not found or unable to stat
[Mon Feb 23 00:26:46.875738 2026] [php:error] [pid 865] [client 20.53.249.250:0] script '/domains/system_default/edit.php' not found or unable to stat
[Mon Feb 23 00:26:47.486174 2026] [php:error] [pid 865] [client 20.53.249.250:0] script '/domains/system_default/av.php' not found or unable to stat
[Mon Feb 23 00:26:47.892097 2026] [php:error] [pid 865] [client 20.53.249.250:0] script '/domains/system_default/wsd.php' not found or unable to stat
[Mon Feb 23 00:26:48.114558 2026] [php:error] [pid 865] [client 20.53.249.250:0] script '/domains/system_default/jane.php' not found or unable to stat
[Mon Feb 23 00:26:48.180189 2026] [php:error] [pid 868] [client 20.214.159.60:0] script '/domains/hdickens.enteract/wp-trackback.php' not found or unable to stat
[Mon Feb 23 00:26:48.316767 2026] [php:error] [pid 865] [client 20.53.249.250:0] script '/domains/system_default/css.php' not found or unable to stat
[Mon Feb 23 00:26:48.360953 2026] [php:error] [pid 868] [client 20.214.159.60:0] script '/domains/hdickens.enteract/about.php' not found or unable to stat
[Mon Feb 23 00:26:48.521766 2026] [php:error] [pid 865] [client 20.53.249.250:0] script '/domains/system_default/alfa.php' not found or unable to stat
