[Mon Feb 23 02:09:27.298850 2026] [php:error] [pid 2017] [client 85.203.21.119:0] script '/domains/king1969/js/fm.php' not found or unable to stat
[Mon Feb 23 02:09:28.632872 2026] [php:error] [pid 2017] [client 85.203.21.119:0] script '/domains/king1969/fm.php' not found or unable to stat
[Mon Feb 23 02:09:29.251493 2026] [php:error] [pid 2018] [client 20.187.67.15:0] script '/domains/pbuilder/meew.php' not found or unable to stat
[Mon Feb 23 02:09:29.461944 2026] [php:error] [pid 2018] [client 20.187.67.15:0] script '/domains/pbuilder/add.php' not found or unable to stat
[Mon Feb 23 02:09:29.679183 2026] [php:error] [pid 2018] [client 20.187.67.15:0] script '/domains/pbuilder/8.php' not found or unable to stat
[Mon Feb 23 02:09:29.800958 2026] [php:error] [pid 2017] [client 85.203.21.119:0] script '/domains/king1969/ini.php' not found or unable to stat
[Mon Feb 23 02:09:29.889763 2026] [php:error] [pid 2018] [client 20.187.67.15:0] script '/domains/pbuilder/ty.php' not found or unable to stat
[Mon Feb 23 02:09:30.099668 2026] [php:error] [pid 2018] [client 20.187.67.15:0] script '/domains/pbuilder/sys.php' not found or unable to stat
[Mon Feb 23 02:09:30.313542 2026] [php:error] [pid 2018] [client 20.187.67.15:0] script '/domains/pbuilder/mass.php' not found or unable to stat
[Mon Feb 23 02:09:30.527147 2026] [php:error] [pid 2018] [client 20.187.67.15:0] script '/domains/pbuilder/alfa.php' not found or unable to stat
[Mon Feb 23 02:09:30.737605 2026] [php:error] [pid 2018] [client 20.187.67.15:0] script '/domains/pbuilder/71.php' not found or unable to stat
[Mon Feb 23 02:09:30.947523 2026] [php:error] [pid 2018] [client 20.187.67.15:0] script '/domains/pbuilder/admin-footer.php' not found or unable to stat
[Mon Feb 23 02:09:31.161522 2026] [php:error] [pid 2018] [client 20.187.67.15:0] script '/domains/pbuilder/webdb.php' not found or unable to stat
[Mon Feb 23 02:09:31.371771 2026] [php:error] [pid 2018] [client 20.187.67.15:0] script '/domains/pbuilder/plugin.php' not found or unable to stat
[Mon Feb 23 02:09:31.581831 2026] [php:error] [pid 2018] [client 20.187.67.15:0] script '/domains/pbuilder/lib.php' not found or unable to stat
[Mon Feb 23 02:09:31.792368 2026] [php:error] [pid 2018] [client 20.187.67.15:0] script '/domains/pbuilder/makeasmtp.php' not found or unable to stat
[Mon Feb 23 02:09:32.011620 2026] [php:error] [pid 2018] [client 20.187.67.15:0] script '/domains/pbuilder/zeal.php' not found or unable to stat
[Mon Feb 23 02:09:32.230238 2026] [php:error] [pid 2018] [client 20.187.67.15:0] script '/domains/pbuilder/sc.php' not found or unable to stat
[Mon Feb 23 02:09:32.684537 2026] [php:error] [pid 2018] [client 20.187.67.15:0] script '/domains/pbuilder/txets.php' not found or unable to stat
[Mon Feb 23 02:09:32.723666 2026] [php:error] [pid 2004] [client 85.203.21.95:0] script '/domains/king1969/wp-content.php' not found or unable to stat
[Mon Feb 23 02:09:32.894567 2026] [php:error] [pid 2018] [client 20.187.67.15:0] script '/domains/pbuilder/options-head.php' not found or unable to stat
[Mon Feb 23 02:09:33.879234 2026] [php:error] [pid 2018] [client 20.187.67.15:0] script '/domains/pbuilder/cmdo.php' not found or unable to stat
[Mon Feb 23 02:09:34.080446 2026] [php:error] [pid 2004] [client 85.203.21.95:0] script '/domains/king1969/customize.php' not found or unable to stat
[Mon Feb 23 02:09:34.099968 2026] [php:error] [pid 2018] [client 20.187.67.15:0] script '/domains/pbuilder/p.php' not found or unable to stat
[Mon Feb 23 02:09:34.310478 2026] [php:error] [pid 2018] [client 20.187.67.15:0] script '/domains/pbuilder/Capte.php' not found or unable to stat
[Mon Feb 23 02:09:34.320707 2026] [php:error] [pid 2004] [client 85.203.21.95:0] script '/domains/king1969/license.php' not found or unable to stat
[Mon Feb 23 02:09:34.520334 2026] [php:error] [pid 2018] [client 20.187.67.15:0] script '/domains/pbuilder/ccou.php' not found or unable to stat
[Mon Feb 23 02:09:34.730425 2026] [php:error] [pid 2018] [client 20.187.67.15:0] script '/domains/pbuilder/503.php' not found or unable to stat
[Mon Feb 23 02:09:34.827033 2026] [php:error] [pid 2004] [client 85.203.21.95:0] script '/domains/king1969/lock.php' not found or unable to stat
[Mon Feb 23 02:09:35.330997 2026] [php:error] [pid 2018] [client 20.187.67.15:0] script '/domains/pbuilder/ws66.php' not found or unable to stat
[Mon Feb 23 02:09:35.557814 2026] [php:error] [pid 2018] [client 20.187.67.15:0] script '/domains/pbuilder/xa.php' not found or unable to stat
[Mon Feb 23 02:09:36.347647 2026] [php:error] [pid 2018] [client 20.187.67.15:0] script '/domains/pbuilder/666.php' not found or unable to stat
[Mon Feb 23 02:09:36.557831 2026] [php:error] [pid 2018] [client 20.187.67.15:0] script '/domains/pbuilder/error.php' not found or unable to stat
[Mon Feb 23 02:09:36.665467 2026] [php:error] [pid 2004] [client 85.203.21.95:0] script '/domains/king1969/wp-good.php' not found or unable to stat
[Mon Feb 23 02:09:36.767957 2026] [php:error] [pid 2018] [client 20.187.67.15:0] script '/domains/pbuilder/222.php' not found or unable to stat
[Mon Feb 23 02:09:36.977833 2026] [php:error] [pid 2018] [client 20.187.67.15:0] script '/domains/pbuilder/wen.php' not found or unable to stat
[Mon Feb 23 02:09:37.211027 2026] [php:error] [pid 2018] [client 20.187.67.15:0] script '/domains/pbuilder/environment.php' not found or unable to stat
[Mon Feb 23 02:09:37.421231 2026] [php:error] [pid 2018] [client 20.187.67.15:0] script '/domains/pbuilder/styles.php' not found or unable to stat
[Mon Feb 23 02:09:37.632865 2026] [php:error] [pid 2018] [client 20.187.67.15:0] script '/domains/pbuilder/wp-4doption1.php' not found or unable to stat
[Mon Feb 23 02:09:38.074249 2026] [php:error] [pid 2018] [client 20.187.67.15:0] script '/domains/pbuilder/1.php' not found or unable to stat
[Mon Feb 23 02:09:38.501294 2026] [php:error] [pid 2018] [client 20.187.67.15:0] script '/domains/pbuilder/atomlib.php' not found or unable to stat
[Mon Feb 23 02:09:38.711042 2026] [php:error] [pid 2018] [client 20.187.67.15:0] script '/domains/pbuilder/asasx.php' not found or unable to stat
[Mon Feb 23 02:09:38.742715 2026] [php:error] [pid 2004] [client 85.203.21.95:0] script '/domains/king1969/fonts/database.php' not found or unable to stat
[Mon Feb 23 02:09:38.921137 2026] [php:error] [pid 2018] [client 20.187.67.15:0] script '/domains/pbuilder/ioxi-o.php' not found or unable to stat
[Mon Feb 23 02:09:39.077559 2026] [php:error] [pid 2004] [client 85.203.21.95:0] script '/domains/king1969/ff2.php' not found or unable to stat
[Mon Feb 23 02:09:39.131777 2026] [php:error] [pid 2018] [client 20.187.67.15:0] script '/domains/pbuilder/z60.php' not found or unable to stat
[Mon Feb 23 02:09:39.343224 2026] [php:error] [pid 2018] [client 20.187.67.15:0] script '/domains/pbuilder/dropdown.php' not found or unable to stat
[Mon Feb 23 02:09:39.769316 2026] [php:error] [pid 2018] [client 20.187.67.15:0] script '/domains/pbuilder/wp-tot.php' not found or unable to stat
[Mon Feb 23 02:09:40.088739 2026] [php:error] [pid 2004] [client 85.203.21.95:0] script '/domains/king1969/jp.php' not found or unable to stat
[Mon Feb 23 02:09:40.344511 2026] [php:error] [pid 2004] [client 85.203.21.95:0] script '/domains/king1969/wp-atom.php' not found or unable to stat
[Mon Feb 23 02:09:40.419476 2026] [php:error] [pid 2018] [client 20.187.67.15:0] script '/domains/pbuilder/class.php' not found or unable to stat
[Mon Feb 23 02:09:40.635885 2026] [php:error] [pid 2018] [client 20.187.67.15:0] script '/domains/pbuilder/404.php' not found or unable to stat
[Mon Feb 23 02:09:40.910641 2026] [php:error] [pid 2004] [client 85.203.21.95:0] script '/domains/king1969/up.php' not found or unable to stat
[Mon Feb 23 02:09:40.995334 2026] [php:error] [pid 2018] [client 20.187.67.15:0] script '/domains/pbuilder/mode.php' not found or unable to stat
[Mon Feb 23 02:09:41.207518 2026] [php:error] [pid 2018] [client 20.187.67.15:0] script '/domains/pbuilder/aboutc.php' not found or unable to stat
[Mon Feb 23 02:09:41.420206 2026] [php:error] [pid 2018] [client 20.187.67.15:0] script '/domains/pbuilder/sx.php' not found or unable to stat
[Mon Feb 23 02:09:41.630383 2026] [php:error] [pid 2018] [client 20.187.67.15:0] script '/domains/pbuilder/themes.php' not found or unable to stat
[Mon Feb 23 02:09:41.840845 2026] [php:error] [pid 2018] [client 20.187.67.15:0] script '/domains/pbuilder/yawa.php' not found or unable to stat
[Mon Feb 23 02:09:42.055043 2026] [php:error] [pid 2004] [client 85.203.21.95:0] script '/domains/king1969/js/wp-login.php' not found or unable to stat
[Mon Feb 23 02:09:42.187401 2026] [php:error] [pid 2018] [client 20.187.67.15:0] script '/domains/pbuilder/m.php' not found or unable to stat
[Mon Feb 23 02:09:42.595927 2026] [php:error] [pid 2004] [client 85.203.21.95:0] script '/domains/king1969/worm.PhP' not found or unable to stat
[Mon Feb 23 02:09:42.643687 2026] [php:error] [pid 2018] [client 20.187.67.15:0] script '/domains/pbuilder/item.php' not found or unable to stat
[Mon Feb 23 02:09:42.854445 2026] [php:error] [pid 2018] [client 20.187.67.15:0] script '/domains/pbuilder/403.php' not found or unable to stat
[Mon Feb 23 02:09:42.911233 2026] [php:error] [pid 2004] [client 85.203.21.95:0] script '/domains/king1969/ext.php' not found or unable to stat
[Mon Feb 23 02:09:43.072336 2026] [php:error] [pid 2018] [client 20.187.67.15:0] script '/domains/pbuilder/gg.php' not found or unable to stat
[Mon Feb 23 02:09:43.198943 2026] [php:error] [pid 2004] [client 85.203.21.95:0] script '/domains/king1969/delpaths.php' not found or unable to stat
[Mon Feb 23 02:09:43.308811 2026] [php:error] [pid 2018] [client 20.187.67.15:0] script '/domains/pbuilder/akcc.php' not found or unable to stat
[Mon Feb 23 02:09:43.529943 2026] [php:error] [pid 2018] [client 20.187.67.15:0] script '/domains/pbuilder/radio.php' not found or unable to stat
[Mon Feb 23 02:09:43.740259 2026] [php:error] [pid 2018] [client 20.187.67.15:0] script '/domains/pbuilder/xa.php' not found or unable to stat
[Mon Feb 23 02:09:43.950349 2026] [php:error] [pid 2018] [client 20.187.67.15:0] script '/domains/pbuilder/backup.php' not found or unable to stat
[Mon Feb 23 02:09:44.160812 2026] [php:error] [pid 2018] [client 20.187.67.15:0] script '/domains/pbuilder/galex.php' not found or unable to stat
[Mon Feb 23 02:09:44.583504 2026] [php:error] [pid 2018] [client 20.187.67.15:0] script '/domains/pbuilder/about.php' not found or unable to stat
[Mon Feb 23 02:09:44.910862 2026] [php:error] [pid 2004] [client 85.203.21.95:0] script '/domains/king1969/gifclass.php' not found or unable to stat
[Mon Feb 23 02:09:45.120429 2026] [php:error] [pid 2018] [client 20.187.67.15:0] script '/domains/pbuilder/vx.php' not found or unable to stat
[Mon Feb 23 02:09:45.184989 2026] [php:error] [pid 2004] [client 85.203.21.95:0] script '/domains/king1969/plugin.php' not found or unable to stat
[Mon Feb 23 02:09:45.336137 2026] [php:error] [pid 2018] [client 20.187.67.15:0] script '/domains/pbuilder/classwithtostring.php' not found or unable to stat
[Mon Feb 23 02:09:45.714784 2026] [php:error] [pid 2004] [client 85.203.21.95:0] script '/domains/king1969/update-core.php' not found or unable to stat
[Mon Feb 23 02:09:45.756208 2026] [php:error] [pid 2018] [client 20.187.67.15:0] script '/domains/pbuilder/fff.php' not found or unable to stat
[Mon Feb 23 02:09:45.968952 2026] [php:error] [pid 2018] [client 20.187.67.15:0] script '/domains/pbuilder/content.php' not found or unable to stat
[Mon Feb 23 02:09:46.178836 2026] [php:error] [pid 2018] [client 20.187.67.15:0] script '/domains/pbuilder/menu.php' not found or unable to stat
[Mon Feb 23 02:09:46.348198 2026] [php:error] [pid 2004] [client 85.203.21.95:0] script '/domains/king1969/wp-mail.php' not found or unable to stat
[Mon Feb 23 02:09:46.397209 2026] [php:error] [pid 2018] [client 20.187.67.15:0] script '/domains/pbuilder/gifclass.php' not found or unable to stat
[Mon Feb 23 02:09:46.817855 2026] [php:error] [pid 2018] [client 20.187.67.15:0] script '/domains/pbuilder/css.php' not found or unable to stat
[Mon Feb 23 02:09:47.049529 2026] [php:error] [pid 2018] [client 20.187.67.15:0] script '/domains/pbuilder/x7.php' not found or unable to stat
[Mon Feb 23 02:09:47.419767 2026] [php:error] [pid 2018] [client 20.187.67.15:0] script '/domains/pbuilder/bugger.php' not found or unable to stat
[Mon Feb 23 02:09:47.839947 2026] [php:error] [pid 2018] [client 20.187.67.15:0] script '/domains/pbuilder/simple.php' not found or unable to stat
[Mon Feb 23 02:09:48.050079 2026] [php:error] [pid 2018] [client 20.187.67.15:0] script '/domains/pbuilder/alfa.php' not found or unable to stat
[Mon Feb 23 02:09:48.260075 2026] [php:error] [pid 2018] [client 20.187.67.15:0] script '/domains/pbuilder/wp-file.php' not found or unable to stat
[Mon Feb 23 02:09:48.534409 2026] [php:error] [pid 2018] [client 20.187.67.15:0] script '/domains/pbuilder/as.php' not found or unable to stat
[Mon Feb 23 02:09:48.744195 2026] [php:error] [pid 2018] [client 20.187.67.15:0] script '/domains/pbuilder/X57.php' not found or unable to stat
[Mon Feb 23 02:09:48.954883 2026] [php:error] [pid 2018] [client 20.187.67.15:0] script '/domains/pbuilder/abc.php' not found or unable to stat
[Mon Feb 23 02:09:49.186584 2026] [php:error] [pid 2018] [client 20.187.67.15:0] script '/domains/pbuilder/gettest.php' not found or unable to stat
[Mon Feb 23 02:09:49.306431 2026] [php:error] [pid 2023] [client 20.210.89.170:0] script '/domains/byardrealestate/wp-trackback.php' not found or unable to stat
[Mon Feb 23 02:09:49.396667 2026] [php:error] [pid 2018] [client 20.187.67.15:0] script '/domains/pbuilder/sbhu.php' not found or unable to stat
[Mon Feb 23 02:09:49.487076 2026] [php:error] [pid 2023] [client 20.210.89.170:0] script '/domains/byardrealestate/about.php' not found or unable to stat
[Mon Feb 23 02:09:49.562225 2026] [php:error] [pid 2021] [client 85.203.21.153:0] script '/domains/king1969/aa.php' not found or unable to stat
[Mon Feb 23 02:09:49.611722 2026] [php:error] [pid 2018] [client 20.187.67.15:0] script '/domains/pbuilder/wp-trackback.php' not found or unable to stat
[Mon Feb 23 02:09:49.653444 2026] [php:error] [pid 2023] [client 20.210.89.170:0] script '/domains/byardrealestate/file.php' not found or unable to stat
[Mon Feb 23 02:09:49.810305 2026] [php:error] [pid 2021] [client 85.203.21.153:0] script '/domains/king1969/index2.php' not found or unable to stat
[Mon Feb 23 02:09:49.819990 2026] [php:error] [pid 2023] [client 20.210.89.170:0] script '/domains/byardrealestate/wp-good.php' not found or unable to stat
[Mon Feb 23 02:09:49.822204 2026] [php:error] [pid 2018] [client 20.187.67.15:0] script '/domains/pbuilder/alfashell.php' not found or unable to stat
[Mon Feb 23 02:09:49.986757 2026] [php:error] [pid 2023] [client 20.210.89.170:0] script '/domains/byardrealestate/xmlrpc.php' not found or unable to stat
[Mon Feb 23 02:09:50.153899 2026] [php:error] [pid 2023] [client 20.210.89.170:0] script '/domains/byardrealestate/goods.php' not found or unable to stat
[Mon Feb 23 02:09:50.244353 2026] [php:error] [pid 2018] [client 20.187.67.15:0] script '/domains/pbuilder/aaa.php' not found or unable to stat
[Mon Feb 23 02:09:50.320237 2026] [php:error] [pid 2023] [client 20.210.89.170:0] script '/domains/byardrealestate/ioxi-o.php' not found or unable to stat
[Mon Feb 23 02:09:50.486759 2026] [php:error] [pid 2023] [client 20.210.89.170:0] script '/domains/byardrealestate/class-t.api.php' not found or unable to stat
[Mon Feb 23 02:09:50.515120 2026] [php:error] [pid 2018] [client 20.187.67.15:0] script '/domains/pbuilder/chosen.php' not found or unable to stat
[Mon Feb 23 02:09:50.653053 2026] [php:error] [pid 2023] [client 20.210.89.170:0] script '/domains/byardrealestate/admin.php' not found or unable to stat
[Mon Feb 23 02:09:50.726198 2026] [php:error] [pid 2018] [client 20.187.67.15:0] script '/domains/pbuilder/tmpls.php' not found or unable to stat
[Mon Feb 23 02:09:50.819431 2026] [php:error] [pid 2023] [client 20.210.89.170:0] script '/domains/byardrealestate/sf.php' not found or unable to stat
[Mon Feb 23 02:09:50.986206 2026] [php:error] [pid 2023] [client 20.210.89.170:0] script '/domains/byardrealestate/rip.php' not found or unable to stat
[Mon Feb 23 02:09:51.152883 2026] [php:error] [pid 2023] [client 20.210.89.170:0] script '/domains/byardrealestate/autoload_classmap.php' not found or unable to stat
[Mon Feb 23 02:09:51.171838 2026] [php:error] [pid 2021] [client 85.203.21.153:0] script '/domains/king1969/shell.php' not found or unable to stat
[Mon Feb 23 02:09:51.330633 2026] [php:error] [pid 2023] [client 20.210.89.170:0] script '/domains/byardrealestate/chosen.php' not found or unable to stat
[Mon Feb 23 02:09:51.412824 2026] [php:error] [pid 2018] [client 20.187.67.15:0] script '/domains/pbuilder/gtc.php' not found or unable to stat
[Mon Feb 23 02:09:51.497262 2026] [php:error] [pid 2023] [client 20.210.89.170:0] script '/domains/byardrealestate/classwithtostring.php' not found or unable to stat
[Mon Feb 23 02:09:51.622590 2026] [php:error] [pid 2018] [client 20.187.67.15:0] script '/domains/pbuilder/ty.php' not found or unable to stat
[Mon Feb 23 02:09:51.663836 2026] [php:error] [pid 2023] [client 20.210.89.170:0] script '/domains/byardrealestate/defaults.php' not found or unable to stat
[Mon Feb 23 02:09:51.832658 2026] [php:error] [pid 2018] [client 20.187.67.15:0] script '/domains/pbuilder/0x.php' not found or unable to stat
[Mon Feb 23 02:09:52.069158 2026] [php:error] [pid 2018] [client 20.187.67.15:0] script '/domains/pbuilder/inputs.php' not found or unable to stat
[Mon Feb 23 02:09:52.496869 2026] [php:error] [pid 2023] [client 20.210.89.170:0] script '/domains/byardrealestate/info.php' not found or unable to stat
[Mon Feb 23 02:09:52.501477 2026] [php:error] [pid 2018] [client 20.187.67.15:0] script '/domains/pbuilder/test1.php' not found or unable to stat
[Mon Feb 23 02:09:52.582538 2026] [php:error] [pid 2021] [client 85.203.21.153:0] script '/domains/king1969/hehe.php' not found or unable to stat
[Mon Feb 23 02:09:52.888313 2026] [php:error] [pid 2018] [client 20.187.67.15:0] script '/domains/pbuilder/new4.php' not found or unable to stat
[Mon Feb 23 02:09:53.137962 2026] [php:error] [pid 2018] [client 20.187.67.15:0] script '/domains/pbuilder/img.php' not found or unable to stat
[Mon Feb 23 02:09:53.170137 2026] [php:error] [pid 2021] [client 85.203.21.153:0] script '/domains/king1969/css/slider.php' not found or unable to stat
[Mon Feb 23 02:09:53.412630 2026] [php:error] [pid 2021] [client 85.203.21.153:0] script '/domains/king1969/dir.php' not found or unable to stat
[Mon Feb 23 02:09:53.560673 2026] [php:error] [pid 2018] [client 20.187.67.15:0] script '/domains/pbuilder/w.php' not found or unable to stat
[Mon Feb 23 02:09:53.678857 2026] [php:error] [pid 2023] [client 20.210.89.170:0] script '/domains/byardrealestate/adminfuns.php' not found or unable to stat
[Mon Feb 23 02:09:53.828097 2026] [php:error] [pid 2018] [client 20.187.67.15:0] script '/domains/pbuilder/f35.php' not found or unable to stat
[Mon Feb 23 02:09:54.436295 2026] [php:error] [pid 2021] [client 85.203.21.153:0] script '/domains/king1969/nf_tracking.php' not found or unable to stat
[Mon Feb 23 02:09:54.943526 2026] [php:error] [pid 2021] [client 85.203.21.153:0] script '/domains/king1969/filefuns.php' not found or unable to stat
[Mon Feb 23 02:09:55.363718 2026] [php:error] [pid 2028] [client 20.187.67.15:0] script '/domains/pbuilder/siteheads.php' not found or unable to stat
[Mon Feb 23 02:09:55.575908 2026] [php:error] [pid 2021] [client 85.203.21.153:0] script '/domains/king1969/l.php' not found or unable to stat
[Mon Feb 23 02:09:55.820443 2026] [php:error] [pid 2021] [client 85.203.21.153:0] script '/domains/king1969/repeater.php' not found or unable to stat
[Mon Feb 23 02:09:56.019458 2026] [php:error] [pid 2028] [client 20.187.67.15:0] script '/domains/pbuilder/cwclass.php' not found or unable to stat
[Mon Feb 23 02:09:56.732270 2026] [php:error] [pid 2021] [client 85.203.21.153:0] script '/domains/king1969/contacts.php' not found or unable to stat
[Mon Feb 23 02:09:56.917561 2026] [php:error] [pid 2028] [client 20.187.67.15:0] script '/domains/pbuilder/g.php' not found or unable to stat
[Mon Feb 23 02:09:57.037155 2026] [php:error] [pid 2021] [client 85.203.21.153:0] script '/domains/king1969/wsa.php' not found or unable to stat
[Mon Feb 23 02:09:57.368425 2026] [php:error] [pid 2028] [client 20.187.67.15:0] script '/domains/pbuilder/install.php' not found or unable to stat
[Mon Feb 23 02:09:57.791511 2026] [php:error] [pid 2028] [client 20.187.67.15:0] script '/domains/pbuilder/autoload_classmap.php' not found or unable to stat
[Mon Feb 23 02:09:58.003470 2026] [php:error] [pid 2028] [client 20.187.67.15:0] script '/domains/pbuilder/bgymj.php' not found or unable to stat
[Mon Feb 23 02:09:58.394125 2026] [php:error] [pid 2021] [client 85.203.21.153:0] script '/domains/king1969/lv.php' not found or unable to stat
[Mon Feb 23 02:10:02.304049 2026] [php:error] [pid 2011] [client 85.203.21.72:0] script '/domains/king1969/tox.php' not found or unable to stat
[Mon Feb 23 02:10:03.766426 2026] [php:error] [pid 2011] [client 85.203.21.72:0] script '/domains/king1969/tiny.php' not found or unable to stat
[Mon Feb 23 02:10:04.390976 2026] [php:error] [pid 2011] [client 85.203.21.72:0] script '/domains/king1969/themes.php' not found or unable to stat
[Mon Feb 23 02:10:04.676947 2026] [php:error] [pid 2011] [client 85.203.21.72:0] script '/domains/king1969/wp-themes.php' not found or unable to stat
[Mon Feb 23 02:10:05.837981 2026] [php:error] [pid 2011] [client 85.203.21.72:0] script '/domains/king1969/mariju.php' not found or unable to stat
[Mon Feb 23 02:10:06.318541 2026] [php:error] [pid 2011] [client 85.203.21.72:0] script '/domains/king1969/waf_defender.php' not found or unable to stat
[Mon Feb 23 02:10:06.902246 2026] [php:error] [pid 2011] [client 85.203.21.72:0] script '/domains/king1969/av.php' not found or unable to stat
[Mon Feb 23 02:10:10.906337 2026] [php:error] [pid 2011] [client 85.203.21.115:0] script '/domains/king1969/theme.php' not found or unable to stat
[Mon Feb 23 02:10:11.855310 2026] [php:error] [pid 2035] [client 203.171.31.144:0] script '/domains/brenties/xmlrpc.php' not found or unable to stat
[Mon Feb 23 02:10:12.052973 2026] [php:error] [pid 2011] [client 85.203.21.115:0] script '/domains/king1969/Simple.php' not found or unable to stat
[Mon Feb 23 02:10:14.631681 2026] [php:error] [pid 2037] [client 85.203.21.111:0] script '/domains/king1969/css/av.php' not found or unable to stat
[Mon Feb 23 02:10:15.678692 2026] [php:error] [pid 2037] [client 85.203.21.111:0] script '/domains/king1969/small.php' not found or unable to stat
[Mon Feb 23 02:10:16.425736 2026] [php:error] [pid 2037] [client 85.203.21.111:0] script '/domains/king1969/NewFile.php' not found or unable to stat
[Mon Feb 23 02:10:17.061412 2026] [php:error] [pid 2037] [client 85.203.21.111:0] script '/domains/king1969/error.php' not found or unable to stat
[Mon Feb 23 02:10:18.969173 2026] [php:error] [pid 2037] [client 85.203.21.111:0] script '/domains/king1969/wp-files.php' not found or unable to stat
[Mon Feb 23 02:10:19.402319 2026] [php:error] [pid 2037] [client 85.203.21.111:0] script '/domains/king1969/functions.php' not found or unable to stat
[Mon Feb 23 02:10:21.173395 2026] [php:error] [pid 2037] [client 85.203.21.111:0] script '/domains/king1969/aks.php' not found or unable to stat
[Mon Feb 23 02:10:21.510643 2026] [php:error] [pid 2037] [client 85.203.21.111:0] script '/domains/king1969/litespeed.php' not found or unable to stat
[Mon Feb 23 02:10:21.853897 2026] [php:error] [pid 2037] [client 85.203.21.111:0] script '/domains/king1969/img/about.php' not found or unable to stat
[Mon Feb 23 02:10:22.509940 2026] [php:error] [pid 2037] [client 85.203.21.111:0] script '/domains/king1969/wpn.php' not found or unable to stat
[Mon Feb 23 02:10:32.904581 2026] [php:error] [pid 2023] [client 20.210.89.170:0] script '/domains/hungariantasteweb/wp-trackback.php' not found or unable to stat
[Mon Feb 23 02:10:33.073922 2026] [php:error] [pid 2023] [client 20.210.89.170:0] script '/domains/hungariantasteweb/about.php' not found or unable to stat
[Mon Feb 23 02:10:33.243498 2026] [php:error] [pid 2023] [client 20.210.89.170:0] script '/domains/hungariantasteweb/file.php' not found or unable to stat
[Mon Feb 23 02:10:33.412741 2026] [php:error] [pid 2023] [client 20.210.89.170:0] script '/domains/hungariantasteweb/wp-good.php' not found or unable to stat
[Mon Feb 23 02:10:33.582294 2026] [php:error] [pid 2023] [client 20.210.89.170:0] script '/domains/hungariantasteweb/xmlrpc.php' not found or unable to stat
[Mon Feb 23 02:10:33.752991 2026] [php:error] [pid 2023] [client 20.210.89.170:0] script '/domains/hungariantasteweb/goods.php' not found or unable to stat
[Mon Feb 23 02:10:33.923397 2026] [php:error] [pid 2023] [client 20.210.89.170:0] script '/domains/hungariantasteweb/ioxi-o.php' not found or unable to stat
[Mon Feb 23 02:10:34.093268 2026] [php:error] [pid 2023] [client 20.210.89.170:0] script '/domains/hungariantasteweb/class-t.api.php' not found or unable to stat
[Mon Feb 23 02:10:34.266578 2026] [php:error] [pid 2023] [client 20.210.89.170:0] script '/domains/hungariantasteweb/admin.php' not found or unable to stat
[Mon Feb 23 02:10:34.435882 2026] [php:error] [pid 2023] [client 20.210.89.170:0] script '/domains/hungariantasteweb/sf.php' not found or unable to stat
[Mon Feb 23 02:10:34.605184 2026] [php:error] [pid 2023] [client 20.210.89.170:0] script '/domains/hungariantasteweb/rip.php' not found or unable to stat
[Mon Feb 23 02:10:34.774210 2026] [php:error] [pid 2023] [client 20.210.89.170:0] script '/domains/hungariantasteweb/autoload_classmap.php' not found or unable to stat
[Mon Feb 23 02:10:34.943512 2026] [php:error] [pid 2023] [client 20.210.89.170:0] script '/domains/hungariantasteweb/chosen.php' not found or unable to stat
[Mon Feb 23 02:10:35.112430 2026] [php:error] [pid 2023] [client 20.210.89.170:0] script '/domains/hungariantasteweb/classwithtostring.php' not found or unable to stat
[Mon Feb 23 02:10:35.281909 2026] [php:error] [pid 2023] [client 20.210.89.170:0] script '/domains/hungariantasteweb/defaults.php' not found or unable to stat
[Mon Feb 23 02:10:35.652849 2026] [php:error] [pid 2038] [client 85.203.21.110:0] script '/domains/king1969/Sanskrit.php' not found or unable to stat
[Mon Feb 23 02:10:35.908590 2026] [php:error] [pid 2038] [client 85.203.21.110:0] script '/domains/king1969/wp-fmfile.php' not found or unable to stat
[Mon Feb 23 02:10:36.127123 2026] [php:error] [pid 2023] [client 20.210.89.170:0] script '/domains/hungariantasteweb/info.php' not found or unable to stat
[Mon Feb 23 02:10:36.987663 2026] [php:error] [pid 2038] [client 85.203.21.110:0] script '/domains/king1969/memberfuns.php' not found or unable to stat
[Mon Feb 23 02:10:37.250777 2026] [php:error] [pid 2038] [client 85.203.21.110:0] script '/domains/king1969/infos.php' not found or unable to stat
[Mon Feb 23 02:10:37.313687 2026] [php:error] [pid 2023] [client 20.210.89.170:0] script '/domains/hungariantasteweb/adminfuns.php' not found or unable to stat
[Mon Feb 23 02:10:38.302217 2026] [php:error] [pid 2038] [client 85.203.21.110:0] script '/domains/king1969/options-writing.php' not found or unable to stat
[Mon Feb 23 02:10:38.547723 2026] [php:error] [pid 2038] [client 85.203.21.110:0] script '/domains/king1969/options-reading.php' not found or unable to stat
[Mon Feb 23 02:10:38.806052 2026] [php:error] [pid 2038] [client 85.203.21.110:0] script '/domains/king1969/wsad.php' not found or unable to stat
[Mon Feb 23 02:10:39.101447 2026] [php:error] [pid 2038] [client 85.203.21.110:0] script '/domains/king1969/nation.php' not found or unable to stat
[Mon Feb 23 02:10:40.500177 2026] [php:error] [pid 2038] [client 85.203.21.110:0] script '/domains/king1969/wp-atomx.php' not found or unable to stat
[Mon Feb 23 02:10:40.752665 2026] [php:error] [pid 2038] [client 85.203.21.110:0] script '/domains/king1969/admin-footer.php' not found or unable to stat
[Mon Feb 23 02:10:41.281105 2026] [php:error] [pid 2038] [client 85.203.21.110:0] script '/domains/king1969/XxX.php' not found or unable to stat
[Mon Feb 23 02:10:43.944914 2026] [php:error] [pid 2038] [client 85.203.21.110:0] script '/domains/king1969/css/media-widget-vide02.php' not found or unable to stat
[Mon Feb 23 02:10:48.640730 2026] [php:error] [pid 2038] [client 85.203.21.110:0] script '/domains/king1969/xex.php' not found or unable to stat
[Mon Feb 23 02:10:50.040619 2026] [php:error] [pid 2038] [client 85.203.21.110:0] script '/domains/king1969/wp-head.php' not found or unable to stat
[Mon Feb 23 02:10:50.978022 2026] [php:error] [pid 2038] [client 85.203.21.110:0] script '/domains/king1969/makeasmtp.php' not found or unable to stat
[Mon Feb 23 02:10:55.586158 2026] [php:error] [pid 2038] [client 85.203.21.110:0] script '/domains/king1969/click.php' not found or unable to stat
[Mon Feb 23 02:10:58.025582 2026] [php:error] [pid 2038] [client 85.203.21.110:0] script '/domains/king1969/wp-admin.php' not found or unable to stat
[Mon Feb 23 02:10:59.067883 2026] [php:error] [pid 2038] [client 85.203.21.110:0] script '/domains/king1969/wp-editor.php' not found or unable to stat
[Mon Feb 23 02:11:00.697466 2026] [php:error] [pid 2037] [client 85.203.21.77:0] script '/domains/king1969/adminfusm.php' not found or unable to stat
[Mon Feb 23 02:11:00.941693 2026] [php:error] [pid 2037] [client 85.203.21.77:0] script '/domains/king1969/js/js1.php' not found or unable to stat
[Mon Feb 23 02:11:04.234170 2026] [php:error] [pid 2037] [client 85.203.21.77:0] script '/domains/king1969/f35_SpaceTn.php' not found or unable to stat
[Mon Feb 23 02:11:07.230377 2026] [php:error] [pid 2037] [client 85.203.21.77:0] script '/domains/king1969/gm.php' not found or unable to stat
[Mon Feb 23 02:11:07.750191 2026] [php:error] [pid 2037] [client 85.203.21.77:0] script '/domains/king1969/js/content-type.php' not found or unable to stat
[Mon Feb 23 02:11:08.291594 2026] [php:error] [pid 2054] [client 20.205.227.70:0] script '/domains/gohover/wp-trackback.php' not found or unable to stat
[Mon Feb 23 02:11:08.520783 2026] [php:error] [pid 2054] [client 20.205.227.70:0] script '/domains/gohover/about.php' not found or unable to stat
[Mon Feb 23 02:11:08.749678 2026] [php:error] [pid 2054] [client 20.205.227.70:0] script '/domains/gohover/file.php' not found or unable to stat
[Mon Feb 23 02:11:08.840398 2026] [php:error] [pid 2053] [client 41.142.222.213:0] script '/domains/fayemoran/php_info.php' not found or unable to stat
[Mon Feb 23 02:11:08.977747 2026] [php:error] [pid 2054] [client 20.205.227.70:0] script '/domains/gohover/adminfuns.php' not found or unable to stat
[Mon Feb 23 02:11:09.206218 2026] [php:error] [pid 2054] [client 20.205.227.70:0] script '/domains/gohover/wp-good.php' not found or unable to stat
[Mon Feb 23 02:11:09.434741 2026] [php:error] [pid 2054] [client 20.205.227.70:0] script '/domains/gohover/xmlrpc.php' not found or unable to stat
[Mon Feb 23 02:11:09.663298 2026] [php:error] [pid 2054] [client 20.205.227.70:0] script '/domains/gohover/goods.php' not found or unable to stat
[Mon Feb 23 02:11:09.914682 2026] [php:error] [pid 2054] [client 20.205.227.70:0] script '/domains/gohover/ioxi-o.php' not found or unable to stat
[Mon Feb 23 02:11:10.088629 2026] [php:error] [pid 2037] [client 85.203.21.77:0] script '/domains/king1969/plugin-install.php' not found or unable to stat
[Mon Feb 23 02:11:10.117576 2026] [php:error] [pid 2034] [client 41.142.222.213:0] script '/domains/fayemoran/phpinfo.php' not found or unable to stat
[Mon Feb 23 02:11:10.142247 2026] [php:error] [pid 2054] [client 20.205.227.70:0] script '/domains/gohover/class-t.api.php' not found or unable to stat
[Mon Feb 23 02:11:10.369890 2026] [php:error] [pid 2054] [client 20.205.227.70:0] script '/domains/gohover/admin.php' not found or unable to stat
[Mon Feb 23 02:11:10.598497 2026] [php:error] [pid 2054] [client 20.205.227.70:0] script '/domains/gohover/sf.php' not found or unable to stat
[Mon Feb 23 02:11:10.826623 2026] [php:error] [pid 2054] [client 20.205.227.70:0] script '/domains/gohover/rip.php' not found or unable to stat
[Mon Feb 23 02:11:11.054854 2026] [php:error] [pid 2054] [client 20.205.227.70:0] script '/domains/gohover/kbfr.php' not found or unable to stat
[Mon Feb 23 02:11:11.304377 2026] [php:error] [pid 2054] [client 20.205.227.70:0] script '/domains/gohover/autoload_classmap.php' not found or unable to stat
[Mon Feb 23 02:11:11.407782 2026] [php:error] [pid 2028] [client 41.142.222.213:0] script '/domains/fayemoran/info.php' not found or unable to stat
[Mon Feb 23 02:11:11.532198 2026] [php:error] [pid 2054] [client 20.205.227.70:0] script '/domains/gohover/chosen.php' not found or unable to stat
[Mon Feb 23 02:11:11.760235 2026] [php:error] [pid 2054] [client 20.205.227.70:0] script '/domains/gohover/classwithtostring.php' not found or unable to stat
[Mon Feb 23 02:11:11.988451 2026] [php:error] [pid 2054] [client 20.205.227.70:0] script '/domains/gohover/defaults.php' not found or unable to stat
[Mon Feb 23 02:11:13.129942 2026] [php:error] [pid 2054] [client 20.205.227.70:0] script '/domains/gohover/info.php' not found or unable to stat
[Mon Feb 23 02:11:13.221376 2026] [php:error] [pid 2037] [client 85.203.21.77:0] script '/domains/king1969/css/fan.php' not found or unable to stat
[Mon Feb 23 02:11:16.733457 2026] [php:error] [pid 2037] [client 85.203.21.77:0] script '/domains/king1969/b.php' not found or unable to stat
[Mon Feb 23 02:11:17.573524 2026] [php:error] [pid 2037] [client 85.203.21.77:0] script '/domains/king1969/css/as.php' not found or unable to stat
[Mon Feb 23 02:11:18.375666 2026] [php:error] [pid 2037] [client 85.203.21.77:0] script '/domains/king1969/wsax.php' not found or unable to stat
[Mon Feb 23 02:11:29.176101 2026] [php:error] [pid 2037] [client 85.203.21.107:0] script '/domains/king1969/bs1.php' not found or unable to stat
[Mon Feb 23 02:11:30.130951 2026] [php:error] [pid 2037] [client 85.203.21.107:0] script '/domains/king1969/page.php' not found or unable to stat
[Mon Feb 23 02:11:35.261831 2026] [php:error] [pid 2055] [client 194.26.192.238:0] script '/domains/system_default/txets.php' not found or unable to stat
[Mon Feb 23 02:11:36.350293 2026] [php:error] [pid 2054] [client 85.203.21.137:0] script '/domains/king1969/ws.php' not found or unable to stat
[Mon Feb 23 02:11:36.521555 2026] [php:error] [pid 2034] [client 194.26.192.238:0] script '/domains/system_default/schallfuns.php' not found or unable to stat
[Mon Feb 23 02:11:36.705609 2026] [php:error] [pid 2028] [client 194.26.192.238:0] script '/domains/system_default/postnews.php' not found or unable to stat
[Mon Feb 23 02:11:37.915258 2026] [php:error] [pid 2054] [client 85.203.21.137:0] script '/domains/king1969/shop.php' not found or unable to stat
[Mon Feb 23 02:11:39.673519 2026] [php:error] [pid 2054] [client 85.203.21.137:0] script '/domains/king1969/wp-api.php' not found or unable to stat
[Mon Feb 23 02:11:40.211582 2026] [php:error] [pid 2054] [client 85.203.21.137:0] script '/domains/king1969/css.php' not found or unable to stat
[Mon Feb 23 02:11:41.679321 2026] [php:error] [pid 2054] [client 85.203.21.137:0] script '/domains/king1969/wp-error_log.php' not found or unable to stat
[Mon Feb 23 02:11:46.166614 2026] [php:error] [pid 2054] [client 85.203.21.137:0] script '/domains/king1969/files.php' not found or unable to stat
[Mon Feb 23 02:11:48.701745 2026] [php:error] [pid 2054] [client 85.203.21.137:0] script '/domains/king1969/blog.php' not found or unable to stat
[Mon Feb 23 02:11:50.245550 2026] [php:error] [pid 2054] [client 85.203.21.137:0] script '/domains/king1969/js/mrx.php' not found or unable to stat
[Mon Feb 23 02:11:50.743270 2026] [php:error] [pid 2054] [client 85.203.21.137:0] script '/domains/king1969/elp.php' not found or unable to stat
[Mon Feb 23 02:11:52.697280 2026] [php:error] [pid 2054] [client 85.203.21.137:0] script '/domains/king1969/fonts/install.php' not found or unable to stat
[Mon Feb 23 02:11:53.188020 2026] [php:error] [pid 2054] [client 85.203.21.137:0] script '/domains/king1969/entrepreneuse.php' not found or unable to stat
[Mon Feb 23 02:11:54.544844 2026] [php:error] [pid 2054] [client 85.203.21.137:0] script '/domains/king1969/js/db.php' not found or unable to stat
[Mon Feb 23 02:11:56.383363 2026] [php:error] [pid 2054] [client 85.203.21.137:0] script '/domains/king1969/testt.php' not found or unable to stat
[Mon Feb 23 02:11:58.206420 2026] [php:error] [pid 2054] [client 85.203.21.137:0] script '/domains/king1969/network.php' not found or unable to stat
[Mon Feb 23 02:11:59.069312 2026] [php:error] [pid 2054] [client 85.203.21.137:0] script '/domains/king1969/wikindex.php' not found or unable to stat
[Mon Feb 23 02:12:04.392786 2026] [php:error] [pid 2028] [client 85.203.21.92:0] script '/domains/king1969/css/adminfusm.php' not found or unable to stat
[Mon Feb 23 02:12:06.387026 2026] [php:error] [pid 2028] [client 85.203.21.92:0] script '/domains/king1969/media-new.php' not found or unable to stat
[Mon Feb 23 02:12:06.702852 2026] [php:error] [pid 2028] [client 85.203.21.92:0] script '/domains/king1969/js/class_api.php' not found or unable to stat
[Mon Feb 23 02:12:08.248933 2026] [php:error] [pid 2028] [client 85.203.21.92:0] script '/domains/king1969/pages.php' not found or unable to stat
[Mon Feb 23 02:12:10.106056 2026] [php:error] [pid 2028] [client 85.203.21.92:0] script '/domains/king1969/css/adminfus.php' not found or unable to stat
[Mon Feb 23 02:12:10.353140 2026] [php:error] [pid 2028] [client 85.203.21.92:0] script '/domains/king1969/adminfus.php' not found or unable to stat
[Mon Feb 23 02:12:11.684793 2026] [php:error] [pid 2028] [client 85.203.21.92:0] script '/domains/king1969/cong.php' not found or unable to stat
[Mon Feb 23 02:12:12.651288 2026] [php:error] [pid 2028] [client 85.203.21.92:0] script '/domains/king1969/css/install.php' not found or unable to stat
[Mon Feb 23 02:12:13.471926 2026] [php:error] [pid 2028] [client 85.203.21.92:0] script '/domains/king1969/wp-configs.php' not found or unable to stat
[Mon Feb 23 02:12:14.769722 2026] [php:error] [pid 2057] [client 20.78.169.245:0] script '/domains/system_cancel/about.php' not found or unable to stat
[Mon Feb 23 02:12:15.295679 2026] [php:error] [pid 2057] [client 20.78.169.245:0] script '/domains/system_cancel/xmlrpc.php' not found or unable to stat
[Mon Feb 23 02:12:15.634002 2026] [php:error] [pid 2057] [client 20.78.169.245:0] script '/domains/system_cancel/ioxi-o.php' not found or unable to stat
[Mon Feb 23 02:12:15.800653 2026] [php:error] [pid 2057] [client 20.78.169.245:0] script '/domains/system_cancel/class-t.api.php' not found or unable to stat
[Mon Feb 23 02:12:15.966940 2026] [php:error] [pid 2057] [client 20.78.169.245:0] script '/domains/system_cancel/admin.php' not found or unable to stat
[Mon Feb 23 02:12:16.177095 2026] [php:error] [pid 2054] [client 85.203.21.75:0] script '/domains/king1969/ms-users.php' not found or unable to stat
[Mon Feb 23 02:12:16.302625 2026] [php:error] [pid 2057] [client 20.78.169.245:0] script '/domains/system_cancel/rip.php' not found or unable to stat
[Mon Feb 23 02:12:16.469015 2026] [php:error] [pid 2057] [client 20.78.169.245:0] script '/domains/system_cancel/autoload_classmap.php' not found or unable to stat
[Mon Feb 23 02:12:16.634896 2026] [php:error] [pid 2057] [client 20.78.169.245:0] script '/domains/system_cancel/chosen.php' not found or unable to stat
[Mon Feb 23 02:12:16.800859 2026] [php:error] [pid 2057] [client 20.78.169.245:0] script '/domains/system_cancel/classwithtostring.php' not found or unable to stat
[Mon Feb 23 02:12:16.966881 2026] [php:error] [pid 2057] [client 20.78.169.245:0] script '/domains/system_cancel/defaults.php' not found or unable to stat
[Mon Feb 23 02:12:17.293531 2026] [php:error] [pid 2054] [client 85.203.21.75:0] script '/domains/king1969/css/file.php' not found or unable to stat
[Mon Feb 23 02:12:18.028584 2026] [php:error] [pid 2057] [client 20.78.169.245:0] script '/domains/system_cancel/info.php' not found or unable to stat
[Mon Feb 23 02:12:19.361377 2026] [php:error] [pid 2057] [client 20.78.169.245:0] script '/domains/system_cancel/adminfuns.php' not found or unable to stat
[Mon Feb 23 02:12:22.798807 2026] [php:error] [pid 2054] [client 85.203.21.75:0] script '/domains/king1969/top.php' not found or unable to stat
sendmail: invalid recipient `#'
[Mon Feb 23 02:12:30.911894 2026] [php:error] [pid 2054] [client 85.203.21.75:0] script '/domains/king1969/setup-config.php' not found or unable to stat
[Mon Feb 23 02:12:32.064148 2026] [php:error] [pid 2054] [client 85.203.21.75:0] script '/domains/king1969/type.php' not found or unable to stat
[Mon Feb 23 02:12:33.633311 2026] [php:error] [pid 2054] [client 85.203.21.75:0] script '/domains/king1969/css/about.php' not found or unable to stat
[Mon Feb 23 02:12:33.902126 2026] [php:error] [pid 2054] [client 85.203.21.75:0] script '/domains/king1969/css/hekokstyle.php' not found or unable to stat
[Mon Feb 23 02:12:34.691302 2026] [php:error] [pid 2054] [client 85.203.21.75:0] script '/domains/king1969/goat.php' not found or unable to stat
[Mon Feb 23 02:12:38.239898 2026] [php:error] [pid 2054] [client 85.203.21.75:0] script '/domains/king1969/img/chat-search.php' not found or unable to stat
[Mon Feb 23 02:13:45.739038 2026] [php:error] [pid 2066] [client 20.24.200.53:0] script '/domains/davidbacker/wp-trackback.php' not found or unable to stat
[Mon Feb 23 02:13:45.968358 2026] [php:error] [pid 2066] [client 20.24.200.53:0] script '/domains/davidbacker/about.php' not found or unable to stat
[Mon Feb 23 02:13:46.190294 2026] [php:error] [pid 2066] [client 20.24.200.53:0] script '/domains/davidbacker/file.php' not found or unable to stat
[Mon Feb 23 02:13:46.411764 2026] [php:error] [pid 2066] [client 20.24.200.53:0] script '/domains/davidbacker/wp-good.php' not found or unable to stat
[Mon Feb 23 02:13:46.633157 2026] [php:error] [pid 2066] [client 20.24.200.53:0] script '/domains/davidbacker/xmlrpc.php' not found or unable to stat
[Mon Feb 23 02:13:46.854525 2026] [php:error] [pid 2066] [client 20.24.200.53:0] script '/domains/davidbacker/goods.php' not found or unable to stat
[Mon Feb 23 02:13:47.089978 2026] [php:error] [pid 2066] [client 20.24.200.53:0] script '/domains/davidbacker/ioxi-o.php' not found or unable to stat
[Mon Feb 23 02:13:47.311261 2026] [php:error] [pid 2066] [client 20.24.200.53:0] script '/domains/davidbacker/class-t.api.php' not found or unable to stat
[Mon Feb 23 02:13:47.532634 2026] [php:error] [pid 2066] [client 20.24.200.53:0] script '/domains/davidbacker/admin.php' not found or unable to stat
[Mon Feb 23 02:13:47.753901 2026] [php:error] [pid 2066] [client 20.24.200.53:0] script '/domains/davidbacker/sf.php' not found or unable to stat
[Mon Feb 23 02:13:47.975371 2026] [php:error] [pid 2066] [client 20.24.200.53:0] script '/domains/davidbacker/rip.php' not found or unable to stat
[Mon Feb 23 02:13:48.201370 2026] [php:error] [pid 2066] [client 20.24.200.53:0] script '/domains/davidbacker/autoload_classmap.php' not found or unable to stat
[Mon Feb 23 02:13:48.423456 2026] [php:error] [pid 2066] [client 20.24.200.53:0] script '/domains/davidbacker/chosen.php' not found or unable to stat
[Mon Feb 23 02:13:48.645045 2026] [php:error] [pid 2066] [client 20.24.200.53:0] script '/domains/davidbacker/classwithtostring.php' not found or unable to stat
[Mon Feb 23 02:13:48.867142 2026] [php:error] [pid 2066] [client 20.24.200.53:0] script '/domains/davidbacker/defaults.php' not found or unable to stat
[Mon Feb 23 02:13:49.979899 2026] [php:error] [pid 2066] [client 20.24.200.53:0] script '/domains/davidbacker/info.php' not found or unable to stat
[Mon Feb 23 02:13:51.571822 2026] [php:error] [pid 2066] [client 20.24.200.53:0] script '/domains/davidbacker/adminfuns.php' not found or unable to stat
[Mon Feb 23 02:14:00.133504 2026] [php:error] [pid 2057] [client 20.24.200.53:0] script '/domains/telacomp/wp-trackback.php' not found or unable to stat
[Mon Feb 23 02:14:00.357903 2026] [php:error] [pid 2057] [client 20.24.200.53:0] script '/domains/telacomp/about.php' not found or unable to stat
[Mon Feb 23 02:14:00.591673 2026] [php:error] [pid 2057] [client 20.24.200.53:0] script '/domains/telacomp/file.php' not found or unable to stat
[Mon Feb 23 02:14:00.817423 2026] [php:error] [pid 2057] [client 20.24.200.53:0] script '/domains/telacomp/wp-good.php' not found or unable to stat
[Mon Feb 23 02:14:01.049683 2026] [php:error] [pid 2057] [client 20.24.200.53:0] script '/domains/telacomp/xmlrpc.php' not found or unable to stat
[Mon Feb 23 02:14:01.273480 2026] [php:error] [pid 2057] [client 20.24.200.53:0] script '/domains/telacomp/goods.php' not found or unable to stat
[Mon Feb 23 02:14:01.497540 2026] [php:error] [pid 2057] [client 20.24.200.53:0] script '/domains/telacomp/ioxi-o.php' not found or unable to stat
[Mon Feb 23 02:14:01.721395 2026] [php:error] [pid 2057] [client 20.24.200.53:0] script '/domains/telacomp/class-t.api.php' not found or unable to stat
[Mon Feb 23 02:14:01.945547 2026] [php:error] [pid 2057] [client 20.24.200.53:0] script '/domains/telacomp/admin.php' not found or unable to stat
[Mon Feb 23 02:14:02.169698 2026] [php:error] [pid 2057] [client 20.24.200.53:0] script '/domains/telacomp/sf.php' not found or unable to stat
[Mon Feb 23 02:14:02.393874 2026] [php:error] [pid 2057] [client 20.24.200.53:0] script '/domains/telacomp/rip.php' not found or unable to stat
[Mon Feb 23 02:14:02.622163 2026] [php:error] [pid 2057] [client 20.24.200.53:0] script '/domains/telacomp/autoload_classmap.php' not found or unable to stat
[Mon Feb 23 02:14:02.847262 2026] [php:error] [pid 2057] [client 20.24.200.53:0] script '/domains/telacomp/chosen.php' not found or unable to stat
[Mon Feb 23 02:14:03.071410 2026] [php:error] [pid 2057] [client 20.24.200.53:0] script '/domains/telacomp/classwithtostring.php' not found or unable to stat
[Mon Feb 23 02:14:03.295658 2026] [php:error] [pid 2057] [client 20.24.200.53:0] script '/domains/telacomp/defaults.php' not found or unable to stat
[Mon Feb 23 02:14:04.419915 2026] [php:error] [pid 2057] [client 20.24.200.53:0] script '/domains/telacomp/info.php' not found or unable to stat
[Mon Feb 23 02:14:05.998358 2026] [php:error] [pid 2057] [client 20.24.200.53:0] script '/domains/telacomp/adminfuns.php' not found or unable to stat
[Mon Feb 23 02:14:12.912075 2026] [php:error] [pid 2060] [client 104.211.88.54:0] script '/domains/nmksgroupweb/wp-trackback.php' not found or unable to stat
[Mon Feb 23 02:14:13.123252 2026] [php:error] [pid 2060] [client 104.211.88.54:0] script '/domains/nmksgroupweb/about.php' not found or unable to stat
[Mon Feb 23 02:14:13.337519 2026] [php:error] [pid 2060] [client 104.211.88.54:0] script '/domains/nmksgroupweb/file.php' not found or unable to stat
[Mon Feb 23 02:14:13.557953 2026] [php:error] [pid 2060] [client 104.211.88.54:0] script '/domains/nmksgroupweb/wp-good.php' not found or unable to stat
[Mon Feb 23 02:14:13.769281 2026] [php:error] [pid 2060] [client 104.211.88.54:0] script '/domains/nmksgroupweb/xmlrpc.php' not found or unable to stat
[Mon Feb 23 02:14:13.980854 2026] [php:error] [pid 2060] [client 104.211.88.54:0] script '/domains/nmksgroupweb/goods.php' not found or unable to stat
[Mon Feb 23 02:14:14.193382 2026] [php:error] [pid 2060] [client 104.211.88.54:0] script '/domains/nmksgroupweb/ioxi-o.php' not found or unable to stat
[Mon Feb 23 02:14:14.404927 2026] [php:error] [pid 2060] [client 104.211.88.54:0] script '/domains/nmksgroupweb/class-t.api.php' not found or unable to stat
[Mon Feb 23 02:14:14.616277 2026] [php:error] [pid 2060] [client 104.211.88.54:0] script '/domains/nmksgroupweb/admin.php' not found or unable to stat
[Mon Feb 23 02:14:14.827934 2026] [php:error] [pid 2060] [client 104.211.88.54:0] script '/domains/nmksgroupweb/sf.php' not found or unable to stat
[Mon Feb 23 02:14:15.040358 2026] [php:error] [pid 2060] [client 104.211.88.54:0] script '/domains/nmksgroupweb/rip.php' not found or unable to stat
[Mon Feb 23 02:14:15.253400 2026] [php:error] [pid 2060] [client 104.211.88.54:0] script '/domains/nmksgroupweb/autoload_classmap.php' not found or unable to stat
[Mon Feb 23 02:14:15.464790 2026] [php:error] [pid 2060] [client 104.211.88.54:0] script '/domains/nmksgroupweb/chosen.php' not found or unable to stat
[Mon Feb 23 02:14:15.675973 2026] [php:error] [pid 2060] [client 104.211.88.54:0] script '/domains/nmksgroupweb/classwithtostring.php' not found or unable to stat
[Mon Feb 23 02:14:15.887526 2026] [php:error] [pid 2060] [client 104.211.88.54:0] script '/domains/nmksgroupweb/defaults.php' not found or unable to stat
[Mon Feb 23 02:14:16.945522 2026] [php:error] [pid 2060] [client 104.211.88.54:0] script '/domains/nmksgroupweb/info.php' not found or unable to stat
[Mon Feb 23 02:14:18.437415 2026] [php:error] [pid 2060] [client 104.211.88.54:0] script '/domains/nmksgroupweb/adminfuns.php' not found or unable to stat
[Mon Feb 23 02:14:47.419951 2026] [php:error] [pid 2082] [client 194.26.192.238:0] script '/domains/conservation1/txets.php' not found or unable to stat
[Mon Feb 23 02:14:48.660305 2026] [php:error] [pid 2084] [client 194.26.192.238:0] script '/domains/conservation1/schallfuns.php' not found or unable to stat
[Mon Feb 23 02:14:48.837650 2026] [php:error] [pid 2081] [client 194.26.192.238:0] script '/domains/conservation1/postnews.php' not found or unable to stat
[Mon Feb 23 02:15:06.623735 2026] [php:error] [pid 2081] [client 20.194.29.45:0] script '/domains/koenig.interport/wp-trackback.php' not found or unable to stat
