[Mon Feb 23 01:15:53.288905 2026] [php:error] [pid 1446] [client 20.100.195.34:0] script '/domains/fairlane1/classwithtostring.php' not found or unable to stat
[Mon Feb 23 01:15:53.394997 2026] [php:error] [pid 1446] [client 20.100.195.34:0] script '/domains/fairlane1/by.php' not found or unable to stat
[Mon Feb 23 01:15:53.590195 2026] [php:error] [pid 1446] [client 20.100.195.34:0] script '/domains/fairlane1/simple.php' not found or unable to stat
[Mon Feb 23 01:15:53.893776 2026] [php:error] [pid 1446] [client 20.100.195.34:0] script '/domains/fairlane1/confq.php' not found or unable to stat
[Mon Feb 23 01:15:54.091350 2026] [php:error] [pid 1446] [client 20.100.195.34:0] script '/domains/fairlane1/404.php' not found or unable to stat
[Mon Feb 23 01:15:54.209482 2026] [php:error] [pid 1446] [client 20.100.195.34:0] script '/domains/fairlane1/35.php' not found or unable to stat
[Mon Feb 23 01:15:54.321960 2026] [php:error] [pid 1446] [client 20.100.195.34:0] script '/domains/fairlane1/sx.php' not found or unable to stat
[Mon Feb 23 01:15:54.420097 2026] [php:error] [pid 1446] [client 20.100.195.34:0] script '/domains/fairlane1/gettest.php' not found or unable to stat
[Mon Feb 23 01:15:54.625153 2026] [php:error] [pid 1446] [client 20.100.195.34:0] script '/domains/fairlane1/reze.php' not found or unable to stat
[Mon Feb 23 01:15:54.722222 2026] [php:error] [pid 1446] [client 20.100.195.34:0] script '/domains/fairlane1/ioxi.php' not found or unable to stat
[Mon Feb 23 01:15:54.918145 2026] [php:error] [pid 1446] [client 20.100.195.34:0] script '/domains/fairlane1/g.php' not found or unable to stat
[Mon Feb 23 01:15:55.020232 2026] [php:error] [pid 1446] [client 20.100.195.34:0] script '/domains/fairlane1/az.php' not found or unable to stat
[Mon Feb 23 01:15:55.226608 2026] [php:error] [pid 1446] [client 20.100.195.34:0] script '/domains/fairlane1/app.php' not found or unable to stat
[Mon Feb 23 01:15:55.324295 2026] [php:error] [pid 1446] [client 20.100.195.34:0] script '/domains/fairlane1/aboutc.php' not found or unable to stat
[Mon Feb 23 01:15:55.421959 2026] [php:error] [pid 1446] [client 20.100.195.34:0] script '/domains/fairlane1/elp.php' not found or unable to stat
[Mon Feb 23 01:16:00.241046 2026] [php:error] [pid 1445] [client 59.96.218.252:0] script '/domains/bruceweb/xmlrpc.php' not found or unable to stat
[Mon Feb 23 01:16:54.845343 2026] [php:error] [pid 1459] [client 194.26.192.238:0] script '/domains/peterbmiller/txets.php' not found or unable to stat
[Mon Feb 23 01:16:56.307112 2026] [php:error] [pid 1433] [client 194.26.192.238:0] script '/domains/peterbmiller/schallfuns.php' not found or unable to stat
[Mon Feb 23 01:16:56.559257 2026] [php:error] [pid 1446] [client 194.26.192.238:0] script '/domains/peterbmiller/postnews.php' not found or unable to stat
[Mon Feb 23 01:17:05.823579 2026] [php:error] [pid 1446] [client 197.254.237.210:0] script '/domains/abtechsci/xmlrpc.php' not found or unable to stat
[Mon Feb 23 01:17:11.667350 2026] [php:error] [pid 1453] [client 104.243.245.5:0] script '/domains/astweb/manager.php' not found or unable to stat
[Mon Feb 23 01:17:11.972748 2026] [php:error] [pid 1453] [client 104.243.245.5:0] script '/domains/astweb/bless.php' not found or unable to stat
[Mon Feb 23 01:17:12.100638 2026] [php:error] [pid 1453] [client 104.243.245.5:0] script '/domains/astweb/O-Simple.php' not found or unable to stat
[Mon Feb 23 01:17:12.690450 2026] [php:error] [pid 1453] [client 104.243.245.5:0] script '/domains/astweb/lock360.php' not found or unable to stat
[Mon Feb 23 01:17:12.856126 2026] [php:error] [pid 1453] [client 104.243.245.5:0] script '/domains/astweb/zwso.php' not found or unable to stat
[Mon Feb 23 01:17:12.997035 2026] [php:error] [pid 1453] [client 104.243.245.5:0] script '/domains/astweb/chosen.php' not found or unable to stat
[Mon Feb 23 01:17:13.888145 2026] [php:error] [pid 1453] [client 104.243.245.5:0] script '/domains/astweb/about.php' not found or unable to stat
[Mon Feb 23 01:17:14.092131 2026] [php:error] [pid 1453] [client 104.243.245.5:0] script '/domains/astweb/admin.php' not found or unable to stat
[Mon Feb 23 01:17:14.396610 2026] [php:error] [pid 1453] [client 104.243.245.5:0] script '/domains/astweb/mah.php' not found or unable to stat
[Mon Feb 23 01:17:14.733689 2026] [php:error] [pid 1453] [client 104.243.245.5:0] script '/domains/astweb/core.php' not found or unable to stat
[Mon Feb 23 01:17:14.960969 2026] [php:error] [pid 1453] [client 104.243.245.5:0] script '/domains/astweb/robots.php' not found or unable to stat
[Mon Feb 23 01:17:15.135715 2026] [php:error] [pid 1453] [client 104.243.245.5:0] script '/domains/astweb/inputs.php' not found or unable to stat
[Mon Feb 23 01:17:15.303869 2026] [php:error] [pid 1453] [client 104.243.245.5:0] script '/domains/astweb/mini.php' not found or unable to stat
[Mon Feb 23 01:17:15.505357 2026] [php:error] [pid 1453] [client 104.243.245.5:0] script '/domains/astweb/goods.php' not found or unable to stat
[Mon Feb 23 01:17:15.644339 2026] [php:error] [pid 1453] [client 104.243.245.5:0] script '/domains/astweb/file5.php' not found or unable to stat
[Mon Feb 23 01:17:15.821833 2026] [php:error] [pid 1453] [client 104.243.245.5:0] script '/domains/astweb/ahax.php' not found or unable to stat
[Mon Feb 23 01:17:16.026010 2026] [php:error] [pid 1453] [client 104.243.245.5:0] script '/domains/astweb/f35.php' not found or unable to stat
[Mon Feb 23 01:17:16.201751 2026] [php:error] [pid 1453] [client 104.243.245.5:0] script '/domains/astweb/simple.php' not found or unable to stat
[Mon Feb 23 01:17:17.084244 2026] [php:error] [pid 1457] [client 20.78.146.86:0] script '/domains/emsco1/wp-trackback.php' not found or unable to stat
[Mon Feb 23 01:17:17.253791 2026] [php:error] [pid 1457] [client 20.78.146.86:0] script '/domains/emsco1/about.php' not found or unable to stat
[Mon Feb 23 01:17:17.422022 2026] [php:error] [pid 1457] [client 20.78.146.86:0] script '/domains/emsco1/file.php' not found or unable to stat
[Mon Feb 23 01:17:17.591993 2026] [php:error] [pid 1457] [client 20.78.146.86:0] script '/domains/emsco1/wp-good.php' not found or unable to stat
[Mon Feb 23 01:17:17.761828 2026] [php:error] [pid 1457] [client 20.78.146.86:0] script '/domains/emsco1/xmlrpc.php' not found or unable to stat
[Mon Feb 23 01:17:17.932709 2026] [php:error] [pid 1457] [client 20.78.146.86:0] script '/domains/emsco1/goods.php' not found or unable to stat
[Mon Feb 23 01:17:17.964438 2026] [php:error] [pid 1453] [client 104.243.245.5:0] script '/domains/astweb/images/upload.php' not found or unable to stat
[Mon Feb 23 01:17:18.101322 2026] [php:error] [pid 1457] [client 20.78.146.86:0] script '/domains/emsco1/ioxi-o.php' not found or unable to stat
[Mon Feb 23 01:17:18.269858 2026] [php:error] [pid 1457] [client 20.78.146.86:0] script '/domains/emsco1/class-t.api.php' not found or unable to stat
[Mon Feb 23 01:17:18.439392 2026] [php:error] [pid 1457] [client 20.78.146.86:0] script '/domains/emsco1/admin.php' not found or unable to stat
[Mon Feb 23 01:17:18.607672 2026] [php:error] [pid 1457] [client 20.78.146.86:0] script '/domains/emsco1/sf.php' not found or unable to stat
[Mon Feb 23 01:17:18.783440 2026] [php:error] [pid 1457] [client 20.78.146.86:0] script '/domains/emsco1/rip.php' not found or unable to stat
[Mon Feb 23 01:17:18.955106 2026] [php:error] [pid 1457] [client 20.78.146.86:0] script '/domains/emsco1/autoload_classmap.php' not found or unable to stat
[Mon Feb 23 01:17:19.123680 2026] [php:error] [pid 1457] [client 20.78.146.86:0] script '/domains/emsco1/chosen.php' not found or unable to stat
[Mon Feb 23 01:17:19.293928 2026] [php:error] [pid 1457] [client 20.78.146.86:0] script '/domains/emsco1/classwithtostring.php' not found or unable to stat
[Mon Feb 23 01:17:19.463507 2026] [php:error] [pid 1457] [client 20.78.146.86:0] script '/domains/emsco1/defaults.php' not found or unable to stat
[Mon Feb 23 01:17:20.307809 2026] [php:error] [pid 1457] [client 20.78.146.86:0] script '/domains/emsco1/info.php' not found or unable to stat
[Mon Feb 23 01:17:20.576466 2026] [php:error] [pid 1453] [client 104.243.245.5:0] script '/domains/astweb/classwithtostring.php' not found or unable to stat
[Mon Feb 23 01:17:21.293442 2026] [php:error] [pid 1453] [client 104.243.245.5:0] script '/domains/astweb/tinyfilemanager.php' not found or unable to stat
[Mon Feb 23 01:17:21.536661 2026] [php:error] [pid 1457] [client 20.78.146.86:0] script '/domains/emsco1/adminfuns.php' not found or unable to stat
[Mon Feb 23 01:17:21.785823 2026] [php:error] [pid 1453] [client 104.243.245.5:0] script '/domains/astweb/file.php' not found or unable to stat
[Mon Feb 23 01:17:22.622985 2026] [php:error] [pid 1453] [client 104.243.245.5:0] script '/domains/astweb/buy.php' not found or unable to stat
[Mon Feb 23 01:17:26.251907 2026] [php:error] [pid 1453] [client 104.243.245.5:0] script '/domains/astweb/inc.php' not found or unable to stat
[Mon Feb 23 01:17:26.546592 2026] [php:error] [pid 1453] [client 104.243.245.5:0] script '/domains/astweb/filemanager.php' not found or unable to stat
[Mon Feb 23 01:17:26.679768 2026] [php:error] [pid 1453] [client 104.243.245.5:0] script '/domains/astweb/cgi-bin/bypass.php' not found or unable to stat
[Mon Feb 23 01:17:27.546025 2026] [php:error] [pid 1453] [client 104.243.245.5:0] script '/domains/astweb/function.php' not found or unable to stat
[Mon Feb 23 01:17:27.923704 2026] [php:error] [pid 1453] [client 104.243.245.5:0] script '/domains/astweb/wp-signup.php' not found or unable to stat
[Mon Feb 23 01:17:28.633371 2026] [php:error] [pid 1453] [client 104.243.245.5:0] script '/domains/astweb/wp-blog.php' not found or unable to stat
[Mon Feb 23 01:17:29.346557 2026] [php:error] [pid 1453] [client 104.243.245.5:0] script '/domains/astweb/wp-l0gin.php' not found or unable to stat
[Mon Feb 23 01:17:29.677291 2026] [php:error] [pid 1453] [client 104.243.245.5:0] script '/domains/astweb/new.php' not found or unable to stat
[Mon Feb 23 01:17:30.122405 2026] [php:error] [pid 1453] [client 104.243.245.5:0] script '/domains/astweb/images/DJP9.php' not found or unable to stat
[Mon Feb 23 01:17:31.004800 2026] [php:error] [pid 1453] [client 104.243.245.5:0] script '/domains/astweb/natural.php' not found or unable to stat
[Mon Feb 23 01:17:31.171713 2026] [php:error] [pid 1453] [client 104.243.245.5:0] script '/domains/astweb/item.php' not found or unable to stat
[Mon Feb 23 01:17:33.504441 2026] [php:error] [pid 1463] [client 104.243.245.35:0] script '/domains/astweb/default.php' not found or unable to stat
[Mon Feb 23 01:17:35.017509 2026] [php:error] [pid 1463] [client 104.243.245.35:0] script '/domains/astweb/dropdown.php' not found or unable to stat
[Mon Feb 23 01:17:35.136336 2026] [php:error] [pid 1463] [client 104.243.245.35:0] script '/domains/astweb/images/admin.php' not found or unable to stat
[Mon Feb 23 01:17:35.342173 2026] [php:error] [pid 1463] [client 104.243.245.35:0] script '/domains/astweb/db.php' not found or unable to stat
[Mon Feb 23 01:17:37.109570 2026] [php:error] [pid 1463] [client 104.243.245.35:0] script '/domains/astweb/install.php' not found or unable to stat
[Mon Feb 23 01:17:37.427320 2026] [php:error] [pid 1463] [client 104.243.245.35:0] script '/domains/astweb/images/class-config.php' not found or unable to stat
[Mon Feb 23 01:17:38.135872 2026] [php:error] [pid 1463] [client 104.243.245.35:0] script '/domains/astweb/bypass.php' not found or unable to stat
[Mon Feb 23 01:17:38.374978 2026] [php:error] [pid 1463] [client 104.243.245.35:0] script '/domains/astweb/class.php' not found or unable to stat
[Mon Feb 23 01:17:39.499992 2026] [php:error] [pid 1463] [client 104.243.245.35:0] script '/domains/astweb/init.php' not found or unable to stat
[Mon Feb 23 01:17:41.288015 2026] [php:error] [pid 1463] [client 104.243.245.35:0] script '/domains/astweb/adminfuns.php' not found or unable to stat
[Mon Feb 23 01:17:41.591790 2026] [php:error] [pid 1463] [client 104.243.245.35:0] script '/domains/astweb/wp_wlx.php' not found or unable to stat
[Mon Feb 23 01:17:42.178868 2026] [php:error] [pid 1463] [client 104.243.245.35:0] script '/domains/astweb/wp.php' not found or unable to stat
[Mon Feb 23 01:17:42.652049 2026] [php:error] [pid 1463] [client 104.243.245.35:0] script '/domains/astweb/wp-header.php' not found or unable to stat
[Mon Feb 23 01:17:42.950704 2026] [php:error] [pid 1463] [client 104.243.245.35:0] script '/domains/astweb/Marvins.php' not found or unable to stat
[Mon Feb 23 01:17:43.495983 2026] [php:error] [pid 1463] [client 104.243.245.35:0] script '/domains/astweb/wp-class.php' not found or unable to stat
[Mon Feb 23 01:17:44.157340 2026] [php:error] [pid 1463] [client 104.243.245.35:0] script '/domains/astweb/xx.php' not found or unable to stat
[Mon Feb 23 01:17:44.297800 2026] [php:error] [pid 1463] [client 104.243.245.35:0] script '/domains/astweb/autoload_classmap.php' not found or unable to stat
[Mon Feb 23 01:17:45.300500 2026] [php:error] [pid 1463] [client 104.243.245.35:0] script '/domains/astweb/content.php' not found or unable to stat
[Mon Feb 23 01:17:47.151813 2026] [php:error] [pid 1463] [client 104.243.245.35:0] script '/domains/astweb/images/class.php' not found or unable to stat
[Mon Feb 23 01:17:47.465947 2026] [php:error] [pid 1463] [client 104.243.245.35:0] script '/domains/astweb/web.php' not found or unable to stat
[Mon Feb 23 01:17:48.149374 2026] [php:error] [pid 1463] [client 104.243.245.35:0] script '/domains/astweb/images/index.php' not found or unable to stat
[Mon Feb 23 01:17:48.797654 2026] [php:error] [pid 1463] [client 104.243.245.35:0] script '/domains/astweb/wp-trackback.php' not found or unable to stat
[Mon Feb 23 01:17:49.227788 2026] [php:error] [pid 1463] [client 104.243.245.35:0] script '/domains/astweb/radio.php' not found or unable to stat
[Mon Feb 23 01:17:49.896613 2026] [php:error] [pid 1463] [client 104.243.245.35:0] script '/domains/astweb/wp-conflg.php' not found or unable to stat
[Mon Feb 23 01:17:50.029597 2026] [php:error] [pid 1463] [client 104.243.245.35:0] script '/domains/astweb/wp-setup.php' not found or unable to stat
[Mon Feb 23 01:17:50.042991 2026] [php:error] [pid 1457] [client 4.196.161.14:0] script '/domains/hpveweb/wp-trackback.php' not found or unable to stat
[Mon Feb 23 01:17:50.180041 2026] [php:error] [pid 1463] [client 104.243.245.35:0] script '/domains/astweb/ms-themes.php' not found or unable to stat
[Mon Feb 23 01:17:50.269014 2026] [php:error] [pid 1457] [client 4.196.161.14:0] script '/domains/hpveweb/about.php' not found or unable to stat
[Mon Feb 23 01:17:50.468563 2026] [php:error] [pid 1457] [client 4.196.161.14:0] script '/domains/hpveweb/file.php' not found or unable to stat
[Mon Feb 23 01:17:50.668719 2026] [php:error] [pid 1457] [client 4.196.161.14:0] script '/domains/hpveweb/wp-good.php' not found or unable to stat
[Mon Feb 23 01:17:50.827761 2026] [php:error] [pid 1463] [client 104.243.245.35:0] script '/domains/astweb/style.php' not found or unable to stat
[Mon Feb 23 01:17:50.894537 2026] [php:error] [pid 1457] [client 4.196.161.14:0] script '/domains/hpveweb/xmlrpc.php' not found or unable to stat
[Mon Feb 23 01:17:51.094070 2026] [php:error] [pid 1457] [client 4.196.161.14:0] script '/domains/hpveweb/goods.php' not found or unable to stat
[Mon Feb 23 01:17:51.295029 2026] [php:error] [pid 1457] [client 4.196.161.14:0] script '/domains/hpveweb/ioxi-o.php' not found or unable to stat
[Mon Feb 23 01:17:51.495651 2026] [php:error] [pid 1457] [client 4.196.161.14:0] script '/domains/hpveweb/class-t.api.php' not found or unable to stat
[Mon Feb 23 01:17:51.638117 2026] [php:error] [pid 1463] [client 104.243.245.35:0] script '/domains/astweb/x.php' not found or unable to stat
[Mon Feb 23 01:17:51.721971 2026] [php:error] [pid 1457] [client 4.196.161.14:0] script '/domains/hpveweb/admin.php' not found or unable to stat
[Mon Feb 23 01:17:51.922625 2026] [php:error] [pid 1457] [client 4.196.161.14:0] script '/domains/hpveweb/sf.php' not found or unable to stat
[Mon Feb 23 01:17:52.122388 2026] [php:error] [pid 1457] [client 4.196.161.14:0] script '/domains/hpveweb/rip.php' not found or unable to stat
[Mon Feb 23 01:17:52.149353 2026] [php:error] [pid 1463] [client 104.243.245.35:0] script '/domains/astweb/images/index22.php' not found or unable to stat
[Mon Feb 23 01:17:52.340378 2026] [php:error] [pid 1457] [client 4.196.161.14:0] script '/domains/hpveweb/autoload_classmap.php' not found or unable to stat
[Mon Feb 23 01:17:52.540178 2026] [php:error] [pid 1457] [client 4.196.161.14:0] script '/domains/hpveweb/chosen.php' not found or unable to stat
[Mon Feb 23 01:17:52.728020 2026] [php:error] [pid 1463] [client 104.243.245.35:0] script '/domains/astweb/wp-user.php' not found or unable to stat
[Mon Feb 23 01:17:52.739515 2026] [php:error] [pid 1457] [client 4.196.161.14:0] script '/domains/hpveweb/classwithtostring.php' not found or unable to stat
[Mon Feb 23 01:17:52.939406 2026] [php:error] [pid 1457] [client 4.196.161.14:0] script '/domains/hpveweb/defaults.php' not found or unable to stat
[Mon Feb 23 01:17:53.156725 2026] [php:error] [pid 1463] [client 104.243.245.35:0] script '/domains/astweb/config.php' not found or unable to stat
[Mon Feb 23 01:17:53.341929 2026] [php:error] [pid 1463] [client 104.243.245.35:0] script '/domains/astweb/special.php' not found or unable to stat
[Mon Feb 23 01:17:53.962958 2026] [php:error] [pid 1457] [client 4.196.161.14:0] script '/domains/hpveweb/info.php' not found or unable to stat
[Mon Feb 23 01:17:55.088955 2026] [php:error] [pid 1467] [client 104.243.245.5:0] script '/domains/astweb/cgi-bin/class.api.php' not found or unable to stat
[Mon Feb 23 01:17:55.360392 2026] [php:error] [pid 1457] [client 4.196.161.14:0] script '/domains/hpveweb/adminfuns.php' not found or unable to stat
[Mon Feb 23 01:17:56.147094 2026] [php:error] [pid 1467] [client 104.243.245.5:0] script '/domains/astweb/webdb.php' not found or unable to stat
[Mon Feb 23 01:17:56.700363 2026] [php:error] [pid 1467] [client 104.243.245.5:0] script '/domains/astweb/file2.php' not found or unable to stat
[Mon Feb 23 01:17:57.070015 2026] [php:error] [pid 1467] [client 104.243.245.5:0] script '/domains/astweb/alfa.php' not found or unable to stat
[Mon Feb 23 01:17:57.127748 2026] [php:error] [pid 1469] [client 68.221.129.30:0] script '/domains/hpveweb/a332.php' not found or unable to stat
[Mon Feb 23 01:17:57.212592 2026] [php:error] [pid 1469] [client 68.221.129.30:0] script '/domains/hpveweb/bootstrap.php' not found or unable to stat
[Mon Feb 23 01:17:57.295127 2026] [php:error] [pid 1469] [client 68.221.129.30:0] script '/domains/hpveweb/f2.php' not found or unable to stat
[Mon Feb 23 01:17:57.378049 2026] [php:error] [pid 1469] [client 68.221.129.30:0] script '/domains/hpveweb/to.php' not found or unable to stat
[Mon Feb 23 01:17:57.461052 2026] [php:error] [pid 1469] [client 68.221.129.30:0] script '/domains/hpveweb/inege.php' not found or unable to stat
[Mon Feb 23 01:17:57.543710 2026] [php:error] [pid 1469] [client 68.221.129.30:0] script '/domains/hpveweb/thui.php' not found or unable to stat
[Mon Feb 23 01:17:57.626961 2026] [php:error] [pid 1469] [client 68.221.129.30:0] script '/domains/hpveweb/8.php' not found or unable to stat
[Mon Feb 23 01:17:57.710241 2026] [php:error] [pid 1469] [client 68.221.129.30:0] script '/domains/hpveweb/fresh3.php' not found or unable to stat
[Mon Feb 23 01:17:57.793182 2026] [php:error] [pid 1469] [client 68.221.129.30:0] script '/domains/hpveweb/selesai.php' not found or unable to stat
[Mon Feb 23 01:17:57.875640 2026] [php:error] [pid 1469] [client 68.221.129.30:0] script '/domains/hpveweb/xs.php' not found or unable to stat
[Mon Feb 23 01:17:57.958402 2026] [php:error] [pid 1469] [client 68.221.129.30:0] script '/domains/hpveweb/maraz.php' not found or unable to stat
[Mon Feb 23 01:17:58.041382 2026] [php:error] [pid 1469] [client 68.221.129.30:0] script '/domains/hpveweb/ws66.php' not found or unable to stat
[Mon Feb 23 01:17:58.124286 2026] [php:error] [pid 1469] [client 68.221.129.30:0] script '/domains/hpveweb/erty.php' not found or unable to stat
[Mon Feb 23 01:17:58.206961 2026] [php:error] [pid 1469] [client 68.221.129.30:0] script '/domains/hpveweb/24.php' not found or unable to stat
[Mon Feb 23 01:17:58.289549 2026] [php:error] [pid 1469] [client 68.221.129.30:0] script '/domains/hpveweb/bzjdlofz.php' not found or unable to stat
[Mon Feb 23 01:17:58.372432 2026] [php:error] [pid 1469] [client 68.221.129.30:0] script '/domains/hpveweb/sbhu.php' not found or unable to stat
[Mon Feb 23 01:17:58.455036 2026] [php:error] [pid 1469] [client 68.221.129.30:0] script '/domains/hpveweb/wp-blogs.php' not found or unable to stat
[Mon Feb 23 01:17:58.537675 2026] [php:error] [pid 1469] [client 68.221.129.30:0] script '/domains/hpveweb/fetch.php' not found or unable to stat
[Mon Feb 23 01:17:58.606481 2026] [php:error] [pid 1467] [client 104.243.245.5:0] script '/domains/astweb/edit.php' not found or unable to stat
[Mon Feb 23 01:17:58.620836 2026] [php:error] [pid 1469] [client 68.221.129.30:0] script '/domains/hpveweb/bolt.php' not found or unable to stat
[Mon Feb 23 01:17:58.703898 2026] [php:error] [pid 1469] [client 68.221.129.30:0] script '/domains/hpveweb/tfm.php' not found or unable to stat
[Mon Feb 23 01:17:58.786460 2026] [php:error] [pid 1469] [client 68.221.129.30:0] script '/domains/hpveweb/ak.php' not found or unable to stat
[Mon Feb 23 01:17:58.869200 2026] [php:error] [pid 1469] [client 68.221.129.30:0] script '/domains/hpveweb/wp-style.php' not found or unable to stat
[Mon Feb 23 01:17:58.952123 2026] [php:error] [pid 1469] [client 68.221.129.30:0] script '/domains/hpveweb/0x0x.php' not found or unable to stat
[Mon Feb 23 01:17:59.034652 2026] [php:error] [pid 1469] [client 68.221.129.30:0] script '/domains/hpveweb/0byte.php' not found or unable to stat
[Mon Feb 23 01:17:59.037530 2026] [php:error] [pid 1467] [client 104.243.245.5:0] script '/domains/astweb/cgi-bin/autoload_classmap.php' not found or unable to stat
[Mon Feb 23 01:17:59.117384 2026] [php:error] [pid 1469] [client 68.221.129.30:0] script '/domains/hpveweb/a4.php' not found or unable to stat
[Mon Feb 23 01:17:59.171953 2026] [php:error] [pid 1467] [client 104.243.245.5:0] script '/domains/astweb/wp-links-opml.php' not found or unable to stat
[Mon Feb 23 01:17:59.199918 2026] [php:error] [pid 1469] [client 68.221.129.30:0] script '/domains/hpveweb/logs1.php' not found or unable to stat
[Mon Feb 23 01:17:59.282666 2026] [php:error] [pid 1469] [client 68.221.129.30:0] script '/domains/hpveweb/35.php' not found or unable to stat
[Mon Feb 23 01:17:59.365308 2026] [php:error] [pid 1469] [client 68.221.129.30:0] script '/domains/hpveweb/lanka.php' not found or unable to stat
[Mon Feb 23 01:17:59.448195 2026] [php:error] [pid 1469] [client 68.221.129.30:0] script '/domains/hpveweb/knmt.php' not found or unable to stat
[Mon Feb 23 01:17:59.531939 2026] [php:error] [pid 1469] [client 68.221.129.30:0] script '/domains/hpveweb/ioxi.php' not found or unable to stat
[Mon Feb 23 01:17:59.584351 2026] [php:error] [pid 1467] [client 104.243.245.5:0] script '/domains/astweb/atomlib.php' not found or unable to stat
[Mon Feb 23 01:17:59.614611 2026] [php:error] [pid 1469] [client 68.221.129.30:0] script '/domains/hpveweb/lkui.php' not found or unable to stat
[Mon Feb 23 01:17:59.697152 2026] [php:error] [pid 1469] [client 68.221.129.30:0] script '/domains/hpveweb/grsiuk.php' not found or unable to stat
[Mon Feb 23 01:17:59.874734 2026] [php:error] [pid 1469] [client 68.221.129.30:0] script '/domains/hpveweb/Geforce.php' not found or unable to stat
[Mon Feb 23 01:17:59.958168 2026] [php:error] [pid 1469] [client 68.221.129.30:0] script '/domains/hpveweb/easy.php' not found or unable to stat
[Mon Feb 23 01:18:00.040998 2026] [php:error] [pid 1469] [client 68.221.129.30:0] script '/domains/hpveweb/s1.php' not found or unable to stat
[Mon Feb 23 01:18:00.124301 2026] [php:error] [pid 1469] [client 68.221.129.30:0] script '/domains/hpveweb/cc13.php' not found or unable to stat
[Mon Feb 23 01:18:00.207326 2026] [php:error] [pid 1469] [client 68.221.129.30:0] script '/domains/hpveweb/06.php' not found or unable to stat
[Mon Feb 23 01:18:00.290787 2026] [php:error] [pid 1469] [client 68.221.129.30:0] script '/domains/hpveweb/t.php' not found or unable to stat
[Mon Feb 23 01:18:00.373827 2026] [php:error] [pid 1469] [client 68.221.129.30:0] script '/domains/hpveweb/export.php' not found or unable to stat
[Mon Feb 23 01:18:00.456664 2026] [php:error] [pid 1469] [client 68.221.129.30:0] script '/domains/hpveweb/xxw.php' not found or unable to stat
[Mon Feb 23 01:18:00.476638 2026] [php:error] [pid 1467] [client 104.243.245.5:0] script '/domains/astweb/xp.php' not found or unable to stat
[Mon Feb 23 01:18:00.539730 2026] [php:error] [pid 1469] [client 68.221.129.30:0] script '/domains/hpveweb/term.php' not found or unable to stat
[Mon Feb 23 01:18:00.622951 2026] [php:error] [pid 1469] [client 68.221.129.30:0] script '/domains/hpveweb/num.php' not found or unable to stat
[Mon Feb 23 01:18:00.705415 2026] [php:error] [pid 1469] [client 68.221.129.30:0] script '/domains/hpveweb/file.php' not found or unable to stat
[Mon Feb 23 01:18:00.787897 2026] [php:error] [pid 1469] [client 68.221.129.30:0] script '/domains/hpveweb/403.php' not found or unable to stat
[Mon Feb 23 01:18:00.871121 2026] [php:error] [pid 1469] [client 68.221.129.30:0] script '/domains/hpveweb/ccu.php' not found or unable to stat
[Mon Feb 23 01:18:00.953735 2026] [php:error] [pid 1469] [client 68.221.129.30:0] script '/domains/hpveweb/155.php' not found or unable to stat
[Mon Feb 23 01:18:00.984006 2026] [php:error] [pid 1467] [client 104.243.245.5:0] script '/domains/astweb/wp-links.php' not found or unable to stat
[Mon Feb 23 01:18:01.036284 2026] [php:error] [pid 1469] [client 68.221.129.30:0] script '/domains/hpveweb/xsox.php' not found or unable to stat
[Mon Feb 23 01:18:01.119200 2026] [php:error] [pid 1469] [client 68.221.129.30:0] script '/domains/hpveweb/wen.php' not found or unable to stat
[Mon Feb 23 01:18:01.201872 2026] [php:error] [pid 1469] [client 68.221.129.30:0] script '/domains/hpveweb/bgymj.php' not found or unable to stat
[Mon Feb 23 01:18:01.284429 2026] [php:error] [pid 1469] [client 68.221.129.30:0] script '/domains/hpveweb/gk.php' not found or unable to stat
[Mon Feb 23 01:18:01.367030 2026] [php:error] [pid 1469] [client 68.221.129.30:0] script '/domains/hpveweb/zoo.php' not found or unable to stat
[Mon Feb 23 01:18:01.450000 2026] [php:error] [pid 1469] [client 68.221.129.30:0] script '/domains/hpveweb/zxekqlxb.php' not found or unable to stat
[Mon Feb 23 01:18:01.544128 2026] [php:error] [pid 1469] [client 68.221.129.30:0] script '/domains/hpveweb/wp-scr1pts.php' not found or unable to stat
[Mon Feb 23 01:18:01.627207 2026] [php:error] [pid 1469] [client 68.221.129.30:0] script '/domains/hpveweb/shlo.php' not found or unable to stat
[Mon Feb 23 01:18:01.709708 2026] [php:error] [pid 1469] [client 68.221.129.30:0] script '/domains/hpveweb/166.php' not found or unable to stat
[Mon Feb 23 01:18:01.793564 2026] [php:error] [pid 1469] [client 68.221.129.30:0] script '/domains/hpveweb/gdn.php' not found or unable to stat
[Mon Feb 23 01:18:01.876372 2026] [php:error] [pid 1469] [client 68.221.129.30:0] script '/domains/hpveweb/6bcwiqwj.php' not found or unable to stat
[Mon Feb 23 01:18:01.959639 2026] [php:error] [pid 1469] [client 68.221.129.30:0] script '/domains/hpveweb/mar.php' not found or unable to stat
[Mon Feb 23 01:18:02.042184 2026] [php:error] [pid 1469] [client 68.221.129.30:0] script '/domains/hpveweb/ws69.php' not found or unable to stat
[Mon Feb 23 01:18:02.125007 2026] [php:error] [pid 1469] [client 68.221.129.30:0] script '/domains/hpveweb/amp.php' not found or unable to stat
[Mon Feb 23 01:18:02.208014 2026] [php:error] [pid 1469] [client 68.221.129.30:0] script '/domains/hpveweb/gettest.php' not found or unable to stat
[Mon Feb 23 01:18:02.292689 2026] [php:error] [pid 1469] [client 68.221.129.30:0] script '/domains/hpveweb/Jcrop.php' not found or unable to stat
[Mon Feb 23 01:18:02.375341 2026] [php:error] [pid 1469] [client 68.221.129.30:0] script '/domains/hpveweb/wp-act.php' not found or unable to stat
[Mon Feb 23 01:18:02.458537 2026] [php:error] [pid 1469] [client 68.221.129.30:0] script '/domains/hpveweb/wp-link10.php' not found or unable to stat
[Mon Feb 23 01:18:02.541236 2026] [php:error] [pid 1469] [client 68.221.129.30:0] script '/domains/hpveweb/ff1.php' not found or unable to stat
[Mon Feb 23 01:18:02.624854 2026] [php:error] [pid 1469] [client 68.221.129.30:0] script '/domains/hpveweb/lib.php' not found or unable to stat
[Mon Feb 23 01:18:02.707580 2026] [php:error] [pid 1469] [client 68.221.129.30:0] script '/domains/hpveweb/Ov-Simple1.php' not found or unable to stat
[Mon Feb 23 01:18:02.790571 2026] [php:error] [pid 1469] [client 68.221.129.30:0] script '/domains/hpveweb/ccs.php' not found or unable to stat
[Mon Feb 23 01:18:02.873305 2026] [php:error] [pid 1469] [client 68.221.129.30:0] script '/domains/hpveweb/mini.php' not found or unable to stat
[Mon Feb 23 01:18:02.957327 2026] [php:error] [pid 1469] [client 68.221.129.30:0] script '/domains/hpveweb/xr.php' not found or unable to stat
[Mon Feb 23 01:18:03.024889 2026] [php:error] [pid 1467] [client 104.243.245.5:0] script '/domains/astweb/moon.php' not found or unable to stat
[Mon Feb 23 01:18:03.040557 2026] [php:error] [pid 1469] [client 68.221.129.30:0] script '/domains/hpveweb/baixy.php' not found or unable to stat
[Mon Feb 23 01:18:03.123531 2026] [php:error] [pid 1469] [client 68.221.129.30:0] script '/domains/hpveweb/rtx.php' not found or unable to stat
[Mon Feb 23 01:18:03.207097 2026] [php:error] [pid 1469] [client 68.221.129.30:0] script '/domains/hpveweb/666.php' not found or unable to stat
[Mon Feb 23 01:18:03.290015 2026] [php:error] [pid 1469] [client 68.221.129.30:0] script '/domains/hpveweb/h2a2ck.php' not found or unable to stat
[Mon Feb 23 01:18:03.372630 2026] [php:error] [pid 1469] [client 68.221.129.30:0] script '/domains/hpveweb/cytyr.php' not found or unable to stat
[Mon Feb 23 01:18:03.455725 2026] [php:error] [pid 1469] [client 68.221.129.30:0] script '/domains/hpveweb/h02ugyh.php' not found or unable to stat
[Mon Feb 23 01:18:03.538636 2026] [php:error] [pid 1469] [client 68.221.129.30:0] script '/domains/hpveweb/66.php' not found or unable to stat
[Mon Feb 23 01:18:03.581138 2026] [php:error] [pid 1467] [client 104.243.245.5:0] script '/domains/astweb/webadmin.php' not found or unable to stat
[Mon Feb 23 01:18:03.621587 2026] [php:error] [pid 1469] [client 68.221.129.30:0] script '/domains/hpveweb/init.php' not found or unable to stat
[Mon Feb 23 01:18:03.704475 2026] [php:error] [pid 1469] [client 68.221.129.30:0] script '/domains/hpveweb/ava.php' not found or unable to stat
[Mon Feb 23 01:18:03.787007 2026] [php:error] [pid 1469] [client 68.221.129.30:0] script '/domains/hpveweb/balin.php' not found or unable to stat
[Mon Feb 23 01:18:03.869721 2026] [php:error] [pid 1469] [client 68.221.129.30:0] script '/domains/hpveweb/0x19493QU8ZQ.php' not found or unable to stat
[Mon Feb 23 01:18:03.953729 2026] [php:error] [pid 1469] [client 68.221.129.30:0] script '/domains/hpveweb/13ede.php' not found or unable to stat
[Mon Feb 23 01:18:04.036973 2026] [php:error] [pid 1469] [client 68.221.129.30:0] script '/domains/hpveweb/akhvg.php' not found or unable to stat
[Mon Feb 23 01:18:04.061749 2026] [php:error] [pid 1467] [client 104.243.245.5:0] script '/domains/astweb/xl2023.php' not found or unable to stat
[Mon Feb 23 01:18:04.119652 2026] [php:error] [pid 1469] [client 68.221.129.30:0] script '/domains/hpveweb/assacc.php' not found or unable to stat
[Mon Feb 23 01:18:04.199718 2026] [php:error] [pid 1467] [client 104.243.245.5:0] script '/domains/astweb/go.php' not found or unable to stat
[Mon Feb 23 01:18:04.213244 2026] [php:error] [pid 1469] [client 68.221.129.30:0] script '/domains/hpveweb/t00l.php' not found or unable to stat
[Mon Feb 23 01:18:04.296189 2026] [php:error] [pid 1469] [client 68.221.129.30:0] script '/domains/hpveweb/xy.php' not found or unable to stat
[Mon Feb 23 01:18:04.378798 2026] [php:error] [pid 1469] [client 68.221.129.30:0] script '/domains/hpveweb/atomlib.php' not found or unable to stat
[Mon Feb 23 01:18:04.461283 2026] [php:error] [pid 1469] [client 68.221.129.30:0] script '/domains/hpveweb/fetch.php' not found or unable to stat
[Mon Feb 23 01:18:04.543934 2026] [php:error] [pid 1469] [client 68.221.129.30:0] script '/domains/hpveweb/jnhddqyz.php' not found or unable to stat
[Mon Feb 23 01:18:04.626966 2026] [php:error] [pid 1469] [client 68.221.129.30:0] script '/domains/hpveweb/cgi-bin_bkp.php' not found or unable to stat
[Mon Feb 23 01:18:05.125286 2026] [php:error] [pid 1467] [client 104.243.245.5:0] script '/domains/astweb/cgi-bin/index.php' not found or unable to stat
[Mon Feb 23 01:18:05.681323 2026] [php:error] [pid 1457] [client 158.158.33.103:0] script '/domains/egmaweb/webdb.php' not found or unable to stat
[Mon Feb 23 01:18:05.781332 2026] [php:error] [pid 1457] [client 158.158.33.103:0] script '/domains/egmaweb/file.php' not found or unable to stat
[Mon Feb 23 01:18:05.864680 2026] [php:error] [pid 1457] [client 158.158.33.103:0] script '/domains/egmaweb/166.php' not found or unable to stat
[Mon Feb 23 01:18:05.950508 2026] [php:error] [pid 1457] [client 158.158.33.103:0] script '/domains/egmaweb/classwithtostring.php' not found or unable to stat
[Mon Feb 23 01:18:06.034096 2026] [php:error] [pid 1457] [client 158.158.33.103:0] script '/domains/egmaweb/by.php' not found or unable to stat
[Mon Feb 23 01:18:06.299400 2026] [php:error] [pid 1457] [client 158.158.33.103:0] script '/domains/egmaweb/simple.php' not found or unable to stat
[Mon Feb 23 01:18:06.565130 2026] [php:error] [pid 1457] [client 158.158.33.103:0] script '/domains/egmaweb/confq.php' not found or unable to stat
[Mon Feb 23 01:18:06.869572 2026] [php:error] [pid 1457] [client 158.158.33.103:0] script '/domains/egmaweb/404.php' not found or unable to stat
[Mon Feb 23 01:18:06.953280 2026] [php:error] [pid 1457] [client 158.158.33.103:0] script '/domains/egmaweb/35.php' not found or unable to stat
[Mon Feb 23 01:18:07.134304 2026] [php:error] [pid 1457] [client 158.158.33.103:0] script '/domains/egmaweb/sx.php' not found or unable to stat
[Mon Feb 23 01:18:07.218231 2026] [php:error] [pid 1457] [client 158.158.33.103:0] script '/domains/egmaweb/gettest.php' not found or unable to stat
[Mon Feb 23 01:18:07.335908 2026] [php:error] [pid 1467] [client 104.243.245.5:0] script '/domains/astweb/hehehehe.php' not found or unable to stat
[Mon Feb 23 01:18:07.408725 2026] [php:error] [pid 1457] [client 158.158.33.103:0] script '/domains/egmaweb/reze.php' not found or unable to stat
[Mon Feb 23 01:18:07.492681 2026] [php:error] [pid 1457] [client 158.158.33.103:0] script '/domains/egmaweb/ioxi.php' not found or unable to stat
[Mon Feb 23 01:18:07.663002 2026] [php:error] [pid 1457] [client 158.158.33.103:0] script '/domains/egmaweb/g.php' not found or unable to stat
[Mon Feb 23 01:18:07.747851 2026] [php:error] [pid 1457] [client 158.158.33.103:0] script '/domains/egmaweb/az.php' not found or unable to stat
[Mon Feb 23 01:18:07.928403 2026] [php:error] [pid 1457] [client 158.158.33.103:0] script '/domains/egmaweb/app.php' not found or unable to stat
[Mon Feb 23 01:18:08.011789 2026] [php:error] [pid 1457] [client 158.158.33.103:0] script '/domains/egmaweb/aboutc.php' not found or unable to stat
[Mon Feb 23 01:18:08.103819 2026] [php:error] [pid 1457] [client 158.158.33.103:0] script '/domains/egmaweb/elp.php' not found or unable to stat
[Mon Feb 23 01:18:13.099554 2026] [php:error] [pid 1446] [client 104.243.245.5:0] script '/domains/astweb/byp.php' not found or unable to stat
[Mon Feb 23 01:18:14.545843 2026] [php:error] [pid 1446] [client 104.243.245.5:0] script '/domains/astweb/cgi-bin/install.php' not found or unable to stat
[Mon Feb 23 01:18:15.056045 2026] [php:error] [pid 1446] [client 104.243.245.5:0] script '/domains/astweb/class.api.php' not found or unable to stat
[Mon Feb 23 01:18:15.500909 2026] [php:error] [pid 1446] [client 104.243.245.5:0] script '/domains/astweb/system_log.php' not found or unable to stat
[Mon Feb 23 01:18:15.665576 2026] [php:error] [pid 1446] [client 104.243.245.5:0] script '/domains/astweb/.alf.php' not found or unable to stat
[Mon Feb 23 01:18:15.842295 2026] [php:error] [pid 1446] [client 104.243.245.5:0] script '/domains/astweb/wso.php' not found or unable to stat
[Mon Feb 23 01:18:16.216481 2026] [php:error] [pid 1446] [client 104.243.245.5:0] script '/domains/astweb/flower.php' not found or unable to stat
[Mon Feb 23 01:18:16.483284 2026] [php:error] [pid 1467] [client 172.213.17.83:0] script '/domains/system_default/a332.php' not found or unable to stat
[Mon Feb 23 01:18:16.576089 2026] [php:error] [pid 1467] [client 172.213.17.83:0] script '/domains/system_default/bootstrap.php' not found or unable to stat
[Mon Feb 23 01:18:16.668597 2026] [php:error] [pid 1467] [client 172.213.17.83:0] script '/domains/system_default/f2.php' not found or unable to stat
[Mon Feb 23 01:18:16.761346 2026] [php:error] [pid 1467] [client 172.213.17.83:0] script '/domains/system_default/to.php' not found or unable to stat
[Mon Feb 23 01:18:16.853713 2026] [php:error] [pid 1467] [client 172.213.17.83:0] script '/domains/system_default/inege.php' not found or unable to stat
[Mon Feb 23 01:18:16.946018 2026] [php:error] [pid 1467] [client 172.213.17.83:0] script '/domains/system_default/thui.php' not found or unable to stat
[Mon Feb 23 01:18:17.038692 2026] [php:error] [pid 1467] [client 172.213.17.83:0] script '/domains/system_default/8.php' not found or unable to stat
[Mon Feb 23 01:18:17.104743 2026] [php:error] [pid 1446] [client 104.243.245.5:0] script '/domains/astweb/ioxi-o.php' not found or unable to stat
[Mon Feb 23 01:18:17.130613 2026] [php:error] [pid 1467] [client 172.213.17.83:0] script '/domains/system_default/fresh3.php' not found or unable to stat
[Mon Feb 23 01:18:17.222455 2026] [php:error] [pid 1467] [client 172.213.17.83:0] script '/domains/system_default/selesai.php' not found or unable to stat
[Mon Feb 23 01:18:17.264361 2026] [php:error] [pid 1446] [client 104.243.245.5:0] script '/domains/astweb/info.php' not found or unable to stat
[Mon Feb 23 01:18:17.314102 2026] [php:error] [pid 1467] [client 172.213.17.83:0] script '/domains/system_default/xs.php' not found or unable to stat
[Mon Feb 23 01:18:17.406245 2026] [php:error] [pid 1467] [client 172.213.17.83:0] script '/domains/system_default/maraz.php' not found or unable to stat
[Mon Feb 23 01:18:17.498397 2026] [php:error] [pid 1467] [client 172.213.17.83:0] script '/domains/system_default/ws66.php' not found or unable to stat
[Mon Feb 23 01:18:17.591333 2026] [php:error] [pid 1467] [client 172.213.17.83:0] script '/domains/system_default/erty.php' not found or unable to stat
[Mon Feb 23 01:18:17.683655 2026] [php:error] [pid 1467] [client 172.213.17.83:0] script '/domains/system_default/24.php' not found or unable to stat
[Mon Feb 23 01:18:17.775434 2026] [php:error] [pid 1467] [client 172.213.17.83:0] script '/domains/system_default/bzjdlofz.php' not found or unable to stat
[Mon Feb 23 01:18:17.838695 2026] [php:error] [pid 1446] [client 104.243.245.5:0] script '/domains/astweb/setup.php' not found or unable to stat
[Mon Feb 23 01:18:17.867734 2026] [php:error] [pid 1467] [client 172.213.17.83:0] script '/domains/system_default/sbhu.php' not found or unable to stat
[Mon Feb 23 01:18:17.959586 2026] [php:error] [pid 1467] [client 172.213.17.83:0] script '/domains/system_default/wp-blogs.php' not found or unable to stat
[Mon Feb 23 01:18:18.051732 2026] [php:error] [pid 1467] [client 172.213.17.83:0] script '/domains/system_default/fetch.php' not found or unable to stat
[Mon Feb 23 01:18:18.143920 2026] [php:error] [pid 1467] [client 172.213.17.83:0] script '/domains/system_default/bolt.php' not found or unable to stat
[Mon Feb 23 01:18:18.235704 2026] [php:error] [pid 1467] [client 172.213.17.83:0] script '/domains/system_default/tfm.php' not found or unable to stat
[Mon Feb 23 01:18:18.327310 2026] [php:error] [pid 1467] [client 172.213.17.83:0] script '/domains/system_default/ak.php' not found or unable to stat
[Mon Feb 23 01:18:18.419067 2026] [php:error] [pid 1467] [client 172.213.17.83:0] script '/domains/system_default/wp-style.php' not found or unable to stat
[Mon Feb 23 01:18:18.511074 2026] [php:error] [pid 1467] [client 172.213.17.83:0] script '/domains/system_default/0x0x.php' not found or unable to stat
[Mon Feb 23 01:18:18.603032 2026] [php:error] [pid 1467] [client 172.213.17.83:0] script '/domains/system_default/0byte.php' not found or unable to stat
[Mon Feb 23 01:18:18.686009 2026] [php:error] [pid 1446] [client 104.243.245.5:0] script '/domains/astweb/as.php' not found or unable to stat
[Mon Feb 23 01:18:18.695448 2026] [php:error] [pid 1467] [client 172.213.17.83:0] script '/domains/system_default/a4.php' not found or unable to stat
[Mon Feb 23 01:18:18.787624 2026] [php:error] [pid 1467] [client 172.213.17.83:0] script '/domains/system_default/logs1.php' not found or unable to stat
[Mon Feb 23 01:18:18.879431 2026] [php:error] [pid 1467] [client 172.213.17.83:0] script '/domains/system_default/35.php' not found or unable to stat
[Mon Feb 23 01:18:18.971630 2026] [php:error] [pid 1467] [client 172.213.17.83:0] script '/domains/system_default/lanka.php' not found or unable to stat
[Mon Feb 23 01:18:19.063594 2026] [php:error] [pid 1467] [client 172.213.17.83:0] script '/domains/system_default/knmt.php' not found or unable to stat
[Mon Feb 23 01:18:19.155581 2026] [php:error] [pid 1467] [client 172.213.17.83:0] script '/domains/system_default/ioxi.php' not found or unable to stat
[Mon Feb 23 01:18:19.247270 2026] [php:error] [pid 1446] [client 104.243.245.5:0] script '/domains/astweb/cc.php' not found or unable to stat
[Mon Feb 23 01:18:19.247556 2026] [php:error] [pid 1467] [client 172.213.17.83:0] script '/domains/system_default/lkui.php' not found or unable to stat
[Mon Feb 23 01:18:19.339601 2026] [php:error] [pid 1467] [client 172.213.17.83:0] script '/domains/system_default/grsiuk.php' not found or unable to stat
[Mon Feb 23 01:18:19.523596 2026] [php:error] [pid 1467] [client 172.213.17.83:0] script '/domains/system_default/Geforce.php' not found or unable to stat
[Mon Feb 23 01:18:19.535082 2026] [php:error] [pid 1446] [client 104.243.245.5:0] script '/domains/astweb/ab.php' not found or unable to stat
[Mon Feb 23 01:18:19.615912 2026] [php:error] [pid 1467] [client 172.213.17.83:0] script '/domains/system_default/easy.php' not found or unable to stat
[Mon Feb 23 01:18:19.707611 2026] [php:error] [pid 1467] [client 172.213.17.83:0] script '/domains/system_default/s1.php' not found or unable to stat
[Mon Feb 23 01:18:19.799250 2026] [php:error] [pid 1467] [client 172.213.17.83:0] script '/domains/system_default/cc13.php' not found or unable to stat
[Mon Feb 23 01:18:19.891141 2026] [php:error] [pid 1467] [client 172.213.17.83:0] script '/domains/system_default/06.php' not found or unable to stat
[Mon Feb 23 01:18:19.983268 2026] [php:error] [pid 1467] [client 172.213.17.83:0] script '/domains/system_default/t.php' not found or unable to stat
[Mon Feb 23 01:18:20.075292 2026] [php:error] [pid 1467] [client 172.213.17.83:0] script '/domains/system_default/export.php' not found or unable to stat
[Mon Feb 23 01:18:20.087898 2026] [php:error] [pid 1446] [client 104.243.245.5:0] script '/domains/astweb/doc.php' not found or unable to stat
[Mon Feb 23 01:18:20.167187 2026] [php:error] [pid 1467] [client 172.213.17.83:0] script '/domains/system_default/xxw.php' not found or unable to stat
[Mon Feb 23 01:18:20.259685 2026] [php:error] [pid 1467] [client 172.213.17.83:0] script '/domains/system_default/term.php' not found or unable to stat
[Mon Feb 23 01:18:20.351523 2026] [php:error] [pid 1467] [client 172.213.17.83:0] script '/domains/system_default/num.php' not found or unable to stat
[Mon Feb 23 01:18:20.446960 2026] [php:error] [pid 1467] [client 172.213.17.83:0] script '/domains/system_default/file.php' not found or unable to stat
[Mon Feb 23 01:18:20.539097 2026] [php:error] [pid 1467] [client 172.213.17.83:0] script '/domains/system_default/403.php' not found or unable to stat
[Mon Feb 23 01:18:20.631129 2026] [php:error] [pid 1467] [client 172.213.17.83:0] script '/domains/system_default/ccu.php' not found or unable to stat
[Mon Feb 23 01:18:20.687986 2026] [php:error] [pid 1446] [client 104.243.245.5:0] script '/domains/astweb/wp-login.php' not found or unable to stat
[Mon Feb 23 01:18:20.722873 2026] [php:error] [pid 1467] [client 172.213.17.83:0] script '/domains/system_default/155.php' not found or unable to stat
[Mon Feb 23 01:18:20.814691 2026] [php:error] [pid 1467] [client 172.213.17.83:0] script '/domains/system_default/xsox.php' not found or unable to stat
[Mon Feb 23 01:18:20.832933 2026] [php:error] [pid 1446] [client 104.243.245.5:0] script '/domains/astweb/mar.php' not found or unable to stat
[Mon Feb 23 01:18:20.906851 2026] [php:error] [pid 1467] [client 172.213.17.83:0] script '/domains/system_default/wen.php' not found or unable to stat
[Mon Feb 23 01:18:20.999135 2026] [php:error] [pid 1467] [client 172.213.17.83:0] script '/domains/system_default/bgymj.php' not found or unable to stat
[Mon Feb 23 01:18:21.091070 2026] [php:error] [pid 1467] [client 172.213.17.83:0] script '/domains/system_default/gk.php' not found or unable to stat
[Mon Feb 23 01:18:21.182709 2026] [php:error] [pid 1467] [client 172.213.17.83:0] script '/domains/system_default/zoo.php' not found or unable to stat
[Mon Feb 23 01:18:21.274336 2026] [php:error] [pid 1467] [client 172.213.17.83:0] script '/domains/system_default/zxekqlxb.php' not found or unable to stat
[Mon Feb 23 01:18:21.367076 2026] [php:error] [pid 1467] [client 172.213.17.83:0] script '/domains/system_default/wp-scr1pts.php' not found or unable to stat
[Mon Feb 23 01:18:21.440056 2026] [php:error] [pid 1446] [client 104.243.245.5:0] script '/domains/astweb/1.php' not found or unable to stat
[Mon Feb 23 01:18:21.459386 2026] [php:error] [pid 1467] [client 172.213.17.83:0] script '/domains/system_default/shlo.php' not found or unable to stat
[Mon Feb 23 01:18:21.551813 2026] [php:error] [pid 1467] [client 172.213.17.83:0] script '/domains/system_default/166.php' not found or unable to stat
[Mon Feb 23 01:18:21.643746 2026] [php:error] [pid 1467] [client 172.213.17.83:0] script '/domains/system_default/gdn.php' not found or unable to stat
[Mon Feb 23 01:18:21.735635 2026] [php:error] [pid 1467] [client 172.213.17.83:0] script '/domains/system_default/6bcwiqwj.php' not found or unable to stat
[Mon Feb 23 01:18:21.828307 2026] [php:error] [pid 1467] [client 172.213.17.83:0] script '/domains/system_default/mar.php' not found or unable to stat
[Mon Feb 23 01:18:21.920606 2026] [php:error] [pid 1467] [client 172.213.17.83:0] script '/domains/system_default/ws69.php' not found or unable to stat
[Mon Feb 23 01:18:22.012654 2026] [php:error] [pid 1467] [client 172.213.17.83:0] script '/domains/system_default/amp.php' not found or unable to stat
[Mon Feb 23 01:18:22.104722 2026] [php:error] [pid 1467] [client 172.213.17.83:0] script '/domains/system_default/gettest.php' not found or unable to stat
[Mon Feb 23 01:18:22.197510 2026] [php:error] [pid 1467] [client 172.213.17.83:0] script '/domains/system_default/Jcrop.php' not found or unable to stat
[Mon Feb 23 01:18:22.289774 2026] [php:error] [pid 1467] [client 172.213.17.83:0] script '/domains/system_default/wp-act.php' not found or unable to stat
[Mon Feb 23 01:18:22.382117 2026] [php:error] [pid 1467] [client 172.213.17.83:0] script '/domains/system_default/wp-link10.php' not found or unable to stat
[Mon Feb 23 01:18:22.474134 2026] [php:error] [pid 1467] [client 172.213.17.83:0] script '/domains/system_default/ff1.php' not found or unable to stat
[Mon Feb 23 01:18:22.566437 2026] [php:error] [pid 1467] [client 172.213.17.83:0] script '/domains/system_default/lib.php' not found or unable to stat
[Mon Feb 23 01:18:22.658466 2026] [php:error] [pid 1467] [client 172.213.17.83:0] script '/domains/system_default/Ov-Simple1.php' not found or unable to stat
[Mon Feb 23 01:18:22.750354 2026] [php:error] [pid 1467] [client 172.213.17.83:0] script '/domains/system_default/ccs.php' not found or unable to stat
[Mon Feb 23 01:18:22.842351 2026] [php:error] [pid 1467] [client 172.213.17.83:0] script '/domains/system_default/mini.php' not found or unable to stat
[Mon Feb 23 01:18:22.934241 2026] [php:error] [pid 1467] [client 172.213.17.83:0] script '/domains/system_default/xr.php' not found or unable to stat
[Mon Feb 23 01:18:22.987131 2026] [php:error] [pid 1446] [client 104.243.245.5:0] script '/domains/astweb/fm.php' not found or unable to stat
[Mon Feb 23 01:18:23.026119 2026] [php:error] [pid 1467] [client 172.213.17.83:0] script '/domains/system_default/baixy.php' not found or unable to stat
[Mon Feb 23 01:18:23.118273 2026] [php:error] [pid 1467] [client 172.213.17.83:0] script '/domains/system_default/rtx.php' not found or unable to stat
[Mon Feb 23 01:18:23.209985 2026] [php:error] [pid 1467] [client 172.213.17.83:0] script '/domains/system_default/666.php' not found or unable to stat
[Mon Feb 23 01:18:23.301793 2026] [php:error] [pid 1467] [client 172.213.17.83:0] script '/domains/system_default/h2a2ck.php' not found or unable to stat
[Mon Feb 23 01:18:23.393600 2026] [php:error] [pid 1467] [client 172.213.17.83:0] script '/domains/system_default/cytyr.php' not found or unable to stat
