[Mon Feb 23 01:10:49.714137 2026] [php:error] [pid 1403] [client 20.48.26.117:0] script '/domains/astrosfm/login5.php' not found or unable to stat
[Mon Feb 23 01:10:49.765198 2026] [php:error] [pid 1414] [client 172.182.206.241:0] script '/domains/peterbmiller/06.php' not found or unable to stat
[Mon Feb 23 01:10:49.826762 2026] [php:error] [pid 1414] [client 172.182.206.241:0] script '/domains/peterbmiller/classwithtostring.php' not found or unable to stat
[Mon Feb 23 01:10:49.888325 2026] [php:error] [pid 1414] [client 172.182.206.241:0] script '/domains/peterbmiller/fot.php' not found or unable to stat
[Mon Feb 23 01:10:49.949827 2026] [php:error] [pid 1414] [client 172.182.206.241:0] script '/domains/peterbmiller/ff1.php' not found or unable to stat
[Mon Feb 23 01:10:50.011097 2026] [php:error] [pid 1414] [client 172.182.206.241:0] script '/domains/peterbmiller/forbidals.php' not found or unable to stat
[Mon Feb 23 01:10:50.072594 2026] [php:error] [pid 1414] [client 172.182.206.241:0] script '/domains/peterbmiller/erty.php' not found or unable to stat
[Mon Feb 23 01:10:50.134201 2026] [php:error] [pid 1414] [client 172.182.206.241:0] script '/domains/peterbmiller/dev1s.php' not found or unable to stat
[Mon Feb 23 01:10:50.195626 2026] [php:error] [pid 1414] [client 172.182.206.241:0] script '/domains/peterbmiller/ffd.php' not found or unable to stat
[Mon Feb 23 01:10:50.257037 2026] [php:error] [pid 1414] [client 172.182.206.241:0] script '/domains/peterbmiller/admiin.php' not found or unable to stat
[Mon Feb 23 01:10:50.318591 2026] [php:error] [pid 1414] [client 172.182.206.241:0] script '/domains/peterbmiller/ol.php' not found or unable to stat
[Mon Feb 23 01:10:50.379930 2026] [php:error] [pid 1414] [client 172.182.206.241:0] script '/domains/peterbmiller/Sanskrit.php' not found or unable to stat
[Mon Feb 23 01:10:50.441398 2026] [php:error] [pid 1414] [client 172.182.206.241:0] script '/domains/peterbmiller/vxrl.php' not found or unable to stat
[Mon Feb 23 01:10:50.445707 2026] [php:error] [pid 1403] [client 20.48.26.117:0] script '/domains/astrosfm/cu.php' not found or unable to stat
[Mon Feb 23 01:10:50.503172 2026] [php:error] [pid 1414] [client 172.182.206.241:0] script '/domains/peterbmiller/re.php' not found or unable to stat
[Mon Feb 23 01:10:50.564687 2026] [php:error] [pid 1414] [client 172.182.206.241:0] script '/domains/peterbmiller/num.php' not found or unable to stat
[Mon Feb 23 01:10:50.603642 2026] [php:error] [pid 1403] [client 20.48.26.117:0] script '/domains/astrosfm/lul.php' not found or unable to stat
[Mon Feb 23 01:10:50.625926 2026] [php:error] [pid 1414] [client 172.182.206.241:0] script '/domains/peterbmiller/makeasmtp.php' not found or unable to stat
[Mon Feb 23 01:10:50.687156 2026] [php:error] [pid 1414] [client 172.182.206.241:0] script '/domains/peterbmiller/vxrl.php' not found or unable to stat
[Mon Feb 23 01:10:50.748624 2026] [php:error] [pid 1414] [client 172.182.206.241:0] script '/domains/peterbmiller/in.php' not found or unable to stat
[Mon Feb 23 01:10:50.761259 2026] [php:error] [pid 1403] [client 20.48.26.117:0] script '/domains/astrosfm/0.php' not found or unable to stat
[Mon Feb 23 01:10:50.809850 2026] [php:error] [pid 1414] [client 172.182.206.241:0] script '/domains/peterbmiller/style.php' not found or unable to stat
[Mon Feb 23 01:10:50.871222 2026] [php:error] [pid 1414] [client 172.182.206.241:0] script '/domains/peterbmiller/we.php' not found or unable to stat
[Mon Feb 23 01:10:50.932941 2026] [php:error] [pid 1414] [client 172.182.206.241:0] script '/domains/peterbmiller/zwso.php' not found or unable to stat
[Mon Feb 23 01:10:50.994351 2026] [php:error] [pid 1414] [client 172.182.206.241:0] script '/domains/peterbmiller/karak.php' not found or unable to stat
[Mon Feb 23 01:10:50.999628 2026] [php:error] [pid 1403] [client 20.48.26.117:0] script '/domains/astrosfm/ms-edit.php' not found or unable to stat
[Mon Feb 23 01:10:51.055988 2026] [php:error] [pid 1414] [client 172.182.206.241:0] script '/domains/peterbmiller/prv8.php' not found or unable to stat
[Mon Feb 23 01:10:51.166518 2026] [php:error] [pid 1403] [client 20.48.26.117:0] script '/domains/astrosfm/grsiuk.php' not found or unable to stat
[Mon Feb 23 01:10:51.180126 2026] [php:error] [pid 1414] [client 172.182.206.241:0] script '/domains/peterbmiller/a.php' not found or unable to stat
[Mon Feb 23 01:10:51.241732 2026] [php:error] [pid 1414] [client 172.182.206.241:0] script '/domains/peterbmiller/xmlrpc.php' not found or unable to stat
[Mon Feb 23 01:10:51.303214 2026] [php:error] [pid 1414] [client 172.182.206.241:0] script '/domains/peterbmiller/aw.php' not found or unable to stat
[Mon Feb 23 01:10:51.324440 2026] [php:error] [pid 1403] [client 20.48.26.117:0] script '/domains/astrosfm/wp-blog.php' not found or unable to stat
[Mon Feb 23 01:10:51.364636 2026] [php:error] [pid 1414] [client 172.182.206.241:0] script '/domains/peterbmiller/dev.php' not found or unable to stat
[Mon Feb 23 01:10:51.426221 2026] [php:error] [pid 1414] [client 172.182.206.241:0] script '/domains/peterbmiller/lock360.php' not found or unable to stat
[Mon Feb 23 01:10:51.487515 2026] [php:error] [pid 1414] [client 172.182.206.241:0] script '/domains/peterbmiller/155.php' not found or unable to stat
[Mon Feb 23 01:10:51.532929 2026] [php:error] [pid 1403] [client 20.48.26.117:0] script '/domains/astrosfm/wp-access.php' not found or unable to stat
[Mon Feb 23 01:10:51.548914 2026] [php:error] [pid 1414] [client 172.182.206.241:0] script '/domains/peterbmiller/goat.php' not found or unable to stat
[Mon Feb 23 01:10:51.610300 2026] [php:error] [pid 1414] [client 172.182.206.241:0] script '/domains/peterbmiller/tcp.php' not found or unable to stat
[Mon Feb 23 01:10:51.671836 2026] [php:error] [pid 1414] [client 172.182.206.241:0] script '/domains/peterbmiller/ext.php' not found or unable to stat
[Mon Feb 23 01:10:51.733329 2026] [php:error] [pid 1414] [client 172.182.206.241:0] script '/domains/peterbmiller/inputs.php' not found or unable to stat
[Mon Feb 23 01:10:51.746073 2026] [php:error] [pid 1403] [client 20.48.26.117:0] script '/domains/astrosfm/a1vx.php' not found or unable to stat
[Mon Feb 23 01:10:51.795056 2026] [php:error] [pid 1414] [client 172.182.206.241:0] script '/domains/peterbmiller/ioxi.php' not found or unable to stat
[Mon Feb 23 01:10:51.856435 2026] [php:error] [pid 1414] [client 172.182.206.241:0] script '/domains/peterbmiller/fe5.php' not found or unable to stat
[Mon Feb 23 01:10:51.917953 2026] [php:error] [pid 1414] [client 172.182.206.241:0] script '/domains/peterbmiller/ov.php' not found or unable to stat
[Mon Feb 23 01:10:51.927264 2026] [php:error] [pid 1403] [client 20.48.26.117:0] script '/domains/astrosfm/sbhu.php' not found or unable to stat
[Mon Feb 23 01:10:52.040694 2026] [php:error] [pid 1414] [client 172.182.206.241:0] script '/domains/peterbmiller/default.php' not found or unable to stat
[Mon Feb 23 01:10:52.085189 2026] [php:error] [pid 1403] [client 20.48.26.117:0] script '/domains/astrosfm/wp-the.php' not found or unable to stat
[Mon Feb 23 01:10:52.102010 2026] [php:error] [pid 1414] [client 172.182.206.241:0] script '/domains/peterbmiller/goods.php' not found or unable to stat
[Mon Feb 23 01:10:52.163232 2026] [php:error] [pid 1414] [client 172.182.206.241:0] script '/domains/peterbmiller/abcd.php' not found or unable to stat
[Mon Feb 23 01:10:52.224826 2026] [php:error] [pid 1414] [client 172.182.206.241:0] script '/domains/peterbmiller/class.1.php' not found or unable to stat
[Mon Feb 23 01:10:52.242670 2026] [php:error] [pid 1403] [client 20.48.26.117:0] script '/domains/astrosfm/06.php' not found or unable to stat
[Mon Feb 23 01:10:52.286399 2026] [php:error] [pid 1414] [client 172.182.206.241:0] script '/domains/peterbmiller/async.php' not found or unable to stat
[Mon Feb 23 01:10:52.347800 2026] [php:error] [pid 1414] [client 172.182.206.241:0] script '/domains/peterbmiller/ff.php' not found or unable to stat
[Mon Feb 23 01:10:52.408926 2026] [php:error] [pid 1414] [client 172.182.206.241:0] script '/domains/peterbmiller/ioxi-o.php' not found or unable to stat
[Mon Feb 23 01:10:52.411765 2026] [php:error] [pid 1403] [client 20.48.26.117:0] script '/domains/astrosfm/classwithtostring.php' not found or unable to stat
[Mon Feb 23 01:10:52.470181 2026] [php:error] [pid 1414] [client 172.182.206.241:0] script '/domains/peterbmiller/manager.php' not found or unable to stat
[Mon Feb 23 01:10:52.531649 2026] [php:error] [pid 1414] [client 172.182.206.241:0] script '/domains/peterbmiller/wp-update.php' not found or unable to stat
[Mon Feb 23 01:10:52.583841 2026] [php:error] [pid 1403] [client 20.48.26.117:0] script '/domains/astrosfm/fot.php' not found or unable to stat
[Mon Feb 23 01:10:52.593363 2026] [php:error] [pid 1414] [client 172.182.206.241:0] script '/domains/peterbmiller/file.php' not found or unable to stat
[Mon Feb 23 01:10:52.654713 2026] [php:error] [pid 1414] [client 172.182.206.241:0] script '/domains/peterbmiller/lc.php' not found or unable to stat
[Mon Feb 23 01:10:52.715994 2026] [php:error] [pid 1414] [client 172.182.206.241:0] script '/domains/peterbmiller/cbrfo.php' not found or unable to stat
[Mon Feb 23 01:10:52.754555 2026] [php:error] [pid 1403] [client 20.48.26.117:0] script '/domains/astrosfm/ff1.php' not found or unable to stat
[Mon Feb 23 01:10:52.777350 2026] [php:error] [pid 1414] [client 172.182.206.241:0] script '/domains/peterbmiller/inc.php' not found or unable to stat
[Mon Feb 23 01:10:52.912164 2026] [php:error] [pid 1403] [client 20.48.26.117:0] script '/domains/astrosfm/forbidals.php' not found or unable to stat
[Mon Feb 23 01:10:53.069610 2026] [php:error] [pid 1403] [client 20.48.26.117:0] script '/domains/astrosfm/erty.php' not found or unable to stat
[Mon Feb 23 01:10:53.236317 2026] [php:error] [pid 1403] [client 20.48.26.117:0] script '/domains/astrosfm/dev1s.php' not found or unable to stat
[Mon Feb 23 01:10:53.286735 2026] [php:error] [pid 1406] [client 172.182.206.241:0] script '/domains/peterbmiller/gifclass.php' not found or unable to stat
[Mon Feb 23 01:10:53.352791 2026] [php:error] [pid 1406] [client 172.182.206.241:0] script '/domains/peterbmiller/miansha.php' not found or unable to stat
[Mon Feb 23 01:10:53.399748 2026] [php:error] [pid 1403] [client 20.48.26.117:0] script '/domains/astrosfm/ffd.php' not found or unable to stat
[Mon Feb 23 01:10:53.418834 2026] [php:error] [pid 1406] [client 172.182.206.241:0] script '/domains/peterbmiller/tinyfilemanager.php' not found or unable to stat
[Mon Feb 23 01:10:53.484950 2026] [php:error] [pid 1406] [client 172.182.206.241:0] script '/domains/peterbmiller/admin.php' not found or unable to stat
[Mon Feb 23 01:10:53.551170 2026] [php:error] [pid 1406] [client 172.182.206.241:0] script '/domains/peterbmiller/ok.php' not found or unable to stat
[Mon Feb 23 01:10:53.557072 2026] [php:error] [pid 1403] [client 20.48.26.117:0] script '/domains/astrosfm/admiin.php' not found or unable to stat
[Mon Feb 23 01:10:53.617186 2026] [php:error] [pid 1406] [client 172.182.206.241:0] script '/domains/peterbmiller/fi.php' not found or unable to stat
[Mon Feb 23 01:10:53.683250 2026] [php:error] [pid 1406] [client 172.182.206.241:0] script '/domains/peterbmiller/muzu.php' not found or unable to stat
[Mon Feb 23 01:10:53.714326 2026] [php:error] [pid 1403] [client 20.48.26.117:0] script '/domains/astrosfm/ol.php' not found or unable to stat
[Mon Feb 23 01:10:53.749412 2026] [php:error] [pid 1406] [client 172.182.206.241:0] script '/domains/peterbmiller/reze.php' not found or unable to stat
[Mon Feb 23 01:10:53.815511 2026] [php:error] [pid 1406] [client 172.182.206.241:0] script '/domains/peterbmiller/styll.php' not found or unable to stat
[Mon Feb 23 01:10:53.879960 2026] [php:error] [pid 1403] [client 20.48.26.117:0] script '/domains/astrosfm/Sanskrit.php' not found or unable to stat
[Mon Feb 23 01:10:53.881420 2026] [php:error] [pid 1406] [client 172.182.206.241:0] script '/domains/peterbmiller/x7.php' not found or unable to stat
[Mon Feb 23 01:10:53.947726 2026] [php:error] [pid 1406] [client 172.182.206.241:0] script '/domains/peterbmiller/thebe.php' not found or unable to stat
[Mon Feb 23 01:10:54.013889 2026] [php:error] [pid 1406] [client 172.182.206.241:0] script '/domains/peterbmiller/ddd.php' not found or unable to stat
[Mon Feb 23 01:10:54.042721 2026] [php:error] [pid 1403] [client 20.48.26.117:0] script '/domains/astrosfm/vxrl.php' not found or unable to stat
[Mon Feb 23 01:10:54.080309 2026] [php:error] [pid 1406] [client 172.182.206.241:0] script '/domains/peterbmiller/bgymj.php' not found or unable to stat
[Mon Feb 23 01:10:54.211707 2026] [php:error] [pid 1406] [client 172.182.206.241:0] script '/domains/peterbmiller/ioxi.php' not found or unable to stat
[Mon Feb 23 01:10:54.224582 2026] [php:error] [pid 1403] [client 20.48.26.117:0] script '/domains/astrosfm/re.php' not found or unable to stat
[Mon Feb 23 01:10:54.277897 2026] [php:error] [pid 1406] [client 172.182.206.241:0] script '/domains/peterbmiller/xpwer1.php' not found or unable to stat
[Mon Feb 23 01:10:54.343947 2026] [php:error] [pid 1406] [client 172.182.206.241:0] script '/domains/peterbmiller/lala.php' not found or unable to stat
[Mon Feb 23 01:10:54.409915 2026] [php:error] [pid 1406] [client 172.182.206.241:0] script '/domains/peterbmiller/about.php' not found or unable to stat
[Mon Feb 23 01:10:54.506852 2026] [php:error] [pid 1403] [client 20.48.26.117:0] script '/domains/astrosfm/num.php' not found or unable to stat
[Mon Feb 23 01:10:54.669617 2026] [php:error] [pid 1403] [client 20.48.26.117:0] script '/domains/astrosfm/makeasmtp.php' not found or unable to stat
[Mon Feb 23 01:10:54.739523 2026] [php:error] [pid 1406] [client 172.182.206.241:0] script '/domains/peterbmiller/info.php' not found or unable to stat
[Mon Feb 23 01:10:54.805476 2026] [php:error] [pid 1406] [client 172.182.206.241:0] script '/domains/peterbmiller/about.php' not found or unable to stat
[Mon Feb 23 01:10:54.839663 2026] [php:error] [pid 1403] [client 20.48.26.117:0] script '/domains/astrosfm/vxrl.php' not found or unable to stat
[Mon Feb 23 01:10:54.937946 2026] [php:error] [pid 1406] [client 172.182.206.241:0] script '/domains/peterbmiller/222.php' not found or unable to stat
[Mon Feb 23 01:10:55.004052 2026] [php:error] [pid 1406] [client 172.182.206.241:0] script '/domains/peterbmiller/adminfuns.php' not found or unable to stat
[Mon Feb 23 01:10:55.026581 2026] [php:error] [pid 1403] [client 20.48.26.117:0] script '/domains/astrosfm/in.php' not found or unable to stat
[Mon Feb 23 01:10:55.136423 2026] [php:error] [pid 1406] [client 172.182.206.241:0] script '/domains/peterbmiller/xx.php' not found or unable to stat
[Mon Feb 23 01:10:55.193464 2026] [php:error] [pid 1403] [client 20.48.26.117:0] script '/domains/astrosfm/style.php' not found or unable to stat
[Mon Feb 23 01:10:55.268540 2026] [php:error] [pid 1406] [client 172.182.206.241:0] script '/domains/peterbmiller/f5.php' not found or unable to stat
[Mon Feb 23 01:10:55.334868 2026] [php:error] [pid 1406] [client 172.182.206.241:0] script '/domains/peterbmiller/flower.php' not found or unable to stat
[Mon Feb 23 01:10:55.351238 2026] [php:error] [pid 1403] [client 20.48.26.117:0] script '/domains/astrosfm/we.php' not found or unable to stat
[Mon Feb 23 01:10:55.400824 2026] [php:error] [pid 1406] [client 172.182.206.241:0] script '/domains/peterbmiller/f6.php' not found or unable to stat
[Mon Feb 23 01:10:55.467283 2026] [php:error] [pid 1406] [client 172.182.206.241:0] script '/domains/peterbmiller/edit.php' not found or unable to stat
[Mon Feb 23 01:10:55.508705 2026] [php:error] [pid 1403] [client 20.48.26.117:0] script '/domains/astrosfm/zwso.php' not found or unable to stat
[Mon Feb 23 01:10:55.665079 2026] [php:error] [pid 1406] [client 172.182.206.241:0] script '/domains/peterbmiller/av.php' not found or unable to stat
[Mon Feb 23 01:10:55.674465 2026] [php:error] [pid 1403] [client 20.48.26.117:0] script '/domains/astrosfm/karak.php' not found or unable to stat
[Mon Feb 23 01:10:55.796746 2026] [php:error] [pid 1406] [client 172.182.206.241:0] script '/domains/peterbmiller/wsd.php' not found or unable to stat
[Mon Feb 23 01:10:55.834158 2026] [php:error] [pid 1403] [client 20.48.26.117:0] script '/domains/astrosfm/prv8.php' not found or unable to stat
[Mon Feb 23 01:10:55.862857 2026] [php:error] [pid 1406] [client 172.182.206.241:0] script '/domains/peterbmiller/jane.php' not found or unable to stat
[Mon Feb 23 01:10:55.929032 2026] [php:error] [pid 1406] [client 172.182.206.241:0] script '/domains/peterbmiller/css.php' not found or unable to stat
[Mon Feb 23 01:10:55.995001 2026] [php:error] [pid 1406] [client 172.182.206.241:0] script '/domains/peterbmiller/alfa.php' not found or unable to stat
[Mon Feb 23 01:10:56.060927 2026] [php:error] [pid 1406] [client 172.182.206.241:0] script '/domains/peterbmiller/abe.php' not found or unable to stat
[Mon Feb 23 01:10:56.126791 2026] [php:error] [pid 1406] [client 172.182.206.241:0] script '/domains/peterbmiller/x.php' not found or unable to stat
[Mon Feb 23 01:10:56.155285 2026] [php:error] [pid 1403] [client 20.48.26.117:0] script '/domains/astrosfm/a.php' not found or unable to stat
[Mon Feb 23 01:10:56.192915 2026] [php:error] [pid 1406] [client 172.182.206.241:0] script '/domains/peterbmiller/xxxx.php' not found or unable to stat
[Mon Feb 23 01:10:56.258930 2026] [php:error] [pid 1406] [client 172.182.206.241:0] script '/domains/peterbmiller/class.php' not found or unable to stat
[Mon Feb 23 01:10:56.325301 2026] [php:error] [pid 1406] [client 172.182.206.241:0] script '/domains/peterbmiller/f35.php' not found or unable to stat
[Mon Feb 23 01:10:56.331508 2026] [php:error] [pid 1403] [client 20.48.26.117:0] script '/domains/astrosfm/xmlrpc.php' not found or unable to stat
[Mon Feb 23 01:10:56.492823 2026] [php:error] [pid 1403] [client 20.48.26.117:0] script '/domains/astrosfm/aw.php' not found or unable to stat
[Mon Feb 23 01:10:56.588515 2026] [php:error] [pid 1406] [client 172.182.206.241:0] script '/domains/peterbmiller/class-t.api.php' not found or unable to stat
[Mon Feb 23 01:10:56.650354 2026] [php:error] [pid 1403] [client 20.48.26.117:0] script '/domains/astrosfm/dev.php' not found or unable to stat
[Mon Feb 23 01:10:56.654506 2026] [php:error] [pid 1406] [client 172.182.206.241:0] script '/domains/peterbmiller/blurbs18.php' not found or unable to stat
[Mon Feb 23 01:10:56.822363 2026] [php:error] [pid 1403] [client 20.48.26.117:0] script '/domains/astrosfm/lock360.php' not found or unable to stat
[Mon Feb 23 01:10:56.981813 2026] [php:error] [pid 1403] [client 20.48.26.117:0] script '/domains/astrosfm/155.php' not found or unable to stat
[Mon Feb 23 01:10:57.116135 2026] [php:error] [pid 1406] [client 172.182.206.241:0] script '/domains/peterbmiller/bless11.php' not found or unable to stat
[Mon Feb 23 01:10:57.182687 2026] [php:error] [pid 1406] [client 172.182.206.241:0] script '/domains/peterbmiller/init.php' not found or unable to stat
[Mon Feb 23 01:10:57.217826 2026] [php:error] [pid 1403] [client 20.48.26.117:0] script '/domains/astrosfm/goat.php' not found or unable to stat
[Mon Feb 23 01:10:57.314601 2026] [php:error] [pid 1406] [client 172.182.206.241:0] script '/domains/peterbmiller/k.php' not found or unable to stat
[Mon Feb 23 01:10:57.380542 2026] [php:error] [pid 1406] [client 172.182.206.241:0] script '/domains/peterbmiller/bless.php' not found or unable to stat
[Mon Feb 23 01:10:57.380960 2026] [php:error] [pid 1403] [client 20.48.26.117:0] script '/domains/astrosfm/tcp.php' not found or unable to stat
[Mon Feb 23 01:10:57.446531 2026] [php:error] [pid 1406] [client 172.182.206.241:0] script '/domains/peterbmiller/X7x.php' not found or unable to stat
[Mon Feb 23 01:10:57.513128 2026] [php:error] [pid 1406] [client 172.182.206.241:0] script '/domains/peterbmiller/166.php' not found or unable to stat
[Mon Feb 23 01:10:57.540129 2026] [php:error] [pid 1403] [client 20.48.26.117:0] script '/domains/astrosfm/ext.php' not found or unable to stat
[Mon Feb 23 01:10:57.579520 2026] [php:error] [pid 1406] [client 172.182.206.241:0] script '/domains/peterbmiller/plss3.php' not found or unable to stat
[Mon Feb 23 01:10:57.697878 2026] [php:error] [pid 1403] [client 20.48.26.117:0] script '/domains/astrosfm/inputs.php' not found or unable to stat
[Mon Feb 23 01:10:57.711411 2026] [php:error] [pid 1406] [client 172.182.206.241:0] script '/domains/peterbmiller/admins.php' not found or unable to stat
[Mon Feb 23 01:10:57.777434 2026] [php:error] [pid 1406] [client 172.182.206.241:0] script '/domains/peterbmiller/wp.php' not found or unable to stat
[Mon Feb 23 01:10:57.843675 2026] [php:error] [pid 1406] [client 172.182.206.241:0] script '/domains/peterbmiller/main.php' not found or unable to stat
[Mon Feb 23 01:10:57.866471 2026] [php:error] [pid 1403] [client 20.48.26.117:0] script '/domains/astrosfm/ioxi.php' not found or unable to stat
[Mon Feb 23 01:10:57.909687 2026] [php:error] [pid 1406] [client 172.182.206.241:0] script '/domains/peterbmiller/a1.php' not found or unable to stat
[Mon Feb 23 01:10:57.975567 2026] [php:error] [pid 1406] [client 172.182.206.241:0] script '/domains/peterbmiller/lala.php' not found or unable to stat
[Mon Feb 23 01:10:58.023862 2026] [php:error] [pid 1403] [client 20.48.26.117:0] script '/domains/astrosfm/fe5.php' not found or unable to stat
[Mon Feb 23 01:10:58.041547 2026] [php:error] [pid 1406] [client 172.182.206.241:0] script '/domains/peterbmiller/aaa.php' not found or unable to stat
[Mon Feb 23 01:10:58.107605 2026] [php:error] [pid 1406] [client 172.182.206.241:0] script '/domains/peterbmiller/a2.php' not found or unable to stat
[Mon Feb 23 01:10:58.220510 2026] [php:error] [pid 1403] [client 20.48.26.117:0] script '/domains/astrosfm/ov.php' not found or unable to stat
[Mon Feb 23 01:10:58.239137 2026] [php:error] [pid 1406] [client 172.182.206.241:0] script '/domains/peterbmiller/jsond.php' not found or unable to stat
[Mon Feb 23 01:10:58.549141 2026] [php:error] [pid 1403] [client 20.48.26.117:0] script '/domains/astrosfm/default.php' not found or unable to stat
[Mon Feb 23 01:10:58.772737 2026] [php:error] [pid 1403] [client 20.48.26.117:0] script '/domains/astrosfm/goods.php' not found or unable to stat
[Mon Feb 23 01:10:58.930324 2026] [php:error] [pid 1403] [client 20.48.26.117:0] script '/domains/astrosfm/abcd.php' not found or unable to stat
[Mon Feb 23 01:10:59.110219 2026] [php:error] [pid 1403] [client 20.48.26.117:0] script '/domains/astrosfm/class.1.php' not found or unable to stat
[Mon Feb 23 01:10:59.267507 2026] [php:error] [pid 1403] [client 20.48.26.117:0] script '/domains/astrosfm/async.php' not found or unable to stat
[Mon Feb 23 01:10:59.437465 2026] [php:error] [pid 1403] [client 20.48.26.117:0] script '/domains/astrosfm/ff.php' not found or unable to stat
[Mon Feb 23 01:10:59.595126 2026] [php:error] [pid 1403] [client 20.48.26.117:0] script '/domains/astrosfm/ioxi-o.php' not found or unable to stat
[Mon Feb 23 01:10:59.761822 2026] [php:error] [pid 1403] [client 20.48.26.117:0] script '/domains/astrosfm/manager.php' not found or unable to stat
[Mon Feb 23 01:10:59.928601 2026] [php:error] [pid 1403] [client 20.48.26.117:0] script '/domains/astrosfm/wp-update.php' not found or unable to stat
[Mon Feb 23 01:11:00.086291 2026] [php:error] [pid 1403] [client 20.48.26.117:0] script '/domains/astrosfm/file.php' not found or unable to stat
[Mon Feb 23 01:11:00.244154 2026] [php:error] [pid 1403] [client 20.48.26.117:0] script '/domains/astrosfm/lc.php' not found or unable to stat
[Mon Feb 23 01:11:00.401999 2026] [php:error] [pid 1403] [client 20.48.26.117:0] script '/domains/astrosfm/cbrfo.php' not found or unable to stat
[Mon Feb 23 01:11:00.559583 2026] [php:error] [pid 1403] [client 20.48.26.117:0] script '/domains/astrosfm/inc.php' not found or unable to stat
[Mon Feb 23 01:11:00.980858 2026] [php:error] [pid 1415] [client 20.48.26.117:0] script '/domains/astrosfm/gifclass.php' not found or unable to stat
[Mon Feb 23 01:11:01.147508 2026] [php:error] [pid 1415] [client 20.48.26.117:0] script '/domains/astrosfm/miansha.php' not found or unable to stat
[Mon Feb 23 01:11:01.311985 2026] [php:error] [pid 1415] [client 20.48.26.117:0] script '/domains/astrosfm/tinyfilemanager.php' not found or unable to stat
[Mon Feb 23 01:11:01.488690 2026] [php:error] [pid 1415] [client 20.48.26.117:0] script '/domains/astrosfm/admin.php' not found or unable to stat
[Mon Feb 23 01:11:01.736163 2026] [php:error] [pid 1415] [client 20.48.26.117:0] script '/domains/astrosfm/ok.php' not found or unable to stat
[Mon Feb 23 01:11:01.901495 2026] [php:error] [pid 1415] [client 20.48.26.117:0] script '/domains/astrosfm/fi.php' not found or unable to stat
[Mon Feb 23 01:11:02.076175 2026] [php:error] [pid 1415] [client 20.48.26.117:0] script '/domains/astrosfm/muzu.php' not found or unable to stat
[Mon Feb 23 01:11:02.243370 2026] [php:error] [pid 1415] [client 20.48.26.117:0] script '/domains/astrosfm/reze.php' not found or unable to stat
[Mon Feb 23 01:11:02.407857 2026] [php:error] [pid 1415] [client 20.48.26.117:0] script '/domains/astrosfm/styll.php' not found or unable to stat
[Mon Feb 23 01:11:02.586411 2026] [php:error] [pid 1415] [client 20.48.26.117:0] script '/domains/astrosfm/x7.php' not found or unable to stat
[Mon Feb 23 01:11:02.766287 2026] [php:error] [pid 1415] [client 20.48.26.117:0] script '/domains/astrosfm/thebe.php' not found or unable to stat
[Mon Feb 23 01:11:02.931724 2026] [php:error] [pid 1415] [client 20.48.26.117:0] script '/domains/astrosfm/ddd.php' not found or unable to stat
[Mon Feb 23 01:11:03.096321 2026] [php:error] [pid 1415] [client 20.48.26.117:0] script '/domains/astrosfm/bgymj.php' not found or unable to stat
[Mon Feb 23 01:11:03.425333 2026] [php:error] [pid 1415] [client 20.48.26.117:0] script '/domains/astrosfm/ioxi.php' not found or unable to stat
[Mon Feb 23 01:11:03.628466 2026] [php:error] [pid 1415] [client 20.48.26.117:0] script '/domains/astrosfm/xpwer1.php' not found or unable to stat
[Mon Feb 23 01:11:03.809907 2026] [php:error] [pid 1415] [client 20.48.26.117:0] script '/domains/astrosfm/lala.php' not found or unable to stat
[Mon Feb 23 01:11:04.019677 2026] [php:error] [pid 1415] [client 20.48.26.117:0] script '/domains/astrosfm/about.php' not found or unable to stat
[Mon Feb 23 01:11:04.889680 2026] [php:error] [pid 1415] [client 20.48.26.117:0] script '/domains/astrosfm/info.php' not found or unable to stat
[Mon Feb 23 01:11:05.068605 2026] [php:error] [pid 1415] [client 20.48.26.117:0] script '/domains/astrosfm/about.php' not found or unable to stat
[Mon Feb 23 01:11:05.406934 2026] [php:error] [pid 1415] [client 20.48.26.117:0] script '/domains/astrosfm/222.php' not found or unable to stat
[Mon Feb 23 01:11:05.571309 2026] [php:error] [pid 1415] [client 20.48.26.117:0] script '/domains/astrosfm/adminfuns.php' not found or unable to stat
[Mon Feb 23 01:11:05.923501 2026] [php:error] [pid 1415] [client 20.48.26.117:0] script '/domains/astrosfm/xx.php' not found or unable to stat
[Mon Feb 23 01:11:06.256255 2026] [php:error] [pid 1415] [client 20.48.26.117:0] script '/domains/astrosfm/f5.php' not found or unable to stat
[Mon Feb 23 01:11:06.496965 2026] [php:error] [pid 1415] [client 20.48.26.117:0] script '/domains/astrosfm/flower.php' not found or unable to stat
[Mon Feb 23 01:11:06.694444 2026] [php:error] [pid 1415] [client 20.48.26.117:0] script '/domains/astrosfm/f6.php' not found or unable to stat
[Mon Feb 23 01:11:06.870773 2026] [php:error] [pid 1415] [client 20.48.26.117:0] script '/domains/astrosfm/edit.php' not found or unable to stat
[Mon Feb 23 01:11:07.453186 2026] [php:error] [pid 1415] [client 20.48.26.117:0] script '/domains/astrosfm/av.php' not found or unable to stat
[Mon Feb 23 01:11:07.792357 2026] [php:error] [pid 1415] [client 20.48.26.117:0] script '/domains/astrosfm/wsd.php' not found or unable to stat
[Mon Feb 23 01:11:07.968895 2026] [php:error] [pid 1415] [client 20.48.26.117:0] script '/domains/astrosfm/jane.php' not found or unable to stat
[Mon Feb 23 01:11:08.147456 2026] [php:error] [pid 1415] [client 20.48.26.117:0] script '/domains/astrosfm/css.php' not found or unable to stat
[Mon Feb 23 01:11:08.344659 2026] [php:error] [pid 1415] [client 20.48.26.117:0] script '/domains/astrosfm/alfa.php' not found or unable to stat
[Mon Feb 23 01:11:08.516766 2026] [php:error] [pid 1415] [client 20.48.26.117:0] script '/domains/astrosfm/abe.php' not found or unable to stat
[Mon Feb 23 01:11:08.686369 2026] [php:error] [pid 1415] [client 20.48.26.117:0] script '/domains/astrosfm/x.php' not found or unable to stat
[Mon Feb 23 01:11:08.870069 2026] [php:error] [pid 1415] [client 20.48.26.117:0] script '/domains/astrosfm/xxxx.php' not found or unable to stat
[Mon Feb 23 01:11:09.043688 2026] [php:error] [pid 1415] [client 20.48.26.117:0] script '/domains/astrosfm/class.php' not found or unable to stat
[Mon Feb 23 01:11:09.224345 2026] [php:error] [pid 1415] [client 20.48.26.117:0] script '/domains/astrosfm/f35.php' not found or unable to stat
[Mon Feb 23 01:11:09.921960 2026] [php:error] [pid 1415] [client 20.48.26.117:0] script '/domains/astrosfm/class-t.api.php' not found or unable to stat
[Mon Feb 23 01:11:10.086997 2026] [php:error] [pid 1415] [client 20.48.26.117:0] script '/domains/astrosfm/blurbs18.php' not found or unable to stat
[Mon Feb 23 01:11:11.285905 2026] [php:error] [pid 1415] [client 20.48.26.117:0] script '/domains/astrosfm/bless11.php' not found or unable to stat
[Mon Feb 23 01:11:11.475303 2026] [php:error] [pid 1415] [client 20.48.26.117:0] script '/domains/astrosfm/init.php' not found or unable to stat
[Mon Feb 23 01:11:11.813981 2026] [php:error] [pid 1415] [client 20.48.26.117:0] script '/domains/astrosfm/k.php' not found or unable to stat
[Mon Feb 23 01:11:11.899584 2026] [php:error] [pid 1406] [client 20.100.195.34:0] script '/domains/carynm/webdb.php' not found or unable to stat
[Mon Feb 23 01:11:11.989000 2026] [php:error] [pid 1415] [client 20.48.26.117:0] script '/domains/astrosfm/bless.php' not found or unable to stat
[Mon Feb 23 01:11:12.156455 2026] [php:error] [pid 1415] [client 20.48.26.117:0] script '/domains/astrosfm/X7x.php' not found or unable to stat
[Mon Feb 23 01:11:12.321630 2026] [php:error] [pid 1415] [client 20.48.26.117:0] script '/domains/astrosfm/166.php' not found or unable to stat
[Mon Feb 23 01:11:12.486715 2026] [php:error] [pid 1415] [client 20.48.26.117:0] script '/domains/astrosfm/plss3.php' not found or unable to stat
[Mon Feb 23 01:11:12.500394 2026] [php:error] [pid 1406] [client 20.100.195.34:0] script '/domains/carynm/file.php' not found or unable to stat
[Mon Feb 23 01:11:12.615251 2026] [php:error] [pid 1406] [client 20.100.195.34:0] script '/domains/carynm/166.php' not found or unable to stat
[Mon Feb 23 01:11:12.720400 2026] [php:error] [pid 1406] [client 20.100.195.34:0] script '/domains/carynm/classwithtostring.php' not found or unable to stat
[Mon Feb 23 01:11:12.815386 2026] [php:error] [pid 1406] [client 20.100.195.34:0] script '/domains/carynm/by.php' not found or unable to stat
[Mon Feb 23 01:11:12.914267 2026] [php:error] [pid 1415] [client 20.48.26.117:0] script '/domains/astrosfm/admins.php' not found or unable to stat
[Mon Feb 23 01:11:13.022402 2026] [php:error] [pid 1406] [client 20.100.195.34:0] script '/domains/carynm/simple.php' not found or unable to stat
[Mon Feb 23 01:11:13.087473 2026] [php:error] [pid 1415] [client 20.48.26.117:0] script '/domains/astrosfm/wp.php' not found or unable to stat
[Mon Feb 23 01:11:13.251997 2026] [php:error] [pid 1415] [client 20.48.26.117:0] script '/domains/astrosfm/main.php' not found or unable to stat
[Mon Feb 23 01:11:13.400664 2026] [php:error] [pid 1406] [client 20.100.195.34:0] script '/domains/carynm/confq.php' not found or unable to stat
[Mon Feb 23 01:11:13.416694 2026] [php:error] [pid 1415] [client 20.48.26.117:0] script '/domains/astrosfm/a1.php' not found or unable to stat
[Mon Feb 23 01:11:13.580914 2026] [php:error] [pid 1415] [client 20.48.26.117:0] script '/domains/astrosfm/lala.php' not found or unable to stat
[Mon Feb 23 01:11:13.593520 2026] [php:error] [pid 1406] [client 20.100.195.34:0] script '/domains/carynm/404.php' not found or unable to stat
[Mon Feb 23 01:11:13.701358 2026] [php:error] [pid 1406] [client 20.100.195.34:0] script '/domains/carynm/35.php' not found or unable to stat
[Mon Feb 23 01:11:13.745605 2026] [php:error] [pid 1415] [client 20.48.26.117:0] script '/domains/astrosfm/aaa.php' not found or unable to stat
[Mon Feb 23 01:11:13.796113 2026] [php:error] [pid 1406] [client 20.100.195.34:0] script '/domains/carynm/sx.php' not found or unable to stat
[Mon Feb 23 01:11:13.891433 2026] [php:error] [pid 1406] [client 20.100.195.34:0] script '/domains/carynm/gettest.php' not found or unable to stat
[Mon Feb 23 01:11:13.911862 2026] [php:error] [pid 1415] [client 20.48.26.117:0] script '/domains/astrosfm/a2.php' not found or unable to stat
[Mon Feb 23 01:11:14.101811 2026] [php:error] [pid 1406] [client 20.100.195.34:0] script '/domains/carynm/reze.php' not found or unable to stat
[Mon Feb 23 01:11:14.197454 2026] [php:error] [pid 1406] [client 20.100.195.34:0] script '/domains/carynm/ioxi.php' not found or unable to stat
[Mon Feb 23 01:11:14.254665 2026] [php:error] [pid 1415] [client 20.48.26.117:0] script '/domains/astrosfm/jsond.php' not found or unable to stat
[Mon Feb 23 01:11:14.292351 2026] [php:error] [pid 1406] [client 20.100.195.34:0] script '/domains/carynm/g.php' not found or unable to stat
[Mon Feb 23 01:11:14.398510 2026] [php:error] [pid 1406] [client 20.100.195.34:0] script '/domains/carynm/az.php' not found or unable to stat
[Mon Feb 23 01:11:14.612755 2026] [php:error] [pid 1406] [client 20.100.195.34:0] script '/domains/carynm/app.php' not found or unable to stat
[Mon Feb 23 01:11:14.838914 2026] [php:error] [pid 1406] [client 20.100.195.34:0] script '/domains/carynm/aboutc.php' not found or unable to stat
[Mon Feb 23 01:11:15.076192 2026] [php:error] [pid 1406] [client 20.100.195.34:0] script '/domains/carynm/elp.php' not found or unable to stat
[Mon Feb 23 01:11:17.382246 2026] [php:error] [pid 1403] [client 20.89.40.149:0] script '/domains/system_default/wp-trackback.php' not found or unable to stat
[Mon Feb 23 01:11:17.568599 2026] [php:error] [pid 1403] [client 20.89.40.149:0] script '/domains/system_default/about.php' not found or unable to stat
[Mon Feb 23 01:11:17.741731 2026] [php:error] [pid 1403] [client 20.89.40.149:0] script '/domains/system_default/file.php' not found or unable to stat
[Mon Feb 23 01:11:17.909460 2026] [php:error] [pid 1403] [client 20.89.40.149:0] script '/domains/system_default/wp-good.php' not found or unable to stat
[Mon Feb 23 01:11:18.075930 2026] [php:error] [pid 1403] [client 20.89.40.149:0] script '/domains/system_default/xmlrpc.php' not found or unable to stat
[Mon Feb 23 01:11:18.241827 2026] [php:error] [pid 1403] [client 20.89.40.149:0] script '/domains/system_default/goods.php' not found or unable to stat
[Mon Feb 23 01:11:18.408130 2026] [php:error] [pid 1403] [client 20.89.40.149:0] script '/domains/system_default/ioxi-o.php' not found or unable to stat
[Mon Feb 23 01:11:18.600240 2026] [php:error] [pid 1403] [client 20.89.40.149:0] script '/domains/system_default/class-t.api.php' not found or unable to stat
[Mon Feb 23 01:11:18.766214 2026] [php:error] [pid 1403] [client 20.89.40.149:0] script '/domains/system_default/admin.php' not found or unable to stat
[Mon Feb 23 01:11:18.931914 2026] [php:error] [pid 1403] [client 20.89.40.149:0] script '/domains/system_default/sf.php' not found or unable to stat
[Mon Feb 23 01:11:19.109333 2026] [php:error] [pid 1403] [client 20.89.40.149:0] script '/domains/system_default/rip.php' not found or unable to stat
[Mon Feb 23 01:11:19.275985 2026] [php:error] [pid 1403] [client 20.89.40.149:0] script '/domains/system_default/autoload_classmap.php' not found or unable to stat
[Mon Feb 23 01:11:19.443140 2026] [php:error] [pid 1403] [client 20.89.40.149:0] script '/domains/system_default/chosen.php' not found or unable to stat
[Mon Feb 23 01:11:19.628752 2026] [php:error] [pid 1403] [client 20.89.40.149:0] script '/domains/system_default/classwithtostring.php' not found or unable to stat
[Mon Feb 23 01:11:19.794447 2026] [php:error] [pid 1403] [client 20.89.40.149:0] script '/domains/system_default/defaults.php' not found or unable to stat
[Mon Feb 23 01:11:20.625944 2026] [php:error] [pid 1403] [client 20.89.40.149:0] script '/domains/system_default/info.php' not found or unable to stat
[Mon Feb 23 01:11:21.792703 2026] [php:error] [pid 1403] [client 20.89.40.149:0] script '/domains/system_default/adminfuns.php' not found or unable to stat
[Mon Feb 23 01:11:24.044791 2026] [php:error] [pid 1415] [client 194.26.192.238:0] script '/domains/system_cancel/txets.php' not found or unable to stat
[Mon Feb 23 01:11:28.027910 2026] [php:error] [pid 1415] [client 20.205.3.49:0] script '/domains/bels/shell.php' not found or unable to stat
[Mon Feb 23 01:11:28.450722 2026] [php:error] [pid 1415] [client 20.205.3.49:0] script '/domains/bels/favicon.php' not found or unable to stat
[Mon Feb 23 01:11:28.662179 2026] [php:error] [pid 1415] [client 20.205.3.49:0] script '/domains/bels/8xyz.php' not found or unable to stat
[Mon Feb 23 01:11:29.084937 2026] [php:error] [pid 1415] [client 20.205.3.49:0] script '/domains/bels/install.php' not found or unable to stat
[Mon Feb 23 01:11:29.515051 2026] [php:error] [pid 1415] [client 20.205.3.49:0] script '/domains/bels/dropdown.php' not found or unable to stat
[Mon Feb 23 01:11:29.733502 2026] [php:error] [pid 1415] [client 20.205.3.49:0] script '/domains/bels/gdn.php' not found or unable to stat
[Mon Feb 23 01:11:29.946537 2026] [php:error] [pid 1415] [client 20.205.3.49:0] script '/domains/bels/system_log.php' not found or unable to stat
[Mon Feb 23 01:11:30.158752 2026] [php:error] [pid 1415] [client 20.205.3.49:0] script '/domains/bels/gettest.php' not found or unable to stat
[Mon Feb 23 01:11:30.370665 2026] [php:error] [pid 1415] [client 20.205.3.49:0] script '/domains/bels/shell20211028.php' not found or unable to stat
[Mon Feb 23 01:11:30.586958 2026] [php:error] [pid 1415] [client 20.205.3.49:0] script '/domains/bels/byp.php' not found or unable to stat
[Mon Feb 23 01:11:30.799114 2026] [php:error] [pid 1415] [client 20.205.3.49:0] script '/domains/bels/an.php' not found or unable to stat
[Mon Feb 23 01:11:31.010451 2026] [php:error] [pid 1415] [client 20.205.3.49:0] script '/domains/bels/b.php' not found or unable to stat
[Mon Feb 23 01:11:31.221961 2026] [php:error] [pid 1415] [client 20.205.3.49:0] script '/domains/bels/404.php' not found or unable to stat
[Mon Feb 23 01:11:31.644968 2026] [php:error] [pid 1415] [client 20.205.3.49:0] script '/domains/bels/fetch.php' not found or unable to stat
[Mon Feb 23 01:11:32.068765 2026] [php:error] [pid 1415] [client 20.205.3.49:0] script '/domains/bels/wp-config-sample.php' not found or unable to stat
[Mon Feb 23 01:11:32.280517 2026] [php:error] [pid 1415] [client 20.205.3.49:0] script '/domains/bels/a2.php' not found or unable to stat
[Mon Feb 23 01:11:32.714084 2026] [php:error] [pid 1415] [client 20.205.3.49:0] script '/domains/bels/rip.php' not found or unable to stat
[Mon Feb 23 01:11:32.926024 2026] [php:error] [pid 1415] [client 20.205.3.49:0] script '/domains/bels/doc.php' not found or unable to stat
[Mon Feb 23 01:11:33.137528 2026] [php:error] [pid 1415] [client 20.205.3.49:0] script '/domains/bels/o.php' not found or unable to stat
[Mon Feb 23 01:11:33.563947 2026] [php:error] [pid 1415] [client 20.205.3.49:0] script '/domains/bels/bgymj.php' not found or unable to stat
[Mon Feb 23 01:11:33.775307 2026] [php:error] [pid 1415] [client 20.205.3.49:0] script '/domains/bels/f.php' not found or unable to stat
[Mon Feb 23 01:11:33.986926 2026] [php:error] [pid 1415] [client 20.205.3.49:0] script '/domains/bels/ws.php' not found or unable to stat
[Mon Feb 23 01:11:34.409844 2026] [php:error] [pid 1415] [client 20.205.3.49:0] script '/domains/bels/system.php' not found or unable to stat
[Mon Feb 23 01:11:34.621834 2026] [php:error] [pid 1415] [client 20.205.3.49:0] script '/domains/bels/chosen.php' not found or unable to stat
[Mon Feb 23 01:11:35.046472 2026] [php:error] [pid 1415] [client 20.205.3.49:0] script '/domains/bels/an.php' not found or unable to stat
[Mon Feb 23 01:11:35.258749 2026] [php:error] [pid 1415] [client 20.205.3.49:0] script '/domains/bels/ma.php' not found or unable to stat
[Mon Feb 23 01:11:35.357550 2026] [php:error] [pid 1406] [client 20.234.20.103:0] script '/domains/system_default/webdb.php' not found or unable to stat
[Mon Feb 23 01:11:35.430321 2026] [php:error] [pid 1406] [client 20.234.20.103:0] script '/domains/system_default/file.php' not found or unable to stat
[Mon Feb 23 01:11:35.471991 2026] [php:error] [pid 1415] [client 20.205.3.49:0] script '/domains/bels/h.php' not found or unable to stat
[Mon Feb 23 01:11:35.503879 2026] [php:error] [pid 1406] [client 20.234.20.103:0] script '/domains/system_default/166.php' not found or unable to stat
[Mon Feb 23 01:11:35.576316 2026] [php:error] [pid 1406] [client 20.234.20.103:0] script '/domains/system_default/classwithtostring.php' not found or unable to stat
[Mon Feb 23 01:11:35.648949 2026] [php:error] [pid 1406] [client 20.234.20.103:0] script '/domains/system_default/by.php' not found or unable to stat
[Mon Feb 23 01:11:35.793786 2026] [php:error] [pid 1406] [client 20.234.20.103:0] script '/domains/system_default/simple.php' not found or unable to stat
[Mon Feb 23 01:11:36.012035 2026] [php:error] [pid 1406] [client 20.234.20.103:0] script '/domains/system_default/confq.php' not found or unable to stat
[Mon Feb 23 01:11:36.157754 2026] [php:error] [pid 1406] [client 20.234.20.103:0] script '/domains/system_default/404.php' not found or unable to stat
[Mon Feb 23 01:11:36.241120 2026] [php:error] [pid 1406] [client 20.234.20.103:0] script '/domains/system_default/35.php' not found or unable to stat
[Mon Feb 23 01:11:36.328860 2026] [php:error] [pid 1406] [client 20.234.20.103:0] script '/domains/system_default/sx.php' not found or unable to stat
[Mon Feb 23 01:11:36.401694 2026] [php:error] [pid 1406] [client 20.234.20.103:0] script '/domains/system_default/gettest.php' not found or unable to stat
[Mon Feb 23 01:11:36.531904 2026] [php:error] [pid 1415] [client 20.205.3.49:0] script '/domains/bels/system.php' not found or unable to stat
[Mon Feb 23 01:11:36.547142 2026] [php:error] [pid 1406] [client 20.234.20.103:0] script '/domains/system_default/reze.php' not found or unable to stat
[Mon Feb 23 01:11:36.620177 2026] [php:error] [pid 1406] [client 20.234.20.103:0] script '/domains/system_default/ioxi.php' not found or unable to stat
[Mon Feb 23 01:11:36.692748 2026] [php:error] [pid 1406] [client 20.234.20.103:0] script '/domains/system_default/g.php' not found or unable to stat
[Mon Feb 23 01:11:36.765061 2026] [php:error] [pid 1406] [client 20.234.20.103:0] script '/domains/system_default/az.php' not found or unable to stat
[Mon Feb 23 01:11:36.910621 2026] [php:error] [pid 1406] [client 20.234.20.103:0] script '/domains/system_default/app.php' not found or unable to stat
[Mon Feb 23 01:11:36.957405 2026] [php:error] [pid 1415] [client 20.205.3.49:0] script '/domains/bels/class-t.api.php' not found or unable to stat
[Mon Feb 23 01:11:36.983796 2026] [php:error] [pid 1406] [client 20.234.20.103:0] script '/domains/system_default/aboutc.php' not found or unable to stat
[Mon Feb 23 01:11:37.056499 2026] [php:error] [pid 1406] [client 20.234.20.103:0] script '/domains/system_default/elp.php' not found or unable to stat
[Mon Feb 23 01:11:37.168914 2026] [php:error] [pid 1415] [client 20.205.3.49:0] script '/domains/bels/asd.php' not found or unable to stat
[Mon Feb 23 01:11:37.802949 2026] [php:error] [pid 1415] [client 20.205.3.49:0] script '/domains/bels/k.php' not found or unable to stat
[Mon Feb 23 01:11:38.014640 2026] [php:error] [pid 1415] [client 20.205.3.49:0] script '/domains/bels/geck.php' not found or unable to stat
[Mon Feb 23 01:11:38.227029 2026] [php:error] [pid 1415] [client 20.205.3.49:0] script '/domains/bels/lala.php' not found or unable to stat
[Mon Feb 23 01:11:38.438597 2026] [php:error] [pid 1415] [client 20.205.3.49:0] script '/domains/bels/menu.php' not found or unable to stat
[Mon Feb 23 01:11:38.650107 2026] [php:error] [pid 1415] [client 20.205.3.49:0] script '/domains/bels/alfa.php' not found or unable to stat
[Mon Feb 23 01:11:38.865824 2026] [php:error] [pid 1415] [client 20.205.3.49:0] script '/domains/bels/dropdown.php' not found or unable to stat
[Mon Feb 23 01:11:39.078695 2026] [php:error] [pid 1415] [client 20.205.3.49:0] script '/domains/bels/v2.php' not found or unable to stat
[Mon Feb 23 01:11:39.290166 2026] [php:error] [pid 1415] [client 20.205.3.49:0] script '/domains/bels/jmfi2.php' not found or unable to stat
[Mon Feb 23 01:11:39.717639 2026] [php:error] [pid 1415] [client 20.205.3.49:0] script '/domains/bels/w.php' not found or unable to stat
[Mon Feb 23 01:11:40.144082 2026] [php:error] [pid 1415] [client 20.205.3.49:0] script '/domains/bels/flower2.php' not found or unable to stat
[Mon Feb 23 01:11:40.570345 2026] [php:error] [pid 1415] [client 20.205.3.49:0] script '/domains/bels/wp-login.php' not found or unable to stat
[Mon Feb 23 01:11:41.207211 2026] [php:error] [pid 1415] [client 20.205.3.49:0] script '/domains/bels/ze.php' not found or unable to stat
[Mon Feb 23 01:11:41.418847 2026] [php:error] [pid 1415] [client 20.205.3.49:0] script '/domains/bels/elp.php' not found or unable to stat
[Mon Feb 23 01:11:41.843037 2026] [php:error] [pid 1415] [client 20.205.3.49:0] script '/domains/bels/ph33w.php' not found or unable to stat
[Mon Feb 23 01:11:42.055041 2026] [php:error] [pid 1415] [client 20.205.3.49:0] script '/domains/bels/x.php' not found or unable to stat
[Mon Feb 23 01:11:42.481662 2026] [php:error] [pid 1415] [client 20.205.3.49:0] script '/domains/bels/lp6.php' not found or unable to stat
[Mon Feb 23 01:11:42.905100 2026] [php:error] [pid 1415] [client 20.205.3.49:0] script '/domains/bels/d12.php' not found or unable to stat
[Mon Feb 23 01:11:43.116455 2026] [php:error] [pid 1415] [client 20.205.3.49:0] script '/domains/bels/x.php' not found or unable to stat
[Mon Feb 23 01:11:43.329387 2026] [php:error] [pid 1415] [client 20.205.3.49:0] script '/domains/bels/bk.php' not found or unable to stat
[Mon Feb 23 01:11:43.548250 2026] [php:error] [pid 1415] [client 20.205.3.49:0] script '/domains/bels/phpinfo.php' not found or unable to stat
[Mon Feb 23 01:11:43.971873 2026] [php:error] [pid 1415] [client 20.205.3.49:0] script '/domains/bels/f.php' not found or unable to stat
[Mon Feb 23 01:11:44.613086 2026] [php:error] [pid 1415] [client 20.205.3.49:0] script '/domains/bels/z.php' not found or unable to stat
[Mon Feb 23 01:11:44.825078 2026] [php:error] [pid 1415] [client 20.205.3.49:0] script '/domains/bels/z.php' not found or unable to stat
[Mon Feb 23 01:11:45.485443 2026] [php:error] [pid 1415] [client 20.205.3.49:0] script '/domains/bels/file.php' not found or unable to stat
[Mon Feb 23 01:11:45.518309 2026] [php:error] [pid 1410] [client 20.215.67.86:0] script '/domains/rnachum/19.php' not found or unable to stat
[Mon Feb 23 01:11:45.623537 2026] [php:error] [pid 1410] [client 20.215.67.86:0] script '/domains/rnachum/f.php' not found or unable to stat
[Mon Feb 23 01:11:45.727171 2026] [php:error] [pid 1410] [client 20.215.67.86:0] script '/domains/rnachum/p.php' not found or unable to stat
[Mon Feb 23 01:11:45.834757 2026] [php:error] [pid 1410] [client 20.215.67.86:0] script '/domains/rnachum/d.php' not found or unable to stat
[Mon Feb 23 01:11:45.941982 2026] [php:error] [pid 1410] [client 20.215.67.86:0] script '/domains/rnachum/9.php' not found or unable to stat
[Mon Feb 23 01:11:46.050794 2026] [php:error] [pid 1410] [client 20.215.67.86:0] script '/domains/rnachum/222.php' not found or unable to stat
[Mon Feb 23 01:11:46.154429 2026] [php:error] [pid 1410] [client 20.215.67.86:0] script '/domains/rnachum/file2.php' not found or unable to stat
[Mon Feb 23 01:11:46.170501 2026] [php:error] [pid 1415] [client 20.205.3.49:0] script '/domains/bels/elp.php' not found or unable to stat
[Mon Feb 23 01:11:46.259750 2026] [php:error] [pid 1410] [client 20.215.67.86:0] script '/domains/rnachum/x.php' not found or unable to stat
[Mon Feb 23 01:11:46.364002 2026] [php:error] [pid 1410] [client 20.215.67.86:0] script '/domains/rnachum/i.php' not found or unable to stat
[Mon Feb 23 01:11:46.381847 2026] [php:error] [pid 1415] [client 20.205.3.49:0] script '/domains/bels/p.php' not found or unable to stat
[Mon Feb 23 01:11:46.467524 2026] [php:error] [pid 1410] [client 20.215.67.86:0] script '/domains/rnachum/y.php' not found or unable to stat
[Mon Feb 23 01:11:46.570683 2026] [php:error] [pid 1410] [client 20.215.67.86:0] script '/domains/rnachum/0.php' not found or unable to stat
[Mon Feb 23 01:11:46.683422 2026] [php:error] [pid 1410] [client 20.215.67.86:0] script '/domains/rnachum/pp.php' not found or unable to stat
[Mon Feb 23 01:11:46.795774 2026] [php:error] [pid 1410] [client 20.215.67.86:0] script '/domains/rnachum/oo.php' not found or unable to stat
[Mon Feb 23 01:11:46.805965 2026] [php:error] [pid 1415] [client 20.205.3.49:0] script '/domains/bels/config.php' not found or unable to stat
[Mon Feb 23 01:11:46.899110 2026] [php:error] [pid 1410] [client 20.215.67.86:0] script '/domains/rnachum/ee.php' not found or unable to stat
[Mon Feb 23 01:11:47.002838 2026] [php:error] [pid 1410] [client 20.215.67.86:0] script '/domains/rnachum/403.php' not found or unable to stat
