[Mon Feb 23 01:03:20.027666 2026] [php:error] [pid 1299] [client 40.74.73.234:0] script '/domains/ceonlinenews/wp-trackback.php' not found or unable to stat
[Mon Feb 23 01:03:20.231524 2026] [php:error] [pid 1299] [client 40.74.73.234:0] script '/domains/ceonlinenews/alfashell.php' not found or unable to stat
[Mon Feb 23 01:03:20.619061 2026] [php:error] [pid 1299] [client 40.74.73.234:0] script '/domains/ceonlinenews/aaa.php' not found or unable to stat
[Mon Feb 23 01:03:20.832771 2026] [php:error] [pid 1299] [client 40.74.73.234:0] script '/domains/ceonlinenews/chosen.php' not found or unable to stat
[Mon Feb 23 01:03:20.996612 2026] [php:error] [pid 1299] [client 40.74.73.234:0] script '/domains/ceonlinenews/tmpls.php' not found or unable to stat
[Mon Feb 23 01:03:21.179617 2026] [php:error] [pid 1299] [client 40.74.73.234:0] script '/domains/ceonlinenews/gtc.php' not found or unable to stat
[Mon Feb 23 01:03:21.347338 2026] [php:error] [pid 1299] [client 40.74.73.234:0] script '/domains/ceonlinenews/ty.php' not found or unable to stat
[Mon Feb 23 01:03:21.515494 2026] [php:error] [pid 1299] [client 40.74.73.234:0] script '/domains/ceonlinenews/0x.php' not found or unable to stat
[Mon Feb 23 01:03:21.693674 2026] [php:error] [pid 1299] [client 40.74.73.234:0] script '/domains/ceonlinenews/inputs.php' not found or unable to stat
[Mon Feb 23 01:03:21.858868 2026] [php:error] [pid 1299] [client 40.74.73.234:0] script '/domains/ceonlinenews/test1.php' not found or unable to stat
[Mon Feb 23 01:03:21.922728 2026] [php:error] [pid 1333] [client 20.214.157.214:0] script '/domains/rextrav/meew.php' not found or unable to stat
[Mon Feb 23 01:03:22.023848 2026] [php:error] [pid 1299] [client 40.74.73.234:0] script '/domains/ceonlinenews/new4.php' not found or unable to stat
[Mon Feb 23 01:03:22.103602 2026] [php:error] [pid 1333] [client 20.214.157.214:0] script '/domains/rextrav/add.php' not found or unable to stat
[Mon Feb 23 01:03:22.188236 2026] [php:error] [pid 1299] [client 40.74.73.234:0] script '/domains/ceonlinenews/img.php' not found or unable to stat
[Mon Feb 23 01:03:22.308020 2026] [php:error] [pid 1333] [client 20.214.157.214:0] script '/domains/rextrav/8.php' not found or unable to stat
[Mon Feb 23 01:03:22.491101 2026] [php:error] [pid 1333] [client 20.214.157.214:0] script '/domains/rextrav/ty.php' not found or unable to stat
[Mon Feb 23 01:03:22.801717 2026] [php:error] [pid 1299] [client 40.74.73.234:0] script '/domains/ceonlinenews/w.php' not found or unable to stat
[Mon Feb 23 01:03:22.895536 2026] [php:error] [pid 1333] [client 20.214.157.214:0] script '/domains/rextrav/sys.php' not found or unable to stat
[Mon Feb 23 01:03:22.982080 2026] [php:error] [pid 1299] [client 40.74.73.234:0] script '/domains/ceonlinenews/f35.php' not found or unable to stat
[Mon Feb 23 01:03:23.075690 2026] [php:error] [pid 1333] [client 20.214.157.214:0] script '/domains/rextrav/mass.php' not found or unable to stat
[Mon Feb 23 01:03:23.255721 2026] [php:error] [pid 1333] [client 20.214.157.214:0] script '/domains/rextrav/alfa.php' not found or unable to stat
[Mon Feb 23 01:03:23.453011 2026] [php:error] [pid 1333] [client 20.214.157.214:0] script '/domains/rextrav/71.php' not found or unable to stat
[Mon Feb 23 01:03:23.636001 2026] [php:error] [pid 1333] [client 20.214.157.214:0] script '/domains/rextrav/admin-footer.php' not found or unable to stat
[Mon Feb 23 01:03:23.858279 2026] [php:error] [pid 1333] [client 20.214.157.214:0] script '/domains/rextrav/webdb.php' not found or unable to stat
[Mon Feb 23 01:03:24.051164 2026] [php:error] [pid 1333] [client 20.214.157.214:0] script '/domains/rextrav/plugin.php' not found or unable to stat
[Mon Feb 23 01:03:24.231500 2026] [php:error] [pid 1333] [client 20.214.157.214:0] script '/domains/rextrav/lib.php' not found or unable to stat
[Mon Feb 23 01:03:24.418611 2026] [php:error] [pid 1333] [client 20.214.157.214:0] script '/domains/rextrav/makeasmtp.php' not found or unable to stat
[Mon Feb 23 01:03:24.785062 2026] [php:error] [pid 1333] [client 20.214.157.214:0] script '/domains/rextrav/zeal.php' not found or unable to stat
[Mon Feb 23 01:03:24.972702 2026] [php:error] [pid 1333] [client 20.214.157.214:0] script '/domains/rextrav/sc.php' not found or unable to stat
[Mon Feb 23 01:03:25.292904 2026] [php:error] [pid 1335] [client 40.74.73.234:0] script '/domains/ceonlinenews/siteheads.php' not found or unable to stat
[Mon Feb 23 01:03:25.333078 2026] [php:error] [pid 1333] [client 20.214.157.214:0] script '/domains/rextrav/txets.php' not found or unable to stat
[Mon Feb 23 01:03:25.562757 2026] [php:error] [pid 1333] [client 20.214.157.214:0] script '/domains/rextrav/options-head.php' not found or unable to stat
[Mon Feb 23 01:03:26.120887 2026] [php:error] [pid 1333] [client 20.214.157.214:0] script '/domains/rextrav/cmdo.php' not found or unable to stat
[Mon Feb 23 01:03:26.301792 2026] [php:error] [pid 1333] [client 20.214.157.214:0] script '/domains/rextrav/p.php' not found or unable to stat
[Mon Feb 23 01:03:26.481854 2026] [php:error] [pid 1333] [client 20.214.157.214:0] script '/domains/rextrav/Capte.php' not found or unable to stat
[Mon Feb 23 01:03:26.661687 2026] [php:error] [pid 1333] [client 20.214.157.214:0] script '/domains/rextrav/ccou.php' not found or unable to stat
[Mon Feb 23 01:03:26.851656 2026] [php:error] [pid 1333] [client 20.214.157.214:0] script '/domains/rextrav/503.php' not found or unable to stat
[Mon Feb 23 01:03:27.331655 2026] [php:error] [pid 1333] [client 20.214.157.214:0] script '/domains/rextrav/ws66.php' not found or unable to stat
[Mon Feb 23 01:03:27.451658 2026] [php:error] [pid 1335] [client 40.74.73.234:0] script '/domains/ceonlinenews/cwclass.php' not found or unable to stat
[Mon Feb 23 01:03:27.516022 2026] [php:error] [pid 1333] [client 20.214.157.214:0] script '/domains/rextrav/xa.php' not found or unable to stat
[Mon Feb 23 01:03:28.203615 2026] [php:error] [pid 1335] [client 40.74.73.234:0] script '/domains/ceonlinenews/g.php' not found or unable to stat
[Mon Feb 23 01:03:28.212683 2026] [php:error] [pid 1333] [client 20.214.157.214:0] script '/domains/rextrav/666.php' not found or unable to stat
[Mon Feb 23 01:03:28.392866 2026] [php:error] [pid 1333] [client 20.214.157.214:0] script '/domains/rextrav/error.php' not found or unable to stat
[Mon Feb 23 01:03:28.573002 2026] [php:error] [pid 1333] [client 20.214.157.214:0] script '/domains/rextrav/222.php' not found or unable to stat
[Mon Feb 23 01:03:28.588490 2026] [php:error] [pid 1335] [client 40.74.73.234:0] script '/domains/ceonlinenews/install.php' not found or unable to stat
[Mon Feb 23 01:03:28.761141 2026] [php:error] [pid 1333] [client 20.214.157.214:0] script '/domains/rextrav/wen.php' not found or unable to stat
[Mon Feb 23 01:03:28.943586 2026] [php:error] [pid 1333] [client 20.214.157.214:0] script '/domains/rextrav/environment.php' not found or unable to stat
[Mon Feb 23 01:03:29.123674 2026] [php:error] [pid 1333] [client 20.214.157.214:0] script '/domains/rextrav/styles.php' not found or unable to stat
[Mon Feb 23 01:03:29.303463 2026] [php:error] [pid 1333] [client 20.214.157.214:0] script '/domains/rextrav/wp-4doption1.php' not found or unable to stat
[Mon Feb 23 01:03:29.669872 2026] [php:error] [pid 1333] [client 20.214.157.214:0] script '/domains/rextrav/1.php' not found or unable to stat
[Mon Feb 23 01:03:30.223102 2026] [php:error] [pid 1335] [client 40.74.73.234:0] script '/domains/ceonlinenews/autoload_classmap.php' not found or unable to stat
[Mon Feb 23 01:03:30.341452 2026] [php:error] [pid 1333] [client 20.214.157.214:0] script '/domains/rextrav/atomlib.php' not found or unable to stat
[Mon Feb 23 01:03:30.412814 2026] [php:error] [pid 1335] [client 40.74.73.234:0] script '/domains/ceonlinenews/bgymj.php' not found or unable to stat
[Mon Feb 23 01:03:30.531538 2026] [php:error] [pid 1333] [client 20.214.157.214:0] script '/domains/rextrav/asasx.php' not found or unable to stat
[Mon Feb 23 01:03:30.711309 2026] [php:error] [pid 1333] [client 20.214.157.214:0] script '/domains/rextrav/ioxi-o.php' not found or unable to stat
[Mon Feb 23 01:03:30.891252 2026] [php:error] [pid 1333] [client 20.214.157.214:0] script '/domains/rextrav/z60.php' not found or unable to stat
[Mon Feb 23 01:03:31.071771 2026] [php:error] [pid 1333] [client 20.214.157.214:0] script '/domains/rextrav/dropdown.php' not found or unable to stat
[Mon Feb 23 01:03:31.434183 2026] [php:error] [pid 1333] [client 20.214.157.214:0] script '/domains/rextrav/wp-tot.php' not found or unable to stat
[Mon Feb 23 01:03:31.978428 2026] [php:error] [pid 1333] [client 20.214.157.214:0] script '/domains/rextrav/class.php' not found or unable to stat
[Mon Feb 23 01:03:32.159818 2026] [php:error] [pid 1333] [client 20.214.157.214:0] script '/domains/rextrav/404.php' not found or unable to stat
[Mon Feb 23 01:03:32.429061 2026] [php:error] [pid 1333] [client 20.214.157.214:0] script '/domains/rextrav/mode.php' not found or unable to stat
[Mon Feb 23 01:03:32.629500 2026] [php:error] [pid 1333] [client 20.214.157.214:0] script '/domains/rextrav/aboutc.php' not found or unable to stat
[Mon Feb 23 01:03:32.815178 2026] [php:error] [pid 1333] [client 20.214.157.214:0] script '/domains/rextrav/sx.php' not found or unable to stat
[Mon Feb 23 01:03:32.999074 2026] [php:error] [pid 1333] [client 20.214.157.214:0] script '/domains/rextrav/themes.php' not found or unable to stat
[Mon Feb 23 01:03:33.178753 2026] [php:error] [pid 1333] [client 20.214.157.214:0] script '/domains/rextrav/yawa.php' not found or unable to stat
[Mon Feb 23 01:03:33.436214 2026] [php:error] [pid 1333] [client 20.214.157.214:0] script '/domains/rextrav/m.php' not found or unable to stat
[Mon Feb 23 01:03:33.826408 2026] [php:error] [pid 1333] [client 20.214.157.214:0] script '/domains/rextrav/item.php' not found or unable to stat
[Mon Feb 23 01:03:34.052843 2026] [php:error] [pid 1333] [client 20.214.157.214:0] script '/domains/rextrav/403.php' not found or unable to stat
[Mon Feb 23 01:03:34.270972 2026] [php:error] [pid 1333] [client 20.214.157.214:0] script '/domains/rextrav/gg.php' not found or unable to stat
[Mon Feb 23 01:03:34.373275 2026] [php:error] [pid 1331] [client 20.187.67.15:0] script '/domains/drsuper/meew.php' not found or unable to stat
[Mon Feb 23 01:03:34.450797 2026] [php:error] [pid 1333] [client 20.214.157.214:0] script '/domains/rextrav/akcc.php' not found or unable to stat
[Mon Feb 23 01:03:34.593607 2026] [php:error] [pid 1331] [client 20.187.67.15:0] script '/domains/drsuper/add.php' not found or unable to stat
[Mon Feb 23 01:03:34.850566 2026] [php:error] [pid 1333] [client 20.214.157.214:0] script '/domains/rextrav/radio.php' not found or unable to stat
[Mon Feb 23 01:03:35.014423 2026] [php:error] [pid 1331] [client 20.187.67.15:0] script '/domains/drsuper/8.php' not found or unable to stat
[Mon Feb 23 01:03:35.030313 2026] [php:error] [pid 1333] [client 20.214.157.214:0] script '/domains/rextrav/xa.php' not found or unable to stat
[Mon Feb 23 01:03:35.232994 2026] [php:error] [pid 1333] [client 20.214.157.214:0] script '/domains/rextrav/backup.php' not found or unable to stat
[Mon Feb 23 01:03:35.265949 2026] [php:error] [pid 1331] [client 20.187.67.15:0] script '/domains/drsuper/ty.php' not found or unable to stat
[Mon Feb 23 01:03:35.413572 2026] [php:error] [pid 1333] [client 20.214.157.214:0] script '/domains/rextrav/galex.php' not found or unable to stat
[Mon Feb 23 01:03:35.486128 2026] [php:error] [pid 1331] [client 20.187.67.15:0] script '/domains/drsuper/sys.php' not found or unable to stat
[Mon Feb 23 01:03:35.707788 2026] [php:error] [pid 1331] [client 20.187.67.15:0] script '/domains/drsuper/mass.php' not found or unable to stat
[Mon Feb 23 01:03:35.808760 2026] [php:error] [pid 1333] [client 20.214.157.214:0] script '/domains/rextrav/about.php' not found or unable to stat
[Mon Feb 23 01:03:35.958182 2026] [php:error] [pid 1331] [client 20.187.67.15:0] script '/domains/drsuper/alfa.php' not found or unable to stat
[Mon Feb 23 01:03:35.989253 2026] [php:error] [pid 1333] [client 20.214.157.214:0] script '/domains/rextrav/vx.php' not found or unable to stat
[Mon Feb 23 01:03:36.172264 2026] [php:error] [pid 1333] [client 20.214.157.214:0] script '/domains/rextrav/classwithtostring.php' not found or unable to stat
[Mon Feb 23 01:03:36.181380 2026] [php:error] [pid 1331] [client 20.187.67.15:0] script '/domains/drsuper/71.php' not found or unable to stat
[Mon Feb 23 01:03:36.516565 2026] [php:error] [pid 1331] [client 20.187.67.15:0] script '/domains/drsuper/admin-footer.php' not found or unable to stat
[Mon Feb 23 01:03:36.567589 2026] [php:error] [pid 1333] [client 20.214.157.214:0] script '/domains/rextrav/fff.php' not found or unable to stat
[Mon Feb 23 01:03:36.867809 2026] [php:error] [pid 1333] [client 20.214.157.214:0] script '/domains/rextrav/content.php' not found or unable to stat
[Mon Feb 23 01:03:36.889973 2026] [php:error] [pid 1331] [client 20.187.67.15:0] script '/domains/drsuper/webdb.php' not found or unable to stat
[Mon Feb 23 01:03:37.047601 2026] [php:error] [pid 1333] [client 20.214.157.214:0] script '/domains/rextrav/menu.php' not found or unable to stat
[Mon Feb 23 01:03:37.119909 2026] [php:error] [pid 1331] [client 20.187.67.15:0] script '/domains/drsuper/plugin.php' not found or unable to stat
[Mon Feb 23 01:03:37.272046 2026] [php:error] [pid 1333] [client 20.214.157.214:0] script '/domains/rextrav/gifclass.php' not found or unable to stat
[Mon Feb 23 01:03:37.632043 2026] [php:error] [pid 1333] [client 20.214.157.214:0] script '/domains/rextrav/css.php' not found or unable to stat
[Mon Feb 23 01:03:37.684157 2026] [php:error] [pid 1331] [client 20.187.67.15:0] script '/domains/drsuper/lib.php' not found or unable to stat
[Mon Feb 23 01:03:37.812278 2026] [php:error] [pid 1333] [client 20.214.157.214:0] script '/domains/rextrav/x7.php' not found or unable to stat
[Mon Feb 23 01:03:37.992258 2026] [php:error] [pid 1333] [client 20.214.157.214:0] script '/domains/rextrav/bugger.php' not found or unable to stat
[Mon Feb 23 01:03:38.376407 2026] [php:error] [pid 1331] [client 20.187.67.15:0] script '/domains/drsuper/makeasmtp.php' not found or unable to stat
[Mon Feb 23 01:03:38.430643 2026] [php:error] [pid 1333] [client 20.214.157.214:0] script '/domains/rextrav/simple.php' not found or unable to stat
[Mon Feb 23 01:03:38.597238 2026] [php:error] [pid 1331] [client 20.187.67.15:0] script '/domains/drsuper/zeal.php' not found or unable to stat
[Mon Feb 23 01:03:38.610118 2026] [php:error] [pid 1333] [client 20.214.157.214:0] script '/domains/rextrav/alfa.php' not found or unable to stat
[Mon Feb 23 01:03:38.790295 2026] [php:error] [pid 1333] [client 20.214.157.214:0] script '/domains/rextrav/wp-file.php' not found or unable to stat
[Mon Feb 23 01:03:38.818198 2026] [php:error] [pid 1331] [client 20.187.67.15:0] script '/domains/drsuper/sc.php' not found or unable to stat
[Mon Feb 23 01:03:38.970617 2026] [php:error] [pid 1333] [client 20.214.157.214:0] script '/domains/rextrav/as.php' not found or unable to stat
[Mon Feb 23 01:03:39.150802 2026] [php:error] [pid 1333] [client 20.214.157.214:0] script '/domains/rextrav/X57.php' not found or unable to stat
[Mon Feb 23 01:03:39.259995 2026] [php:error] [pid 1331] [client 20.187.67.15:0] script '/domains/drsuper/txets.php' not found or unable to stat
[Mon Feb 23 01:03:39.395010 2026] [php:error] [pid 1333] [client 20.214.157.214:0] script '/domains/rextrav/abc.php' not found or unable to stat
[Mon Feb 23 01:03:39.481453 2026] [php:error] [pid 1331] [client 20.187.67.15:0] script '/domains/drsuper/options-head.php' not found or unable to stat
[Mon Feb 23 01:03:39.574981 2026] [php:error] [pid 1333] [client 20.214.157.214:0] script '/domains/rextrav/gettest.php' not found or unable to stat
[Mon Feb 23 01:03:39.754689 2026] [php:error] [pid 1333] [client 20.214.157.214:0] script '/domains/rextrav/sbhu.php' not found or unable to stat
[Mon Feb 23 01:03:39.936226 2026] [php:error] [pid 1333] [client 20.214.157.214:0] script '/domains/rextrav/wp-trackback.php' not found or unable to stat
[Mon Feb 23 01:03:39.939249 2026] [php:error] [pid 1331] [client 20.187.67.15:0] script '/domains/drsuper/cmdo.php' not found or unable to stat
[Mon Feb 23 01:03:40.116615 2026] [php:error] [pid 1333] [client 20.214.157.214:0] script '/domains/rextrav/alfashell.php' not found or unable to stat
[Mon Feb 23 01:03:40.159846 2026] [php:error] [pid 1331] [client 20.187.67.15:0] script '/domains/drsuper/p.php' not found or unable to stat
[Mon Feb 23 01:03:40.407604 2026] [php:error] [pid 1331] [client 20.187.67.15:0] script '/domains/drsuper/Capte.php' not found or unable to stat
[Mon Feb 23 01:03:40.477022 2026] [php:error] [pid 1333] [client 20.214.157.214:0] script '/domains/rextrav/aaa.php' not found or unable to stat
[Mon Feb 23 01:03:40.627750 2026] [php:error] [pid 1331] [client 20.187.67.15:0] script '/domains/drsuper/ccou.php' not found or unable to stat
[Mon Feb 23 01:03:40.657681 2026] [php:error] [pid 1333] [client 20.214.157.214:0] script '/domains/rextrav/chosen.php' not found or unable to stat
[Mon Feb 23 01:03:40.863693 2026] [php:error] [pid 1333] [client 20.214.157.214:0] script '/domains/rextrav/tmpls.php' not found or unable to stat
[Mon Feb 23 01:03:40.995059 2026] [php:error] [pid 1331] [client 20.187.67.15:0] script '/domains/drsuper/503.php' not found or unable to stat
[Mon Feb 23 01:03:41.044079 2026] [php:error] [pid 1333] [client 20.214.157.214:0] script '/domains/rextrav/gtc.php' not found or unable to stat
[Mon Feb 23 01:03:41.223868 2026] [php:error] [pid 1333] [client 20.214.157.214:0] script '/domains/rextrav/ty.php' not found or unable to stat
[Mon Feb 23 01:03:41.332684 2026] [php:error] [pid 1331] [client 20.187.67.15:0] script '/domains/drsuper/ws66.php' not found or unable to stat
[Mon Feb 23 01:03:41.619495 2026] [php:error] [pid 1331] [client 20.187.67.15:0] script '/domains/drsuper/xa.php' not found or unable to stat
[Mon Feb 23 01:03:41.809581 2026] [php:error] [pid 1333] [client 20.214.157.214:0] script '/domains/rextrav/0x.php' not found or unable to stat
[Mon Feb 23 01:03:41.882073 2026] [php:error] [pid 1331] [client 20.187.67.15:0] script '/domains/drsuper/666.php' not found or unable to stat
[Mon Feb 23 01:03:41.989994 2026] [php:error] [pid 1333] [client 20.214.157.214:0] script '/domains/rextrav/inputs.php' not found or unable to stat
[Mon Feb 23 01:03:42.102429 2026] [php:error] [pid 1331] [client 20.187.67.15:0] script '/domains/drsuper/error.php' not found or unable to stat
[Mon Feb 23 01:03:42.170173 2026] [php:error] [pid 1333] [client 20.214.157.214:0] script '/domains/rextrav/test1.php' not found or unable to stat
[Mon Feb 23 01:03:42.322607 2026] [php:error] [pid 1331] [client 20.187.67.15:0] script '/domains/drsuper/222.php' not found or unable to stat
[Mon Feb 23 01:03:42.350479 2026] [php:error] [pid 1333] [client 20.214.157.214:0] script '/domains/rextrav/new4.php' not found or unable to stat
[Mon Feb 23 01:03:42.534216 2026] [php:error] [pid 1333] [client 20.214.157.214:0] script '/domains/rextrav/img.php' not found or unable to stat
[Mon Feb 23 01:03:42.543270 2026] [php:error] [pid 1331] [client 20.187.67.15:0] script '/domains/drsuper/wen.php' not found or unable to stat
[Mon Feb 23 01:03:42.764703 2026] [php:error] [pid 1331] [client 20.187.67.15:0] script '/domains/drsuper/environment.php' not found or unable to stat
[Mon Feb 23 01:03:42.895506 2026] [php:error] [pid 1333] [client 20.214.157.214:0] script '/domains/rextrav/w.php' not found or unable to stat
[Mon Feb 23 01:03:43.061749 2026] [php:error] [pid 1331] [client 20.187.67.15:0] script '/domains/drsuper/styles.php' not found or unable to stat
[Mon Feb 23 01:03:43.075459 2026] [php:error] [pid 1333] [client 20.214.157.214:0] script '/domains/rextrav/f35.php' not found or unable to stat
[Mon Feb 23 01:03:43.281459 2026] [php:error] [pid 1331] [client 20.187.67.15:0] script '/domains/drsuper/wp-4doption1.php' not found or unable to stat
[Mon Feb 23 01:03:43.944922 2026] [php:error] [pid 1331] [client 20.187.67.15:0] script '/domains/drsuper/1.php' not found or unable to stat
[Mon Feb 23 01:03:44.419620 2026] [php:error] [pid 1314] [client 20.214.157.214:0] script '/domains/rextrav/siteheads.php' not found or unable to stat
[Mon Feb 23 01:03:44.462987 2026] [php:error] [pid 1331] [client 20.187.67.15:0] script '/domains/drsuper/atomlib.php' not found or unable to stat
[Mon Feb 23 01:03:44.683181 2026] [php:error] [pid 1331] [client 20.187.67.15:0] script '/domains/drsuper/asasx.php' not found or unable to stat
[Mon Feb 23 01:03:44.903637 2026] [php:error] [pid 1331] [client 20.187.67.15:0] script '/domains/drsuper/ioxi-o.php' not found or unable to stat
[Mon Feb 23 01:03:45.028016 2026] [php:error] [pid 1314] [client 20.214.157.214:0] script '/domains/rextrav/cwclass.php' not found or unable to stat
[Mon Feb 23 01:03:45.123793 2026] [php:error] [pid 1331] [client 20.187.67.15:0] script '/domains/drsuper/z60.php' not found or unable to stat
[Mon Feb 23 01:03:45.356879 2026] [php:error] [pid 1331] [client 20.187.67.15:0] script '/domains/drsuper/dropdown.php' not found or unable to stat
[Mon Feb 23 01:03:45.779340 2026] [php:error] [pid 1314] [client 20.214.157.214:0] script '/domains/rextrav/g.php' not found or unable to stat
[Mon Feb 23 01:03:45.811055 2026] [php:error] [pid 1331] [client 20.187.67.15:0] script '/domains/drsuper/wp-tot.php' not found or unable to stat
[Mon Feb 23 01:03:46.146394 2026] [php:error] [pid 1314] [client 20.214.157.214:0] script '/domains/rextrav/install.php' not found or unable to stat
[Mon Feb 23 01:03:46.556443 2026] [php:error] [pid 1331] [client 20.187.67.15:0] script '/domains/drsuper/class.php' not found or unable to stat
[Mon Feb 23 01:03:46.584110 2026] [php:error] [pid 1314] [client 20.214.157.214:0] script '/domains/rextrav/autoload_classmap.php' not found or unable to stat
[Mon Feb 23 01:03:46.762785 2026] [php:error] [pid 1314] [client 20.214.157.214:0] script '/domains/rextrav/bgymj.php' not found or unable to stat
[Mon Feb 23 01:03:46.778231 2026] [php:error] [pid 1331] [client 20.187.67.15:0] script '/domains/drsuper/404.php' not found or unable to stat
[Mon Feb 23 01:03:47.032534 2026] [php:error] [pid 1331] [client 20.187.67.15:0] script '/domains/drsuper/mode.php' not found or unable to stat
[Mon Feb 23 01:03:47.253405 2026] [php:error] [pid 1331] [client 20.187.67.15:0] script '/domains/drsuper/aboutc.php' not found or unable to stat
[Mon Feb 23 01:03:47.489274 2026] [php:error] [pid 1331] [client 20.187.67.15:0] script '/domains/drsuper/sx.php' not found or unable to stat
[Mon Feb 23 01:03:47.709935 2026] [php:error] [pid 1331] [client 20.187.67.15:0] script '/domains/drsuper/themes.php' not found or unable to stat
[Mon Feb 23 01:03:47.929941 2026] [php:error] [pid 1331] [client 20.187.67.15:0] script '/domains/drsuper/yawa.php' not found or unable to stat
[Mon Feb 23 01:03:48.149957 2026] [php:error] [pid 1331] [client 20.187.67.15:0] script '/domains/drsuper/m.php' not found or unable to stat
[Mon Feb 23 01:03:48.606322 2026] [php:error] [pid 1331] [client 20.187.67.15:0] script '/domains/drsuper/item.php' not found or unable to stat
[Mon Feb 23 01:03:48.974414 2026] [php:error] [pid 1331] [client 20.187.67.15:0] script '/domains/drsuper/403.php' not found or unable to stat
[Mon Feb 23 01:03:49.195379 2026] [php:error] [pid 1331] [client 20.187.67.15:0] script '/domains/drsuper/gg.php' not found or unable to stat
[Mon Feb 23 01:03:49.430520 2026] [php:error] [pid 1331] [client 20.187.67.15:0] script '/domains/drsuper/akcc.php' not found or unable to stat
[Mon Feb 23 01:03:49.650750 2026] [php:error] [pid 1331] [client 20.187.67.15:0] script '/domains/drsuper/radio.php' not found or unable to stat
[Mon Feb 23 01:03:49.873562 2026] [php:error] [pid 1331] [client 20.187.67.15:0] script '/domains/drsuper/xa.php' not found or unable to stat
[Mon Feb 23 01:03:50.095487 2026] [php:error] [pid 1331] [client 20.187.67.15:0] script '/domains/drsuper/backup.php' not found or unable to stat
[Mon Feb 23 01:03:50.315553 2026] [php:error] [pid 1331] [client 20.187.67.15:0] script '/domains/drsuper/galex.php' not found or unable to stat
[Mon Feb 23 01:03:50.882136 2026] [php:error] [pid 1331] [client 20.187.67.15:0] script '/domains/drsuper/about.php' not found or unable to stat
[Mon Feb 23 01:03:51.279785 2026] [php:error] [pid 1331] [client 20.187.67.15:0] script '/domains/drsuper/vx.php' not found or unable to stat
[Mon Feb 23 01:03:51.500860 2026] [php:error] [pid 1331] [client 20.187.67.15:0] script '/domains/drsuper/classwithtostring.php' not found or unable to stat
[Mon Feb 23 01:03:51.998015 2026] [php:error] [pid 1331] [client 20.187.67.15:0] script '/domains/drsuper/fff.php' not found or unable to stat
[Mon Feb 23 01:03:52.220957 2026] [php:error] [pid 1331] [client 20.187.67.15:0] script '/domains/drsuper/content.php' not found or unable to stat
[Mon Feb 23 01:03:52.443464 2026] [php:error] [pid 1331] [client 20.187.67.15:0] script '/domains/drsuper/menu.php' not found or unable to stat
[Mon Feb 23 01:03:52.663545 2026] [php:error] [pid 1331] [client 20.187.67.15:0] script '/domains/drsuper/gifclass.php' not found or unable to stat
[Mon Feb 23 01:03:53.886245 2026] [php:error] [pid 1331] [client 20.187.67.15:0] script '/domains/drsuper/css.php' not found or unable to stat
[Mon Feb 23 01:03:54.107107 2026] [php:error] [pid 1331] [client 20.187.67.15:0] script '/domains/drsuper/x7.php' not found or unable to stat
[Mon Feb 23 01:03:54.330716 2026] [php:error] [pid 1331] [client 20.187.67.15:0] script '/domains/drsuper/bugger.php' not found or unable to stat
[Mon Feb 23 01:03:54.771193 2026] [php:error] [pid 1331] [client 20.187.67.15:0] script '/domains/drsuper/simple.php' not found or unable to stat
[Mon Feb 23 01:03:55.125773 2026] [php:error] [pid 1331] [client 20.187.67.15:0] script '/domains/drsuper/alfa.php' not found or unable to stat
[Mon Feb 23 01:03:55.379398 2026] [php:error] [pid 1331] [client 20.187.67.15:0] script '/domains/drsuper/wp-file.php' not found or unable to stat
[Mon Feb 23 01:03:55.955153 2026] [php:error] [pid 1331] [client 20.187.67.15:0] script '/domains/drsuper/as.php' not found or unable to stat
[Mon Feb 23 01:03:56.178022 2026] [php:error] [pid 1331] [client 20.187.67.15:0] script '/domains/drsuper/X57.php' not found or unable to stat
[Mon Feb 23 01:03:56.398031 2026] [php:error] [pid 1331] [client 20.187.67.15:0] script '/domains/drsuper/abc.php' not found or unable to stat
[Mon Feb 23 01:03:56.633791 2026] [php:error] [pid 1331] [client 20.187.67.15:0] script '/domains/drsuper/gettest.php' not found or unable to stat
[Mon Feb 23 01:03:57.169599 2026] [php:error] [pid 1331] [client 20.187.67.15:0] script '/domains/drsuper/sbhu.php' not found or unable to stat
[Mon Feb 23 01:03:57.392359 2026] [php:error] [pid 1331] [client 20.187.67.15:0] script '/domains/drsuper/wp-trackback.php' not found or unable to stat
[Mon Feb 23 01:03:57.642760 2026] [php:error] [pid 1331] [client 20.187.67.15:0] script '/domains/drsuper/alfashell.php' not found or unable to stat
[Mon Feb 23 01:03:58.083258 2026] [php:error] [pid 1331] [client 20.187.67.15:0] script '/domains/drsuper/aaa.php' not found or unable to stat
[Mon Feb 23 01:03:58.096188 2026] [php:error] [pid 1299] [client 4.193.177.110:0] script '/domains/tmandel/wp-trackback.php' not found or unable to stat
[Mon Feb 23 01:03:58.325058 2026] [php:error] [pid 1299] [client 4.193.177.110:0] script '/domains/tmandel/about.php' not found or unable to stat
[Mon Feb 23 01:03:58.552783 2026] [php:error] [pid 1299] [client 4.193.177.110:0] script '/domains/tmandel/file.php' not found or unable to stat
[Mon Feb 23 01:03:58.703847 2026] [php:error] [pid 1331] [client 20.187.67.15:0] script '/domains/drsuper/chosen.php' not found or unable to stat
[Mon Feb 23 01:03:58.780446 2026] [php:error] [pid 1299] [client 4.193.177.110:0] script '/domains/tmandel/wp-good.php' not found or unable to stat
[Mon Feb 23 01:03:58.923886 2026] [php:error] [pid 1331] [client 20.187.67.15:0] script '/domains/drsuper/tmpls.php' not found or unable to stat
[Mon Feb 23 01:03:59.008273 2026] [php:error] [pid 1299] [client 4.193.177.110:0] script '/domains/tmandel/xmlrpc.php' not found or unable to stat
[Mon Feb 23 01:03:59.236826 2026] [php:error] [pid 1299] [client 4.193.177.110:0] script '/domains/tmandel/goods.php' not found or unable to stat
[Mon Feb 23 01:03:59.310842 2026] [php:error] [pid 1331] [client 20.187.67.15:0] script '/domains/drsuper/gtc.php' not found or unable to stat
[Mon Feb 23 01:03:59.466153 2026] [php:error] [pid 1299] [client 4.193.177.110:0] script '/domains/tmandel/ioxi-o.php' not found or unable to stat
[Mon Feb 23 01:03:59.531341 2026] [php:error] [pid 1331] [client 20.187.67.15:0] script '/domains/drsuper/ty.php' not found or unable to stat
[Mon Feb 23 01:03:59.695118 2026] [php:error] [pid 1299] [client 4.193.177.110:0] script '/domains/tmandel/class-t.api.php' not found or unable to stat
[Mon Feb 23 01:03:59.922843 2026] [php:error] [pid 1299] [client 4.193.177.110:0] script '/domains/tmandel/admin.php' not found or unable to stat
[Mon Feb 23 01:03:59.946403 2026] [php:error] [pid 1331] [client 20.187.67.15:0] script '/domains/drsuper/0x.php' not found or unable to stat
[Mon Feb 23 01:04:00.150465 2026] [php:error] [pid 1299] [client 4.193.177.110:0] script '/domains/tmandel/sf.php' not found or unable to stat
[Mon Feb 23 01:04:00.166109 2026] [php:error] [pid 1331] [client 20.187.67.15:0] script '/domains/drsuper/inputs.php' not found or unable to stat
[Mon Feb 23 01:04:00.379238 2026] [php:error] [pid 1299] [client 4.193.177.110:0] script '/domains/tmandel/rip.php' not found or unable to stat
[Mon Feb 23 01:04:00.385768 2026] [php:error] [pid 1331] [client 20.187.67.15:0] script '/domains/drsuper/test1.php' not found or unable to stat
[Mon Feb 23 01:04:00.606068 2026] [php:error] [pid 1331] [client 20.187.67.15:0] script '/domains/drsuper/new4.php' not found or unable to stat
[Mon Feb 23 01:04:00.607140 2026] [php:error] [pid 1299] [client 4.193.177.110:0] script '/domains/tmandel/autoload_classmap.php' not found or unable to stat
[Mon Feb 23 01:04:00.835055 2026] [php:error] [pid 1299] [client 4.193.177.110:0] script '/domains/tmandel/chosen.php' not found or unable to stat
[Mon Feb 23 01:04:00.895153 2026] [php:error] [pid 1331] [client 20.187.67.15:0] script '/domains/drsuper/img.php' not found or unable to stat
[Mon Feb 23 01:04:01.062938 2026] [php:error] [pid 1299] [client 4.193.177.110:0] script '/domains/tmandel/classwithtostring.php' not found or unable to stat
[Mon Feb 23 01:04:01.290806 2026] [php:error] [pid 1299] [client 4.193.177.110:0] script '/domains/tmandel/defaults.php' not found or unable to stat
[Mon Feb 23 01:04:01.467095 2026] [php:error] [pid 1331] [client 20.187.67.15:0] script '/domains/drsuper/w.php' not found or unable to stat
[Mon Feb 23 01:04:01.687285 2026] [php:error] [pid 1331] [client 20.187.67.15:0] script '/domains/drsuper/f35.php' not found or unable to stat
[Mon Feb 23 01:04:02.445280 2026] [php:error] [pid 1299] [client 4.193.177.110:0] script '/domains/tmandel/info.php' not found or unable to stat
[Mon Feb 23 01:04:03.175789 2026] [php:error] [pid 1338] [client 20.187.67.15:0] script '/domains/drsuper/siteheads.php' not found or unable to stat
[Mon Feb 23 01:04:03.887615 2026] [php:error] [pid 1338] [client 20.187.67.15:0] script '/domains/drsuper/cwclass.php' not found or unable to stat
[Mon Feb 23 01:04:04.038362 2026] [php:error] [pid 1299] [client 4.193.177.110:0] script '/domains/tmandel/adminfuns.php' not found or unable to stat
[Mon Feb 23 01:04:04.829661 2026] [php:error] [pid 1338] [client 20.187.67.15:0] script '/domains/drsuper/g.php' not found or unable to stat
[Mon Feb 23 01:04:05.195999 2026] [php:error] [pid 1352] [client 20.78.169.245:0] script '/domains/viamonte3/wp-trackback.php' not found or unable to stat
[Mon Feb 23 01:04:05.284131 2026] [php:error] [pid 1338] [client 20.187.67.15:0] script '/domains/drsuper/install.php' not found or unable to stat
[Mon Feb 23 01:04:05.367286 2026] [php:error] [pid 1352] [client 20.78.169.245:0] script '/domains/viamonte3/about.php' not found or unable to stat
[Mon Feb 23 01:04:05.538261 2026] [php:error] [pid 1352] [client 20.78.169.245:0] script '/domains/viamonte3/file.php' not found or unable to stat
[Mon Feb 23 01:04:05.709302 2026] [php:error] [pid 1352] [client 20.78.169.245:0] script '/domains/viamonte3/wp-good.php' not found or unable to stat
[Mon Feb 23 01:04:05.880549 2026] [php:error] [pid 1352] [client 20.78.169.245:0] script '/domains/viamonte3/xmlrpc.php' not found or unable to stat
[Mon Feb 23 01:04:05.976951 2026] [php:error] [pid 1338] [client 20.187.67.15:0] script '/domains/drsuper/autoload_classmap.php' not found or unable to stat
[Mon Feb 23 01:04:06.051838 2026] [php:error] [pid 1352] [client 20.78.169.245:0] script '/domains/viamonte3/goods.php' not found or unable to stat
[Mon Feb 23 01:04:06.187946 2026] [php:error] [pid 1338] [client 20.187.67.15:0] script '/domains/drsuper/bgymj.php' not found or unable to stat
[Mon Feb 23 01:04:06.222670 2026] [php:error] [pid 1352] [client 20.78.169.245:0] script '/domains/viamonte3/ioxi-o.php' not found or unable to stat
[Mon Feb 23 01:04:06.393474 2026] [php:error] [pid 1352] [client 20.78.169.245:0] script '/domains/viamonte3/class-t.api.php' not found or unable to stat
[Mon Feb 23 01:04:06.564338 2026] [php:error] [pid 1352] [client 20.78.169.245:0] script '/domains/viamonte3/admin.php' not found or unable to stat
[Mon Feb 23 01:04:06.735695 2026] [php:error] [pid 1352] [client 20.78.169.245:0] script '/domains/viamonte3/sf.php' not found or unable to stat
[Mon Feb 23 01:04:06.907930 2026] [php:error] [pid 1352] [client 20.78.169.245:0] script '/domains/viamonte3/rip.php' not found or unable to stat
[Mon Feb 23 01:04:07.078857 2026] [php:error] [pid 1352] [client 20.78.169.245:0] script '/domains/viamonte3/autoload_classmap.php' not found or unable to stat
[Mon Feb 23 01:04:07.250159 2026] [php:error] [pid 1352] [client 20.78.169.245:0] script '/domains/viamonte3/chosen.php' not found or unable to stat
[Mon Feb 23 01:04:07.421237 2026] [php:error] [pid 1352] [client 20.78.169.245:0] script '/domains/viamonte3/classwithtostring.php' not found or unable to stat
[Mon Feb 23 01:04:07.593834 2026] [php:error] [pid 1352] [client 20.78.169.245:0] script '/domains/viamonte3/defaults.php' not found or unable to stat
[Mon Feb 23 01:04:08.460080 2026] [php:error] [pid 1352] [client 20.78.169.245:0] script '/domains/viamonte3/info.php' not found or unable to stat
[Mon Feb 23 01:04:09.672771 2026] [php:error] [pid 1352] [client 20.78.169.245:0] script '/domains/viamonte3/adminfuns.php' not found or unable to stat
[Mon Feb 23 01:04:23.329753 2026] [php:error] [pid 1355] [client 20.199.109.98:0] script '/domains/system_default/t00l.php' not found or unable to stat
[Mon Feb 23 01:04:23.418667 2026] [php:error] [pid 1355] [client 20.199.109.98:0] script '/domains/system_default/bootstrap.php' not found or unable to stat
[Mon Feb 23 01:04:23.507439 2026] [php:error] [pid 1355] [client 20.199.109.98:0] script '/domains/system_default/f2.php' not found or unable to stat
[Mon Feb 23 01:04:23.595783 2026] [php:error] [pid 1355] [client 20.199.109.98:0] script '/domains/system_default/to.php' not found or unable to stat
[Mon Feb 23 01:04:23.684358 2026] [php:error] [pid 1355] [client 20.199.109.98:0] script '/domains/system_default/inege.php' not found or unable to stat
[Mon Feb 23 01:04:23.772628 2026] [php:error] [pid 1355] [client 20.199.109.98:0] script '/domains/system_default/thui.php' not found or unable to stat
[Mon Feb 23 01:04:23.861225 2026] [php:error] [pid 1355] [client 20.199.109.98:0] script '/domains/system_default/8.php' not found or unable to stat
[Mon Feb 23 01:04:23.951098 2026] [php:error] [pid 1355] [client 20.199.109.98:0] script '/domains/system_default/fresh3.php' not found or unable to stat
[Mon Feb 23 01:04:24.040129 2026] [php:error] [pid 1355] [client 20.199.109.98:0] script '/domains/system_default/selesai.php' not found or unable to stat
[Mon Feb 23 01:04:24.128575 2026] [php:error] [pid 1355] [client 20.199.109.98:0] script '/domains/system_default/xs.php' not found or unable to stat
[Mon Feb 23 01:04:24.216759 2026] [php:error] [pid 1355] [client 20.199.109.98:0] script '/domains/system_default/maraz.php' not found or unable to stat
[Mon Feb 23 01:04:24.305022 2026] [php:error] [pid 1355] [client 20.199.109.98:0] script '/domains/system_default/ws66.php' not found or unable to stat
[Mon Feb 23 01:04:24.393454 2026] [php:error] [pid 1355] [client 20.199.109.98:0] script '/domains/system_default/erty.php' not found or unable to stat
[Mon Feb 23 01:04:24.481741 2026] [php:error] [pid 1355] [client 20.199.109.98:0] script '/domains/system_default/24.php' not found or unable to stat
[Mon Feb 23 01:04:24.570183 2026] [php:error] [pid 1355] [client 20.199.109.98:0] script '/domains/system_default/bzjdlofz.php' not found or unable to stat
[Mon Feb 23 01:04:24.658546 2026] [php:error] [pid 1355] [client 20.199.109.98:0] script '/domains/system_default/sbhu.php' not found or unable to stat
[Mon Feb 23 01:04:24.747051 2026] [php:error] [pid 1355] [client 20.199.109.98:0] script '/domains/system_default/wp-blogs.php' not found or unable to stat
[Mon Feb 23 01:04:24.835638 2026] [php:error] [pid 1355] [client 20.199.109.98:0] script '/domains/system_default/fetch.php' not found or unable to stat
[Mon Feb 23 01:04:24.926101 2026] [php:error] [pid 1355] [client 20.199.109.98:0] script '/domains/system_default/bolt.php' not found or unable to stat
[Mon Feb 23 01:04:25.014860 2026] [php:error] [pid 1355] [client 20.199.109.98:0] script '/domains/system_default/tfm.php' not found or unable to stat
[Mon Feb 23 01:04:25.103396 2026] [php:error] [pid 1355] [client 20.199.109.98:0] script '/domains/system_default/ak.php' not found or unable to stat
[Mon Feb 23 01:04:25.191676 2026] [php:error] [pid 1355] [client 20.199.109.98:0] script '/domains/system_default/wp-style.php' not found or unable to stat
[Mon Feb 23 01:04:25.280176 2026] [php:error] [pid 1355] [client 20.199.109.98:0] script '/domains/system_default/0x0x.php' not found or unable to stat
[Mon Feb 23 01:04:25.369304 2026] [php:error] [pid 1355] [client 20.199.109.98:0] script '/domains/system_default/0byte.php' not found or unable to stat
[Mon Feb 23 01:04:25.458216 2026] [php:error] [pid 1355] [client 20.199.109.98:0] script '/domains/system_default/a4.php' not found or unable to stat
[Mon Feb 23 01:04:25.546722 2026] [php:error] [pid 1355] [client 20.199.109.98:0] script '/domains/system_default/logs1.php' not found or unable to stat
[Mon Feb 23 01:04:25.638414 2026] [php:error] [pid 1355] [client 20.199.109.98:0] script '/domains/system_default/35.php' not found or unable to stat
[Mon Feb 23 01:04:25.726593 2026] [php:error] [pid 1355] [client 20.199.109.98:0] script '/domains/system_default/lanka.php' not found or unable to stat
[Mon Feb 23 01:04:25.815604 2026] [php:error] [pid 1355] [client 20.199.109.98:0] script '/domains/system_default/knmt.php' not found or unable to stat
[Mon Feb 23 01:04:25.904217 2026] [php:error] [pid 1355] [client 20.199.109.98:0] script '/domains/system_default/ioxi.php' not found or unable to stat
[Mon Feb 23 01:04:25.995397 2026] [php:error] [pid 1355] [client 20.199.109.98:0] script '/domains/system_default/lkui.php' not found or unable to stat
[Mon Feb 23 01:04:26.084289 2026] [php:error] [pid 1355] [client 20.199.109.98:0] script '/domains/system_default/grsiuk.php' not found or unable to stat
[Mon Feb 23 01:04:26.260881 2026] [php:error] [pid 1355] [client 20.199.109.98:0] script '/domains/system_default/Geforce.php' not found or unable to stat
[Mon Feb 23 01:04:26.349511 2026] [php:error] [pid 1355] [client 20.199.109.98:0] script '/domains/system_default/easy.php' not found or unable to stat
[Mon Feb 23 01:04:26.437777 2026] [php:error] [pid 1355] [client 20.199.109.98:0] script '/domains/system_default/s1.php' not found or unable to stat
[Mon Feb 23 01:04:26.525970 2026] [php:error] [pid 1355] [client 20.199.109.98:0] script '/domains/system_default/cc13.php' not found or unable to stat
[Mon Feb 23 01:04:26.614243 2026] [php:error] [pid 1355] [client 20.199.109.98:0] script '/domains/system_default/06.php' not found or unable to stat
[Mon Feb 23 01:04:26.703040 2026] [php:error] [pid 1355] [client 20.199.109.98:0] script '/domains/system_default/t.php' not found or unable to stat
[Mon Feb 23 01:04:26.791532 2026] [php:error] [pid 1355] [client 20.199.109.98:0] script '/domains/system_default/export.php' not found or unable to stat
[Mon Feb 23 01:04:26.880505 2026] [php:error] [pid 1355] [client 20.199.109.98:0] script '/domains/system_default/xxw.php' not found or unable to stat
[Mon Feb 23 01:04:26.969658 2026] [php:error] [pid 1355] [client 20.199.109.98:0] script '/domains/system_default/term.php' not found or unable to stat
[Mon Feb 23 01:04:27.058543 2026] [php:error] [pid 1355] [client 20.199.109.98:0] script '/domains/system_default/num.php' not found or unable to stat
[Mon Feb 23 01:04:27.147068 2026] [php:error] [pid 1355] [client 20.199.109.98:0] script '/domains/system_default/file.php' not found or unable to stat
[Mon Feb 23 01:04:27.235927 2026] [php:error] [pid 1355] [client 20.199.109.98:0] script '/domains/system_default/403.php' not found or unable to stat
[Mon Feb 23 01:04:27.324546 2026] [php:error] [pid 1355] [client 20.199.109.98:0] script '/domains/system_default/ccu.php' not found or unable to stat
[Mon Feb 23 01:04:27.413198 2026] [php:error] [pid 1355] [client 20.199.109.98:0] script '/domains/system_default/155.php' not found or unable to stat
[Mon Feb 23 01:04:27.501553 2026] [php:error] [pid 1355] [client 20.199.109.98:0] script '/domains/system_default/xsox.php' not found or unable to stat
[Mon Feb 23 01:04:27.589853 2026] [php:error] [pid 1355] [client 20.199.109.98:0] script '/domains/system_default/wen.php' not found or unable to stat
[Mon Feb 23 01:04:27.678278 2026] [php:error] [pid 1355] [client 20.199.109.98:0] script '/domains/system_default/bgymj.php' not found or unable to stat
[Mon Feb 23 01:04:27.766904 2026] [php:error] [pid 1355] [client 20.199.109.98:0] script '/domains/system_default/gk.php' not found or unable to stat
[Mon Feb 23 01:04:27.855425 2026] [php:error] [pid 1355] [client 20.199.109.98:0] script '/domains/system_default/zoo.php' not found or unable to stat
[Mon Feb 23 01:04:27.944204 2026] [php:error] [pid 1355] [client 20.199.109.98:0] script '/domains/system_default/zxekqlxb.php' not found or unable to stat
[Mon Feb 23 01:04:28.032496 2026] [php:error] [pid 1355] [client 20.199.109.98:0] script '/domains/system_default/wp-scr1pts.php' not found or unable to stat
[Mon Feb 23 01:04:28.120686 2026] [php:error] [pid 1355] [client 20.199.109.98:0] script '/domains/system_default/shlo.php' not found or unable to stat
[Mon Feb 23 01:04:28.208990 2026] [php:error] [pid 1355] [client 20.199.109.98:0] script '/domains/system_default/166.php' not found or unable to stat
[Mon Feb 23 01:04:28.298186 2026] [php:error] [pid 1355] [client 20.199.109.98:0] script '/domains/system_default/gdn.php' not found or unable to stat
[Mon Feb 23 01:04:28.386532 2026] [php:error] [pid 1355] [client 20.199.109.98:0] script '/domains/system_default/6bcwiqwj.php' not found or unable to stat
[Mon Feb 23 01:04:28.474927 2026] [php:error] [pid 1355] [client 20.199.109.98:0] script '/domains/system_default/mar.php' not found or unable to stat
[Mon Feb 23 01:04:28.563608 2026] [php:error] [pid 1355] [client 20.199.109.98:0] script '/domains/system_default/ws69.php' not found or unable to stat
[Mon Feb 23 01:04:28.652178 2026] [php:error] [pid 1355] [client 20.199.109.98:0] script '/domains/system_default/amp.php' not found or unable to stat
[Mon Feb 23 01:04:28.741720 2026] [php:error] [pid 1355] [client 20.199.109.98:0] script '/domains/system_default/gettest.php' not found or unable to stat
[Mon Feb 23 01:04:28.830172 2026] [php:error] [pid 1355] [client 20.199.109.98:0] script '/domains/system_default/Jcrop.php' not found or unable to stat
[Mon Feb 23 01:04:28.918643 2026] [php:error] [pid 1355] [client 20.199.109.98:0] script '/domains/system_default/wp-act.php' not found or unable to stat
[Mon Feb 23 01:04:29.006835 2026] [php:error] [pid 1355] [client 20.199.109.98:0] script '/domains/system_default/wp-link10.php' not found or unable to stat
[Mon Feb 23 01:04:29.095187 2026] [php:error] [pid 1355] [client 20.199.109.98:0] script '/domains/system_default/ff1.php' not found or unable to stat
[Mon Feb 23 01:04:29.183848 2026] [php:error] [pid 1355] [client 20.199.109.98:0] script '/domains/system_default/lib.php' not found or unable to stat
[Mon Feb 23 01:04:29.272270 2026] [php:error] [pid 1355] [client 20.199.109.98:0] script '/domains/system_default/Ov-Simple1.php' not found or unable to stat
[Mon Feb 23 01:04:29.360647 2026] [php:error] [pid 1355] [client 20.199.109.98:0] script '/domains/system_default/ccs.php' not found or unable to stat
[Mon Feb 23 01:04:29.449077 2026] [php:error] [pid 1355] [client 20.199.109.98:0] script '/domains/system_default/mini.php' not found or unable to stat
[Mon Feb 23 01:04:29.537587 2026] [php:error] [pid 1355] [client 20.199.109.98:0] script '/domains/system_default/xr.php' not found or unable to stat
[Mon Feb 23 01:04:29.625784 2026] [php:error] [pid 1355] [client 20.199.109.98:0] script '/domains/system_default/baixy.php' not found or unable to stat
[Mon Feb 23 01:04:29.714193 2026] [php:error] [pid 1355] [client 20.199.109.98:0] script '/domains/system_default/rtx.php' not found or unable to stat
[Mon Feb 23 01:04:29.802971 2026] [php:error] [pid 1355] [client 20.199.109.98:0] script '/domains/system_default/666.php' not found or unable to stat
[Mon Feb 23 01:04:29.892446 2026] [php:error] [pid 1355] [client 20.199.109.98:0] script '/domains/system_default/h2a2ck.php' not found or unable to stat
[Mon Feb 23 01:04:29.981439 2026] [php:error] [pid 1355] [client 20.199.109.98:0] script '/domains/system_default/cytyr.php' not found or unable to stat
[Mon Feb 23 01:04:30.070432 2026] [php:error] [pid 1355] [client 20.199.109.98:0] script '/domains/system_default/h02ugyh.php' not found or unable to stat
[Mon Feb 23 01:04:30.159049 2026] [php:error] [pid 1355] [client 20.199.109.98:0] script '/domains/system_default/66.php' not found or unable to stat
[Mon Feb 23 01:04:30.247709 2026] [php:error] [pid 1355] [client 20.199.109.98:0] script '/domains/system_default/init.php' not found or unable to stat
[Mon Feb 23 01:04:30.338779 2026] [php:error] [pid 1355] [client 20.199.109.98:0] script '/domains/system_default/ava.php' not found or unable to stat
[Mon Feb 23 01:04:30.427504 2026] [php:error] [pid 1355] [client 20.199.109.98:0] script '/domains/system_default/balin.php' not found or unable to stat
[Mon Feb 23 01:04:30.517023 2026] [php:error] [pid 1355] [client 20.199.109.98:0] script '/domains/system_default/0x19493QU8ZQ.php' not found or unable to stat
[Mon Feb 23 01:04:30.605501 2026] [php:error] [pid 1355] [client 20.199.109.98:0] script '/domains/system_default/13ede.php' not found or unable to stat
[Mon Feb 23 01:04:30.698738 2026] [php:error] [pid 1355] [client 20.199.109.98:0] script '/domains/system_default/akhvg.php' not found or unable to stat
[Mon Feb 23 01:04:30.787765 2026] [php:error] [pid 1355] [client 20.199.109.98:0] script '/domains/system_default/assacc.php' not found or unable to stat
[Mon Feb 23 01:04:30.876672 2026] [php:error] [pid 1355] [client 20.199.109.98:0] script '/domains/system_default/xy.php' not found or unable to stat
[Mon Feb 23 01:04:30.966878 2026] [php:error] [pid 1355] [client 20.199.109.98:0] script '/domains/system_default/atomlib.php' not found or unable to stat
[Mon Feb 23 01:04:31.054920 2026] [php:error] [pid 1355] [client 20.199.109.98:0] script '/domains/system_default/fetch.php' not found or unable to stat
[Mon Feb 23 01:04:31.143806 2026] [php:error] [pid 1355] [client 20.199.109.98:0] script '/domains/system_default/jnhddqyz.php' not found or unable to stat
[Mon Feb 23 01:04:31.233840 2026] [php:error] [pid 1355] [client 20.199.109.98:0] script '/domains/system_default/cgi-bin_bkp.php' not found or unable to stat
[Mon Feb 23 01:04:32.783873 2026] [php:error] [pid 1343] [client 74.248.32.28:0] script '/domains/awciii/webdb.php' not found or unable to stat
[Mon Feb 23 01:04:32.885058 2026] [php:error] [pid 1343] [client 74.248.32.28:0] script '/domains/awciii/file.php' not found or unable to stat
[Mon Feb 23 01:04:32.985964 2026] [php:error] [pid 1343] [client 74.248.32.28:0] script '/domains/awciii/166.php' not found or unable to stat
[Mon Feb 23 01:04:33.087171 2026] [php:error] [pid 1343] [client 74.248.32.28:0] script '/domains/awciii/classwithtostring.php' not found or unable to stat
[Mon Feb 23 01:04:33.188003 2026] [php:error] [pid 1343] [client 74.248.32.28:0] script '/domains/awciii/by.php' not found or unable to stat
[Mon Feb 23 01:04:33.389933 2026] [php:error] [pid 1343] [client 74.248.32.28:0] script '/domains/awciii/simple.php' not found or unable to stat
[Mon Feb 23 01:04:33.692158 2026] [php:error] [pid 1343] [client 74.248.32.28:0] script '/domains/awciii/confq.php' not found or unable to stat
[Mon Feb 23 01:04:33.893538 2026] [php:error] [pid 1343] [client 74.248.32.28:0] script '/domains/awciii/404.php' not found or unable to stat
[Mon Feb 23 01:04:33.994395 2026] [php:error] [pid 1343] [client 74.248.32.28:0] script '/domains/awciii/35.php' not found or unable to stat
[Mon Feb 23 01:04:34.104753 2026] [php:error] [pid 1343] [client 74.248.32.28:0] script '/domains/awciii/sx.php' not found or unable to stat
