[Mon Feb 23 02:15:06.812278 2026] [php:error] [pid 2081] [client 20.194.29.45:0] script '/domains/koenig.interport/about.php' not found or unable to stat
[Mon Feb 23 02:15:07.006342 2026] [php:error] [pid 2081] [client 20.194.29.45:0] script '/domains/koenig.interport/file.php' not found or unable to stat
[Mon Feb 23 02:15:07.195446 2026] [php:error] [pid 2081] [client 20.194.29.45:0] script '/domains/koenig.interport/wp-good.php' not found or unable to stat
[Mon Feb 23 02:15:07.383625 2026] [php:error] [pid 2081] [client 20.194.29.45:0] script '/domains/koenig.interport/xmlrpc.php' not found or unable to stat
[Mon Feb 23 02:15:07.571560 2026] [php:error] [pid 2081] [client 20.194.29.45:0] script '/domains/koenig.interport/goods.php' not found or unable to stat
[Mon Feb 23 02:15:07.759039 2026] [php:error] [pid 2081] [client 20.194.29.45:0] script '/domains/koenig.interport/ioxi-o.php' not found or unable to stat
[Mon Feb 23 02:15:07.959928 2026] [php:error] [pid 2081] [client 20.194.29.45:0] script '/domains/koenig.interport/class-t.api.php' not found or unable to stat
[Mon Feb 23 02:15:08.147600 2026] [php:error] [pid 2081] [client 20.194.29.45:0] script '/domains/koenig.interport/admin.php' not found or unable to stat
[Mon Feb 23 02:15:08.347508 2026] [php:error] [pid 2081] [client 20.194.29.45:0] script '/domains/koenig.interport/sf.php' not found or unable to stat
[Mon Feb 23 02:15:08.537268 2026] [php:error] [pid 2081] [client 20.194.29.45:0] script '/domains/koenig.interport/rip.php' not found or unable to stat
[Mon Feb 23 02:15:08.725052 2026] [php:error] [pid 2081] [client 20.194.29.45:0] script '/domains/koenig.interport/autoload_classmap.php' not found or unable to stat
[Mon Feb 23 02:15:08.914235 2026] [php:error] [pid 2081] [client 20.194.29.45:0] script '/domains/koenig.interport/chosen.php' not found or unable to stat
[Mon Feb 23 02:15:09.110722 2026] [php:error] [pid 2081] [client 20.194.29.45:0] script '/domains/koenig.interport/classwithtostring.php' not found or unable to stat
[Mon Feb 23 02:15:09.298525 2026] [php:error] [pid 2081] [client 20.194.29.45:0] script '/domains/koenig.interport/defaults.php' not found or unable to stat
[Mon Feb 23 02:15:10.243591 2026] [php:error] [pid 2081] [client 20.194.29.45:0] script '/domains/koenig.interport/info.php' not found or unable to stat
[Mon Feb 23 02:15:11.558184 2026] [php:error] [pid 2081] [client 20.194.29.45:0] script '/domains/koenig.interport/adminfuns.php' not found or unable to stat
[Mon Feb 23 02:15:29.921430 2026] [php:error] [pid 2088] [client 145.239.10.137:0] script '/domains/nmksgroupweb/gto.php' not found or unable to stat, referer: http://cyberocks.com/gto.php
[Mon Feb 23 02:15:29.941590 2026] [php:error] [pid 2105] [client 145.239.10.137:0] script '/domains/nmksgroupweb/opsn.php' not found or unable to stat, referer: http://cyberocks.com/opsn.php
[Mon Feb 23 02:15:36.905123 2026] [php:error] [pid 2105] [client 20.196.195.121:0] script '/domains/memanuel/meew.php' not found or unable to stat
[Mon Feb 23 02:15:37.212976 2026] [php:error] [pid 2105] [client 20.196.195.121:0] script '/domains/memanuel/add.php' not found or unable to stat
[Mon Feb 23 02:15:37.401429 2026] [php:error] [pid 2105] [client 20.196.195.121:0] script '/domains/memanuel/8.php' not found or unable to stat
[Mon Feb 23 02:15:37.580905 2026] [php:error] [pid 2105] [client 20.196.195.121:0] script '/domains/memanuel/ty.php' not found or unable to stat
[Mon Feb 23 02:15:37.760068 2026] [php:error] [pid 2105] [client 20.196.195.121:0] script '/domains/memanuel/sys.php' not found or unable to stat
[Mon Feb 23 02:15:37.939133 2026] [php:error] [pid 2105] [client 20.196.195.121:0] script '/domains/memanuel/mass.php' not found or unable to stat
[Mon Feb 23 02:15:38.120294 2026] [php:error] [pid 2105] [client 20.196.195.121:0] script '/domains/memanuel/alfa.php' not found or unable to stat
[Mon Feb 23 02:15:38.300805 2026] [php:error] [pid 2105] [client 20.196.195.121:0] script '/domains/memanuel/71.php' not found or unable to stat
[Mon Feb 23 02:15:38.484745 2026] [php:error] [pid 2105] [client 20.196.195.121:0] script '/domains/memanuel/admin-footer.php' not found or unable to stat
[Mon Feb 23 02:15:38.688475 2026] [php:error] [pid 2105] [client 20.196.195.121:0] script '/domains/memanuel/webdb.php' not found or unable to stat
[Mon Feb 23 02:15:38.954513 2026] [php:error] [pid 2105] [client 20.196.195.121:0] script '/domains/memanuel/plugin.php' not found or unable to stat
[Mon Feb 23 02:15:39.133423 2026] [php:error] [pid 2105] [client 20.196.195.121:0] script '/domains/memanuel/lib.php' not found or unable to stat
[Mon Feb 23 02:15:39.606447 2026] [php:error] [pid 2105] [client 20.196.195.121:0] script '/domains/memanuel/makeasmtp.php' not found or unable to stat
[Mon Feb 23 02:15:40.122710 2026] [php:error] [pid 2105] [client 20.196.195.121:0] script '/domains/memanuel/zeal.php' not found or unable to stat
[Mon Feb 23 02:15:40.346956 2026] [php:error] [pid 2105] [client 20.196.195.121:0] script '/domains/memanuel/sc.php' not found or unable to stat
[Mon Feb 23 02:15:40.836381 2026] [php:error] [pid 2105] [client 20.196.195.121:0] script '/domains/memanuel/txets.php' not found or unable to stat
[Mon Feb 23 02:15:41.138577 2026] [php:error] [pid 2105] [client 20.196.195.121:0] script '/domains/memanuel/options-head.php' not found or unable to stat
[Mon Feb 23 02:15:42.070375 2026] [php:error] [pid 2105] [client 20.196.195.121:0] script '/domains/memanuel/cmdo.php' not found or unable to stat
[Mon Feb 23 02:15:42.250837 2026] [php:error] [pid 2105] [client 20.196.195.121:0] script '/domains/memanuel/p.php' not found or unable to stat
[Mon Feb 23 02:15:42.435440 2026] [php:error] [pid 2105] [client 20.196.195.121:0] script '/domains/memanuel/Capte.php' not found or unable to stat
[Mon Feb 23 02:15:42.614179 2026] [php:error] [pid 2105] [client 20.196.195.121:0] script '/domains/memanuel/ccou.php' not found or unable to stat
[Mon Feb 23 02:15:42.803777 2026] [php:error] [pid 2105] [client 20.196.195.121:0] script '/domains/memanuel/503.php' not found or unable to stat
[Mon Feb 23 02:15:42.986209 2026] [php:error] [pid 2105] [client 20.196.195.121:0] script '/domains/memanuel/ws66.php' not found or unable to stat
[Mon Feb 23 02:15:43.189991 2026] [php:error] [pid 2105] [client 20.196.195.121:0] script '/domains/memanuel/xa.php' not found or unable to stat
[Mon Feb 23 02:15:43.369298 2026] [php:error] [pid 2105] [client 20.196.195.121:0] script '/domains/memanuel/666.php' not found or unable to stat
[Mon Feb 23 02:15:43.547916 2026] [php:error] [pid 2105] [client 20.196.195.121:0] script '/domains/memanuel/error.php' not found or unable to stat
[Mon Feb 23 02:15:43.767972 2026] [php:error] [pid 2105] [client 20.196.195.121:0] script '/domains/memanuel/222.php' not found or unable to stat
[Mon Feb 23 02:15:43.999836 2026] [php:error] [pid 2105] [client 20.196.195.121:0] script '/domains/memanuel/wen.php' not found or unable to stat
[Mon Feb 23 02:15:44.186558 2026] [php:error] [pid 2105] [client 20.196.195.121:0] script '/domains/memanuel/environment.php' not found or unable to stat
[Mon Feb 23 02:15:44.657902 2026] [php:error] [pid 2105] [client 20.196.195.121:0] script '/domains/memanuel/styles.php' not found or unable to stat
[Mon Feb 23 02:15:44.836743 2026] [php:error] [pid 2105] [client 20.196.195.121:0] script '/domains/memanuel/wp-4doption1.php' not found or unable to stat
[Mon Feb 23 02:15:45.395243 2026] [php:error] [pid 2105] [client 20.196.195.121:0] script '/domains/memanuel/1.php' not found or unable to stat
[Mon Feb 23 02:15:45.765108 2026] [php:error] [pid 2105] [client 20.196.195.121:0] script '/domains/memanuel/atomlib.php' not found or unable to stat
[Mon Feb 23 02:15:46.048924 2026] [php:error] [pid 2105] [client 20.196.195.121:0] script '/domains/memanuel/asasx.php' not found or unable to stat
[Mon Feb 23 02:15:46.227651 2026] [php:error] [pid 2105] [client 20.196.195.121:0] script '/domains/memanuel/ioxi-o.php' not found or unable to stat
[Mon Feb 23 02:15:46.406870 2026] [php:error] [pid 2105] [client 20.196.195.121:0] script '/domains/memanuel/z60.php' not found or unable to stat
[Mon Feb 23 02:15:46.961151 2026] [php:error] [pid 2105] [client 20.196.195.121:0] script '/domains/memanuel/dropdown.php' not found or unable to stat
[Mon Feb 23 02:15:47.319124 2026] [php:error] [pid 2105] [client 20.196.195.121:0] script '/domains/memanuel/wp-tot.php' not found or unable to stat
[Mon Feb 23 02:15:47.902389 2026] [php:error] [pid 2105] [client 20.196.195.121:0] script '/domains/memanuel/class.php' not found or unable to stat
[Mon Feb 23 02:15:48.096020 2026] [php:error] [pid 2105] [client 20.196.195.121:0] script '/domains/memanuel/404.php' not found or unable to stat
[Mon Feb 23 02:15:48.274779 2026] [php:error] [pid 2105] [client 20.196.195.121:0] script '/domains/memanuel/mode.php' not found or unable to stat
[Mon Feb 23 02:15:48.503646 2026] [php:error] [pid 2105] [client 20.196.195.121:0] script '/domains/memanuel/aboutc.php' not found or unable to stat
[Mon Feb 23 02:15:49.064360 2026] [php:error] [pid 2105] [client 20.196.195.121:0] script '/domains/memanuel/sx.php' not found or unable to stat
[Mon Feb 23 02:15:49.309666 2026] [php:error] [pid 2105] [client 20.196.195.121:0] script '/domains/memanuel/themes.php' not found or unable to stat
[Mon Feb 23 02:15:49.489573 2026] [php:error] [pid 2105] [client 20.196.195.121:0] script '/domains/memanuel/yawa.php' not found or unable to stat
[Mon Feb 23 02:15:49.673166 2026] [php:error] [pid 2105] [client 20.196.195.121:0] script '/domains/memanuel/m.php' not found or unable to stat
[Mon Feb 23 02:15:50.038710 2026] [php:error] [pid 2105] [client 20.196.195.121:0] script '/domains/memanuel/item.php' not found or unable to stat
[Mon Feb 23 02:15:50.217727 2026] [php:error] [pid 2105] [client 20.196.195.121:0] script '/domains/memanuel/403.php' not found or unable to stat
[Mon Feb 23 02:15:50.400431 2026] [php:error] [pid 2105] [client 20.196.195.121:0] script '/domains/memanuel/gg.php' not found or unable to stat
[Mon Feb 23 02:15:50.737951 2026] [php:error] [pid 2105] [client 20.196.195.121:0] script '/domains/memanuel/akcc.php' not found or unable to stat
[Mon Feb 23 02:15:50.934935 2026] [php:error] [pid 2105] [client 20.196.195.121:0] script '/domains/memanuel/radio.php' not found or unable to stat
[Mon Feb 23 02:15:51.293245 2026] [php:error] [pid 2105] [client 20.196.195.121:0] script '/domains/memanuel/xa.php' not found or unable to stat
[Mon Feb 23 02:15:51.472728 2026] [php:error] [pid 2105] [client 20.196.195.121:0] script '/domains/memanuel/backup.php' not found or unable to stat
[Mon Feb 23 02:15:51.651775 2026] [php:error] [pid 2105] [client 20.196.195.121:0] script '/domains/memanuel/galex.php' not found or unable to stat
[Mon Feb 23 02:15:52.497518 2026] [php:error] [pid 2105] [client 20.196.195.121:0] script '/domains/memanuel/about.php' not found or unable to stat
[Mon Feb 23 02:15:52.676472 2026] [php:error] [pid 2105] [client 20.196.195.121:0] script '/domains/memanuel/vx.php' not found or unable to stat
[Mon Feb 23 02:15:52.855473 2026] [php:error] [pid 2105] [client 20.196.195.121:0] script '/domains/memanuel/classwithtostring.php' not found or unable to stat
[Mon Feb 23 02:15:53.222960 2026] [php:error] [pid 2105] [client 20.196.195.121:0] script '/domains/memanuel/fff.php' not found or unable to stat
[Mon Feb 23 02:15:53.402333 2026] [php:error] [pid 2105] [client 20.196.195.121:0] script '/domains/memanuel/content.php' not found or unable to stat
[Mon Feb 23 02:15:53.710198 2026] [php:error] [pid 2105] [client 20.196.195.121:0] script '/domains/memanuel/menu.php' not found or unable to stat
[Mon Feb 23 02:15:53.898141 2026] [php:error] [pid 2105] [client 20.196.195.121:0] script '/domains/memanuel/gifclass.php' not found or unable to stat
[Mon Feb 23 02:15:54.305686 2026] [php:error] [pid 2105] [client 20.196.195.121:0] script '/domains/memanuel/css.php' not found or unable to stat
[Mon Feb 23 02:15:54.499349 2026] [php:error] [pid 2105] [client 20.196.195.121:0] script '/domains/memanuel/x7.php' not found or unable to stat
[Mon Feb 23 02:15:54.678954 2026] [php:error] [pid 2105] [client 20.196.195.121:0] script '/domains/memanuel/bugger.php' not found or unable to stat
[Mon Feb 23 02:15:55.244512 2026] [php:error] [pid 2105] [client 20.196.195.121:0] script '/domains/memanuel/simple.php' not found or unable to stat
[Mon Feb 23 02:15:55.426622 2026] [php:error] [pid 2105] [client 20.196.195.121:0] script '/domains/memanuel/alfa.php' not found or unable to stat
[Mon Feb 23 02:15:55.642597 2026] [php:error] [pid 2105] [client 20.196.195.121:0] script '/domains/memanuel/wp-file.php' not found or unable to stat
[Mon Feb 23 02:15:55.835331 2026] [php:error] [pid 2105] [client 20.196.195.121:0] script '/domains/memanuel/as.php' not found or unable to stat
[Mon Feb 23 02:15:56.023062 2026] [php:error] [pid 2105] [client 20.196.195.121:0] script '/domains/memanuel/X57.php' not found or unable to stat
[Mon Feb 23 02:15:56.218490 2026] [php:error] [pid 2105] [client 20.196.195.121:0] script '/domains/memanuel/abc.php' not found or unable to stat
[Mon Feb 23 02:15:56.398205 2026] [php:error] [pid 2105] [client 20.196.195.121:0] script '/domains/memanuel/gettest.php' not found or unable to stat
[Mon Feb 23 02:15:56.607625 2026] [php:error] [pid 2105] [client 20.196.195.121:0] script '/domains/memanuel/sbhu.php' not found or unable to stat
[Mon Feb 23 02:15:56.885259 2026] [php:error] [pid 2105] [client 20.196.195.121:0] script '/domains/memanuel/wp-trackback.php' not found or unable to stat
[Mon Feb 23 02:15:57.217099 2026] [php:error] [pid 2105] [client 20.196.195.121:0] script '/domains/memanuel/alfashell.php' not found or unable to stat
[Mon Feb 23 02:15:57.619715 2026] [php:error] [pid 2105] [client 20.196.195.121:0] script '/domains/memanuel/aaa.php' not found or unable to stat
[Mon Feb 23 02:15:57.805122 2026] [php:error] [pid 2105] [client 20.196.195.121:0] script '/domains/memanuel/chosen.php' not found or unable to stat
[Mon Feb 23 02:15:58.105663 2026] [php:error] [pid 2105] [client 20.196.195.121:0] script '/domains/memanuel/tmpls.php' not found or unable to stat
[Mon Feb 23 02:15:58.487695 2026] [php:error] [pid 2105] [client 20.196.195.121:0] script '/domains/memanuel/gtc.php' not found or unable to stat
[Mon Feb 23 02:15:58.668308 2026] [php:error] [pid 2105] [client 20.196.195.121:0] script '/domains/memanuel/ty.php' not found or unable to stat
[Mon Feb 23 02:15:58.847306 2026] [php:error] [pid 2105] [client 20.196.195.121:0] script '/domains/memanuel/0x.php' not found or unable to stat
[Mon Feb 23 02:15:59.815971 2026] [php:error] [pid 2105] [client 20.196.195.121:0] script '/domains/memanuel/inputs.php' not found or unable to stat
[Mon Feb 23 02:15:59.997859 2026] [php:error] [pid 2105] [client 20.196.195.121:0] script '/domains/memanuel/test1.php' not found or unable to stat
[Mon Feb 23 02:16:00.178001 2026] [php:error] [pid 2105] [client 20.196.195.121:0] script '/domains/memanuel/new4.php' not found or unable to stat
[Mon Feb 23 02:16:00.389205 2026] [php:error] [pid 2105] [client 20.196.195.121:0] script '/domains/memanuel/img.php' not found or unable to stat
[Mon Feb 23 02:16:01.524269 2026] [php:error] [pid 2105] [client 20.196.195.121:0] script '/domains/memanuel/w.php' not found or unable to stat
[Mon Feb 23 02:16:01.706224 2026] [php:error] [pid 2105] [client 20.196.195.121:0] script '/domains/memanuel/f35.php' not found or unable to stat
[Mon Feb 23 02:16:05.991261 2026] [core:crit] [pid 2104] (13)Permission denied: [client 47.128.32.214:0] AH00529: /domains/dcarlone/test/web/.htaccess pcfg_openfile: unable to check htaccess file, ensure it is readable and that '/domains/dcarlone/test/web/' is executable
[Mon Feb 23 02:16:08.904968 2026] [php:error] [pid 2090] [client 20.196.195.121:0] script '/domains/memanuel/siteheads.php' not found or unable to stat
[Mon Feb 23 02:16:09.520281 2026] [php:error] [pid 2090] [client 20.196.195.121:0] script '/domains/memanuel/cwclass.php' not found or unable to stat
[Mon Feb 23 02:16:10.324328 2026] [php:error] [pid 2090] [client 20.196.195.121:0] script '/domains/memanuel/g.php' not found or unable to stat
[Mon Feb 23 02:16:10.743103 2026] [php:error] [pid 2090] [client 20.196.195.121:0] script '/domains/memanuel/install.php' not found or unable to stat
[Mon Feb 23 02:16:11.115970 2026] [php:error] [pid 2090] [client 20.196.195.121:0] script '/domains/memanuel/autoload_classmap.php' not found or unable to stat
[Mon Feb 23 02:16:11.302514 2026] [php:error] [pid 2090] [client 20.196.195.121:0] script '/domains/memanuel/bgymj.php' not found or unable to stat
[Mon Feb 23 02:16:45.658775 2026] [php:error] [pid 2112] [client 20.187.67.15:0] script '/domains/covertcomic/meew.php' not found or unable to stat
[Mon Feb 23 02:16:45.870221 2026] [php:error] [pid 2112] [client 20.187.67.15:0] script '/domains/covertcomic/add.php' not found or unable to stat
[Mon Feb 23 02:16:46.088498 2026] [php:error] [pid 2112] [client 20.187.67.15:0] script '/domains/covertcomic/8.php' not found or unable to stat
[Mon Feb 23 02:16:46.300315 2026] [php:error] [pid 2112] [client 20.187.67.15:0] script '/domains/covertcomic/ty.php' not found or unable to stat
[Mon Feb 23 02:16:46.522441 2026] [php:error] [pid 2112] [client 20.187.67.15:0] script '/domains/covertcomic/sys.php' not found or unable to stat
[Mon Feb 23 02:16:46.733280 2026] [php:error] [pid 2112] [client 20.187.67.15:0] script '/domains/covertcomic/mass.php' not found or unable to stat
[Mon Feb 23 02:16:46.948082 2026] [php:error] [pid 2112] [client 20.187.67.15:0] script '/domains/covertcomic/alfa.php' not found or unable to stat
[Mon Feb 23 02:16:47.188441 2026] [php:error] [pid 2112] [client 20.187.67.15:0] script '/domains/covertcomic/71.php' not found or unable to stat
[Mon Feb 23 02:16:47.399682 2026] [php:error] [pid 2112] [client 20.187.67.15:0] script '/domains/covertcomic/admin-footer.php' not found or unable to stat
[Mon Feb 23 02:16:47.610314 2026] [php:error] [pid 2112] [client 20.187.67.15:0] script '/domains/covertcomic/webdb.php' not found or unable to stat
[Mon Feb 23 02:16:47.821195 2026] [php:error] [pid 2112] [client 20.187.67.15:0] script '/domains/covertcomic/plugin.php' not found or unable to stat
[Mon Feb 23 02:16:48.054993 2026] [php:error] [pid 2112] [client 20.187.67.15:0] script '/domains/covertcomic/lib.php' not found or unable to stat
[Mon Feb 23 02:16:48.286357 2026] [php:error] [pid 2112] [client 20.187.67.15:0] script '/domains/covertcomic/makeasmtp.php' not found or unable to stat
[Mon Feb 23 02:16:48.500000 2026] [php:error] [pid 2112] [client 20.187.67.15:0] script '/domains/covertcomic/zeal.php' not found or unable to stat
[Mon Feb 23 02:16:48.711048 2026] [php:error] [pid 2112] [client 20.187.67.15:0] script '/domains/covertcomic/sc.php' not found or unable to stat
[Mon Feb 23 02:16:49.130917 2026] [php:error] [pid 2091] [client 52.141.18.191:0] script '/domains/markrose/wp-trackback.php' not found or unable to stat
[Mon Feb 23 02:16:49.319264 2026] [php:error] [pid 2091] [client 52.141.18.191:0] script '/domains/markrose/about.php' not found or unable to stat
[Mon Feb 23 02:16:49.363193 2026] [php:error] [pid 2112] [client 20.187.67.15:0] script '/domains/covertcomic/txets.php' not found or unable to stat
[Mon Feb 23 02:16:49.507230 2026] [php:error] [pid 2091] [client 52.141.18.191:0] script '/domains/markrose/file.php' not found or unable to stat
[Mon Feb 23 02:16:49.695106 2026] [php:error] [pid 2091] [client 52.141.18.191:0] script '/domains/markrose/wp-good.php' not found or unable to stat
[Mon Feb 23 02:16:49.811339 2026] [php:error] [pid 2112] [client 20.187.67.15:0] script '/domains/covertcomic/options-head.php' not found or unable to stat
[Mon Feb 23 02:16:49.899509 2026] [php:error] [pid 2091] [client 52.141.18.191:0] script '/domains/markrose/xmlrpc.php' not found or unable to stat
[Mon Feb 23 02:16:50.087329 2026] [php:error] [pid 2091] [client 52.141.18.191:0] script '/domains/markrose/goods.php' not found or unable to stat
[Mon Feb 23 02:16:50.243170 2026] [php:error] [pid 2112] [client 20.187.67.15:0] script '/domains/covertcomic/cmdo.php' not found or unable to stat
[Mon Feb 23 02:16:50.275765 2026] [php:error] [pid 2091] [client 52.141.18.191:0] script '/domains/markrose/ioxi-o.php' not found or unable to stat
[Mon Feb 23 02:16:50.453851 2026] [php:error] [pid 2112] [client 20.187.67.15:0] script '/domains/covertcomic/p.php' not found or unable to stat
[Mon Feb 23 02:16:50.464053 2026] [php:error] [pid 2091] [client 52.141.18.191:0] script '/domains/markrose/class-t.api.php' not found or unable to stat
[Mon Feb 23 02:16:50.652052 2026] [php:error] [pid 2091] [client 52.141.18.191:0] script '/domains/markrose/admin.php' not found or unable to stat
[Mon Feb 23 02:16:50.664567 2026] [php:error] [pid 2112] [client 20.187.67.15:0] script '/domains/covertcomic/Capte.php' not found or unable to stat
[Mon Feb 23 02:16:50.850720 2026] [php:error] [pid 2091] [client 52.141.18.191:0] script '/domains/markrose/sf.php' not found or unable to stat
[Mon Feb 23 02:16:50.894746 2026] [php:error] [pid 2112] [client 20.187.67.15:0] script '/domains/covertcomic/ccou.php' not found or unable to stat
[Mon Feb 23 02:16:51.039417 2026] [php:error] [pid 2091] [client 52.141.18.191:0] script '/domains/markrose/rip.php' not found or unable to stat
[Mon Feb 23 02:16:51.138619 2026] [php:error] [pid 2112] [client 20.187.67.15:0] script '/domains/covertcomic/503.php' not found or unable to stat
[Mon Feb 23 02:16:51.227484 2026] [php:error] [pid 2091] [client 52.141.18.191:0] script '/domains/markrose/autoload_classmap.php' not found or unable to stat
[Mon Feb 23 02:16:51.351260 2026] [php:error] [pid 2112] [client 20.187.67.15:0] script '/domains/covertcomic/ws66.php' not found or unable to stat
[Mon Feb 23 02:16:51.445531 2026] [php:error] [pid 2091] [client 52.141.18.191:0] script '/domains/markrose/chosen.php' not found or unable to stat
[Mon Feb 23 02:16:51.577998 2026] [php:error] [pid 2112] [client 20.187.67.15:0] script '/domains/covertcomic/xa.php' not found or unable to stat
[Mon Feb 23 02:16:51.633415 2026] [php:error] [pid 2091] [client 52.141.18.191:0] script '/domains/markrose/classwithtostring.php' not found or unable to stat
[Mon Feb 23 02:16:51.821910 2026] [php:error] [pid 2091] [client 52.141.18.191:0] script '/domains/markrose/defaults.php' not found or unable to stat
[Mon Feb 23 02:16:52.328977 2026] [php:error] [pid 2112] [client 20.187.67.15:0] script '/domains/covertcomic/666.php' not found or unable to stat
[Mon Feb 23 02:16:52.542689 2026] [php:error] [pid 2112] [client 20.187.67.15:0] script '/domains/covertcomic/error.php' not found or unable to stat
[Mon Feb 23 02:16:52.753677 2026] [php:error] [pid 2112] [client 20.187.67.15:0] script '/domains/covertcomic/222.php' not found or unable to stat
[Mon Feb 23 02:16:52.767366 2026] [php:error] [pid 2091] [client 52.141.18.191:0] script '/domains/markrose/info.php' not found or unable to stat
[Mon Feb 23 02:16:52.992798 2026] [php:error] [pid 2112] [client 20.187.67.15:0] script '/domains/covertcomic/wen.php' not found or unable to stat
[Mon Feb 23 02:16:53.204159 2026] [php:error] [pid 2112] [client 20.187.67.15:0] script '/domains/covertcomic/environment.php' not found or unable to stat
[Mon Feb 23 02:16:53.431882 2026] [php:error] [pid 2112] [client 20.187.67.15:0] script '/domains/covertcomic/styles.php' not found or unable to stat
[Mon Feb 23 02:16:53.644428 2026] [php:error] [pid 2112] [client 20.187.67.15:0] script '/domains/covertcomic/wp-4doption1.php' not found or unable to stat
[Mon Feb 23 02:16:54.069433 2026] [php:error] [pid 2112] [client 20.187.67.15:0] script '/domains/covertcomic/1.php' not found or unable to stat
[Mon Feb 23 02:16:54.101193 2026] [php:error] [pid 2091] [client 52.141.18.191:0] script '/domains/markrose/adminfuns.php' not found or unable to stat
[Mon Feb 23 02:16:54.496028 2026] [php:error] [pid 2112] [client 20.187.67.15:0] script '/domains/covertcomic/atomlib.php' not found or unable to stat
[Mon Feb 23 02:16:54.707037 2026] [php:error] [pid 2112] [client 20.187.67.15:0] script '/domains/covertcomic/asasx.php' not found or unable to stat
[Mon Feb 23 02:16:55.206424 2026] [php:error] [pid 2112] [client 20.187.67.15:0] script '/domains/covertcomic/ioxi-o.php' not found or unable to stat
[Mon Feb 23 02:16:55.417734 2026] [php:error] [pid 2112] [client 20.187.67.15:0] script '/domains/covertcomic/z60.php' not found or unable to stat
[Mon Feb 23 02:16:55.640265 2026] [php:error] [pid 2112] [client 20.187.67.15:0] script '/domains/covertcomic/dropdown.php' not found or unable to stat
[Mon Feb 23 02:16:56.364168 2026] [php:error] [pid 2112] [client 20.187.67.15:0] script '/domains/covertcomic/wp-tot.php' not found or unable to stat
[Mon Feb 23 02:16:57.015467 2026] [php:error] [pid 2112] [client 20.187.67.15:0] script '/domains/covertcomic/class.php' not found or unable to stat
[Mon Feb 23 02:16:57.227349 2026] [php:error] [pid 2112] [client 20.187.67.15:0] script '/domains/covertcomic/404.php' not found or unable to stat
[Mon Feb 23 02:16:57.438426 2026] [php:error] [pid 2112] [client 20.187.67.15:0] script '/domains/covertcomic/mode.php' not found or unable to stat
[Mon Feb 23 02:16:57.649764 2026] [php:error] [pid 2112] [client 20.187.67.15:0] script '/domains/covertcomic/aboutc.php' not found or unable to stat
[Mon Feb 23 02:16:57.955926 2026] [php:error] [pid 2112] [client 20.187.67.15:0] script '/domains/covertcomic/sx.php' not found or unable to stat
[Mon Feb 23 02:16:58.186980 2026] [php:error] [pid 2112] [client 20.187.67.15:0] script '/domains/covertcomic/themes.php' not found or unable to stat
[Mon Feb 23 02:16:58.398878 2026] [php:error] [pid 2112] [client 20.187.67.15:0] script '/domains/covertcomic/yawa.php' not found or unable to stat
[Mon Feb 23 02:16:58.610650 2026] [php:error] [pid 2112] [client 20.187.67.15:0] script '/domains/covertcomic/m.php' not found or unable to stat
[Mon Feb 23 02:16:59.060720 2026] [php:error] [pid 2112] [client 20.187.67.15:0] script '/domains/covertcomic/item.php' not found or unable to stat
[Mon Feb 23 02:16:59.379116 2026] [php:error] [pid 2112] [client 20.187.67.15:0] script '/domains/covertcomic/403.php' not found or unable to stat
[Mon Feb 23 02:16:59.589992 2026] [php:error] [pid 2112] [client 20.187.67.15:0] script '/domains/covertcomic/gg.php' not found or unable to stat
[Mon Feb 23 02:16:59.800752 2026] [php:error] [pid 2112] [client 20.187.67.15:0] script '/domains/covertcomic/akcc.php' not found or unable to stat
[Mon Feb 23 02:17:00.012022 2026] [php:error] [pid 2112] [client 20.187.67.15:0] script '/domains/covertcomic/radio.php' not found or unable to stat
[Mon Feb 23 02:17:00.260855 2026] [php:error] [pid 2112] [client 20.187.67.15:0] script '/domains/covertcomic/xa.php' not found or unable to stat
[Mon Feb 23 02:17:00.471628 2026] [php:error] [pid 2112] [client 20.187.67.15:0] script '/domains/covertcomic/backup.php' not found or unable to stat
[Mon Feb 23 02:17:00.682434 2026] [php:error] [pid 2112] [client 20.187.67.15:0] script '/domains/covertcomic/galex.php' not found or unable to stat
[Mon Feb 23 02:17:02.275867 2026] [php:error] [pid 2112] [client 20.187.67.15:0] script '/domains/covertcomic/about.php' not found or unable to stat
[Mon Feb 23 02:17:02.816767 2026] [php:error] [pid 2112] [client 20.187.67.15:0] script '/domains/covertcomic/vx.php' not found or unable to stat
[Mon Feb 23 02:17:03.036939 2026] [php:error] [pid 2112] [client 20.187.67.15:0] script '/domains/covertcomic/classwithtostring.php' not found or unable to stat
[Mon Feb 23 02:17:03.460101 2026] [php:error] [pid 2112] [client 20.187.67.15:0] script '/domains/covertcomic/fff.php' not found or unable to stat
[Mon Feb 23 02:17:03.679446 2026] [php:error] [pid 2112] [client 20.187.67.15:0] script '/domains/covertcomic/content.php' not found or unable to stat
[Mon Feb 23 02:17:03.890682 2026] [php:error] [pid 2112] [client 20.187.67.15:0] script '/domains/covertcomic/menu.php' not found or unable to stat
[Mon Feb 23 02:17:04.103373 2026] [php:error] [pid 2112] [client 20.187.67.15:0] script '/domains/covertcomic/gifclass.php' not found or unable to stat
[Mon Feb 23 02:17:04.794288 2026] [php:error] [pid 2112] [client 20.187.67.15:0] script '/domains/covertcomic/css.php' not found or unable to stat
[Mon Feb 23 02:17:05.085131 2026] [php:error] [pid 2112] [client 20.187.67.15:0] script '/domains/covertcomic/x7.php' not found or unable to stat
[Mon Feb 23 02:17:05.296120 2026] [php:error] [pid 2112] [client 20.187.67.15:0] script '/domains/covertcomic/bugger.php' not found or unable to stat
[Mon Feb 23 02:17:06.012685 2026] [php:error] [pid 2112] [client 20.187.67.15:0] script '/domains/covertcomic/simple.php' not found or unable to stat
[Mon Feb 23 02:17:06.859271 2026] [php:error] [pid 2112] [client 20.187.67.15:0] script '/domains/covertcomic/alfa.php' not found or unable to stat
[Mon Feb 23 02:17:07.089932 2026] [php:error] [pid 2112] [client 20.187.67.15:0] script '/domains/covertcomic/wp-file.php' not found or unable to stat
[Mon Feb 23 02:17:07.300592 2026] [php:error] [pid 2112] [client 20.187.67.15:0] script '/domains/covertcomic/as.php' not found or unable to stat
[Mon Feb 23 02:17:07.516412 2026] [php:error] [pid 2112] [client 20.187.67.15:0] script '/domains/covertcomic/X57.php' not found or unable to stat
[Mon Feb 23 02:17:07.761621 2026] [php:error] [pid 2112] [client 20.187.67.15:0] script '/domains/covertcomic/abc.php' not found or unable to stat
[Mon Feb 23 02:17:07.973926 2026] [php:error] [pid 2112] [client 20.187.67.15:0] script '/domains/covertcomic/gettest.php' not found or unable to stat
[Mon Feb 23 02:17:08.185120 2026] [php:error] [pid 2112] [client 20.187.67.15:0] script '/domains/covertcomic/sbhu.php' not found or unable to stat
[Mon Feb 23 02:17:08.398713 2026] [php:error] [pid 2112] [client 20.187.67.15:0] script '/domains/covertcomic/wp-trackback.php' not found or unable to stat
[Mon Feb 23 02:17:08.610501 2026] [php:error] [pid 2112] [client 20.187.67.15:0] script '/domains/covertcomic/alfashell.php' not found or unable to stat
[Mon Feb 23 02:17:09.053952 2026] [php:error] [pid 2112] [client 20.187.67.15:0] script '/domains/covertcomic/aaa.php' not found or unable to stat
[Mon Feb 23 02:17:09.265564 2026] [php:error] [pid 2112] [client 20.187.67.15:0] script '/domains/covertcomic/chosen.php' not found or unable to stat
[Mon Feb 23 02:17:09.503475 2026] [php:error] [pid 2112] [client 20.187.67.15:0] script '/domains/covertcomic/tmpls.php' not found or unable to stat
[Mon Feb 23 02:17:09.715400 2026] [php:error] [pid 2112] [client 20.187.67.15:0] script '/domains/covertcomic/gtc.php' not found or unable to stat
[Mon Feb 23 02:17:09.927558 2026] [php:error] [pid 2112] [client 20.187.67.15:0] script '/domains/covertcomic/ty.php' not found or unable to stat
[Mon Feb 23 02:17:10.171174 2026] [php:error] [pid 2112] [client 20.187.67.15:0] script '/domains/covertcomic/0x.php' not found or unable to stat
[Mon Feb 23 02:17:10.400980 2026] [php:error] [pid 2112] [client 20.187.67.15:0] script '/domains/covertcomic/inputs.php' not found or unable to stat
[Mon Feb 23 02:17:10.613966 2026] [php:error] [pid 2112] [client 20.187.67.15:0] script '/domains/covertcomic/test1.php' not found or unable to stat
[Mon Feb 23 02:17:11.026830 2026] [php:error] [pid 2112] [client 20.187.67.15:0] script '/domains/covertcomic/new4.php' not found or unable to stat
[Mon Feb 23 02:17:11.512872 2026] [php:error] [pid 2112] [client 20.187.67.15:0] script '/domains/covertcomic/img.php' not found or unable to stat
[Mon Feb 23 02:17:12.026583 2026] [php:error] [pid 2112] [client 20.187.67.15:0] script '/domains/covertcomic/w.php' not found or unable to stat
[Mon Feb 23 02:17:12.237488 2026] [php:error] [pid 2112] [client 20.187.67.15:0] script '/domains/covertcomic/f35.php' not found or unable to stat
[Mon Feb 23 02:17:13.715578 2026] [php:error] [pid 2118] [client 20.187.67.15:0] script '/domains/covertcomic/siteheads.php' not found or unable to stat
[Mon Feb 23 02:17:14.385535 2026] [php:error] [pid 2118] [client 20.187.67.15:0] script '/domains/covertcomic/cwclass.php' not found or unable to stat
[Mon Feb 23 02:17:15.253429 2026] [php:error] [pid 2118] [client 20.187.67.15:0] script '/domains/covertcomic/g.php' not found or unable to stat
[Mon Feb 23 02:17:15.722370 2026] [php:error] [pid 2118] [client 20.187.67.15:0] script '/domains/covertcomic/install.php' not found or unable to stat
[Mon Feb 23 02:17:16.144254 2026] [php:error] [pid 2118] [client 20.187.67.15:0] script '/domains/covertcomic/autoload_classmap.php' not found or unable to stat
[Mon Feb 23 02:17:16.355743 2026] [php:error] [pid 2118] [client 20.187.67.15:0] script '/domains/covertcomic/bgymj.php' not found or unable to stat
[Mon Feb 23 02:19:18.145537 2026] [php:error] [pid 2119] [client 145.239.10.137:0] script '/domains/redpeninc/sn.php' not found or unable to stat, referer: http://redpeninc.com/sn.php
[Mon Feb 23 02:19:20.496317 2026] [php:error] [pid 2129] [client 40.80.83.34:0] script '/domains/covertcomic/wp-trackback.php' not found or unable to stat
[Mon Feb 23 02:19:20.705877 2026] [php:error] [pid 2129] [client 40.80.83.34:0] script '/domains/covertcomic/about.php' not found or unable to stat
[Mon Feb 23 02:19:20.922160 2026] [php:error] [pid 2129] [client 40.80.83.34:0] script '/domains/covertcomic/file.php' not found or unable to stat
[Mon Feb 23 02:19:21.131694 2026] [php:error] [pid 2129] [client 40.80.83.34:0] script '/domains/covertcomic/adminfuns.php' not found or unable to stat
[Mon Feb 23 02:19:21.341641 2026] [php:error] [pid 2129] [client 40.80.83.34:0] script '/domains/covertcomic/wp-good.php' not found or unable to stat
[Mon Feb 23 02:19:21.551187 2026] [php:error] [pid 2129] [client 40.80.83.34:0] script '/domains/covertcomic/xmlrpc.php' not found or unable to stat
[Mon Feb 23 02:19:21.761166 2026] [php:error] [pid 2129] [client 40.80.83.34:0] script '/domains/covertcomic/goods.php' not found or unable to stat
[Mon Feb 23 02:19:21.970872 2026] [php:error] [pid 2129] [client 40.80.83.34:0] script '/domains/covertcomic/ioxi-o.php' not found or unable to stat
[Mon Feb 23 02:19:22.180136 2026] [php:error] [pid 2129] [client 40.80.83.34:0] script '/domains/covertcomic/class-t.api.php' not found or unable to stat
[Mon Feb 23 02:19:22.389588 2026] [php:error] [pid 2129] [client 40.80.83.34:0] script '/domains/covertcomic/admin.php' not found or unable to stat
[Mon Feb 23 02:19:22.620769 2026] [php:error] [pid 2129] [client 40.80.83.34:0] script '/domains/covertcomic/sf.php' not found or unable to stat
[Mon Feb 23 02:19:22.829898 2026] [php:error] [pid 2129] [client 40.80.83.34:0] script '/domains/covertcomic/rip.php' not found or unable to stat
[Mon Feb 23 02:19:23.041827 2026] [php:error] [pid 2129] [client 40.80.83.34:0] script '/domains/covertcomic/kbfr.php' not found or unable to stat
[Mon Feb 23 02:19:23.251155 2026] [php:error] [pid 2129] [client 40.80.83.34:0] script '/domains/covertcomic/autoload_classmap.php' not found or unable to stat
[Mon Feb 23 02:19:23.460494 2026] [php:error] [pid 2129] [client 40.80.83.34:0] script '/domains/covertcomic/chosen.php' not found or unable to stat
[Mon Feb 23 02:19:23.669603 2026] [php:error] [pid 2129] [client 40.80.83.34:0] script '/domains/covertcomic/classwithtostring.php' not found or unable to stat
[Mon Feb 23 02:19:23.878881 2026] [php:error] [pid 2129] [client 40.80.83.34:0] script '/domains/covertcomic/defaults.php' not found or unable to stat
[Mon Feb 23 02:19:24.927688 2026] [php:error] [pid 2129] [client 40.80.83.34:0] script '/domains/covertcomic/info.php' not found or unable to stat
[Mon Feb 23 02:19:42.750338 2026] [php:error] [pid 2142] [client 20.46.124.66:0] script '/domains/hdickens.enteract/myfile.php' not found or unable to stat
[Mon Feb 23 02:19:42.923890 2026] [php:error] [pid 2142] [client 20.46.124.66:0] script '/domains/hdickens.enteract/work.php' not found or unable to stat
[Mon Feb 23 02:19:43.099196 2026] [php:error] [pid 2142] [client 20.46.124.66:0] script '/domains/hdickens.enteract/C.php' not found or unable to stat
[Mon Feb 23 02:19:43.384507 2026] [php:error] [pid 2142] [client 20.46.124.66:0] script '/domains/hdickens.enteract/ze.php' not found or unable to stat
[Mon Feb 23 02:19:43.612690 2026] [php:error] [pid 2142] [client 20.46.124.66:0] script '/domains/hdickens.enteract/new4.php' not found or unable to stat
[Mon Feb 23 02:19:43.784189 2026] [php:error] [pid 2142] [client 20.46.124.66:0] script '/domains/hdickens.enteract/sc.php' not found or unable to stat
[Mon Feb 23 02:19:43.981879 2026] [php:error] [pid 2142] [client 20.46.124.66:0] script '/domains/hdickens.enteract/pouhg.php' not found or unable to stat
[Mon Feb 23 02:19:44.149775 2026] [php:error] [pid 2142] [client 20.46.124.66:0] script '/domains/hdickens.enteract/vgtyu.php' not found or unable to stat
[Mon Feb 23 02:19:44.507496 2026] [php:error] [pid 2142] [client 20.46.124.66:0] script '/domains/hdickens.enteract/aq.php' not found or unable to stat
[Mon Feb 23 02:19:44.680851 2026] [php:error] [pid 2142] [client 20.46.124.66:0] script '/domains/hdickens.enteract/opts.php' not found or unable to stat
[Mon Feb 23 02:19:44.885664 2026] [php:error] [pid 2142] [client 20.46.124.66:0] script '/domains/hdickens.enteract/x123.php' not found or unable to stat
[Mon Feb 23 02:19:45.054855 2026] [php:error] [pid 2142] [client 20.46.124.66:0] script '/domains/hdickens.enteract/wp-act.php' not found or unable to stat
[Mon Feb 23 02:19:45.256964 2026] [php:error] [pid 2142] [client 20.46.124.66:0] script '/domains/hdickens.enteract/moshou.php' not found or unable to stat
[Mon Feb 23 02:19:45.457800 2026] [php:error] [pid 2142] [client 20.46.124.66:0] script '/domains/hdickens.enteract/seetox.php' not found or unable to stat
[Mon Feb 23 02:19:45.625912 2026] [php:error] [pid 2142] [client 20.46.124.66:0] script '/domains/hdickens.enteract/dom.php' not found or unable to stat
[Mon Feb 23 02:19:45.815313 2026] [php:error] [pid 2142] [client 20.46.124.66:0] script '/domains/hdickens.enteract/ws60.php' not found or unable to stat
[Mon Feb 23 02:19:46.066725 2026] [php:error] [pid 2142] [client 20.46.124.66:0] script '/domains/hdickens.enteract/samiri.php' not found or unable to stat
[Mon Feb 23 02:19:46.234880 2026] [php:error] [pid 2142] [client 20.46.124.66:0] script '/domains/hdickens.enteract/plugins.php' not found or unable to stat
[Mon Feb 23 02:19:46.425420 2026] [php:error] [pid 2142] [client 20.46.124.66:0] script '/domains/hdickens.enteract/xoot.php' not found or unable to stat
[Mon Feb 23 02:19:46.624291 2026] [php:error] [pid 2142] [client 20.46.124.66:0] script '/domains/hdickens.enteract/X57.php' not found or unable to stat
[Mon Feb 23 02:19:47.050723 2026] [php:error] [pid 2142] [client 20.46.124.66:0] script '/domains/hdickens.enteract/vx.php' not found or unable to stat
[Mon Feb 23 02:19:47.938404 2026] [php:error] [pid 2143] [client 74.248.96.218:0] script '/domains/system_suspended/webdb.php' not found or unable to stat
[Mon Feb 23 02:19:48.041145 2026] [php:error] [pid 2143] [client 74.248.96.218:0] script '/domains/system_suspended/file.php' not found or unable to stat
[Mon Feb 23 02:19:48.141815 2026] [php:error] [pid 2143] [client 74.248.96.218:0] script '/domains/system_suspended/166.php' not found or unable to stat
[Mon Feb 23 02:19:48.257101 2026] [php:error] [pid 2143] [client 74.248.96.218:0] script '/domains/system_suspended/classwithtostring.php' not found or unable to stat
[Mon Feb 23 02:19:48.357746 2026] [php:error] [pid 2143] [client 74.248.96.218:0] script '/domains/system_suspended/by.php' not found or unable to stat
[Mon Feb 23 02:19:48.462567 2026] [php:error] [pid 2142] [client 20.46.124.66:0] script '/domains/hdickens.enteract/file59.php' not found or unable to stat
[Mon Feb 23 02:19:48.624900 2026] [php:error] [pid 2143] [client 74.248.96.218:0] script '/domains/system_suspended/simple.php' not found or unable to stat
[Mon Feb 23 02:19:48.895555 2026] [php:error] [pid 2142] [client 20.46.124.66:0] script '/domains/hdickens.enteract/shas.php' not found or unable to stat
[Mon Feb 23 02:19:48.979344 2026] [php:error] [pid 2143] [client 74.248.96.218:0] script '/domains/system_suspended/confq.php' not found or unable to stat
[Mon Feb 23 02:19:49.065885 2026] [php:error] [pid 2142] [client 20.46.124.66:0] script '/domains/hdickens.enteract/xa.php' not found or unable to stat
[Mon Feb 23 02:19:49.230285 2026] [php:error] [pid 2143] [client 74.248.96.218:0] script '/domains/system_suspended/404.php' not found or unable to stat
[Mon Feb 23 02:19:49.233571 2026] [php:error] [pid 2142] [client 20.46.124.66:0] script '/domains/hdickens.enteract/xda.php' not found or unable to stat
[Mon Feb 23 02:19:49.693491 2026] [php:error] [pid 2143] [client 74.248.96.218:0] script '/domains/system_suspended/35.php' not found or unable to stat
[Mon Feb 23 02:19:49.730549 2026] [php:error] [pid 2142] [client 20.46.124.66:0] script '/domains/hdickens.enteract/er.php' not found or unable to stat
[Mon Feb 23 02:19:49.794195 2026] [php:error] [pid 2143] [client 74.248.96.218:0] script '/domains/system_suspended/sx.php' not found or unable to stat
[Mon Feb 23 02:19:49.898615 2026] [php:error] [pid 2142] [client 20.46.124.66:0] script '/domains/hdickens.enteract/fault.php' not found or unable to stat
[Mon Feb 23 02:19:49.902456 2026] [php:error] [pid 2143] [client 74.248.96.218:0] script '/domains/system_suspended/gettest.php' not found or unable to stat
[Mon Feb 23 02:19:50.111862 2026] [php:error] [pid 2143] [client 74.248.96.218:0] script '/domains/system_suspended/reze.php' not found or unable to stat
[Mon Feb 23 02:19:50.224172 2026] [php:error] [pid 2143] [client 74.248.96.218:0] script '/domains/system_suspended/ioxi.php' not found or unable to stat
[Mon Feb 23 02:19:50.281319 2026] [php:error] [pid 2142] [client 20.46.124.66:0] script '/domains/hdickens.enteract/motu.php' not found or unable to stat
[Mon Feb 23 02:19:50.330621 2026] [php:error] [pid 2143] [client 74.248.96.218:0] script '/domains/system_suspended/g.php' not found or unable to stat
[Mon Feb 23 02:19:50.439315 2026] [php:error] [pid 2143] [client 74.248.96.218:0] script '/domains/system_suspended/az.php' not found or unable to stat
[Mon Feb 23 02:19:50.453221 2026] [php:error] [pid 2142] [client 20.46.124.66:0] script '/domains/hdickens.enteract/66.php' not found or unable to stat
[Mon Feb 23 02:19:50.640417 2026] [php:error] [pid 2143] [client 74.248.96.218:0] script '/domains/system_suspended/app.php' not found or unable to stat
[Mon Feb 23 02:19:50.643193 2026] [php:error] [pid 2142] [client 20.46.124.66:0] script '/domains/hdickens.enteract/leuk.php' not found or unable to stat
[Mon Feb 23 02:19:50.741119 2026] [php:error] [pid 2143] [client 74.248.96.218:0] script '/domains/system_suspended/aboutc.php' not found or unable to stat
[Mon Feb 23 02:19:50.812536 2026] [php:error] [pid 2142] [client 20.46.124.66:0] script '/domains/hdickens.enteract/xqq.php' not found or unable to stat
[Mon Feb 23 02:19:50.841449 2026] [php:error] [pid 2143] [client 74.248.96.218:0] script '/domains/system_suspended/elp.php' not found or unable to stat
[Mon Feb 23 02:19:51.000551 2026] [php:error] [pid 2142] [client 20.46.124.66:0] script '/domains/hdickens.enteract/kolda.php' not found or unable to stat
[Mon Feb 23 02:19:51.168557 2026] [php:error] [pid 2142] [client 20.46.124.66:0] script '/domains/hdickens.enteract/nw.php' not found or unable to stat
[Mon Feb 23 02:19:51.337074 2026] [php:error] [pid 2142] [client 20.46.124.66:0] script '/domains/hdickens.enteract/god.php' not found or unable to stat
[Mon Feb 23 02:19:51.505280 2026] [php:error] [pid 2142] [client 20.46.124.66:0] script '/domains/hdickens.enteract/666.php' not found or unable to stat
[Mon Feb 23 02:19:51.698076 2026] [php:error] [pid 2142] [client 20.46.124.66:0] script '/domains/hdickens.enteract/kj.php' not found or unable to stat
[Mon Feb 23 02:19:52.940920 2026] [php:error] [pid 2142] [client 20.46.124.66:0] script '/domains/hdickens.enteract/un.php' not found or unable to stat
[Mon Feb 23 02:19:53.036129 2026] [php:error] [pid 2124] [client 52.141.18.191:0] script '/domains/davidbacker/wp-trackback.php' not found or unable to stat
[Mon Feb 23 02:19:53.216420 2026] [php:error] [pid 2124] [client 52.141.18.191:0] script '/domains/davidbacker/about.php' not found or unable to stat
[Mon Feb 23 02:19:53.299116 2026] [php:error] [pid 2142] [client 20.46.124.66:0] script '/domains/hdickens.enteract/fs.php' not found or unable to stat
[Mon Feb 23 02:19:53.396818 2026] [php:error] [pid 2124] [client 52.141.18.191:0] script '/domains/davidbacker/file.php' not found or unable to stat
[Mon Feb 23 02:19:53.493215 2026] [php:error] [pid 2142] [client 20.46.124.66:0] script '/domains/hdickens.enteract/ms.php' not found or unable to stat
[Mon Feb 23 02:19:53.593156 2026] [php:error] [pid 2124] [client 52.141.18.191:0] script '/domains/davidbacker/wp-good.php' not found or unable to stat
[Mon Feb 23 02:19:53.661421 2026] [php:error] [pid 2142] [client 20.46.124.66:0] script '/domains/hdickens.enteract/login8.php' not found or unable to stat
[Mon Feb 23 02:19:53.773028 2026] [php:error] [pid 2124] [client 52.141.18.191:0] script '/domains/davidbacker/xmlrpc.php' not found or unable to stat
[Mon Feb 23 02:19:53.840330 2026] [php:error] [pid 2142] [client 20.46.124.66:0] script '/domains/hdickens.enteract/nnyvn.php' not found or unable to stat
[Mon Feb 23 02:19:53.952929 2026] [php:error] [pid 2124] [client 52.141.18.191:0] script '/domains/davidbacker/goods.php' not found or unable to stat
[Mon Feb 23 02:19:54.025690 2026] [php:error] [pid 2142] [client 20.46.124.66:0] script '/domains/hdickens.enteract/cu.php' not found or unable to stat
[Mon Feb 23 02:19:54.153068 2026] [php:error] [pid 2124] [client 52.141.18.191:0] script '/domains/davidbacker/ioxi-o.php' not found or unable to stat
[Mon Feb 23 02:19:54.194848 2026] [php:error] [pid 2142] [client 20.46.124.66:0] script '/domains/hdickens.enteract/lul.php' not found or unable to stat
[Mon Feb 23 02:19:54.276107 2026] [php:error] [pid 2140] [client 158.158.42.25:0] script '/domains/drsuper/indo.php' not found or unable to stat
[Mon Feb 23 02:19:54.332898 2026] [php:error] [pid 2124] [client 52.141.18.191:0] script '/domains/davidbacker/class-t.api.php' not found or unable to stat
[Mon Feb 23 02:19:54.362715 2026] [php:error] [pid 2142] [client 20.46.124.66:0] script '/domains/hdickens.enteract/0.php' not found or unable to stat
[Mon Feb 23 02:19:54.380174 2026] [php:error] [pid 2140] [client 158.158.42.25:0] script '/domains/drsuper/localization.php' not found or unable to stat
[Mon Feb 23 02:19:54.513433 2026] [php:error] [pid 2124] [client 52.141.18.191:0] script '/domains/davidbacker/admin.php' not found or unable to stat
[Mon Feb 23 02:19:54.530215 2026] [php:error] [pid 2142] [client 20.46.124.66:0] script '/domains/hdickens.enteract/ms-edit.php' not found or unable to stat
[Mon Feb 23 02:19:54.693251 2026] [php:error] [pid 2124] [client 52.141.18.191:0] script '/domains/davidbacker/sf.php' not found or unable to stat
[Mon Feb 23 02:19:54.697981 2026] [php:error] [pid 2142] [client 20.46.124.66:0] script '/domains/hdickens.enteract/ya.php' not found or unable to stat
[Mon Feb 23 02:19:54.873225 2026] [php:error] [pid 2124] [client 52.141.18.191:0] script '/domains/davidbacker/rip.php' not found or unable to stat
[Mon Feb 23 02:19:55.026463 2026] [php:error] [pid 2142] [client 20.46.124.66:0] script '/domains/hdickens.enteract/grsiuk.php' not found or unable to stat
[Mon Feb 23 02:19:55.056745 2026] [php:error] [pid 2124] [client 52.141.18.191:0] script '/domains/davidbacker/autoload_classmap.php' not found or unable to stat
[Mon Feb 23 02:19:55.236730 2026] [php:error] [pid 2124] [client 52.141.18.191:0] script '/domains/davidbacker/chosen.php' not found or unable to stat
[Mon Feb 23 02:19:55.308872 2026] [php:error] [pid 2142] [client 20.46.124.66:0] script '/domains/hdickens.enteract/wp-blog.php' not found or unable to stat
[Mon Feb 23 02:19:55.417384 2026] [php:error] [pid 2124] [client 52.141.18.191:0] script '/domains/davidbacker/classwithtostring.php' not found or unable to stat
[Mon Feb 23 02:19:55.597593 2026] [php:error] [pid 2124] [client 52.141.18.191:0] script '/domains/davidbacker/defaults.php' not found or unable to stat
[Mon Feb 23 02:19:55.733062 2026] [php:error] [pid 2142] [client 20.46.124.66:0] script '/domains/hdickens.enteract/wp-access.php' not found or unable to stat
[Mon Feb 23 02:19:55.968176 2026] [php:error] [pid 2142] [client 20.46.124.66:0] script '/domains/hdickens.enteract/a1vx.php' not found or unable to stat
[Mon Feb 23 02:19:56.152156 2026] [php:error] [pid 2142] [client 20.46.124.66:0] script '/domains/hdickens.enteract/sbhu.php' not found or unable to stat
[Mon Feb 23 02:19:56.228886 2026] [php:error] [pid 2140] [client 158.158.42.25:0] script '/domains/drsuper/rin.php' not found or unable to stat
[Mon Feb 23 02:19:56.467011 2026] [php:error] [pid 2142] [client 20.46.124.66:0] script '/domains/hdickens.enteract/wp-the.php' not found or unable to stat
[Mon Feb 23 02:19:56.503435 2026] [php:error] [pid 2124] [client 52.141.18.191:0] script '/domains/davidbacker/info.php' not found or unable to stat
[Mon Feb 23 02:19:57.087730 2026] [php:error] [pid 2142] [client 20.46.124.66:0] script '/domains/hdickens.enteract/06.php' not found or unable to stat
[Mon Feb 23 02:19:57.255740 2026] [php:error] [pid 2142] [client 20.46.124.66:0] script '/domains/hdickens.enteract/wp5.php' not found or unable to stat
