[Mon Feb 23 02:03:03.169703 2026] [php:error] [pid 1933] [client 20.215.69.209:0] script '/domains/brenties/wen.php' not found or unable to stat
[Mon Feb 23 02:03:03.272735 2026] [php:error] [pid 1933] [client 20.215.69.209:0] script '/domains/brenties/bgymj.php' not found or unable to stat
[Mon Feb 23 02:03:03.376324 2026] [php:error] [pid 1933] [client 20.215.69.209:0] script '/domains/brenties/gk.php' not found or unable to stat
[Mon Feb 23 02:03:03.479868 2026] [php:error] [pid 1933] [client 20.215.69.209:0] script '/domains/brenties/zoo.php' not found or unable to stat
[Mon Feb 23 02:03:03.582983 2026] [php:error] [pid 1933] [client 20.215.69.209:0] script '/domains/brenties/zxekqlxb.php' not found or unable to stat
[Mon Feb 23 02:03:03.686658 2026] [php:error] [pid 1933] [client 20.215.69.209:0] script '/domains/brenties/wp-scr1pts.php' not found or unable to stat
[Mon Feb 23 02:03:03.790059 2026] [php:error] [pid 1933] [client 20.215.69.209:0] script '/domains/brenties/shlo.php' not found or unable to stat
[Mon Feb 23 02:03:03.893438 2026] [php:error] [pid 1933] [client 20.215.69.209:0] script '/domains/brenties/166.php' not found or unable to stat
[Mon Feb 23 02:03:03.996392 2026] [php:error] [pid 1933] [client 20.215.69.209:0] script '/domains/brenties/gdn.php' not found or unable to stat
[Mon Feb 23 02:03:04.108213 2026] [php:error] [pid 1933] [client 20.215.69.209:0] script '/domains/brenties/6bcwiqwj.php' not found or unable to stat
[Mon Feb 23 02:03:04.211155 2026] [php:error] [pid 1933] [client 20.215.69.209:0] script '/domains/brenties/mar.php' not found or unable to stat
[Mon Feb 23 02:03:04.314433 2026] [php:error] [pid 1933] [client 20.215.69.209:0] script '/domains/brenties/ws69.php' not found or unable to stat
[Mon Feb 23 02:03:04.417818 2026] [php:error] [pid 1933] [client 20.215.69.209:0] script '/domains/brenties/amp.php' not found or unable to stat
[Mon Feb 23 02:03:04.521168 2026] [php:error] [pid 1933] [client 20.215.69.209:0] script '/domains/brenties/gettest.php' not found or unable to stat
[Mon Feb 23 02:03:04.624485 2026] [php:error] [pid 1933] [client 20.215.69.209:0] script '/domains/brenties/Jcrop.php' not found or unable to stat
[Mon Feb 23 02:03:04.728255 2026] [php:error] [pid 1933] [client 20.215.69.209:0] script '/domains/brenties/wp-act.php' not found or unable to stat
[Mon Feb 23 02:03:04.831584 2026] [php:error] [pid 1933] [client 20.215.69.209:0] script '/domains/brenties/wp-link10.php' not found or unable to stat
[Mon Feb 23 02:03:04.936001 2026] [php:error] [pid 1933] [client 20.215.69.209:0] script '/domains/brenties/ff1.php' not found or unable to stat
[Mon Feb 23 02:03:05.039714 2026] [php:error] [pid 1933] [client 20.215.69.209:0] script '/domains/brenties/lib.php' not found or unable to stat
[Mon Feb 23 02:03:05.143193 2026] [php:error] [pid 1933] [client 20.215.69.209:0] script '/domains/brenties/Ov-Simple1.php' not found or unable to stat
[Mon Feb 23 02:03:05.246499 2026] [php:error] [pid 1933] [client 20.215.69.209:0] script '/domains/brenties/ccs.php' not found or unable to stat
[Mon Feb 23 02:03:05.349824 2026] [php:error] [pid 1933] [client 20.215.69.209:0] script '/domains/brenties/mini.php' not found or unable to stat
[Mon Feb 23 02:03:05.453065 2026] [php:error] [pid 1933] [client 20.215.69.209:0] script '/domains/brenties/xr.php' not found or unable to stat
[Mon Feb 23 02:03:05.556081 2026] [php:error] [pid 1933] [client 20.215.69.209:0] script '/domains/brenties/baixy.php' not found or unable to stat
[Mon Feb 23 02:03:05.659123 2026] [php:error] [pid 1933] [client 20.215.69.209:0] script '/domains/brenties/rtx.php' not found or unable to stat
[Mon Feb 23 02:03:05.762333 2026] [php:error] [pid 1933] [client 20.215.69.209:0] script '/domains/brenties/666.php' not found or unable to stat
[Mon Feb 23 02:03:05.865805 2026] [php:error] [pid 1933] [client 20.215.69.209:0] script '/domains/brenties/h2a2ck.php' not found or unable to stat
[Mon Feb 23 02:03:05.969135 2026] [php:error] [pid 1933] [client 20.215.69.209:0] script '/domains/brenties/cytyr.php' not found or unable to stat
[Mon Feb 23 02:03:06.072127 2026] [php:error] [pid 1933] [client 20.215.69.209:0] script '/domains/brenties/h02ugyh.php' not found or unable to stat
[Mon Feb 23 02:03:06.175181 2026] [php:error] [pid 1933] [client 20.215.69.209:0] script '/domains/brenties/66.php' not found or unable to stat
[Mon Feb 23 02:03:06.278161 2026] [php:error] [pid 1933] [client 20.215.69.209:0] script '/domains/brenties/init.php' not found or unable to stat
[Mon Feb 23 02:03:06.391582 2026] [php:error] [pid 1933] [client 20.215.69.209:0] script '/domains/brenties/ava.php' not found or unable to stat
[Mon Feb 23 02:03:06.494681 2026] [php:error] [pid 1933] [client 20.215.69.209:0] script '/domains/brenties/balin.php' not found or unable to stat
[Mon Feb 23 02:03:06.597898 2026] [php:error] [pid 1933] [client 20.215.69.209:0] script '/domains/brenties/0x19493QU8ZQ.php' not found or unable to stat
[Mon Feb 23 02:03:06.701318 2026] [php:error] [pid 1933] [client 20.215.69.209:0] script '/domains/brenties/13ede.php' not found or unable to stat
[Mon Feb 23 02:03:06.805146 2026] [php:error] [pid 1933] [client 20.215.69.209:0] script '/domains/brenties/akhvg.php' not found or unable to stat
[Mon Feb 23 02:03:06.908154 2026] [php:error] [pid 1933] [client 20.215.69.209:0] script '/domains/brenties/assacc.php' not found or unable to stat
[Mon Feb 23 02:03:07.011155 2026] [php:error] [pid 1933] [client 20.215.69.209:0] script '/domains/brenties/xy.php' not found or unable to stat
[Mon Feb 23 02:03:07.114186 2026] [php:error] [pid 1933] [client 20.215.69.209:0] script '/domains/brenties/atomlib.php' not found or unable to stat
[Mon Feb 23 02:03:07.230593 2026] [php:error] [pid 1933] [client 20.215.69.209:0] script '/domains/brenties/fetch.php' not found or unable to stat
[Mon Feb 23 02:03:07.333988 2026] [php:error] [pid 1933] [client 20.215.69.209:0] script '/domains/brenties/jnhddqyz.php' not found or unable to stat
[Mon Feb 23 02:03:07.437659 2026] [php:error] [pid 1933] [client 20.215.69.209:0] script '/domains/brenties/cgi-bin_bkp.php' not found or unable to stat
[Mon Feb 23 02:03:17.365492 2026] [php:error] [pid 1943] [client 20.215.69.209:0] script '/domains/nmksgroupweb/a332.php' not found or unable to stat
[Mon Feb 23 02:03:17.467483 2026] [php:error] [pid 1943] [client 20.215.69.209:0] script '/domains/nmksgroupweb/bootstrap.php' not found or unable to stat
[Mon Feb 23 02:03:17.569133 2026] [php:error] [pid 1943] [client 20.215.69.209:0] script '/domains/nmksgroupweb/f2.php' not found or unable to stat
[Mon Feb 23 02:03:17.670756 2026] [php:error] [pid 1943] [client 20.215.69.209:0] script '/domains/nmksgroupweb/to.php' not found or unable to stat
[Mon Feb 23 02:03:17.772553 2026] [php:error] [pid 1943] [client 20.215.69.209:0] script '/domains/nmksgroupweb/inege.php' not found or unable to stat
[Mon Feb 23 02:03:17.874835 2026] [php:error] [pid 1943] [client 20.215.69.209:0] script '/domains/nmksgroupweb/thui.php' not found or unable to stat
[Mon Feb 23 02:03:17.983200 2026] [php:error] [pid 1943] [client 20.215.69.209:0] script '/domains/nmksgroupweb/8.php' not found or unable to stat
[Mon Feb 23 02:03:18.125234 2026] [php:error] [pid 1943] [client 20.215.69.209:0] script '/domains/nmksgroupweb/fresh3.php' not found or unable to stat
[Mon Feb 23 02:03:18.227558 2026] [php:error] [pid 1943] [client 20.215.69.209:0] script '/domains/nmksgroupweb/selesai.php' not found or unable to stat
[Mon Feb 23 02:03:18.330329 2026] [php:error] [pid 1943] [client 20.215.69.209:0] script '/domains/nmksgroupweb/xs.php' not found or unable to stat
[Mon Feb 23 02:03:18.432063 2026] [php:error] [pid 1943] [client 20.215.69.209:0] script '/domains/nmksgroupweb/maraz.php' not found or unable to stat
[Mon Feb 23 02:03:18.533641 2026] [php:error] [pid 1943] [client 20.215.69.209:0] script '/domains/nmksgroupweb/ws66.php' not found or unable to stat
[Mon Feb 23 02:03:18.635619 2026] [php:error] [pid 1943] [client 20.215.69.209:0] script '/domains/nmksgroupweb/erty.php' not found or unable to stat
[Mon Feb 23 02:03:18.737949 2026] [php:error] [pid 1943] [client 20.215.69.209:0] script '/domains/nmksgroupweb/24.php' not found or unable to stat
[Mon Feb 23 02:03:18.840300 2026] [php:error] [pid 1943] [client 20.215.69.209:0] script '/domains/nmksgroupweb/bzjdlofz.php' not found or unable to stat
[Mon Feb 23 02:03:18.942243 2026] [php:error] [pid 1943] [client 20.215.69.209:0] script '/domains/nmksgroupweb/sbhu.php' not found or unable to stat
[Mon Feb 23 02:03:19.044263 2026] [php:error] [pid 1943] [client 20.215.69.209:0] script '/domains/nmksgroupweb/wp-blogs.php' not found or unable to stat
[Mon Feb 23 02:03:19.146208 2026] [php:error] [pid 1943] [client 20.215.69.209:0] script '/domains/nmksgroupweb/fetch.php' not found or unable to stat
[Mon Feb 23 02:03:19.248085 2026] [php:error] [pid 1943] [client 20.215.69.209:0] script '/domains/nmksgroupweb/bolt.php' not found or unable to stat
[Mon Feb 23 02:03:19.350036 2026] [php:error] [pid 1943] [client 20.215.69.209:0] script '/domains/nmksgroupweb/tfm.php' not found or unable to stat
[Mon Feb 23 02:03:19.451984 2026] [php:error] [pid 1943] [client 20.215.69.209:0] script '/domains/nmksgroupweb/ak.php' not found or unable to stat
[Mon Feb 23 02:03:19.553836 2026] [php:error] [pid 1943] [client 20.215.69.209:0] script '/domains/nmksgroupweb/wp-style.php' not found or unable to stat
[Mon Feb 23 02:03:19.656018 2026] [php:error] [pid 1943] [client 20.215.69.209:0] script '/domains/nmksgroupweb/0x0x.php' not found or unable to stat
[Mon Feb 23 02:03:19.757896 2026] [php:error] [pid 1943] [client 20.215.69.209:0] script '/domains/nmksgroupweb/0byte.php' not found or unable to stat
[Mon Feb 23 02:03:19.859919 2026] [php:error] [pid 1943] [client 20.215.69.209:0] script '/domains/nmksgroupweb/a4.php' not found or unable to stat
[Mon Feb 23 02:03:19.961787 2026] [php:error] [pid 1943] [client 20.215.69.209:0] script '/domains/nmksgroupweb/logs1.php' not found or unable to stat
[Mon Feb 23 02:03:20.063575 2026] [php:error] [pid 1943] [client 20.215.69.209:0] script '/domains/nmksgroupweb/35.php' not found or unable to stat
[Mon Feb 23 02:03:20.165384 2026] [php:error] [pid 1943] [client 20.215.69.209:0] script '/domains/nmksgroupweb/lanka.php' not found or unable to stat
[Mon Feb 23 02:03:20.280561 2026] [php:error] [pid 1943] [client 20.215.69.209:0] script '/domains/nmksgroupweb/knmt.php' not found or unable to stat
[Mon Feb 23 02:03:20.382539 2026] [php:error] [pid 1943] [client 20.215.69.209:0] script '/domains/nmksgroupweb/ioxi.php' not found or unable to stat
[Mon Feb 23 02:03:20.484503 2026] [php:error] [pid 1943] [client 20.215.69.209:0] script '/domains/nmksgroupweb/lkui.php' not found or unable to stat
[Mon Feb 23 02:03:20.586324 2026] [php:error] [pid 1943] [client 20.215.69.209:0] script '/domains/nmksgroupweb/grsiuk.php' not found or unable to stat
[Mon Feb 23 02:03:20.790145 2026] [php:error] [pid 1943] [client 20.215.69.209:0] script '/domains/nmksgroupweb/Geforce.php' not found or unable to stat
[Mon Feb 23 02:03:20.899291 2026] [php:error] [pid 1943] [client 20.215.69.209:0] script '/domains/nmksgroupweb/easy.php' not found or unable to stat
[Mon Feb 23 02:03:21.015444 2026] [php:error] [pid 1943] [client 20.215.69.209:0] script '/domains/nmksgroupweb/s1.php' not found or unable to stat
[Mon Feb 23 02:03:21.120875 2026] [php:error] [pid 1943] [client 20.215.69.209:0] script '/domains/nmksgroupweb/cc13.php' not found or unable to stat
[Mon Feb 23 02:03:21.222747 2026] [php:error] [pid 1943] [client 20.215.69.209:0] script '/domains/nmksgroupweb/06.php' not found or unable to stat
[Mon Feb 23 02:03:21.324786 2026] [php:error] [pid 1943] [client 20.215.69.209:0] script '/domains/nmksgroupweb/t.php' not found or unable to stat
[Mon Feb 23 02:03:21.426796 2026] [php:error] [pid 1943] [client 20.215.69.209:0] script '/domains/nmksgroupweb/export.php' not found or unable to stat
[Mon Feb 23 02:03:21.528462 2026] [php:error] [pid 1943] [client 20.215.69.209:0] script '/domains/nmksgroupweb/xxw.php' not found or unable to stat
[Mon Feb 23 02:03:21.629991 2026] [php:error] [pid 1943] [client 20.215.69.209:0] script '/domains/nmksgroupweb/term.php' not found or unable to stat
[Mon Feb 23 02:03:21.731818 2026] [php:error] [pid 1943] [client 20.215.69.209:0] script '/domains/nmksgroupweb/num.php' not found or unable to stat
[Mon Feb 23 02:03:21.845920 2026] [php:error] [pid 1943] [client 20.215.69.209:0] script '/domains/nmksgroupweb/file.php' not found or unable to stat
[Mon Feb 23 02:03:21.947639 2026] [php:error] [pid 1943] [client 20.215.69.209:0] script '/domains/nmksgroupweb/403.php' not found or unable to stat
[Mon Feb 23 02:03:22.050271 2026] [php:error] [pid 1943] [client 20.215.69.209:0] script '/domains/nmksgroupweb/ccu.php' not found or unable to stat
[Mon Feb 23 02:03:22.152351 2026] [php:error] [pid 1943] [client 20.215.69.209:0] script '/domains/nmksgroupweb/155.php' not found or unable to stat
[Mon Feb 23 02:03:22.254289 2026] [php:error] [pid 1943] [client 20.215.69.209:0] script '/domains/nmksgroupweb/xsox.php' not found or unable to stat
[Mon Feb 23 02:03:22.356764 2026] [php:error] [pid 1943] [client 20.215.69.209:0] script '/domains/nmksgroupweb/wen.php' not found or unable to stat
[Mon Feb 23 02:03:22.459122 2026] [php:error] [pid 1943] [client 20.215.69.209:0] script '/domains/nmksgroupweb/bgymj.php' not found or unable to stat
[Mon Feb 23 02:03:22.560959 2026] [php:error] [pid 1943] [client 20.215.69.209:0] script '/domains/nmksgroupweb/gk.php' not found or unable to stat
[Mon Feb 23 02:03:22.662635 2026] [php:error] [pid 1943] [client 20.215.69.209:0] script '/domains/nmksgroupweb/zoo.php' not found or unable to stat
[Mon Feb 23 02:03:22.764552 2026] [php:error] [pid 1943] [client 20.215.69.209:0] script '/domains/nmksgroupweb/zxekqlxb.php' not found or unable to stat
[Mon Feb 23 02:03:22.873853 2026] [php:error] [pid 1943] [client 20.215.69.209:0] script '/domains/nmksgroupweb/wp-scr1pts.php' not found or unable to stat
[Mon Feb 23 02:03:22.976483 2026] [php:error] [pid 1943] [client 20.215.69.209:0] script '/domains/nmksgroupweb/shlo.php' not found or unable to stat
[Mon Feb 23 02:03:23.078459 2026] [php:error] [pid 1943] [client 20.215.69.209:0] script '/domains/nmksgroupweb/166.php' not found or unable to stat
[Mon Feb 23 02:03:23.180287 2026] [php:error] [pid 1943] [client 20.215.69.209:0] script '/domains/nmksgroupweb/gdn.php' not found or unable to stat
[Mon Feb 23 02:03:23.282236 2026] [php:error] [pid 1943] [client 20.215.69.209:0] script '/domains/nmksgroupweb/6bcwiqwj.php' not found or unable to stat
[Mon Feb 23 02:03:23.395006 2026] [php:error] [pid 1943] [client 20.215.69.209:0] script '/domains/nmksgroupweb/mar.php' not found or unable to stat
[Mon Feb 23 02:03:23.497599 2026] [php:error] [pid 1943] [client 20.215.69.209:0] script '/domains/nmksgroupweb/ws69.php' not found or unable to stat
[Mon Feb 23 02:03:23.599392 2026] [php:error] [pid 1943] [client 20.215.69.209:0] script '/domains/nmksgroupweb/amp.php' not found or unable to stat
[Mon Feb 23 02:03:23.701275 2026] [php:error] [pid 1943] [client 20.215.69.209:0] script '/domains/nmksgroupweb/gettest.php' not found or unable to stat
[Mon Feb 23 02:03:23.803404 2026] [php:error] [pid 1943] [client 20.215.69.209:0] script '/domains/nmksgroupweb/Jcrop.php' not found or unable to stat
[Mon Feb 23 02:03:23.905157 2026] [php:error] [pid 1943] [client 20.215.69.209:0] script '/domains/nmksgroupweb/wp-act.php' not found or unable to stat
[Mon Feb 23 02:03:24.007043 2026] [php:error] [pid 1943] [client 20.215.69.209:0] script '/domains/nmksgroupweb/wp-link10.php' not found or unable to stat
[Mon Feb 23 02:03:24.108964 2026] [php:error] [pid 1943] [client 20.215.69.209:0] script '/domains/nmksgroupweb/ff1.php' not found or unable to stat
[Mon Feb 23 02:03:24.211217 2026] [php:error] [pid 1943] [client 20.215.69.209:0] script '/domains/nmksgroupweb/lib.php' not found or unable to stat
[Mon Feb 23 02:03:24.313510 2026] [php:error] [pid 1943] [client 20.215.69.209:0] script '/domains/nmksgroupweb/Ov-Simple1.php' not found or unable to stat
[Mon Feb 23 02:03:24.415649 2026] [php:error] [pid 1943] [client 20.215.69.209:0] script '/domains/nmksgroupweb/ccs.php' not found or unable to stat
[Mon Feb 23 02:03:24.517389 2026] [php:error] [pid 1943] [client 20.215.69.209:0] script '/domains/nmksgroupweb/mini.php' not found or unable to stat
[Mon Feb 23 02:03:24.619045 2026] [php:error] [pid 1943] [client 20.215.69.209:0] script '/domains/nmksgroupweb/xr.php' not found or unable to stat
[Mon Feb 23 02:03:24.720881 2026] [php:error] [pid 1943] [client 20.215.69.209:0] script '/domains/nmksgroupweb/baixy.php' not found or unable to stat
[Mon Feb 23 02:03:24.822932 2026] [php:error] [pid 1943] [client 20.215.69.209:0] script '/domains/nmksgroupweb/rtx.php' not found or unable to stat
[Mon Feb 23 02:03:24.924620 2026] [php:error] [pid 1943] [client 20.215.69.209:0] script '/domains/nmksgroupweb/666.php' not found or unable to stat
[Mon Feb 23 02:03:25.026960 2026] [php:error] [pid 1943] [client 20.215.69.209:0] script '/domains/nmksgroupweb/h2a2ck.php' not found or unable to stat
[Mon Feb 23 02:03:25.128986 2026] [php:error] [pid 1943] [client 20.215.69.209:0] script '/domains/nmksgroupweb/cytyr.php' not found or unable to stat
[Mon Feb 23 02:03:25.231210 2026] [php:error] [pid 1943] [client 20.215.69.209:0] script '/domains/nmksgroupweb/h02ugyh.php' not found or unable to stat
[Mon Feb 23 02:03:25.333442 2026] [php:error] [pid 1943] [client 20.215.69.209:0] script '/domains/nmksgroupweb/66.php' not found or unable to stat
[Mon Feb 23 02:03:25.435428 2026] [php:error] [pid 1943] [client 20.215.69.209:0] script '/domains/nmksgroupweb/init.php' not found or unable to stat
[Mon Feb 23 02:03:25.560362 2026] [php:error] [pid 1943] [client 20.215.69.209:0] script '/domains/nmksgroupweb/ava.php' not found or unable to stat
[Mon Feb 23 02:03:25.661976 2026] [php:error] [pid 1943] [client 20.215.69.209:0] script '/domains/nmksgroupweb/balin.php' not found or unable to stat
[Mon Feb 23 02:03:25.763974 2026] [php:error] [pid 1943] [client 20.215.69.209:0] script '/domains/nmksgroupweb/0x19493QU8ZQ.php' not found or unable to stat
[Mon Feb 23 02:03:25.866024 2026] [php:error] [pid 1943] [client 20.215.69.209:0] script '/domains/nmksgroupweb/13ede.php' not found or unable to stat
[Mon Feb 23 02:03:25.968219 2026] [php:error] [pid 1943] [client 20.215.69.209:0] script '/domains/nmksgroupweb/akhvg.php' not found or unable to stat
[Mon Feb 23 02:03:26.069915 2026] [php:error] [pid 1943] [client 20.215.69.209:0] script '/domains/nmksgroupweb/assacc.php' not found or unable to stat
[Mon Feb 23 02:03:26.171855 2026] [php:error] [pid 1943] [client 20.215.69.209:0] script '/domains/nmksgroupweb/t00l.php' not found or unable to stat
[Mon Feb 23 02:03:26.276021 2026] [php:error] [pid 1943] [client 20.215.69.209:0] script '/domains/nmksgroupweb/xy.php' not found or unable to stat
[Mon Feb 23 02:03:26.378021 2026] [php:error] [pid 1943] [client 20.215.69.209:0] script '/domains/nmksgroupweb/atomlib.php' not found or unable to stat
[Mon Feb 23 02:03:26.479640 2026] [php:error] [pid 1943] [client 20.215.69.209:0] script '/domains/nmksgroupweb/fetch.php' not found or unable to stat
[Mon Feb 23 02:03:26.581604 2026] [php:error] [pid 1943] [client 20.215.69.209:0] script '/domains/nmksgroupweb/jnhddqyz.php' not found or unable to stat
[Mon Feb 23 02:03:26.684026 2026] [php:error] [pid 1943] [client 20.215.69.209:0] script '/domains/nmksgroupweb/cgi-bin_bkp.php' not found or unable to stat
[Mon Feb 23 02:03:48.439042 2026] [php:error] [pid 1947] [client 45.149.173.233:0] script '/domains/tcrlle/xmlrpc.php' not found or unable to stat
[Mon Feb 23 02:03:59.410592 2026] [php:error] [pid 1959] [client 4.193.177.110:0] script '/domains/astweb/wp-trackback.php' not found or unable to stat
[Mon Feb 23 02:03:59.638369 2026] [php:error] [pid 1959] [client 4.193.177.110:0] script '/domains/astweb/about.php' not found or unable to stat
[Mon Feb 23 02:03:59.866450 2026] [php:error] [pid 1959] [client 4.193.177.110:0] script '/domains/astweb/file.php' not found or unable to stat
[Mon Feb 23 02:04:00.094338 2026] [php:error] [pid 1959] [client 4.193.177.110:0] script '/domains/astweb/wp-good.php' not found or unable to stat
[Mon Feb 23 02:04:00.334133 2026] [php:error] [pid 1959] [client 4.193.177.110:0] script '/domains/astweb/xmlrpc.php' not found or unable to stat
[Mon Feb 23 02:04:00.563673 2026] [php:error] [pid 1959] [client 4.193.177.110:0] script '/domains/astweb/goods.php' not found or unable to stat
[Mon Feb 23 02:04:00.791505 2026] [php:error] [pid 1959] [client 4.193.177.110:0] script '/domains/astweb/ioxi-o.php' not found or unable to stat
[Mon Feb 23 02:04:01.019360 2026] [php:error] [pid 1959] [client 4.193.177.110:0] script '/domains/astweb/class-t.api.php' not found or unable to stat
[Mon Feb 23 02:04:01.249169 2026] [php:error] [pid 1959] [client 4.193.177.110:0] script '/domains/astweb/admin.php' not found or unable to stat
[Mon Feb 23 02:04:01.478495 2026] [php:error] [pid 1959] [client 4.193.177.110:0] script '/domains/astweb/sf.php' not found or unable to stat
[Mon Feb 23 02:04:01.706389 2026] [php:error] [pid 1959] [client 4.193.177.110:0] script '/domains/astweb/rip.php' not found or unable to stat
[Mon Feb 23 02:04:01.942098 2026] [php:error] [pid 1959] [client 4.193.177.110:0] script '/domains/astweb/autoload_classmap.php' not found or unable to stat
[Mon Feb 23 02:04:02.170192 2026] [php:error] [pid 1959] [client 4.193.177.110:0] script '/domains/astweb/chosen.php' not found or unable to stat
[Mon Feb 23 02:04:02.397881 2026] [php:error] [pid 1959] [client 4.193.177.110:0] script '/domains/astweb/classwithtostring.php' not found or unable to stat
[Mon Feb 23 02:04:02.625744 2026] [php:error] [pid 1959] [client 4.193.177.110:0] script '/domains/astweb/defaults.php' not found or unable to stat
[Mon Feb 23 02:04:03.769071 2026] [php:error] [pid 1959] [client 4.193.177.110:0] script '/domains/astweb/info.php' not found or unable to stat
[Mon Feb 23 02:04:05.399457 2026] [php:error] [pid 1959] [client 4.193.177.110:0] script '/domains/astweb/adminfuns.php' not found or unable to stat
[Mon Feb 23 02:04:13.061043 2026] [php:error] [pid 1943] [client 23.100.90.148:0] script '/domains/kandg-pc/shell.php' not found or unable to stat
[Mon Feb 23 02:04:13.484398 2026] [php:error] [pid 1943] [client 23.100.90.148:0] script '/domains/kandg-pc/favicon.php' not found or unable to stat
[Mon Feb 23 02:04:13.695663 2026] [php:error] [pid 1943] [client 23.100.90.148:0] script '/domains/kandg-pc/8xyz.php' not found or unable to stat
[Mon Feb 23 02:04:14.123903 2026] [php:error] [pid 1943] [client 23.100.90.148:0] script '/domains/kandg-pc/install.php' not found or unable to stat
[Mon Feb 23 02:04:14.545939 2026] [php:error] [pid 1943] [client 23.100.90.148:0] script '/domains/kandg-pc/dropdown.php' not found or unable to stat
[Mon Feb 23 02:04:14.757044 2026] [php:error] [pid 1943] [client 23.100.90.148:0] script '/domains/kandg-pc/gdn.php' not found or unable to stat
[Mon Feb 23 02:04:14.967612 2026] [php:error] [pid 1943] [client 23.100.90.148:0] script '/domains/kandg-pc/system_log.php' not found or unable to stat
[Mon Feb 23 02:04:15.178103 2026] [php:error] [pid 1943] [client 23.100.90.148:0] script '/domains/kandg-pc/gettest.php' not found or unable to stat
[Mon Feb 23 02:04:15.389197 2026] [php:error] [pid 1943] [client 23.100.90.148:0] script '/domains/kandg-pc/shell20211028.php' not found or unable to stat
[Mon Feb 23 02:04:15.721352 2026] [php:error] [pid 1943] [client 23.100.90.148:0] script '/domains/kandg-pc/byp.php' not found or unable to stat
[Mon Feb 23 02:04:15.932745 2026] [php:error] [pid 1943] [client 23.100.90.148:0] script '/domains/kandg-pc/an.php' not found or unable to stat
[Mon Feb 23 02:04:16.144108 2026] [php:error] [pid 1943] [client 23.100.90.148:0] script '/domains/kandg-pc/b.php' not found or unable to stat
[Mon Feb 23 02:04:16.355012 2026] [php:error] [pid 1943] [client 23.100.90.148:0] script '/domains/kandg-pc/404.php' not found or unable to stat
[Mon Feb 23 02:04:16.778470 2026] [php:error] [pid 1943] [client 23.100.90.148:0] script '/domains/kandg-pc/fetch.php' not found or unable to stat
[Mon Feb 23 02:04:17.002077 2026] [php:error] [pid 1958] [client 20.214.136.247:0] script '/domains/metrolighting/myfile.php' not found or unable to stat
[Mon Feb 23 02:04:17.182459 2026] [php:error] [pid 1958] [client 20.214.136.247:0] script '/domains/metrolighting/work.php' not found or unable to stat
[Mon Feb 23 02:04:17.199506 2026] [php:error] [pid 1943] [client 23.100.90.148:0] script '/domains/kandg-pc/wp-config-sample.php' not found or unable to stat
[Mon Feb 23 02:04:17.363243 2026] [php:error] [pid 1958] [client 20.214.136.247:0] script '/domains/metrolighting/C.php' not found or unable to stat
[Mon Feb 23 02:04:17.410255 2026] [php:error] [pid 1943] [client 23.100.90.148:0] script '/domains/kandg-pc/a2.php' not found or unable to stat
[Mon Feb 23 02:04:17.543921 2026] [php:error] [pid 1958] [client 20.214.136.247:0] script '/domains/metrolighting/ze.php' not found or unable to stat
[Mon Feb 23 02:04:17.723817 2026] [php:error] [pid 1958] [client 20.214.136.247:0] script '/domains/metrolighting/new4.php' not found or unable to stat
[Mon Feb 23 02:04:17.832941 2026] [php:error] [pid 1943] [client 23.100.90.148:0] script '/domains/kandg-pc/rip.php' not found or unable to stat
[Mon Feb 23 02:04:17.904149 2026] [php:error] [pid 1958] [client 20.214.136.247:0] script '/domains/metrolighting/sc.php' not found or unable to stat
[Mon Feb 23 02:04:18.043662 2026] [php:error] [pid 1943] [client 23.100.90.148:0] script '/domains/kandg-pc/doc.php' not found or unable to stat
[Mon Feb 23 02:04:18.088918 2026] [php:error] [pid 1958] [client 20.214.136.247:0] script '/domains/metrolighting/pouhg.php' not found or unable to stat
[Mon Feb 23 02:04:18.128588 2026] [php:error] [pid 1959] [client 20.24.210.86:0] script '/domains/ecernstelectric/myfile.php' not found or unable to stat
[Mon Feb 23 02:04:18.254999 2026] [php:error] [pid 1943] [client 23.100.90.148:0] script '/domains/kandg-pc/o.php' not found or unable to stat
[Mon Feb 23 02:04:18.271706 2026] [php:error] [pid 1958] [client 20.214.136.247:0] script '/domains/metrolighting/vgtyu.php' not found or unable to stat
[Mon Feb 23 02:04:18.363703 2026] [php:error] [pid 1959] [client 20.24.210.86:0] script '/domains/ecernstelectric/work.php' not found or unable to stat
[Mon Feb 23 02:04:18.454567 2026] [php:error] [pid 1958] [client 20.214.136.247:0] script '/domains/metrolighting/aq.php' not found or unable to stat
[Mon Feb 23 02:04:18.597479 2026] [php:error] [pid 1959] [client 20.24.210.86:0] script '/domains/ecernstelectric/C.php' not found or unable to stat
[Mon Feb 23 02:04:18.637215 2026] [php:error] [pid 1958] [client 20.214.136.247:0] script '/domains/metrolighting/opts.php' not found or unable to stat
[Mon Feb 23 02:04:18.679577 2026] [php:error] [pid 1943] [client 23.100.90.148:0] script '/domains/kandg-pc/bgymj.php' not found or unable to stat
[Mon Feb 23 02:04:18.818147 2026] [php:error] [pid 1958] [client 20.214.136.247:0] script '/domains/metrolighting/x123.php' not found or unable to stat
[Mon Feb 23 02:04:18.834491 2026] [php:error] [pid 1959] [client 20.24.210.86:0] script '/domains/ecernstelectric/ze.php' not found or unable to stat
[Mon Feb 23 02:04:18.890542 2026] [php:error] [pid 1943] [client 23.100.90.148:0] script '/domains/kandg-pc/f.php' not found or unable to stat
[Mon Feb 23 02:04:18.999084 2026] [php:error] [pid 1958] [client 20.214.136.247:0] script '/domains/metrolighting/wp-act.php' not found or unable to stat
[Mon Feb 23 02:04:19.069297 2026] [php:error] [pid 1959] [client 20.24.210.86:0] script '/domains/ecernstelectric/new4.php' not found or unable to stat
[Mon Feb 23 02:04:19.101491 2026] [php:error] [pid 1943] [client 23.100.90.148:0] script '/domains/kandg-pc/ws.php' not found or unable to stat
[Mon Feb 23 02:04:19.179030 2026] [php:error] [pid 1958] [client 20.214.136.247:0] script '/domains/metrolighting/moshou.php' not found or unable to stat
[Mon Feb 23 02:04:19.304694 2026] [php:error] [pid 1959] [client 20.24.210.86:0] script '/domains/ecernstelectric/sc.php' not found or unable to stat
[Mon Feb 23 02:04:19.362020 2026] [php:error] [pid 1958] [client 20.214.136.247:0] script '/domains/metrolighting/seetox.php' not found or unable to stat
[Mon Feb 23 02:04:19.522434 2026] [php:error] [pid 1943] [client 23.100.90.148:0] script '/domains/kandg-pc/system.php' not found or unable to stat
[Mon Feb 23 02:04:19.538635 2026] [php:error] [pid 1959] [client 20.24.210.86:0] script '/domains/ecernstelectric/pouhg.php' not found or unable to stat
[Mon Feb 23 02:04:19.542199 2026] [php:error] [pid 1958] [client 20.214.136.247:0] script '/domains/metrolighting/dom.php' not found or unable to stat
[Mon Feb 23 02:04:19.722379 2026] [php:error] [pid 1958] [client 20.214.136.247:0] script '/domains/metrolighting/ws60.php' not found or unable to stat
[Mon Feb 23 02:04:19.733263 2026] [php:error] [pid 1943] [client 23.100.90.148:0] script '/domains/kandg-pc/chosen.php' not found or unable to stat
[Mon Feb 23 02:04:19.773522 2026] [php:error] [pid 1959] [client 20.24.210.86:0] script '/domains/ecernstelectric/vgtyu.php' not found or unable to stat
[Mon Feb 23 02:04:19.905219 2026] [php:error] [pid 1958] [client 20.214.136.247:0] script '/domains/metrolighting/samiri.php' not found or unable to stat
[Mon Feb 23 02:04:20.010624 2026] [php:error] [pid 1959] [client 20.24.210.86:0] script '/domains/ecernstelectric/aq.php' not found or unable to stat
[Mon Feb 23 02:04:20.085219 2026] [php:error] [pid 1958] [client 20.214.136.247:0] script '/domains/metrolighting/plugins.php' not found or unable to stat
[Mon Feb 23 02:04:20.159009 2026] [php:error] [pid 1943] [client 23.100.90.148:0] script '/domains/kandg-pc/an.php' not found or unable to stat
[Mon Feb 23 02:04:20.245216 2026] [php:error] [pid 1959] [client 20.24.210.86:0] script '/domains/ecernstelectric/opts.php' not found or unable to stat
[Mon Feb 23 02:04:20.265055 2026] [php:error] [pid 1958] [client 20.214.136.247:0] script '/domains/metrolighting/xoot.php' not found or unable to stat
[Mon Feb 23 02:04:20.371325 2026] [php:error] [pid 1943] [client 23.100.90.148:0] script '/domains/kandg-pc/ma.php' not found or unable to stat
[Mon Feb 23 02:04:20.444996 2026] [php:error] [pid 1958] [client 20.214.136.247:0] script '/domains/metrolighting/X57.php' not found or unable to stat
[Mon Feb 23 02:04:20.479169 2026] [php:error] [pid 1959] [client 20.24.210.86:0] script '/domains/ecernstelectric/x123.php' not found or unable to stat
[Mon Feb 23 02:04:20.581819 2026] [php:error] [pid 1943] [client 23.100.90.148:0] script '/domains/kandg-pc/h.php' not found or unable to stat
[Mon Feb 23 02:04:20.625260 2026] [php:error] [pid 1958] [client 20.214.136.247:0] script '/domains/metrolighting/vx.php' not found or unable to stat
[Mon Feb 23 02:04:20.718197 2026] [php:error] [pid 1959] [client 20.24.210.86:0] script '/domains/ecernstelectric/wp-act.php' not found or unable to stat
[Mon Feb 23 02:04:20.805047 2026] [php:error] [pid 1958] [client 20.214.136.247:0] script '/domains/metrolighting/file59.php' not found or unable to stat
[Mon Feb 23 02:04:20.954874 2026] [php:error] [pid 1959] [client 20.24.210.86:0] script '/domains/ecernstelectric/moshou.php' not found or unable to stat
[Mon Feb 23 02:04:21.168415 2026] [php:error] [pid 1958] [client 20.214.136.247:0] script '/domains/metrolighting/shas.php' not found or unable to stat
[Mon Feb 23 02:04:21.191630 2026] [php:error] [pid 1959] [client 20.24.210.86:0] script '/domains/ecernstelectric/seetox.php' not found or unable to stat
[Mon Feb 23 02:04:21.351274 2026] [php:error] [pid 1958] [client 20.214.136.247:0] script '/domains/metrolighting/xa.php' not found or unable to stat
[Mon Feb 23 02:04:21.425680 2026] [php:error] [pid 1959] [client 20.24.210.86:0] script '/domains/ecernstelectric/dom.php' not found or unable to stat
[Mon Feb 23 02:04:21.531382 2026] [php:error] [pid 1958] [client 20.214.136.247:0] script '/domains/metrolighting/xda.php' not found or unable to stat
[Mon Feb 23 02:04:21.634638 2026] [php:error] [pid 1943] [client 23.100.90.148:0] script '/domains/kandg-pc/system.php' not found or unable to stat
[Mon Feb 23 02:04:21.657818 2026] [php:error] [pid 1959] [client 20.24.210.86:0] script '/domains/ecernstelectric/ws60.php' not found or unable to stat
[Mon Feb 23 02:04:21.712260 2026] [php:error] [pid 1958] [client 20.214.136.247:0] script '/domains/metrolighting/er.php' not found or unable to stat
[Mon Feb 23 02:04:21.893164 2026] [php:error] [pid 1958] [client 20.214.136.247:0] script '/domains/metrolighting/fault.php' not found or unable to stat
[Mon Feb 23 02:04:21.893244 2026] [php:error] [pid 1959] [client 20.24.210.86:0] script '/domains/ecernstelectric/samiri.php' not found or unable to stat
[Mon Feb 23 02:04:22.058019 2026] [php:error] [pid 1943] [client 23.100.90.148:0] script '/domains/kandg-pc/class-t.api.php' not found or unable to stat
[Mon Feb 23 02:04:22.080400 2026] [php:error] [pid 1958] [client 20.214.136.247:0] script '/domains/metrolighting/motu.php' not found or unable to stat
[Mon Feb 23 02:04:22.126678 2026] [php:error] [pid 1959] [client 20.24.210.86:0] script '/domains/ecernstelectric/plugins.php' not found or unable to stat
[Mon Feb 23 02:04:22.262980 2026] [php:error] [pid 1958] [client 20.214.136.247:0] script '/domains/metrolighting/66.php' not found or unable to stat
[Mon Feb 23 02:04:22.273090 2026] [php:error] [pid 1943] [client 23.100.90.148:0] script '/domains/kandg-pc/asd.php' not found or unable to stat
[Mon Feb 23 02:04:22.360336 2026] [php:error] [pid 1959] [client 20.24.210.86:0] script '/domains/ecernstelectric/xoot.php' not found or unable to stat
[Mon Feb 23 02:04:22.445598 2026] [php:error] [pid 1958] [client 20.214.136.247:0] script '/domains/metrolighting/leuk.php' not found or unable to stat
[Mon Feb 23 02:04:22.593383 2026] [php:error] [pid 1959] [client 20.24.210.86:0] script '/domains/ecernstelectric/X57.php' not found or unable to stat
[Mon Feb 23 02:04:22.629633 2026] [php:error] [pid 1958] [client 20.214.136.247:0] script '/domains/metrolighting/xqq.php' not found or unable to stat
[Mon Feb 23 02:04:22.812793 2026] [php:error] [pid 1958] [client 20.214.136.247:0] script '/domains/metrolighting/kolda.php' not found or unable to stat
[Mon Feb 23 02:04:22.827416 2026] [php:error] [pid 1959] [client 20.24.210.86:0] script '/domains/ecernstelectric/vx.php' not found or unable to stat
[Mon Feb 23 02:04:22.905278 2026] [php:error] [pid 1943] [client 23.100.90.148:0] script '/domains/kandg-pc/k.php' not found or unable to stat
[Mon Feb 23 02:04:22.993003 2026] [php:error] [pid 1958] [client 20.214.136.247:0] script '/domains/metrolighting/nw.php' not found or unable to stat
[Mon Feb 23 02:04:23.060748 2026] [php:error] [pid 1959] [client 20.24.210.86:0] script '/domains/ecernstelectric/file59.php' not found or unable to stat
[Mon Feb 23 02:04:23.116523 2026] [php:error] [pid 1943] [client 23.100.90.148:0] script '/domains/kandg-pc/geck.php' not found or unable to stat
[Mon Feb 23 02:04:23.174187 2026] [php:error] [pid 1958] [client 20.214.136.247:0] script '/domains/metrolighting/god.php' not found or unable to stat
[Mon Feb 23 02:04:23.326810 2026] [php:error] [pid 1943] [client 23.100.90.148:0] script '/domains/kandg-pc/lala.php' not found or unable to stat
[Mon Feb 23 02:04:23.357437 2026] [php:error] [pid 1958] [client 20.214.136.247:0] script '/domains/metrolighting/666.php' not found or unable to stat
[Mon Feb 23 02:04:23.527055 2026] [php:error] [pid 1959] [client 20.24.210.86:0] script '/domains/ecernstelectric/shas.php' not found or unable to stat
[Mon Feb 23 02:04:23.537611 2026] [php:error] [pid 1958] [client 20.214.136.247:0] script '/domains/metrolighting/kj.php' not found or unable to stat
[Mon Feb 23 02:04:23.542850 2026] [php:error] [pid 1943] [client 23.100.90.148:0] script '/domains/kandg-pc/menu.php' not found or unable to stat
[Mon Feb 23 02:04:23.723903 2026] [php:error] [pid 1958] [client 20.214.136.247:0] script '/domains/metrolighting/un.php' not found or unable to stat
[Mon Feb 23 02:04:23.753499 2026] [php:error] [pid 1943] [client 23.100.90.148:0] script '/domains/kandg-pc/alfa.php' not found or unable to stat
[Mon Feb 23 02:04:23.759986 2026] [php:error] [pid 1959] [client 20.24.210.86:0] script '/domains/ecernstelectric/xa.php' not found or unable to stat
[Mon Feb 23 02:04:23.907970 2026] [php:error] [pid 1958] [client 20.214.136.247:0] script '/domains/metrolighting/fs.php' not found or unable to stat
[Mon Feb 23 02:04:23.970325 2026] [php:error] [pid 1943] [client 23.100.90.148:0] script '/domains/kandg-pc/dropdown.php' not found or unable to stat
[Mon Feb 23 02:04:23.995189 2026] [php:error] [pid 1959] [client 20.24.210.86:0] script '/domains/ecernstelectric/xda.php' not found or unable to stat
[Mon Feb 23 02:04:24.087767 2026] [php:error] [pid 1958] [client 20.214.136.247:0] script '/domains/metrolighting/ms.php' not found or unable to stat
[Mon Feb 23 02:04:24.180787 2026] [php:error] [pid 1943] [client 23.100.90.148:0] script '/domains/kandg-pc/v2.php' not found or unable to stat
[Mon Feb 23 02:04:24.229368 2026] [php:error] [pid 1959] [client 20.24.210.86:0] script '/domains/ecernstelectric/er.php' not found or unable to stat
[Mon Feb 23 02:04:24.270738 2026] [php:error] [pid 1958] [client 20.214.136.247:0] script '/domains/metrolighting/login8.php' not found or unable to stat
[Mon Feb 23 02:04:24.391446 2026] [php:error] [pid 1943] [client 23.100.90.148:0] script '/domains/kandg-pc/jmfi2.php' not found or unable to stat
[Mon Feb 23 02:04:24.439930 2026] [php:error] [pid 1968] [client 20.24.210.86:0] script '/domains/ecernstelectric/fault.php' not found or unable to stat
[Mon Feb 23 02:04:24.450714 2026] [php:error] [pid 1958] [client 20.214.136.247:0] script '/domains/metrolighting/nnyvn.php' not found or unable to stat
[Mon Feb 23 02:04:24.630362 2026] [php:error] [pid 1958] [client 20.214.136.247:0] script '/domains/metrolighting/cu.php' not found or unable to stat
[Mon Feb 23 02:04:24.653647 2026] [php:error] [pid 1968] [client 20.24.210.86:0] script '/domains/ecernstelectric/motu.php' not found or unable to stat
[Mon Feb 23 02:04:24.810334 2026] [php:error] [pid 1958] [client 20.214.136.247:0] script '/domains/metrolighting/lul.php' not found or unable to stat
[Mon Feb 23 02:04:24.813406 2026] [php:error] [pid 1943] [client 23.100.90.148:0] script '/domains/kandg-pc/w.php' not found or unable to stat
[Mon Feb 23 02:04:24.864572 2026] [php:error] [pid 1968] [client 20.24.210.86:0] script '/domains/ecernstelectric/66.php' not found or unable to stat
[Mon Feb 23 02:04:24.991703 2026] [php:error] [pid 1958] [client 20.214.136.247:0] script '/domains/metrolighting/0.php' not found or unable to stat
[Mon Feb 23 02:04:25.074966 2026] [php:error] [pid 1968] [client 20.24.210.86:0] script '/domains/ecernstelectric/leuk.php' not found or unable to stat
[Mon Feb 23 02:04:25.174052 2026] [php:error] [pid 1958] [client 20.214.136.247:0] script '/domains/metrolighting/ms-edit.php' not found or unable to stat
[Mon Feb 23 02:04:25.255351 2026] [php:error] [pid 1943] [client 23.100.90.148:0] script '/domains/kandg-pc/flower2.php' not found or unable to stat
[Mon Feb 23 02:04:25.285265 2026] [php:error] [pid 1968] [client 20.24.210.86:0] script '/domains/ecernstelectric/xqq.php' not found or unable to stat
[Mon Feb 23 02:04:25.355276 2026] [php:error] [pid 1958] [client 20.214.136.247:0] script '/domains/metrolighting/ya.php' not found or unable to stat
[Mon Feb 23 02:04:25.494646 2026] [php:error] [pid 1968] [client 20.24.210.86:0] script '/domains/ecernstelectric/kolda.php' not found or unable to stat
[Mon Feb 23 02:04:25.535818 2026] [php:error] [pid 1958] [client 20.214.136.247:0] script '/domains/metrolighting/grsiuk.php' not found or unable to stat
[Mon Feb 23 02:04:25.679992 2026] [php:error] [pid 1943] [client 23.100.90.148:0] script '/domains/kandg-pc/wp-login.php' not found or unable to stat
[Mon Feb 23 02:04:25.706663 2026] [php:error] [pid 1968] [client 20.24.210.86:0] script '/domains/ecernstelectric/nw.php' not found or unable to stat
[Mon Feb 23 02:04:25.718805 2026] [php:error] [pid 1958] [client 20.214.136.247:0] script '/domains/metrolighting/wp-blog.php' not found or unable to stat
[Mon Feb 23 02:04:25.899686 2026] [php:error] [pid 1958] [client 20.214.136.247:0] script '/domains/metrolighting/wp-access.php' not found or unable to stat
[Mon Feb 23 02:04:25.916835 2026] [php:error] [pid 1968] [client 20.24.210.86:0] script '/domains/ecernstelectric/god.php' not found or unable to stat
[Mon Feb 23 02:04:26.082947 2026] [php:error] [pid 1958] [client 20.214.136.247:0] script '/domains/metrolighting/a1vx.php' not found or unable to stat
[Mon Feb 23 02:04:26.128161 2026] [php:error] [pid 1968] [client 20.24.210.86:0] script '/domains/ecernstelectric/666.php' not found or unable to stat
[Mon Feb 23 02:04:26.263621 2026] [php:error] [pid 1958] [client 20.214.136.247:0] script '/domains/metrolighting/sbhu.php' not found or unable to stat
[Mon Feb 23 02:04:26.315776 2026] [php:error] [pid 1943] [client 23.100.90.148:0] script '/domains/kandg-pc/ze.php' not found or unable to stat
[Mon Feb 23 02:04:26.339069 2026] [php:error] [pid 1968] [client 20.24.210.86:0] script '/domains/ecernstelectric/kj.php' not found or unable to stat
[Mon Feb 23 02:04:26.443344 2026] [php:error] [pid 1958] [client 20.214.136.247:0] script '/domains/metrolighting/wp-the.php' not found or unable to stat
[Mon Feb 23 02:04:26.526292 2026] [php:error] [pid 1943] [client 23.100.90.148:0] script '/domains/kandg-pc/elp.php' not found or unable to stat
[Mon Feb 23 02:04:26.553448 2026] [php:error] [pid 1968] [client 20.24.210.86:0] script '/domains/ecernstelectric/un.php' not found or unable to stat
[Mon Feb 23 02:04:26.623070 2026] [php:error] [pid 1958] [client 20.214.136.247:0] script '/domains/metrolighting/06.php' not found or unable to stat
[Mon Feb 23 02:04:26.766345 2026] [php:error] [pid 1968] [client 20.24.210.86:0] script '/domains/ecernstelectric/fs.php' not found or unable to stat
[Mon Feb 23 02:04:26.808361 2026] [php:error] [pid 1958] [client 20.214.136.247:0] script '/domains/metrolighting/wp5.php' not found or unable to stat
[Mon Feb 23 02:04:26.946930 2026] [php:error] [pid 1943] [client 23.100.90.148:0] script '/domains/kandg-pc/ph33w.php' not found or unable to stat
[Mon Feb 23 02:04:26.982174 2026] [php:error] [pid 1968] [client 20.24.210.86:0] script '/domains/ecernstelectric/ms.php' not found or unable to stat
[Mon Feb 23 02:04:26.988625 2026] [php:error] [pid 1958] [client 20.214.136.247:0] script '/domains/metrolighting/fot.php' not found or unable to stat
[Mon Feb 23 02:04:27.157648 2026] [php:error] [pid 1943] [client 23.100.90.148:0] script '/domains/kandg-pc/x.php' not found or unable to stat
[Mon Feb 23 02:04:27.168456 2026] [php:error] [pid 1958] [client 20.214.136.247:0] script '/domains/metrolighting/ff1.php' not found or unable to stat
[Mon Feb 23 02:04:27.193995 2026] [php:error] [pid 1968] [client 20.24.210.86:0] script '/domains/ecernstelectric/login8.php' not found or unable to stat
[Mon Feb 23 02:04:27.349367 2026] [php:error] [pid 1958] [client 20.214.136.247:0] script '/domains/metrolighting/forbidals.php' not found or unable to stat
[Mon Feb 23 02:04:27.403896 2026] [php:error] [pid 1968] [client 20.24.210.86:0] script '/domains/ecernstelectric/nnyvn.php' not found or unable to stat
[Mon Feb 23 02:04:27.534450 2026] [php:error] [pid 1958] [client 20.214.136.247:0] script '/domains/metrolighting/erty.php' not found or unable to stat
[Mon Feb 23 02:04:27.578207 2026] [php:error] [pid 1943] [client 23.100.90.148:0] script '/domains/kandg-pc/lp6.php' not found or unable to stat
[Mon Feb 23 02:04:27.615491 2026] [php:error] [pid 1968] [client 20.24.210.86:0] script '/domains/ecernstelectric/cu.php' not found or unable to stat
[Mon Feb 23 02:04:27.715163 2026] [php:error] [pid 1958] [client 20.214.136.247:0] script '/domains/metrolighting/dev1s.php' not found or unable to stat
[Mon Feb 23 02:04:27.826882 2026] [php:error] [pid 1968] [client 20.24.210.86:0] script '/domains/ecernstelectric/lul.php' not found or unable to stat
[Mon Feb 23 02:04:27.901026 2026] [php:error] [pid 1958] [client 20.214.136.247:0] script '/domains/metrolighting/ffd.php' not found or unable to stat
[Mon Feb 23 02:04:28.000177 2026] [php:error] [pid 1943] [client 23.100.90.148:0] script '/domains/kandg-pc/d12.php' not found or unable to stat
[Mon Feb 23 02:04:28.041105 2026] [php:error] [pid 1968] [client 20.24.210.86:0] script '/domains/ecernstelectric/0.php' not found or unable to stat
[Mon Feb 23 02:04:28.080980 2026] [php:error] [pid 1958] [client 20.214.136.247:0] script '/domains/metrolighting/admiin.php' not found or unable to stat
[Mon Feb 23 02:04:28.210861 2026] [php:error] [pid 1943] [client 23.100.90.148:0] script '/domains/kandg-pc/x.php' not found or unable to stat
[Mon Feb 23 02:04:28.252210 2026] [php:error] [pid 1968] [client 20.24.210.86:0] script '/domains/ecernstelectric/ms-edit.php' not found or unable to stat
[Mon Feb 23 02:04:28.261041 2026] [php:error] [pid 1958] [client 20.214.136.247:0] script '/domains/metrolighting/ol.php' not found or unable to stat
[Mon Feb 23 02:04:28.421556 2026] [php:error] [pid 1943] [client 23.100.90.148:0] script '/domains/kandg-pc/bk.php' not found or unable to stat
[Mon Feb 23 02:04:28.442231 2026] [php:error] [pid 1958] [client 20.214.136.247:0] script '/domains/metrolighting/Sanskrit.php' not found or unable to stat
[Mon Feb 23 02:04:28.463214 2026] [php:error] [pid 1968] [client 20.24.210.86:0] script '/domains/ecernstelectric/ya.php' not found or unable to stat
[Mon Feb 23 02:04:28.624500 2026] [php:error] [pid 1958] [client 20.214.136.247:0] script '/domains/metrolighting/vxrl.php' not found or unable to stat
[Mon Feb 23 02:04:28.631864 2026] [php:error] [pid 1943] [client 23.100.90.148:0] script '/domains/kandg-pc/phpinfo.php' not found or unable to stat
[Mon Feb 23 02:04:28.673889 2026] [php:error] [pid 1968] [client 20.24.210.86:0] script '/domains/ecernstelectric/grsiuk.php' not found or unable to stat
[Mon Feb 23 02:04:28.804915 2026] [php:error] [pid 1958] [client 20.214.136.247:0] script '/domains/metrolighting/re.php' not found or unable to stat
[Mon Feb 23 02:04:28.885053 2026] [php:error] [pid 1968] [client 20.24.210.86:0] script '/domains/ecernstelectric/wp-blog.php' not found or unable to stat
[Mon Feb 23 02:04:28.990875 2026] [php:error] [pid 1958] [client 20.214.136.247:0] script '/domains/metrolighting/num.php' not found or unable to stat
[Mon Feb 23 02:04:29.051966 2026] [php:error] [pid 1943] [client 23.100.90.148:0] script '/domains/kandg-pc/f.php' not found or unable to stat
[Mon Feb 23 02:04:29.095424 2026] [php:error] [pid 1968] [client 20.24.210.86:0] script '/domains/ecernstelectric/wp-access.php' not found or unable to stat
[Mon Feb 23 02:04:29.173535 2026] [php:error] [pid 1958] [client 20.214.136.247:0] script '/domains/metrolighting/axx.php' not found or unable to stat
[Mon Feb 23 02:04:29.307290 2026] [php:error] [pid 1968] [client 20.24.210.86:0] script '/domains/ecernstelectric/a1vx.php' not found or unable to stat
[Mon Feb 23 02:04:29.353286 2026] [php:error] [pid 1958] [client 20.214.136.247:0] script '/domains/metrolighting/vxrl.php' not found or unable to stat
[Mon Feb 23 02:04:29.518242 2026] [php:error] [pid 1968] [client 20.24.210.86:0] script '/domains/ecernstelectric/sbhu.php' not found or unable to stat
[Mon Feb 23 02:04:29.537603 2026] [php:error] [pid 1958] [client 20.214.136.247:0] script '/domains/metrolighting/in.php' not found or unable to stat
[Mon Feb 23 02:04:29.683575 2026] [php:error] [pid 1943] [client 23.100.90.148:0] script '/domains/kandg-pc/z.php' not found or unable to stat
[Mon Feb 23 02:04:29.718643 2026] [php:error] [pid 1958] [client 20.214.136.247:0] script '/domains/metrolighting/style.php' not found or unable to stat
[Mon Feb 23 02:04:29.729177 2026] [php:error] [pid 1968] [client 20.24.210.86:0] script '/domains/ecernstelectric/wp-the.php' not found or unable to stat
[Mon Feb 23 02:04:29.894045 2026] [php:error] [pid 1943] [client 23.100.90.148:0] script '/domains/kandg-pc/z.php' not found or unable to stat
[Mon Feb 23 02:04:29.899189 2026] [php:error] [pid 1958] [client 20.214.136.247:0] script '/domains/metrolighting/we.php' not found or unable to stat
[Mon Feb 23 02:04:29.947688 2026] [php:error] [pid 1968] [client 20.24.210.86:0] script '/domains/ecernstelectric/06.php' not found or unable to stat
[Mon Feb 23 02:04:30.082096 2026] [php:error] [pid 1958] [client 20.214.136.247:0] script '/domains/metrolighting/zwso.php' not found or unable to stat
[Mon Feb 23 02:04:30.161537 2026] [php:error] [pid 1968] [client 20.24.210.86:0] script '/domains/ecernstelectric/wp5.php' not found or unable to stat
[Mon Feb 23 02:04:30.262325 2026] [php:error] [pid 1958] [client 20.214.136.247:0] script '/domains/metrolighting/karak.php' not found or unable to stat
[Mon Feb 23 02:04:30.372469 2026] [php:error] [pid 1968] [client 20.24.210.86:0] script '/domains/ecernstelectric/fot.php' not found or unable to stat
[Mon Feb 23 02:04:30.442271 2026] [php:error] [pid 1958] [client 20.214.136.247:0] script '/domains/metrolighting/prv8.php' not found or unable to stat
[Mon Feb 23 02:04:30.525302 2026] [php:error] [pid 1943] [client 23.100.90.148:0] script '/domains/kandg-pc/file.php' not found or unable to stat
