[Mon Feb 23 00:09:06.448644 2026] [php:error] [pid 605] [client 104.46.239.31:0] script '/domains/dcarlone/alfa.php' not found or unable to stat
[Mon Feb 23 00:09:06.612837 2026] [php:error] [pid 605] [client 104.46.239.31:0] script '/domains/dcarlone/dropdown.php' not found or unable to stat
[Mon Feb 23 00:09:06.818609 2026] [php:error] [pid 605] [client 104.46.239.31:0] script '/domains/dcarlone/v2.php' not found or unable to stat
[Mon Feb 23 00:09:06.925688 2026] [php:error] [pid 578] [client 131.196.97.104:0] script '/domains/wsmith.enteract/xmlrpc.php' not found or unable to stat
[Mon Feb 23 00:09:07.041460 2026] [php:error] [pid 605] [client 104.46.239.31:0] script '/domains/dcarlone/jmfi2.php' not found or unable to stat
[Mon Feb 23 00:09:07.378244 2026] [php:error] [pid 605] [client 104.46.239.31:0] script '/domains/dcarlone/w.php' not found or unable to stat
[Mon Feb 23 00:09:07.748539 2026] [php:error] [pid 605] [client 104.46.239.31:0] script '/domains/dcarlone/flower2.php' not found or unable to stat
[Mon Feb 23 00:09:07.927275 2026] [php:error] [pid 597] [client 167.249.151.242:0] script '/domains/wsmith.enteract/xmlrpc.php' not found or unable to stat
[Mon Feb 23 00:09:08.097084 2026] [php:error] [pid 605] [client 104.46.239.31:0] script '/domains/dcarlone/wp-login.php' not found or unable to stat
[Mon Feb 23 00:09:08.582517 2026] [php:error] [pid 608] [client 131.196.97.104:0] script '/domains/wsmith.enteract/xmlrpc.php' not found or unable to stat
[Mon Feb 23 00:09:08.707273 2026] [php:error] [pid 605] [client 104.46.239.31:0] script '/domains/dcarlone/ze.php' not found or unable to stat
[Mon Feb 23 00:09:08.714017 2026] [php:error] [pid 608] [client 180.74.218.78:0] script '/domains/wsmith.enteract/xmlrpc.php' not found or unable to stat
[Mon Feb 23 00:09:08.871293 2026] [php:error] [pid 605] [client 104.46.239.31:0] script '/domains/dcarlone/elp.php' not found or unable to stat
[Mon Feb 23 00:09:09.202378 2026] [php:error] [pid 605] [client 104.46.239.31:0] script '/domains/dcarlone/ph33w.php' not found or unable to stat
[Mon Feb 23 00:09:09.382801 2026] [php:error] [pid 605] [client 104.46.239.31:0] script '/domains/dcarlone/x.php' not found or unable to stat
[Mon Feb 23 00:09:09.642868 2026] [php:error] [pid 609] [client 167.249.151.242:0] script '/domains/wsmith.enteract/xmlrpc.php' not found or unable to stat
[Mon Feb 23 00:09:09.724344 2026] [php:error] [pid 605] [client 104.46.239.31:0] script '/domains/dcarlone/lp6.php' not found or unable to stat
[Mon Feb 23 00:09:10.130387 2026] [php:error] [pid 605] [client 104.46.239.31:0] script '/domains/dcarlone/d12.php' not found or unable to stat
[Mon Feb 23 00:09:10.446762 2026] [php:error] [pid 605] [client 104.46.239.31:0] script '/domains/dcarlone/x.php' not found or unable to stat
[Mon Feb 23 00:09:10.672678 2026] [php:error] [pid 605] [client 104.46.239.31:0] script '/domains/dcarlone/bk.php' not found or unable to stat
[Mon Feb 23 00:09:10.878527 2026] [php:error] [pid 605] [client 104.46.239.31:0] script '/domains/dcarlone/phpinfo.php' not found or unable to stat
[Mon Feb 23 00:09:10.904035 2026] [php:error] [pid 610] [client 180.74.218.78:0] script '/domains/wsmith.enteract/xmlrpc.php' not found or unable to stat
[Mon Feb 23 00:09:11.206301 2026] [php:error] [pid 605] [client 104.46.239.31:0] script '/domains/dcarlone/f.php' not found or unable to stat
[Mon Feb 23 00:09:11.771950 2026] [php:error] [pid 605] [client 104.46.239.31:0] script '/domains/dcarlone/z.php' not found or unable to stat
[Mon Feb 23 00:09:11.945068 2026] [php:error] [pid 605] [client 104.46.239.31:0] script '/domains/dcarlone/z.php' not found or unable to stat
[Mon Feb 23 00:09:12.437334 2026] [php:error] [pid 605] [client 104.46.239.31:0] script '/domains/dcarlone/file.php' not found or unable to stat
[Mon Feb 23 00:09:12.519370 2026] [php:error] [pid 610] [client 180.74.218.78:0] script '/domains/wsmith.enteract/xmlrpc.php' not found or unable to stat
[Mon Feb 23 00:09:13.079178 2026] [php:error] [pid 605] [client 104.46.239.31:0] script '/domains/dcarlone/elp.php' not found or unable to stat
[Mon Feb 23 00:09:13.254882 2026] [php:error] [pid 610] [client 131.196.97.104:0] script '/domains/wsmith.enteract/xmlrpc.php' not found or unable to stat
[Mon Feb 23 00:09:13.634536 2026] [php:error] [pid 605] [client 104.46.239.31:0] script '/domains/dcarlone/p.php' not found or unable to stat
[Mon Feb 23 00:09:14.238466 2026] [php:error] [pid 611] [client 167.249.151.242:0] script '/domains/wsmith.enteract/xmlrpc.php' not found or unable to stat
[Mon Feb 23 00:09:14.319723 2026] [php:error] [pid 605] [client 104.46.239.31:0] script '/domains/dcarlone/config.php' not found or unable to stat
[Mon Feb 23 00:09:14.468476 2026] [php:error] [pid 609] [client 168.196.24.208:0] script '/domains/wsmith.enteract/wp-login.php' not found or unable to stat
[Mon Feb 23 00:09:14.493681 2026] [php:error] [pid 605] [client 104.46.239.31:0] script '/domains/dcarlone/rip.php' not found or unable to stat
[Mon Feb 23 00:09:14.658641 2026] [php:error] [pid 605] [client 104.46.239.31:0] script '/domains/dcarlone/cache.php' not found or unable to stat
[Mon Feb 23 00:09:14.837421 2026] [php:error] [pid 605] [client 104.46.239.31:0] script '/domains/dcarlone/ahax.php' not found or unable to stat
[Mon Feb 23 00:09:14.872965 2026] [php:error] [pid 613] [client 185.244.154.12:0] script '/domains/wsmith.enteract/wp-login.php' not found or unable to stat
[Mon Feb 23 00:09:15.435775 2026] [php:error] [pid 605] [client 104.46.239.31:0] script '/domains/dcarlone/tt.php' not found or unable to stat
[Mon Feb 23 00:09:16.181778 2026] [php:error] [pid 605] [client 104.46.239.31:0] script '/domains/dcarlone/wp-conf.php' not found or unable to stat
[Mon Feb 23 00:09:20.399713 2026] [php:error] [pid 597] [client 104.46.239.31:0] script '/domains/dcarlone/hey.php' not found or unable to stat
[Mon Feb 23 00:09:20.564989 2026] [php:error] [pid 597] [client 104.46.239.31:0] script '/domains/dcarlone/m.php' not found or unable to stat
[Mon Feb 23 00:09:20.732172 2026] [php:error] [pid 597] [client 104.46.239.31:0] script '/domains/dcarlone/install.php' not found or unable to stat
[Mon Feb 23 00:09:20.912602 2026] [php:error] [pid 597] [client 104.46.239.31:0] script '/domains/dcarlone/web.php' not found or unable to stat
[Mon Feb 23 00:09:22.103503 2026] [php:error] [pid 597] [client 104.46.239.31:0] script '/domains/dcarlone/content.php' not found or unable to stat
[Mon Feb 23 00:09:22.301661 2026] [php:error] [pid 597] [client 104.46.239.31:0] script '/domains/dcarlone/adminfuns.php' not found or unable to stat
[Mon Feb 23 00:09:23.598750 2026] [php:error] [pid 597] [client 104.46.239.31:0] script '/domains/dcarlone/la.php' not found or unable to stat
[Mon Feb 23 00:09:23.764337 2026] [php:error] [pid 597] [client 104.46.239.31:0] script '/domains/dcarlone/a1.php' not found or unable to stat
[Mon Feb 23 00:09:23.949742 2026] [php:error] [pid 597] [client 104.46.239.31:0] script '/domains/dcarlone/403.php' not found or unable to stat
[Mon Feb 23 00:09:24.468405 2026] [php:error] [pid 597] [client 104.46.239.31:0] script '/domains/dcarlone/errw.php' not found or unable to stat
[Mon Feb 23 00:09:24.842484 2026] [php:error] [pid 597] [client 104.46.239.31:0] script '/domains/dcarlone/wp.php' not found or unable to stat
[Mon Feb 23 00:09:25.043279 2026] [php:error] [pid 597] [client 104.46.239.31:0] script '/domains/dcarlone/themes.php' not found or unable to stat
[Mon Feb 23 00:09:25.208248 2026] [php:error] [pid 597] [client 104.46.239.31:0] script '/domains/dcarlone/environment.php' not found or unable to stat
[Mon Feb 23 00:09:25.373436 2026] [php:error] [pid 597] [client 104.46.239.31:0] script '/domains/dcarlone/404.php' not found or unable to stat
[Mon Feb 23 00:09:25.711776 2026] [php:error] [pid 597] [client 104.46.239.31:0] script '/domains/dcarlone/cs.php' not found or unable to stat
[Mon Feb 23 00:09:26.266339 2026] [php:error] [pid 597] [client 104.46.239.31:0] script '/domains/dcarlone/domains.php' not found or unable to stat
[Mon Feb 23 00:09:26.783679 2026] [php:error] [pid 597] [client 104.46.239.31:0] script '/domains/dcarlone/radio.php' not found or unable to stat
[Mon Feb 23 00:09:27.116253 2026] [php:error] [pid 597] [client 104.46.239.31:0] script '/domains/dcarlone/wp-blog.php' not found or unable to stat
[Mon Feb 23 00:09:27.281809 2026] [php:error] [pid 597] [client 104.46.239.31:0] script '/domains/dcarlone/ak.php' not found or unable to stat
[Mon Feb 23 00:09:28.292049 2026] [php:error] [pid 597] [client 104.46.239.31:0] script '/domains/dcarlone/403.php' not found or unable to stat
[Mon Feb 23 00:09:28.630579 2026] [php:error] [pid 597] [client 104.46.239.31:0] script '/domains/dcarlone/wso.php' not found or unable to stat
[Mon Feb 23 00:09:28.822564 2026] [php:error] [pid 597] [client 104.46.239.31:0] script '/domains/dcarlone/wp-cron.php' not found or unable to stat
[Mon Feb 23 00:09:29.025598 2026] [php:error] [pid 597] [client 104.46.239.31:0] script '/domains/dcarlone/autoload_classmap.php' not found or unable to stat
[Mon Feb 23 00:09:29.231769 2026] [php:error] [pid 597] [client 104.46.239.31:0] script '/domains/dcarlone/inputs.php' not found or unable to stat
[Mon Feb 23 00:09:29.580134 2026] [php:error] [pid 609] [client 23.100.90.148:0] script '/domains/conservation1/166.php' not found or unable to stat
[Mon Feb 23 00:09:29.749294 2026] [php:error] [pid 597] [client 104.46.239.31:0] script '/domains/dcarlone/zwso.php' not found or unable to stat
[Mon Feb 23 00:09:29.798491 2026] [php:error] [pid 609] [client 23.100.90.148:0] script '/domains/conservation1/2026.php' not found or unable to stat
[Mon Feb 23 00:09:29.918683 2026] [php:error] [pid 597] [client 104.46.239.31:0] script '/domains/dcarlone/bolt.php' not found or unable to stat
[Mon Feb 23 00:09:30.010204 2026] [php:error] [pid 609] [client 23.100.90.148:0] script '/domains/conservation1/muzu.php' not found or unable to stat
[Mon Feb 23 00:09:30.236968 2026] [php:error] [pid 609] [client 23.100.90.148:0] script '/domains/conservation1/reze.php' not found or unable to stat
[Mon Feb 23 00:09:30.252285 2026] [php:error] [pid 597] [client 104.46.239.31:0] script '/domains/dcarlone/autoload_classmap.php' not found or unable to stat
[Mon Feb 23 00:09:30.440038 2026] [php:error] [pid 597] [client 104.46.239.31:0] script '/domains/dcarlone/gdn.php' not found or unable to stat
[Mon Feb 23 00:09:30.448693 2026] [php:error] [pid 609] [client 23.100.90.148:0] script '/domains/conservation1/jsond.php' not found or unable to stat
[Mon Feb 23 00:09:30.660354 2026] [php:error] [pid 609] [client 23.100.90.148:0] script '/domains/conservation1/x7.php' not found or unable to stat
[Mon Feb 23 00:09:30.791574 2026] [php:error] [pid 597] [client 104.46.239.31:0] script '/domains/dcarlone/lala.php' not found or unable to stat
[Mon Feb 23 00:09:30.905228 2026] [php:error] [pid 609] [client 23.100.90.148:0] script '/domains/conservation1/bgymj.php' not found or unable to stat
[Mon Feb 23 00:09:31.121095 2026] [php:error] [pid 609] [client 23.100.90.148:0] script '/domains/conservation1/lala.php' not found or unable to stat
[Mon Feb 23 00:09:31.229950 2026] [php:error] [pid 597] [client 104.46.239.31:0] script '/domains/dcarlone/bnn_.php' not found or unable to stat
[Mon Feb 23 00:09:31.332683 2026] [php:error] [pid 609] [client 23.100.90.148:0] script '/domains/conservation1/8xyz.php' not found or unable to stat
[Mon Feb 23 00:09:31.552341 2026] [php:error] [pid 609] [client 23.100.90.148:0] script '/domains/conservation1/wsd.php' not found or unable to stat
[Mon Feb 23 00:09:31.981165 2026] [php:error] [pid 609] [client 23.100.90.148:0] script '/domains/conservation1/la.php' not found or unable to stat
[Mon Feb 23 00:09:32.192877 2026] [php:error] [pid 609] [client 23.100.90.148:0] script '/domains/conservation1/Wp-good.php' not found or unable to stat
[Mon Feb 23 00:09:32.404416 2026] [php:error] [pid 609] [client 23.100.90.148:0] script '/domains/conservation1/tphp.php' not found or unable to stat
[Mon Feb 23 00:09:32.625438 2026] [php:error] [pid 609] [client 23.100.90.148:0] script '/domains/conservation1/a1.php' not found or unable to stat
[Mon Feb 23 00:09:32.859086 2026] [php:error] [pid 609] [client 23.100.90.148:0] script '/domains/conservation1/nyan.php' not found or unable to stat
[Mon Feb 23 00:09:33.070366 2026] [php:error] [pid 609] [client 23.100.90.148:0] script '/domains/conservation1/autoload_classmap.php' not found or unable to stat
[Mon Feb 23 00:09:33.291070 2026] [php:error] [pid 609] [client 23.100.90.148:0] script '/domains/conservation1/alfa.php' not found or unable to stat
[Mon Feb 23 00:09:33.718824 2026] [php:error] [pid 593] [client 20.53.240.38:0] script '/domains/dcarlone/wp-trackback.php' not found or unable to stat
[Mon Feb 23 00:09:33.720571 2026] [php:error] [pid 609] [client 23.100.90.148:0] script '/domains/conservation1/luxe.php' not found or unable to stat
[Mon Feb 23 00:09:33.926033 2026] [php:error] [pid 593] [client 20.53.240.38:0] script '/domains/dcarlone/about.php' not found or unable to stat
[Mon Feb 23 00:09:34.073445 2026] [php:error] [pid 612] [client 179.107.15.155:0] script '/domains/wsmith.enteract/xmlrpc.php' not found or unable to stat
[Mon Feb 23 00:09:34.133781 2026] [php:error] [pid 593] [client 20.53.240.38:0] script '/domains/dcarlone/file.php' not found or unable to stat
[Mon Feb 23 00:09:34.143811 2026] [php:error] [pid 609] [client 23.100.90.148:0] script '/domains/conservation1/rezor.php' not found or unable to stat
[Mon Feb 23 00:09:34.342412 2026] [php:error] [pid 593] [client 20.53.240.38:0] script '/domains/dcarlone/wp-good.php' not found or unable to stat
[Mon Feb 23 00:09:34.356143 2026] [php:error] [pid 609] [client 23.100.90.148:0] script '/domains/conservation1/doc.php' not found or unable to stat
[Mon Feb 23 00:09:34.549707 2026] [php:error] [pid 593] [client 20.53.240.38:0] script '/domains/dcarlone/xmlrpc.php' not found or unable to stat
[Mon Feb 23 00:09:34.756726 2026] [php:error] [pid 593] [client 20.53.240.38:0] script '/domains/dcarlone/goods.php' not found or unable to stat
[Mon Feb 23 00:09:34.963862 2026] [php:error] [pid 593] [client 20.53.240.38:0] script '/domains/dcarlone/ioxi-o.php' not found or unable to stat
[Mon Feb 23 00:09:35.002424 2026] [php:error] [pid 609] [client 23.100.90.148:0] script '/domains/conservation1/install.php' not found or unable to stat
[Mon Feb 23 00:09:35.170736 2026] [php:error] [pid 593] [client 20.53.240.38:0] script '/domains/dcarlone/class-t.api.php' not found or unable to stat
[Mon Feb 23 00:09:35.379202 2026] [php:error] [pid 593] [client 20.53.240.38:0] script '/domains/dcarlone/admin.php' not found or unable to stat
[Mon Feb 23 00:09:35.440378 2026] [php:error] [pid 609] [client 23.100.90.148:0] script '/domains/conservation1/sto.php' not found or unable to stat
[Mon Feb 23 00:09:35.594033 2026] [php:error] [pid 593] [client 20.53.240.38:0] script '/domains/dcarlone/sf.php' not found or unable to stat
[Mon Feb 23 00:09:35.652283 2026] [php:error] [pid 609] [client 23.100.90.148:0] script '/domains/conservation1/x.php' not found or unable to stat
[Mon Feb 23 00:09:35.803086 2026] [php:error] [pid 593] [client 20.53.240.38:0] script '/domains/dcarlone/rip.php' not found or unable to stat
[Mon Feb 23 00:09:35.889613 2026] [php:error] [pid 609] [client 23.100.90.148:0] script '/domains/conservation1/test.php' not found or unable to stat
[Mon Feb 23 00:09:36.012773 2026] [php:error] [pid 593] [client 20.53.240.38:0] script '/domains/dcarlone/autoload_classmap.php' not found or unable to stat
[Mon Feb 23 00:09:36.236273 2026] [php:error] [pid 593] [client 20.53.240.38:0] script '/domains/dcarlone/chosen.php' not found or unable to stat
[Mon Feb 23 00:09:36.312443 2026] [php:error] [pid 609] [client 23.100.90.148:0] script '/domains/conservation1/n3.php' not found or unable to stat
[Mon Feb 23 00:09:36.444088 2026] [php:error] [pid 593] [client 20.53.240.38:0] script '/domains/dcarlone/classwithtostring.php' not found or unable to stat
[Mon Feb 23 00:09:36.647686 2026] [php:error] [pid 578] [client 179.107.15.155:0] script '/domains/wsmith.enteract/xmlrpc.php' not found or unable to stat
[Mon Feb 23 00:09:36.651903 2026] [php:error] [pid 593] [client 20.53.240.38:0] script '/domains/dcarlone/defaults.php' not found or unable to stat
[Mon Feb 23 00:09:36.744160 2026] [php:error] [pid 609] [client 23.100.90.148:0] script '/domains/conservation1/o.php' not found or unable to stat
[Mon Feb 23 00:09:37.167903 2026] [php:error] [pid 609] [client 23.100.90.148:0] script '/domains/conservation1/class-t.api.php' not found or unable to stat
[Mon Feb 23 00:09:37.596513 2026] [php:error] [pid 609] [client 23.100.90.148:0] script '/domains/conservation1/wp.php' not found or unable to stat
[Mon Feb 23 00:09:37.690980 2026] [php:error] [pid 593] [client 20.53.240.38:0] script '/domains/dcarlone/info.php' not found or unable to stat
[Mon Feb 23 00:09:38.230686 2026] [php:error] [pid 609] [client 23.100.90.148:0] script '/domains/conservation1/h.php' not found or unable to stat
[Mon Feb 23 00:09:38.653880 2026] [php:error] [pid 609] [client 23.100.90.148:0] script '/domains/conservation1/wrt.php' not found or unable to stat
[Mon Feb 23 00:09:39.157370 2026] [php:error] [pid 593] [client 20.53.240.38:0] script '/domains/dcarlone/adminfuns.php' not found or unable to stat
[Mon Feb 23 00:09:39.568648 2026] [php:error] [pid 609] [client 23.100.90.148:0] script '/domains/conservation1/images/c99.php' not found or unable to stat
[Mon Feb 23 00:09:39.779972 2026] [php:error] [pid 609] [client 23.100.90.148:0] script '/domains/conservation1/png.php' not found or unable to stat
[Mon Feb 23 00:09:40.212631 2026] [php:error] [pid 609] [client 23.100.90.148:0] script '/domains/conservation1/zwso.php' not found or unable to stat
[Mon Feb 23 00:09:41.102859 2026] [php:error] [pid 609] [client 23.100.90.148:0] script '/domains/conservation1/ton.php' not found or unable to stat
[Mon Feb 23 00:09:41.325339 2026] [php:error] [pid 609] [client 23.100.90.148:0] script '/domains/conservation1/wso.php' not found or unable to stat
[Mon Feb 23 00:09:41.767844 2026] [php:error] [pid 609] [client 23.100.90.148:0] script '/domains/conservation1/a2.php' not found or unable to stat
[Mon Feb 23 00:09:41.988902 2026] [php:error] [pid 609] [client 23.100.90.148:0] script '/domains/conservation1/shell.php' not found or unable to stat
[Mon Feb 23 00:09:42.414964 2026] [php:error] [pid 609] [client 23.100.90.148:0] script '/domains/conservation1/sxo.php' not found or unable to stat
[Mon Feb 23 00:09:43.062633 2026] [php:error] [pid 609] [client 23.100.90.148:0] script '/domains/conservation1/mans.php' not found or unable to stat
[Mon Feb 23 00:09:43.274164 2026] [php:error] [pid 609] [client 23.100.90.148:0] script '/domains/conservation1/dropdown.php' not found or unable to stat
[Mon Feb 23 00:09:43.697416 2026] [php:error] [pid 609] [client 23.100.90.148:0] script '/domains/conservation1/ze.php' not found or unable to stat
[Mon Feb 23 00:09:43.908825 2026] [php:error] [pid 609] [client 23.100.90.148:0] script '/domains/conservation1/geck.php' not found or unable to stat
[Mon Feb 23 00:09:44.120119 2026] [php:error] [pid 609] [client 23.100.90.148:0] script '/domains/conservation1/menu.php' not found or unable to stat
[Mon Feb 23 00:09:44.763835 2026] [php:error] [pid 609] [client 23.100.90.148:0] script '/domains/conservation1/flower.php' not found or unable to stat
[Mon Feb 23 00:09:44.993302 2026] [php:error] [pid 609] [client 23.100.90.148:0] script '/domains/conservation1/ftp.php' not found or unable to stat
[Mon Feb 23 00:09:44.996151 2026] [php:error] [pid 612] [client 45.65.229.144:0] script '/domains/wsmith.enteract/xmlrpc.php' not found or unable to stat
[Mon Feb 23 00:09:45.210117 2026] [php:error] [pid 612] [client 179.107.15.155:0] script '/domains/wsmith.enteract/xmlrpc.php' not found or unable to stat
[Mon Feb 23 00:09:45.225331 2026] [php:error] [pid 609] [client 23.100.90.148:0] script '/domains/conservation1/mds.php' not found or unable to stat
[Mon Feb 23 00:09:45.438100 2026] [php:error] [pid 609] [client 23.100.90.148:0] script '/domains/conservation1/ahax.php' not found or unable to stat
[Mon Feb 23 00:09:45.794559 2026] [php:error] [pid 612] [client 157.15.139.25:0] script '/domains/wsmith.enteract/xmlrpc.php' not found or unable to stat
[Mon Feb 23 00:09:45.865976 2026] [php:error] [pid 609] [client 23.100.90.148:0] script '/domains/conservation1/cool.php' not found or unable to stat
[Mon Feb 23 00:09:46.077396 2026] [php:error] [pid 609] [client 23.100.90.148:0] script '/domains/conservation1/gm.php' not found or unable to stat
[Mon Feb 23 00:09:46.288897 2026] [php:error] [pid 609] [client 23.100.90.148:0] script '/domains/conservation1/simple.php' not found or unable to stat
[Mon Feb 23 00:09:46.473370 2026] [php:error] [pid 612] [client 45.65.229.144:0] script '/domains/wsmith.enteract/xmlrpc.php' not found or unable to stat
[Mon Feb 23 00:09:46.508142 2026] [php:error] [pid 609] [client 23.100.90.148:0] script '/domains/conservation1/elp.php' not found or unable to stat
[Mon Feb 23 00:09:46.761818 2026] [php:error] [pid 609] [client 23.100.90.148:0] script '/domains/conservation1/bolt.php' not found or unable to stat
[Mon Feb 23 00:09:47.233327 2026] [php:error] [pid 609] [client 23.100.90.148:0] script '/domains/conservation1/inputs.php' not found or unable to stat
[Mon Feb 23 00:09:47.655876 2026] [php:error] [pid 609] [client 23.100.90.148:0] script '/domains/conservation1/system.php' not found or unable to stat
[Mon Feb 23 00:09:48.518245 2026] [php:error] [pid 609] [client 23.100.90.148:0] script '/domains/conservation1/an.php' not found or unable to stat
[Mon Feb 23 00:09:48.729341 2026] [php:error] [pid 609] [client 23.100.90.148:0] script '/domains/conservation1/w.php' not found or unable to stat
[Mon Feb 23 00:09:48.940693 2026] [php:error] [pid 609] [client 23.100.90.148:0] script '/domains/conservation1/gmo.php' not found or unable to stat
[Mon Feb 23 00:09:48.976934 2026] [php:error] [pid 614] [client 45.65.229.144:0] script '/domains/wsmith.enteract/xmlrpc.php' not found or unable to stat
[Mon Feb 23 00:09:49.151864 2026] [php:error] [pid 609] [client 23.100.90.148:0] script '/domains/conservation1/gib.php' not found or unable to stat
[Mon Feb 23 00:09:49.363255 2026] [php:error] [pid 609] [client 23.100.90.148:0] script '/domains/conservation1/wp-miiss.php.php' not found or unable to stat
[Mon Feb 23 00:09:49.679289 2026] [php:error] [pid 616] [client 157.15.139.25:0] script '/domains/wsmith.enteract/xmlrpc.php' not found or unable to stat
[Mon Feb 23 00:09:49.812883 2026] [php:error] [pid 609] [client 23.100.90.148:0] script '/domains/conservation1/moon.php' not found or unable to stat
[Mon Feb 23 00:09:49.929609 2026] [php:error] [pid 612] [client 31.32.164.116:0] script '/domains/wsmith.enteract/wp-login.php' not found or unable to stat
[Mon Feb 23 00:09:50.025008 2026] [php:error] [pid 609] [client 23.100.90.148:0] script '/domains/conservation1/filesss.php' not found or unable to stat
[Mon Feb 23 00:09:50.244996 2026] [php:error] [pid 609] [client 23.100.90.148:0] script '/domains/conservation1/hey.php' not found or unable to stat
[Mon Feb 23 00:09:50.694557 2026] [php:error] [pid 609] [client 23.100.90.148:0] script '/domains/conservation1/1337.php' not found or unable to stat
[Mon Feb 23 00:09:50.910778 2026] [php:error] [pid 609] [client 23.100.90.148:0] script '/domains/conservation1/buy.php' not found or unable to stat
[Mon Feb 23 00:09:51.349192 2026] [php:error] [pid 609] [client 23.100.90.148:0] script '/domains/conservation1/m.php' not found or unable to stat
[Mon Feb 23 00:09:51.788015 2026] [php:error] [pid 578] [client 23.100.90.148:0] script '/domains/conservation1/wp-is.php' not found or unable to stat
[Mon Feb 23 00:09:52.001985 2026] [php:error] [pid 578] [client 23.100.90.148:0] script '/domains/conservation1/jmfi2.php' not found or unable to stat
[Mon Feb 23 00:09:52.432826 2026] [php:error] [pid 593] [client 157.15.139.25:0] script '/domains/wsmith.enteract/xmlrpc.php' not found or unable to stat
[Mon Feb 23 00:09:52.460405 2026] [php:error] [pid 578] [client 23.100.90.148:0] script '/domains/conservation1/bnn_.php' not found or unable to stat
[Mon Feb 23 00:09:52.888921 2026] [php:error] [pid 578] [client 23.100.90.148:0] script '/domains/conservation1/hzz.php' not found or unable to stat
[Mon Feb 23 00:09:53.102880 2026] [php:error] [pid 578] [client 23.100.90.148:0] script '/domains/conservation1/shell20211028.php' not found or unable to stat
[Mon Feb 23 00:09:53.263801 2026] [php:error] [pid 612] [client 4.196.161.14:0] script '/domains/brigadeweb/wp-trackback.php' not found or unable to stat
[Mon Feb 23 00:09:53.322493 2026] [php:error] [pid 578] [client 23.100.90.148:0] script '/domains/conservation1/content.php' not found or unable to stat
[Mon Feb 23 00:09:53.468805 2026] [php:error] [pid 612] [client 4.196.161.14:0] script '/domains/brigadeweb/about.php' not found or unable to stat
[Mon Feb 23 00:09:53.671775 2026] [php:error] [pid 612] [client 4.196.161.14:0] script '/domains/brigadeweb/file.php' not found or unable to stat
[Mon Feb 23 00:09:53.749890 2026] [php:error] [pid 578] [client 23.100.90.148:0] script '/domains/conservation1/ps.php' not found or unable to stat
[Mon Feb 23 00:09:53.875784 2026] [php:error] [pid 612] [client 4.196.161.14:0] script '/domains/brigadeweb/wp-good.php' not found or unable to stat
[Mon Feb 23 00:09:54.106029 2026] [php:error] [pid 612] [client 4.196.161.14:0] script '/domains/brigadeweb/xmlrpc.php' not found or unable to stat
[Mon Feb 23 00:09:54.309592 2026] [php:error] [pid 612] [client 4.196.161.14:0] script '/domains/brigadeweb/goods.php' not found or unable to stat
[Mon Feb 23 00:09:54.418130 2026] [php:error] [pid 578] [client 23.100.90.148:0] script '/domains/conservation1/cache.php' not found or unable to stat
[Mon Feb 23 00:09:54.513567 2026] [php:error] [pid 612] [client 4.196.161.14:0] script '/domains/brigadeweb/ioxi-o.php' not found or unable to stat
[Mon Feb 23 00:09:54.632065 2026] [php:error] [pid 578] [client 23.100.90.148:0] script '/domains/conservation1/ss.php' not found or unable to stat
[Mon Feb 23 00:09:54.717446 2026] [php:error] [pid 612] [client 4.196.161.14:0] script '/domains/brigadeweb/class-t.api.php' not found or unable to stat
[Mon Feb 23 00:09:54.845766 2026] [php:error] [pid 578] [client 23.100.90.148:0] script '/domains/conservation1/p.php' not found or unable to stat
[Mon Feb 23 00:09:54.921675 2026] [php:error] [pid 612] [client 4.196.161.14:0] script '/domains/brigadeweb/admin.php' not found or unable to stat
[Mon Feb 23 00:09:55.125099 2026] [php:error] [pid 612] [client 4.196.161.14:0] script '/domains/brigadeweb/sf.php' not found or unable to stat
[Mon Feb 23 00:09:55.289007 2026] [php:error] [pid 578] [client 23.100.90.148:0] script '/domains/conservation1/user.php' not found or unable to stat
[Mon Feb 23 00:09:55.327862 2026] [php:error] [pid 612] [client 4.196.161.14:0] script '/domains/brigadeweb/rip.php' not found or unable to stat
[Mon Feb 23 00:09:55.530227 2026] [php:error] [pid 612] [client 4.196.161.14:0] script '/domains/brigadeweb/autoload_classmap.php' not found or unable to stat
[Mon Feb 23 00:09:55.732311 2026] [php:error] [pid 612] [client 4.196.161.14:0] script '/domains/brigadeweb/chosen.php' not found or unable to stat
[Mon Feb 23 00:09:55.933783 2026] [php:error] [pid 578] [client 23.100.90.148:0] script '/domains/conservation1/wp.php' not found or unable to stat
[Mon Feb 23 00:09:55.934883 2026] [php:error] [pid 612] [client 4.196.161.14:0] script '/domains/brigadeweb/classwithtostring.php' not found or unable to stat
[Mon Feb 23 00:09:56.137129 2026] [php:error] [pid 612] [client 4.196.161.14:0] script '/domains/brigadeweb/defaults.php' not found or unable to stat
[Mon Feb 23 00:09:56.147406 2026] [php:error] [pid 578] [client 23.100.90.148:0] script '/domains/conservation1/rip.php' not found or unable to stat
[Mon Feb 23 00:09:56.366522 2026] [php:error] [pid 578] [client 23.100.90.148:0] script '/domains/conservation1/wp4.php' not found or unable to stat
[Mon Feb 23 00:09:56.580698 2026] [php:error] [pid 578] [client 23.100.90.148:0] script '/domains/conservation1/403.php' not found or unable to stat
[Mon Feb 23 00:09:57.023493 2026] [php:error] [pid 578] [client 23.100.90.148:0] script '/domains/conservation1/asd67.php' not found or unable to stat
[Mon Feb 23 00:09:57.149819 2026] [php:error] [pid 612] [client 4.196.161.14:0] script '/domains/brigadeweb/info.php' not found or unable to stat
[Mon Feb 23 00:09:57.453577 2026] [php:error] [pid 578] [client 23.100.90.148:0] script '/domains/conservation1/oivcl.php' not found or unable to stat
[Mon Feb 23 00:09:57.667135 2026] [php:error] [pid 578] [client 23.100.90.148:0] script '/domains/conservation1/about.php' not found or unable to stat
[Mon Feb 23 00:09:58.093635 2026] [php:error] [pid 578] [client 23.100.90.148:0] script '/domains/conservation1/v2.php' not found or unable to stat
[Mon Feb 23 00:09:58.594708 2026] [php:error] [pid 612] [client 4.196.161.14:0] script '/domains/brigadeweb/adminfuns.php' not found or unable to stat
[Mon Feb 23 00:09:58.948281 2026] [php:error] [pid 578] [client 23.100.90.148:0] script '/domains/conservation1/dr.php' not found or unable to stat
[Mon Feb 23 00:09:59.188657 2026] [php:error] [pid 578] [client 23.100.90.148:0] script '/domains/conservation1/raw.php' not found or unable to stat
[Mon Feb 23 00:09:59.829066 2026] [php:error] [pid 578] [client 23.100.90.148:0] script '/domains/conservation1/ioxi-o2.php' not found or unable to stat
[Mon Feb 23 00:10:00.042716 2026] [php:error] [pid 578] [client 23.100.90.148:0] script '/domains/conservation1/dropdown.php' not found or unable to stat
[Mon Feb 23 00:10:00.257705 2026] [php:error] [pid 578] [client 23.100.90.148:0] script '/domains/conservation1/dlu.php' not found or unable to stat
[Mon Feb 23 00:10:00.693864 2026] [php:error] [pid 578] [client 23.100.90.148:0] script '/domains/conservation1/db.php' not found or unable to stat
[Mon Feb 23 00:10:00.909318 2026] [php:error] [pid 578] [client 23.100.90.148:0] script '/domains/conservation1/packed.php' not found or unable to stat
[Mon Feb 23 00:10:01.131210 2026] [php:error] [pid 578] [client 23.100.90.148:0] script '/domains/conservation1/wp-configs.php' not found or unable to stat
[Mon Feb 23 00:10:01.345325 2026] [php:error] [pid 578] [client 23.100.90.148:0] script '/domains/conservation1/404.php' not found or unable to stat
[Mon Feb 23 00:10:01.563944 2026] [php:error] [pid 578] [client 23.100.90.148:0] script '/domains/conservation1/des.php' not found or unable to stat
[Mon Feb 23 00:10:02.008887 2026] [php:error] [pid 578] [client 23.100.90.148:0] script '/domains/conservation1/lufix.php' not found or unable to stat
[Mon Feb 23 00:10:06.907462 2026] [php:error] [pid 620] [client 20.78.169.245:0] script '/domains/memanuel/wp-trackback.php' not found or unable to stat
[Mon Feb 23 00:10:07.073208 2026] [php:error] [pid 620] [client 20.78.169.245:0] script '/domains/memanuel/about.php' not found or unable to stat
[Mon Feb 23 00:10:07.239025 2026] [php:error] [pid 620] [client 20.78.169.245:0] script '/domains/memanuel/file.php' not found or unable to stat
[Mon Feb 23 00:10:07.404946 2026] [php:error] [pid 620] [client 20.78.169.245:0] script '/domains/memanuel/wp-good.php' not found or unable to stat
[Mon Feb 23 00:10:07.571092 2026] [php:error] [pid 620] [client 20.78.169.245:0] script '/domains/memanuel/xmlrpc.php' not found or unable to stat
[Mon Feb 23 00:10:07.736683 2026] [php:error] [pid 620] [client 20.78.169.245:0] script '/domains/memanuel/goods.php' not found or unable to stat
[Mon Feb 23 00:10:07.902728 2026] [php:error] [pid 620] [client 20.78.169.245:0] script '/domains/memanuel/ioxi-o.php' not found or unable to stat
[Mon Feb 23 00:10:08.069778 2026] [php:error] [pid 620] [client 20.78.169.245:0] script '/domains/memanuel/class-t.api.php' not found or unable to stat
[Mon Feb 23 00:10:08.235563 2026] [php:error] [pid 620] [client 20.78.169.245:0] script '/domains/memanuel/admin.php' not found or unable to stat
[Mon Feb 23 00:10:08.401312 2026] [php:error] [pid 620] [client 20.78.169.245:0] script '/domains/memanuel/sf.php' not found or unable to stat
[Mon Feb 23 00:10:08.574083 2026] [php:error] [pid 620] [client 20.78.169.245:0] script '/domains/memanuel/rip.php' not found or unable to stat
[Mon Feb 23 00:10:08.762136 2026] [php:error] [pid 620] [client 20.78.169.245:0] script '/domains/memanuel/autoload_classmap.php' not found or unable to stat
[Mon Feb 23 00:10:08.928154 2026] [php:error] [pid 620] [client 20.78.169.245:0] script '/domains/memanuel/chosen.php' not found or unable to stat
[Mon Feb 23 00:10:09.094441 2026] [php:error] [pid 620] [client 20.78.169.245:0] script '/domains/memanuel/classwithtostring.php' not found or unable to stat
[Mon Feb 23 00:10:09.263813 2026] [php:error] [pid 620] [client 20.78.169.245:0] script '/domains/memanuel/defaults.php' not found or unable to stat
[Mon Feb 23 00:10:10.119791 2026] [php:error] [pid 620] [client 20.78.169.245:0] script '/domains/memanuel/info.php' not found or unable to stat
[Mon Feb 23 00:10:11.289622 2026] [php:error] [pid 620] [client 20.78.169.245:0] script '/domains/memanuel/adminfuns.php' not found or unable to stat
[Mon Feb 23 00:10:42.119711 2026] [php:error] [pid 612] [client 20.89.40.149:0] script '/domains/system_cancel/about.php' not found or unable to stat
[Mon Feb 23 00:10:42.728109 2026] [php:error] [pid 612] [client 20.89.40.149:0] script '/domains/system_cancel/xmlrpc.php' not found or unable to stat
[Mon Feb 23 00:10:43.144539 2026] [php:error] [pid 612] [client 20.89.40.149:0] script '/domains/system_cancel/ioxi-o.php' not found or unable to stat
[Mon Feb 23 00:10:43.314066 2026] [php:error] [pid 612] [client 20.89.40.149:0] script '/domains/system_cancel/class-t.api.php' not found or unable to stat
[Mon Feb 23 00:10:43.494955 2026] [php:error] [pid 612] [client 20.89.40.149:0] script '/domains/system_cancel/admin.php' not found or unable to stat
[Mon Feb 23 00:10:43.860050 2026] [php:error] [pid 612] [client 20.89.40.149:0] script '/domains/system_cancel/rip.php' not found or unable to stat
[Mon Feb 23 00:10:44.029753 2026] [php:error] [pid 612] [client 20.89.40.149:0] script '/domains/system_cancel/autoload_classmap.php' not found or unable to stat
[Mon Feb 23 00:10:44.199473 2026] [php:error] [pid 612] [client 20.89.40.149:0] script '/domains/system_cancel/chosen.php' not found or unable to stat
[Mon Feb 23 00:10:44.369398 2026] [php:error] [pid 612] [client 20.89.40.149:0] script '/domains/system_cancel/classwithtostring.php' not found or unable to stat
[Mon Feb 23 00:10:44.539041 2026] [php:error] [pid 612] [client 20.89.40.149:0] script '/domains/system_cancel/defaults.php' not found or unable to stat
[Mon Feb 23 00:10:45.517633 2026] [php:error] [pid 612] [client 20.89.40.149:0] script '/domains/system_cancel/info.php' not found or unable to stat
[Mon Feb 23 00:10:46.878611 2026] [php:error] [pid 612] [client 20.89.40.149:0] script '/domains/system_cancel/adminfuns.php' not found or unable to stat
[Mon Feb 23 00:11:09.471885 2026] [php:error] [pid 620] [client 52.141.18.191:0] script '/domains/hdickens.enteract/wp-trackback.php' not found or unable to stat
[Mon Feb 23 00:11:09.659673 2026] [php:error] [pid 620] [client 52.141.18.191:0] script '/domains/hdickens.enteract/about.php' not found or unable to stat
[Mon Feb 23 00:11:09.846029 2026] [php:error] [pid 620] [client 52.141.18.191:0] script '/domains/hdickens.enteract/file.php' not found or unable to stat
[Mon Feb 23 00:11:10.031916 2026] [php:error] [pid 620] [client 52.141.18.191:0] script '/domains/hdickens.enteract/wp-good.php' not found or unable to stat
[Mon Feb 23 00:11:10.218158 2026] [php:error] [pid 620] [client 52.141.18.191:0] script '/domains/hdickens.enteract/xmlrpc.php' not found or unable to stat
[Mon Feb 23 00:11:10.405574 2026] [php:error] [pid 620] [client 52.141.18.191:0] script '/domains/hdickens.enteract/goods.php' not found or unable to stat
[Mon Feb 23 00:11:10.592331 2026] [php:error] [pid 620] [client 52.141.18.191:0] script '/domains/hdickens.enteract/ioxi-o.php' not found or unable to stat
[Mon Feb 23 00:11:10.778554 2026] [php:error] [pid 620] [client 52.141.18.191:0] script '/domains/hdickens.enteract/class-t.api.php' not found or unable to stat
[Mon Feb 23 00:11:10.965627 2026] [php:error] [pid 620] [client 52.141.18.191:0] script '/domains/hdickens.enteract/admin.php' not found or unable to stat
[Mon Feb 23 00:11:11.151793 2026] [php:error] [pid 620] [client 52.141.18.191:0] script '/domains/hdickens.enteract/sf.php' not found or unable to stat
[Mon Feb 23 00:11:11.337746 2026] [php:error] [pid 620] [client 52.141.18.191:0] script '/domains/hdickens.enteract/rip.php' not found or unable to stat
[Mon Feb 23 00:11:11.523934 2026] [php:error] [pid 620] [client 52.141.18.191:0] script '/domains/hdickens.enteract/autoload_classmap.php' not found or unable to stat
[Mon Feb 23 00:11:11.711206 2026] [php:error] [pid 620] [client 52.141.18.191:0] script '/domains/hdickens.enteract/chosen.php' not found or unable to stat
[Mon Feb 23 00:11:11.897518 2026] [php:error] [pid 620] [client 52.141.18.191:0] script '/domains/hdickens.enteract/classwithtostring.php' not found or unable to stat
[Mon Feb 23 00:11:12.083817 2026] [php:error] [pid 620] [client 52.141.18.191:0] script '/domains/hdickens.enteract/defaults.php' not found or unable to stat
[Mon Feb 23 00:11:13.032912 2026] [php:error] [pid 620] [client 52.141.18.191:0] script '/domains/hdickens.enteract/info.php' not found or unable to stat
[Mon Feb 23 00:11:14.351026 2026] [php:error] [pid 620] [client 52.141.18.191:0] script '/domains/hdickens.enteract/adminfuns.php' not found or unable to stat
[Mon Feb 23 00:11:22.757326 2026] [php:error] [pid 617] [client 13.70.40.215:0] script '/domains/king1969/wp-trackback.php' not found or unable to stat
[Mon Feb 23 00:11:22.966203 2026] [php:error] [pid 597] [client 20.214.159.60:0] script '/domains/biehlweb/wp-trackback.php' not found or unable to stat
[Mon Feb 23 00:11:22.979356 2026] [php:error] [pid 617] [client 13.70.40.215:0] script '/domains/king1969/about.php' not found or unable to stat
[Mon Feb 23 00:11:23.145721 2026] [php:error] [pid 597] [client 20.214.159.60:0] script '/domains/biehlweb/about.php' not found or unable to stat
[Mon Feb 23 00:11:23.191711 2026] [php:error] [pid 617] [client 13.70.40.215:0] script '/domains/king1969/file.php' not found or unable to stat
[Mon Feb 23 00:11:23.325101 2026] [php:error] [pid 597] [client 20.214.159.60:0] script '/domains/biehlweb/file.php' not found or unable to stat
[Mon Feb 23 00:11:23.404314 2026] [php:error] [pid 617] [client 13.70.40.215:0] script '/domains/king1969/adminfuns.php' not found or unable to stat
[Mon Feb 23 00:11:23.504747 2026] [php:error] [pid 597] [client 20.214.159.60:0] script '/domains/biehlweb/wp-good.php' not found or unable to stat
[Mon Feb 23 00:11:23.617600 2026] [php:error] [pid 617] [client 13.70.40.215:0] script '/domains/king1969/wp-good.php' not found or unable to stat
[Mon Feb 23 00:11:23.684562 2026] [php:error] [pid 597] [client 20.214.159.60:0] script '/domains/biehlweb/xmlrpc.php' not found or unable to stat
[Mon Feb 23 00:11:23.837007 2026] [php:error] [pid 617] [client 13.70.40.215:0] script '/domains/king1969/xmlrpc.php' not found or unable to stat
[Mon Feb 23 00:11:23.863943 2026] [php:error] [pid 597] [client 20.214.159.60:0] script '/domains/biehlweb/goods.php' not found or unable to stat
[Mon Feb 23 00:11:24.043959 2026] [php:error] [pid 597] [client 20.214.159.60:0] script '/domains/biehlweb/ioxi-o.php' not found or unable to stat
[Mon Feb 23 00:11:24.050595 2026] [php:error] [pid 617] [client 13.70.40.215:0] script '/domains/king1969/goods.php' not found or unable to stat
[Mon Feb 23 00:11:24.223596 2026] [php:error] [pid 597] [client 20.214.159.60:0] script '/domains/biehlweb/class-t.api.php' not found or unable to stat
[Mon Feb 23 00:11:24.263716 2026] [php:error] [pid 617] [client 13.70.40.215:0] script '/domains/king1969/ioxi-o.php' not found or unable to stat
[Mon Feb 23 00:11:24.403947 2026] [php:error] [pid 597] [client 20.214.159.60:0] script '/domains/biehlweb/admin.php' not found or unable to stat
[Mon Feb 23 00:11:24.476064 2026] [php:error] [pid 617] [client 13.70.40.215:0] script '/domains/king1969/class-t.api.php' not found or unable to stat
[Mon Feb 23 00:11:24.584334 2026] [php:error] [pid 597] [client 20.214.159.60:0] script '/domains/biehlweb/sf.php' not found or unable to stat
[Mon Feb 23 00:11:24.689818 2026] [php:error] [pid 617] [client 13.70.40.215:0] script '/domains/king1969/admin.php' not found or unable to stat
[Mon Feb 23 00:11:24.765030 2026] [php:error] [pid 597] [client 20.214.159.60:0] script '/domains/biehlweb/rip.php' not found or unable to stat
[Mon Feb 23 00:11:24.902707 2026] [php:error] [pid 617] [client 13.70.40.215:0] script '/domains/king1969/sf.php' not found or unable to stat
[Mon Feb 23 00:11:24.944313 2026] [php:error] [pid 597] [client 20.214.159.60:0] script '/domains/biehlweb/autoload_classmap.php' not found or unable to stat
[Mon Feb 23 00:11:25.115187 2026] [php:error] [pid 617] [client 13.70.40.215:0] script '/domains/king1969/rip.php' not found or unable to stat
[Mon Feb 23 00:11:25.123511 2026] [php:error] [pid 597] [client 20.214.159.60:0] script '/domains/biehlweb/chosen.php' not found or unable to stat
[Mon Feb 23 00:11:25.304199 2026] [php:error] [pid 597] [client 20.214.159.60:0] script '/domains/biehlweb/classwithtostring.php' not found or unable to stat
[Mon Feb 23 00:11:25.327678 2026] [php:error] [pid 617] [client 13.70.40.215:0] script '/domains/king1969/kbfr.php' not found or unable to stat
[Mon Feb 23 00:11:25.488297 2026] [php:error] [pid 597] [client 20.214.159.60:0] script '/domains/biehlweb/defaults.php' not found or unable to stat
[Mon Feb 23 00:11:25.540134 2026] [php:error] [pid 617] [client 13.70.40.215:0] script '/domains/king1969/autoload_classmap.php' not found or unable to stat
[Mon Feb 23 00:11:25.752775 2026] [php:error] [pid 617] [client 13.70.40.215:0] script '/domains/king1969/chosen.php' not found or unable to stat
[Mon Feb 23 00:11:25.965184 2026] [php:error] [pid 617] [client 13.70.40.215:0] script '/domains/king1969/classwithtostring.php' not found or unable to stat
[Mon Feb 23 00:11:26.177922 2026] [php:error] [pid 617] [client 13.70.40.215:0] script '/domains/king1969/defaults.php' not found or unable to stat
[Mon Feb 23 00:11:26.405459 2026] [php:error] [pid 597] [client 20.214.159.60:0] script '/domains/biehlweb/info.php' not found or unable to stat
[Mon Feb 23 00:11:27.245685 2026] [php:error] [pid 617] [client 13.70.40.215:0] script '/domains/king1969/info.php' not found or unable to stat
[Mon Feb 23 00:11:27.690524 2026] [php:error] [pid 597] [client 20.214.159.60:0] script '/domains/biehlweb/adminfuns.php' not found or unable to stat
[Mon Feb 23 00:13:12.004818 2026] [php:error] [pid 652] [client 20.89.40.149:0] script '/domains/tinatina/wp-trackback.php' not found or unable to stat
[Mon Feb 23 00:13:12.174681 2026] [php:error] [pid 652] [client 20.89.40.149:0] script '/domains/tinatina/about.php' not found or unable to stat
[Mon Feb 23 00:13:12.341028 2026] [php:error] [pid 652] [client 20.89.40.149:0] script '/domains/tinatina/file.php' not found or unable to stat
[Mon Feb 23 00:13:12.519524 2026] [php:error] [pid 652] [client 20.89.40.149:0] script '/domains/tinatina/wp-good.php' not found or unable to stat
[Mon Feb 23 00:13:12.687437 2026] [php:error] [pid 652] [client 20.89.40.149:0] script '/domains/tinatina/xmlrpc.php' not found or unable to stat
[Mon Feb 23 00:13:12.854065 2026] [php:error] [pid 652] [client 20.89.40.149:0] script '/domains/tinatina/goods.php' not found or unable to stat
[Mon Feb 23 00:13:13.029677 2026] [php:error] [pid 652] [client 20.89.40.149:0] script '/domains/tinatina/ioxi-o.php' not found or unable to stat
[Mon Feb 23 00:13:13.195786 2026] [php:error] [pid 652] [client 20.89.40.149:0] script '/domains/tinatina/class-t.api.php' not found or unable to stat
[Mon Feb 23 00:13:13.362311 2026] [php:error] [pid 652] [client 20.89.40.149:0] script '/domains/tinatina/admin.php' not found or unable to stat
[Mon Feb 23 00:13:13.529329 2026] [php:error] [pid 652] [client 20.89.40.149:0] script '/domains/tinatina/sf.php' not found or unable to stat
[Mon Feb 23 00:13:13.696137 2026] [php:error] [pid 652] [client 20.89.40.149:0] script '/domains/tinatina/rip.php' not found or unable to stat
[Mon Feb 23 00:13:13.862470 2026] [php:error] [pid 652] [client 20.89.40.149:0] script '/domains/tinatina/autoload_classmap.php' not found or unable to stat
[Mon Feb 23 00:13:14.028739 2026] [php:error] [pid 652] [client 20.89.40.149:0] script '/domains/tinatina/chosen.php' not found or unable to stat
[Mon Feb 23 00:13:14.195112 2026] [php:error] [pid 652] [client 20.89.40.149:0] script '/domains/tinatina/classwithtostring.php' not found or unable to stat
[Mon Feb 23 00:13:14.361482 2026] [php:error] [pid 652] [client 20.89.40.149:0] script '/domains/tinatina/defaults.php' not found or unable to stat
[Mon Feb 23 00:13:15.234476 2026] [php:error] [pid 652] [client 20.89.40.149:0] script '/domains/tinatina/info.php' not found or unable to stat
[Mon Feb 23 00:13:16.424907 2026] [php:error] [pid 652] [client 20.89.40.149:0] script '/domains/tinatina/adminfuns.php' not found or unable to stat
[Mon Feb 23 00:13:17.249923 2026] [php:error] [pid 626] [client 194.26.192.238:0] script '/domains/rainho/txets.php' not found or unable to stat
[Mon Feb 23 00:13:19.977007 2026] [php:error] [pid 681] [client 194.26.192.238:0] script '/domains/rainho/schallfuns.php' not found or unable to stat
[Mon Feb 23 00:13:20.398759 2026] [php:error] [pid 682] [client 194.26.192.238:0] script '/domains/rainho/postnews.php' not found or unable to stat
[Mon Feb 23 00:13:25.552527 2026] [php:error] [pid 671] [client 194.26.192.238:0] script '/domains/nlyfoods/txets.php' not found or unable to stat
[Mon Feb 23 00:13:27.250853 2026] [php:error] [pid 652] [client 194.26.192.238:0] script '/domains/nlyfoods/schallfuns.php' not found or unable to stat
[Mon Feb 23 00:13:27.496585 2026] [php:error] [pid 682] [client 194.26.192.238:0] script '/domains/nlyfoods/postnews.php' not found or unable to stat
[Mon Feb 23 00:13:48.924678 2026] [php:error] [pid 671] [client 194.26.192.238:0] script '/domains/icrse/txets.php' not found or unable to stat
[Mon Feb 23 00:13:51.062580 2026] [php:error] [pid 656] [client 194.26.192.238:0] script '/domains/icrse/schallfuns.php' not found or unable to stat
[Mon Feb 23 00:13:51.270775 2026] [php:error] [pid 677] [client 194.26.192.238:0] script '/domains/icrse/postnews.php' not found or unable to stat
[Mon Feb 23 00:13:53.594657 2026] [php:error] [pid 681] [client 52.178.176.146:0] script '/domains/biehlweb/meew.php' not found or unable to stat
[Mon Feb 23 00:13:53.685247 2026] [php:error] [pid 681] [client 52.178.176.146:0] script '/domains/biehlweb/add.php' not found or unable to stat
[Mon Feb 23 00:13:53.757055 2026] [php:error] [pid 681] [client 52.178.176.146:0] script '/domains/biehlweb/8.php' not found or unable to stat
[Mon Feb 23 00:13:53.905076 2026] [php:error] [pid 681] [client 52.178.176.146:0] script '/domains/biehlweb/ty.php' not found or unable to stat
[Mon Feb 23 00:13:53.976138 2026] [php:error] [pid 681] [client 52.178.176.146:0] script '/domains/biehlweb/sys.php' not found or unable to stat
[Mon Feb 23 00:13:54.076164 2026] [php:error] [pid 681] [client 52.178.176.146:0] script '/domains/biehlweb/mass.php' not found or unable to stat
[Mon Feb 23 00:13:54.147765 2026] [php:error] [pid 681] [client 52.178.176.146:0] script '/domains/biehlweb/alfa.php' not found or unable to stat
[Mon Feb 23 00:13:54.226929 2026] [php:error] [pid 681] [client 52.178.176.146:0] script '/domains/biehlweb/71.php' not found or unable to stat
[Mon Feb 23 00:13:54.336012 2026] [php:error] [pid 681] [client 52.178.176.146:0] script '/domains/biehlweb/admin-footer.php' not found or unable to stat
[Mon Feb 23 00:13:54.418864 2026] [php:error] [pid 681] [client 52.178.176.146:0] script '/domains/biehlweb/webdb.php' not found or unable to stat
[Mon Feb 23 00:13:54.489361 2026] [php:error] [pid 681] [client 52.178.176.146:0] script '/domains/biehlweb/plugin.php' not found or unable to stat
[Mon Feb 23 00:13:54.561362 2026] [php:error] [pid 681] [client 52.178.176.146:0] script '/domains/biehlweb/lib.php' not found or unable to stat
[Mon Feb 23 00:13:54.631880 2026] [php:error] [pid 681] [client 52.178.176.146:0] script '/domains/biehlweb/makeasmtp.php' not found or unable to stat
[Mon Feb 23 00:13:54.762929 2026] [php:error] [pid 681] [client 52.178.176.146:0] script '/domains/biehlweb/zeal.php' not found or unable to stat
[Mon Feb 23 00:13:54.833784 2026] [php:error] [pid 681] [client 52.178.176.146:0] script '/domains/biehlweb/sc.php' not found or unable to stat
[Mon Feb 23 00:13:54.974984 2026] [php:error] [pid 681] [client 52.178.176.146:0] script '/domains/biehlweb/txets.php' not found or unable to stat
[Mon Feb 23 00:13:55.054557 2026] [php:error] [pid 681] [client 52.178.176.146:0] script '/domains/biehlweb/options-head.php' not found or unable to stat
[Mon Feb 23 00:13:55.221309 2026] [php:error] [pid 681] [client 52.178.176.146:0] script '/domains/biehlweb/cmdo.php' not found or unable to stat
[Mon Feb 23 00:13:55.313640 2026] [php:error] [pid 681] [client 52.178.176.146:0] script '/domains/biehlweb/p.php' not found or unable to stat
[Mon Feb 23 00:13:55.552700 2026] [php:error] [pid 681] [client 52.178.176.146:0] script '/domains/biehlweb/Capte.php' not found or unable to stat
