[Mon Feb 23 01:37:47.147652 2026] [php:error] [pid 1662] [client 104.46.239.31:0] script '/domains/fryer/muzu.php' not found or unable to stat
[Mon Feb 23 01:37:47.397550 2026] [php:error] [pid 1662] [client 104.46.239.31:0] script '/domains/fryer/reze.php' not found or unable to stat
[Mon Feb 23 01:37:47.567914 2026] [php:error] [pid 1662] [client 104.46.239.31:0] script '/domains/fryer/jsond.php' not found or unable to stat
[Mon Feb 23 01:37:47.762846 2026] [php:error] [pid 1662] [client 104.46.239.31:0] script '/domains/fryer/x7.php' not found or unable to stat
[Mon Feb 23 01:37:47.947858 2026] [php:error] [pid 1662] [client 104.46.239.31:0] script '/domains/fryer/bgymj.php' not found or unable to stat
[Mon Feb 23 01:37:48.117842 2026] [php:error] [pid 1662] [client 104.46.239.31:0] script '/domains/fryer/lala.php' not found or unable to stat
[Mon Feb 23 01:37:48.298367 2026] [php:error] [pid 1662] [client 104.46.239.31:0] script '/domains/fryer/8xyz.php' not found or unable to stat
[Mon Feb 23 01:37:48.512253 2026] [php:error] [pid 1662] [client 104.46.239.31:0] script '/domains/fryer/wsd.php' not found or unable to stat
[Mon Feb 23 01:37:48.853913 2026] [php:error] [pid 1662] [client 104.46.239.31:0] script '/domains/fryer/la.php' not found or unable to stat
[Mon Feb 23 01:37:49.026106 2026] [php:error] [pid 1662] [client 104.46.239.31:0] script '/domains/fryer/Wp-good.php' not found or unable to stat
[Mon Feb 23 01:37:49.196242 2026] [php:error] [pid 1662] [client 104.46.239.31:0] script '/domains/fryer/tphp.php' not found or unable to stat
[Mon Feb 23 01:37:49.366507 2026] [php:error] [pid 1662] [client 104.46.239.31:0] script '/domains/fryer/a1.php' not found or unable to stat
[Mon Feb 23 01:37:49.536923 2026] [php:error] [pid 1662] [client 104.46.239.31:0] script '/domains/fryer/nyan.php' not found or unable to stat
[Mon Feb 23 01:37:49.713556 2026] [php:error] [pid 1662] [client 104.46.239.31:0] script '/domains/fryer/autoload_classmap.php' not found or unable to stat
[Mon Feb 23 01:37:49.888957 2026] [php:error] [pid 1662] [client 104.46.239.31:0] script '/domains/fryer/alfa.php' not found or unable to stat
[Mon Feb 23 01:37:50.229967 2026] [php:error] [pid 1662] [client 104.46.239.31:0] script '/domains/fryer/luxe.php' not found or unable to stat
[Mon Feb 23 01:37:50.596185 2026] [php:error] [pid 1662] [client 104.46.239.31:0] script '/domains/fryer/rezor.php' not found or unable to stat
[Mon Feb 23 01:37:50.766751 2026] [php:error] [pid 1662] [client 104.46.239.31:0] script '/domains/fryer/doc.php' not found or unable to stat
[Mon Feb 23 01:37:51.278842 2026] [php:error] [pid 1662] [client 104.46.239.31:0] script '/domains/fryer/install.php' not found or unable to stat
[Mon Feb 23 01:37:51.655925 2026] [php:error] [pid 1662] [client 104.46.239.31:0] script '/domains/fryer/sto.php' not found or unable to stat
[Mon Feb 23 01:37:51.826817 2026] [php:error] [pid 1662] [client 104.46.239.31:0] script '/domains/fryer/x.php' not found or unable to stat
[Mon Feb 23 01:37:52.358997 2026] [php:error] [pid 1662] [client 104.46.239.31:0] script '/domains/fryer/n3.php' not found or unable to stat
[Mon Feb 23 01:37:52.700270 2026] [php:error] [pid 1662] [client 104.46.239.31:0] script '/domains/fryer/o.php' not found or unable to stat
[Mon Feb 23 01:37:53.099087 2026] [php:error] [pid 1662] [client 104.46.239.31:0] script '/domains/fryer/class-t.api.php' not found or unable to stat
[Mon Feb 23 01:37:53.485193 2026] [php:error] [pid 1662] [client 104.46.239.31:0] script '/domains/fryer/wp.php' not found or unable to stat
[Mon Feb 23 01:37:54.043319 2026] [php:error] [pid 1662] [client 104.46.239.31:0] script '/domains/fryer/h.php' not found or unable to stat
[Mon Feb 23 01:37:54.384220 2026] [php:error] [pid 1662] [client 104.46.239.31:0] script '/domains/fryer/wrt.php' not found or unable to stat
[Mon Feb 23 01:37:55.103095 2026] [php:error] [pid 1662] [client 104.46.239.31:0] script '/domains/fryer/png.php' not found or unable to stat
[Mon Feb 23 01:37:55.440425 2026] [php:error] [pid 1665] [client 20.212.6.161:0] script '/domains/piltdweb1/meew.php' not found or unable to stat
[Mon Feb 23 01:37:55.500494 2026] [php:error] [pid 1662] [client 104.46.239.31:0] script '/domains/fryer/zwso.php' not found or unable to stat
[Mon Feb 23 01:37:55.704351 2026] [php:error] [pid 1665] [client 20.212.6.161:0] script '/domains/piltdweb1/add.php' not found or unable to stat
[Mon Feb 23 01:37:56.034044 2026] [php:error] [pid 1665] [client 20.212.6.161:0] script '/domains/piltdweb1/8.php' not found or unable to stat
[Mon Feb 23 01:37:56.183120 2026] [php:error] [pid 1662] [client 104.46.239.31:0] script '/domains/fryer/ton.php' not found or unable to stat
[Mon Feb 23 01:37:56.265639 2026] [php:error] [pid 1665] [client 20.212.6.161:0] script '/domains/piltdweb1/ty.php' not found or unable to stat
[Mon Feb 23 01:37:56.365185 2026] [php:error] [pid 1662] [client 104.46.239.31:0] script '/domains/fryer/wso.php' not found or unable to stat
[Mon Feb 23 01:37:56.706065 2026] [php:error] [pid 1662] [client 104.46.239.31:0] script '/domains/fryer/a2.php' not found or unable to stat
[Mon Feb 23 01:37:56.711690 2026] [php:error] [pid 1665] [client 20.212.6.161:0] script '/domains/piltdweb1/sys.php' not found or unable to stat
[Mon Feb 23 01:37:56.882225 2026] [php:error] [pid 1662] [client 104.46.239.31:0] script '/domains/fryer/shell.php' not found or unable to stat
[Mon Feb 23 01:37:56.943212 2026] [php:error] [pid 1665] [client 20.212.6.161:0] script '/domains/piltdweb1/mass.php' not found or unable to stat
[Mon Feb 23 01:37:57.223433 2026] [php:error] [pid 1662] [client 104.46.239.31:0] script '/domains/fryer/sxo.php' not found or unable to stat
[Mon Feb 23 01:37:57.538470 2026] [php:error] [pid 1665] [client 20.212.6.161:0] script '/domains/piltdweb1/alfa.php' not found or unable to stat
[Mon Feb 23 01:37:57.743824 2026] [php:error] [pid 1662] [client 104.46.239.31:0] script '/domains/fryer/mans.php' not found or unable to stat
[Mon Feb 23 01:37:57.770137 2026] [php:error] [pid 1665] [client 20.212.6.161:0] script '/domains/piltdweb1/71.php' not found or unable to stat
[Mon Feb 23 01:37:57.922213 2026] [php:error] [pid 1662] [client 104.46.239.31:0] script '/domains/fryer/dropdown.php' not found or unable to stat
[Mon Feb 23 01:37:58.002045 2026] [php:error] [pid 1665] [client 20.212.6.161:0] script '/domains/piltdweb1/admin-footer.php' not found or unable to stat
[Mon Feb 23 01:37:58.254394 2026] [php:error] [pid 1665] [client 20.212.6.161:0] script '/domains/piltdweb1/webdb.php' not found or unable to stat
[Mon Feb 23 01:37:58.288451 2026] [php:error] [pid 1662] [client 104.46.239.31:0] script '/domains/fryer/ze.php' not found or unable to stat
[Mon Feb 23 01:37:58.460645 2026] [php:error] [pid 1662] [client 104.46.239.31:0] script '/domains/fryer/geck.php' not found or unable to stat
[Mon Feb 23 01:37:58.486007 2026] [php:error] [pid 1665] [client 20.212.6.161:0] script '/domains/piltdweb1/plugin.php' not found or unable to stat
[Mon Feb 23 01:37:58.652576 2026] [php:error] [pid 1662] [client 104.46.239.31:0] script '/domains/fryer/menu.php' not found or unable to stat
[Mon Feb 23 01:37:58.717570 2026] [php:error] [pid 1665] [client 20.212.6.161:0] script '/domains/piltdweb1/lib.php' not found or unable to stat
[Mon Feb 23 01:37:59.268767 2026] [php:error] [pid 1662] [client 104.46.239.31:0] script '/domains/fryer/flower.php' not found or unable to stat
[Mon Feb 23 01:37:59.427772 2026] [php:error] [pid 1660] [client 4.196.161.14:0] script '/domains/windsorweb/wp-trackback.php' not found or unable to stat
[Mon Feb 23 01:37:59.445229 2026] [php:error] [pid 1662] [client 104.46.239.31:0] script '/domains/fryer/ftp.php' not found or unable to stat
[Mon Feb 23 01:37:59.620910 2026] [php:error] [pid 1662] [client 104.46.239.31:0] script '/domains/fryer/mds.php' not found or unable to stat
[Mon Feb 23 01:37:59.623883 2026] [php:error] [pid 1660] [client 4.196.161.14:0] script '/domains/windsorweb/about.php' not found or unable to stat
[Mon Feb 23 01:37:59.738824 2026] [php:error] [pid 1665] [client 20.212.6.161:0] script '/domains/piltdweb1/makeasmtp.php' not found or unable to stat
[Mon Feb 23 01:37:59.805069 2026] [php:error] [pid 1662] [client 104.46.239.31:0] script '/domains/fryer/ahax.php' not found or unable to stat
[Mon Feb 23 01:37:59.819941 2026] [php:error] [pid 1660] [client 4.196.161.14:0] script '/domains/windsorweb/file.php' not found or unable to stat
[Mon Feb 23 01:38:00.015984 2026] [php:error] [pid 1660] [client 4.196.161.14:0] script '/domains/windsorweb/wp-good.php' not found or unable to stat
[Mon Feb 23 01:38:00.178454 2026] [php:error] [pid 1662] [client 104.46.239.31:0] script '/domains/fryer/cool.php' not found or unable to stat
[Mon Feb 23 01:38:00.212145 2026] [php:error] [pid 1660] [client 4.196.161.14:0] script '/domains/windsorweb/xmlrpc.php' not found or unable to stat
[Mon Feb 23 01:38:00.352044 2026] [php:error] [pid 1662] [client 104.46.239.31:0] script '/domains/fryer/gm.php' not found or unable to stat
[Mon Feb 23 01:38:00.409427 2026] [php:error] [pid 1660] [client 4.196.161.14:0] script '/domains/windsorweb/goods.php' not found or unable to stat
[Mon Feb 23 01:38:00.493030 2026] [php:error] [pid 1665] [client 20.212.6.161:0] script '/domains/piltdweb1/zeal.php' not found or unable to stat
[Mon Feb 23 01:38:00.547676 2026] [php:error] [pid 1662] [client 104.46.239.31:0] script '/domains/fryer/simple.php' not found or unable to stat
[Mon Feb 23 01:38:00.606408 2026] [php:error] [pid 1660] [client 4.196.161.14:0] script '/domains/windsorweb/ioxi-o.php' not found or unable to stat
[Mon Feb 23 01:38:00.718508 2026] [php:error] [pid 1662] [client 104.46.239.31:0] script '/domains/fryer/elp.php' not found or unable to stat
[Mon Feb 23 01:38:00.724632 2026] [php:error] [pid 1665] [client 20.212.6.161:0] script '/domains/piltdweb1/sc.php' not found or unable to stat
[Mon Feb 23 01:38:00.802764 2026] [php:error] [pid 1660] [client 4.196.161.14:0] script '/domains/windsorweb/class-t.api.php' not found or unable to stat
[Mon Feb 23 01:38:00.901247 2026] [php:error] [pid 1662] [client 104.46.239.31:0] script '/domains/fryer/bolt.php' not found or unable to stat
[Mon Feb 23 01:38:00.999341 2026] [php:error] [pid 1660] [client 4.196.161.14:0] script '/domains/windsorweb/admin.php' not found or unable to stat
[Mon Feb 23 01:38:01.195661 2026] [php:error] [pid 1660] [client 4.196.161.14:0] script '/domains/windsorweb/sf.php' not found or unable to stat
[Mon Feb 23 01:38:01.320071 2026] [php:error] [pid 1662] [client 104.46.239.31:0] script '/domains/fryer/inputs.php' not found or unable to stat
[Mon Feb 23 01:38:01.412998 2026] [php:error] [pid 1660] [client 4.196.161.14:0] script '/domains/windsorweb/rip.php' not found or unable to stat
[Mon Feb 23 01:38:01.609225 2026] [php:error] [pid 1660] [client 4.196.161.14:0] script '/domains/windsorweb/autoload_classmap.php' not found or unable to stat
[Mon Feb 23 01:38:01.805760 2026] [php:error] [pid 1660] [client 4.196.161.14:0] script '/domains/windsorweb/chosen.php' not found or unable to stat
[Mon Feb 23 01:38:01.938866 2026] [php:error] [pid 1662] [client 104.46.239.31:0] script '/domains/fryer/system.php' not found or unable to stat
[Mon Feb 23 01:38:02.001831 2026] [php:error] [pid 1660] [client 4.196.161.14:0] script '/domains/windsorweb/classwithtostring.php' not found or unable to stat
[Mon Feb 23 01:38:02.013757 2026] [php:error] [pid 1665] [client 20.212.6.161:0] script '/domains/piltdweb1/txets.php' not found or unable to stat
[Mon Feb 23 01:38:02.198139 2026] [php:error] [pid 1660] [client 4.196.161.14:0] script '/domains/windsorweb/defaults.php' not found or unable to stat
[Mon Feb 23 01:38:02.245510 2026] [php:error] [pid 1665] [client 20.212.6.161:0] script '/domains/piltdweb1/options-head.php' not found or unable to stat
[Mon Feb 23 01:38:02.647967 2026] [php:error] [pid 1662] [client 104.46.239.31:0] script '/domains/fryer/an.php' not found or unable to stat
[Mon Feb 23 01:38:02.708929 2026] [php:error] [pid 1665] [client 20.212.6.161:0] script '/domains/piltdweb1/cmdo.php' not found or unable to stat
[Mon Feb 23 01:38:02.818231 2026] [php:error] [pid 1662] [client 104.46.239.31:0] script '/domains/fryer/w.php' not found or unable to stat
[Mon Feb 23 01:38:02.943955 2026] [php:error] [pid 1665] [client 20.212.6.161:0] script '/domains/piltdweb1/p.php' not found or unable to stat
[Mon Feb 23 01:38:02.988767 2026] [php:error] [pid 1662] [client 104.46.239.31:0] script '/domains/fryer/gmo.php' not found or unable to stat
[Mon Feb 23 01:38:03.158977 2026] [php:error] [pid 1662] [client 104.46.239.31:0] script '/domains/fryer/gib.php' not found or unable to stat
[Mon Feb 23 01:38:03.190196 2026] [php:error] [pid 1660] [client 4.196.161.14:0] script '/domains/windsorweb/info.php' not found or unable to stat
[Mon Feb 23 01:38:03.192142 2026] [php:error] [pid 1665] [client 20.212.6.161:0] script '/domains/piltdweb1/Capte.php' not found or unable to stat
[Mon Feb 23 01:38:03.329430 2026] [php:error] [pid 1662] [client 104.46.239.31:0] script '/domains/fryer/wp-miiss.php.php' not found or unable to stat
[Mon Feb 23 01:38:03.437312 2026] [php:error] [pid 1665] [client 20.212.6.161:0] script '/domains/piltdweb1/ccou.php' not found or unable to stat
[Mon Feb 23 01:38:03.672612 2026] [php:error] [pid 1665] [client 20.212.6.161:0] script '/domains/piltdweb1/503.php' not found or unable to stat
[Mon Feb 23 01:38:03.681634 2026] [php:error] [pid 1662] [client 104.46.239.31:0] script '/domains/fryer/moon.php' not found or unable to stat
[Mon Feb 23 01:38:03.852557 2026] [php:error] [pid 1662] [client 104.46.239.31:0] script '/domains/fryer/filesss.php' not found or unable to stat
[Mon Feb 23 01:38:03.917930 2026] [php:error] [pid 1665] [client 20.212.6.161:0] script '/domains/piltdweb1/ws66.php' not found or unable to stat
[Mon Feb 23 01:38:04.027797 2026] [php:error] [pid 1662] [client 104.46.239.31:0] script '/domains/fryer/hey.php' not found or unable to stat
[Mon Feb 23 01:38:04.325580 2026] [php:error] [pid 1665] [client 20.212.6.161:0] script '/domains/piltdweb1/xa.php' not found or unable to stat
[Mon Feb 23 01:38:04.368113 2026] [php:error] [pid 1662] [client 104.46.239.31:0] script '/domains/fryer/1337.php' not found or unable to stat
[Mon Feb 23 01:38:04.541181 2026] [php:error] [pid 1662] [client 104.46.239.31:0] script '/domains/fryer/buy.php' not found or unable to stat
[Mon Feb 23 01:38:04.562329 2026] [php:error] [pid 1665] [client 20.212.6.161:0] script '/domains/piltdweb1/666.php' not found or unable to stat
[Mon Feb 23 01:38:04.571423 2026] [php:error] [pid 1660] [client 4.196.161.14:0] script '/domains/windsorweb/adminfuns.php' not found or unable to stat
[Mon Feb 23 01:38:04.831022 2026] [php:error] [pid 1665] [client 20.212.6.161:0] script '/domains/piltdweb1/error.php' not found or unable to stat
[Mon Feb 23 01:38:04.894024 2026] [php:error] [pid 1662] [client 104.46.239.31:0] script '/domains/fryer/m.php' not found or unable to stat
[Mon Feb 23 01:38:05.178791 2026] [php:error] [pid 1665] [client 20.212.6.161:0] script '/domains/piltdweb1/222.php' not found or unable to stat
[Mon Feb 23 01:38:05.490921 2026] [php:error] [pid 1665] [client 20.212.6.161:0] script '/domains/piltdweb1/wen.php' not found or unable to stat
[Mon Feb 23 01:38:05.752293 2026] [php:error] [pid 1665] [client 20.212.6.161:0] script '/domains/piltdweb1/environment.php' not found or unable to stat
[Mon Feb 23 01:38:05.985981 2026] [php:error] [pid 1665] [client 20.212.6.161:0] script '/domains/piltdweb1/styles.php' not found or unable to stat
[Mon Feb 23 01:38:06.239567 2026] [php:error] [pid 1665] [client 20.212.6.161:0] script '/domains/piltdweb1/wp-4doption1.php' not found or unable to stat
[Mon Feb 23 01:38:06.729611 2026] [php:error] [pid 1665] [client 20.212.6.161:0] script '/domains/piltdweb1/1.php' not found or unable to stat
[Mon Feb 23 01:38:07.233256 2026] [php:error] [pid 1665] [client 20.212.6.161:0] script '/domains/piltdweb1/atomlib.php' not found or unable to stat
[Mon Feb 23 01:38:07.475131 2026] [php:error] [pid 1665] [client 20.212.6.161:0] script '/domains/piltdweb1/asasx.php' not found or unable to stat
[Mon Feb 23 01:38:07.737604 2026] [php:error] [pid 1665] [client 20.212.6.161:0] script '/domains/piltdweb1/ioxi-o.php' not found or unable to stat
[Mon Feb 23 01:38:07.969943 2026] [php:error] [pid 1665] [client 20.212.6.161:0] script '/domains/piltdweb1/z60.php' not found or unable to stat
[Mon Feb 23 01:38:08.222883 2026] [php:error] [pid 1665] [client 20.212.6.161:0] script '/domains/piltdweb1/dropdown.php' not found or unable to stat
[Mon Feb 23 01:38:08.722208 2026] [php:error] [pid 1665] [client 20.212.6.161:0] script '/domains/piltdweb1/wp-tot.php' not found or unable to stat
[Mon Feb 23 01:38:08.984449 2026] [php:error] [pid 1665] [client 20.212.6.161:0] script '/domains/piltdweb1/css/radio.php' not found or unable to stat
[Mon Feb 23 01:38:09.721632 2026] [php:error] [pid 1665] [client 20.212.6.161:0] script '/domains/piltdweb1/class.php' not found or unable to stat
[Mon Feb 23 01:38:09.997092 2026] [php:error] [pid 1665] [client 20.212.6.161:0] script '/domains/piltdweb1/404.php' not found or unable to stat
[Mon Feb 23 01:38:10.248811 2026] [php:error] [pid 1665] [client 20.212.6.161:0] script '/domains/piltdweb1/mode.php' not found or unable to stat
[Mon Feb 23 01:38:10.509177 2026] [php:error] [pid 1665] [client 20.212.6.161:0] script '/domains/piltdweb1/aboutc.php' not found or unable to stat
[Mon Feb 23 01:38:10.741632 2026] [php:error] [pid 1665] [client 20.212.6.161:0] script '/domains/piltdweb1/sx.php' not found or unable to stat
[Mon Feb 23 01:38:10.980247 2026] [php:error] [pid 1665] [client 20.212.6.161:0] script '/domains/piltdweb1/themes.php' not found or unable to stat
[Mon Feb 23 01:38:11.212250 2026] [php:error] [pid 1665] [client 20.212.6.161:0] script '/domains/piltdweb1/yawa.php' not found or unable to stat
[Mon Feb 23 01:38:11.449754 2026] [php:error] [pid 1665] [client 20.212.6.161:0] script '/domains/piltdweb1/m.php' not found or unable to stat
[Mon Feb 23 01:38:12.197897 2026] [php:error] [pid 1665] [client 20.212.6.161:0] script '/domains/piltdweb1/item.php' not found or unable to stat
[Mon Feb 23 01:38:12.894943 2026] [php:error] [pid 1665] [client 20.212.6.161:0] script '/domains/piltdweb1/403.php' not found or unable to stat
[Mon Feb 23 01:38:13.156366 2026] [php:error] [pid 1665] [client 20.212.6.161:0] script '/domains/piltdweb1/gg.php' not found or unable to stat
[Mon Feb 23 01:38:13.398205 2026] [php:error] [pid 1665] [client 20.212.6.161:0] script '/domains/piltdweb1/akcc.php' not found or unable to stat
[Mon Feb 23 01:38:13.658531 2026] [php:error] [pid 1665] [client 20.212.6.161:0] script '/domains/piltdweb1/radio.php' not found or unable to stat
[Mon Feb 23 01:38:13.891772 2026] [php:error] [pid 1665] [client 20.212.6.161:0] script '/domains/piltdweb1/xa.php' not found or unable to stat
[Mon Feb 23 01:38:14.125748 2026] [php:error] [pid 1665] [client 20.212.6.161:0] script '/domains/piltdweb1/backup.php' not found or unable to stat
[Mon Feb 23 01:38:14.357324 2026] [php:error] [pid 1665] [client 20.212.6.161:0] script '/domains/piltdweb1/galex.php' not found or unable to stat
[Mon Feb 23 01:38:15.638834 2026] [php:error] [pid 1665] [client 20.212.6.161:0] script '/domains/piltdweb1/about.php' not found or unable to stat
[Mon Feb 23 01:38:15.870890 2026] [php:error] [pid 1665] [client 20.212.6.161:0] script '/domains/piltdweb1/vx.php' not found or unable to stat
[Mon Feb 23 01:38:16.103124 2026] [php:error] [pid 1665] [client 20.212.6.161:0] script '/domains/piltdweb1/classwithtostring.php' not found or unable to stat
[Mon Feb 23 01:38:16.567009 2026] [php:error] [pid 1665] [client 20.212.6.161:0] script '/domains/piltdweb1/fff.php' not found or unable to stat
[Mon Feb 23 01:38:16.799384 2026] [php:error] [pid 1665] [client 20.212.6.161:0] script '/domains/piltdweb1/content.php' not found or unable to stat
[Mon Feb 23 01:38:17.031638 2026] [php:error] [pid 1665] [client 20.212.6.161:0] script '/domains/piltdweb1/menu.php' not found or unable to stat
[Mon Feb 23 01:38:17.265073 2026] [php:error] [pid 1665] [client 20.212.6.161:0] script '/domains/piltdweb1/gifclass.php' not found or unable to stat
[Mon Feb 23 01:38:17.289006 2026] [php:error] [pid 1660] [client 104.46.239.31:0] script '/domains/fryer/wp-is.php' not found or unable to stat
[Mon Feb 23 01:38:17.459885 2026] [php:error] [pid 1660] [client 104.46.239.31:0] script '/domains/fryer/jmfi2.php' not found or unable to stat
[Mon Feb 23 01:38:17.758181 2026] [php:error] [pid 1665] [client 20.212.6.161:0] script '/domains/piltdweb1/css.php' not found or unable to stat
[Mon Feb 23 01:38:17.801580 2026] [php:error] [pid 1660] [client 104.46.239.31:0] script '/domains/fryer/bnn_.php' not found or unable to stat
[Mon Feb 23 01:38:18.152771 2026] [php:error] [pid 1660] [client 104.46.239.31:0] script '/domains/fryer/hzz.php' not found or unable to stat
[Mon Feb 23 01:38:18.227652 2026] [php:error] [pid 1665] [client 20.212.6.161:0] script '/domains/piltdweb1/x7.php' not found or unable to stat
[Mon Feb 23 01:38:18.331827 2026] [php:error] [pid 1660] [client 104.46.239.31:0] script '/domains/fryer/shell20211028.php' not found or unable to stat
[Mon Feb 23 01:38:18.496573 2026] [php:error] [pid 1665] [client 20.212.6.161:0] script '/domains/piltdweb1/bugger.php' not found or unable to stat
[Mon Feb 23 01:38:18.783826 2026] [php:error] [pid 1660] [client 104.46.239.31:0] script '/domains/fryer/content.php' not found or unable to stat
[Mon Feb 23 01:38:19.157930 2026] [php:error] [pid 1665] [client 20.212.6.161:0] script '/domains/piltdweb1/simple.php' not found or unable to stat
[Mon Feb 23 01:38:19.173547 2026] [php:error] [pid 1660] [client 104.46.239.31:0] script '/domains/fryer/ps.php' not found or unable to stat
[Mon Feb 23 01:38:19.389648 2026] [php:error] [pid 1665] [client 20.212.6.161:0] script '/domains/piltdweb1/alfa.php' not found or unable to stat
[Mon Feb 23 01:38:19.622679 2026] [php:error] [pid 1665] [client 20.212.6.161:0] script '/domains/piltdweb1/wp-file.php' not found or unable to stat
[Mon Feb 23 01:38:19.889752 2026] [php:error] [pid 1665] [client 20.212.6.161:0] script '/domains/piltdweb1/as.php' not found or unable to stat
[Mon Feb 23 01:38:19.918021 2026] [php:error] [pid 1660] [client 104.46.239.31:0] script '/domains/fryer/cache.php' not found or unable to stat
[Mon Feb 23 01:38:20.089683 2026] [php:error] [pid 1660] [client 104.46.239.31:0] script '/domains/fryer/ss.php' not found or unable to stat
[Mon Feb 23 01:38:20.127906 2026] [php:error] [pid 1665] [client 20.212.6.161:0] script '/domains/piltdweb1/X57.php' not found or unable to stat
[Mon Feb 23 01:38:20.291082 2026] [php:error] [pid 1660] [client 104.46.239.31:0] script '/domains/fryer/p.php' not found or unable to stat
[Mon Feb 23 01:38:20.360452 2026] [php:error] [pid 1665] [client 20.212.6.161:0] script '/domains/piltdweb1/abc.php' not found or unable to stat
[Mon Feb 23 01:38:20.682033 2026] [php:error] [pid 1660] [client 104.46.239.31:0] script '/domains/fryer/user.php' not found or unable to stat
[Mon Feb 23 01:38:20.957479 2026] [php:error] [pid 1665] [client 20.212.6.161:0] script '/domains/piltdweb1/gettest.php' not found or unable to stat
[Mon Feb 23 01:38:21.189406 2026] [php:error] [pid 1665] [client 20.212.6.161:0] script '/domains/piltdweb1/sbhu.php' not found or unable to stat
[Mon Feb 23 01:38:21.229958 2026] [php:error] [pid 1660] [client 104.46.239.31:0] script '/domains/fryer/wp.php' not found or unable to stat
[Mon Feb 23 01:38:21.415144 2026] [php:error] [pid 1660] [client 104.46.239.31:0] script '/domains/fryer/rip.php' not found or unable to stat
[Mon Feb 23 01:38:21.605129 2026] [php:error] [pid 1660] [client 104.46.239.31:0] script '/domains/fryer/wp4.php' not found or unable to stat
[Mon Feb 23 01:38:21.654499 2026] [php:error] [pid 1665] [client 20.212.6.161:0] script '/domains/piltdweb1/wp-trackback.php' not found or unable to stat
[Mon Feb 23 01:38:21.790691 2026] [php:error] [pid 1660] [client 104.46.239.31:0] script '/domains/fryer/403.php' not found or unable to stat
[Mon Feb 23 01:38:21.885951 2026] [php:error] [pid 1665] [client 20.212.6.161:0] script '/domains/piltdweb1/alfashell.php' not found or unable to stat
[Mon Feb 23 01:38:22.132693 2026] [php:error] [pid 1660] [client 104.46.239.31:0] script '/domains/fryer/asd67.php' not found or unable to stat
[Mon Feb 23 01:38:22.354334 2026] [php:error] [pid 1665] [client 20.212.6.161:0] script '/domains/piltdweb1/aaa.php' not found or unable to stat
[Mon Feb 23 01:38:22.500484 2026] [php:error] [pid 1660] [client 104.46.239.31:0] script '/domains/fryer/oivcl.php' not found or unable to stat
[Mon Feb 23 01:38:22.585936 2026] [php:error] [pid 1665] [client 20.212.6.161:0] script '/domains/piltdweb1/chosen.php' not found or unable to stat
[Mon Feb 23 01:38:22.676647 2026] [php:error] [pid 1660] [client 104.46.239.31:0] script '/domains/fryer/about.php' not found or unable to stat
[Mon Feb 23 01:38:22.820609 2026] [php:error] [pid 1665] [client 20.212.6.161:0] script '/domains/piltdweb1/tmpls.php' not found or unable to stat
[Mon Feb 23 01:38:23.018937 2026] [php:error] [pid 1660] [client 104.46.239.31:0] script '/domains/fryer/v2.php' not found or unable to stat
[Mon Feb 23 01:38:23.051877 2026] [php:error] [pid 1665] [client 20.212.6.161:0] script '/domains/piltdweb1/gtc.php' not found or unable to stat
[Mon Feb 23 01:38:23.283302 2026] [php:error] [pid 1665] [client 20.212.6.161:0] script '/domains/piltdweb1/ty.php' not found or unable to stat
[Mon Feb 23 01:38:23.626354 2026] [php:error] [pid 1665] [client 20.212.6.161:0] script '/domains/piltdweb1/0x.php' not found or unable to stat
[Mon Feb 23 01:38:23.713790 2026] [php:error] [pid 1660] [client 104.46.239.31:0] script '/domains/fryer/dr.php' not found or unable to stat
[Mon Feb 23 01:38:23.906531 2026] [php:error] [pid 1660] [client 104.46.239.31:0] script '/domains/fryer/raw.php' not found or unable to stat
[Mon Feb 23 01:38:24.027745 2026] [php:error] [pid 1665] [client 20.212.6.161:0] script '/domains/piltdweb1/inputs.php' not found or unable to stat
[Mon Feb 23 01:38:24.260758 2026] [php:error] [pid 1665] [client 20.212.6.161:0] script '/domains/piltdweb1/test1.php' not found or unable to stat
[Mon Feb 23 01:38:24.420840 2026] [php:error] [pid 1660] [client 104.46.239.31:0] script '/domains/fryer/ioxi-o2.php' not found or unable to stat
[Mon Feb 23 01:38:24.590728 2026] [php:error] [pid 1660] [client 104.46.239.31:0] script '/domains/fryer/dropdown.php' not found or unable to stat
[Mon Feb 23 01:38:24.761283 2026] [php:error] [pid 1660] [client 104.46.239.31:0] script '/domains/fryer/dlu.php' not found or unable to stat
[Mon Feb 23 01:38:25.138628 2026] [php:error] [pid 1660] [client 104.46.239.31:0] script '/domains/fryer/db.php' not found or unable to stat
[Mon Feb 23 01:38:25.152629 2026] [php:error] [pid 1665] [client 20.212.6.161:0] script '/domains/piltdweb1/new4.php' not found or unable to stat
[Mon Feb 23 01:38:25.309150 2026] [php:error] [pid 1660] [client 104.46.239.31:0] script '/domains/fryer/packed.php' not found or unable to stat
[Mon Feb 23 01:38:25.393091 2026] [php:error] [pid 1665] [client 20.212.6.161:0] script '/domains/piltdweb1/img.php' not found or unable to stat
[Mon Feb 23 01:38:25.480964 2026] [php:error] [pid 1660] [client 104.46.239.31:0] script '/domains/fryer/wp-configs.php' not found or unable to stat
[Mon Feb 23 01:38:25.680776 2026] [php:error] [pid 1660] [client 104.46.239.31:0] script '/domains/fryer/404.php' not found or unable to stat
[Mon Feb 23 01:38:25.851024 2026] [php:error] [pid 1660] [client 104.46.239.31:0] script '/domains/fryer/des.php' not found or unable to stat
[Mon Feb 23 01:38:25.946467 2026] [php:error] [pid 1665] [client 20.212.6.161:0] script '/domains/piltdweb1/w.php' not found or unable to stat
[Mon Feb 23 01:38:26.178686 2026] [php:error] [pid 1665] [client 20.212.6.161:0] script '/domains/piltdweb1/f35.php' not found or unable to stat
[Mon Feb 23 01:38:26.229092 2026] [php:error] [pid 1660] [client 104.46.239.31:0] script '/domains/fryer/lufix.php' not found or unable to stat
[Mon Feb 23 01:38:27.866472 2026] [php:error] [pid 1653] [client 20.212.6.161:0] script '/domains/piltdweb1/siteheads.php' not found or unable to stat
[Mon Feb 23 01:38:28.620539 2026] [php:error] [pid 1653] [client 20.212.6.161:0] script '/domains/piltdweb1/cwclass.php' not found or unable to stat
[Mon Feb 23 01:38:29.733185 2026] [php:error] [pid 1653] [client 20.212.6.161:0] script '/domains/piltdweb1/g.php' not found or unable to stat
[Mon Feb 23 01:38:30.950699 2026] [php:error] [pid 1653] [client 20.212.6.161:0] script '/domains/piltdweb1/install.php' not found or unable to stat
[Mon Feb 23 01:38:36.565222 2026] [php:error] [pid 1666] [client 20.212.6.161:0] script '/domains/piltdweb1/autoload_classmap.php' not found or unable to stat
[Mon Feb 23 01:38:36.802948 2026] [php:error] [pid 1666] [client 20.212.6.161:0] script '/domains/piltdweb1/bgymj.php' not found or unable to stat
[Mon Feb 23 01:39:31.414277 2026] [php:error] [pid 1678] [client 20.219.8.79:0] script '/domains/system_suspended/wp-trackback.php' not found or unable to stat
[Mon Feb 23 01:39:31.627232 2026] [php:error] [pid 1678] [client 20.219.8.79:0] script '/domains/system_suspended/about.php' not found or unable to stat
[Mon Feb 23 01:39:31.839403 2026] [php:error] [pid 1678] [client 20.219.8.79:0] script '/domains/system_suspended/file.php' not found or unable to stat
[Mon Feb 23 01:39:32.054040 2026] [php:error] [pid 1678] [client 20.219.8.79:0] script '/domains/system_suspended/wp-good.php' not found or unable to stat
[Mon Feb 23 01:39:32.267491 2026] [php:error] [pid 1678] [client 20.219.8.79:0] script '/domains/system_suspended/xmlrpc.php' not found or unable to stat
[Mon Feb 23 01:39:32.480343 2026] [php:error] [pid 1678] [client 20.219.8.79:0] script '/domains/system_suspended/goods.php' not found or unable to stat
[Mon Feb 23 01:39:32.692502 2026] [php:error] [pid 1678] [client 20.219.8.79:0] script '/domains/system_suspended/ioxi-o.php' not found or unable to stat
[Mon Feb 23 01:39:32.904677 2026] [php:error] [pid 1678] [client 20.219.8.79:0] script '/domains/system_suspended/class-t.api.php' not found or unable to stat
[Mon Feb 23 01:39:33.130674 2026] [php:error] [pid 1678] [client 20.219.8.79:0] script '/domains/system_suspended/admin.php' not found or unable to stat
[Mon Feb 23 01:39:33.342915 2026] [php:error] [pid 1678] [client 20.219.8.79:0] script '/domains/system_suspended/sf.php' not found or unable to stat
[Mon Feb 23 01:39:33.555351 2026] [php:error] [pid 1678] [client 20.219.8.79:0] script '/domains/system_suspended/rip.php' not found or unable to stat
[Mon Feb 23 01:39:33.767895 2026] [php:error] [pid 1678] [client 20.219.8.79:0] script '/domains/system_suspended/autoload_classmap.php' not found or unable to stat
[Mon Feb 23 01:39:33.981370 2026] [php:error] [pid 1678] [client 20.219.8.79:0] script '/domains/system_suspended/chosen.php' not found or unable to stat
[Mon Feb 23 01:39:34.195253 2026] [php:error] [pid 1678] [client 20.219.8.79:0] script '/domains/system_suspended/classwithtostring.php' not found or unable to stat
[Mon Feb 23 01:39:34.408181 2026] [php:error] [pid 1678] [client 20.219.8.79:0] script '/domains/system_suspended/defaults.php' not found or unable to stat
[Mon Feb 23 01:39:35.481274 2026] [php:error] [pid 1678] [client 20.219.8.79:0] script '/domains/system_suspended/info.php' not found or unable to stat
[Mon Feb 23 01:39:36.997567 2026] [php:error] [pid 1678] [client 20.219.8.79:0] script '/domains/system_suspended/adminfuns.php' not found or unable to stat
[Mon Feb 23 01:40:24.264132 2026] [php:error] [pid 1694] [client 74.248.132.176:0] script '/domains/quintet/webdb.php' not found or unable to stat
[Mon Feb 23 01:40:24.365735 2026] [php:error] [pid 1694] [client 74.248.132.176:0] script '/domains/quintet/file.php' not found or unable to stat
[Mon Feb 23 01:40:24.477701 2026] [php:error] [pid 1694] [client 74.248.132.176:0] script '/domains/quintet/166.php' not found or unable to stat
[Mon Feb 23 01:40:24.579580 2026] [php:error] [pid 1694] [client 74.248.132.176:0] script '/domains/quintet/classwithtostring.php' not found or unable to stat
[Mon Feb 23 01:40:24.682614 2026] [php:error] [pid 1694] [client 74.248.132.176:0] script '/domains/quintet/by.php' not found or unable to stat
[Mon Feb 23 01:40:24.895319 2026] [php:error] [pid 1694] [client 74.248.132.176:0] script '/domains/quintet/simple.php' not found or unable to stat
[Mon Feb 23 01:40:25.213230 2026] [php:error] [pid 1694] [client 74.248.132.176:0] script '/domains/quintet/confq.php' not found or unable to stat
[Mon Feb 23 01:40:25.749700 2026] [php:error] [pid 1694] [client 74.248.132.176:0] script '/domains/quintet/404.php' not found or unable to stat
[Mon Feb 23 01:40:25.862289 2026] [php:error] [pid 1694] [client 74.248.132.176:0] script '/domains/quintet/35.php' not found or unable to stat
[Mon Feb 23 01:40:25.978219 2026] [php:error] [pid 1694] [client 74.248.132.176:0] script '/domains/quintet/sx.php' not found or unable to stat
[Mon Feb 23 01:40:26.079535 2026] [php:error] [pid 1694] [client 74.248.132.176:0] script '/domains/quintet/gettest.php' not found or unable to stat
[Mon Feb 23 01:40:26.726512 2026] [php:error] [pid 1694] [client 74.248.132.176:0] script '/domains/quintet/reze.php' not found or unable to stat
[Mon Feb 23 01:40:26.827931 2026] [php:error] [pid 1694] [client 74.248.132.176:0] script '/domains/quintet/ioxi.php' not found or unable to stat
[Mon Feb 23 01:40:26.929273 2026] [php:error] [pid 1694] [client 74.248.132.176:0] script '/domains/quintet/g.php' not found or unable to stat
[Mon Feb 23 01:40:27.030894 2026] [php:error] [pid 1694] [client 74.248.132.176:0] script '/domains/quintet/az.php' not found or unable to stat
[Mon Feb 23 01:40:27.252146 2026] [php:error] [pid 1694] [client 74.248.132.176:0] script '/domains/quintet/app.php' not found or unable to stat
[Mon Feb 23 01:40:27.362066 2026] [php:error] [pid 1694] [client 74.248.132.176:0] script '/domains/quintet/aboutc.php' not found or unable to stat
[Mon Feb 23 01:40:27.464421 2026] [php:error] [pid 1694] [client 74.248.132.176:0] script '/domains/quintet/elp.php' not found or unable to stat
[Mon Feb 23 01:40:52.968105 2026] [php:error] [pid 1689] [client 149.102.225.184:0] script '/domains/davidbacker/xmlrpc.php' not found or unable to stat
[Mon Feb 23 01:41:28.964821 2026] [php:error] [pid 1704] [client 172.213.17.83:0] script '/domains/fifibear/abhjr.php' not found or unable to stat
[Mon Feb 23 01:41:29.057106 2026] [php:error] [pid 1704] [client 172.213.17.83:0] script '/domains/fifibear/anczg.php' not found or unable to stat
[Mon Feb 23 01:41:29.149111 2026] [php:error] [pid 1704] [client 172.213.17.83:0] script '/domains/fifibear/ardsw.php' not found or unable to stat
[Mon Feb 23 01:41:29.241514 2026] [php:error] [pid 1704] [client 172.213.17.83:0] script '/domains/fifibear/atfis.php' not found or unable to stat
[Mon Feb 23 01:41:29.333997 2026] [php:error] [pid 1704] [client 172.213.17.83:0] script '/domains/fifibear/azpaq.php' not found or unable to stat
[Mon Feb 23 01:41:29.426502 2026] [php:error] [pid 1704] [client 172.213.17.83:0] script '/domains/fifibear/bclms.php' not found or unable to stat
[Mon Feb 23 01:41:29.518468 2026] [php:error] [pid 1704] [client 172.213.17.83:0] script '/domains/fifibear/bivvw.php' not found or unable to stat
[Mon Feb 23 01:41:29.610763 2026] [php:error] [pid 1704] [client 172.213.17.83:0] script '/domains/fifibear/bykdo.php' not found or unable to stat
[Mon Feb 23 01:41:29.703104 2026] [php:error] [pid 1704] [client 172.213.17.83:0] script '/domains/fifibear/byueb.php' not found or unable to stat
[Mon Feb 23 01:41:29.795167 2026] [php:error] [pid 1704] [client 172.213.17.83:0] script '/domains/fifibear/cjndd.php' not found or unable to stat
[Mon Feb 23 01:41:29.887031 2026] [php:error] [pid 1704] [client 172.213.17.83:0] script '/domains/fifibear/coiuz.php' not found or unable to stat
[Mon Feb 23 01:41:29.980061 2026] [php:error] [pid 1704] [client 172.213.17.83:0] script '/domains/fifibear/click.php' not found or unable to stat
[Mon Feb 23 01:41:30.072161 2026] [php:error] [pid 1704] [client 172.213.17.83:0] script '/domains/fifibear/ctjpseby.php' not found or unable to stat
[Mon Feb 23 01:41:30.164140 2026] [php:error] [pid 1704] [client 172.213.17.83:0] script '/domains/fifibear/cxxuv.php' not found or unable to stat
[Mon Feb 23 01:41:30.256152 2026] [php:error] [pid 1704] [client 172.213.17.83:0] script '/domains/fifibear/dawvg.php' not found or unable to stat
[Mon Feb 23 01:41:30.348063 2026] [php:error] [pid 1704] [client 172.213.17.83:0] script '/domains/fifibear/dhjqs.php' not found or unable to stat
[Mon Feb 23 01:41:30.442367 2026] [php:error] [pid 1704] [client 172.213.17.83:0] script '/domains/fifibear/diayd.php' not found or unable to stat
[Mon Feb 23 01:41:30.534422 2026] [php:error] [pid 1704] [client 172.213.17.83:0] script '/domains/fifibear/dljpy.php' not found or unable to stat
[Mon Feb 23 01:41:30.626386 2026] [php:error] [pid 1704] [client 172.213.17.83:0] script '/domains/fifibear/dqagu.php' not found or unable to stat
[Mon Feb 23 01:41:30.719121 2026] [php:error] [pid 1704] [client 172.213.17.83:0] script '/domains/fifibear/druqr.php' not found or unable to stat
[Mon Feb 23 01:41:30.811319 2026] [php:error] [pid 1704] [client 172.213.17.83:0] script '/domains/fifibear/dyxbc.php' not found or unable to stat
[Mon Feb 23 01:41:30.903034 2026] [php:error] [pid 1704] [client 172.213.17.83:0] script '/domains/fifibear/eapjf.php' not found or unable to stat
[Mon Feb 23 01:41:31.002893 2026] [php:error] [pid 1704] [client 172.213.17.83:0] script '/domains/fifibear/ebuom.php' not found or unable to stat
[Mon Feb 23 01:41:31.094893 2026] [php:error] [pid 1704] [client 172.213.17.83:0] script '/domains/fifibear/emcgm.php' not found or unable to stat
[Mon Feb 23 01:41:31.186874 2026] [php:error] [pid 1704] [client 172.213.17.83:0] script '/domains/fifibear/euocu.php' not found or unable to stat
[Mon Feb 23 01:41:31.278630 2026] [php:error] [pid 1704] [client 172.213.17.83:0] script '/domains/fifibear/f35.php' not found or unable to stat
[Mon Feb 23 01:41:31.370609 2026] [php:error] [pid 1704] [client 172.213.17.83:0] script '/domains/fifibear/frdyx.php' not found or unable to stat
[Mon Feb 23 01:41:31.462353 2026] [php:error] [pid 1704] [client 172.213.17.83:0] script '/domains/fifibear/fsjzs.php' not found or unable to stat
[Mon Feb 23 01:41:31.554270 2026] [php:error] [pid 1704] [client 172.213.17.83:0] script '/domains/fifibear/fwtoa.php' not found or unable to stat
[Mon Feb 23 01:41:31.646339 2026] [php:error] [pid 1704] [client 172.213.17.83:0] script '/domains/fifibear/gbhyv.php' not found or unable to stat
[Mon Feb 23 01:41:31.738560 2026] [php:error] [pid 1704] [client 172.213.17.83:0] script '/domains/fifibear/gedim.php' not found or unable to stat
[Mon Feb 23 01:41:31.831325 2026] [php:error] [pid 1704] [client 172.213.17.83:0] script '/domains/fifibear/ibano.php' not found or unable to stat
[Mon Feb 23 01:41:31.923045 2026] [php:error] [pid 1704] [client 172.213.17.83:0] script '/domains/fifibear/ifrea.php' not found or unable to stat
[Mon Feb 23 01:41:32.014803 2026] [php:error] [pid 1704] [client 172.213.17.83:0] script '/domains/fifibear/itlvk.php' not found or unable to stat
[Mon Feb 23 01:41:32.106849 2026] [php:error] [pid 1704] [client 172.213.17.83:0] script '/domains/fifibear/jctyd.php' not found or unable to stat
[Mon Feb 23 01:41:32.199730 2026] [php:error] [pid 1704] [client 172.213.17.83:0] script '/domains/fifibear/jtfocpif.php' not found or unable to stat
[Mon Feb 23 01:41:32.291474 2026] [php:error] [pid 1704] [client 172.213.17.83:0] script '/domains/fifibear/junvh.php' not found or unable to stat
[Mon Feb 23 01:41:32.383246 2026] [php:error] [pid 1704] [client 172.213.17.83:0] script '/domains/fifibear/jvtsa.php' not found or unable to stat
[Mon Feb 23 01:41:32.475313 2026] [php:error] [pid 1704] [client 172.213.17.83:0] script '/domains/fifibear/kaduu.php' not found or unable to stat
[Mon Feb 23 01:41:32.567419 2026] [php:error] [pid 1704] [client 172.213.17.83:0] script '/domains/fifibear/kagug.php' not found or unable to stat
[Mon Feb 23 01:41:32.659977 2026] [php:error] [pid 1704] [client 172.213.17.83:0] script '/domains/fifibear/kandw.php' not found or unable to stat
[Mon Feb 23 01:41:32.751912 2026] [php:error] [pid 1704] [client 172.213.17.83:0] script '/domains/fifibear/kduhq.php' not found or unable to stat
[Mon Feb 23 01:41:32.843982 2026] [php:error] [pid 1704] [client 172.213.17.83:0] script '/domains/fifibear/rgjrq.php' not found or unable to stat
[Mon Feb 23 01:41:32.936279 2026] [php:error] [pid 1704] [client 172.213.17.83:0] script '/domains/fifibear/vopxx.php' not found or unable to stat
[Mon Feb 23 01:41:33.028723 2026] [php:error] [pid 1704] [client 172.213.17.83:0] script '/domains/fifibear/wcoiw.php' not found or unable to stat
[Mon Feb 23 01:41:33.121230 2026] [php:error] [pid 1704] [client 172.213.17.83:0] script '/domains/fifibear/wtogs.php' not found or unable to stat
[Mon Feb 23 01:41:33.213598 2026] [php:error] [pid 1704] [client 172.213.17.83:0] script '/domains/fifibear/xbbih.php' not found or unable to stat
[Mon Feb 23 01:41:33.305955 2026] [php:error] [pid 1704] [client 172.213.17.83:0] script '/domains/fifibear/xcakx.php' not found or unable to stat
[Mon Feb 23 01:41:33.398899 2026] [php:error] [pid 1704] [client 172.213.17.83:0] script '/domains/fifibear/xjgdw.php' not found or unable to stat
[Mon Feb 23 01:41:33.491513 2026] [php:error] [pid 1704] [client 172.213.17.83:0] script '/domains/fifibear/xopgt.php' not found or unable to stat
[Mon Feb 23 01:41:33.584364 2026] [php:error] [pid 1704] [client 172.213.17.83:0] script '/domains/fifibear/xsjtz.php' not found or unable to stat
[Mon Feb 23 01:41:33.676320 2026] [php:error] [pid 1704] [client 172.213.17.83:0] script '/domains/fifibear/zvinn.php' not found or unable to stat
[Mon Feb 23 01:41:56.349303 2026] [php:error] [pid 1704] [client 194.26.192.238:0] script '/domains/thuebner/txets.php' not found or unable to stat
[Mon Feb 23 01:41:57.955938 2026] [php:error] [pid 1716] [client 194.26.192.238:0] script '/domains/thuebner/schallfuns.php' not found or unable to stat
[Mon Feb 23 01:41:58.178716 2026] [php:error] [pid 1703] [client 194.26.192.238:0] script '/domains/thuebner/postnews.php' not found or unable to stat
[Mon Feb 23 01:42:01.046849 2026] [php:error] [pid 1714] [client 20.223.240.16:0] script '/domains/proinc/abhjr.php' not found or unable to stat
[Mon Feb 23 01:42:01.117543 2026] [php:error] [pid 1714] [client 20.223.240.16:0] script '/domains/proinc/anczg.php' not found or unable to stat
[Mon Feb 23 01:42:01.188631 2026] [php:error] [pid 1714] [client 20.223.240.16:0] script '/domains/proinc/ardsw.php' not found or unable to stat
[Mon Feb 23 01:42:01.259222 2026] [php:error] [pid 1714] [client 20.223.240.16:0] script '/domains/proinc/atfis.php' not found or unable to stat
[Mon Feb 23 01:42:01.330244 2026] [php:error] [pid 1714] [client 20.223.240.16:0] script '/domains/proinc/azpaq.php' not found or unable to stat
[Mon Feb 23 01:42:01.401004 2026] [php:error] [pid 1714] [client 20.223.240.16:0] script '/domains/proinc/bclms.php' not found or unable to stat
[Mon Feb 23 01:42:01.471796 2026] [php:error] [pid 1714] [client 20.223.240.16:0] script '/domains/proinc/bivvw.php' not found or unable to stat
[Mon Feb 23 01:42:01.542545 2026] [php:error] [pid 1714] [client 20.223.240.16:0] script '/domains/proinc/bykdo.php' not found or unable to stat
[Mon Feb 23 01:42:01.614623 2026] [php:error] [pid 1714] [client 20.223.240.16:0] script '/domains/proinc/byueb.php' not found or unable to stat
[Mon Feb 23 01:42:01.685707 2026] [php:error] [pid 1714] [client 20.223.240.16:0] script '/domains/proinc/cjndd.php' not found or unable to stat
[Mon Feb 23 01:42:01.756609 2026] [php:error] [pid 1714] [client 20.223.240.16:0] script '/domains/proinc/coiuz.php' not found or unable to stat
[Mon Feb 23 01:42:01.827204 2026] [php:error] [pid 1714] [client 20.223.240.16:0] script '/domains/proinc/click.php' not found or unable to stat
[Mon Feb 23 01:42:01.898402 2026] [php:error] [pid 1714] [client 20.223.240.16:0] script '/domains/proinc/ctjpseby.php' not found or unable to stat
[Mon Feb 23 01:42:01.969422 2026] [php:error] [pid 1714] [client 20.223.240.16:0] script '/domains/proinc/cxxuv.php' not found or unable to stat
[Mon Feb 23 01:42:02.040353 2026] [php:error] [pid 1714] [client 20.223.240.16:0] script '/domains/proinc/dawvg.php' not found or unable to stat
[Mon Feb 23 01:42:02.111733 2026] [php:error] [pid 1714] [client 20.223.240.16:0] script '/domains/proinc/dhjqs.php' not found or unable to stat
[Mon Feb 23 01:42:02.182657 2026] [php:error] [pid 1714] [client 20.223.240.16:0] script '/domains/proinc/diayd.php' not found or unable to stat
[Mon Feb 23 01:42:02.253174 2026] [php:error] [pid 1714] [client 20.223.240.16:0] script '/domains/proinc/dljpy.php' not found or unable to stat
[Mon Feb 23 01:42:02.325030 2026] [php:error] [pid 1714] [client 20.223.240.16:0] script '/domains/proinc/dqagu.php' not found or unable to stat
[Mon Feb 23 01:42:02.395577 2026] [php:error] [pid 1714] [client 20.223.240.16:0] script '/domains/proinc/druqr.php' not found or unable to stat
[Mon Feb 23 01:42:02.466513 2026] [php:error] [pid 1714] [client 20.223.240.16:0] script '/domains/proinc/dyxbc.php' not found or unable to stat
[Mon Feb 23 01:42:02.537397 2026] [php:error] [pid 1714] [client 20.223.240.16:0] script '/domains/proinc/eapjf.php' not found or unable to stat
[Mon Feb 23 01:42:02.608277 2026] [php:error] [pid 1714] [client 20.223.240.16:0] script '/domains/proinc/ebuom.php' not found or unable to stat
[Mon Feb 23 01:42:02.679065 2026] [php:error] [pid 1714] [client 20.223.240.16:0] script '/domains/proinc/emcgm.php' not found or unable to stat
[Mon Feb 23 01:42:02.749726 2026] [php:error] [pid 1714] [client 20.223.240.16:0] script '/domains/proinc/euocu.php' not found or unable to stat
[Mon Feb 23 01:42:02.820524 2026] [php:error] [pid 1714] [client 20.223.240.16:0] script '/domains/proinc/f35.php' not found or unable to stat
[Mon Feb 23 01:42:02.891107 2026] [php:error] [pid 1714] [client 20.223.240.16:0] script '/domains/proinc/frdyx.php' not found or unable to stat
[Mon Feb 23 01:42:02.962427 2026] [php:error] [pid 1714] [client 20.223.240.16:0] script '/domains/proinc/fsjzs.php' not found or unable to stat
[Mon Feb 23 01:42:03.033320 2026] [php:error] [pid 1714] [client 20.223.240.16:0] script '/domains/proinc/fwtoa.php' not found or unable to stat
[Mon Feb 23 01:42:03.104197 2026] [php:error] [pid 1714] [client 20.223.240.16:0] script '/domains/proinc/gbhyv.php' not found or unable to stat
[Mon Feb 23 01:42:03.174936 2026] [php:error] [pid 1714] [client 20.223.240.16:0] script '/domains/proinc/gedim.php' not found or unable to stat
[Mon Feb 23 01:42:03.245618 2026] [php:error] [pid 1714] [client 20.223.240.16:0] script '/domains/proinc/ibano.php' not found or unable to stat
[Mon Feb 23 01:42:03.316114 2026] [php:error] [pid 1714] [client 20.223.240.16:0] script '/domains/proinc/ifrea.php' not found or unable to stat
[Mon Feb 23 01:42:03.387044 2026] [php:error] [pid 1714] [client 20.223.240.16:0] script '/domains/proinc/itlvk.php' not found or unable to stat
[Mon Feb 23 01:42:03.457716 2026] [php:error] [pid 1714] [client 20.223.240.16:0] script '/domains/proinc/jctyd.php' not found or unable to stat
[Mon Feb 23 01:42:03.528383 2026] [php:error] [pid 1714] [client 20.223.240.16:0] script '/domains/proinc/jtfocpif.php' not found or unable to stat
[Mon Feb 23 01:42:03.598871 2026] [php:error] [pid 1714] [client 20.223.240.16:0] script '/domains/proinc/junvh.php' not found or unable to stat
[Mon Feb 23 01:42:03.669815 2026] [php:error] [pid 1714] [client 20.223.240.16:0] script '/domains/proinc/jvtsa.php' not found or unable to stat
[Mon Feb 23 01:42:03.740429 2026] [php:error] [pid 1714] [client 20.223.240.16:0] script '/domains/proinc/kaduu.php' not found or unable to stat
[Mon Feb 23 01:42:03.810923 2026] [php:error] [pid 1714] [client 20.223.240.16:0] script '/domains/proinc/kagug.php' not found or unable to stat
[Mon Feb 23 01:42:03.881373 2026] [php:error] [pid 1714] [client 20.223.240.16:0] script '/domains/proinc/kandw.php' not found or unable to stat
[Mon Feb 23 01:42:03.951792 2026] [php:error] [pid 1714] [client 20.223.240.16:0] script '/domains/proinc/kduhq.php' not found or unable to stat
[Mon Feb 23 01:42:04.022659 2026] [php:error] [pid 1714] [client 20.223.240.16:0] script '/domains/proinc/rgjrq.php' not found or unable to stat
[Mon Feb 23 01:42:04.093472 2026] [php:error] [pid 1714] [client 20.223.240.16:0] script '/domains/proinc/vopxx.php' not found or unable to stat
[Mon Feb 23 01:42:04.164346 2026] [php:error] [pid 1714] [client 20.223.240.16:0] script '/domains/proinc/wcoiw.php' not found or unable to stat
[Mon Feb 23 01:42:04.235401 2026] [php:error] [pid 1714] [client 20.223.240.16:0] script '/domains/proinc/wtogs.php' not found or unable to stat
[Mon Feb 23 01:42:04.306117 2026] [php:error] [pid 1714] [client 20.223.240.16:0] script '/domains/proinc/xbbih.php' not found or unable to stat
[Mon Feb 23 01:42:04.376731 2026] [php:error] [pid 1714] [client 20.223.240.16:0] script '/domains/proinc/xcakx.php' not found or unable to stat
[Mon Feb 23 01:42:04.447357 2026] [php:error] [pid 1714] [client 20.223.240.16:0] script '/domains/proinc/xjgdw.php' not found or unable to stat
