[Mon Feb 23 02:19:57.423837 2026] [php:error] [pid 2142] [client 20.46.124.66:0] script '/domains/hdickens.enteract/fot.php' not found or unable to stat
[Mon Feb 23 02:19:57.611638 2026] [php:error] [pid 2140] [client 158.158.42.25:0] script '/domains/drsuper/mk.php' not found or unable to stat
[Mon Feb 23 02:19:57.702987 2026] [php:error] [pid 2140] [client 158.158.42.25:0] script '/domains/drsuper/moderation.php' not found or unable to stat
[Mon Feb 23 02:19:57.801469 2026] [php:error] [pid 2124] [client 52.141.18.191:0] script '/domains/davidbacker/adminfuns.php' not found or unable to stat
[Mon Feb 23 02:19:57.828748 2026] [php:error] [pid 2142] [client 20.46.124.66:0] script '/domains/hdickens.enteract/ff1.php' not found or unable to stat
[Mon Feb 23 02:19:57.967797 2026] [php:error] [pid 2140] [client 158.158.42.25:0] script '/domains/drsuper/ioxi.php' not found or unable to stat
[Mon Feb 23 02:19:58.004772 2026] [php:error] [pid 2142] [client 20.46.124.66:0] script '/domains/hdickens.enteract/forbidals.php' not found or unable to stat
[Mon Feb 23 02:19:58.051738 2026] [php:error] [pid 2140] [client 158.158.42.25:0] script '/domains/drsuper/vbv.php' not found or unable to stat
[Mon Feb 23 02:19:58.169302 2026] [php:error] [pid 2140] [client 158.158.42.25:0] script '/domains/drsuper/simple-shell.php' not found or unable to stat
[Mon Feb 23 02:19:58.202493 2026] [php:error] [pid 2142] [client 20.46.124.66:0] script '/domains/hdickens.enteract/erty.php' not found or unable to stat
[Mon Feb 23 02:19:58.450513 2026] [php:error] [pid 2142] [client 20.46.124.66:0] script '/domains/hdickens.enteract/dev1s.php' not found or unable to stat
[Mon Feb 23 02:19:58.570378 2026] [php:error] [pid 2140] [client 158.158.42.25:0] script '/domains/drsuper/2Vu80QG.php' not found or unable to stat
[Mon Feb 23 02:19:58.643756 2026] [php:error] [pid 2142] [client 20.46.124.66:0] script '/domains/hdickens.enteract/ffd.php' not found or unable to stat
[Mon Feb 23 02:19:58.678431 2026] [php:error] [pid 2140] [client 158.158.42.25:0] script '/domains/drsuper/bsr.php' not found or unable to stat
[Mon Feb 23 02:19:58.813683 2026] [php:error] [pid 2142] [client 20.46.124.66:0] script '/domains/hdickens.enteract/admiin.php' not found or unable to stat
[Mon Feb 23 02:19:58.958018 2026] [php:error] [pid 2140] [client 158.158.42.25:0] script '/domains/drsuper/akmila.php' not found or unable to stat
[Mon Feb 23 02:19:58.988057 2026] [php:error] [pid 2142] [client 20.46.124.66:0] script '/domains/hdickens.enteract/ol.php' not found or unable to stat
[Mon Feb 23 02:19:59.059132 2026] [php:error] [pid 2140] [client 158.158.42.25:0] script '/domains/drsuper/php-shells.php' not found or unable to stat
[Mon Feb 23 02:19:59.289410 2026] [php:error] [pid 2140] [client 158.158.42.25:0] script '/domains/drsuper/ans.php' not found or unable to stat
[Mon Feb 23 02:19:59.296398 2026] [php:error] [pid 2142] [client 20.46.124.66:0] script '/domains/hdickens.enteract/Sanskrit.php' not found or unable to stat
[Mon Feb 23 02:19:59.388907 2026] [php:error] [pid 2140] [client 158.158.42.25:0] script '/domains/drsuper/wp-tot.php' not found or unable to stat
[Mon Feb 23 02:19:59.471572 2026] [php:error] [pid 2142] [client 20.46.124.66:0] script '/domains/hdickens.enteract/vxrl.php' not found or unable to stat
[Mon Feb 23 02:19:59.642523 2026] [php:error] [pid 2142] [client 20.46.124.66:0] script '/domains/hdickens.enteract/re.php' not found or unable to stat
[Mon Feb 23 02:19:59.747195 2026] [php:error] [pid 2140] [client 158.158.42.25:0] script '/domains/drsuper/makeasmtp.php' not found or unable to stat
[Mon Feb 23 02:19:59.810614 2026] [php:error] [pid 2142] [client 20.46.124.66:0] script '/domains/hdickens.enteract/num.php' not found or unable to stat
[Mon Feb 23 02:19:59.978983 2026] [php:error] [pid 2142] [client 20.46.124.66:0] script '/domains/hdickens.enteract/axx.php' not found or unable to stat
[Mon Feb 23 02:20:00.177968 2026] [php:error] [pid 2142] [client 20.46.124.66:0] script '/domains/hdickens.enteract/vxrl.php' not found or unable to stat
[Mon Feb 23 02:20:00.345998 2026] [php:error] [pid 2142] [client 20.46.124.66:0] script '/domains/hdickens.enteract/in.php' not found or unable to stat
[Mon Feb 23 02:20:00.514317 2026] [php:error] [pid 2142] [client 20.46.124.66:0] script '/domains/hdickens.enteract/style.php' not found or unable to stat
[Mon Feb 23 02:20:00.891510 2026] [php:error] [pid 2140] [client 158.158.42.25:0] script '/domains/drsuper/Core-wp.php' not found or unable to stat
[Mon Feb 23 02:20:00.975186 2026] [php:error] [pid 2140] [client 158.158.42.25:0] script '/domains/drsuper/src.php' not found or unable to stat
[Mon Feb 23 02:20:01.166706 2026] [php:error] [pid 2142] [client 20.46.124.66:0] script '/domains/hdickens.enteract/we.php' not found or unable to stat
[Mon Feb 23 02:20:01.363554 2026] [php:error] [pid 2142] [client 20.46.124.66:0] script '/domains/hdickens.enteract/zwso.php' not found or unable to stat
[Mon Feb 23 02:20:01.535362 2026] [php:error] [pid 2142] [client 20.46.124.66:0] script '/domains/hdickens.enteract/karak.php' not found or unable to stat
[Mon Feb 23 02:20:01.705246 2026] [php:error] [pid 2142] [client 20.46.124.66:0] script '/domains/hdickens.enteract/prv8.php' not found or unable to stat
[Mon Feb 23 02:20:01.896772 2026] [php:error] [pid 2142] [client 20.46.124.66:0] script '/domains/hdickens.enteract/i.php' not found or unable to stat
[Mon Feb 23 02:20:02.067641 2026] [php:error] [pid 2142] [client 20.46.124.66:0] script '/domains/hdickens.enteract/a.php' not found or unable to stat
[Mon Feb 23 02:20:02.256685 2026] [php:error] [pid 2142] [client 20.46.124.66:0] script '/domains/hdickens.enteract/xmlrpc.php' not found or unable to stat
[Mon Feb 23 02:20:02.366016 2026] [php:error] [pid 2140] [client 158.158.42.25:0] script '/domains/drsuper/nxd.php' not found or unable to stat
[Mon Feb 23 02:20:02.426447 2026] [php:error] [pid 2142] [client 20.46.124.66:0] script '/domains/hdickens.enteract/aw.php' not found or unable to stat
[Mon Feb 23 02:20:02.612398 2026] [php:error] [pid 2142] [client 20.46.124.66:0] script '/domains/hdickens.enteract/dev.php' not found or unable to stat
[Mon Feb 23 02:20:02.804908 2026] [php:error] [pid 2142] [client 20.46.124.66:0] script '/domains/hdickens.enteract/lock360.php' not found or unable to stat
[Mon Feb 23 02:20:03.027412 2026] [php:error] [pid 2142] [client 20.46.124.66:0] script '/domains/hdickens.enteract/155.php' not found or unable to stat
[Mon Feb 23 02:20:03.088532 2026] [php:error] [pid 2140] [client 158.158.42.25:0] script '/domains/drsuper/module.php' not found or unable to stat
[Mon Feb 23 02:20:03.195403 2026] [php:error] [pid 2142] [client 20.46.124.66:0] script '/domains/hdickens.enteract/goat.php' not found or unable to stat
[Mon Feb 23 02:20:03.276321 2026] [php:error] [pid 2140] [client 158.158.42.25:0] script '/domains/drsuper/phpinfo.php.orig' not found or unable to stat
[Mon Feb 23 02:20:03.364737 2026] [php:error] [pid 2142] [client 20.46.124.66:0] script '/domains/hdickens.enteract/tcp.php' not found or unable to stat
[Mon Feb 23 02:20:03.643729 2026] [php:error] [pid 2142] [client 20.46.124.66:0] script '/domains/hdickens.enteract/ext.php' not found or unable to stat
[Mon Feb 23 02:20:03.819145 2026] [php:error] [pid 2142] [client 20.46.124.66:0] script '/domains/hdickens.enteract/inputs.php' not found or unable to stat
[Mon Feb 23 02:20:04.003260 2026] [php:error] [pid 2142] [client 20.46.124.66:0] script '/domains/hdickens.enteract/ioxi.php' not found or unable to stat
[Mon Feb 23 02:20:04.052540 2026] [php:error] [pid 2140] [client 158.158.42.25:0] script '/domains/drsuper/payout.php' not found or unable to stat
[Mon Feb 23 02:20:04.157768 2026] [php:error] [pid 2140] [client 158.158.42.25:0] script '/domains/drsuper/uxquidwa.php' not found or unable to stat
[Mon Feb 23 02:20:04.413761 2026] [php:error] [pid 2142] [client 20.46.124.66:0] script '/domains/hdickens.enteract/fe5.php' not found or unable to stat
[Mon Feb 23 02:20:04.581426 2026] [php:error] [pid 2142] [client 20.46.124.66:0] script '/domains/hdickens.enteract/ov.php' not found or unable to stat
[Mon Feb 23 02:20:04.740226 2026] [php:error] [pid 2140] [client 158.158.42.25:0] script '/domains/drsuper/group.php' not found or unable to stat
[Mon Feb 23 02:20:05.002671 2026] [php:error] [pid 2142] [client 20.46.124.66:0] script '/domains/hdickens.enteract/default.php' not found or unable to stat
[Mon Feb 23 02:20:05.213667 2026] [php:error] [pid 2142] [client 20.46.124.66:0] script '/domains/hdickens.enteract/abcd.php' not found or unable to stat
[Mon Feb 23 02:20:05.566194 2026] [php:error] [pid 2142] [client 20.46.124.66:0] script '/domains/hdickens.enteract/class.1.php' not found or unable to stat
[Mon Feb 23 02:20:05.752334 2026] [php:error] [pid 2142] [client 20.46.124.66:0] script '/domains/hdickens.enteract/async.php' not found or unable to stat
[Mon Feb 23 02:20:05.921939 2026] [php:error] [pid 2142] [client 20.46.124.66:0] script '/domains/hdickens.enteract/ff.php' not found or unable to stat
[Mon Feb 23 02:20:06.108440 2026] [php:error] [pid 2142] [client 20.46.124.66:0] script '/domains/hdickens.enteract/ioxi-o.php' not found or unable to stat
[Mon Feb 23 02:20:06.461077 2026] [php:error] [pid 2142] [client 20.46.124.66:0] script '/domains/hdickens.enteract/manager.php' not found or unable to stat
[Mon Feb 23 02:20:06.570962 2026] [php:error] [pid 2140] [client 158.158.42.25:0] script '/domains/drsuper/semayan.php' not found or unable to stat
[Mon Feb 23 02:20:06.754518 2026] [php:error] [pid 2142] [client 20.46.124.66:0] script '/domains/hdickens.enteract/wp-update.php' not found or unable to stat
[Mon Feb 23 02:20:06.820747 2026] [php:error] [pid 2140] [client 158.158.42.25:0] script '/domains/drsuper/theme_support.php' not found or unable to stat
[Mon Feb 23 02:20:06.905817 2026] [php:error] [pid 2140] [client 158.158.42.25:0] script '/domains/drsuper/mrbmppbo.php' not found or unable to stat
[Mon Feb 23 02:20:07.020524 2026] [php:error] [pid 2140] [client 158.158.42.25:0] script '/domains/drsuper/wso-latest.php' not found or unable to stat
[Mon Feb 23 02:20:07.099728 2026] [php:error] [pid 2142] [client 20.46.124.66:0] script '/domains/hdickens.enteract/file.php' not found or unable to stat
[Mon Feb 23 02:20:09.540458 2026] [php:error] [pid 2142] [client 20.46.124.66:0] script '/domains/hdickens.enteract/lc.php' not found or unable to stat
[Mon Feb 23 02:20:09.725587 2026] [php:error] [pid 2142] [client 20.46.124.66:0] script '/domains/hdickens.enteract/cbrfo.php' not found or unable to stat
[Mon Feb 23 02:20:09.890785 2026] [php:error] [pid 2142] [client 20.46.124.66:0] script '/domains/hdickens.enteract/inc.php' not found or unable to stat
[Mon Feb 23 02:20:10.071139 2026] [php:error] [pid 2142] [client 20.46.124.66:0] script '/domains/hdickens.enteract/gifclass.php' not found or unable to stat
[Mon Feb 23 02:20:10.237571 2026] [php:error] [pid 2142] [client 20.46.124.66:0] script '/domains/hdickens.enteract/miansha.php' not found or unable to stat
[Mon Feb 23 02:20:10.403837 2026] [php:error] [pid 2142] [client 20.46.124.66:0] script '/domains/hdickens.enteract/tinyfilemanager.php' not found or unable to stat
[Mon Feb 23 02:20:10.597275 2026] [php:error] [pid 2142] [client 20.46.124.66:0] script '/domains/hdickens.enteract/admin.php' not found or unable to stat
[Mon Feb 23 02:20:10.779916 2026] [php:error] [pid 2142] [client 20.46.124.66:0] script '/domains/hdickens.enteract/ok.php' not found or unable to stat
[Mon Feb 23 02:20:10.975086 2026] [php:error] [pid 2141] [client 158.158.42.25:0] script '/domains/drsuper/woqramot.php' not found or unable to stat
[Mon Feb 23 02:20:11.132948 2026] [php:error] [pid 2142] [client 20.46.124.66:0] script '/domains/hdickens.enteract/fi.php' not found or unable to stat
[Mon Feb 23 02:20:11.297705 2026] [php:error] [pid 2142] [client 20.46.124.66:0] script '/domains/hdickens.enteract/muzu.php' not found or unable to stat
[Mon Feb 23 02:20:11.461888 2026] [php:error] [pid 2142] [client 20.46.124.66:0] script '/domains/hdickens.enteract/reze.php' not found or unable to stat
[Mon Feb 23 02:20:11.990774 2026] [php:error] [pid 2142] [client 20.46.124.66:0] script '/domains/hdickens.enteract/styll.php' not found or unable to stat
[Mon Feb 23 02:20:12.399708 2026] [php:error] [pid 2142] [client 20.46.124.66:0] script '/domains/hdickens.enteract/x7.php' not found or unable to stat
[Mon Feb 23 02:20:12.564298 2026] [php:error] [pid 2142] [client 20.46.124.66:0] script '/domains/hdickens.enteract/thebe.php' not found or unable to stat
[Mon Feb 23 02:20:12.728730 2026] [php:error] [pid 2142] [client 20.46.124.66:0] script '/domains/hdickens.enteract/ddd.php' not found or unable to stat
[Mon Feb 23 02:20:12.893377 2026] [php:error] [pid 2142] [client 20.46.124.66:0] script '/domains/hdickens.enteract/bgymj.php' not found or unable to stat
[Mon Feb 23 02:20:13.077518 2026] [php:error] [pid 2142] [client 20.46.124.66:0] script '/domains/hdickens.enteract/8xyz.php' not found or unable to stat
[Mon Feb 23 02:20:13.242789 2026] [php:error] [pid 2142] [client 20.46.124.66:0] script '/domains/hdickens.enteract/ioxi.php' not found or unable to stat
[Mon Feb 23 02:20:13.423490 2026] [php:error] [pid 2142] [client 20.46.124.66:0] script '/domains/hdickens.enteract/xpwer1.php' not found or unable to stat
[Mon Feb 23 02:20:13.587965 2026] [php:error] [pid 2142] [client 20.46.124.66:0] script '/domains/hdickens.enteract/lala.php' not found or unable to stat
[Mon Feb 23 02:20:13.752418 2026] [php:error] [pid 2142] [client 20.46.124.66:0] script '/domains/hdickens.enteract/about.php' not found or unable to stat
[Mon Feb 23 02:20:14.805157 2026] [php:error] [pid 2142] [client 20.46.124.66:0] script '/domains/hdickens.enteract/info.php' not found or unable to stat
[Mon Feb 23 02:20:14.969449 2026] [php:error] [pid 2142] [client 20.46.124.66:0] script '/domains/hdickens.enteract/about.php' not found or unable to stat
[Mon Feb 23 02:20:15.321598 2026] [php:error] [pid 2142] [client 20.46.124.66:0] script '/domains/hdickens.enteract/222.php' not found or unable to stat
[Mon Feb 23 02:20:15.700032 2026] [php:error] [pid 2142] [client 20.46.124.66:0] script '/domains/hdickens.enteract/adminfuns.php' not found or unable to stat
[Mon Feb 23 02:20:16.154195 2026] [php:error] [pid 2142] [client 20.46.124.66:0] script '/domains/hdickens.enteract/xx.php' not found or unable to stat
[Mon Feb 23 02:20:16.522281 2026] [php:error] [pid 2142] [client 20.46.124.66:0] script '/domains/hdickens.enteract/f5.php' not found or unable to stat
[Mon Feb 23 02:20:16.686775 2026] [php:error] [pid 2142] [client 20.46.124.66:0] script '/domains/hdickens.enteract/flower.php' not found or unable to stat
[Mon Feb 23 02:20:16.851415 2026] [php:error] [pid 2142] [client 20.46.124.66:0] script '/domains/hdickens.enteract/f6.php' not found or unable to stat
[Mon Feb 23 02:20:17.032324 2026] [php:error] [pid 2142] [client 20.46.124.66:0] script '/domains/hdickens.enteract/edit.php' not found or unable to stat
[Mon Feb 23 02:20:17.569449 2026] [php:error] [pid 2142] [client 20.46.124.66:0] script '/domains/hdickens.enteract/av.php' not found or unable to stat
[Mon Feb 23 02:20:17.898456 2026] [php:error] [pid 2142] [client 20.46.124.66:0] script '/domains/hdickens.enteract/wsd.php' not found or unable to stat
[Mon Feb 23 02:20:18.063637 2026] [php:error] [pid 2142] [client 20.46.124.66:0] script '/domains/hdickens.enteract/jane.php' not found or unable to stat
[Mon Feb 23 02:20:18.228278 2026] [php:error] [pid 2142] [client 20.46.124.66:0] script '/domains/hdickens.enteract/css.php' not found or unable to stat
[Mon Feb 23 02:20:18.414103 2026] [php:error] [pid 2142] [client 20.46.124.66:0] script '/domains/hdickens.enteract/alfa.php' not found or unable to stat
[Mon Feb 23 02:20:18.602561 2026] [php:error] [pid 2142] [client 20.46.124.66:0] script '/domains/hdickens.enteract/wen.php' not found or unable to stat
[Mon Feb 23 02:20:18.768613 2026] [php:error] [pid 2142] [client 20.46.124.66:0] script '/domains/hdickens.enteract/x.php' not found or unable to stat
[Mon Feb 23 02:20:18.933493 2026] [php:error] [pid 2142] [client 20.46.124.66:0] script '/domains/hdickens.enteract/xxxx.php' not found or unable to stat
[Mon Feb 23 02:20:19.112826 2026] [php:error] [pid 2142] [client 20.46.124.66:0] script '/domains/hdickens.enteract/class.php' not found or unable to stat
[Mon Feb 23 02:20:19.299547 2026] [php:error] [pid 2142] [client 20.46.124.66:0] script '/domains/hdickens.enteract/f35.php' not found or unable to stat
[Mon Feb 23 02:20:20.469746 2026] [php:error] [pid 2142] [client 20.46.124.66:0] script '/domains/hdickens.enteract/class-t.api.php' not found or unable to stat
[Mon Feb 23 02:20:20.871178 2026] [php:error] [pid 2142] [client 20.46.124.66:0] script '/domains/hdickens.enteract/blurbs18.php' not found or unable to stat
[Mon Feb 23 02:20:22.347188 2026] [php:error] [pid 2142] [client 20.46.124.66:0] script '/domains/hdickens.enteract/bless11.php' not found or unable to stat
[Mon Feb 23 02:20:22.716939 2026] [php:error] [pid 2142] [client 20.46.124.66:0] script '/domains/hdickens.enteract/init.php' not found or unable to stat
[Mon Feb 23 02:20:23.245240 2026] [php:error] [pid 2142] [client 20.46.124.66:0] script '/domains/hdickens.enteract/k.php' not found or unable to stat
[Mon Feb 23 02:20:23.413547 2026] [php:error] [pid 2142] [client 20.46.124.66:0] script '/domains/hdickens.enteract/bless.php' not found or unable to stat
[Mon Feb 23 02:20:23.583592 2026] [php:error] [pid 2142] [client 20.46.124.66:0] script '/domains/hdickens.enteract/X7x.php' not found or unable to stat
[Mon Feb 23 02:20:23.748024 2026] [php:error] [pid 2142] [client 20.46.124.66:0] script '/domains/hdickens.enteract/166.php' not found or unable to stat
[Mon Feb 23 02:20:23.912615 2026] [php:error] [pid 2142] [client 20.46.124.66:0] script '/domains/hdickens.enteract/plss3.php' not found or unable to stat
[Mon Feb 23 02:20:24.270812 2026] [php:error] [pid 2142] [client 20.46.124.66:0] script '/domains/hdickens.enteract/admins.php' not found or unable to stat
[Mon Feb 23 02:20:24.553582 2026] [php:error] [pid 2142] [client 20.46.124.66:0] script '/domains/hdickens.enteract/wp.php' not found or unable to stat
[Mon Feb 23 02:20:24.948454 2026] [php:error] [pid 2142] [client 20.46.124.66:0] script '/domains/hdickens.enteract/main.php' not found or unable to stat
[Mon Feb 23 02:20:25.135320 2026] [php:error] [pid 2142] [client 20.46.124.66:0] script '/domains/hdickens.enteract/a1.php' not found or unable to stat
[Mon Feb 23 02:20:25.321405 2026] [php:error] [pid 2142] [client 20.46.124.66:0] script '/domains/hdickens.enteract/lala.php' not found or unable to stat
[Mon Feb 23 02:20:25.489589 2026] [php:error] [pid 2142] [client 20.46.124.66:0] script '/domains/hdickens.enteract/aaa.php' not found or unable to stat
[Mon Feb 23 02:20:25.663108 2026] [php:error] [pid 2142] [client 20.46.124.66:0] script '/domains/hdickens.enteract/a2.php' not found or unable to stat
[Mon Feb 23 02:20:25.994033 2026] [php:error] [pid 2142] [client 20.46.124.66:0] script '/domains/hdickens.enteract/jsond.php' not found or unable to stat
[Mon Feb 23 02:21:02.356424 2026] [php:error] [pid 2157] [client 52.141.4.186:0] script '/domains/egmaweb/new4.php' not found or unable to stat
[Mon Feb 23 02:21:02.568461 2026] [php:error] [pid 2157] [client 52.141.4.186:0] script '/domains/egmaweb/sc.php' not found or unable to stat
[Mon Feb 23 02:21:02.763197 2026] [php:error] [pid 2157] [client 52.141.4.186:0] script '/domains/egmaweb/jo.php' not found or unable to stat
[Mon Feb 23 02:21:02.969644 2026] [php:error] [pid 2157] [client 52.141.4.186:0] script '/domains/egmaweb/srv.php' not found or unable to stat
[Mon Feb 23 02:21:03.155862 2026] [php:error] [pid 2157] [client 52.141.4.186:0] script '/domains/egmaweb/ini.php' not found or unable to stat
[Mon Feb 23 02:21:03.349541 2026] [php:error] [pid 2157] [client 52.141.4.186:0] script '/domains/egmaweb/cro.php' not found or unable to stat
[Mon Feb 23 02:21:03.839252 2026] [php:error] [pid 2157] [client 52.141.4.186:0] script '/domains/egmaweb/owl.php' not found or unable to stat
[Mon Feb 23 02:21:03.899041 2026] [php:error] [pid 2159] [client 138.199.35.5:0] script '/domains/nmksgroupweb/xmlrpc.php' not found or unable to stat
[Mon Feb 23 02:21:04.025915 2026] [php:error] [pid 2157] [client 52.141.4.186:0] script '/domains/egmaweb/BDKR28WP.php' not found or unable to stat
[Mon Feb 23 02:21:04.288449 2026] [php:error] [pid 2157] [client 52.141.4.186:0] script '/domains/egmaweb/zu.php' not found or unable to stat
[Mon Feb 23 02:21:04.484667 2026] [php:error] [pid 2157] [client 52.141.4.186:0] script '/domains/egmaweb/alpha.php' not found or unable to stat
[Mon Feb 23 02:21:04.843805 2026] [php:error] [pid 2157] [client 52.141.4.186:0] script '/domains/egmaweb/sty.php' not found or unable to stat
[Mon Feb 23 02:21:05.032529 2026] [php:error] [pid 2157] [client 52.141.4.186:0] script '/domains/egmaweb/wwx.php' not found or unable to stat
[Mon Feb 23 02:21:05.272769 2026] [php:error] [pid 2157] [client 52.141.4.186:0] script '/domains/egmaweb/tevkb.php' not found or unable to stat
[Mon Feb 23 02:21:05.459338 2026] [php:error] [pid 2157] [client 52.141.4.186:0] script '/domains/egmaweb/atmaca.php' not found or unable to stat
[Mon Feb 23 02:21:05.647202 2026] [php:error] [pid 2157] [client 52.141.4.186:0] script '/domains/egmaweb/opts.php' not found or unable to stat
[Mon Feb 23 02:21:05.834841 2026] [php:error] [pid 2157] [client 52.141.4.186:0] script '/domains/egmaweb/wp-act.php' not found or unable to stat
[Mon Feb 23 02:21:06.021160 2026] [php:error] [pid 2157] [client 52.141.4.186:0] script '/domains/egmaweb/ze.php' not found or unable to stat
[Mon Feb 23 02:21:06.207529 2026] [php:error] [pid 2157] [client 52.141.4.186:0] script '/domains/egmaweb/seetox.php' not found or unable to stat
[Mon Feb 23 02:21:06.666125 2026] [php:error] [pid 2157] [client 52.141.4.186:0] script '/domains/egmaweb/plugins.php' not found or unable to stat
[Mon Feb 23 02:21:06.855588 2026] [php:error] [pid 2157] [client 52.141.4.186:0] script '/domains/egmaweb/xoot.php' not found or unable to stat
[Mon Feb 23 02:21:07.042175 2026] [php:error] [pid 2157] [client 52.141.4.186:0] script '/domains/egmaweb/X57.php' not found or unable to stat
[Mon Feb 23 02:21:07.266145 2026] [php:error] [pid 2157] [client 52.141.4.186:0] script '/domains/egmaweb/vx.php' not found or unable to stat
[Mon Feb 23 02:21:07.469309 2026] [php:error] [pid 2157] [client 52.141.4.186:0] script '/domains/egmaweb/file59.php' not found or unable to stat
[Mon Feb 23 02:21:07.475694 2026] [php:error] [pid 2162] [client 4.193.177.110:0] script '/domains/agribiz/wp-trackback.php' not found or unable to stat
[Mon Feb 23 02:21:07.703715 2026] [php:error] [pid 2162] [client 4.193.177.110:0] script '/domains/agribiz/about.php' not found or unable to stat
[Mon Feb 23 02:21:07.931624 2026] [php:error] [pid 2162] [client 4.193.177.110:0] script '/domains/agribiz/file.php' not found or unable to stat
[Mon Feb 23 02:21:07.937811 2026] [php:error] [pid 2157] [client 52.141.4.186:0] script '/domains/egmaweb/xa.php' not found or unable to stat
[Mon Feb 23 02:21:08.159815 2026] [php:error] [pid 2162] [client 4.193.177.110:0] script '/domains/agribiz/wp-good.php' not found or unable to stat
[Mon Feb 23 02:21:08.173609 2026] [php:error] [pid 2157] [client 52.141.4.186:0] script '/domains/egmaweb/er.php' not found or unable to stat
[Mon Feb 23 02:21:08.360101 2026] [php:error] [pid 2157] [client 52.141.4.186:0] script '/domains/egmaweb/fault.php' not found or unable to stat
[Mon Feb 23 02:21:08.413107 2026] [php:error] [pid 2162] [client 4.193.177.110:0] script '/domains/agribiz/xmlrpc.php' not found or unable to stat
[Mon Feb 23 02:21:08.568360 2026] [php:error] [pid 2157] [client 52.141.4.186:0] script '/domains/egmaweb/motu.php' not found or unable to stat
[Mon Feb 23 02:21:08.640875 2026] [php:error] [pid 2162] [client 4.193.177.110:0] script '/domains/agribiz/goods.php' not found or unable to stat
[Mon Feb 23 02:21:08.754619 2026] [php:error] [pid 2157] [client 52.141.4.186:0] script '/domains/egmaweb/66.php' not found or unable to stat
[Mon Feb 23 02:21:08.868732 2026] [php:error] [pid 2162] [client 4.193.177.110:0] script '/domains/agribiz/ioxi-o.php' not found or unable to stat
[Mon Feb 23 02:21:08.941058 2026] [php:error] [pid 2157] [client 52.141.4.186:0] script '/domains/egmaweb/leuk.php' not found or unable to stat
[Mon Feb 23 02:21:09.097199 2026] [php:error] [pid 2162] [client 4.193.177.110:0] script '/domains/agribiz/class-t.api.php' not found or unable to stat
[Mon Feb 23 02:21:09.325438 2026] [php:error] [pid 2162] [client 4.193.177.110:0] script '/domains/agribiz/admin.php' not found or unable to stat
[Mon Feb 23 02:21:09.421635 2026] [php:error] [pid 2157] [client 52.141.4.186:0] script '/domains/egmaweb/xqq.php' not found or unable to stat
[Mon Feb 23 02:21:09.553211 2026] [php:error] [pid 2162] [client 4.193.177.110:0] script '/domains/agribiz/sf.php' not found or unable to stat
[Mon Feb 23 02:21:09.623321 2026] [php:error] [pid 2157] [client 52.141.4.186:0] script '/domains/egmaweb/kolda.php' not found or unable to stat
[Mon Feb 23 02:21:09.781857 2026] [php:error] [pid 2162] [client 4.193.177.110:0] script '/domains/agribiz/rip.php' not found or unable to stat
[Mon Feb 23 02:21:09.832230 2026] [php:error] [pid 2157] [client 52.141.4.186:0] script '/domains/egmaweb/nw.php' not found or unable to stat
[Mon Feb 23 02:21:10.009865 2026] [php:error] [pid 2162] [client 4.193.177.110:0] script '/domains/agribiz/autoload_classmap.php' not found or unable to stat
[Mon Feb 23 02:21:10.018346 2026] [php:error] [pid 2157] [client 52.141.4.186:0] script '/domains/egmaweb/666.php' not found or unable to stat
[Mon Feb 23 02:21:10.227841 2026] [php:error] [pid 2157] [client 52.141.4.186:0] script '/domains/egmaweb/kj.php' not found or unable to stat
[Mon Feb 23 02:21:10.237905 2026] [php:error] [pid 2162] [client 4.193.177.110:0] script '/domains/agribiz/chosen.php' not found or unable to stat
[Mon Feb 23 02:21:10.434728 2026] [php:error] [pid 2157] [client 52.141.4.186:0] script '/domains/egmaweb/un.php' not found or unable to stat
[Mon Feb 23 02:21:10.465748 2026] [php:error] [pid 2162] [client 4.193.177.110:0] script '/domains/agribiz/classwithtostring.php' not found or unable to stat
[Mon Feb 23 02:21:10.621286 2026] [php:error] [pid 2157] [client 52.141.4.186:0] script '/domains/egmaweb/fs.php' not found or unable to stat
[Mon Feb 23 02:21:10.693490 2026] [php:error] [pid 2162] [client 4.193.177.110:0] script '/domains/agribiz/defaults.php' not found or unable to stat
[Mon Feb 23 02:21:10.807862 2026] [php:error] [pid 2157] [client 52.141.4.186:0] script '/domains/egmaweb/ms.php' not found or unable to stat
[Mon Feb 23 02:21:11.103717 2026] [php:error] [pid 2157] [client 52.141.4.186:0] script '/domains/egmaweb/login5.php' not found or unable to stat
[Mon Feb 23 02:21:11.304791 2026] [php:error] [pid 2157] [client 52.141.4.186:0] script '/domains/egmaweb/cu.php' not found or unable to stat
[Mon Feb 23 02:21:11.516576 2026] [php:error] [pid 2157] [client 52.141.4.186:0] script '/domains/egmaweb/lul.php' not found or unable to stat
[Mon Feb 23 02:21:11.721985 2026] [php:error] [pid 2157] [client 52.141.4.186:0] script '/domains/egmaweb/0.php' not found or unable to stat
[Mon Feb 23 02:21:11.833097 2026] [php:error] [pid 2162] [client 4.193.177.110:0] script '/domains/agribiz/info.php' not found or unable to stat
[Mon Feb 23 02:21:11.952148 2026] [php:error] [pid 2157] [client 52.141.4.186:0] script '/domains/egmaweb/ms-edit.php' not found or unable to stat
[Mon Feb 23 02:21:12.145704 2026] [php:error] [pid 2157] [client 52.141.4.186:0] script '/domains/egmaweb/grsiuk.php' not found or unable to stat
[Mon Feb 23 02:21:12.331674 2026] [php:error] [pid 2157] [client 52.141.4.186:0] script '/domains/egmaweb/wp-blog.php' not found or unable to stat
[Mon Feb 23 02:21:12.879100 2026] [php:error] [pid 2157] [client 52.141.4.186:0] script '/domains/egmaweb/wp-access.php' not found or unable to stat
[Mon Feb 23 02:21:13.065302 2026] [php:error] [pid 2157] [client 52.141.4.186:0] script '/domains/egmaweb/a1vx.php' not found or unable to stat
[Mon Feb 23 02:21:13.271851 2026] [php:error] [pid 2157] [client 52.141.4.186:0] script '/domains/egmaweb/sbhu.php' not found or unable to stat
[Mon Feb 23 02:21:13.452407 2026] [php:error] [pid 2162] [client 4.193.177.110:0] script '/domains/agribiz/adminfuns.php' not found or unable to stat
[Mon Feb 23 02:21:13.479475 2026] [php:error] [pid 2157] [client 52.141.4.186:0] script '/domains/egmaweb/wp-the.php' not found or unable to stat
[Mon Feb 23 02:21:13.665633 2026] [php:error] [pid 2157] [client 52.141.4.186:0] script '/domains/egmaweb/06.php' not found or unable to stat
[Mon Feb 23 02:21:13.874239 2026] [php:error] [pid 2157] [client 52.141.4.186:0] script '/domains/egmaweb/wp5.php' not found or unable to stat
[Mon Feb 23 02:21:14.291724 2026] [php:error] [pid 2157] [client 52.141.4.186:0] script '/domains/egmaweb/fot.php' not found or unable to stat
[Mon Feb 23 02:21:14.486962 2026] [php:error] [pid 2157] [client 52.141.4.186:0] script '/domains/egmaweb/ff1.php' not found or unable to stat
[Mon Feb 23 02:21:14.785378 2026] [php:error] [pid 2157] [client 52.141.4.186:0] script '/domains/egmaweb/forbidals.php' not found or unable to stat
[Mon Feb 23 02:21:15.180771 2026] [php:error] [pid 2157] [client 52.141.4.186:0] script '/domains/egmaweb/erty.php' not found or unable to stat
[Mon Feb 23 02:21:15.366929 2026] [php:error] [pid 2157] [client 52.141.4.186:0] script '/domains/egmaweb/dev1s.php' not found or unable to stat
[Mon Feb 23 02:21:15.705625 2026] [php:error] [pid 2157] [client 52.141.4.186:0] script '/domains/egmaweb/ffd.php' not found or unable to stat
[Mon Feb 23 02:21:15.892493 2026] [php:error] [pid 2157] [client 52.141.4.186:0] script '/domains/egmaweb/admiin.php' not found or unable to stat
[Mon Feb 23 02:21:16.098448 2026] [php:error] [pid 2157] [client 52.141.4.186:0] script '/domains/egmaweb/ol.php' not found or unable to stat
[Mon Feb 23 02:21:16.286882 2026] [php:error] [pid 2157] [client 52.141.4.186:0] script '/domains/egmaweb/Sanskrit.php' not found or unable to stat
[Mon Feb 23 02:21:16.495598 2026] [php:error] [pid 2157] [client 52.141.4.186:0] script '/domains/egmaweb/vxrl.php' not found or unable to stat
[Mon Feb 23 02:21:16.768405 2026] [php:error] [pid 2157] [client 52.141.4.186:0] script '/domains/egmaweb/re.php' not found or unable to stat
[Mon Feb 23 02:21:17.086768 2026] [php:error] [pid 2157] [client 52.141.4.186:0] script '/domains/egmaweb/num.php' not found or unable to stat
[Mon Feb 23 02:21:17.273060 2026] [php:error] [pid 2157] [client 52.141.4.186:0] script '/domains/egmaweb/axx.php' not found or unable to stat
[Mon Feb 23 02:21:17.478937 2026] [php:error] [pid 2157] [client 52.141.4.186:0] script '/domains/egmaweb/vxrl.php' not found or unable to stat
[Mon Feb 23 02:21:17.680500 2026] [php:error] [pid 2157] [client 52.141.4.186:0] script '/domains/egmaweb/in.php' not found or unable to stat
[Mon Feb 23 02:21:17.685541 2026] [php:error] [pid 2161] [client 158.158.42.25:0] script '/domains/rextrav/indo.php' not found or unable to stat
[Mon Feb 23 02:21:17.867069 2026] [php:error] [pid 2157] [client 52.141.4.186:0] script '/domains/egmaweb/style.php' not found or unable to stat
[Mon Feb 23 02:21:17.996475 2026] [php:error] [pid 2161] [client 158.158.42.25:0] script '/domains/rextrav/localization.php' not found or unable to stat
[Mon Feb 23 02:21:18.053830 2026] [php:error] [pid 2157] [client 52.141.4.186:0] script '/domains/egmaweb/we.php' not found or unable to stat
[Mon Feb 23 02:21:18.243339 2026] [php:error] [pid 2157] [client 52.141.4.186:0] script '/domains/egmaweb/zwso.php' not found or unable to stat
[Mon Feb 23 02:21:18.429761 2026] [php:error] [pid 2157] [client 52.141.4.186:0] script '/domains/egmaweb/karak.php' not found or unable to stat
[Mon Feb 23 02:21:18.633061 2026] [php:error] [pid 2157] [client 52.141.4.186:0] script '/domains/egmaweb/prv8.php' not found or unable to stat
[Mon Feb 23 02:21:18.742118 2026] [php:error] [pid 2161] [client 158.158.42.25:0] script '/domains/rextrav/rin.php' not found or unable to stat
[Mon Feb 23 02:21:18.819372 2026] [php:error] [pid 2157] [client 52.141.4.186:0] script '/domains/egmaweb/i.php' not found or unable to stat
[Mon Feb 23 02:21:19.078934 2026] [php:error] [pid 2157] [client 52.141.4.186:0] script '/domains/egmaweb/a.php' not found or unable to stat
[Mon Feb 23 02:21:19.389365 2026] [php:error] [pid 2157] [client 52.141.4.186:0] script '/domains/egmaweb/xmlrpc.php' not found or unable to stat
[Mon Feb 23 02:21:19.598183 2026] [php:error] [pid 2157] [client 52.141.4.186:0] script '/domains/egmaweb/aw.php' not found or unable to stat
[Mon Feb 23 02:21:19.785323 2026] [php:error] [pid 2157] [client 52.141.4.186:0] script '/domains/egmaweb/dev.php' not found or unable to stat
[Mon Feb 23 02:21:19.869554 2026] [php:error] [pid 2161] [client 158.158.42.25:0] script '/domains/rextrav/mk.php' not found or unable to stat
[Mon Feb 23 02:21:19.956223 2026] [php:error] [pid 2161] [client 158.158.42.25:0] script '/domains/rextrav/moderation.php' not found or unable to stat
[Mon Feb 23 02:21:19.973874 2026] [php:error] [pid 2157] [client 52.141.4.186:0] script '/domains/egmaweb/lock360.php' not found or unable to stat
[Mon Feb 23 02:21:20.162312 2026] [php:error] [pid 2157] [client 52.141.4.186:0] script '/domains/egmaweb/155.php' not found or unable to stat
[Mon Feb 23 02:21:20.223036 2026] [php:error] [pid 2161] [client 158.158.42.25:0] script '/domains/rextrav/ioxi.php' not found or unable to stat
[Mon Feb 23 02:21:20.307753 2026] [php:error] [pid 2161] [client 158.158.42.25:0] script '/domains/rextrav/vbv.php' not found or unable to stat
[Mon Feb 23 02:21:20.384824 2026] [php:error] [pid 2157] [client 52.141.4.186:0] script '/domains/egmaweb/goat.php' not found or unable to stat
[Mon Feb 23 02:21:20.397263 2026] [php:error] [pid 2161] [client 158.158.42.25:0] script '/domains/rextrav/simple-shell.php' not found or unable to stat
[Mon Feb 23 02:21:20.608417 2026] [php:error] [pid 2161] [client 158.158.42.25:0] script '/domains/rextrav/2Vu80QG.php' not found or unable to stat
[Mon Feb 23 02:21:20.693212 2026] [php:error] [pid 2161] [client 158.158.42.25:0] script '/domains/rextrav/bsr.php' not found or unable to stat
[Mon Feb 23 02:21:20.966359 2026] [php:error] [pid 2157] [client 52.141.4.186:0] script '/domains/egmaweb/tcp.php' not found or unable to stat
[Mon Feb 23 02:21:21.047000 2026] [php:error] [pid 2161] [client 158.158.42.25:0] script '/domains/rextrav/akmila.php' not found or unable to stat
[Mon Feb 23 02:21:21.131437 2026] [php:error] [pid 2161] [client 158.158.42.25:0] script '/domains/rextrav/php-shells.php' not found or unable to stat
[Mon Feb 23 02:21:21.243211 2026] [php:error] [pid 2157] [client 52.141.4.186:0] script '/domains/egmaweb/ext.php' not found or unable to stat
[Mon Feb 23 02:21:21.303653 2026] [php:error] [pid 2161] [client 158.158.42.25:0] script '/domains/rextrav/ans.php' not found or unable to stat
[Mon Feb 23 02:21:21.389133 2026] [php:error] [pid 2161] [client 158.158.42.25:0] script '/domains/rextrav/wp-tot.php' not found or unable to stat
[Mon Feb 23 02:21:21.429491 2026] [php:error] [pid 2157] [client 52.141.4.186:0] script '/domains/egmaweb/inputs.php' not found or unable to stat
[Mon Feb 23 02:21:21.479656 2026] [php:error] [pid 2161] [client 158.158.42.25:0] script '/domains/rextrav/makeasmtp.php' not found or unable to stat
[Mon Feb 23 02:21:21.615622 2026] [php:error] [pid 2157] [client 52.141.4.186:0] script '/domains/egmaweb/ioxi.php' not found or unable to stat
[Mon Feb 23 02:21:21.801778 2026] [php:error] [pid 2157] [client 52.141.4.186:0] script '/domains/egmaweb/fe5.php' not found or unable to stat
[Mon Feb 23 02:21:21.942422 2026] [php:error] [pid 2161] [client 158.158.42.25:0] script '/domains/rextrav/Core-wp.php' not found or unable to stat
[Mon Feb 23 02:21:21.988881 2026] [php:error] [pid 2157] [client 52.141.4.186:0] script '/domains/egmaweb/ov.php' not found or unable to stat
[Mon Feb 23 02:21:22.366260 2026] [php:error] [pid 2157] [client 52.141.4.186:0] script '/domains/egmaweb/default.php' not found or unable to stat
[Mon Feb 23 02:21:22.557174 2026] [php:error] [pid 2157] [client 52.141.4.186:0] script '/domains/egmaweb/goods.php' not found or unable to stat
[Mon Feb 23 02:21:22.708055 2026] [php:error] [pid 2161] [client 158.158.42.25:0] script '/domains/rextrav/src.php' not found or unable to stat
[Mon Feb 23 02:21:22.766284 2026] [php:error] [pid 2157] [client 52.141.4.186:0] script '/domains/egmaweb/abcd.php' not found or unable to stat
[Mon Feb 23 02:21:23.037978 2026] [php:error] [pid 2157] [client 52.141.4.186:0] script '/domains/egmaweb/class.1.php' not found or unable to stat
[Mon Feb 23 02:21:23.240042 2026] [php:error] [pid 2157] [client 52.141.4.186:0] script '/domains/egmaweb/async.php' not found or unable to stat
[Mon Feb 23 02:21:23.610694 2026] [php:error] [pid 2157] [client 52.141.4.186:0] script '/domains/egmaweb/ff.php' not found or unable to stat
[Mon Feb 23 02:21:23.797378 2026] [php:error] [pid 2157] [client 52.141.4.186:0] script '/domains/egmaweb/ioxi-o.php' not found or unable to stat
[Mon Feb 23 02:21:23.985462 2026] [php:error] [pid 2157] [client 52.141.4.186:0] script '/domains/egmaweb/manager.php' not found or unable to stat
[Mon Feb 23 02:21:24.260403 2026] [php:error] [pid 2157] [client 52.141.4.186:0] script '/domains/egmaweb/wp-update.php' not found or unable to stat
[Mon Feb 23 02:21:24.450141 2026] [php:error] [pid 2157] [client 52.141.4.186:0] script '/domains/egmaweb/file.php' not found or unable to stat
[Mon Feb 23 02:21:24.651500 2026] [php:error] [pid 2157] [client 52.141.4.186:0] script '/domains/egmaweb/lc.php' not found or unable to stat
[Mon Feb 23 02:21:24.837802 2026] [php:error] [pid 2157] [client 52.141.4.186:0] script '/domains/egmaweb/cbrfo.php' not found or unable to stat
[Mon Feb 23 02:21:25.040056 2026] [php:error] [pid 2161] [client 158.158.42.25:0] script '/domains/rextrav/nxd.php' not found or unable to stat
[Mon Feb 23 02:21:25.048406 2026] [php:error] [pid 2157] [client 52.141.4.186:0] script '/domains/egmaweb/inc.php' not found or unable to stat
[Mon Feb 23 02:21:25.316289 2026] [php:error] [pid 2161] [client 158.158.42.25:0] script '/domains/rextrav/module.php' not found or unable to stat
[Mon Feb 23 02:21:25.701766 2026] [php:error] [pid 2161] [client 158.158.42.25:0] script '/domains/rextrav/phpinfo.php.orig' not found or unable to stat
[Mon Feb 23 02:21:26.066447 2026] [php:error] [pid 2161] [client 158.158.42.25:0] script '/domains/rextrav/payout.php' not found or unable to stat
[Mon Feb 23 02:21:26.152303 2026] [php:error] [pid 2161] [client 158.158.42.25:0] script '/domains/rextrav/uxquidwa.php' not found or unable to stat
[Mon Feb 23 02:21:27.744077 2026] [php:error] [pid 2161] [client 158.158.42.25:0] script '/domains/rextrav/group.php' not found or unable to stat
[Mon Feb 23 02:21:28.040097 2026] [php:error] [pid 2161] [client 158.158.42.25:0] script '/domains/rextrav/semayan.php' not found or unable to stat
[Mon Feb 23 02:21:28.215677 2026] [php:error] [pid 2161] [client 158.158.42.25:0] script '/domains/rextrav/theme_support.php' not found or unable to stat
[Mon Feb 23 02:21:28.352151 2026] [php:error] [pid 2161] [client 158.158.42.25:0] script '/domains/rextrav/mrbmppbo.php' not found or unable to stat
[Mon Feb 23 02:21:28.441902 2026] [php:error] [pid 2161] [client 158.158.42.25:0] script '/domains/rextrav/wso-latest.php' not found or unable to stat
[Mon Feb 23 02:21:29.027159 2026] [php:error] [pid 2143] [client 52.141.4.186:0] script '/domains/egmaweb/gifclass.php' not found or unable to stat
[Mon Feb 23 02:21:29.219578 2026] [php:error] [pid 2143] [client 52.141.4.186:0] script '/domains/egmaweb/miansha.php' not found or unable to stat
[Mon Feb 23 02:21:29.432143 2026] [php:error] [pid 2143] [client 52.141.4.186:0] script '/domains/egmaweb/tinyfilemanager.php' not found or unable to stat
[Mon Feb 23 02:21:29.471339 2026] [php:error] [pid 2133] [client 158.158.42.25:0] script '/domains/rextrav/woqramot.php' not found or unable to stat
[Mon Feb 23 02:21:29.618907 2026] [php:error] [pid 2143] [client 52.141.4.186:0] script '/domains/egmaweb/admin.php' not found or unable to stat
[Mon Feb 23 02:21:30.032860 2026] [php:error] [pid 2143] [client 52.141.4.186:0] script '/domains/egmaweb/ok.php' not found or unable to stat
[Mon Feb 23 02:21:30.235507 2026] [php:error] [pid 2143] [client 52.141.4.186:0] script '/domains/egmaweb/fi.php' not found or unable to stat
[Mon Feb 23 02:21:30.485990 2026] [php:error] [pid 2143] [client 52.141.4.186:0] script '/domains/egmaweb/muzu.php' not found or unable to stat
[Mon Feb 23 02:21:30.693277 2026] [php:error] [pid 2143] [client 52.141.4.186:0] script '/domains/egmaweb/reze.php' not found or unable to stat
[Mon Feb 23 02:21:30.879817 2026] [php:error] [pid 2143] [client 52.141.4.186:0] script '/domains/egmaweb/styll.php' not found or unable to stat
[Mon Feb 23 02:21:31.072584 2026] [php:error] [pid 2143] [client 52.141.4.186:0] script '/domains/egmaweb/x7.php' not found or unable to stat
[Mon Feb 23 02:21:31.275051 2026] [php:error] [pid 2143] [client 52.141.4.186:0] script '/domains/egmaweb/thebe.php' not found or unable to stat
[Mon Feb 23 02:21:31.461874 2026] [php:error] [pid 2143] [client 52.141.4.186:0] script '/domains/egmaweb/ddd.php' not found or unable to stat
[Mon Feb 23 02:21:31.648344 2026] [php:error] [pid 2143] [client 52.141.4.186:0] script '/domains/egmaweb/bgymj.php' not found or unable to stat
[Mon Feb 23 02:21:31.860107 2026] [php:error] [pid 2143] [client 52.141.4.186:0] script '/domains/egmaweb/8xyz.php' not found or unable to stat
[Mon Feb 23 02:21:32.132099 2026] [php:error] [pid 2143] [client 52.141.4.186:0] script '/domains/egmaweb/ioxi.php' not found or unable to stat
[Mon Feb 23 02:21:32.319051 2026] [php:error] [pid 2143] [client 52.141.4.186:0] script '/domains/egmaweb/xpwer1.php' not found or unable to stat
[Mon Feb 23 02:21:32.646717 2026] [php:error] [pid 2143] [client 52.141.4.186:0] script '/domains/egmaweb/lala.php' not found or unable to stat
[Mon Feb 23 02:21:32.945973 2026] [php:error] [pid 2143] [client 52.141.4.186:0] script '/domains/egmaweb/about.php' not found or unable to stat
[Mon Feb 23 02:21:34.020759 2026] [php:error] [pid 2143] [client 52.141.4.186:0] script '/domains/egmaweb/info.php' not found or unable to stat
[Mon Feb 23 02:21:35.041748 2026] [php:error] [pid 2143] [client 52.141.4.186:0] script '/domains/egmaweb/about.php' not found or unable to stat
[Mon Feb 23 02:21:35.517201 2026] [php:error] [pid 2143] [client 52.141.4.186:0] script '/domains/egmaweb/222.php' not found or unable to stat
[Mon Feb 23 02:21:35.704347 2026] [php:error] [pid 2143] [client 52.141.4.186:0] script '/domains/egmaweb/adminfuns.php' not found or unable to stat
[Mon Feb 23 02:21:36.575469 2026] [php:error] [pid 2143] [client 52.141.4.186:0] script '/domains/egmaweb/xx.php' not found or unable to stat
[Mon Feb 23 02:21:36.980661 2026] [php:error] [pid 2143] [client 52.141.4.186:0] script '/domains/egmaweb/f5.php' not found or unable to stat
[Mon Feb 23 02:21:37.166995 2026] [php:error] [pid 2143] [client 52.141.4.186:0] script '/domains/egmaweb/flower.php' not found or unable to stat
[Mon Feb 23 02:21:37.353613 2026] [php:error] [pid 2143] [client 52.141.4.186:0] script '/domains/egmaweb/f6.php' not found or unable to stat
[Mon Feb 23 02:21:37.540267 2026] [php:error] [pid 2143] [client 52.141.4.186:0] script '/domains/egmaweb/edit.php' not found or unable to stat
[Mon Feb 23 02:21:38.133146 2026] [php:error] [pid 2143] [client 52.141.4.186:0] script '/domains/egmaweb/av.php' not found or unable to stat
[Mon Feb 23 02:21:38.505596 2026] [php:error] [pid 2143] [client 52.141.4.186:0] script '/domains/egmaweb/wsd.php' not found or unable to stat
[Mon Feb 23 02:21:38.692118 2026] [php:error] [pid 2143] [client 52.141.4.186:0] script '/domains/egmaweb/jane.php' not found or unable to stat
[Mon Feb 23 02:21:39.051773 2026] [php:error] [pid 2143] [client 52.141.4.186:0] script '/domains/egmaweb/css.php' not found or unable to stat
[Mon Feb 23 02:21:39.247569 2026] [php:error] [pid 2143] [client 52.141.4.186:0] script '/domains/egmaweb/alfa.php' not found or unable to stat
[Mon Feb 23 02:21:39.589600 2026] [php:error] [pid 2143] [client 52.141.4.186:0] script '/domains/egmaweb/wen.php' not found or unable to stat
[Mon Feb 23 02:21:39.782329 2026] [php:error] [pid 2143] [client 52.141.4.186:0] script '/domains/egmaweb/x.php' not found or unable to stat
[Mon Feb 23 02:21:39.968651 2026] [php:error] [pid 2143] [client 52.141.4.186:0] script '/domains/egmaweb/xxxx.php' not found or unable to stat
[Mon Feb 23 02:21:40.169351 2026] [php:error] [pid 2143] [client 52.141.4.186:0] script '/domains/egmaweb/class.php' not found or unable to stat
[Mon Feb 23 02:21:40.368394 2026] [php:error] [pid 2143] [client 52.141.4.186:0] script '/domains/egmaweb/f35.php' not found or unable to stat
[Mon Feb 23 02:21:41.125003 2026] [php:error] [pid 2143] [client 52.141.4.186:0] script '/domains/egmaweb/class-t.api.php' not found or unable to stat
[Mon Feb 23 02:21:41.311780 2026] [php:error] [pid 2143] [client 52.141.4.186:0] script '/domains/egmaweb/blurbs18.php' not found or unable to stat
[Mon Feb 23 02:21:42.902473 2026] [php:error] [pid 2143] [client 52.141.4.186:0] script '/domains/egmaweb/bless11.php' not found or unable to stat
[Mon Feb 23 02:21:43.089001 2026] [php:error] [pid 2143] [client 52.141.4.186:0] script '/domains/egmaweb/init.php' not found or unable to stat
[Mon Feb 23 02:21:43.661203 2026] [php:error] [pid 2143] [client 52.141.4.186:0] script '/domains/egmaweb/k.php' not found or unable to stat
[Mon Feb 23 02:21:43.943038 2026] [php:error] [pid 2143] [client 52.141.4.186:0] script '/domains/egmaweb/bless.php' not found or unable to stat
[Mon Feb 23 02:21:44.130512 2026] [php:error] [pid 2143] [client 52.141.4.186:0] script '/domains/egmaweb/X7x.php' not found or unable to stat
[Mon Feb 23 02:21:44.525305 2026] [php:error] [pid 2143] [client 52.141.4.186:0] script '/domains/egmaweb/166.php' not found or unable to stat
[Mon Feb 23 02:21:44.990955 2026] [php:error] [pid 2143] [client 52.141.4.186:0] script '/domains/egmaweb/plss3.php' not found or unable to stat
[Mon Feb 23 02:21:45.413496 2026] [php:error] [pid 2143] [client 52.141.4.186:0] script '/domains/egmaweb/admins.php' not found or unable to stat
[Mon Feb 23 02:21:45.599798 2026] [php:error] [pid 2143] [client 52.141.4.186:0] script '/domains/egmaweb/wp.php' not found or unable to stat
[Mon Feb 23 02:21:45.787577 2026] [php:error] [pid 2143] [client 52.141.4.186:0] script '/domains/egmaweb/main.php' not found or unable to stat
[Mon Feb 23 02:21:45.974327 2026] [php:error] [pid 2143] [client 52.141.4.186:0] script '/domains/egmaweb/a1.php' not found or unable to stat
[Mon Feb 23 02:21:46.429401 2026] [php:error] [pid 2143] [client 52.141.4.186:0] script '/domains/egmaweb/lala.php' not found or unable to stat
[Mon Feb 23 02:21:46.688627 2026] [php:error] [pid 2143] [client 52.141.4.186:0] script '/domains/egmaweb/aaa.php' not found or unable to stat
[Mon Feb 23 02:21:47.084369 2026] [php:error] [pid 2143] [client 52.141.4.186:0] script '/domains/egmaweb/a2.php' not found or unable to stat
[Mon Feb 23 02:21:47.675820 2026] [php:error] [pid 2143] [client 52.141.4.186:0] script '/domains/egmaweb/jsond.php' not found or unable to stat
[Mon Feb 23 02:21:56.572538 2026] [php:error] [pid 2163] [client 194.26.192.238:0] script '/domains/byardrealestate/txets.php' not found or unable to stat
[Mon Feb 23 02:21:57.839522 2026] [php:error] [pid 2148] [client 194.26.192.238:0] script '/domains/byardrealestate/schallfuns.php' not found or unable to stat
[Mon Feb 23 02:21:58.016072 2026] [php:error] [pid 2157] [client 194.26.192.238:0] script '/domains/byardrealestate/postnews.php' not found or unable to stat
[Mon Feb 23 02:21:59.929564 2026] [php:error] [pid 2167] [client 91.202.4.80:0] script '/domains/abtechsci/txets.php' not found or unable to stat
[Mon Feb 23 02:22:22.889919 2026] [php:error] [pid 2159] [client 68.221.64.54:0] script '/domains/awciii/webdb.php' not found or unable to stat
[Mon Feb 23 02:22:22.974839 2026] [php:error] [pid 2159] [client 68.221.64.54:0] script '/domains/awciii/file.php' not found or unable to stat
[Mon Feb 23 02:22:23.060774 2026] [php:error] [pid 2159] [client 68.221.64.54:0] script '/domains/awciii/166.php' not found or unable to stat
[Mon Feb 23 02:22:23.159389 2026] [php:error] [pid 2159] [client 68.221.64.54:0] script '/domains/awciii/classwithtostring.php' not found or unable to stat
[Mon Feb 23 02:22:23.262389 2026] [php:error] [pid 2159] [client 68.221.64.54:0] script '/domains/awciii/by.php' not found or unable to stat
[Mon Feb 23 02:22:23.443166 2026] [php:error] [pid 2159] [client 68.221.64.54:0] script '/domains/awciii/simple.php' not found or unable to stat
[Mon Feb 23 02:22:23.705282 2026] [php:error] [pid 2159] [client 68.221.64.54:0] script '/domains/awciii/confq.php' not found or unable to stat
[Mon Feb 23 02:22:23.902661 2026] [php:error] [pid 2159] [client 68.221.64.54:0] script '/domains/awciii/404.php' not found or unable to stat
[Mon Feb 23 02:22:23.997137 2026] [php:error] [pid 2159] [client 68.221.64.54:0] script '/domains/awciii/35.php' not found or unable to stat
[Mon Feb 23 02:22:24.081994 2026] [php:error] [pid 2159] [client 68.221.64.54:0] script '/domains/awciii/sx.php' not found or unable to stat
