[Mon Feb 23 01:25:05.423005 2026] [php:error] [pid 1534] [client 52.141.18.191:0] script '/domains/smartny/file.php' not found or unable to stat
[Mon Feb 23 01:25:05.609992 2026] [php:error] [pid 1534] [client 52.141.18.191:0] script '/domains/smartny/wp-good.php' not found or unable to stat
[Mon Feb 23 01:25:05.796827 2026] [php:error] [pid 1534] [client 52.141.18.191:0] script '/domains/smartny/xmlrpc.php' not found or unable to stat
[Mon Feb 23 01:25:05.986552 2026] [php:error] [pid 1534] [client 52.141.18.191:0] script '/domains/smartny/goods.php' not found or unable to stat
[Mon Feb 23 01:25:06.173667 2026] [php:error] [pid 1534] [client 52.141.18.191:0] script '/domains/smartny/ioxi-o.php' not found or unable to stat
[Mon Feb 23 01:25:06.360470 2026] [php:error] [pid 1534] [client 52.141.18.191:0] script '/domains/smartny/class-t.api.php' not found or unable to stat
[Mon Feb 23 01:25:06.547511 2026] [php:error] [pid 1534] [client 52.141.18.191:0] script '/domains/smartny/admin.php' not found or unable to stat
[Mon Feb 23 01:25:06.734418 2026] [php:error] [pid 1534] [client 52.141.18.191:0] script '/domains/smartny/sf.php' not found or unable to stat
[Mon Feb 23 01:25:06.921847 2026] [php:error] [pid 1534] [client 52.141.18.191:0] script '/domains/smartny/rip.php' not found or unable to stat
[Mon Feb 23 01:25:07.109483 2026] [php:error] [pid 1534] [client 52.141.18.191:0] script '/domains/smartny/autoload_classmap.php' not found or unable to stat
[Mon Feb 23 01:25:07.296410 2026] [php:error] [pid 1534] [client 52.141.18.191:0] script '/domains/smartny/chosen.php' not found or unable to stat
[Mon Feb 23 01:25:07.483998 2026] [php:error] [pid 1534] [client 52.141.18.191:0] script '/domains/smartny/classwithtostring.php' not found or unable to stat
[Mon Feb 23 01:25:07.671618 2026] [php:error] [pid 1534] [client 52.141.18.191:0] script '/domains/smartny/defaults.php' not found or unable to stat
[Mon Feb 23 01:25:08.607498 2026] [php:error] [pid 1534] [client 52.141.18.191:0] script '/domains/smartny/info.php' not found or unable to stat
[Mon Feb 23 01:25:09.950564 2026] [php:error] [pid 1534] [client 52.141.18.191:0] script '/domains/smartny/adminfuns.php' not found or unable to stat
[Mon Feb 23 01:25:12.151231 2026] [php:error] [pid 1540] [client 158.158.33.103:0] script '/domains/ebon/webdb.php' not found or unable to stat
[Mon Feb 23 01:25:12.246303 2026] [php:error] [pid 1540] [client 158.158.33.103:0] script '/domains/ebon/file.php' not found or unable to stat
[Mon Feb 23 01:25:12.458965 2026] [php:error] [pid 1540] [client 158.158.33.103:0] script '/domains/ebon/166.php' not found or unable to stat
[Mon Feb 23 01:25:12.544082 2026] [php:error] [pid 1540] [client 158.158.33.103:0] script '/domains/ebon/classwithtostring.php' not found or unable to stat
[Mon Feb 23 01:25:12.733111 2026] [php:error] [pid 1540] [client 158.158.33.103:0] script '/domains/ebon/by.php' not found or unable to stat
[Mon Feb 23 01:25:12.956233 2026] [php:error] [pid 1540] [client 158.158.33.103:0] script '/domains/ebon/simple.php' not found or unable to stat
[Mon Feb 23 01:25:13.226267 2026] [php:error] [pid 1540] [client 158.158.33.103:0] script '/domains/ebon/confq.php' not found or unable to stat
[Mon Feb 23 01:25:13.505181 2026] [php:error] [pid 1540] [client 158.158.33.103:0] script '/domains/ebon/404.php' not found or unable to stat
[Mon Feb 23 01:25:13.590595 2026] [php:error] [pid 1540] [client 158.158.33.103:0] script '/domains/ebon/35.php' not found or unable to stat
[Mon Feb 23 01:25:13.675098 2026] [php:error] [pid 1540] [client 158.158.33.103:0] script '/domains/ebon/sx.php' not found or unable to stat
[Mon Feb 23 01:25:13.759602 2026] [php:error] [pid 1540] [client 158.158.33.103:0] script '/domains/ebon/gettest.php' not found or unable to stat
[Mon Feb 23 01:25:13.944757 2026] [php:error] [pid 1540] [client 158.158.33.103:0] script '/domains/ebon/reze.php' not found or unable to stat
[Mon Feb 23 01:25:14.029547 2026] [php:error] [pid 1540] [client 158.158.33.103:0] script '/domains/ebon/ioxi.php' not found or unable to stat
[Mon Feb 23 01:25:14.129703 2026] [php:error] [pid 1540] [client 158.158.33.103:0] script '/domains/ebon/g.php' not found or unable to stat
[Mon Feb 23 01:25:14.231473 2026] [php:error] [pid 1540] [client 158.158.33.103:0] script '/domains/ebon/az.php' not found or unable to stat
[Mon Feb 23 01:25:14.592748 2026] [php:error] [pid 1540] [client 158.158.33.103:0] script '/domains/ebon/app.php' not found or unable to stat
[Mon Feb 23 01:25:14.677714 2026] [php:error] [pid 1540] [client 158.158.33.103:0] script '/domains/ebon/aboutc.php' not found or unable to stat
[Mon Feb 23 01:25:14.762260 2026] [php:error] [pid 1540] [client 158.158.33.103:0] script '/domains/ebon/elp.php' not found or unable to stat
[Mon Feb 23 01:25:16.938170 2026] [php:error] [pid 1548] [client 20.189.202.58:0] script '/domains/pmglobal/wp-trackback.php' not found or unable to stat
[Mon Feb 23 01:25:17.107878 2026] [php:error] [pid 1548] [client 20.189.202.58:0] script '/domains/pmglobal/about.php' not found or unable to stat
[Mon Feb 23 01:25:17.283900 2026] [php:error] [pid 1548] [client 20.189.202.58:0] script '/domains/pmglobal/file.php' not found or unable to stat
[Mon Feb 23 01:25:17.453665 2026] [php:error] [pid 1548] [client 20.189.202.58:0] script '/domains/pmglobal/wp-good.php' not found or unable to stat
[Mon Feb 23 01:25:17.623359 2026] [php:error] [pid 1548] [client 20.189.202.58:0] script '/domains/pmglobal/xmlrpc.php' not found or unable to stat
[Mon Feb 23 01:25:17.791955 2026] [php:error] [pid 1548] [client 20.189.202.58:0] script '/domains/pmglobal/goods.php' not found or unable to stat
[Mon Feb 23 01:25:17.960405 2026] [php:error] [pid 1548] [client 20.189.202.58:0] script '/domains/pmglobal/ioxi-o.php' not found or unable to stat
[Mon Feb 23 01:25:18.128999 2026] [php:error] [pid 1548] [client 20.189.202.58:0] script '/domains/pmglobal/class-t.api.php' not found or unable to stat
[Mon Feb 23 01:25:18.297624 2026] [php:error] [pid 1548] [client 20.189.202.58:0] script '/domains/pmglobal/admin.php' not found or unable to stat
[Mon Feb 23 01:25:18.465936 2026] [php:error] [pid 1548] [client 20.189.202.58:0] script '/domains/pmglobal/sf.php' not found or unable to stat
[Mon Feb 23 01:25:18.634687 2026] [php:error] [pid 1548] [client 20.189.202.58:0] script '/domains/pmglobal/rip.php' not found or unable to stat
[Mon Feb 23 01:25:18.803607 2026] [php:error] [pid 1548] [client 20.189.202.58:0] script '/domains/pmglobal/autoload_classmap.php' not found or unable to stat
[Mon Feb 23 01:25:18.975312 2026] [php:error] [pid 1548] [client 20.189.202.58:0] script '/domains/pmglobal/chosen.php' not found or unable to stat
[Mon Feb 23 01:25:19.145193 2026] [php:error] [pid 1548] [client 20.189.202.58:0] script '/domains/pmglobal/classwithtostring.php' not found or unable to stat
[Mon Feb 23 01:25:19.314786 2026] [php:error] [pid 1548] [client 20.189.202.58:0] script '/domains/pmglobal/defaults.php' not found or unable to stat
[Mon Feb 23 01:25:19.555681 2026] [php:error] [pid 1549] [client 176.65.132.217:0] script '/domains/fryer/info.php' not found or unable to stat, referer: http://fryer.com/
[Mon Feb 23 01:25:19.686424 2026] [php:error] [pid 1543] [client 176.65.132.217:0] script '/domains/fryer/wp-config.php' not found or unable to stat, referer: http://fryer.com/
[Mon Feb 23 01:25:19.761658 2026] [php:error] [pid 1534] [client 176.65.132.217:0] script '/domains/fryer/config.php' not found or unable to stat, referer: http://fryer.com/
[Mon Feb 23 01:25:19.962989 2026] [php:error] [pid 1534] [client 176.65.132.217:0] script '/domains/fryer/phpinfo.php' not found or unable to stat, referer: http://fryer.com/
[Mon Feb 23 01:25:20.158617 2026] [php:error] [pid 1548] [client 20.189.202.58:0] script '/domains/pmglobal/info.php' not found or unable to stat
[Mon Feb 23 01:25:21.356242 2026] [php:error] [pid 1548] [client 20.189.202.58:0] script '/domains/pmglobal/adminfuns.php' not found or unable to stat
[Mon Feb 23 01:26:10.948249 2026] [php:error] [pid 1554] [client 20.194.29.45:0] script '/domains/system_suspended/wp-trackback.php' not found or unable to stat
[Mon Feb 23 01:26:11.164078 2026] [php:error] [pid 1554] [client 20.194.29.45:0] script '/domains/system_suspended/about.php' not found or unable to stat
[Mon Feb 23 01:26:11.359460 2026] [php:error] [pid 1554] [client 20.194.29.45:0] script '/domains/system_suspended/file.php' not found or unable to stat
[Mon Feb 23 01:26:11.556348 2026] [php:error] [pid 1554] [client 20.194.29.45:0] script '/domains/system_suspended/wp-good.php' not found or unable to stat
[Mon Feb 23 01:26:11.750517 2026] [php:error] [pid 1554] [client 20.194.29.45:0] script '/domains/system_suspended/xmlrpc.php' not found or unable to stat
[Mon Feb 23 01:26:11.944924 2026] [php:error] [pid 1554] [client 20.194.29.45:0] script '/domains/system_suspended/goods.php' not found or unable to stat
[Mon Feb 23 01:26:12.153808 2026] [php:error] [pid 1554] [client 20.194.29.45:0] script '/domains/system_suspended/ioxi-o.php' not found or unable to stat
[Mon Feb 23 01:26:12.347789 2026] [php:error] [pid 1554] [client 20.194.29.45:0] script '/domains/system_suspended/class-t.api.php' not found or unable to stat
[Mon Feb 23 01:26:12.542581 2026] [php:error] [pid 1554] [client 20.194.29.45:0] script '/domains/system_suspended/admin.php' not found or unable to stat
[Mon Feb 23 01:26:12.736970 2026] [php:error] [pid 1554] [client 20.194.29.45:0] script '/domains/system_suspended/sf.php' not found or unable to stat
[Mon Feb 23 01:26:12.930978 2026] [php:error] [pid 1554] [client 20.194.29.45:0] script '/domains/system_suspended/rip.php' not found or unable to stat
[Mon Feb 23 01:26:13.125033 2026] [php:error] [pid 1554] [client 20.194.29.45:0] script '/domains/system_suspended/autoload_classmap.php' not found or unable to stat
[Mon Feb 23 01:26:13.318927 2026] [php:error] [pid 1554] [client 20.194.29.45:0] script '/domains/system_suspended/chosen.php' not found or unable to stat
[Mon Feb 23 01:26:13.512868 2026] [php:error] [pid 1554] [client 20.194.29.45:0] script '/domains/system_suspended/classwithtostring.php' not found or unable to stat
[Mon Feb 23 01:26:13.707771 2026] [php:error] [pid 1554] [client 20.194.29.45:0] script '/domains/system_suspended/defaults.php' not found or unable to stat
[Mon Feb 23 01:26:14.678182 2026] [php:error] [pid 1554] [client 20.194.29.45:0] script '/domains/system_suspended/info.php' not found or unable to stat
[Mon Feb 23 01:26:16.060221 2026] [php:error] [pid 1554] [client 20.194.29.45:0] script '/domains/system_suspended/adminfuns.php' not found or unable to stat
[Mon Feb 23 01:26:36.117595 2026] [php:error] [pid 1551] [client 20.212.80.137:0] script '/domains/system_default/shell.php' not found or unable to stat
[Mon Feb 23 01:26:36.575550 2026] [php:error] [pid 1551] [client 20.212.80.137:0] script '/domains/system_default/favicon.php' not found or unable to stat
[Mon Feb 23 01:26:36.803893 2026] [php:error] [pid 1551] [client 20.212.80.137:0] script '/domains/system_default/8xyz.php' not found or unable to stat
[Mon Feb 23 01:26:37.257013 2026] [php:error] [pid 1551] [client 20.212.80.137:0] script '/domains/system_default/install.php' not found or unable to stat
[Mon Feb 23 01:26:37.713677 2026] [php:error] [pid 1551] [client 20.212.80.137:0] script '/domains/system_default/dropdown.php' not found or unable to stat
[Mon Feb 23 01:26:37.941417 2026] [php:error] [pid 1551] [client 20.212.80.137:0] script '/domains/system_default/gdn.php' not found or unable to stat
[Mon Feb 23 01:26:38.168643 2026] [php:error] [pid 1551] [client 20.212.80.137:0] script '/domains/system_default/system_log.php' not found or unable to stat
[Mon Feb 23 01:26:38.395287 2026] [php:error] [pid 1551] [client 20.212.80.137:0] script '/domains/system_default/gettest.php' not found or unable to stat
[Mon Feb 23 01:26:38.621973 2026] [php:error] [pid 1551] [client 20.212.80.137:0] script '/domains/system_default/shell20211028.php' not found or unable to stat
[Mon Feb 23 01:26:38.651865 2026] [php:error] [pid 1554] [client 20.78.146.86:0] script '/domains/pookie.dnai/wp-trackback.php' not found or unable to stat
[Mon Feb 23 01:26:38.821007 2026] [php:error] [pid 1554] [client 20.78.146.86:0] script '/domains/pookie.dnai/about.php' not found or unable to stat
[Mon Feb 23 01:26:38.854070 2026] [php:error] [pid 1551] [client 20.212.80.137:0] script '/domains/system_default/byp.php' not found or unable to stat
[Mon Feb 23 01:26:39.010960 2026] [php:error] [pid 1554] [client 20.78.146.86:0] script '/domains/pookie.dnai/file.php' not found or unable to stat
[Mon Feb 23 01:26:39.081301 2026] [php:error] [pid 1551] [client 20.212.80.137:0] script '/domains/system_default/an.php' not found or unable to stat
[Mon Feb 23 01:26:39.178818 2026] [php:error] [pid 1554] [client 20.78.146.86:0] script '/domains/pookie.dnai/wp-good.php' not found or unable to stat
[Mon Feb 23 01:26:39.313835 2026] [php:error] [pid 1551] [client 20.212.80.137:0] script '/domains/system_default/b.php' not found or unable to stat
[Mon Feb 23 01:26:39.346987 2026] [php:error] [pid 1554] [client 20.78.146.86:0] script '/domains/pookie.dnai/xmlrpc.php' not found or unable to stat
[Mon Feb 23 01:26:39.515626 2026] [php:error] [pid 1554] [client 20.78.146.86:0] script '/domains/pookie.dnai/goods.php' not found or unable to stat
[Mon Feb 23 01:26:39.540328 2026] [php:error] [pid 1551] [client 20.212.80.137:0] script '/domains/system_default/404.php' not found or unable to stat
[Mon Feb 23 01:26:39.683530 2026] [php:error] [pid 1554] [client 20.78.146.86:0] script '/domains/pookie.dnai/ioxi-o.php' not found or unable to stat
[Mon Feb 23 01:26:39.851700 2026] [php:error] [pid 1554] [client 20.78.146.86:0] script '/domains/pookie.dnai/class-t.api.php' not found or unable to stat
[Mon Feb 23 01:26:39.994924 2026] [php:error] [pid 1551] [client 20.212.80.137:0] script '/domains/system_default/fetch.php' not found or unable to stat
[Mon Feb 23 01:26:40.019430 2026] [php:error] [pid 1554] [client 20.78.146.86:0] script '/domains/pookie.dnai/admin.php' not found or unable to stat
[Mon Feb 23 01:26:40.187454 2026] [php:error] [pid 1554] [client 20.78.146.86:0] script '/domains/pookie.dnai/sf.php' not found or unable to stat
[Mon Feb 23 01:26:40.356097 2026] [php:error] [pid 1554] [client 20.78.146.86:0] script '/domains/pookie.dnai/rip.php' not found or unable to stat
[Mon Feb 23 01:26:40.449137 2026] [php:error] [pid 1551] [client 20.212.80.137:0] script '/domains/system_default/wp-config-sample.php' not found or unable to stat
[Mon Feb 23 01:26:40.523973 2026] [php:error] [pid 1554] [client 20.78.146.86:0] script '/domains/pookie.dnai/autoload_classmap.php' not found or unable to stat
[Mon Feb 23 01:26:40.675794 2026] [php:error] [pid 1551] [client 20.212.80.137:0] script '/domains/system_default/a2.php' not found or unable to stat
[Mon Feb 23 01:26:40.691987 2026] [php:error] [pid 1554] [client 20.78.146.86:0] script '/domains/pookie.dnai/chosen.php' not found or unable to stat
[Mon Feb 23 01:26:40.860092 2026] [php:error] [pid 1554] [client 20.78.146.86:0] script '/domains/pookie.dnai/classwithtostring.php' not found or unable to stat
[Mon Feb 23 01:26:41.040930 2026] [php:error] [pid 1554] [client 20.78.146.86:0] script '/domains/pookie.dnai/defaults.php' not found or unable to stat
[Mon Feb 23 01:26:41.130754 2026] [php:error] [pid 1551] [client 20.212.80.137:0] script '/domains/system_default/rip.php' not found or unable to stat
[Mon Feb 23 01:26:41.357618 2026] [php:error] [pid 1551] [client 20.212.80.137:0] script '/domains/system_default/doc.php' not found or unable to stat
[Mon Feb 23 01:26:41.584216 2026] [php:error] [pid 1551] [client 20.212.80.137:0] script '/domains/system_default/o.php' not found or unable to stat
[Mon Feb 23 01:26:41.885498 2026] [php:error] [pid 1554] [client 20.78.146.86:0] script '/domains/pookie.dnai/info.php' not found or unable to stat
[Mon Feb 23 01:26:42.037743 2026] [php:error] [pid 1551] [client 20.212.80.137:0] script '/domains/system_default/bgymj.php' not found or unable to stat
[Mon Feb 23 01:26:42.265105 2026] [php:error] [pid 1551] [client 20.212.80.137:0] script '/domains/system_default/f.php' not found or unable to stat
[Mon Feb 23 01:26:42.492098 2026] [php:error] [pid 1551] [client 20.212.80.137:0] script '/domains/system_default/ws.php' not found or unable to stat
[Mon Feb 23 01:26:42.945931 2026] [php:error] [pid 1551] [client 20.212.80.137:0] script '/domains/system_default/system.php' not found or unable to stat
[Mon Feb 23 01:26:43.079467 2026] [php:error] [pid 1554] [client 20.78.146.86:0] script '/domains/pookie.dnai/adminfuns.php' not found or unable to stat
[Mon Feb 23 01:26:43.172596 2026] [php:error] [pid 1551] [client 20.212.80.137:0] script '/domains/system_default/chosen.php' not found or unable to stat
[Mon Feb 23 01:26:43.631677 2026] [php:error] [pid 1551] [client 20.212.80.137:0] script '/domains/system_default/an.php' not found or unable to stat
[Mon Feb 23 01:26:43.858217 2026] [php:error] [pid 1551] [client 20.212.80.137:0] script '/domains/system_default/ma.php' not found or unable to stat
[Mon Feb 23 01:26:44.085131 2026] [php:error] [pid 1551] [client 20.212.80.137:0] script '/domains/system_default/h.php' not found or unable to stat
[Mon Feb 23 01:26:45.232746 2026] [php:error] [pid 1551] [client 20.212.80.137:0] script '/domains/system_default/system.php' not found or unable to stat
[Mon Feb 23 01:26:45.686561 2026] [php:error] [pid 1551] [client 20.212.80.137:0] script '/domains/system_default/class-t.api.php' not found or unable to stat
[Mon Feb 23 01:26:45.914910 2026] [php:error] [pid 1551] [client 20.212.80.137:0] script '/domains/system_default/asd.php' not found or unable to stat
[Mon Feb 23 01:26:46.606328 2026] [php:error] [pid 1551] [client 20.212.80.137:0] script '/domains/system_default/k.php' not found or unable to stat
[Mon Feb 23 01:26:46.832943 2026] [php:error] [pid 1551] [client 20.212.80.137:0] script '/domains/system_default/geck.php' not found or unable to stat
[Mon Feb 23 01:26:47.060222 2026] [php:error] [pid 1551] [client 20.212.80.137:0] script '/domains/system_default/lala.php' not found or unable to stat
[Mon Feb 23 01:26:47.286858 2026] [php:error] [pid 1551] [client 20.212.80.137:0] script '/domains/system_default/menu.php' not found or unable to stat
[Mon Feb 23 01:26:47.519684 2026] [php:error] [pid 1551] [client 20.212.80.137:0] script '/domains/system_default/alfa.php' not found or unable to stat
[Mon Feb 23 01:26:47.746254 2026] [php:error] [pid 1551] [client 20.212.80.137:0] script '/domains/system_default/dropdown.php' not found or unable to stat
[Mon Feb 23 01:26:47.974738 2026] [php:error] [pid 1551] [client 20.212.80.137:0] script '/domains/system_default/v2.php' not found or unable to stat
[Mon Feb 23 01:26:48.202464 2026] [php:error] [pid 1551] [client 20.212.80.137:0] script '/domains/system_default/jmfi2.php' not found or unable to stat
[Mon Feb 23 01:26:48.343825 2026] [php:error] [pid 1557] [client 20.196.195.121:0] script '/domains/system_default/meew.php' not found or unable to stat
[Mon Feb 23 01:26:48.535886 2026] [php:error] [pid 1557] [client 20.196.195.121:0] script '/domains/system_default/add.php' not found or unable to stat
[Mon Feb 23 01:26:48.655740 2026] [php:error] [pid 1551] [client 20.212.80.137:0] script '/domains/system_default/w.php' not found or unable to stat
[Mon Feb 23 01:26:48.731354 2026] [php:error] [pid 1557] [client 20.196.195.121:0] script '/domains/system_default/8.php' not found or unable to stat
[Mon Feb 23 01:26:48.949266 2026] [php:error] [pid 1557] [client 20.196.195.121:0] script '/domains/system_default/ty.php' not found or unable to stat
[Mon Feb 23 01:26:49.112121 2026] [php:error] [pid 1551] [client 20.212.80.137:0] script '/domains/system_default/flower2.php' not found or unable to stat
[Mon Feb 23 01:26:49.163292 2026] [php:error] [pid 1557] [client 20.196.195.121:0] script '/domains/system_default/sys.php' not found or unable to stat
[Mon Feb 23 01:26:49.353104 2026] [php:error] [pid 1557] [client 20.196.195.121:0] script '/domains/system_default/mass.php' not found or unable to stat
[Mon Feb 23 01:26:49.565003 2026] [php:error] [pid 1551] [client 20.212.80.137:0] script '/domains/system_default/wp-login.php' not found or unable to stat
[Mon Feb 23 01:26:49.577551 2026] [php:error] [pid 1557] [client 20.196.195.121:0] script '/domains/system_default/alfa.php' not found or unable to stat
[Mon Feb 23 01:26:49.791432 2026] [php:error] [pid 1557] [client 20.196.195.121:0] script '/domains/system_default/71.php' not found or unable to stat
[Mon Feb 23 01:26:49.986535 2026] [php:error] [pid 1557] [client 20.196.195.121:0] script '/domains/system_default/admin-footer.php' not found or unable to stat
[Mon Feb 23 01:26:50.203837 2026] [php:error] [pid 1557] [client 20.196.195.121:0] script '/domains/system_default/webdb.php' not found or unable to stat
[Mon Feb 23 01:26:50.246302 2026] [php:error] [pid 1551] [client 20.212.80.137:0] script '/domains/system_default/ze.php' not found or unable to stat
[Mon Feb 23 01:26:50.397319 2026] [php:error] [pid 1557] [client 20.196.195.121:0] script '/domains/system_default/plugin.php' not found or unable to stat
[Mon Feb 23 01:26:50.472927 2026] [php:error] [pid 1551] [client 20.212.80.137:0] script '/domains/system_default/elp.php' not found or unable to stat
[Mon Feb 23 01:26:50.613257 2026] [php:error] [pid 1557] [client 20.196.195.121:0] script '/domains/system_default/lib.php' not found or unable to stat
[Mon Feb 23 01:26:50.808882 2026] [php:error] [pid 1557] [client 20.196.195.121:0] script '/domains/system_default/makeasmtp.php' not found or unable to stat
[Mon Feb 23 01:26:50.925403 2026] [php:error] [pid 1551] [client 20.212.80.137:0] script '/domains/system_default/ph33w.php' not found or unable to stat
[Mon Feb 23 01:26:51.024149 2026] [php:error] [pid 1557] [client 20.196.195.121:0] script '/domains/system_default/zeal.php' not found or unable to stat
[Mon Feb 23 01:26:51.152071 2026] [php:error] [pid 1551] [client 20.212.80.137:0] script '/domains/system_default/x.php' not found or unable to stat
[Mon Feb 23 01:26:51.211372 2026] [php:error] [pid 1557] [client 20.196.195.121:0] script '/domains/system_default/sc.php' not found or unable to stat
[Mon Feb 23 01:26:51.605810 2026] [php:error] [pid 1551] [client 20.212.80.137:0] script '/domains/system_default/lp6.php' not found or unable to stat
[Mon Feb 23 01:26:51.636251 2026] [php:error] [pid 1557] [client 20.196.195.121:0] script '/domains/system_default/txets.php' not found or unable to stat
[Mon Feb 23 01:26:51.865377 2026] [php:error] [pid 1557] [client 20.196.195.121:0] script '/domains/system_default/options-head.php' not found or unable to stat
[Mon Feb 23 01:26:52.059278 2026] [php:error] [pid 1551] [client 20.212.80.137:0] script '/domains/system_default/d12.php' not found or unable to stat
[Mon Feb 23 01:26:52.271126 2026] [php:error] [pid 1557] [client 20.196.195.121:0] script '/domains/system_default/cmdo.php' not found or unable to stat
[Mon Feb 23 01:26:52.287451 2026] [php:error] [pid 1551] [client 20.212.80.137:0] script '/domains/system_default/x.php' not found or unable to stat
[Mon Feb 23 01:26:52.458334 2026] [php:error] [pid 1557] [client 20.196.195.121:0] script '/domains/system_default/p.php' not found or unable to stat
[Mon Feb 23 01:26:52.514371 2026] [php:error] [pid 1551] [client 20.212.80.137:0] script '/domains/system_default/bk.php' not found or unable to stat
[Mon Feb 23 01:26:52.650925 2026] [php:error] [pid 1557] [client 20.196.195.121:0] script '/domains/system_default/Capte.php' not found or unable to stat
[Mon Feb 23 01:26:52.741427 2026] [php:error] [pid 1551] [client 20.212.80.137:0] script '/domains/system_default/phpinfo.php' not found or unable to stat
[Mon Feb 23 01:26:52.838950 2026] [php:error] [pid 1557] [client 20.196.195.121:0] script '/domains/system_default/ccou.php' not found or unable to stat
[Mon Feb 23 01:26:53.043458 2026] [php:error] [pid 1557] [client 20.196.195.121:0] script '/domains/system_default/503.php' not found or unable to stat
[Mon Feb 23 01:26:53.198861 2026] [php:error] [pid 1551] [client 20.212.80.137:0] script '/domains/system_default/f.php' not found or unable to stat
[Mon Feb 23 01:26:53.861906 2026] [php:error] [pid 1557] [client 20.196.195.121:0] script '/domains/system_default/ws66.php' not found or unable to stat
[Mon Feb 23 01:26:53.879481 2026] [php:error] [pid 1551] [client 20.212.80.137:0] script '/domains/system_default/z.php' not found or unable to stat
[Mon Feb 23 01:26:54.053795 2026] [php:error] [pid 1557] [client 20.196.195.121:0] script '/domains/system_default/xa.php' not found or unable to stat
[Mon Feb 23 01:26:54.105779 2026] [php:error] [pid 1551] [client 20.212.80.137:0] script '/domains/system_default/z.php' not found or unable to stat
[Mon Feb 23 01:26:54.240510 2026] [php:error] [pid 1557] [client 20.196.195.121:0] script '/domains/system_default/666.php' not found or unable to stat
[Mon Feb 23 01:26:54.456940 2026] [php:error] [pid 1557] [client 20.196.195.121:0] script '/domains/system_default/error.php' not found or unable to stat
[Mon Feb 23 01:26:54.652788 2026] [php:error] [pid 1557] [client 20.196.195.121:0] script '/domains/system_default/222.php' not found or unable to stat
[Mon Feb 23 01:26:54.795254 2026] [php:error] [pid 1551] [client 20.212.80.137:0] script '/domains/system_default/file.php' not found or unable to stat
[Mon Feb 23 01:26:54.883904 2026] [php:error] [pid 1557] [client 20.196.195.121:0] script '/domains/system_default/wen.php' not found or unable to stat
[Mon Feb 23 01:26:55.071170 2026] [php:error] [pid 1557] [client 20.196.195.121:0] script '/domains/system_default/environment.php' not found or unable to stat
[Mon Feb 23 01:26:55.257781 2026] [php:error] [pid 1557] [client 20.196.195.121:0] script '/domains/system_default/styles.php' not found or unable to stat
[Mon Feb 23 01:26:55.475708 2026] [php:error] [pid 1551] [client 20.212.80.137:0] script '/domains/system_default/elp.php' not found or unable to stat
[Mon Feb 23 01:26:55.561678 2026] [php:error] [pid 1557] [client 20.196.195.121:0] script '/domains/system_default/wp-4doption1.php' not found or unable to stat
[Mon Feb 23 01:26:55.702228 2026] [php:error] [pid 1551] [client 20.212.80.137:0] script '/domains/system_default/p.php' not found or unable to stat
[Mon Feb 23 01:26:55.935434 2026] [php:error] [pid 1557] [client 20.196.195.121:0] script '/domains/system_default/1.php' not found or unable to stat
[Mon Feb 23 01:26:56.155890 2026] [php:error] [pid 1551] [client 20.212.80.137:0] script '/domains/system_default/config.php' not found or unable to stat
[Mon Feb 23 01:26:56.384528 2026] [php:error] [pid 1551] [client 20.212.80.137:0] script '/domains/system_default/rip.php' not found or unable to stat
[Mon Feb 23 01:26:56.437689 2026] [php:error] [pid 1557] [client 20.196.195.121:0] script '/domains/system_default/atomlib.php' not found or unable to stat
[Mon Feb 23 01:26:56.617580 2026] [php:error] [pid 1551] [client 20.212.80.137:0] script '/domains/system_default/cache.php' not found or unable to stat
[Mon Feb 23 01:26:56.624329 2026] [php:error] [pid 1557] [client 20.196.195.121:0] script '/domains/system_default/asasx.php' not found or unable to stat
[Mon Feb 23 01:26:56.813924 2026] [php:error] [pid 1557] [client 20.196.195.121:0] script '/domains/system_default/ioxi-o.php' not found or unable to stat
[Mon Feb 23 01:26:56.844829 2026] [php:error] [pid 1551] [client 20.212.80.137:0] script '/domains/system_default/ahax.php' not found or unable to stat
[Mon Feb 23 01:26:57.001309 2026] [php:error] [pid 1557] [client 20.196.195.121:0] script '/domains/system_default/z60.php' not found or unable to stat
[Mon Feb 23 01:26:57.257859 2026] [php:error] [pid 1557] [client 20.196.195.121:0] script '/domains/system_default/dropdown.php' not found or unable to stat
[Mon Feb 23 01:26:57.311164 2026] [php:error] [pid 1551] [client 20.212.80.137:0] script '/domains/system_default/tt.php' not found or unable to stat
[Mon Feb 23 01:26:57.835567 2026] [php:error] [pid 1557] [client 20.196.195.121:0] script '/domains/system_default/wp-tot.php' not found or unable to stat
[Mon Feb 23 01:26:58.032338 2026] [php:error] [pid 1551] [client 20.212.80.137:0] script '/domains/system_default/wp-conf.php' not found or unable to stat
[Mon Feb 23 01:26:58.418929 2026] [php:error] [pid 1557] [client 20.196.195.121:0] script '/domains/system_default/class.php' not found or unable to stat
[Mon Feb 23 01:26:58.622981 2026] [php:error] [pid 1557] [client 20.196.195.121:0] script '/domains/system_default/404.php' not found or unable to stat
[Mon Feb 23 01:26:58.811275 2026] [php:error] [pid 1557] [client 20.196.195.121:0] script '/domains/system_default/mode.php' not found or unable to stat
[Mon Feb 23 01:26:58.960334 2026] [php:error] [pid 1554] [client 20.212.80.137:0] script '/domains/system_default/hey.php' not found or unable to stat
[Mon Feb 23 01:26:59.029490 2026] [php:error] [pid 1557] [client 20.196.195.121:0] script '/domains/system_default/aboutc.php' not found or unable to stat
[Mon Feb 23 01:26:59.188325 2026] [php:error] [pid 1554] [client 20.212.80.137:0] script '/domains/system_default/m.php' not found or unable to stat
[Mon Feb 23 01:26:59.378055 2026] [php:error] [pid 1557] [client 20.196.195.121:0] script '/domains/system_default/sx.php' not found or unable to stat
[Mon Feb 23 01:26:59.415204 2026] [php:error] [pid 1554] [client 20.212.80.137:0] script '/domains/system_default/install.php' not found or unable to stat
[Mon Feb 23 01:26:59.629422 2026] [php:error] [pid 1557] [client 20.196.195.121:0] script '/domains/system_default/themes.php' not found or unable to stat
[Mon Feb 23 01:26:59.644343 2026] [php:error] [pid 1554] [client 20.212.80.137:0] script '/domains/system_default/web.php' not found or unable to stat
[Mon Feb 23 01:26:59.841451 2026] [php:error] [pid 1557] [client 20.196.195.121:0] script '/domains/system_default/yawa.php' not found or unable to stat
[Mon Feb 23 01:27:00.028824 2026] [php:error] [pid 1557] [client 20.196.195.121:0] script '/domains/system_default/m.php' not found or unable to stat
[Mon Feb 23 01:27:00.102766 2026] [php:error] [pid 1554] [client 20.212.80.137:0] script '/domains/system_default/content.php' not found or unable to stat
[Mon Feb 23 01:27:00.329933 2026] [php:error] [pid 1554] [client 20.212.80.137:0] script '/domains/system_default/adminfuns.php' not found or unable to stat
[Mon Feb 23 01:27:00.407271 2026] [php:error] [pid 1557] [client 20.196.195.121:0] script '/domains/system_default/item.php' not found or unable to stat
[Mon Feb 23 01:27:00.593910 2026] [php:error] [pid 1557] [client 20.196.195.121:0] script '/domains/system_default/403.php' not found or unable to stat
[Mon Feb 23 01:27:00.787468 2026] [php:error] [pid 1557] [client 20.196.195.121:0] script '/domains/system_default/gg.php' not found or unable to stat
[Mon Feb 23 01:27:01.020334 2026] [php:error] [pid 1554] [client 20.212.80.137:0] script '/domains/system_default/la.php' not found or unable to stat
[Mon Feb 23 01:27:01.248906 2026] [php:error] [pid 1554] [client 20.212.80.137:0] script '/domains/system_default/a1.php' not found or unable to stat
[Mon Feb 23 01:27:01.301049 2026] [php:error] [pid 1557] [client 20.196.195.121:0] script '/domains/system_default/akcc.php' not found or unable to stat
[Mon Feb 23 01:27:01.480110 2026] [php:error] [pid 1554] [client 20.212.80.137:0] script '/domains/system_default/403.php' not found or unable to stat
[Mon Feb 23 01:27:01.517989 2026] [php:error] [pid 1557] [client 20.196.195.121:0] script '/domains/system_default/radio.php' not found or unable to stat
[Mon Feb 23 01:27:01.724372 2026] [php:error] [pid 1557] [client 20.196.195.121:0] script '/domains/system_default/xa.php' not found or unable to stat
[Mon Feb 23 01:27:01.911408 2026] [php:error] [pid 1557] [client 20.196.195.121:0] script '/domains/system_default/backup.php' not found or unable to stat
[Mon Feb 23 01:27:02.160984 2026] [php:error] [pid 1554] [client 20.212.80.137:0] script '/domains/system_default/errw.php' not found or unable to stat
[Mon Feb 23 01:27:02.618083 2026] [php:error] [pid 1554] [client 20.212.80.137:0] script '/domains/system_default/wp.php' not found or unable to stat
[Mon Feb 23 01:27:02.844650 2026] [php:error] [pid 1554] [client 20.212.80.137:0] script '/domains/system_default/themes.php' not found or unable to stat
[Mon Feb 23 01:27:03.036948 2026] [php:error] [pid 1557] [client 20.196.195.121:0] script '/domains/system_default/galex.php' not found or unable to stat
[Mon Feb 23 01:27:03.072340 2026] [php:error] [pid 1554] [client 20.212.80.137:0] script '/domains/system_default/environment.php' not found or unable to stat
[Mon Feb 23 01:27:03.298986 2026] [php:error] [pid 1554] [client 20.212.80.137:0] script '/domains/system_default/404.php' not found or unable to stat
[Mon Feb 23 01:27:03.762283 2026] [php:error] [pid 1554] [client 20.212.80.137:0] script '/domains/system_default/cs.php' not found or unable to stat
[Mon Feb 23 01:27:03.798832 2026] [php:error] [pid 1557] [client 20.196.195.121:0] script '/domains/system_default/about.php' not found or unable to stat
[Mon Feb 23 01:27:03.986476 2026] [php:error] [pid 1557] [client 20.196.195.121:0] script '/domains/system_default/vx.php' not found or unable to stat
[Mon Feb 23 01:27:04.173109 2026] [php:error] [pid 1557] [client 20.196.195.121:0] script '/domains/system_default/classwithtostring.php' not found or unable to stat
[Mon Feb 23 01:27:04.449536 2026] [php:error] [pid 1554] [client 20.212.80.137:0] script '/domains/system_default/domains.php' not found or unable to stat
[Mon Feb 23 01:27:04.584306 2026] [php:error] [pid 1557] [client 20.196.195.121:0] script '/domains/system_default/fff.php' not found or unable to stat
[Mon Feb 23 01:27:04.782717 2026] [php:error] [pid 1557] [client 20.196.195.121:0] script '/domains/system_default/content.php' not found or unable to stat
[Mon Feb 23 01:27:04.984455 2026] [php:error] [pid 1557] [client 20.196.195.121:0] script '/domains/system_default/menu.php' not found or unable to stat
[Mon Feb 23 01:27:05.141018 2026] [php:error] [pid 1554] [client 20.212.80.137:0] script '/domains/system_default/radio.php' not found or unable to stat
[Mon Feb 23 01:27:05.171295 2026] [php:error] [pid 1557] [client 20.196.195.121:0] script '/domains/system_default/gifclass.php' not found or unable to stat
[Mon Feb 23 01:27:05.597728 2026] [php:error] [pid 1554] [client 20.212.80.137:0] script '/domains/system_default/wp-blog.php' not found or unable to stat
[Mon Feb 23 01:27:05.824598 2026] [php:error] [pid 1554] [client 20.212.80.137:0] script '/domains/system_default/ak.php' not found or unable to stat
[Mon Feb 23 01:27:06.284773 2026] [php:error] [pid 1557] [client 20.196.195.121:0] script '/domains/system_default/css.php' not found or unable to stat
[Mon Feb 23 01:27:06.486578 2026] [php:error] [pid 1557] [client 20.196.195.121:0] script '/domains/system_default/x7.php' not found or unable to stat
[Mon Feb 23 01:27:06.509328 2026] [php:error] [pid 1554] [client 20.212.80.137:0] script '/domains/system_default/403.php' not found or unable to stat
[Mon Feb 23 01:27:06.963076 2026] [php:error] [pid 1554] [client 20.212.80.137:0] script '/domains/system_default/wso.php' not found or unable to stat
[Mon Feb 23 01:27:07.193125 2026] [php:error] [pid 1554] [client 20.212.80.137:0] script '/domains/system_default/wp-cron.php' not found or unable to stat
[Mon Feb 23 01:27:07.441249 2026] [php:error] [pid 1554] [client 20.212.80.137:0] script '/domains/system_default/autoload_classmap.php' not found or unable to stat
[Mon Feb 23 01:27:07.473181 2026] [php:error] [pid 1557] [client 20.196.195.121:0] script '/domains/system_default/bugger.php' not found or unable to stat
[Mon Feb 23 01:27:07.670330 2026] [php:error] [pid 1554] [client 20.212.80.137:0] script '/domains/system_default/inputs.php' not found or unable to stat
[Mon Feb 23 01:27:07.861315 2026] [php:error] [pid 1557] [client 20.196.195.121:0] script '/domains/system_default/simple.php' not found or unable to stat
[Mon Feb 23 01:27:08.054955 2026] [php:error] [pid 1557] [client 20.196.195.121:0] script '/domains/system_default/alfa.php' not found or unable to stat
[Mon Feb 23 01:27:08.258006 2026] [php:error] [pid 1557] [client 20.196.195.121:0] script '/domains/system_default/wp-file.php' not found or unable to stat
[Mon Feb 23 01:27:08.362261 2026] [php:error] [pid 1554] [client 20.212.80.137:0] script '/domains/system_default/zwso.php' not found or unable to stat
[Mon Feb 23 01:27:08.444654 2026] [php:error] [pid 1557] [client 20.196.195.121:0] script '/domains/system_default/as.php' not found or unable to stat
[Mon Feb 23 01:27:08.597422 2026] [php:error] [pid 1554] [client 20.212.80.137:0] script '/domains/system_default/bolt.php' not found or unable to stat
[Mon Feb 23 01:27:09.052628 2026] [php:error] [pid 1554] [client 20.212.80.137:0] script '/domains/system_default/autoload_classmap.php' not found or unable to stat
[Mon Feb 23 01:27:09.067146 2026] [php:error] [pid 1557] [client 20.196.195.121:0] script '/domains/system_default/X57.php' not found or unable to stat
[Mon Feb 23 01:27:09.279217 2026] [php:error] [pid 1557] [client 20.196.195.121:0] script '/domains/system_default/abc.php' not found or unable to stat
[Mon Feb 23 01:27:09.285681 2026] [php:error] [pid 1554] [client 20.212.80.137:0] script '/domains/system_default/gdn.php' not found or unable to stat
[Mon Feb 23 01:27:09.465646 2026] [php:error] [pid 1557] [client 20.196.195.121:0] script '/domains/system_default/gettest.php' not found or unable to stat
[Mon Feb 23 01:27:09.688892 2026] [php:error] [pid 1557] [client 20.196.195.121:0] script '/domains/system_default/sbhu.php' not found or unable to stat
[Mon Feb 23 01:27:09.755372 2026] [php:error] [pid 1554] [client 20.212.80.137:0] script '/domains/system_default/lala.php' not found or unable to stat
[Mon Feb 23 01:27:09.875719 2026] [php:error] [pid 1557] [client 20.196.195.121:0] script '/domains/system_default/wp-trackback.php' not found or unable to stat
[Mon Feb 23 01:27:09.982861 2026] [php:error] [pid 1554] [client 20.212.80.137:0] script '/domains/system_default/bnn_.php' not found or unable to stat
[Mon Feb 23 01:27:10.045619 2026] [php:error] [pid 1559] [client 41.142.222.213:0] script '/domains/fdcarter/php_info.php' not found or unable to stat
[Mon Feb 23 01:27:10.062561 2026] [php:error] [pid 1557] [client 20.196.195.121:0] script '/domains/system_default/alfashell.php' not found or unable to stat
[Mon Feb 23 01:27:10.552498 2026] [php:error] [pid 1557] [client 20.196.195.121:0] script '/domains/system_default/aaa.php' not found or unable to stat
[Mon Feb 23 01:27:10.843830 2026] [php:error] [pid 1557] [client 20.196.195.121:0] script '/domains/system_default/chosen.php' not found or unable to stat
[Mon Feb 23 01:27:11.074873 2026] [php:error] [pid 1557] [client 20.196.195.121:0] script '/domains/system_default/tmpls.php' not found or unable to stat
[Mon Feb 23 01:27:11.262003 2026] [php:error] [pid 1557] [client 20.196.195.121:0] script '/domains/system_default/gtc.php' not found or unable to stat
[Mon Feb 23 01:27:11.282660 2026] [php:error] [pid 1551] [client 41.142.222.213:0] script '/domains/fdcarter/phpinfo.php' not found or unable to stat
[Mon Feb 23 01:27:11.464929 2026] [php:error] [pid 1557] [client 20.196.195.121:0] script '/domains/system_default/ty.php' not found or unable to stat
[Mon Feb 23 01:27:11.651909 2026] [php:error] [pid 1557] [client 20.196.195.121:0] script '/domains/system_default/0x.php' not found or unable to stat
[Mon Feb 23 01:27:11.858704 2026] [php:error] [pid 1557] [client 20.196.195.121:0] script '/domains/system_default/inputs.php' not found or unable to stat
[Mon Feb 23 01:27:12.063327 2026] [php:error] [pid 1557] [client 20.196.195.121:0] script '/domains/system_default/test1.php' not found or unable to stat
[Mon Feb 23 01:27:12.514373 2026] [php:error] [pid 1560] [client 41.142.222.213:0] script '/domains/fdcarter/info.php' not found or unable to stat
[Mon Feb 23 01:27:12.605515 2026] [php:error] [pid 1557] [client 20.196.195.121:0] script '/domains/system_default/new4.php' not found or unable to stat
[Mon Feb 23 01:27:12.811586 2026] [php:error] [pid 1557] [client 20.196.195.121:0] script '/domains/system_default/img.php' not found or unable to stat
[Mon Feb 23 01:27:13.194966 2026] [php:error] [pid 1557] [client 20.196.195.121:0] script '/domains/system_default/w.php' not found or unable to stat
[Mon Feb 23 01:27:13.389653 2026] [php:error] [pid 1557] [client 20.196.195.121:0] script '/domains/system_default/f35.php' not found or unable to stat
[Mon Feb 23 01:27:16.606836 2026] [php:error] [pid 1559] [client 20.196.195.121:0] script '/domains/system_default/siteheads.php' not found or unable to stat
[Mon Feb 23 01:27:17.168311 2026] [php:error] [pid 1559] [client 20.196.195.121:0] script '/domains/system_default/cwclass.php' not found or unable to stat
[Mon Feb 23 01:27:18.117188 2026] [php:error] [pid 1559] [client 20.196.195.121:0] script '/domains/system_default/g.php' not found or unable to stat
[Mon Feb 23 01:27:18.492555 2026] [php:error] [pid 1559] [client 20.196.195.121:0] script '/domains/system_default/install.php' not found or unable to stat
[Mon Feb 23 01:27:18.901766 2026] [php:error] [pid 1559] [client 20.196.195.121:0] script '/domains/system_default/autoload_classmap.php' not found or unable to stat
[Mon Feb 23 01:27:19.087733 2026] [php:error] [pid 1559] [client 20.196.195.121:0] script '/domains/system_default/bgymj.php' not found or unable to stat
[Mon Feb 23 01:27:26.468385 2026] [php:error] [pid 1557] [client 4.232.90.25:0] script '/domains/system_default/19.php' not found or unable to stat
[Mon Feb 23 01:27:26.565863 2026] [php:error] [pid 1557] [client 4.232.90.25:0] script '/domains/system_default/f.php' not found or unable to stat
[Mon Feb 23 01:27:26.661698 2026] [php:error] [pid 1557] [client 4.232.90.25:0] script '/domains/system_default/p.php' not found or unable to stat
[Mon Feb 23 01:27:26.752329 2026] [php:error] [pid 1557] [client 4.232.90.25:0] script '/domains/system_default/d.php' not found or unable to stat
[Mon Feb 23 01:27:26.842951 2026] [php:error] [pid 1557] [client 4.232.90.25:0] script '/domains/system_default/9.php' not found or unable to stat
[Mon Feb 23 01:27:26.933105 2026] [php:error] [pid 1557] [client 4.232.90.25:0] script '/domains/system_default/222.php' not found or unable to stat
[Mon Feb 23 01:27:27.023816 2026] [php:error] [pid 1557] [client 4.232.90.25:0] script '/domains/system_default/file2.php' not found or unable to stat
[Mon Feb 23 01:27:27.114264 2026] [php:error] [pid 1557] [client 4.232.90.25:0] script '/domains/system_default/x.php' not found or unable to stat
[Mon Feb 23 01:27:27.204954 2026] [php:error] [pid 1557] [client 4.232.90.25:0] script '/domains/system_default/i.php' not found or unable to stat
[Mon Feb 23 01:27:27.301127 2026] [php:error] [pid 1557] [client 4.232.90.25:0] script '/domains/system_default/y.php' not found or unable to stat
[Mon Feb 23 01:27:27.392241 2026] [php:error] [pid 1557] [client 4.232.90.25:0] script '/domains/system_default/0.php' not found or unable to stat
[Mon Feb 23 01:27:27.483138 2026] [php:error] [pid 1557] [client 4.232.90.25:0] script '/domains/system_default/pp.php' not found or unable to stat
[Mon Feb 23 01:27:27.576938 2026] [php:error] [pid 1557] [client 4.232.90.25:0] script '/domains/system_default/oo.php' not found or unable to stat
[Mon Feb 23 01:27:27.679342 2026] [php:error] [pid 1557] [client 4.232.90.25:0] script '/domains/system_default/ee.php' not found or unable to stat
[Mon Feb 23 01:27:27.769749 2026] [php:error] [pid 1557] [client 4.232.90.25:0] script '/domains/system_default/403.php' not found or unable to stat
[Mon Feb 23 01:27:27.880779 2026] [php:error] [pid 1557] [client 4.232.90.25:0] script '/domains/system_default/404.php' not found or unable to stat
[Mon Feb 23 01:27:27.971210 2026] [php:error] [pid 1557] [client 4.232.90.25:0] script '/domains/system_default/312.php' not found or unable to stat
[Mon Feb 23 01:27:51.310941 2026] [php:error] [pid 1560] [client 20.223.240.16:0] script '/domains/rfisher.dnai/abhjr.php' not found or unable to stat
[Mon Feb 23 01:27:51.384775 2026] [php:error] [pid 1560] [client 20.223.240.16:0] script '/domains/rfisher.dnai/anczg.php' not found or unable to stat
[Mon Feb 23 01:27:51.459112 2026] [php:error] [pid 1560] [client 20.223.240.16:0] script '/domains/rfisher.dnai/ardsw.php' not found or unable to stat
[Mon Feb 23 01:27:51.532404 2026] [php:error] [pid 1560] [client 20.223.240.16:0] script '/domains/rfisher.dnai/atfis.php' not found or unable to stat
[Mon Feb 23 01:27:51.606255 2026] [php:error] [pid 1560] [client 20.223.240.16:0] script '/domains/rfisher.dnai/azpaq.php' not found or unable to stat
[Mon Feb 23 01:27:51.679284 2026] [php:error] [pid 1560] [client 20.223.240.16:0] script '/domains/rfisher.dnai/bclms.php' not found or unable to stat
[Mon Feb 23 01:27:51.752829 2026] [php:error] [pid 1560] [client 20.223.240.16:0] script '/domains/rfisher.dnai/bivvw.php' not found or unable to stat
[Mon Feb 23 01:27:51.827357 2026] [php:error] [pid 1560] [client 20.223.240.16:0] script '/domains/rfisher.dnai/bykdo.php' not found or unable to stat
[Mon Feb 23 01:27:51.900992 2026] [php:error] [pid 1560] [client 20.223.240.16:0] script '/domains/rfisher.dnai/byueb.php' not found or unable to stat
[Mon Feb 23 01:27:51.974261 2026] [php:error] [pid 1560] [client 20.223.240.16:0] script '/domains/rfisher.dnai/cjndd.php' not found or unable to stat
[Mon Feb 23 01:27:52.047388 2026] [php:error] [pid 1560] [client 20.223.240.16:0] script '/domains/rfisher.dnai/coiuz.php' not found or unable to stat
[Mon Feb 23 01:27:52.120304 2026] [php:error] [pid 1560] [client 20.223.240.16:0] script '/domains/rfisher.dnai/click.php' not found or unable to stat
[Mon Feb 23 01:27:52.193375 2026] [php:error] [pid 1560] [client 20.223.240.16:0] script '/domains/rfisher.dnai/ctjpseby.php' not found or unable to stat
[Mon Feb 23 01:27:52.266438 2026] [php:error] [pid 1560] [client 20.223.240.16:0] script '/domains/rfisher.dnai/cxxuv.php' not found or unable to stat
[Mon Feb 23 01:27:52.339774 2026] [php:error] [pid 1560] [client 20.223.240.16:0] script '/domains/rfisher.dnai/dawvg.php' not found or unable to stat
[Mon Feb 23 01:27:52.412796 2026] [php:error] [pid 1560] [client 20.223.240.16:0] script '/domains/rfisher.dnai/dhjqs.php' not found or unable to stat
[Mon Feb 23 01:27:52.485895 2026] [php:error] [pid 1560] [client 20.223.240.16:0] script '/domains/rfisher.dnai/diayd.php' not found or unable to stat
[Mon Feb 23 01:27:52.559121 2026] [php:error] [pid 1560] [client 20.223.240.16:0] script '/domains/rfisher.dnai/dljpy.php' not found or unable to stat
[Mon Feb 23 01:27:52.632390 2026] [php:error] [pid 1560] [client 20.223.240.16:0] script '/domains/rfisher.dnai/dqagu.php' not found or unable to stat
[Mon Feb 23 01:27:52.705563 2026] [php:error] [pid 1560] [client 20.223.240.16:0] script '/domains/rfisher.dnai/druqr.php' not found or unable to stat
[Mon Feb 23 01:27:52.778668 2026] [php:error] [pid 1560] [client 20.223.240.16:0] script '/domains/rfisher.dnai/dyxbc.php' not found or unable to stat
[Mon Feb 23 01:27:52.851888 2026] [php:error] [pid 1560] [client 20.223.240.16:0] script '/domains/rfisher.dnai/eapjf.php' not found or unable to stat
[Mon Feb 23 01:27:52.924951 2026] [php:error] [pid 1560] [client 20.223.240.16:0] script '/domains/rfisher.dnai/ebuom.php' not found or unable to stat
[Mon Feb 23 01:27:52.999258 2026] [php:error] [pid 1560] [client 20.223.240.16:0] script '/domains/rfisher.dnai/emcgm.php' not found or unable to stat
[Mon Feb 23 01:27:53.072423 2026] [php:error] [pid 1560] [client 20.223.240.16:0] script '/domains/rfisher.dnai/euocu.php' not found or unable to stat
[Mon Feb 23 01:27:53.145944 2026] [php:error] [pid 1560] [client 20.223.240.16:0] script '/domains/rfisher.dnai/f35.php' not found or unable to stat
[Mon Feb 23 01:27:53.219100 2026] [php:error] [pid 1560] [client 20.223.240.16:0] script '/domains/rfisher.dnai/frdyx.php' not found or unable to stat
[Mon Feb 23 01:27:53.292043 2026] [php:error] [pid 1560] [client 20.223.240.16:0] script '/domains/rfisher.dnai/fsjzs.php' not found or unable to stat
[Mon Feb 23 01:27:53.364977 2026] [php:error] [pid 1560] [client 20.223.240.16:0] script '/domains/rfisher.dnai/fwtoa.php' not found or unable to stat
[Mon Feb 23 01:27:53.437947 2026] [php:error] [pid 1560] [client 20.223.240.16:0] script '/domains/rfisher.dnai/gbhyv.php' not found or unable to stat
[Mon Feb 23 01:27:53.511447 2026] [php:error] [pid 1560] [client 20.223.240.16:0] script '/domains/rfisher.dnai/gedim.php' not found or unable to stat
[Mon Feb 23 01:27:53.584587 2026] [php:error] [pid 1560] [client 20.223.240.16:0] script '/domains/rfisher.dnai/ibano.php' not found or unable to stat
[Mon Feb 23 01:27:53.657656 2026] [php:error] [pid 1560] [client 20.223.240.16:0] script '/domains/rfisher.dnai/ifrea.php' not found or unable to stat
[Mon Feb 23 01:27:53.730775 2026] [php:error] [pid 1560] [client 20.223.240.16:0] script '/domains/rfisher.dnai/itlvk.php' not found or unable to stat
[Mon Feb 23 01:27:53.803838 2026] [php:error] [pid 1560] [client 20.223.240.16:0] script '/domains/rfisher.dnai/jctyd.php' not found or unable to stat
[Mon Feb 23 01:27:53.876606 2026] [php:error] [pid 1560] [client 20.223.240.16:0] script '/domains/rfisher.dnai/jtfocpif.php' not found or unable to stat
