[Sun Feb 22 03:29:18.778803 2026] [php:error] [pid 82496] [client 104.46.216.98:0] script '/domains/carynm/ioxi-o.php' not found or unable to stat
[Sun Feb 22 03:29:18.946735 2026] [php:error] [pid 82496] [client 104.46.216.98:0] script '/domains/carynm/z60.php' not found or unable to stat
[Sun Feb 22 03:29:19.104418 2026] [php:error] [pid 82496] [client 104.46.216.98:0] script '/domains/carynm/dropdown.php' not found or unable to stat
[Sun Feb 22 03:29:19.421479 2026] [php:error] [pid 82496] [client 104.46.216.98:0] script '/domains/carynm/wp-tot.php' not found or unable to stat
[Sun Feb 22 03:29:19.601222 2026] [php:error] [pid 82496] [client 104.46.216.98:0] script '/domains/carynm/css/radio.php' not found or unable to stat
[Sun Feb 22 03:29:19.917041 2026] [php:error] [pid 82496] [client 104.46.216.98:0] script '/domains/carynm/class.php' not found or unable to stat
[Sun Feb 22 03:29:20.074702 2026] [php:error] [pid 82496] [client 104.46.216.98:0] script '/domains/carynm/404.php' not found or unable to stat
[Sun Feb 22 03:29:20.232101 2026] [php:error] [pid 82496] [client 104.46.216.98:0] script '/domains/carynm/mode.php' not found or unable to stat
[Sun Feb 22 03:29:20.389567 2026] [php:error] [pid 82496] [client 104.46.216.98:0] script '/domains/carynm/aboutc.php' not found or unable to stat
[Sun Feb 22 03:29:20.549350 2026] [php:error] [pid 82496] [client 104.46.216.98:0] script '/domains/carynm/sx.php' not found or unable to stat
[Sun Feb 22 03:29:20.706987 2026] [php:error] [pid 82496] [client 104.46.216.98:0] script '/domains/carynm/themes.php' not found or unable to stat
[Sun Feb 22 03:29:20.864456 2026] [php:error] [pid 82496] [client 104.46.216.98:0] script '/domains/carynm/yawa.php' not found or unable to stat
[Sun Feb 22 03:29:21.023600 2026] [php:error] [pid 82496] [client 104.46.216.98:0] script '/domains/carynm/m.php' not found or unable to stat
[Sun Feb 22 03:29:21.342419 2026] [php:error] [pid 82496] [client 104.46.216.98:0] script '/domains/carynm/item.php' not found or unable to stat
[Sun Feb 22 03:29:21.502400 2026] [php:error] [pid 82496] [client 104.46.216.98:0] script '/domains/carynm/403.php' not found or unable to stat
[Sun Feb 22 03:29:21.660278 2026] [php:error] [pid 82496] [client 104.46.216.98:0] script '/domains/carynm/gg.php' not found or unable to stat
[Sun Feb 22 03:29:21.817916 2026] [php:error] [pid 82496] [client 104.46.216.98:0] script '/domains/carynm/akcc.php' not found or unable to stat
[Sun Feb 22 03:29:21.975834 2026] [php:error] [pid 82496] [client 104.46.216.98:0] script '/domains/carynm/radio.php' not found or unable to stat
[Sun Feb 22 03:29:22.136270 2026] [php:error] [pid 82496] [client 104.46.216.98:0] script '/domains/carynm/xa.php' not found or unable to stat
[Sun Feb 22 03:29:22.293878 2026] [php:error] [pid 82496] [client 104.46.216.98:0] script '/domains/carynm/backup.php' not found or unable to stat
[Sun Feb 22 03:29:22.452277 2026] [php:error] [pid 82496] [client 104.46.216.98:0] script '/domains/carynm/galex.php' not found or unable to stat
[Sun Feb 22 03:29:22.767470 2026] [php:error] [pid 82496] [client 104.46.216.98:0] script '/domains/carynm/about.php' not found or unable to stat
[Sun Feb 22 03:29:22.925059 2026] [php:error] [pid 82496] [client 104.46.216.98:0] script '/domains/carynm/vx.php' not found or unable to stat
[Sun Feb 22 03:29:23.082708 2026] [php:error] [pid 82496] [client 104.46.216.98:0] script '/domains/carynm/classwithtostring.php' not found or unable to stat
[Sun Feb 22 03:29:23.398952 2026] [php:error] [pid 82496] [client 104.46.216.98:0] script '/domains/carynm/fff.php' not found or unable to stat
[Sun Feb 22 03:29:23.557889 2026] [php:error] [pid 82496] [client 104.46.216.98:0] script '/domains/carynm/content.php' not found or unable to stat
[Sun Feb 22 03:29:23.715214 2026] [php:error] [pid 82496] [client 104.46.216.98:0] script '/domains/carynm/menu.php' not found or unable to stat
[Sun Feb 22 03:29:23.876274 2026] [php:error] [pid 82496] [client 104.46.216.98:0] script '/domains/carynm/gifclass.php' not found or unable to stat
[Sun Feb 22 03:29:24.193015 2026] [php:error] [pid 82496] [client 104.46.216.98:0] script '/domains/carynm/css.php' not found or unable to stat
[Sun Feb 22 03:29:24.350505 2026] [php:error] [pid 82496] [client 104.46.216.98:0] script '/domains/carynm/x7.php' not found or unable to stat
[Sun Feb 22 03:29:24.508608 2026] [php:error] [pid 82496] [client 104.46.216.98:0] script '/domains/carynm/bugger.php' not found or unable to stat
[Sun Feb 22 03:29:24.828682 2026] [php:error] [pid 82496] [client 104.46.216.98:0] script '/domains/carynm/simple.php' not found or unable to stat
[Sun Feb 22 03:29:24.986045 2026] [php:error] [pid 82496] [client 104.46.216.98:0] script '/domains/carynm/alfa.php' not found or unable to stat
[Sun Feb 22 03:29:25.143647 2026] [php:error] [pid 82496] [client 104.46.216.98:0] script '/domains/carynm/wp-file.php' not found or unable to stat
[Sun Feb 22 03:29:25.302328 2026] [php:error] [pid 82496] [client 104.46.216.98:0] script '/domains/carynm/as.php' not found or unable to stat
[Sun Feb 22 03:29:25.459969 2026] [php:error] [pid 82496] [client 104.46.216.98:0] script '/domains/carynm/X57.php' not found or unable to stat
[Sun Feb 22 03:29:25.651127 2026] [php:error] [pid 82496] [client 104.46.216.98:0] script '/domains/carynm/abc.php' not found or unable to stat
[Sun Feb 22 03:29:25.808840 2026] [php:error] [pid 82496] [client 104.46.216.98:0] script '/domains/carynm/gettest.php' not found or unable to stat
[Sun Feb 22 03:29:25.966667 2026] [php:error] [pid 82496] [client 104.46.216.98:0] script '/domains/carynm/sbhu.php' not found or unable to stat
[Sun Feb 22 03:29:26.124120 2026] [php:error] [pid 82496] [client 104.46.216.98:0] script '/domains/carynm/wp-trackback.php' not found or unable to stat
[Sun Feb 22 03:29:26.282011 2026] [php:error] [pid 82496] [client 104.46.216.98:0] script '/domains/carynm/alfashell.php' not found or unable to stat
[Sun Feb 22 03:29:26.597076 2026] [php:error] [pid 82496] [client 104.46.216.98:0] script '/domains/carynm/aaa.php' not found or unable to stat
[Sun Feb 22 03:29:26.760794 2026] [php:error] [pid 82496] [client 104.46.216.98:0] script '/domains/carynm/chosen.php' not found or unable to stat
[Sun Feb 22 03:29:26.931021 2026] [php:error] [pid 82496] [client 104.46.216.98:0] script '/domains/carynm/tmpls.php' not found or unable to stat
[Sun Feb 22 03:29:27.089517 2026] [php:error] [pid 82496] [client 104.46.216.98:0] script '/domains/carynm/gtc.php' not found or unable to stat
[Sun Feb 22 03:29:27.247415 2026] [php:error] [pid 82496] [client 104.46.216.98:0] script '/domains/carynm/ty.php' not found or unable to stat
[Sun Feb 22 03:29:27.412585 2026] [php:error] [pid 82496] [client 104.46.216.98:0] script '/domains/carynm/0x.php' not found or unable to stat
[Sun Feb 22 03:29:27.569985 2026] [php:error] [pid 82496] [client 104.46.216.98:0] script '/domains/carynm/inputs.php' not found or unable to stat
[Sun Feb 22 03:29:27.728236 2026] [php:error] [pid 82496] [client 104.46.216.98:0] script '/domains/carynm/test1.php' not found or unable to stat
[Sun Feb 22 03:29:27.885559 2026] [php:error] [pid 82496] [client 104.46.216.98:0] script '/domains/carynm/new4.php' not found or unable to stat
[Sun Feb 22 03:29:28.043022 2026] [php:error] [pid 82496] [client 104.46.216.98:0] script '/domains/carynm/img.php' not found or unable to stat
[Sun Feb 22 03:29:28.357732 2026] [php:error] [pid 82496] [client 104.46.216.98:0] script '/domains/carynm/w.php' not found or unable to stat
[Sun Feb 22 03:29:28.519291 2026] [php:error] [pid 82496] [client 104.46.216.98:0] script '/domains/carynm/f35.php' not found or unable to stat
[Sun Feb 22 03:29:29.404189 2026] [php:error] [pid 82491] [client 104.46.216.98:0] script '/domains/carynm/siteheads.php' not found or unable to stat
[Sun Feb 22 03:29:29.894616 2026] [php:error] [pid 82491] [client 104.46.216.98:0] script '/domains/carynm/cwclass.php' not found or unable to stat
[Sun Feb 22 03:29:30.527522 2026] [php:error] [pid 82491] [client 104.46.216.98:0] script '/domains/carynm/g.php' not found or unable to stat
[Sun Feb 22 03:29:30.937709 2026] [php:error] [pid 82491] [client 104.46.216.98:0] script '/domains/carynm/install.php' not found or unable to stat
[Sun Feb 22 03:29:31.261235 2026] [php:error] [pid 82491] [client 104.46.216.98:0] script '/domains/carynm/autoload_classmap.php' not found or unable to stat
[Sun Feb 22 03:29:31.418900 2026] [php:error] [pid 82491] [client 104.46.216.98:0] script '/domains/carynm/bgymj.php' not found or unable to stat
[Sun Feb 22 03:29:55.354157 2026] [php:error] [pid 82491] [client 20.223.240.16:0] script '/domains/system_default/elp.php' not found or unable to stat
[Sun Feb 22 03:29:55.426587 2026] [php:error] [pid 82491] [client 20.223.240.16:0] script '/domains/system_default/ws58.php' not found or unable to stat
[Sun Feb 22 03:29:55.499001 2026] [php:error] [pid 82491] [client 20.223.240.16:0] script '/domains/system_default/vx.php' not found or unable to stat
[Sun Feb 22 03:29:55.571360 2026] [php:error] [pid 82491] [client 20.223.240.16:0] script '/domains/system_default/motu.php' not found or unable to stat
[Sun Feb 22 03:29:55.643428 2026] [php:error] [pid 82491] [client 20.223.240.16:0] script '/domains/system_default/ckk.php' not found or unable to stat
[Sun Feb 22 03:29:55.715740 2026] [php:error] [pid 82491] [client 20.223.240.16:0] script '/domains/system_default/class.php' not found or unable to stat
[Sun Feb 22 03:29:55.788138 2026] [php:error] [pid 82491] [client 20.223.240.16:0] script '/domains/system_default/166.php' not found or unable to stat
[Sun Feb 22 03:29:55.863588 2026] [php:error] [pid 82491] [client 20.223.240.16:0] script '/domains/system_default/ww.php' not found or unable to stat
[Sun Feb 22 03:29:55.936355 2026] [php:error] [pid 82491] [client 20.223.240.16:0] script '/domains/system_default/wp-p2r3q9c8k4.php' not found or unable to stat
[Sun Feb 22 03:29:56.008889 2026] [php:error] [pid 82491] [client 20.223.240.16:0] script '/domains/system_default/users.php' not found or unable to stat
[Sun Feb 22 03:29:56.082093 2026] [php:error] [pid 82491] [client 20.223.240.16:0] script '/domains/system_default/0x.php' not found or unable to stat
[Sun Feb 22 03:29:56.154819 2026] [php:error] [pid 82491] [client 20.223.240.16:0] script '/domains/system_default/baixy.php' not found or unable to stat
[Sun Feb 22 03:29:56.227650 2026] [php:error] [pid 82491] [client 20.223.240.16:0] script '/domains/system_default/zu.php' not found or unable to stat
[Sun Feb 22 03:29:56.300307 2026] [php:error] [pid 82491] [client 20.223.240.16:0] script '/domains/system_default/kbfr.php' not found or unable to stat
[Sun Feb 22 03:29:56.372788 2026] [php:error] [pid 82491] [client 20.223.240.16:0] script '/domains/system_default/f35.php' not found or unable to stat
[Sun Feb 22 03:29:56.450352 2026] [php:error] [pid 82491] [client 20.223.240.16:0] script '/domains/system_default/click.php' not found or unable to stat
[Sun Feb 22 03:29:56.522887 2026] [php:error] [pid 82491] [client 20.223.240.16:0] script '/domains/system_default/a332.php' not found or unable to stat
[Sun Feb 22 03:29:56.595158 2026] [php:error] [pid 82491] [client 20.223.240.16:0] script '/domains/system_default/bootstrap.php' not found or unable to stat
[Sun Feb 22 03:29:56.668225 2026] [php:error] [pid 82491] [client 20.223.240.16:0] script '/domains/system_default/f2.php' not found or unable to stat
[Sun Feb 22 03:29:56.740326 2026] [php:error] [pid 82491] [client 20.223.240.16:0] script '/domains/system_default/to.php' not found or unable to stat
[Sun Feb 22 03:29:56.812444 2026] [php:error] [pid 82491] [client 20.223.240.16:0] script '/domains/system_default/inege.php' not found or unable to stat
[Sun Feb 22 03:29:56.884896 2026] [php:error] [pid 82491] [client 20.223.240.16:0] script '/domains/system_default/thui.php' not found or unable to stat
[Sun Feb 22 03:29:56.957515 2026] [php:error] [pid 82491] [client 20.223.240.16:0] script '/domains/system_default/8.php' not found or unable to stat
[Sun Feb 22 03:29:57.030874 2026] [php:error] [pid 82491] [client 20.223.240.16:0] script '/domains/system_default/fresh3.php' not found or unable to stat
[Sun Feb 22 03:29:57.103329 2026] [php:error] [pid 82491] [client 20.223.240.16:0] script '/domains/system_default/selesai.php' not found or unable to stat
[Sun Feb 22 03:29:57.178006 2026] [php:error] [pid 82491] [client 20.223.240.16:0] script '/domains/system_default/xs.php' not found or unable to stat
[Sun Feb 22 03:29:57.261612 2026] [php:error] [pid 82491] [client 20.223.240.16:0] script '/domains/system_default/maraz.php' not found or unable to stat
[Sun Feb 22 03:29:57.333914 2026] [php:error] [pid 82491] [client 20.223.240.16:0] script '/domains/system_default/ws66.php' not found or unable to stat
[Sun Feb 22 03:29:57.406426 2026] [php:error] [pid 82491] [client 20.223.240.16:0] script '/domains/system_default/aa.php' not found or unable to stat
[Sun Feb 22 03:29:57.478596 2026] [php:error] [pid 82491] [client 20.223.240.16:0] script '/domains/system_default/erty.php' not found or unable to stat
[Sun Feb 22 03:29:57.551248 2026] [php:error] [pid 82491] [client 20.223.240.16:0] script '/domains/system_default/24.php' not found or unable to stat
[Sun Feb 22 03:29:57.623438 2026] [php:error] [pid 82491] [client 20.223.240.16:0] script '/domains/system_default/bzjdlofz.php' not found or unable to stat
[Sun Feb 22 03:29:57.695690 2026] [php:error] [pid 82491] [client 20.223.240.16:0] script '/domains/system_default/sbhu.php' not found or unable to stat
[Sun Feb 22 03:29:57.767888 2026] [php:error] [pid 82491] [client 20.223.240.16:0] script '/domains/system_default/wp-blogs.php' not found or unable to stat
[Sun Feb 22 03:29:57.840481 2026] [php:error] [pid 82491] [client 20.223.240.16:0] script '/domains/system_default/fetch.php' not found or unable to stat
[Sun Feb 22 03:29:57.913386 2026] [php:error] [pid 82491] [client 20.223.240.16:0] script '/domains/system_default/bolt.php' not found or unable to stat
[Sun Feb 22 03:29:57.985882 2026] [php:error] [pid 82491] [client 20.223.240.16:0] script '/domains/system_default/tfm.php' not found or unable to stat
[Sun Feb 22 03:29:58.059699 2026] [php:error] [pid 82491] [client 20.223.240.16:0] script '/domains/system_default/ak.php' not found or unable to stat
[Sun Feb 22 03:29:58.138553 2026] [php:error] [pid 82491] [client 20.223.240.16:0] script '/domains/system_default/wp-style.php' not found or unable to stat
[Sun Feb 22 03:29:58.212099 2026] [php:error] [pid 82491] [client 20.223.240.16:0] script '/domains/system_default/error_log.php' not found or unable to stat
[Sun Feb 22 03:29:58.285878 2026] [php:error] [pid 82491] [client 20.223.240.16:0] script '/domains/system_default/0x0x.php' not found or unable to stat
[Sun Feb 22 03:29:58.358485 2026] [php:error] [pid 82491] [client 20.223.240.16:0] script '/domains/system_default/0byte.php' not found or unable to stat
[Sun Feb 22 03:29:58.430992 2026] [php:error] [pid 82491] [client 20.223.240.16:0] script '/domains/system_default/a4.php' not found or unable to stat
[Sun Feb 22 03:29:58.503376 2026] [php:error] [pid 82491] [client 20.223.240.16:0] script '/domains/system_default/logs1.php' not found or unable to stat
[Sun Feb 22 03:29:58.575842 2026] [php:error] [pid 82491] [client 20.223.240.16:0] script '/domains/system_default/35.php' not found or unable to stat
[Sun Feb 22 03:29:58.648299 2026] [php:error] [pid 82491] [client 20.223.240.16:0] script '/domains/system_default/lanka.php' not found or unable to stat
[Sun Feb 22 03:29:58.720479 2026] [php:error] [pid 82491] [client 20.223.240.16:0] script '/domains/system_default/knmt.php' not found or unable to stat
[Sun Feb 22 03:29:58.792997 2026] [php:error] [pid 82491] [client 20.223.240.16:0] script '/domains/system_default/ioxi.php' not found or unable to stat
[Sun Feb 22 03:29:58.865715 2026] [php:error] [pid 82491] [client 20.223.240.16:0] script '/domains/system_default/lkui.php' not found or unable to stat
[Sun Feb 22 03:29:58.938242 2026] [php:error] [pid 82491] [client 20.223.240.16:0] script '/domains/system_default/grsiuk.php' not found or unable to stat
[Sun Feb 22 03:29:59.087070 2026] [php:error] [pid 82491] [client 20.223.240.16:0] script '/domains/system_default/Geforce.php' not found or unable to stat
[Sun Feb 22 03:29:59.162663 2026] [php:error] [pid 82491] [client 20.223.240.16:0] script '/domains/system_default/easy.php' not found or unable to stat
[Sun Feb 22 03:29:59.234732 2026] [php:error] [pid 82491] [client 20.223.240.16:0] script '/domains/system_default/s1.php' not found or unable to stat
[Sun Feb 22 03:29:59.306995 2026] [php:error] [pid 82491] [client 20.223.240.16:0] script '/domains/system_default/cc13.php' not found or unable to stat
[Sun Feb 22 03:29:59.379305 2026] [php:error] [pid 82491] [client 20.223.240.16:0] script '/domains/system_default/06.php' not found or unable to stat
[Sun Feb 22 03:29:59.451871 2026] [php:error] [pid 82491] [client 20.223.240.16:0] script '/domains/system_default/t.php' not found or unable to stat
[Sun Feb 22 03:29:59.524321 2026] [php:error] [pid 82491] [client 20.223.240.16:0] script '/domains/system_default/export.php' not found or unable to stat
[Sun Feb 22 03:29:59.596502 2026] [php:error] [pid 82491] [client 20.223.240.16:0] script '/domains/system_default/xxw.php' not found or unable to stat
[Sun Feb 22 03:29:59.668725 2026] [php:error] [pid 82491] [client 20.223.240.16:0] script '/domains/system_default/term.php' not found or unable to stat
[Sun Feb 22 03:29:59.740703 2026] [php:error] [pid 82491] [client 20.223.240.16:0] script '/domains/system_default/num.php' not found or unable to stat
[Sun Feb 22 03:29:59.813266 2026] [php:error] [pid 82491] [client 20.223.240.16:0] script '/domains/system_default/file.php' not found or unable to stat
[Sun Feb 22 03:29:59.885684 2026] [php:error] [pid 82491] [client 20.223.240.16:0] script '/domains/system_default/403.php' not found or unable to stat
[Sun Feb 22 03:29:59.958926 2026] [php:error] [pid 82491] [client 20.223.240.16:0] script '/domains/system_default/ccu.php' not found or unable to stat
[Sun Feb 22 03:30:00.031396 2026] [php:error] [pid 82491] [client 20.223.240.16:0] script '/domains/system_default/155.php' not found or unable to stat
[Sun Feb 22 03:30:00.104080 2026] [php:error] [pid 82491] [client 20.223.240.16:0] script '/domains/system_default/xsox.php' not found or unable to stat
[Sun Feb 22 03:30:00.176303 2026] [php:error] [pid 82491] [client 20.223.240.16:0] script '/domains/system_default/wen.php' not found or unable to stat
[Sun Feb 22 03:30:00.248379 2026] [php:error] [pid 82491] [client 20.223.240.16:0] script '/domains/system_default/bgymj.php' not found or unable to stat
[Sun Feb 22 03:30:00.320745 2026] [php:error] [pid 82491] [client 20.223.240.16:0] script '/domains/system_default/gk.php' not found or unable to stat
[Sun Feb 22 03:30:00.392949 2026] [php:error] [pid 82491] [client 20.223.240.16:0] script '/domains/system_default/zoo.php' not found or unable to stat
[Sun Feb 22 03:30:00.466349 2026] [php:error] [pid 82491] [client 20.223.240.16:0] script '/domains/system_default/zxekqlxb.php' not found or unable to stat
[Sun Feb 22 03:30:00.539339 2026] [php:error] [pid 82491] [client 20.223.240.16:0] script '/domains/system_default/wp-scr1pts.php' not found or unable to stat
[Sun Feb 22 03:30:00.611814 2026] [php:error] [pid 82491] [client 20.223.240.16:0] script '/domains/system_default/shlo.php' not found or unable to stat
[Sun Feb 22 03:30:00.684071 2026] [php:error] [pid 82491] [client 20.223.240.16:0] script '/domains/system_default/gdn.php' not found or unable to stat
[Sun Feb 22 03:30:00.756788 2026] [php:error] [pid 82491] [client 20.223.240.16:0] script '/domains/system_default/6bcwiqwj.php' not found or unable to stat
[Sun Feb 22 03:30:00.829275 2026] [php:error] [pid 82491] [client 20.223.240.16:0] script '/domains/system_default/mar.php' not found or unable to stat
[Sun Feb 22 03:30:00.901679 2026] [php:error] [pid 82491] [client 20.223.240.16:0] script '/domains/system_default/ws69.php' not found or unable to stat
[Sun Feb 22 03:30:00.974254 2026] [php:error] [pid 82491] [client 20.223.240.16:0] script '/domains/system_default/amp.php' not found or unable to stat
[Sun Feb 22 03:30:01.046457 2026] [php:error] [pid 82491] [client 20.223.240.16:0] script '/domains/system_default/gettest.php' not found or unable to stat
[Sun Feb 22 03:30:01.118734 2026] [php:error] [pid 82491] [client 20.223.240.16:0] script '/domains/system_default/Jcrop.php' not found or unable to stat
[Sun Feb 22 03:30:01.190980 2026] [php:error] [pid 82491] [client 20.223.240.16:0] script '/domains/system_default/wp-act.php' not found or unable to stat
[Sun Feb 22 03:30:01.263396 2026] [php:error] [pid 82491] [client 20.223.240.16:0] script '/domains/system_default/wp-link10.php' not found or unable to stat
[Sun Feb 22 03:30:01.335864 2026] [php:error] [pid 82491] [client 20.223.240.16:0] script '/domains/system_default/ff1.php' not found or unable to stat
[Sun Feb 22 03:30:01.408262 2026] [php:error] [pid 82491] [client 20.223.240.16:0] script '/domains/system_default/lib.php' not found or unable to stat
[Sun Feb 22 03:30:01.483056 2026] [php:error] [pid 82491] [client 20.223.240.16:0] script '/domains/system_default/Ov-Simple1.php' not found or unable to stat
[Sun Feb 22 03:30:01.555320 2026] [php:error] [pid 82491] [client 20.223.240.16:0] script '/domains/system_default/ccs.php' not found or unable to stat
[Sun Feb 22 03:30:01.627732 2026] [php:error] [pid 82491] [client 20.223.240.16:0] script '/domains/system_default/mini.php' not found or unable to stat
[Sun Feb 22 03:30:01.700247 2026] [php:error] [pid 82491] [client 20.223.240.16:0] script '/domains/system_default/xr.php' not found or unable to stat
[Sun Feb 22 03:30:01.772223 2026] [php:error] [pid 82491] [client 20.223.240.16:0] script '/domains/system_default/rtx.php' not found or unable to stat
[Sun Feb 22 03:30:01.844851 2026] [php:error] [pid 82491] [client 20.223.240.16:0] script '/domains/system_default/666.php' not found or unable to stat
[Sun Feb 22 03:30:01.917435 2026] [php:error] [pid 82491] [client 20.223.240.16:0] script '/domains/system_default/h2a2ck.php' not found or unable to stat
[Sun Feb 22 03:30:01.990237 2026] [php:error] [pid 82491] [client 20.223.240.16:0] script '/domains/system_default/cytyr.php' not found or unable to stat
[Sun Feb 22 03:30:02.063136 2026] [php:error] [pid 82491] [client 20.223.240.16:0] script '/domains/system_default/h02ugyh.php' not found or unable to stat
[Sun Feb 22 03:30:02.136080 2026] [php:error] [pid 82491] [client 20.223.240.16:0] script '/domains/system_default/66.php' not found or unable to stat
[Sun Feb 22 03:30:02.208834 2026] [php:error] [pid 82491] [client 20.223.240.16:0] script '/domains/system_default/init.php' not found or unable to stat
[Sun Feb 22 03:30:02.283548 2026] [php:error] [pid 82491] [client 20.223.240.16:0] script '/domains/system_default/ava.php' not found or unable to stat
[Sun Feb 22 03:30:02.356462 2026] [php:error] [pid 82491] [client 20.223.240.16:0] script '/domains/system_default/inc.php' not found or unable to stat
[Sun Feb 22 03:30:02.429399 2026] [php:error] [pid 82491] [client 20.223.240.16:0] script '/domains/system_default/ws68.php' not found or unable to stat
[Sun Feb 22 03:30:02.501856 2026] [php:error] [pid 82491] [client 20.223.240.16:0] script '/domains/system_default/w1px.php' not found or unable to stat
[Sun Feb 22 03:30:02.574973 2026] [php:error] [pid 82491] [client 20.223.240.16:0] script '/domains/system_default/ms.php' not found or unable to stat
[Sun Feb 22 03:30:02.726603 2026] [php:error] [pid 82495] [client 20.223.240.16:0] script '/domains/system_default/galer.php' not found or unable to stat
[Sun Feb 22 03:30:02.800152 2026] [php:error] [pid 82495] [client 20.223.240.16:0] script '/domains/system_default/fs.php' not found or unable to stat
[Sun Feb 22 03:30:02.872715 2026] [php:error] [pid 82495] [client 20.223.240.16:0] script '/domains/system_default/browse.php' not found or unable to stat
[Sun Feb 22 03:30:02.946189 2026] [php:error] [pid 82495] [client 20.223.240.16:0] script '/domains/system_default/aaa.php' not found or unable to stat
[Sun Feb 22 03:30:03.021123 2026] [php:error] [pid 82495] [client 20.223.240.16:0] script '/domains/system_default/global.php' not found or unable to stat
[Sun Feb 22 03:30:03.094001 2026] [php:error] [pid 82495] [client 20.223.240.16:0] script '/domains/system_default/R57.php' not found or unable to stat
[Sun Feb 22 03:32:00.403871 2026] [php:error] [pid 82676] [client 145.239.10.137:0] script '/domains/afglcweb/k.php' not found or unable to stat, referer: http://afglc.org/k.php
[Sun Feb 22 03:32:04.407721 2026] [php:error] [pid 82489] [client 4.193.219.127:0] script '/domains/system_default/x.php' not found or unable to stat
[Sun Feb 22 03:32:04.648986 2026] [php:error] [pid 82489] [client 4.193.219.127:0] script '/domains/system_default/chosen.php' not found or unable to stat
[Sun Feb 22 03:32:04.898366 2026] [php:error] [pid 82489] [client 4.193.219.127:0] script '/domains/system_default/radio.php' not found or unable to stat
[Sun Feb 22 03:32:05.388127 2026] [php:error] [pid 82489] [client 4.193.219.127:0] script '/domains/system_default/okxh.php' not found or unable to stat
[Sun Feb 22 03:32:05.615427 2026] [php:error] [pid 82489] [client 4.193.219.127:0] script '/domains/system_default/shell20211028.php' not found or unable to stat
[Sun Feb 22 03:32:05.842110 2026] [php:error] [pid 82489] [client 4.193.219.127:0] script '/domains/system_default/zqhfn.php' not found or unable to stat
[Sun Feb 22 03:32:06.305777 2026] [php:error] [pid 82489] [client 4.193.219.127:0] script '/domains/system_default/k.php' not found or unable to stat
[Sun Feb 22 03:32:06.759077 2026] [php:error] [pid 82489] [client 4.193.219.127:0] script '/domains/system_default/403.php' not found or unable to stat
[Sun Feb 22 03:32:07.074463 2026] [php:error] [pid 82489] [client 4.193.219.127:0] script '/domains/system_default/fimai.php' not found or unable to stat
[Sun Feb 22 03:32:07.300584 2026] [php:error] [pid 82489] [client 4.193.219.127:0] script '/domains/system_default/maul.php' not found or unable to stat
[Sun Feb 22 03:32:07.527248 2026] [php:error] [pid 82489] [client 4.193.219.127:0] script '/domains/system_default/elp.php' not found or unable to stat
[Sun Feb 22 03:32:07.769744 2026] [php:error] [pid 82489] [client 4.193.219.127:0] script '/domains/system_default/tt.php' not found or unable to stat
[Sun Feb 22 03:32:08.449808 2026] [php:error] [pid 82489] [client 4.193.219.127:0] script '/domains/system_default/an.php' not found or unable to stat
[Sun Feb 22 03:32:08.676233 2026] [php:error] [pid 82489] [client 4.193.219.127:0] script '/domains/system_default/orouu.php' not found or unable to stat
[Sun Feb 22 03:32:08.902438 2026] [php:error] [pid 82489] [client 4.193.219.127:0] script '/domains/system_default/config.php' not found or unable to stat
[Sun Feb 22 03:32:09.133111 2026] [php:error] [pid 82489] [client 4.193.219.127:0] script '/domains/system_default/z.php' not found or unable to stat
[Sun Feb 22 03:32:09.390130 2026] [php:error] [pid 82489] [client 4.193.219.127:0] script '/domains/system_default/55b76.php' not found or unable to stat
[Sun Feb 22 03:32:09.924631 2026] [php:error] [pid 82489] [client 4.193.219.127:0] script '/domains/system_default/kalso.php' not found or unable to stat
[Sun Feb 22 03:32:10.151817 2026] [php:error] [pid 82489] [client 4.193.219.127:0] script '/domains/system_default/web.php' not found or unable to stat
[Sun Feb 22 03:32:10.587733 2026] [php:error] [pid 82489] [client 4.193.219.127:0] script '/domains/system_default/5b9ac.php' not found or unable to stat
[Sun Feb 22 03:32:10.816761 2026] [php:error] [pid 82489] [client 4.193.219.127:0] script '/domains/system_default/system.php' not found or unable to stat
[Sun Feb 22 03:32:11.281236 2026] [php:error] [pid 82489] [client 4.193.219.127:0] script '/domains/system_default/byp.php' not found or unable to stat
[Sun Feb 22 03:32:12.785772 2026] [php:error] [pid 82686] [client 4.193.219.127:0] script '/domains/system_default/domains.php' not found or unable to stat
[Sun Feb 22 03:32:13.020545 2026] [php:error] [pid 82685] [client 65.52.160.249:0] script '/domains/nmksgroupweb/meew.php' not found or unable to stat
[Sun Feb 22 03:32:13.030847 2026] [php:error] [pid 82686] [client 4.193.219.127:0] script '/domains/system_default/clss.php' not found or unable to stat
[Sun Feb 22 03:32:13.232332 2026] [php:error] [pid 82685] [client 65.52.160.249:0] script '/domains/nmksgroupweb/add.php' not found or unable to stat
[Sun Feb 22 03:32:13.278604 2026] [php:error] [pid 82686] [client 4.193.219.127:0] script '/domains/system_default/autoload_classmap.php' not found or unable to stat
[Sun Feb 22 03:32:13.485039 2026] [php:error] [pid 82685] [client 65.52.160.249:0] script '/domains/nmksgroupweb/8.php' not found or unable to stat
[Sun Feb 22 03:32:13.504723 2026] [php:error] [pid 82686] [client 4.193.219.127:0] script '/domains/system_default/byp.php' not found or unable to stat
[Sun Feb 22 03:32:13.697124 2026] [php:error] [pid 82685] [client 65.52.160.249:0] script '/domains/nmksgroupweb/ty.php' not found or unable to stat
[Sun Feb 22 03:32:13.936113 2026] [php:error] [pid 82685] [client 65.52.160.249:0] script '/domains/nmksgroupweb/sys.php' not found or unable to stat
[Sun Feb 22 03:32:13.957206 2026] [php:error] [pid 82686] [client 4.193.219.127:0] script '/domains/system_default/zc-104.php' not found or unable to stat
[Sun Feb 22 03:32:14.147823 2026] [php:error] [pid 82685] [client 65.52.160.249:0] script '/domains/nmksgroupweb/mass.php' not found or unable to stat
[Sun Feb 22 03:32:14.360188 2026] [php:error] [pid 82685] [client 65.52.160.249:0] script '/domains/nmksgroupweb/alfa.php' not found or unable to stat
[Sun Feb 22 03:32:14.410094 2026] [php:error] [pid 82686] [client 4.193.219.127:0] script '/domains/system_default/6kDPjgFTmvS.php' not found or unable to stat
[Sun Feb 22 03:32:14.573692 2026] [php:error] [pid 82685] [client 65.52.160.249:0] script '/domains/nmksgroupweb/71.php' not found or unable to stat
[Sun Feb 22 03:32:14.636538 2026] [php:error] [pid 82686] [client 4.193.219.127:0] script '/domains/system_default/vanda.php' not found or unable to stat
[Sun Feb 22 03:32:14.792931 2026] [php:error] [pid 82685] [client 65.52.160.249:0] script '/domains/nmksgroupweb/admin-footer.php' not found or unable to stat
[Sun Feb 22 03:32:15.248740 2026] [php:error] [pid 82686] [client 4.193.219.127:0] script '/domains/system_default/install.php' not found or unable to stat
[Sun Feb 22 03:32:15.304770 2026] [php:error] [pid 82685] [client 65.52.160.249:0] script '/domains/nmksgroupweb/webdb.php' not found or unable to stat
[Sun Feb 22 03:32:15.523163 2026] [php:error] [pid 82685] [client 65.52.160.249:0] script '/domains/nmksgroupweb/plugin.php' not found or unable to stat
[Sun Feb 22 03:32:15.735191 2026] [php:error] [pid 82685] [client 65.52.160.249:0] script '/domains/nmksgroupweb/lib.php' not found or unable to stat
[Sun Feb 22 03:32:15.946849 2026] [php:error] [pid 82685] [client 65.52.160.249:0] script '/domains/nmksgroupweb/makeasmtp.php' not found or unable to stat
[Sun Feb 22 03:32:16.184070 2026] [php:error] [pid 82685] [client 65.52.160.249:0] script '/domains/nmksgroupweb/zeal.php' not found or unable to stat
[Sun Feb 22 03:32:16.400056 2026] [php:error] [pid 82685] [client 65.52.160.249:0] script '/domains/nmksgroupweb/sc.php' not found or unable to stat
[Sun Feb 22 03:32:16.719045 2026] [php:error] [pid 82686] [client 4.193.219.127:0] script '/domains/system_default/gdn.php' not found or unable to stat
[Sun Feb 22 03:32:16.844010 2026] [php:error] [pid 82685] [client 65.52.160.249:0] script '/domains/nmksgroupweb/txets.php' not found or unable to stat
[Sun Feb 22 03:32:16.945793 2026] [php:error] [pid 82686] [client 4.193.219.127:0] script '/domains/system_default/cache.php' not found or unable to stat
[Sun Feb 22 03:32:17.116351 2026] [php:error] [pid 82685] [client 65.52.160.249:0] script '/domains/nmksgroupweb/options-head.php' not found or unable to stat
[Sun Feb 22 03:32:17.418314 2026] [php:error] [pid 82686] [client 4.193.219.127:0] script '/domains/system_default/asd.php' not found or unable to stat
[Sun Feb 22 03:32:17.650748 2026] [php:error] [pid 82686] [client 4.193.219.127:0] script '/domains/system_default/favicon.php' not found or unable to stat
[Sun Feb 22 03:32:17.877550 2026] [php:error] [pid 82686] [client 4.193.219.127:0] script '/domains/system_default/file.php' not found or unable to stat
[Sun Feb 22 03:32:17.904230 2026] [php:error] [pid 82685] [client 65.52.160.249:0] script '/domains/nmksgroupweb/cmdo.php' not found or unable to stat
[Sun Feb 22 03:32:18.106321 2026] [php:error] [pid 82686] [client 4.193.219.127:0] script '/domains/system_default/rzki.php' not found or unable to stat
[Sun Feb 22 03:32:18.157361 2026] [php:error] [pid 82685] [client 65.52.160.249:0] script '/domains/nmksgroupweb/p.php' not found or unable to stat
[Sun Feb 22 03:32:18.337287 2026] [php:error] [pid 82686] [client 4.193.219.127:0] script '/domains/system_default/buy.php' not found or unable to stat
[Sun Feb 22 03:32:18.371348 2026] [php:error] [pid 82685] [client 65.52.160.249:0] script '/domains/nmksgroupweb/Capte.php' not found or unable to stat
[Sun Feb 22 03:32:18.563802 2026] [php:error] [pid 82686] [client 4.193.219.127:0] script '/domains/system_default/install.php' not found or unable to stat
[Sun Feb 22 03:32:18.586014 2026] [php:error] [pid 82685] [client 65.52.160.249:0] script '/domains/nmksgroupweb/ccou.php' not found or unable to stat
[Sun Feb 22 03:32:18.791955 2026] [php:error] [pid 82686] [client 4.193.219.127:0] script '/domains/system_default/inputs.php' not found or unable to stat
[Sun Feb 22 03:32:18.797732 2026] [php:error] [pid 82685] [client 65.52.160.249:0] script '/domains/nmksgroupweb/503.php' not found or unable to stat
[Sun Feb 22 03:32:19.013220 2026] [php:error] [pid 82685] [client 65.52.160.249:0] script '/domains/nmksgroupweb/ws66.php' not found or unable to stat
[Sun Feb 22 03:32:19.248802 2026] [php:error] [pid 82685] [client 65.52.160.249:0] script '/domains/nmksgroupweb/xa.php' not found or unable to stat
[Sun Feb 22 03:32:19.460481 2026] [php:error] [pid 82685] [client 65.52.160.249:0] script '/domains/nmksgroupweb/666.php' not found or unable to stat
[Sun Feb 22 03:32:19.472738 2026] [php:error] [pid 82686] [client 4.193.219.127:0] script '/domains/system_default/ws.php' not found or unable to stat
[Sun Feb 22 03:32:19.671990 2026] [php:error] [pid 82685] [client 65.52.160.249:0] script '/domains/nmksgroupweb/error.php' not found or unable to stat
[Sun Feb 22 03:32:19.699017 2026] [php:error] [pid 82686] [client 4.193.219.127:0] script '/domains/system_default/44.php' not found or unable to stat
[Sun Feb 22 03:32:19.884553 2026] [php:error] [pid 82685] [client 65.52.160.249:0] script '/domains/nmksgroupweb/222.php' not found or unable to stat
[Sun Feb 22 03:32:20.106469 2026] [php:error] [pid 82685] [client 65.52.160.249:0] script '/domains/nmksgroupweb/wen.php' not found or unable to stat
[Sun Feb 22 03:32:20.154650 2026] [php:error] [pid 82686] [client 4.193.219.127:0] script '/domains/system_default/404.php' not found or unable to stat
[Sun Feb 22 03:32:20.343068 2026] [php:error] [pid 82685] [client 65.52.160.249:0] script '/domains/nmksgroupweb/environment.php' not found or unable to stat
[Sun Feb 22 03:32:20.560092 2026] [php:error] [pid 82685] [client 65.52.160.249:0] script '/domains/nmksgroupweb/styles.php' not found or unable to stat
[Sun Feb 22 03:32:20.788760 2026] [php:error] [pid 82685] [client 65.52.160.249:0] script '/domains/nmksgroupweb/wp-4doption1.php' not found or unable to stat
[Sun Feb 22 03:32:20.841457 2026] [php:error] [pid 82686] [client 4.193.219.127:0] script '/domains/system_default/wp-login.php' not found or unable to stat
[Sun Feb 22 03:32:21.267538 2026] [php:error] [pid 82685] [client 65.52.160.249:0] script '/domains/nmksgroupweb/1.php' not found or unable to stat
[Sun Feb 22 03:32:21.711673 2026] [php:error] [pid 82685] [client 65.52.160.249:0] script '/domains/nmksgroupweb/atomlib.php' not found or unable to stat
[Sun Feb 22 03:32:21.814239 2026] [php:error] [pid 82686] [client 4.193.219.127:0] script '/domains/system_default/wp-config-sample.php' not found or unable to stat
[Sun Feb 22 03:32:21.924680 2026] [php:error] [pid 82685] [client 65.52.160.249:0] script '/domains/nmksgroupweb/asasx.php' not found or unable to stat
[Sun Feb 22 03:32:22.041099 2026] [php:error] [pid 82686] [client 4.193.219.127:0] script '/domains/system_default/rip.php' not found or unable to stat
[Sun Feb 22 03:32:22.136706 2026] [php:error] [pid 82685] [client 65.52.160.249:0] script '/domains/nmksgroupweb/ioxi-o.php' not found or unable to stat
[Sun Feb 22 03:32:22.348261 2026] [php:error] [pid 82685] [client 65.52.160.249:0] script '/domains/nmksgroupweb/z60.php' not found or unable to stat
[Sun Feb 22 03:32:22.560439 2026] [php:error] [pid 82685] [client 65.52.160.249:0] script '/domains/nmksgroupweb/dropdown.php' not found or unable to stat
[Sun Feb 22 03:32:23.002643 2026] [php:error] [pid 82685] [client 65.52.160.249:0] script '/domains/nmksgroupweb/wp-tot.php' not found or unable to stat
[Sun Feb 22 03:32:23.213470 2026] [php:error] [pid 82686] [client 4.193.219.127:0] script '/domains/system_default/404.php' not found or unable to stat
[Sun Feb 22 03:32:23.469965 2026] [php:error] [pid 82686] [client 4.193.219.127:0] script '/domains/system_default/wp-blog.php' not found or unable to stat
[Sun Feb 22 03:32:23.662288 2026] [php:error] [pid 82685] [client 65.52.160.249:0] script '/domains/nmksgroupweb/class.php' not found or unable to stat
[Sun Feb 22 03:32:23.717217 2026] [php:error] [pid 82686] [client 4.193.219.127:0] script '/domains/system_default/info.php' not found or unable to stat
[Sun Feb 22 03:32:23.873946 2026] [php:error] [pid 82685] [client 65.52.160.249:0] script '/domains/nmksgroupweb/404.php' not found or unable to stat
[Sun Feb 22 03:32:24.085699 2026] [php:error] [pid 82685] [client 65.52.160.249:0] script '/domains/nmksgroupweb/mode.php' not found or unable to stat
[Sun Feb 22 03:32:24.297565 2026] [php:error] [pid 82685] [client 65.52.160.249:0] script '/domains/nmksgroupweb/aboutc.php' not found or unable to stat
[Sun Feb 22 03:32:24.455078 2026] [php:error] [pid 82686] [client 4.193.219.127:0] script '/domains/system_default/rip.php' not found or unable to stat
[Sun Feb 22 03:32:24.509203 2026] [php:error] [pid 82685] [client 65.52.160.249:0] script '/domains/nmksgroupweb/sx.php' not found or unable to stat
[Sun Feb 22 03:32:24.694649 2026] [php:error] [pid 82686] [client 4.193.219.127:0] script '/domains/system_default/h.php' not found or unable to stat
[Sun Feb 22 03:32:24.723359 2026] [php:error] [pid 82685] [client 65.52.160.249:0] script '/domains/nmksgroupweb/themes.php' not found or unable to stat
[Sun Feb 22 03:32:24.922498 2026] [php:error] [pid 82686] [client 4.193.219.127:0] script '/domains/system_default/56c53.php' not found or unable to stat
[Sun Feb 22 03:32:24.961578 2026] [php:error] [pid 82685] [client 65.52.160.249:0] script '/domains/nmksgroupweb/yawa.php' not found or unable to stat
[Sun Feb 22 03:32:25.173286 2026] [php:error] [pid 82685] [client 65.52.160.249:0] script '/domains/nmksgroupweb/m.php' not found or unable to stat
[Sun Feb 22 03:32:25.393733 2026] [php:error] [pid 82686] [client 4.193.219.127:0] script '/domains/system_default/i.php' not found or unable to stat
[Sun Feb 22 03:32:25.598293 2026] [php:error] [pid 82685] [client 65.52.160.249:0] script '/domains/nmksgroupweb/item.php' not found or unable to stat
[Sun Feb 22 03:32:25.620198 2026] [php:error] [pid 82686] [client 4.193.219.127:0] script '/domains/system_default/xsas.php' not found or unable to stat
[Sun Feb 22 03:32:25.816700 2026] [php:error] [pid 82685] [client 65.52.160.249:0] script '/domains/nmksgroupweb/403.php' not found or unable to stat
[Sun Feb 22 03:32:25.846577 2026] [php:error] [pid 82686] [client 4.193.219.127:0] script '/domains/system_default/varb.php' not found or unable to stat
[Sun Feb 22 03:32:26.028480 2026] [php:error] [pid 82685] [client 65.52.160.249:0] script '/domains/nmksgroupweb/gg.php' not found or unable to stat
[Sun Feb 22 03:32:26.245246 2026] [php:error] [pid 82685] [client 65.52.160.249:0] script '/domains/nmksgroupweb/akcc.php' not found or unable to stat
[Sun Feb 22 03:32:26.307491 2026] [php:error] [pid 82686] [client 4.193.219.127:0] script '/domains/system_default/xxzdc.php' not found or unable to stat
[Sun Feb 22 03:32:26.479112 2026] [php:error] [pid 82685] [client 65.52.160.249:0] script '/domains/nmksgroupweb/radio.php' not found or unable to stat
[Sun Feb 22 03:32:26.533940 2026] [php:error] [pid 82686] [client 4.193.219.127:0] script '/domains/system_default/gdn.php' not found or unable to stat
[Sun Feb 22 03:32:26.690609 2026] [php:error] [pid 82685] [client 65.52.160.249:0] script '/domains/nmksgroupweb/xa.php' not found or unable to stat
[Sun Feb 22 03:32:26.760332 2026] [php:error] [pid 82686] [client 4.193.219.127:0] script '/domains/system_default/elp.php' not found or unable to stat
[Sun Feb 22 03:32:26.902962 2026] [php:error] [pid 82685] [client 65.52.160.249:0] script '/domains/nmksgroupweb/backup.php' not found or unable to stat
[Sun Feb 22 03:32:26.987017 2026] [php:error] [pid 82686] [client 4.193.219.127:0] script '/domains/system_default/144.php' not found or unable to stat
[Sun Feb 22 03:32:27.115928 2026] [php:error] [pid 82685] [client 65.52.160.249:0] script '/domains/nmksgroupweb/galex.php' not found or unable to stat
[Sun Feb 22 03:32:27.439681 2026] [php:error] [pid 82686] [client 4.193.219.127:0] script '/domains/system_default/wp-conf.php' not found or unable to stat
[Sun Feb 22 03:32:27.538522 2026] [php:error] [pid 82685] [client 65.52.160.249:0] script '/domains/nmksgroupweb/about.php' not found or unable to stat
[Sun Feb 22 03:32:27.750548 2026] [php:error] [pid 82685] [client 65.52.160.249:0] script '/domains/nmksgroupweb/vx.php' not found or unable to stat
[Sun Feb 22 03:32:27.892113 2026] [php:error] [pid 82686] [client 4.193.219.127:0] script '/domains/system_default/lm15.php' not found or unable to stat
[Sun Feb 22 03:32:27.974034 2026] [php:error] [pid 82685] [client 65.52.160.249:0] script '/domains/nmksgroupweb/classwithtostring.php' not found or unable to stat
[Sun Feb 22 03:32:28.131364 2026] [php:error] [pid 82686] [client 4.193.219.127:0] script '/domains/system_default/inputs.php' not found or unable to stat
[Sun Feb 22 03:32:28.400301 2026] [php:error] [pid 82685] [client 65.52.160.249:0] script '/domains/nmksgroupweb/fff.php' not found or unable to stat
[Sun Feb 22 03:32:28.611754 2026] [php:error] [pid 82685] [client 65.52.160.249:0] script '/domains/nmksgroupweb/content.php' not found or unable to stat
[Sun Feb 22 03:32:28.814354 2026] [php:error] [pid 82686] [client 4.193.219.127:0] script '/domains/system_default/d12.php' not found or unable to stat
[Sun Feb 22 03:32:28.823523 2026] [php:error] [pid 82685] [client 65.52.160.249:0] script '/domains/nmksgroupweb/menu.php' not found or unable to stat
[Sun Feb 22 03:32:29.035445 2026] [php:error] [pid 82685] [client 65.52.160.249:0] script '/domains/nmksgroupweb/gifclass.php' not found or unable to stat
[Sun Feb 22 03:32:29.040634 2026] [php:error] [pid 82686] [client 4.193.219.127:0] script '/domains/system_default/test.php' not found or unable to stat
[Sun Feb 22 03:32:29.266853 2026] [php:error] [pid 82686] [client 4.193.219.127:0] script '/domains/system_default/hehe.php' not found or unable to stat
[Sun Feb 22 03:32:29.471952 2026] [php:error] [pid 82685] [client 65.52.160.249:0] script '/domains/nmksgroupweb/css.php' not found or unable to stat
[Sun Feb 22 03:32:29.684026 2026] [php:error] [pid 82685] [client 65.52.160.249:0] script '/domains/nmksgroupweb/x7.php' not found or unable to stat
[Sun Feb 22 03:32:29.734989 2026] [php:error] [pid 82686] [client 4.193.219.127:0] script '/domains/system_default/themes.php' not found or unable to stat
[Sun Feb 22 03:32:29.900331 2026] [php:error] [pid 82685] [client 65.52.160.249:0] script '/domains/nmksgroupweb/bugger.php' not found or unable to stat
[Sun Feb 22 03:32:29.976950 2026] [php:error] [pid 82686] [client 4.193.219.127:0] script '/domains/system_default/bo.php' not found or unable to stat
[Sun Feb 22 03:32:30.203992 2026] [php:error] [pid 82686] [client 4.193.219.127:0] script '/domains/system_default/a5e0a.php' not found or unable to stat
[Sun Feb 22 03:32:30.323441 2026] [php:error] [pid 82685] [client 65.52.160.249:0] script '/domains/nmksgroupweb/simple.php' not found or unable to stat
[Sun Feb 22 03:32:30.498178 2026] [php:error] [pid 82686] [client 4.193.219.127:0] script '/domains/system_default/z.php' not found or unable to stat
[Sun Feb 22 03:32:30.534642 2026] [php:error] [pid 82685] [client 65.52.160.249:0] script '/domains/nmksgroupweb/alfa.php' not found or unable to stat
[Sun Feb 22 03:32:30.748769 2026] [php:error] [pid 82685] [client 65.52.160.249:0] script '/domains/nmksgroupweb/wp-file.php' not found or unable to stat
[Sun Feb 22 03:32:30.965353 2026] [php:error] [pid 82685] [client 65.52.160.249:0] script '/domains/nmksgroupweb/as.php' not found or unable to stat
[Sun Feb 22 03:32:31.178322 2026] [php:error] [pid 82685] [client 65.52.160.249:0] script '/domains/nmksgroupweb/X57.php' not found or unable to stat
[Sun Feb 22 03:32:31.394744 2026] [php:error] [pid 82685] [client 65.52.160.249:0] script '/domains/nmksgroupweb/abc.php' not found or unable to stat
[Sun Feb 22 03:32:31.608024 2026] [php:error] [pid 82685] [client 65.52.160.249:0] script '/domains/nmksgroupweb/gettest.php' not found or unable to stat
[Sun Feb 22 03:32:31.819945 2026] [php:error] [pid 82685] [client 65.52.160.249:0] script '/domains/nmksgroupweb/sbhu.php' not found or unable to stat
[Sun Feb 22 03:32:32.036309 2026] [php:error] [pid 82685] [client 65.52.160.249:0] script '/domains/nmksgroupweb/wp-trackback.php' not found or unable to stat
[Sun Feb 22 03:32:32.252990 2026] [php:error] [pid 82685] [client 65.52.160.249:0] script '/domains/nmksgroupweb/alfashell.php' not found or unable to stat
[Sun Feb 22 03:32:32.695793 2026] [php:error] [pid 82685] [client 65.52.160.249:0] script '/domains/nmksgroupweb/aaa.php' not found or unable to stat
[Sun Feb 22 03:32:33.931289 2026] [php:error] [pid 82685] [client 65.52.160.249:0] script '/domains/nmksgroupweb/chosen.php' not found or unable to stat
[Sun Feb 22 03:32:34.168104 2026] [php:error] [pid 82685] [client 65.52.160.249:0] script '/domains/nmksgroupweb/tmpls.php' not found or unable to stat
[Sun Feb 22 03:32:34.355685 2026] [php:error] [pid 82681] [client 104.46.216.98:0] script '/domains/king1969/about.php' not found or unable to stat
[Sun Feb 22 03:32:34.398891 2026] [php:error] [pid 82685] [client 65.52.160.249:0] script '/domains/nmksgroupweb/gtc.php' not found or unable to stat
[Sun Feb 22 03:32:34.621149 2026] [php:error] [pid 82685] [client 65.52.160.249:0] script '/domains/nmksgroupweb/ty.php' not found or unable to stat
[Sun Feb 22 03:32:34.694431 2026] [php:error] [pid 82681] [client 104.46.216.98:0] script '/domains/king1969/system.php' not found or unable to stat
[Sun Feb 22 03:32:34.832882 2026] [php:error] [pid 82685] [client 65.52.160.249:0] script '/domains/nmksgroupweb/0x.php' not found or unable to stat
[Sun Feb 22 03:32:34.859689 2026] [php:error] [pid 82681] [client 104.46.216.98:0] script '/domains/king1969/ini.php' not found or unable to stat
[Sun Feb 22 03:32:35.045415 2026] [php:error] [pid 82685] [client 65.52.160.249:0] script '/domains/nmksgroupweb/inputs.php' not found or unable to stat
[Sun Feb 22 03:32:35.261311 2026] [php:error] [pid 82685] [client 65.52.160.249:0] script '/domains/nmksgroupweb/test1.php' not found or unable to stat
[Sun Feb 22 03:32:35.489760 2026] [php:error] [pid 82685] [client 65.52.160.249:0] script '/domains/nmksgroupweb/new4.php' not found or unable to stat
[Sun Feb 22 03:32:35.701667 2026] [php:error] [pid 82685] [client 65.52.160.249:0] script '/domains/nmksgroupweb/img.php' not found or unable to stat
[Sun Feb 22 03:32:35.875605 2026] [php:error] [pid 82682] [client 104.46.216.98:0] script '/domains/king1969/content.php' not found or unable to stat
[Sun Feb 22 03:32:36.148695 2026] [php:error] [pid 82685] [client 65.52.160.249:0] script '/domains/nmksgroupweb/w.php' not found or unable to stat
[Sun Feb 22 03:32:36.277946 2026] [php:error] [pid 82682] [client 104.46.216.98:0] script '/domains/king1969/elp.php' not found or unable to stat
[Sun Feb 22 03:32:36.360310 2026] [php:error] [pid 82685] [client 65.52.160.249:0] script '/domains/nmksgroupweb/f35.php' not found or unable to stat
[Sun Feb 22 03:32:36.435734 2026] [php:error] [pid 82682] [client 104.46.216.98:0] script '/domains/king1969/FII.php' not found or unable to stat
[Sun Feb 22 03:32:36.911146 2026] [php:error] [pid 82682] [client 104.46.216.98:0] script '/domains/king1969/bolt.php' not found or unable to stat
[Sun Feb 22 03:32:37.101869 2026] [php:error] [pid 82682] [client 104.46.216.98:0] script '/domains/king1969/api.php' not found or unable to stat
[Sun Feb 22 03:32:37.418365 2026] [php:error] [pid 82682] [client 104.46.216.98:0] script '/domains/king1969/mini.php' not found or unable to stat
[Sun Feb 22 03:32:37.807167 2026] [php:error] [pid 82682] [client 104.46.216.98:0] script '/domains/king1969/dropdown.php' not found or unable to stat
