[Sun Feb 22 00:53:44.159072 2026] [php:error] [pid 80450] [client 4.193.228.15:0] script '/domains/rextrav/default.php' not found or unable to stat
[Sun Feb 22 00:53:44.653058 2026] [php:error] [pid 80450] [client 4.193.228.15:0] script '/domains/rextrav/xml.php' not found or unable to stat
[Sun Feb 22 00:53:44.904524 2026] [php:error] [pid 80450] [client 4.193.228.15:0] script '/domains/rextrav/sx.php' not found or unable to stat
[Sun Feb 22 00:53:45.692222 2026] [php:error] [pid 80450] [client 4.193.228.15:0] script '/domains/rextrav/wp-cron.php' not found or unable to stat
[Sun Feb 22 00:53:47.173757 2026] [php:error] [pid 80450] [client 4.193.228.15:0] script '/domains/rextrav/backup.php' not found or unable to stat
[Sun Feb 22 00:53:47.629765 2026] [php:error] [pid 80450] [client 4.193.228.15:0] script '/domains/rextrav/wp-admin.php' not found or unable to stat
[Sun Feb 22 00:53:48.016820 2026] [php:error] [pid 80450] [client 4.193.228.15:0] script '/domains/rextrav/akc.php' not found or unable to stat
[Sun Feb 22 00:53:48.813731 2026] [php:error] [pid 80450] [client 4.193.228.15:0] script '/domains/rextrav/test1.php' not found or unable to stat
[Sun Feb 22 00:53:49.091779 2026] [php:error] [pid 80450] [client 4.193.228.15:0] script '/domains/rextrav/bolt.php' not found or unable to stat
[Sun Feb 22 00:53:49.320927 2026] [php:error] [pid 80450] [client 4.193.228.15:0] script '/domains/rextrav/help.php' not found or unable to stat
[Sun Feb 22 00:53:49.597992 2026] [php:error] [pid 80450] [client 4.193.228.15:0] script '/domains/rextrav/atomlib.php' not found or unable to stat
[Sun Feb 22 00:53:49.854987 2026] [php:error] [pid 80450] [client 4.193.228.15:0] script '/domains/rextrav/wp-good.php' not found or unable to stat
[Sun Feb 22 00:53:50.081180 2026] [php:error] [pid 80450] [client 4.193.228.15:0] script '/domains/rextrav/gecko.php' not found or unable to stat
[Sun Feb 22 00:53:50.629400 2026] [php:error] [pid 80450] [client 4.193.228.15:0] script '/domains/rextrav/news.php' not found or unable to stat
[Sun Feb 22 00:53:50.874641 2026] [php:error] [pid 80450] [client 4.193.228.15:0] script '/domains/rextrav/xmlrpc.php' not found or unable to stat
[Sun Feb 22 00:53:51.147133 2026] [php:error] [pid 80450] [client 4.193.228.15:0] script '/domains/rextrav/new.php' not found or unable to stat
[Sun Feb 22 00:53:52.323618 2026] [php:error] [pid 80450] [client 4.193.228.15:0] script '/domains/rextrav/server.php' not found or unable to stat
[Sun Feb 22 00:53:52.612878 2026] [php:error] [pid 80450] [client 4.193.228.15:0] script '/domains/rextrav/wp-signin.php' not found or unable to stat
[Sun Feb 22 00:53:53.767053 2026] [php:error] [pid 80450] [client 4.193.228.15:0] script '/domains/rextrav/class.php' not found or unable to stat
[Sun Feb 22 00:53:53.993867 2026] [php:error] [pid 80450] [client 4.193.228.15:0] script '/domains/rextrav/wp.php' not found or unable to stat
[Sun Feb 22 00:53:55.383134 2026] [php:error] [pid 80450] [client 4.193.228.15:0] script '/domains/rextrav/special.php' not found or unable to stat
[Sun Feb 22 00:54:15.575081 2026] [php:error] [pid 80461] [client 34.96.162.48:0] script '/domains/machinadynamica/adminer-5.0.0-mysql.php' not found or unable to stat
[Sun Feb 22 00:54:19.873357 2026] [php:error] [pid 80461] [client 4.232.89.175:0] script '/domains/system_cancel/add-user.php' not found or unable to stat
[Sun Feb 22 00:54:28.596365 2026] [php:error] [pid 80460] [client 104.46.226.22:0] script '/domains/drsuper/about.php' not found or unable to stat
[Sun Feb 22 00:54:28.932970 2026] [php:error] [pid 80460] [client 104.46.226.22:0] script '/domains/drsuper/system.php' not found or unable to stat
[Sun Feb 22 00:54:28.939404 2026] [php:error] [pid 80457] [client 68.221.129.30:0] script '/domains/byardrealestate/elp.php' not found or unable to stat
[Sun Feb 22 00:54:29.024259 2026] [php:error] [pid 80457] [client 68.221.129.30:0] script '/domains/byardrealestate/ws58.php' not found or unable to stat
[Sun Feb 22 00:54:29.098184 2026] [php:error] [pid 80460] [client 104.46.226.22:0] script '/domains/drsuper/ini.php' not found or unable to stat
[Sun Feb 22 00:54:29.109057 2026] [php:error] [pid 80457] [client 68.221.129.30:0] script '/domains/byardrealestate/vx.php' not found or unable to stat
[Sun Feb 22 00:54:29.193953 2026] [php:error] [pid 80457] [client 68.221.129.30:0] script '/domains/byardrealestate/motu.php' not found or unable to stat
[Sun Feb 22 00:54:29.279456 2026] [php:error] [pid 80457] [client 68.221.129.30:0] script '/domains/byardrealestate/ckk.php' not found or unable to stat
[Sun Feb 22 00:54:29.364463 2026] [php:error] [pid 80457] [client 68.221.129.30:0] script '/domains/byardrealestate/class.php' not found or unable to stat
[Sun Feb 22 00:54:29.450136 2026] [php:error] [pid 80457] [client 68.221.129.30:0] script '/domains/byardrealestate/166.php' not found or unable to stat
[Sun Feb 22 00:54:29.535598 2026] [php:error] [pid 80457] [client 68.221.129.30:0] script '/domains/byardrealestate/ww.php' not found or unable to stat
[Sun Feb 22 00:54:29.621759 2026] [php:error] [pid 80457] [client 68.221.129.30:0] script '/domains/byardrealestate/wp-p2r3q9c8k4.php' not found or unable to stat
[Sun Feb 22 00:54:29.706945 2026] [php:error] [pid 80457] [client 68.221.129.30:0] script '/domains/byardrealestate/users.php' not found or unable to stat
[Sun Feb 22 00:54:29.795312 2026] [php:error] [pid 80457] [client 68.221.129.30:0] script '/domains/byardrealestate/0x.php' not found or unable to stat
[Sun Feb 22 00:54:29.894964 2026] [php:error] [pid 80457] [client 68.221.129.30:0] script '/domains/byardrealestate/baixy.php' not found or unable to stat
[Sun Feb 22 00:54:29.980051 2026] [php:error] [pid 80457] [client 68.221.129.30:0] script '/domains/byardrealestate/zu.php' not found or unable to stat
[Sun Feb 22 00:54:30.064894 2026] [php:error] [pid 80457] [client 68.221.129.30:0] script '/domains/byardrealestate/kbfr.php' not found or unable to stat
[Sun Feb 22 00:54:30.144988 2026] [php:error] [pid 80462] [client 104.46.226.22:0] script '/domains/drsuper/content.php' not found or unable to stat
[Sun Feb 22 00:54:30.149750 2026] [php:error] [pid 80457] [client 68.221.129.30:0] script '/domains/byardrealestate/f35.php' not found or unable to stat
[Sun Feb 22 00:54:30.240719 2026] [php:error] [pid 80457] [client 68.221.129.30:0] script '/domains/byardrealestate/click.php' not found or unable to stat
[Sun Feb 22 00:54:30.325543 2026] [php:error] [pid 80457] [client 68.221.129.30:0] script '/domains/byardrealestate/a332.php' not found or unable to stat
[Sun Feb 22 00:54:30.410547 2026] [php:error] [pid 80457] [client 68.221.129.30:0] script '/domains/byardrealestate/bootstrap.php' not found or unable to stat
[Sun Feb 22 00:54:30.475817 2026] [php:error] [pid 80462] [client 104.46.226.22:0] script '/domains/drsuper/elp.php' not found or unable to stat
[Sun Feb 22 00:54:30.495974 2026] [php:error] [pid 80457] [client 68.221.129.30:0] script '/domains/byardrealestate/f2.php' not found or unable to stat
[Sun Feb 22 00:54:30.581503 2026] [php:error] [pid 80457] [client 68.221.129.30:0] script '/domains/byardrealestate/to.php' not found or unable to stat
[Sun Feb 22 00:54:30.641509 2026] [php:error] [pid 80462] [client 104.46.226.22:0] script '/domains/drsuper/FII.php' not found or unable to stat
[Sun Feb 22 00:54:30.666815 2026] [php:error] [pid 80457] [client 68.221.129.30:0] script '/domains/byardrealestate/inege.php' not found or unable to stat
[Sun Feb 22 00:54:30.752422 2026] [php:error] [pid 80457] [client 68.221.129.30:0] script '/domains/byardrealestate/thui.php' not found or unable to stat
[Sun Feb 22 00:54:30.837528 2026] [php:error] [pid 80457] [client 68.221.129.30:0] script '/domains/byardrealestate/8.php' not found or unable to stat
[Sun Feb 22 00:54:30.927440 2026] [php:error] [pid 80457] [client 68.221.129.30:0] script '/domains/byardrealestate/fresh3.php' not found or unable to stat
[Sun Feb 22 00:54:31.014485 2026] [php:error] [pid 80457] [client 68.221.129.30:0] script '/domains/byardrealestate/selesai.php' not found or unable to stat
[Sun Feb 22 00:54:31.102090 2026] [php:error] [pid 80457] [client 68.221.129.30:0] script '/domains/byardrealestate/xs.php' not found or unable to stat
[Sun Feb 22 00:54:31.177634 2026] [php:error] [pid 80462] [client 104.46.226.22:0] script '/domains/drsuper/bolt.php' not found or unable to stat
[Sun Feb 22 00:54:31.187589 2026] [php:error] [pid 80457] [client 68.221.129.30:0] script '/domains/byardrealestate/maraz.php' not found or unable to stat
[Sun Feb 22 00:54:31.272688 2026] [php:error] [pid 80457] [client 68.221.129.30:0] script '/domains/byardrealestate/ws66.php' not found or unable to stat
[Sun Feb 22 00:54:31.347796 2026] [php:error] [pid 80462] [client 104.46.226.22:0] script '/domains/drsuper/api.php' not found or unable to stat
[Sun Feb 22 00:54:31.357543 2026] [php:error] [pid 80457] [client 68.221.129.30:0] script '/domains/byardrealestate/aa.php' not found or unable to stat
[Sun Feb 22 00:54:31.442426 2026] [php:error] [pid 80457] [client 68.221.129.30:0] script '/domains/byardrealestate/erty.php' not found or unable to stat
[Sun Feb 22 00:54:31.527924 2026] [php:error] [pid 80457] [client 68.221.129.30:0] script '/domains/byardrealestate/24.php' not found or unable to stat
[Sun Feb 22 00:54:31.613144 2026] [php:error] [pid 80457] [client 68.221.129.30:0] script '/domains/byardrealestate/bzjdlofz.php' not found or unable to stat
[Sun Feb 22 00:54:31.678000 2026] [php:error] [pid 80462] [client 104.46.226.22:0] script '/domains/drsuper/mini.php' not found or unable to stat
[Sun Feb 22 00:54:31.698158 2026] [php:error] [pid 80457] [client 68.221.129.30:0] script '/domains/byardrealestate/sbhu.php' not found or unable to stat
[Sun Feb 22 00:54:31.783236 2026] [php:error] [pid 80457] [client 68.221.129.30:0] script '/domains/byardrealestate/wp-blogs.php' not found or unable to stat
[Sun Feb 22 00:54:31.868645 2026] [php:error] [pid 80457] [client 68.221.129.30:0] script '/domains/byardrealestate/fetch.php' not found or unable to stat
[Sun Feb 22 00:54:31.953552 2026] [php:error] [pid 80457] [client 68.221.129.30:0] script '/domains/byardrealestate/bolt.php' not found or unable to stat
[Sun Feb 22 00:54:32.038659 2026] [php:error] [pid 80457] [client 68.221.129.30:0] script '/domains/byardrealestate/tfm.php' not found or unable to stat
[Sun Feb 22 00:54:32.110258 2026] [php:error] [pid 80462] [client 104.46.226.22:0] script '/domains/drsuper/dropdown.php' not found or unable to stat
[Sun Feb 22 00:54:32.125950 2026] [php:error] [pid 80457] [client 68.221.129.30:0] script '/domains/byardrealestate/ak.php' not found or unable to stat
[Sun Feb 22 00:54:32.210855 2026] [php:error] [pid 80457] [client 68.221.129.30:0] script '/domains/byardrealestate/wp-style.php' not found or unable to stat
[Sun Feb 22 00:54:32.296941 2026] [php:error] [pid 80457] [client 68.221.129.30:0] script '/domains/byardrealestate/error_log.php' not found or unable to stat
[Sun Feb 22 00:54:32.382424 2026] [php:error] [pid 80457] [client 68.221.129.30:0] script '/domains/byardrealestate/0x0x.php' not found or unable to stat
[Sun Feb 22 00:54:32.448468 2026] [php:error] [pid 80462] [client 104.46.226.22:0] script '/domains/drsuper/wp-file.php' not found or unable to stat
[Sun Feb 22 00:54:32.474414 2026] [php:error] [pid 80457] [client 68.221.129.30:0] script '/domains/byardrealestate/0byte.php' not found or unable to stat
[Sun Feb 22 00:54:32.559397 2026] [php:error] [pid 80457] [client 68.221.129.30:0] script '/domains/byardrealestate/a4.php' not found or unable to stat
[Sun Feb 22 00:54:32.645171 2026] [php:error] [pid 80457] [client 68.221.129.30:0] script '/domains/byardrealestate/logs1.php' not found or unable to stat
[Sun Feb 22 00:54:32.730289 2026] [php:error] [pid 80457] [client 68.221.129.30:0] script '/domains/byardrealestate/35.php' not found or unable to stat
[Sun Feb 22 00:54:32.800159 2026] [php:error] [pid 80462] [client 104.46.226.22:0] script '/domains/drsuper/alfa-rex.php' not found or unable to stat
[Sun Feb 22 00:54:32.815140 2026] [php:error] [pid 80457] [client 68.221.129.30:0] script '/domains/byardrealestate/lanka.php' not found or unable to stat
[Sun Feb 22 00:54:32.900181 2026] [php:error] [pid 80457] [client 68.221.129.30:0] script '/domains/byardrealestate/knmt.php' not found or unable to stat
[Sun Feb 22 00:54:32.985249 2026] [php:error] [pid 80457] [client 68.221.129.30:0] script '/domains/byardrealestate/ioxi.php' not found or unable to stat
[Sun Feb 22 00:54:33.070459 2026] [php:error] [pid 80457] [client 68.221.129.30:0] script '/domains/byardrealestate/lkui.php' not found or unable to stat
[Sun Feb 22 00:54:33.155300 2026] [php:error] [pid 80457] [client 68.221.129.30:0] script '/domains/byardrealestate/grsiuk.php' not found or unable to stat
[Sun Feb 22 00:54:33.325786 2026] [php:error] [pid 80457] [client 68.221.129.30:0] script '/domains/byardrealestate/Geforce.php' not found or unable to stat
[Sun Feb 22 00:54:33.413490 2026] [php:error] [pid 80457] [client 68.221.129.30:0] script '/domains/byardrealestate/easy.php' not found or unable to stat
[Sun Feb 22 00:54:33.503260 2026] [php:error] [pid 80457] [client 68.221.129.30:0] script '/domains/byardrealestate/s1.php' not found or unable to stat
[Sun Feb 22 00:54:33.590826 2026] [php:error] [pid 80457] [client 68.221.129.30:0] script '/domains/byardrealestate/cc13.php' not found or unable to stat
[Sun Feb 22 00:54:33.676188 2026] [php:error] [pid 80457] [client 68.221.129.30:0] script '/domains/byardrealestate/06.php' not found or unable to stat
[Sun Feb 22 00:54:33.761078 2026] [php:error] [pid 80457] [client 68.221.129.30:0] script '/domains/byardrealestate/t.php' not found or unable to stat
[Sun Feb 22 00:54:33.857547 2026] [php:error] [pid 80457] [client 68.221.129.30:0] script '/domains/byardrealestate/export.php' not found or unable to stat
[Sun Feb 22 00:54:33.942502 2026] [php:error] [pid 80457] [client 68.221.129.30:0] script '/domains/byardrealestate/xxw.php' not found or unable to stat
[Sun Feb 22 00:54:34.027878 2026] [php:error] [pid 80457] [client 68.221.129.30:0] script '/domains/byardrealestate/term.php' not found or unable to stat
[Sun Feb 22 00:54:34.039192 2026] [php:error] [pid 80462] [client 104.46.226.22:0] script '/domains/drsuper/abcd.php' not found or unable to stat
[Sun Feb 22 00:54:34.113623 2026] [php:error] [pid 80457] [client 68.221.129.30:0] script '/domains/byardrealestate/num.php' not found or unable to stat
[Sun Feb 22 00:54:34.199327 2026] [php:error] [pid 80457] [client 68.221.129.30:0] script '/domains/byardrealestate/file.php' not found or unable to stat
[Sun Feb 22 00:54:34.284322 2026] [php:error] [pid 80457] [client 68.221.129.30:0] script '/domains/byardrealestate/403.php' not found or unable to stat
[Sun Feb 22 00:54:34.369315 2026] [php:error] [pid 80462] [client 104.46.226.22:0] script '/domains/drsuper/lib.php' not found or unable to stat
[Sun Feb 22 00:54:34.369498 2026] [php:error] [pid 80457] [client 68.221.129.30:0] script '/domains/byardrealestate/ccu.php' not found or unable to stat
[Sun Feb 22 00:54:34.454705 2026] [php:error] [pid 80457] [client 68.221.129.30:0] script '/domains/byardrealestate/155.php' not found or unable to stat
[Sun Feb 22 00:54:34.540209 2026] [php:error] [pid 80457] [client 68.221.129.30:0] script '/domains/byardrealestate/xsox.php' not found or unable to stat
[Sun Feb 22 00:54:34.625196 2026] [php:error] [pid 80457] [client 68.221.129.30:0] script '/domains/byardrealestate/wen.php' not found or unable to stat
[Sun Feb 22 00:54:34.710250 2026] [php:error] [pid 80457] [client 68.221.129.30:0] script '/domains/byardrealestate/bgymj.php' not found or unable to stat
[Sun Feb 22 00:54:34.795312 2026] [php:error] [pid 80457] [client 68.221.129.30:0] script '/domains/byardrealestate/gk.php' not found or unable to stat
[Sun Feb 22 00:54:34.880852 2026] [php:error] [pid 80457] [client 68.221.129.30:0] script '/domains/byardrealestate/zoo.php' not found or unable to stat
[Sun Feb 22 00:54:34.966281 2026] [php:error] [pid 80457] [client 68.221.129.30:0] script '/domains/byardrealestate/zxekqlxb.php' not found or unable to stat
[Sun Feb 22 00:54:35.051891 2026] [php:error] [pid 80457] [client 68.221.129.30:0] script '/domains/byardrealestate/wp-scr1pts.php' not found or unable to stat
[Sun Feb 22 00:54:35.137463 2026] [php:error] [pid 80457] [client 68.221.129.30:0] script '/domains/byardrealestate/shlo.php' not found or unable to stat
[Sun Feb 22 00:54:35.222762 2026] [php:error] [pid 80457] [client 68.221.129.30:0] script '/domains/byardrealestate/gdn.php' not found or unable to stat
[Sun Feb 22 00:54:35.307821 2026] [php:error] [pid 80457] [client 68.221.129.30:0] script '/domains/byardrealestate/6bcwiqwj.php' not found or unable to stat
[Sun Feb 22 00:54:35.392746 2026] [php:error] [pid 80457] [client 68.221.129.30:0] script '/domains/byardrealestate/mar.php' not found or unable to stat
[Sun Feb 22 00:54:35.469864 2026] [php:error] [pid 80462] [client 104.46.226.22:0] script '/domains/drsuper/shell.php' not found or unable to stat
[Sun Feb 22 00:54:35.477809 2026] [php:error] [pid 80457] [client 68.221.129.30:0] script '/domains/byardrealestate/ws69.php' not found or unable to stat
[Sun Feb 22 00:54:35.563381 2026] [php:error] [pid 80457] [client 68.221.129.30:0] script '/domains/byardrealestate/amp.php' not found or unable to stat
[Sun Feb 22 00:54:35.650094 2026] [php:error] [pid 80457] [client 68.221.129.30:0] script '/domains/byardrealestate/gettest.php' not found or unable to stat
[Sun Feb 22 00:54:35.735125 2026] [php:error] [pid 80457] [client 68.221.129.30:0] script '/domains/byardrealestate/Jcrop.php' not found or unable to stat
[Sun Feb 22 00:54:35.820503 2026] [php:error] [pid 80457] [client 68.221.129.30:0] script '/domains/byardrealestate/wp-act.php' not found or unable to stat
[Sun Feb 22 00:54:35.832181 2026] [php:error] [pid 80462] [client 104.46.226.22:0] script '/domains/drsuper/ds.php' not found or unable to stat
[Sun Feb 22 00:54:35.905445 2026] [php:error] [pid 80457] [client 68.221.129.30:0] script '/domains/byardrealestate/wp-link10.php' not found or unable to stat
[Sun Feb 22 00:54:35.990272 2026] [php:error] [pid 80457] [client 68.221.129.30:0] script '/domains/byardrealestate/ff1.php' not found or unable to stat
[Sun Feb 22 00:54:36.006287 2026] [php:error] [pid 80462] [client 104.46.226.22:0] script '/domains/drsuper/makeasmtp.php' not found or unable to stat
[Sun Feb 22 00:54:36.075443 2026] [php:error] [pid 80457] [client 68.221.129.30:0] script '/domains/byardrealestate/lib.php' not found or unable to stat
[Sun Feb 22 00:54:36.160692 2026] [php:error] [pid 80457] [client 68.221.129.30:0] script '/domains/byardrealestate/Ov-Simple1.php' not found or unable to stat
[Sun Feb 22 00:54:36.261605 2026] [php:error] [pid 80457] [client 68.221.129.30:0] script '/domains/byardrealestate/ccs.php' not found or unable to stat
[Sun Feb 22 00:54:36.348123 2026] [php:error] [pid 80457] [client 68.221.129.30:0] script '/domains/byardrealestate/mini.php' not found or unable to stat
[Sun Feb 22 00:54:36.433186 2026] [php:error] [pid 80457] [client 68.221.129.30:0] script '/domains/byardrealestate/xr.php' not found or unable to stat
[Sun Feb 22 00:54:36.518183 2026] [php:error] [pid 80457] [client 68.221.129.30:0] script '/domains/byardrealestate/rtx.php' not found or unable to stat
[Sun Feb 22 00:54:36.603016 2026] [php:error] [pid 80457] [client 68.221.129.30:0] script '/domains/byardrealestate/666.php' not found or unable to stat
[Sun Feb 22 00:54:36.688080 2026] [php:error] [pid 80457] [client 68.221.129.30:0] script '/domains/byardrealestate/h2a2ck.php' not found or unable to stat
[Sun Feb 22 00:54:36.773312 2026] [php:error] [pid 80457] [client 68.221.129.30:0] script '/domains/byardrealestate/cytyr.php' not found or unable to stat
[Sun Feb 22 00:54:36.782755 2026] [php:error] [pid 80438] [client 104.46.226.22:0] script '/domains/drsuper/buy.php' not found or unable to stat
[Sun Feb 22 00:54:36.858499 2026] [php:error] [pid 80457] [client 68.221.129.30:0] script '/domains/byardrealestate/h02ugyh.php' not found or unable to stat
[Sun Feb 22 00:54:36.943685 2026] [php:error] [pid 80457] [client 68.221.129.30:0] script '/domains/byardrealestate/66.php' not found or unable to stat
[Sun Feb 22 00:54:37.028630 2026] [php:error] [pid 80457] [client 68.221.129.30:0] script '/domains/byardrealestate/init.php' not found or unable to stat
[Sun Feb 22 00:54:37.113628 2026] [php:error] [pid 80457] [client 68.221.129.30:0] script '/domains/byardrealestate/ava.php' not found or unable to stat
[Sun Feb 22 00:54:37.199420 2026] [php:error] [pid 80457] [client 68.221.129.30:0] script '/domains/byardrealestate/inc.php' not found or unable to stat
[Sun Feb 22 00:54:37.285353 2026] [php:error] [pid 80457] [client 68.221.129.30:0] script '/domains/byardrealestate/ws68.php' not found or unable to stat
[Sun Feb 22 00:54:37.370507 2026] [php:error] [pid 80457] [client 68.221.129.30:0] script '/domains/byardrealestate/w1px.php' not found or unable to stat
[Sun Feb 22 00:54:37.401727 2026] [php:error] [pid 80438] [client 104.46.226.22:0] script '/domains/drsuper/theme.php' not found or unable to stat
[Sun Feb 22 00:54:37.455215 2026] [php:error] [pid 80457] [client 68.221.129.30:0] script '/domains/byardrealestate/ms.php' not found or unable to stat
[Sun Feb 22 00:54:37.614132 2026] [php:error] [pid 80438] [client 104.46.226.22:0] script '/domains/drsuper/chosen.php' not found or unable to stat
[Sun Feb 22 00:54:37.627427 2026] [php:error] [pid 80456] [client 68.221.129.30:0] script '/domains/byardrealestate/asax.php' not found or unable to stat
[Sun Feb 22 00:54:37.711928 2026] [php:error] [pid 80456] [client 68.221.129.30:0] script '/domains/byardrealestate/galer.php' not found or unable to stat
[Sun Feb 22 00:54:37.796655 2026] [php:error] [pid 80456] [client 68.221.129.30:0] script '/domains/byardrealestate/fs.php' not found or unable to stat
[Sun Feb 22 00:54:37.881043 2026] [php:error] [pid 80456] [client 68.221.129.30:0] script '/domains/byardrealestate/browse.php' not found or unable to stat
[Sun Feb 22 00:54:37.943857 2026] [php:error] [pid 80438] [client 104.46.226.22:0] script '/domains/drsuper/st.php' not found or unable to stat
[Sun Feb 22 00:54:37.965670 2026] [php:error] [pid 80456] [client 68.221.129.30:0] script '/domains/byardrealestate/aaa.php' not found or unable to stat
[Sun Feb 22 00:54:38.049950 2026] [php:error] [pid 80456] [client 68.221.129.30:0] script '/domains/byardrealestate/global.php' not found or unable to stat
[Sun Feb 22 00:54:38.112921 2026] [php:error] [pid 80438] [client 104.46.226.22:0] script '/domains/drsuper/inputs.php' not found or unable to stat
[Sun Feb 22 00:54:38.134456 2026] [php:error] [pid 80456] [client 68.221.129.30:0] script '/domains/byardrealestate/R57.php' not found or unable to stat
[Sun Feb 22 00:54:38.632963 2026] [php:error] [pid 80438] [client 104.46.226.22:0] script '/domains/drsuper/aaa.php' not found or unable to stat
[Sun Feb 22 00:54:39.072370 2026] [php:error] [pid 80438] [client 104.46.226.22:0] script '/domains/drsuper/wp-login.php' not found or unable to stat
[Sun Feb 22 00:54:39.751000 2026] [php:error] [pid 80438] [client 104.46.226.22:0] script '/domains/drsuper/wp-signup.php' not found or unable to stat
[Sun Feb 22 00:54:39.955971 2026] [php:error] [pid 80438] [client 104.46.226.22:0] script '/domains/drsuper/core.php' not found or unable to stat
[Sun Feb 22 00:54:40.183202 2026] [php:error] [pid 80438] [client 104.46.226.22:0] script '/domains/drsuper/403.php' not found or unable to stat
[Sun Feb 22 00:54:40.730621 2026] [php:error] [pid 80438] [client 104.46.226.22:0] script '/domains/drsuper/new4.php' not found or unable to stat
[Sun Feb 22 00:54:41.039246 2026] [php:error] [pid 80438] [client 104.46.226.22:0] script '/domains/drsuper/adminfuns.php' not found or unable to stat
[Sun Feb 22 00:54:41.204747 2026] [php:error] [pid 80438] [client 104.46.226.22:0] script '/domains/drsuper/radio.php' not found or unable to stat
[Sun Feb 22 00:54:42.551185 2026] [php:error] [pid 80438] [client 104.46.226.22:0] script '/domains/drsuper/mah.php' not found or unable to stat
[Sun Feb 22 00:54:43.297672 2026] [php:error] [pid 80438] [client 104.46.226.22:0] script '/domains/drsuper/sim.php' not found or unable to stat
[Sun Feb 22 00:54:43.626146 2026] [php:error] [pid 80438] [client 104.46.226.22:0] script '/domains/drsuper/error.php' not found or unable to stat
[Sun Feb 22 00:54:43.991119 2026] [php:error] [pid 80438] [client 104.46.226.22:0] script '/domains/drsuper/cong.php' not found or unable to stat
[Sun Feb 22 00:54:45.038827 2026] [php:error] [pid 80438] [client 104.46.226.22:0] script '/domains/drsuper/kyami.php' not found or unable to stat
[Sun Feb 22 00:54:45.561460 2026] [php:error] [pid 80438] [client 104.46.226.22:0] script '/domains/drsuper/1.php' not found or unable to stat
[Sun Feb 22 00:54:45.902846 2026] [php:error] [pid 80438] [client 104.46.226.22:0] script '/domains/drsuper/gecko-new.php' not found or unable to stat
[Sun Feb 22 00:54:46.493120 2026] [php:error] [pid 80438] [client 104.46.226.22:0] script '/domains/drsuper/wp-blog-header.php' not found or unable to stat
[Sun Feb 22 00:54:46.835252 2026] [php:error] [pid 80438] [client 104.46.226.22:0] script '/domains/drsuper/item.php' not found or unable to stat
[Sun Feb 22 00:54:46.999669 2026] [php:error] [pid 80438] [client 104.46.226.22:0] script '/domains/drsuper/xmrlpc.php' not found or unable to stat
[Sun Feb 22 00:54:47.238701 2026] [php:error] [pid 80438] [client 104.46.226.22:0] script '/domains/drsuper/config.php' not found or unable to stat
[Sun Feb 22 00:54:47.413173 2026] [php:error] [pid 80438] [client 104.46.226.22:0] script '/domains/drsuper/cc.php' not found or unable to stat
[Sun Feb 22 00:54:48.128767 2026] [php:error] [pid 80438] [client 104.46.226.22:0] script '/domains/drsuper/wp-conflg.php' not found or unable to stat
[Sun Feb 22 00:54:48.347038 2026] [php:error] [pid 80438] [client 104.46.226.22:0] script '/domains/drsuper/themes.php' not found or unable to stat
[Sun Feb 22 00:54:48.536718 2026] [php:error] [pid 80438] [client 104.46.226.22:0] script '/domains/drsuper/hplfuns.php' not found or unable to stat
[Sun Feb 22 00:54:49.166775 2026] [php:error] [pid 80438] [client 104.46.226.22:0] script '/domains/drsuper/admin.php' not found or unable to stat
[Sun Feb 22 00:54:49.336357 2026] [php:error] [pid 80438] [client 104.46.226.22:0] script '/domains/drsuper/alfa.php' not found or unable to stat
[Sun Feb 22 00:54:49.727424 2026] [php:error] [pid 80438] [client 104.46.226.22:0] script '/domains/drsuper/wp-2019.php' not found or unable to stat
[Sun Feb 22 00:54:50.290272 2026] [php:error] [pid 80438] [client 104.46.226.22:0] script '/domains/drsuper/akcc.php' not found or unable to stat
[Sun Feb 22 00:54:50.497779 2026] [php:error] [pid 80438] [client 104.46.226.22:0] script '/domains/drsuper/404.php' not found or unable to stat
[Sun Feb 22 00:54:50.851521 2026] [php:error] [pid 80438] [client 104.46.226.22:0] script '/domains/drsuper/wp-corn-sample.php' not found or unable to stat
[Sun Feb 22 00:54:51.024950 2026] [php:error] [pid 80438] [client 104.46.226.22:0] script '/domains/drsuper/classwithtostring.php' not found or unable to stat
[Sun Feb 22 00:54:51.189678 2026] [php:error] [pid 80438] [client 104.46.226.22:0] script '/domains/drsuper/ab.php' not found or unable to stat
[Sun Feb 22 00:54:51.685971 2026] [php:error] [pid 80438] [client 104.46.226.22:0] script '/domains/drsuper/asasx.php' not found or unable to stat
[Sun Feb 22 00:54:52.836289 2026] [php:error] [pid 80438] [client 104.46.226.22:0] script '/domains/drsuper/fox.php' not found or unable to stat
[Sun Feb 22 00:54:53.552973 2026] [php:error] [pid 80438] [client 104.46.226.22:0] script '/domains/drsuper/moon.php' not found or unable to stat
[Sun Feb 22 00:54:53.822409 2026] [php:error] [pid 80438] [client 104.46.226.22:0] script '/domains/drsuper/mar.php' not found or unable to stat
[Sun Feb 22 00:54:56.012100 2026] [php:error] [pid 80438] [client 104.46.226.22:0] script '/domains/drsuper/install.php' not found or unable to stat
[Sun Feb 22 00:54:56.176516 2026] [php:error] [pid 80438] [client 104.46.226.22:0] script '/domains/drsuper/menu.php' not found or unable to stat
[Sun Feb 22 00:54:57.334745 2026] [php:error] [pid 80467] [client 104.46.226.22:0] script '/domains/drsuper/images/index.php' not found or unable to stat
[Sun Feb 22 00:54:58.301976 2026] [php:error] [pid 80467] [client 104.46.226.22:0] script '/domains/drsuper/defaults.php' not found or unable to stat
[Sun Feb 22 00:55:00.428384 2026] [php:error] [pid 80467] [client 104.46.226.22:0] script '/domains/drsuper/css.php' not found or unable to stat
[Sun Feb 22 00:55:00.805608 2026] [php:error] [pid 80467] [client 104.46.226.22:0] script '/domains/drsuper/wp-links-opml.php' not found or unable to stat
[Sun Feb 22 00:55:01.709813 2026] [php:error] [pid 80467] [client 104.46.226.22:0] script '/domains/drsuper/123.php' not found or unable to stat
[Sun Feb 22 00:55:01.882186 2026] [php:error] [pid 80467] [client 104.46.226.22:0] script '/domains/drsuper/log.php' not found or unable to stat
[Sun Feb 22 00:55:03.325912 2026] [php:error] [pid 80467] [client 104.46.226.22:0] script '/domains/drsuper/as.php' not found or unable to stat
[Sun Feb 22 00:55:03.893922 2026] [php:error] [pid 80467] [client 104.46.226.22:0] script '/domains/drsuper/style.php' not found or unable to stat
[Sun Feb 22 00:55:04.069371 2026] [php:error] [pid 80467] [client 104.46.226.22:0] script '/domains/drsuper/aa.php' not found or unable to stat
[Sun Feb 22 00:55:04.241776 2026] [php:error] [pid 80467] [client 104.46.226.22:0] script '/domains/drsuper/hehehehe.php' not found or unable to stat
[Sun Feb 22 00:55:04.483560 2026] [php:error] [pid 80467] [client 104.46.226.22:0] script '/domains/drsuper/x.php' not found or unable to stat
[Sun Feb 22 00:55:04.654675 2026] [php:error] [pid 80467] [client 104.46.226.22:0] script '/domains/drsuper/wp-links.php' not found or unable to stat
[Sun Feb 22 00:55:05.473202 2026] [php:error] [pid 80467] [client 104.46.226.22:0] script '/domains/drsuper/main.php' not found or unable to stat
[Sun Feb 22 00:55:06.110283 2026] [php:error] [pid 80467] [client 104.46.226.22:0] script '/domains/drsuper/wso.php' not found or unable to stat
[Sun Feb 22 00:55:06.457038 2026] [php:error] [pid 80467] [client 104.46.226.22:0] script '/domains/drsuper/wp-configs.php' not found or unable to stat
[Sun Feb 22 00:55:07.027576 2026] [php:error] [pid 80467] [client 104.46.226.22:0] script '/domains/drsuper/lock.php' not found or unable to stat
[Sun Feb 22 00:55:07.398916 2026] [php:error] [pid 80467] [client 104.46.226.22:0] script '/domains/drsuper/file.php' not found or unable to stat
[Sun Feb 22 00:55:07.756699 2026] [php:error] [pid 80467] [client 104.46.226.22:0] script '/domains/drsuper/wp-trackback.php' not found or unable to stat
[Sun Feb 22 00:55:08.078495 2026] [php:error] [pid 80467] [client 104.46.226.22:0] script '/domains/drsuper/app.php' not found or unable to stat
[Sun Feb 22 00:55:08.568013 2026] [php:error] [pid 80467] [client 104.46.226.22:0] script '/domains/drsuper/simple.php' not found or unable to stat
[Sun Feb 22 00:55:09.095841 2026] [php:error] [pid 80467] [client 104.46.226.22:0] script '/domains/drsuper/bless.php' not found or unable to stat
[Sun Feb 22 00:55:09.562143 2026] [php:error] [pid 80467] [client 104.46.226.22:0] script '/domains/drsuper/ava.php' not found or unable to stat
[Sun Feb 22 00:55:10.830579 2026] [php:error] [pid 80467] [client 104.46.226.22:0] script '/domains/drsuper/ioxi-o.php' not found or unable to stat
[Sun Feb 22 00:55:11.058072 2026] [php:error] [pid 80467] [client 104.46.226.22:0] script '/domains/drsuper/1index.php' not found or unable to stat
[Sun Feb 22 00:55:11.638456 2026] [php:error] [pid 80467] [client 104.46.226.22:0] script '/domains/drsuper/file2.php' not found or unable to stat
[Sun Feb 22 00:55:11.808628 2026] [php:error] [pid 80462] [client 20.100.192.217:0] script '/domains/system_default/aa.php' not found or unable to stat
[Sun Feb 22 00:55:11.809728 2026] [php:error] [pid 80467] [client 104.46.226.22:0] script '/domains/drsuper/default.php' not found or unable to stat
[Sun Feb 22 00:55:11.905051 2026] [php:error] [pid 80462] [client 20.100.192.217:0] script '/domains/system_default/19.php' not found or unable to stat
[Sun Feb 22 00:55:12.001810 2026] [php:error] [pid 80462] [client 20.100.192.217:0] script '/domains/system_default/f.php' not found or unable to stat
[Sun Feb 22 00:55:12.098400 2026] [php:error] [pid 80462] [client 20.100.192.217:0] script '/domains/system_default/p.php' not found or unable to stat
[Sun Feb 22 00:55:12.298261 2026] [php:error] [pid 80462] [client 20.100.192.217:0] script '/domains/system_default/d.php' not found or unable to stat
[Sun Feb 22 00:55:12.395208 2026] [php:error] [pid 80462] [client 20.100.192.217:0] script '/domains/system_default/9.php' not found or unable to stat
[Sun Feb 22 00:55:12.436995 2026] [php:error] [pid 80467] [client 104.46.226.22:0] script '/domains/drsuper/xml.php' not found or unable to stat
[Sun Feb 22 00:55:12.493837 2026] [php:error] [pid 80462] [client 20.100.192.217:0] script '/domains/system_default/222.php' not found or unable to stat
[Sun Feb 22 00:55:12.608564 2026] [php:error] [pid 80467] [client 104.46.226.22:0] script '/domains/drsuper/sx.php' not found or unable to stat
[Sun Feb 22 00:55:12.760666 2026] [php:error] [pid 80462] [client 20.100.192.217:0] script '/domains/system_default/file2.php' not found or unable to stat
[Sun Feb 22 00:55:12.857358 2026] [php:error] [pid 80462] [client 20.100.192.217:0] script '/domains/system_default/x.php' not found or unable to stat
[Sun Feb 22 00:55:12.959684 2026] [php:error] [pid 80462] [client 20.100.192.217:0] script '/domains/system_default/i.php' not found or unable to stat
[Sun Feb 22 00:55:13.056557 2026] [php:error] [pid 80462] [client 20.100.192.217:0] script '/domains/system_default/y.php' not found or unable to stat
[Sun Feb 22 00:55:13.223241 2026] [php:error] [pid 80462] [client 20.100.192.217:0] script '/domains/system_default/0.php' not found or unable to stat
[Sun Feb 22 00:55:13.324399 2026] [php:error] [pid 80462] [client 20.100.192.217:0] script '/domains/system_default/pp.php' not found or unable to stat
[Sun Feb 22 00:55:13.418533 2026] [php:error] [pid 80467] [client 104.46.226.22:0] script '/domains/drsuper/wp-cron.php' not found or unable to stat
[Sun Feb 22 00:55:13.420437 2026] [php:error] [pid 80462] [client 20.100.192.217:0] script '/domains/system_default/oo.php' not found or unable to stat
[Sun Feb 22 00:55:13.660875 2026] [php:error] [pid 80462] [client 20.100.192.217:0] script '/domains/system_default/ee.php' not found or unable to stat
[Sun Feb 22 00:55:13.757083 2026] [php:error] [pid 80462] [client 20.100.192.217:0] script '/domains/system_default/403.php' not found or unable to stat
[Sun Feb 22 00:55:13.859953 2026] [php:error] [pid 80462] [client 20.100.192.217:0] script '/domains/system_default/404.php' not found or unable to stat
[Sun Feb 22 00:55:13.956744 2026] [php:error] [pid 80462] [client 20.100.192.217:0] script '/domains/system_default/312.php' not found or unable to stat
[Sun Feb 22 00:55:15.166453 2026] [php:error] [pid 80467] [client 104.46.226.22:0] script '/domains/drsuper/backup.php' not found or unable to stat
[Sun Feb 22 00:55:15.342425 2026] [php:error] [pid 80467] [client 104.46.226.22:0] script '/domains/drsuper/images/class-config.php' not found or unable to stat
[Sun Feb 22 00:55:15.830233 2026] [php:error] [pid 80467] [client 104.46.226.22:0] script '/domains/drsuper/wp-admin.php' not found or unable to stat
[Sun Feb 22 00:55:16.028580 2026] [php:error] [pid 80467] [client 104.46.226.22:0] script '/domains/drsuper/akc.php' not found or unable to stat
[Sun Feb 22 00:55:16.730970 2026] [php:error] [pid 80467] [client 104.46.226.22:0] script '/domains/drsuper/test1.php' not found or unable to stat
[Sun Feb 22 00:55:16.912617 2026] [php:error] [pid 80467] [client 104.46.226.22:0] script '/domains/drsuper/bolt.php' not found or unable to stat
[Sun Feb 22 00:55:17.085006 2026] [php:error] [pid 80467] [client 104.46.226.22:0] script '/domains/drsuper/help.php' not found or unable to stat
[Sun Feb 22 00:55:17.247874 2026] [php:error] [pid 80464] [client 35.247.243.251:0] script '/domains/machinadynamica/adminer-5.0.3.php' not found or unable to stat
[Sun Feb 22 00:55:17.548324 2026] [php:error] [pid 80467] [client 104.46.226.22:0] script '/domains/drsuper/atomlib.php' not found or unable to stat
[Sun Feb 22 00:55:17.789715 2026] [php:error] [pid 80467] [client 104.46.226.22:0] script '/domains/drsuper/wp-good.php' not found or unable to stat
[Sun Feb 22 00:55:17.961254 2026] [php:error] [pid 80467] [client 104.46.226.22:0] script '/domains/drsuper/gecko.php' not found or unable to stat
[Sun Feb 22 00:55:18.353564 2026] [php:error] [pid 80467] [client 104.46.226.22:0] script '/domains/drsuper/news.php' not found or unable to stat
[Sun Feb 22 00:55:18.549816 2026] [php:error] [pid 80467] [client 104.46.226.22:0] script '/domains/drsuper/xmlrpc.php' not found or unable to stat
[Sun Feb 22 00:55:19.170495 2026] [php:error] [pid 80467] [client 104.46.226.22:0] script '/domains/drsuper/new.php' not found or unable to stat
[Sun Feb 22 00:55:20.045306 2026] [php:error] [pid 80467] [client 104.46.226.22:0] script '/domains/drsuper/server.php' not found or unable to stat
[Sun Feb 22 00:55:20.259306 2026] [php:error] [pid 80467] [client 104.46.226.22:0] script '/domains/drsuper/wp-signin.php' not found or unable to stat
[Sun Feb 22 00:55:21.021480 2026] [php:error] [pid 80467] [client 104.46.226.22:0] script '/domains/drsuper/class.php' not found or unable to stat
[Sun Feb 22 00:55:21.195941 2026] [php:error] [pid 80467] [client 104.46.226.22:0] script '/domains/drsuper/wp.php' not found or unable to stat
[Sun Feb 22 00:55:22.620622 2026] [php:error] [pid 80482] [client 104.46.226.22:0] script '/domains/drsuper/special.php' not found or unable to stat
[Sun Feb 22 00:55:36.570223 2026] [php:error] [pid 80482] [client 35.247.243.240:0] script '/domains/machinadynamica/adminer-5.0.3-en.php' not found or unable to stat
[Sun Feb 22 00:55:41.082366 2026] [php:error] [pid 80482] [client 68.183.234.146:0] script '/domains/awciii/wp-login.php' not found or unable to stat
[Sun Feb 22 00:55:53.983247 2026] [php:error] [pid 80481] [client 20.189.202.58:0] script '/domains/king1969/wp-trackback.php' not found or unable to stat
[Sun Feb 22 00:55:54.155566 2026] [php:error] [pid 80481] [client 20.189.202.58:0] script '/domains/king1969/about.php' not found or unable to stat
[Sun Feb 22 00:55:54.328281 2026] [php:error] [pid 80481] [client 20.189.202.58:0] script '/domains/king1969/file.php' not found or unable to stat
[Sun Feb 22 00:55:54.514140 2026] [php:error] [pid 80481] [client 20.189.202.58:0] script '/domains/king1969/wp-good.php' not found or unable to stat
[Sun Feb 22 00:55:54.686576 2026] [php:error] [pid 80481] [client 20.189.202.58:0] script '/domains/king1969/xmlrpc.php' not found or unable to stat
[Sun Feb 22 00:55:54.858847 2026] [php:error] [pid 80481] [client 20.189.202.58:0] script '/domains/king1969/goods.php' not found or unable to stat
[Sun Feb 22 00:55:55.032333 2026] [php:error] [pid 80481] [client 20.189.202.58:0] script '/domains/king1969/ioxi-o.php' not found or unable to stat
[Sun Feb 22 00:55:55.205755 2026] [php:error] [pid 80481] [client 20.189.202.58:0] script '/domains/king1969/class-t.api.php' not found or unable to stat
[Sun Feb 22 00:55:55.379709 2026] [php:error] [pid 80481] [client 20.189.202.58:0] script '/domains/king1969/admin.php' not found or unable to stat
[Sun Feb 22 00:55:55.553049 2026] [php:error] [pid 80481] [client 20.189.202.58:0] script '/domains/king1969/sf.php' not found or unable to stat
[Sun Feb 22 00:55:55.728342 2026] [php:error] [pid 80481] [client 20.189.202.58:0] script '/domains/king1969/rip.php' not found or unable to stat
[Sun Feb 22 00:55:55.900812 2026] [php:error] [pid 80481] [client 20.189.202.58:0] script '/domains/king1969/autoload_classmap.php' not found or unable to stat
[Sun Feb 22 00:55:56.073292 2026] [php:error] [pid 80481] [client 20.189.202.58:0] script '/domains/king1969/chosen.php' not found or unable to stat
[Sun Feb 22 00:55:56.247594 2026] [php:error] [pid 80481] [client 20.189.202.58:0] script '/domains/king1969/classwithtostring.php' not found or unable to stat
[Sun Feb 22 00:55:56.445239 2026] [php:error] [pid 80481] [client 20.189.202.58:0] script '/domains/king1969/defaults.php' not found or unable to stat
[Sun Feb 22 00:55:57.314709 2026] [php:error] [pid 80481] [client 20.189.202.58:0] script '/domains/king1969/info.php' not found or unable to stat
[Sun Feb 22 00:55:57.546078 2026] [php:error] [pid 80488] [client 223.224.21.221:0] script '/domains/fayemoran/xmlrpc.php' not found or unable to stat
[Sun Feb 22 00:55:58.544551 2026] [php:error] [pid 80481] [client 20.189.202.58:0] script '/domains/king1969/adminfuns.php' not found or unable to stat
[Sun Feb 22 00:56:25.042093 2026] [php:error] [pid 80493] [client 35.247.243.242:0] script '/domains/machinadynamica/adminer-5.0.3-mysql-en.php' not found or unable to stat
[Sun Feb 22 00:56:33.260503 2026] [php:error] [pid 80500] [client 34.96.162.59:0] script '/domains/machinadynamica/adminer-4.2.1.php' not found or unable to stat
[Sun Feb 22 00:56:50.436824 2026] [php:error] [pid 80487] [client 20.189.202.45:0] script '/domains/system_default/x.php' not found or unable to stat
[Sun Feb 22 00:56:50.601587 2026] [php:error] [pid 80487] [client 20.189.202.45:0] script '/domains/system_default/chosen.php' not found or unable to stat
[Sun Feb 22 00:56:50.766323 2026] [php:error] [pid 80487] [client 20.189.202.45:0] script '/domains/system_default/radio.php' not found or unable to stat
[Sun Feb 22 00:56:51.099857 2026] [php:error] [pid 80487] [client 20.189.202.45:0] script '/domains/system_default/okxh.php' not found or unable to stat
[Sun Feb 22 00:56:51.267834 2026] [php:error] [pid 80487] [client 20.189.202.45:0] script '/domains/system_default/shell20211028.php' not found or unable to stat
[Sun Feb 22 00:56:51.432628 2026] [php:error] [pid 80487] [client 20.189.202.45:0] script '/domains/system_default/zqhfn.php' not found or unable to stat
[Sun Feb 22 00:56:51.763084 2026] [php:error] [pid 80487] [client 20.189.202.45:0] script '/domains/system_default/k.php' not found or unable to stat
[Sun Feb 22 00:56:52.096681 2026] [php:error] [pid 80487] [client 20.189.202.45:0] script '/domains/system_default/403.php' not found or unable to stat
[Sun Feb 22 00:56:52.261599 2026] [php:error] [pid 80487] [client 20.189.202.45:0] script '/domains/system_default/fimai.php' not found or unable to stat
[Sun Feb 22 00:56:52.426956 2026] [php:error] [pid 80487] [client 20.189.202.45:0] script '/domains/system_default/maul.php' not found or unable to stat
[Sun Feb 22 00:56:52.594422 2026] [php:error] [pid 80487] [client 20.189.202.45:0] script '/domains/system_default/elp.php' not found or unable to stat
[Sun Feb 22 00:56:52.767569 2026] [php:error] [pid 80487] [client 20.189.202.45:0] script '/domains/system_default/tt.php' not found or unable to stat
[Sun Feb 22 00:56:53.268523 2026] [php:error] [pid 80487] [client 20.189.202.45:0] script '/domains/system_default/an.php' not found or unable to stat
[Sun Feb 22 00:56:53.438018 2026] [php:error] [pid 80487] [client 20.189.202.45:0] script '/domains/system_default/orouu.php' not found or unable to stat
[Sun Feb 22 00:56:53.606370 2026] [php:error] [pid 80487] [client 20.189.202.45:0] script '/domains/system_default/config.php' not found or unable to stat
[Sun Feb 22 00:56:53.775563 2026] [php:error] [pid 80487] [client 20.189.202.45:0] script '/domains/system_default/z.php' not found or unable to stat
[Sun Feb 22 00:56:53.940895 2026] [php:error] [pid 80487] [client 20.189.202.45:0] script '/domains/system_default/55b76.php' not found or unable to stat
[Sun Feb 22 00:56:54.277639 2026] [php:error] [pid 80487] [client 20.189.202.45:0] script '/domains/system_default/kalso.php' not found or unable to stat
[Sun Feb 22 00:56:54.455153 2026] [php:error] [pid 80487] [client 20.189.202.45:0] script '/domains/system_default/web.php' not found or unable to stat
[Sun Feb 22 00:56:54.620410 2026] [php:error] [pid 80487] [client 20.189.202.45:0] script '/domains/system_default/5b9ac.php' not found or unable to stat
[Sun Feb 22 00:56:54.786490 2026] [php:error] [pid 80487] [client 20.189.202.45:0] script '/domains/system_default/system.php' not found or unable to stat
[Sun Feb 22 00:56:55.117449 2026] [php:error] [pid 80487] [client 20.189.202.45:0] script '/domains/system_default/byp.php' not found or unable to stat
[Sun Feb 22 00:56:56.161449 2026] [php:error] [pid 80501] [client 20.189.202.45:0] script '/domains/system_default/domains.php' not found or unable to stat
[Sun Feb 22 00:56:56.327342 2026] [php:error] [pid 80501] [client 20.189.202.45:0] script '/domains/system_default/clss.php' not found or unable to stat
[Sun Feb 22 00:56:56.494309 2026] [php:error] [pid 80501] [client 20.189.202.45:0] script '/domains/system_default/autoload_classmap.php' not found or unable to stat
[Sun Feb 22 00:56:56.660250 2026] [php:error] [pid 80501] [client 20.189.202.45:0] script '/domains/system_default/byp.php' not found or unable to stat
[Sun Feb 22 00:56:56.993454 2026] [php:error] [pid 80501] [client 20.189.202.45:0] script '/domains/system_default/zc-104.php' not found or unable to stat
[Sun Feb 22 00:56:57.325170 2026] [php:error] [pid 80501] [client 20.189.202.45:0] script '/domains/system_default/6kDPjgFTmvS.php' not found or unable to stat
[Sun Feb 22 00:56:57.490801 2026] [php:error] [pid 80501] [client 20.189.202.45:0] script '/domains/system_default/vanda.php' not found or unable to stat
[Sun Feb 22 00:56:57.852783 2026] [php:error] [pid 80501] [client 20.189.202.45:0] script '/domains/system_default/install.php' not found or unable to stat
[Sun Feb 22 00:56:58.697421 2026] [php:error] [pid 80501] [client 20.189.202.45:0] script '/domains/system_default/gdn.php' not found or unable to stat
[Sun Feb 22 00:56:58.864638 2026] [php:error] [pid 80501] [client 20.189.202.45:0] script '/domains/system_default/cache.php' not found or unable to stat
[Sun Feb 22 00:56:59.200054 2026] [php:error] [pid 80501] [client 20.189.202.45:0] script '/domains/system_default/asd.php' not found or unable to stat
[Sun Feb 22 00:56:59.366779 2026] [php:error] [pid 80501] [client 20.189.202.45:0] script '/domains/system_default/favicon.php' not found or unable to stat
[Sun Feb 22 00:56:59.532514 2026] [php:error] [pid 80501] [client 20.189.202.45:0] script '/domains/system_default/file.php' not found or unable to stat
[Sun Feb 22 00:56:59.702187 2026] [php:error] [pid 80501] [client 20.189.202.45:0] script '/domains/system_default/rzki.php' not found or unable to stat
[Sun Feb 22 00:56:59.868658 2026] [php:error] [pid 80501] [client 20.189.202.45:0] script '/domains/system_default/buy.php' not found or unable to stat
[Sun Feb 22 00:57:00.034060 2026] [php:error] [pid 80501] [client 20.189.202.45:0] script '/domains/system_default/install.php' not found or unable to stat
[Sun Feb 22 00:57:00.209641 2026] [php:error] [pid 80501] [client 20.189.202.45:0] script '/domains/system_default/inputs.php' not found or unable to stat
[Sun Feb 22 00:57:00.713846 2026] [php:error] [pid 80501] [client 20.189.202.45:0] script '/domains/system_default/ws.php' not found or unable to stat
[Sun Feb 22 00:57:00.879974 2026] [php:error] [pid 80501] [client 20.189.202.45:0] script '/domains/system_default/44.php' not found or unable to stat
[Sun Feb 22 00:57:01.216224 2026] [php:error] [pid 80501] [client 20.189.202.45:0] script '/domains/system_default/404.php' not found or unable to stat
[Sun Feb 22 00:57:01.231372 2026] [php:error] [pid 80503] [client 104.211.88.54:0] script '/domains/braniff/2.php' not found or unable to stat
[Sun Feb 22 00:57:01.625948 2026] [php:error] [pid 80503] [client 104.211.88.54:0] script '/domains/braniff/a.php' not found or unable to stat
[Sun Feb 22 00:57:01.718050 2026] [php:error] [pid 80501] [client 20.189.202.45:0] script '/domains/system_default/wp-login.php' not found or unable to stat
[Sun Feb 22 00:57:01.824671 2026] [php:error] [pid 80503] [client 104.211.88.54:0] script '/domains/braniff/aaa.php' not found or unable to stat
[Sun Feb 22 00:57:02.021759 2026] [php:error] [pid 80503] [client 104.211.88.54:0] script '/domains/braniff/ab.php' not found or unable to stat
[Sun Feb 22 00:57:02.218614 2026] [php:error] [pid 80503] [client 104.211.88.54:0] script '/domains/braniff/about.php' not found or unable to stat
[Sun Feb 22 00:57:02.384670 2026] [php:error] [pid 80501] [client 20.189.202.45:0] script '/domains/system_default/wp-config-sample.php' not found or unable to stat
[Sun Feb 22 00:57:02.550346 2026] [php:error] [pid 80501] [client 20.189.202.45:0] script '/domains/system_default/rip.php' not found or unable to stat
[Sun Feb 22 00:57:02.612185 2026] [php:error] [pid 80503] [client 104.211.88.54:0] script '/domains/braniff/alfa.php' not found or unable to stat
[Sun Feb 22 00:57:02.809432 2026] [php:error] [pid 80503] [client 104.211.88.54:0] script '/domains/braniff/api.php' not found or unable to stat
[Sun Feb 22 00:57:03.011667 2026] [php:error] [pid 80503] [client 104.211.88.54:0] script '/domains/braniff/auth.php' not found or unable to stat
[Sun Feb 22 00:57:03.387609 2026] [php:error] [pid 80501] [client 20.189.202.45:0] script '/domains/system_default/404.php' not found or unable to stat
