[Sun Feb 22 01:01:44.055828 2026] [php:error] [pid 80540] [client 20.189.202.58:0] script '/domains/system_suspended/sf.php' not found or unable to stat
[Sun Feb 22 01:01:44.228619 2026] [php:error] [pid 80540] [client 20.189.202.58:0] script '/domains/system_suspended/rip.php' not found or unable to stat
[Sun Feb 22 01:01:44.394660 2026] [php:error] [pid 80540] [client 20.189.202.58:0] script '/domains/system_suspended/autoload_classmap.php' not found or unable to stat
[Sun Feb 22 01:01:44.561074 2026] [php:error] [pid 80540] [client 20.189.202.58:0] script '/domains/system_suspended/chosen.php' not found or unable to stat
[Sun Feb 22 01:01:44.746920 2026] [php:error] [pid 80540] [client 20.189.202.58:0] script '/domains/system_suspended/classwithtostring.php' not found or unable to stat
[Sun Feb 22 01:01:44.912808 2026] [php:error] [pid 80540] [client 20.189.202.58:0] script '/domains/system_suspended/defaults.php' not found or unable to stat
[Sun Feb 22 01:01:45.750900 2026] [php:error] [pid 80540] [client 20.189.202.58:0] script '/domains/system_suspended/info.php' not found or unable to stat
[Sun Feb 22 01:01:46.912763 2026] [php:error] [pid 80540] [client 20.189.202.58:0] script '/domains/system_suspended/adminfuns.php' not found or unable to stat
[Sun Feb 22 01:01:51.470124 2026] [php:error] [pid 80553] [client 68.183.238.94:0] script '/domains/homesbyaudrey1/xmlrpc.php' not found or unable to stat
[Sun Feb 22 01:02:46.530269 2026] [php:error] [pid 80553] [client 20.213.152.227:0] script '/domains/agribiz/meew.php' not found or unable to stat
[Sun Feb 22 01:02:46.730878 2026] [php:error] [pid 80553] [client 20.213.152.227:0] script '/domains/agribiz/add.php' not found or unable to stat
[Sun Feb 22 01:02:46.952838 2026] [php:error] [pid 80553] [client 20.213.152.227:0] script '/domains/agribiz/8.php' not found or unable to stat
[Sun Feb 22 01:02:47.155506 2026] [php:error] [pid 80553] [client 20.213.152.227:0] script '/domains/agribiz/ty.php' not found or unable to stat
[Sun Feb 22 01:02:47.355615 2026] [php:error] [pid 80553] [client 20.213.152.227:0] script '/domains/agribiz/sys.php' not found or unable to stat
[Sun Feb 22 01:02:47.555146 2026] [php:error] [pid 80553] [client 20.213.152.227:0] script '/domains/agribiz/mass.php' not found or unable to stat
[Sun Feb 22 01:02:47.754377 2026] [php:error] [pid 80553] [client 20.213.152.227:0] script '/domains/agribiz/alfa.php' not found or unable to stat
[Sun Feb 22 01:02:47.953699 2026] [php:error] [pid 80553] [client 20.213.152.227:0] script '/domains/agribiz/71.php' not found or unable to stat
[Sun Feb 22 01:02:48.163762 2026] [php:error] [pid 80553] [client 20.213.152.227:0] script '/domains/agribiz/admin-footer.php' not found or unable to stat
[Sun Feb 22 01:02:48.377354 2026] [php:error] [pid 80553] [client 20.213.152.227:0] script '/domains/agribiz/webdb.php' not found or unable to stat
[Sun Feb 22 01:02:48.581248 2026] [php:error] [pid 80553] [client 20.213.152.227:0] script '/domains/agribiz/plugin.php' not found or unable to stat
[Sun Feb 22 01:02:48.803176 2026] [php:error] [pid 80553] [client 20.213.152.227:0] script '/domains/agribiz/lib.php' not found or unable to stat
[Sun Feb 22 01:02:49.002380 2026] [php:error] [pid 80553] [client 20.213.152.227:0] script '/domains/agribiz/makeasmtp.php' not found or unable to stat
[Sun Feb 22 01:02:49.294410 2026] [php:error] [pid 80553] [client 20.213.152.227:0] script '/domains/agribiz/zeal.php' not found or unable to stat
[Sun Feb 22 01:02:49.493815 2026] [php:error] [pid 80553] [client 20.213.152.227:0] script '/domains/agribiz/sc.php' not found or unable to stat
[Sun Feb 22 01:02:49.893293 2026] [php:error] [pid 80553] [client 20.213.152.227:0] script '/domains/agribiz/txets.php' not found or unable to stat
[Sun Feb 22 01:02:50.114589 2026] [php:error] [pid 80553] [client 20.213.152.227:0] script '/domains/agribiz/options-head.php' not found or unable to stat
[Sun Feb 22 01:02:50.519172 2026] [php:error] [pid 80553] [client 20.213.152.227:0] script '/domains/agribiz/cmdo.php' not found or unable to stat
[Sun Feb 22 01:02:50.718237 2026] [php:error] [pid 80553] [client 20.213.152.227:0] script '/domains/agribiz/p.php' not found or unable to stat
[Sun Feb 22 01:02:50.920493 2026] [php:error] [pid 80553] [client 20.213.152.227:0] script '/domains/agribiz/Capte.php' not found or unable to stat
[Sun Feb 22 01:02:51.119644 2026] [php:error] [pid 80553] [client 20.213.152.227:0] script '/domains/agribiz/ccou.php' not found or unable to stat
[Sun Feb 22 01:02:51.324983 2026] [php:error] [pid 80553] [client 20.213.152.227:0] script '/domains/agribiz/503.php' not found or unable to stat
[Sun Feb 22 01:02:51.527389 2026] [php:error] [pid 80553] [client 20.213.152.227:0] script '/domains/agribiz/ws66.php' not found or unable to stat
[Sun Feb 22 01:02:51.739894 2026] [php:error] [pid 80553] [client 20.213.152.227:0] script '/domains/agribiz/xa.php' not found or unable to stat
[Sun Feb 22 01:02:51.940147 2026] [php:error] [pid 80553] [client 20.213.152.227:0] script '/domains/agribiz/666.php' not found or unable to stat
[Sun Feb 22 01:02:52.138994 2026] [php:error] [pid 80553] [client 20.213.152.227:0] script '/domains/agribiz/error.php' not found or unable to stat
[Sun Feb 22 01:02:52.372732 2026] [php:error] [pid 80553] [client 20.213.152.227:0] script '/domains/agribiz/222.php' not found or unable to stat
[Sun Feb 22 01:02:52.571925 2026] [php:error] [pid 80553] [client 20.213.152.227:0] script '/domains/agribiz/wen.php' not found or unable to stat
[Sun Feb 22 01:02:52.771916 2026] [php:error] [pid 80553] [client 20.213.152.227:0] script '/domains/agribiz/environment.php' not found or unable to stat
[Sun Feb 22 01:02:52.971519 2026] [php:error] [pid 80553] [client 20.213.152.227:0] script '/domains/agribiz/styles.php' not found or unable to stat
[Sun Feb 22 01:02:53.170758 2026] [php:error] [pid 80553] [client 20.213.152.227:0] script '/domains/agribiz/wp-4doption1.php' not found or unable to stat
[Sun Feb 22 01:02:53.649327 2026] [php:error] [pid 80553] [client 20.213.152.227:0] script '/domains/agribiz/1.php' not found or unable to stat
[Sun Feb 22 01:02:54.047733 2026] [php:error] [pid 80553] [client 20.213.152.227:0] script '/domains/agribiz/atomlib.php' not found or unable to stat
[Sun Feb 22 01:02:54.246984 2026] [php:error] [pid 80553] [client 20.213.152.227:0] script '/domains/agribiz/asasx.php' not found or unable to stat
[Sun Feb 22 01:02:54.464352 2026] [php:error] [pid 80553] [client 20.213.152.227:0] script '/domains/agribiz/ioxi-o.php' not found or unable to stat
[Sun Feb 22 01:02:54.665053 2026] [php:error] [pid 80553] [client 20.213.152.227:0] script '/domains/agribiz/z60.php' not found or unable to stat
[Sun Feb 22 01:02:54.864490 2026] [php:error] [pid 80553] [client 20.213.152.227:0] script '/domains/agribiz/dropdown.php' not found or unable to stat
[Sun Feb 22 01:02:55.274094 2026] [php:error] [pid 80553] [client 20.213.152.227:0] script '/domains/agribiz/wp-tot.php' not found or unable to stat
[Sun Feb 22 01:02:55.894318 2026] [php:error] [pid 80553] [client 20.213.152.227:0] script '/domains/agribiz/class.php' not found or unable to stat
[Sun Feb 22 01:02:56.093159 2026] [php:error] [pid 80553] [client 20.213.152.227:0] script '/domains/agribiz/404.php' not found or unable to stat
[Sun Feb 22 01:02:56.292374 2026] [php:error] [pid 80553] [client 20.213.152.227:0] script '/domains/agribiz/mode.php' not found or unable to stat
[Sun Feb 22 01:02:56.491304 2026] [php:error] [pid 80553] [client 20.213.152.227:0] script '/domains/agribiz/aboutc.php' not found or unable to stat
[Sun Feb 22 01:02:56.849855 2026] [php:error] [pid 80553] [client 20.213.152.227:0] script '/domains/agribiz/sx.php' not found or unable to stat
[Sun Feb 22 01:02:57.049094 2026] [php:error] [pid 80553] [client 20.213.152.227:0] script '/domains/agribiz/themes.php' not found or unable to stat
[Sun Feb 22 01:02:57.247911 2026] [php:error] [pid 80553] [client 20.213.152.227:0] script '/domains/agribiz/yawa.php' not found or unable to stat
[Sun Feb 22 01:02:57.446942 2026] [php:error] [pid 80553] [client 20.213.152.227:0] script '/domains/agribiz/m.php' not found or unable to stat
[Sun Feb 22 01:02:58.035198 2026] [php:error] [pid 80553] [client 20.213.152.227:0] script '/domains/agribiz/item.php' not found or unable to stat
[Sun Feb 22 01:02:58.233995 2026] [php:error] [pid 80553] [client 20.213.152.227:0] script '/domains/agribiz/403.php' not found or unable to stat
[Sun Feb 22 01:02:58.433263 2026] [php:error] [pid 80553] [client 20.213.152.227:0] script '/domains/agribiz/gg.php' not found or unable to stat
[Sun Feb 22 01:02:58.632667 2026] [php:error] [pid 80553] [client 20.213.152.227:0] script '/domains/agribiz/akcc.php' not found or unable to stat
[Sun Feb 22 01:02:58.671169 2026] [php:error] [pid 80555] [client 45.148.10.244:0] script '/domains/tennex/phpinfo.php' not found or unable to stat
[Sun Feb 22 01:02:58.831700 2026] [php:error] [pid 80553] [client 20.213.152.227:0] script '/domains/agribiz/radio.php' not found or unable to stat
[Sun Feb 22 01:02:59.035857 2026] [php:error] [pid 80553] [client 20.213.152.227:0] script '/domains/agribiz/xa.php' not found or unable to stat
[Sun Feb 22 01:02:59.147573 2026] [php:error] [pid 80563] [client 20.166.38.178:0] script '/domains/system_cancel/add-user.php' not found or unable to stat
[Sun Feb 22 01:02:59.234893 2026] [php:error] [pid 80553] [client 20.213.152.227:0] script '/domains/agribiz/backup.php' not found or unable to stat
[Sun Feb 22 01:02:59.434342 2026] [php:error] [pid 80553] [client 20.213.152.227:0] script '/domains/agribiz/galex.php' not found or unable to stat
[Sun Feb 22 01:02:59.831864 2026] [php:error] [pid 80553] [client 20.213.152.227:0] script '/domains/agribiz/about.php' not found or unable to stat
[Sun Feb 22 01:03:00.030789 2026] [php:error] [pid 80553] [client 20.213.152.227:0] script '/domains/agribiz/vx.php' not found or unable to stat
[Sun Feb 22 01:03:00.292392 2026] [php:error] [pid 80553] [client 20.213.152.227:0] script '/domains/agribiz/classwithtostring.php' not found or unable to stat
[Sun Feb 22 01:03:00.716047 2026] [php:error] [pid 80553] [client 20.213.152.227:0] script '/domains/agribiz/fff.php' not found or unable to stat
[Sun Feb 22 01:03:00.915129 2026] [php:error] [pid 80553] [client 20.213.152.227:0] script '/domains/agribiz/content.php' not found or unable to stat
[Sun Feb 22 01:03:01.119168 2026] [php:error] [pid 80553] [client 20.213.152.227:0] script '/domains/agribiz/menu.php' not found or unable to stat
[Sun Feb 22 01:03:01.318781 2026] [php:error] [pid 80553] [client 20.213.152.227:0] script '/domains/agribiz/gifclass.php' not found or unable to stat
[Sun Feb 22 01:03:01.719351 2026] [php:error] [pid 80553] [client 20.213.152.227:0] script '/domains/agribiz/css.php' not found or unable to stat
[Sun Feb 22 01:03:01.927064 2026] [php:error] [pid 80553] [client 20.213.152.227:0] script '/domains/agribiz/x7.php' not found or unable to stat
[Sun Feb 22 01:03:02.126267 2026] [php:error] [pid 80553] [client 20.213.152.227:0] script '/domains/agribiz/bugger.php' not found or unable to stat
[Sun Feb 22 01:03:02.433137 2026] [php:error] [pid 80576] [client 45.148.10.244:0] script '/domains/tennex/_phpinfo.php' not found or unable to stat
[Sun Feb 22 01:03:02.738391 2026] [php:error] [pid 80553] [client 20.213.152.227:0] script '/domains/agribiz/simple.php' not found or unable to stat
[Sun Feb 22 01:03:02.937594 2026] [php:error] [pid 80553] [client 20.213.152.227:0] script '/domains/agribiz/alfa.php' not found or unable to stat
[Sun Feb 22 01:03:03.136738 2026] [php:error] [pid 80553] [client 20.213.152.227:0] script '/domains/agribiz/wp-file.php' not found or unable to stat
[Sun Feb 22 01:03:03.364741 2026] [php:error] [pid 80553] [client 20.213.152.227:0] script '/domains/agribiz/as.php' not found or unable to stat
[Sun Feb 22 01:03:03.566120 2026] [php:error] [pid 80553] [client 20.213.152.227:0] script '/domains/agribiz/X57.php' not found or unable to stat
[Sun Feb 22 01:03:03.765719 2026] [php:error] [pid 80553] [client 20.213.152.227:0] script '/domains/agribiz/abc.php' not found or unable to stat
[Sun Feb 22 01:03:03.964783 2026] [php:error] [pid 80553] [client 20.213.152.227:0] script '/domains/agribiz/gettest.php' not found or unable to stat
[Sun Feb 22 01:03:04.164002 2026] [php:error] [pid 80553] [client 20.213.152.227:0] script '/domains/agribiz/sbhu.php' not found or unable to stat
[Sun Feb 22 01:03:04.362881 2026] [php:error] [pid 80553] [client 20.213.152.227:0] script '/domains/agribiz/wp-trackback.php' not found or unable to stat
[Sun Feb 22 01:03:04.561615 2026] [php:error] [pid 80553] [client 20.213.152.227:0] script '/domains/agribiz/alfashell.php' not found or unable to stat
[Sun Feb 22 01:03:04.969496 2026] [php:error] [pid 80553] [client 20.213.152.227:0] script '/domains/agribiz/aaa.php' not found or unable to stat
[Sun Feb 22 01:03:05.168582 2026] [php:error] [pid 80553] [client 20.213.152.227:0] script '/domains/agribiz/chosen.php' not found or unable to stat
[Sun Feb 22 01:03:05.384577 2026] [php:error] [pid 80553] [client 20.213.152.227:0] script '/domains/agribiz/tmpls.php' not found or unable to stat
[Sun Feb 22 01:03:05.584691 2026] [php:error] [pid 80553] [client 20.213.152.227:0] script '/domains/agribiz/gtc.php' not found or unable to stat
[Sun Feb 22 01:03:05.783550 2026] [php:error] [pid 80553] [client 20.213.152.227:0] script '/domains/agribiz/ty.php' not found or unable to stat
[Sun Feb 22 01:03:05.982596 2026] [php:error] [pid 80553] [client 20.213.152.227:0] script '/domains/agribiz/0x.php' not found or unable to stat
[Sun Feb 22 01:03:06.190059 2026] [php:error] [pid 80553] [client 20.213.152.227:0] script '/domains/agribiz/inputs.php' not found or unable to stat
[Sun Feb 22 01:03:06.411915 2026] [php:error] [pid 80553] [client 20.213.152.227:0] script '/domains/agribiz/test1.php' not found or unable to stat
[Sun Feb 22 01:03:06.620630 2026] [php:error] [pid 80553] [client 20.213.152.227:0] script '/domains/agribiz/new4.php' not found or unable to stat
[Sun Feb 22 01:03:06.819308 2026] [php:error] [pid 80553] [client 20.213.152.227:0] script '/domains/agribiz/img.php' not found or unable to stat
[Sun Feb 22 01:03:07.216894 2026] [php:error] [pid 80553] [client 20.213.152.227:0] script '/domains/agribiz/w.php' not found or unable to stat
[Sun Feb 22 01:03:07.420523 2026] [php:error] [pid 80553] [client 20.213.152.227:0] script '/domains/agribiz/f35.php' not found or unable to stat
[Sun Feb 22 01:03:08.514702 2026] [php:error] [pid 80571] [client 20.213.152.227:0] script '/domains/agribiz/siteheads.php' not found or unable to stat
[Sun Feb 22 01:03:09.124498 2026] [php:error] [pid 80571] [client 20.213.152.227:0] script '/domains/agribiz/cwclass.php' not found or unable to stat
[Sun Feb 22 01:03:10.016385 2026] [php:error] [pid 80571] [client 20.213.152.227:0] script '/domains/agribiz/g.php' not found or unable to stat
[Sun Feb 22 01:03:10.753361 2026] [php:error] [pid 80571] [client 20.213.152.227:0] script '/domains/agribiz/install.php' not found or unable to stat
[Sun Feb 22 01:03:11.691963 2026] [php:error] [pid 80571] [client 20.213.152.227:0] script '/domains/agribiz/autoload_classmap.php' not found or unable to stat
[Sun Feb 22 01:03:11.907669 2026] [php:error] [pid 80571] [client 20.213.152.227:0] script '/domains/agribiz/bgymj.php' not found or unable to stat
[Sun Feb 22 01:03:12.733761 2026] [php:error] [pid 80569] [client 45.148.10.244:0] script '/domains/tennex/wp-config.php.bak' not found or unable to stat
[Sun Feb 22 01:03:12.841455 2026] [php:error] [pid 80569] [client 45.148.10.244:0] script '/domains/tennex/info.php' not found or unable to stat
[Sun Feb 22 01:03:13.402755 2026] [php:error] [pid 80569] [client 45.148.10.244:0] script '/domains/tennex/server_info.php' not found or unable to stat
[Sun Feb 22 01:03:13.490545 2026] [php:error] [pid 80569] [client 45.148.10.244:0] script '/domains/tennex/app_dev.php' not found or unable to stat
[Sun Feb 22 01:03:13.581918 2026] [php:error] [pid 80569] [client 45.148.10.244:0] script '/domains/tennex/test.php' not found or unable to stat
[Sun Feb 22 01:03:13.674408 2026] [access_compat:error] [pid 80569] [client 45.148.10.244:0] AH01797: client denied by server configuration: /domains/tennex/server-info
[Sun Feb 22 01:03:13.761210 2026] [php:error] [pid 80569] [client 45.148.10.244:0] script '/domains/tennex/server-info.php' not found or unable to stat
[Sun Feb 22 01:03:24.802505 2026] [php:error] [pid 80578] [client 20.215.67.86:0] script '/domains/rainho/aa.php' not found or unable to stat
[Sun Feb 22 01:03:24.965202 2026] [php:error] [pid 80578] [client 20.215.67.86:0] script '/domains/rainho/19.php' not found or unable to stat
[Sun Feb 22 01:03:25.064613 2026] [php:error] [pid 80578] [client 20.215.67.86:0] script '/domains/rainho/f.php' not found or unable to stat
[Sun Feb 22 01:03:25.165769 2026] [php:error] [pid 80578] [client 20.215.67.86:0] script '/domains/rainho/p.php' not found or unable to stat
[Sun Feb 22 01:03:25.322863 2026] [php:error] [pid 80578] [client 20.215.67.86:0] script '/domains/rainho/d.php' not found or unable to stat
[Sun Feb 22 01:03:25.429806 2026] [php:error] [pid 80578] [client 20.215.67.86:0] script '/domains/rainho/9.php' not found or unable to stat
[Sun Feb 22 01:03:25.539909 2026] [php:error] [pid 80578] [client 20.215.67.86:0] script '/domains/rainho/222.php' not found or unable to stat
[Sun Feb 22 01:03:25.639363 2026] [php:error] [pid 80578] [client 20.215.67.86:0] script '/domains/rainho/file2.php' not found or unable to stat
[Sun Feb 22 01:03:25.738626 2026] [php:error] [pid 80578] [client 20.215.67.86:0] script '/domains/rainho/x.php' not found or unable to stat
[Sun Feb 22 01:03:25.838136 2026] [php:error] [pid 80578] [client 20.215.67.86:0] script '/domains/rainho/i.php' not found or unable to stat
[Sun Feb 22 01:03:25.955239 2026] [php:error] [pid 80578] [client 20.215.67.86:0] script '/domains/rainho/y.php' not found or unable to stat
[Sun Feb 22 01:03:26.054279 2026] [php:error] [pid 80578] [client 20.215.67.86:0] script '/domains/rainho/0.php' not found or unable to stat
[Sun Feb 22 01:03:26.155706 2026] [php:error] [pid 80578] [client 20.215.67.86:0] script '/domains/rainho/pp.php' not found or unable to stat
[Sun Feb 22 01:03:26.266202 2026] [php:error] [pid 80578] [client 20.215.67.86:0] script '/domains/rainho/oo.php' not found or unable to stat
[Sun Feb 22 01:03:26.380468 2026] [php:error] [pid 80578] [client 20.215.67.86:0] script '/domains/rainho/ee.php' not found or unable to stat
[Sun Feb 22 01:03:26.480027 2026] [php:error] [pid 80578] [client 20.215.67.86:0] script '/domains/rainho/403.php' not found or unable to stat
[Sun Feb 22 01:03:26.685424 2026] [php:error] [pid 80578] [client 20.215.67.86:0] script '/domains/rainho/404.php' not found or unable to stat
[Sun Feb 22 01:03:26.785476 2026] [php:error] [pid 80578] [client 20.215.67.86:0] script '/domains/rainho/312.php' not found or unable to stat
[Sun Feb 22 01:03:37.577715 2026] [php:error] [pid 80583] [client 34.96.162.52:0] script '/domains/machinadynamica/adminer-5.4.1.php' not found or unable to stat
[Sun Feb 22 01:03:53.075904 2026] [php:error] [pid 80574] [client 45.148.10.244:0] script '/domains/tennex/.env.php' not found or unable to stat
[Sun Feb 22 01:03:53.358375 2026] [php:error] [pid 80574] [client 45.148.10.244:0] script '/domains/tennex/config.php' not found or unable to stat
[Sun Feb 22 01:03:53.452334 2026] [php:error] [pid 80574] [client 45.148.10.244:0] script '/domains/tennex/configuration.php' not found or unable to stat
[Sun Feb 22 01:03:53.540842 2026] [php:error] [pid 80574] [client 45.148.10.244:0] script '/domains/tennex/settings.php' not found or unable to stat
[Sun Feb 22 01:03:53.630478 2026] [php:error] [pid 80574] [client 45.148.10.244:0] script '/domains/tennex/database.php' not found or unable to stat
[Sun Feb 22 01:03:53.725670 2026] [php:error] [pid 80574] [client 45.148.10.244:0] script '/domains/tennex/db.php' not found or unable to stat
[Sun Feb 22 01:03:53.813172 2026] [php:error] [pid 80574] [client 45.148.10.244:0] script '/domains/tennex/connect.php' not found or unable to stat
[Sun Feb 22 01:03:53.902540 2026] [php:error] [pid 80574] [client 45.148.10.244:0] script '/domains/tennex/connection.php' not found or unable to stat
[Sun Feb 22 01:03:54.587304 2026] [php:error] [pid 80574] [client 45.148.10.244:0] script '/domains/tennex/config.inc.php' not found or unable to stat
[Sun Feb 22 01:03:55.464022 2026] [php:error] [pid 80575] [client 45.148.10.244:0] script '/domains/tennex/settings.inc.php' not found or unable to stat
[Sun Feb 22 01:04:01.105959 2026] [php:error] [pid 80553] [client 45.148.10.244:0] script '/domains/tennex/wp-config.php' not found or unable to stat
[Sun Feb 22 01:04:01.209347 2026] [php:error] [pid 80553] [client 45.148.10.244:0] script '/domains/tennex/wp-config.php.old' not found or unable to stat
[Sun Feb 22 01:04:01.296278 2026] [php:error] [pid 80553] [client 45.148.10.244:0] script '/domains/tennex/wp-config.php.save' not found or unable to stat
[Sun Feb 22 01:04:01.380940 2026] [php:error] [pid 80553] [client 45.148.10.244:0] script '/domains/tennex/wp-config.php.swp' not found or unable to stat
[Sun Feb 22 01:04:02.514682 2026] [php:error] [pid 80553] [client 45.148.10.244:0] script '/domains/tennex/wp-config-sample.php' not found or unable to stat
[Sun Feb 22 01:04:03.163784 2026] [php:error] [pid 80590] [client 20.24.200.53:0] script '/domains/system_suspended/wp-trackback.php' not found or unable to stat
[Sun Feb 22 01:04:03.339754 2026] [php:error] [pid 80591] [client 45.148.10.244:0] script '/domains/tennex/.wp-config.php.swp' not found or unable to stat
[Sun Feb 22 01:04:03.382987 2026] [php:error] [pid 80590] [client 20.24.200.53:0] script '/domains/system_suspended/about.php' not found or unable to stat
[Sun Feb 22 01:04:03.600839 2026] [php:error] [pid 80590] [client 20.24.200.53:0] script '/domains/system_suspended/file.php' not found or unable to stat
[Sun Feb 22 01:04:03.818887 2026] [php:error] [pid 80590] [client 20.24.200.53:0] script '/domains/system_suspended/wp-good.php' not found or unable to stat
[Sun Feb 22 01:04:04.036962 2026] [php:error] [pid 80590] [client 20.24.200.53:0] script '/domains/system_suspended/xmlrpc.php' not found or unable to stat
[Sun Feb 22 01:04:04.254700 2026] [php:error] [pid 80590] [client 20.24.200.53:0] script '/domains/system_suspended/goods.php' not found or unable to stat
[Sun Feb 22 01:04:04.394327 2026] [php:error] [pid 80575] [client 20.215.67.86:0] script '/domains/dcarlone/aa.php' not found or unable to stat
[Sun Feb 22 01:04:04.472720 2026] [php:error] [pid 80590] [client 20.24.200.53:0] script '/domains/system_suspended/ioxi-o.php' not found or unable to stat
[Sun Feb 22 01:04:04.497078 2026] [php:error] [pid 80575] [client 20.215.67.86:0] script '/domains/dcarlone/19.php' not found or unable to stat
[Sun Feb 22 01:04:04.599458 2026] [php:error] [pid 80575] [client 20.215.67.86:0] script '/domains/dcarlone/f.php' not found or unable to stat
[Sun Feb 22 01:04:04.631617 2026] [php:error] [pid 80583] [client 45.148.10.244:0] script '/domains/tennex/configuration.php.bak' not found or unable to stat
[Sun Feb 22 01:04:04.690497 2026] [php:error] [pid 80590] [client 20.24.200.53:0] script '/domains/system_suspended/class-t.api.php' not found or unable to stat
[Sun Feb 22 01:04:04.702475 2026] [php:error] [pid 80575] [client 20.215.67.86:0] script '/domains/dcarlone/p.php' not found or unable to stat
[Sun Feb 22 01:04:04.751795 2026] [php:error] [pid 80583] [client 45.148.10.244:0] script '/domains/tennex/configuration.php.old' not found or unable to stat
[Sun Feb 22 01:04:04.804498 2026] [php:error] [pid 80575] [client 20.215.67.86:0] script '/domains/dcarlone/d.php' not found or unable to stat
[Sun Feb 22 01:04:04.906557 2026] [php:error] [pid 80575] [client 20.215.67.86:0] script '/domains/dcarlone/9.php' not found or unable to stat
[Sun Feb 22 01:04:04.908225 2026] [php:error] [pid 80590] [client 20.24.200.53:0] script '/domains/system_suspended/admin.php' not found or unable to stat
[Sun Feb 22 01:04:05.008744 2026] [php:error] [pid 80575] [client 20.215.67.86:0] script '/domains/dcarlone/222.php' not found or unable to stat
[Sun Feb 22 01:04:05.110795 2026] [php:error] [pid 80575] [client 20.215.67.86:0] script '/domains/dcarlone/file2.php' not found or unable to stat
[Sun Feb 22 01:04:05.140024 2026] [php:error] [pid 80590] [client 20.24.200.53:0] script '/domains/system_suspended/sf.php' not found or unable to stat
[Sun Feb 22 01:04:05.226572 2026] [php:error] [pid 80575] [client 20.215.67.86:0] script '/domains/dcarlone/x.php' not found or unable to stat
[Sun Feb 22 01:04:05.343705 2026] [php:error] [pid 80575] [client 20.215.67.86:0] script '/domains/dcarlone/i.php' not found or unable to stat
[Sun Feb 22 01:04:05.358072 2026] [php:error] [pid 80590] [client 20.24.200.53:0] script '/domains/system_suspended/rip.php' not found or unable to stat
[Sun Feb 22 01:04:05.445866 2026] [php:error] [pid 80575] [client 20.215.67.86:0] script '/domains/dcarlone/y.php' not found or unable to stat
[Sun Feb 22 01:04:05.548172 2026] [php:error] [pid 80575] [client 20.215.67.86:0] script '/domains/dcarlone/0.php' not found or unable to stat
[Sun Feb 22 01:04:05.575911 2026] [php:error] [pid 80590] [client 20.24.200.53:0] script '/domains/system_suspended/autoload_classmap.php' not found or unable to stat
[Sun Feb 22 01:04:05.652435 2026] [php:error] [pid 80575] [client 20.215.67.86:0] script '/domains/dcarlone/pp.php' not found or unable to stat
[Sun Feb 22 01:04:05.761032 2026] [php:error] [pid 80575] [client 20.215.67.86:0] script '/domains/dcarlone/oo.php' not found or unable to stat
[Sun Feb 22 01:04:05.793857 2026] [php:error] [pid 80590] [client 20.24.200.53:0] script '/domains/system_suspended/chosen.php' not found or unable to stat
[Sun Feb 22 01:04:05.864221 2026] [php:error] [pid 80575] [client 20.215.67.86:0] script '/domains/dcarlone/ee.php' not found or unable to stat
[Sun Feb 22 01:04:06.000964 2026] [php:error] [pid 80575] [client 20.215.67.86:0] script '/domains/dcarlone/403.php' not found or unable to stat
[Sun Feb 22 01:04:06.011776 2026] [php:error] [pid 80590] [client 20.24.200.53:0] script '/domains/system_suspended/classwithtostring.php' not found or unable to stat
[Sun Feb 22 01:04:06.113156 2026] [php:error] [pid 80575] [client 20.215.67.86:0] script '/domains/dcarlone/404.php' not found or unable to stat
[Sun Feb 22 01:04:06.215227 2026] [php:error] [pid 80575] [client 20.215.67.86:0] script '/domains/dcarlone/312.php' not found or unable to stat
[Sun Feb 22 01:04:06.234899 2026] [php:error] [pid 80590] [client 20.24.200.53:0] script '/domains/system_suspended/defaults.php' not found or unable to stat
[Sun Feb 22 01:04:07.333595 2026] [php:error] [pid 80590] [client 20.24.200.53:0] script '/domains/system_suspended/info.php' not found or unable to stat
[Sun Feb 22 01:04:08.926760 2026] [php:error] [pid 80590] [client 20.24.200.53:0] script '/domains/system_suspended/adminfuns.php' not found or unable to stat
[Sun Feb 22 01:04:13.288479 2026] [php:error] [pid 80594] [client 45.148.10.244:0] script '/domains/tennex/payment_config.php' not found or unable to stat
[Sun Feb 22 01:04:13.416526 2026] [php:error] [pid 80596] [client 35.247.243.246:0] script '/domains/machinadynamica/DB.php' not found or unable to stat
[Sun Feb 22 01:04:13.419140 2026] [php:error] [pid 80594] [client 45.148.10.244:0] script '/domains/tennex/checkout.php' not found or unable to stat
[Sun Feb 22 01:04:19.239944 2026] [authz_core:error] [pid 80574] [client 45.148.10.244:0] AH01630: client denied by server configuration: /domains/tennex/.htaccess
[Sun Feb 22 01:04:19.329970 2026] [authz_core:error] [pid 80574] [client 45.148.10.244:0] AH01630: client denied by server configuration: /domains/tennex/.htpasswd
[Sun Feb 22 01:04:19.734856 2026] [php:error] [pid 80574] [client 45.148.10.244:0] script '/domains/tennex/debug.php' not found or unable to stat
[Sun Feb 22 01:04:21.786724 2026] [php:error] [pid 80574] [client 45.148.10.244:0] script '/domains/tennex/admin.php' not found or unable to stat
[Sun Feb 22 01:04:21.886040 2026] [php:error] [pid 80574] [client 45.148.10.244:0] script '/domains/tennex/login.php' not found or unable to stat
[Sun Feb 22 01:04:22.439335 2026] [php:error] [pid 80574] [client 45.148.10.244:0] script '/domains/tennex/adminer.php' not found or unable to stat
[Sun Feb 22 01:04:29.104606 2026] [php:error] [pid 80586] [client 45.148.10.244:0] script '/domains/tennex/email.php' not found or unable to stat
[Sun Feb 22 01:04:29.291648 2026] [php:error] [pid 80586] [client 45.148.10.244:0] script '/domains/tennex/mail.php' not found or unable to stat
[Sun Feb 22 01:04:29.829136 2026] [php:error] [pid 80553] [client 45.148.10.244:0] script '/domains/tennex/sendmail.php' not found or unable to stat
[Sun Feb 22 01:04:30.004823 2026] [php:error] [pid 80553] [client 45.148.10.244:0] script '/domains/tennex/mailer.php' not found or unable to stat
[Sun Feb 22 01:04:30.165654 2026] [php:error] [pid 80553] [client 45.148.10.244:0] script '/domains/tennex/smtp.php' not found or unable to stat
[Sun Feb 22 01:04:32.151261 2026] [php:error] [pid 80585] [client 45.148.10.244:0] script '/domains/tennex/graphql.php' not found or unable to stat
[Sun Feb 22 01:04:38.627265 2026] [php:error] [pid 80600] [client 45.148.10.244:0] script '/domains/tennex/postmark_webhook.php' not found or unable to stat
[Sun Feb 22 01:04:42.824878 2026] [php:error] [pid 80600] [client 45.148.10.244:0] script '/domains/tennex/sendgrid_webhook.php' not found or unable to stat
[Sun Feb 22 01:04:54.969465 2026] [php:error] [pid 80600] [client 20.194.25.241:0] script '/domains/hpveweb/x.php' not found or unable to stat
[Sun Feb 22 01:04:55.148082 2026] [php:error] [pid 80600] [client 20.194.25.241:0] script '/domains/hpveweb/chosen.php' not found or unable to stat
[Sun Feb 22 01:04:55.345354 2026] [php:error] [pid 80600] [client 20.194.25.241:0] script '/domains/hpveweb/radio.php' not found or unable to stat
[Sun Feb 22 01:04:55.754151 2026] [php:error] [pid 80600] [client 20.194.25.241:0] script '/domains/hpveweb/okxh.php' not found or unable to stat
[Sun Feb 22 01:04:55.935032 2026] [php:error] [pid 80600] [client 20.194.25.241:0] script '/domains/hpveweb/shell20211028.php' not found or unable to stat
[Sun Feb 22 01:04:56.128539 2026] [php:error] [pid 80600] [client 20.194.25.241:0] script '/domains/hpveweb/zqhfn.php' not found or unable to stat
[Sun Feb 22 01:04:56.495738 2026] [php:error] [pid 80600] [client 20.194.25.241:0] script '/domains/hpveweb/k.php' not found or unable to stat
[Sun Feb 22 01:04:56.852888 2026] [php:error] [pid 80600] [client 20.194.25.241:0] script '/domains/hpveweb/403.php' not found or unable to stat
[Sun Feb 22 01:04:57.032632 2026] [php:error] [pid 80600] [client 20.194.25.241:0] script '/domains/hpveweb/fimai.php' not found or unable to stat
[Sun Feb 22 01:04:57.211089 2026] [php:error] [pid 80600] [client 20.194.25.241:0] script '/domains/hpveweb/maul.php' not found or unable to stat
[Sun Feb 22 01:04:57.568046 2026] [php:error] [pid 80600] [client 20.194.25.241:0] script '/domains/hpveweb/elp.php' not found or unable to stat
[Sun Feb 22 01:04:57.751964 2026] [php:error] [pid 80600] [client 20.194.25.241:0] script '/domains/hpveweb/tt.php' not found or unable to stat
[Sun Feb 22 01:04:58.560197 2026] [php:error] [pid 80600] [client 20.194.25.241:0] script '/domains/hpveweb/an.php' not found or unable to stat
[Sun Feb 22 01:04:58.742621 2026] [php:error] [pid 80600] [client 20.194.25.241:0] script '/domains/hpveweb/orouu.php' not found or unable to stat
[Sun Feb 22 01:04:59.006613 2026] [php:error] [pid 80600] [client 20.194.25.241:0] script '/domains/hpveweb/config.php' not found or unable to stat
[Sun Feb 22 01:04:59.185896 2026] [php:error] [pid 80600] [client 20.194.25.241:0] script '/domains/hpveweb/z.php' not found or unable to stat
[Sun Feb 22 01:04:59.410320 2026] [php:error] [pid 80600] [client 20.194.25.241:0] script '/domains/hpveweb/55b76.php' not found or unable to stat
[Sun Feb 22 01:04:59.766796 2026] [php:error] [pid 80600] [client 20.194.25.241:0] script '/domains/hpveweb/kalso.php' not found or unable to stat
[Sun Feb 22 01:04:59.945405 2026] [php:error] [pid 80600] [client 20.194.25.241:0] script '/domains/hpveweb/web.php' not found or unable to stat
[Sun Feb 22 01:05:00.128551 2026] [php:error] [pid 80600] [client 20.194.25.241:0] script '/domains/hpveweb/5b9ac.php' not found or unable to stat
[Sun Feb 22 01:05:00.322404 2026] [php:error] [pid 80600] [client 20.194.25.241:0] script '/domains/hpveweb/system.php' not found or unable to stat
[Sun Feb 22 01:05:00.905434 2026] [php:error] [pid 80600] [client 20.194.25.241:0] script '/domains/hpveweb/byp.php' not found or unable to stat
[Sun Feb 22 01:05:03.476035 2026] [php:error] [pid 80609] [client 20.194.25.241:0] script '/domains/hpveweb/domains.php' not found or unable to stat
[Sun Feb 22 01:05:03.655799 2026] [php:error] [pid 80609] [client 20.194.25.241:0] script '/domains/hpveweb/clss.php' not found or unable to stat
[Sun Feb 22 01:05:03.835163 2026] [php:error] [pid 80609] [client 20.194.25.241:0] script '/domains/hpveweb/autoload_classmap.php' not found or unable to stat
[Sun Feb 22 01:05:04.014448 2026] [php:error] [pid 80609] [client 20.194.25.241:0] script '/domains/hpveweb/byp.php' not found or unable to stat
[Sun Feb 22 01:05:04.375360 2026] [php:error] [pid 80609] [client 20.194.25.241:0] script '/domains/hpveweb/zc-104.php' not found or unable to stat
[Sun Feb 22 01:05:04.748568 2026] [php:error] [pid 80609] [client 20.194.25.241:0] script '/domains/hpveweb/6kDPjgFTmvS.php' not found or unable to stat
[Sun Feb 22 01:05:04.928623 2026] [php:error] [pid 80609] [client 20.194.25.241:0] script '/domains/hpveweb/vanda.php' not found or unable to stat
[Sun Feb 22 01:05:05.336772 2026] [php:error] [pid 80609] [client 20.194.25.241:0] script '/domains/hpveweb/install.php' not found or unable to stat
[Sun Feb 22 01:05:06.239201 2026] [php:error] [pid 80609] [client 20.194.25.241:0] script '/domains/hpveweb/gdn.php' not found or unable to stat
[Sun Feb 22 01:05:06.437272 2026] [php:error] [pid 80609] [client 20.194.25.241:0] script '/domains/hpveweb/cache.php' not found or unable to stat
[Sun Feb 22 01:05:07.600106 2026] [php:error] [pid 80604] [client 45.148.10.244:0] script '/domains/tennex/stripe_webhook.php' not found or unable to stat
[Sun Feb 22 01:05:08.591164 2026] [php:error] [pid 80609] [client 20.194.25.241:0] script '/domains/hpveweb/asd.php' not found or unable to stat
[Sun Feb 22 01:05:08.788628 2026] [php:error] [pid 80609] [client 20.194.25.241:0] script '/domains/hpveweb/favicon.php' not found or unable to stat
[Sun Feb 22 01:05:08.969471 2026] [php:error] [pid 80609] [client 20.194.25.241:0] script '/domains/hpveweb/file.php' not found or unable to stat
[Sun Feb 22 01:05:09.160290 2026] [php:error] [pid 80609] [client 20.194.25.241:0] script '/domains/hpveweb/rzki.php' not found or unable to stat
[Sun Feb 22 01:05:09.359026 2026] [php:error] [pid 80609] [client 20.194.25.241:0] script '/domains/hpveweb/buy.php' not found or unable to stat
[Sun Feb 22 01:05:10.154874 2026] [php:error] [pid 80609] [client 20.194.25.241:0] script '/domains/hpveweb/install.php' not found or unable to stat
[Sun Feb 22 01:05:10.554377 2026] [php:error] [pid 80609] [client 20.194.25.241:0] script '/domains/hpveweb/inputs.php' not found or unable to stat
[Sun Feb 22 01:05:11.278526 2026] [php:error] [pid 80609] [client 20.194.25.241:0] script '/domains/hpveweb/ws.php' not found or unable to stat
[Sun Feb 22 01:05:11.467103 2026] [php:error] [pid 80609] [client 20.194.25.241:0] script '/domains/hpveweb/44.php' not found or unable to stat
[Sun Feb 22 01:05:12.111656 2026] [php:error] [pid 80609] [client 20.194.25.241:0] script '/domains/hpveweb/404.php' not found or unable to stat
[Sun Feb 22 01:05:12.651304 2026] [php:error] [pid 80609] [client 20.194.25.241:0] script '/domains/hpveweb/wp-login.php' not found or unable to stat
[Sun Feb 22 01:05:13.386924 2026] [php:error] [pid 80609] [client 20.194.25.241:0] script '/domains/hpveweb/wp-config-sample.php' not found or unable to stat
[Sun Feb 22 01:05:13.572414 2026] [php:error] [pid 80609] [client 20.194.25.241:0] script '/domains/hpveweb/rip.php' not found or unable to stat
[Sun Feb 22 01:05:14.187239 2026] [php:error] [pid 80609] [client 20.194.25.241:0] script '/domains/hpveweb/images/all.php' not found or unable to stat
[Sun Feb 22 01:05:14.564184 2026] [php:error] [pid 80609] [client 20.194.25.241:0] script '/domains/hpveweb/404.php' not found or unable to stat
[Sun Feb 22 01:05:14.748590 2026] [php:error] [pid 80609] [client 20.194.25.241:0] script '/domains/hpveweb/wp-blog.php' not found or unable to stat
[Sun Feb 22 01:05:14.947575 2026] [php:error] [pid 80609] [client 20.194.25.241:0] script '/domains/hpveweb/info.php' not found or unable to stat
[Sun Feb 22 01:05:15.350782 2026] [php:error] [pid 80609] [client 20.194.25.241:0] script '/domains/hpveweb/rip.php' not found or unable to stat
[Sun Feb 22 01:05:15.546294 2026] [php:error] [pid 80609] [client 20.194.25.241:0] script '/domains/hpveweb/h.php' not found or unable to stat
[Sun Feb 22 01:05:15.735648 2026] [php:error] [pid 80609] [client 20.194.25.241:0] script '/domains/hpveweb/56c53.php' not found or unable to stat
[Sun Feb 22 01:05:16.466900 2026] [php:error] [pid 80609] [client 20.194.25.241:0] script '/domains/hpveweb/i.php' not found or unable to stat
[Sun Feb 22 01:05:16.646330 2026] [php:error] [pid 80609] [client 20.194.25.241:0] script '/domains/hpveweb/xsas.php' not found or unable to stat
[Sun Feb 22 01:05:16.833700 2026] [php:error] [pid 80609] [client 20.194.25.241:0] script '/domains/hpveweb/varb.php' not found or unable to stat
[Sun Feb 22 01:05:17.209059 2026] [php:error] [pid 80609] [client 20.194.25.241:0] script '/domains/hpveweb/xxzdc.php' not found or unable to stat
[Sun Feb 22 01:05:17.228521 2026] [php:error] [pid 80614] [client 20.53.249.250:0] script '/domains/koenig.interport/myfile.php' not found or unable to stat
[Sun Feb 22 01:05:17.400625 2026] [php:error] [pid 80609] [client 20.194.25.241:0] script '/domains/hpveweb/gdn.php' not found or unable to stat
[Sun Feb 22 01:05:17.423782 2026] [php:error] [pid 80614] [client 20.53.249.250:0] script '/domains/koenig.interport/work.php' not found or unable to stat
[Sun Feb 22 01:05:17.619010 2026] [php:error] [pid 80614] [client 20.53.249.250:0] script '/domains/koenig.interport/C.php' not found or unable to stat
[Sun Feb 22 01:05:17.815041 2026] [php:error] [pid 80614] [client 20.53.249.250:0] script '/domains/koenig.interport/ze.php' not found or unable to stat
[Sun Feb 22 01:05:18.010377 2026] [php:error] [pid 80614] [client 20.53.249.250:0] script '/domains/koenig.interport/new4.php' not found or unable to stat
[Sun Feb 22 01:05:18.205708 2026] [php:error] [pid 80614] [client 20.53.249.250:0] script '/domains/koenig.interport/sc.php' not found or unable to stat
[Sun Feb 22 01:05:18.306550 2026] [php:error] [pid 80609] [client 20.194.25.241:0] script '/domains/hpveweb/elp.php' not found or unable to stat
[Sun Feb 22 01:05:18.401013 2026] [php:error] [pid 80614] [client 20.53.249.250:0] script '/domains/koenig.interport/pouhg.php' not found or unable to stat
[Sun Feb 22 01:05:18.486737 2026] [php:error] [pid 80609] [client 20.194.25.241:0] script '/domains/hpveweb/144.php' not found or unable to stat
[Sun Feb 22 01:05:18.596460 2026] [php:error] [pid 80614] [client 20.53.249.250:0] script '/domains/koenig.interport/vgtyu.php' not found or unable to stat
[Sun Feb 22 01:05:18.791832 2026] [php:error] [pid 80614] [client 20.53.249.250:0] script '/domains/koenig.interport/aq.php' not found or unable to stat
[Sun Feb 22 01:05:18.855132 2026] [php:error] [pid 80609] [client 20.194.25.241:0] script '/domains/hpveweb/wp-conf.php' not found or unable to stat
[Sun Feb 22 01:05:18.987848 2026] [php:error] [pid 80614] [client 20.53.249.250:0] script '/domains/koenig.interport/opts.php' not found or unable to stat
[Sun Feb 22 01:05:19.183271 2026] [php:error] [pid 80614] [client 20.53.249.250:0] script '/domains/koenig.interport/x123.php' not found or unable to stat
[Sun Feb 22 01:05:19.251511 2026] [php:error] [pid 80609] [client 20.194.25.241:0] script '/domains/hpveweb/lm15.php' not found or unable to stat
[Sun Feb 22 01:05:19.380494 2026] [php:error] [pid 80614] [client 20.53.249.250:0] script '/domains/koenig.interport/wp-act.php' not found or unable to stat
[Sun Feb 22 01:05:19.440639 2026] [php:error] [pid 80609] [client 20.194.25.241:0] script '/domains/hpveweb/inputs.php' not found or unable to stat
[Sun Feb 22 01:05:19.575964 2026] [php:error] [pid 80614] [client 20.53.249.250:0] script '/domains/koenig.interport/moshou.php' not found or unable to stat
[Sun Feb 22 01:05:19.771367 2026] [php:error] [pid 80614] [client 20.53.249.250:0] script '/domains/koenig.interport/seetox.php' not found or unable to stat
[Sun Feb 22 01:05:19.966925 2026] [php:error] [pid 80614] [client 20.53.249.250:0] script '/domains/koenig.interport/dom.php' not found or unable to stat
[Sun Feb 22 01:05:20.081205 2026] [php:error] [pid 80609] [client 20.194.25.241:0] script '/domains/hpveweb/d12.php' not found or unable to stat
[Sun Feb 22 01:05:20.163378 2026] [php:error] [pid 80614] [client 20.53.249.250:0] script '/domains/koenig.interport/ws60.php' not found or unable to stat
[Sun Feb 22 01:05:20.269229 2026] [php:error] [pid 80609] [client 20.194.25.241:0] script '/domains/hpveweb/test.php' not found or unable to stat
[Sun Feb 22 01:05:20.358686 2026] [php:error] [pid 80614] [client 20.53.249.250:0] script '/domains/koenig.interport/samiri.php' not found or unable to stat
[Sun Feb 22 01:05:20.448838 2026] [php:error] [pid 80609] [client 20.194.25.241:0] script '/domains/hpveweb/hehe.php' not found or unable to stat
[Sun Feb 22 01:05:20.554466 2026] [php:error] [pid 80614] [client 20.53.249.250:0] script '/domains/koenig.interport/plugins.php' not found or unable to stat
[Sun Feb 22 01:05:20.750736 2026] [php:error] [pid 80614] [client 20.53.249.250:0] script '/domains/koenig.interport/xoot.php' not found or unable to stat
[Sun Feb 22 01:05:20.860222 2026] [php:error] [pid 80609] [client 20.194.25.241:0] script '/domains/hpveweb/themes.php' not found or unable to stat
[Sun Feb 22 01:05:20.946427 2026] [php:error] [pid 80614] [client 20.53.249.250:0] script '/domains/koenig.interport/X57.php' not found or unable to stat
[Sun Feb 22 01:05:21.064072 2026] [php:error] [pid 80609] [client 20.194.25.241:0] script '/domains/hpveweb/bo.php' not found or unable to stat
[Sun Feb 22 01:05:21.141759 2026] [php:error] [pid 80614] [client 20.53.249.250:0] script '/domains/koenig.interport/vx.php' not found or unable to stat
[Sun Feb 22 01:05:21.258272 2026] [php:error] [pid 80609] [client 20.194.25.241:0] script '/domains/hpveweb/a5e0a.php' not found or unable to stat
[Sun Feb 22 01:05:21.339567 2026] [php:error] [pid 80614] [client 20.53.249.250:0] script '/domains/koenig.interport/file59.php' not found or unable to stat
[Sun Feb 22 01:05:21.437430 2026] [php:error] [pid 80609] [client 20.194.25.241:0] script '/domains/hpveweb/z.php' not found or unable to stat
[Sun Feb 22 01:05:21.730583 2026] [php:error] [pid 80614] [client 20.53.249.250:0] script '/domains/koenig.interport/shas.php' not found or unable to stat
[Sun Feb 22 01:05:21.926167 2026] [php:error] [pid 80614] [client 20.53.249.250:0] script '/domains/koenig.interport/xa.php' not found or unable to stat
[Sun Feb 22 01:05:22.121351 2026] [php:error] [pid 80614] [client 20.53.249.250:0] script '/domains/koenig.interport/xda.php' not found or unable to stat
[Sun Feb 22 01:05:22.316885 2026] [php:error] [pid 80614] [client 20.53.249.250:0] script '/domains/koenig.interport/er.php' not found or unable to stat
[Sun Feb 22 01:05:22.512167 2026] [php:error] [pid 80614] [client 20.53.249.250:0] script '/domains/koenig.interport/fault.php' not found or unable to stat
[Sun Feb 22 01:05:22.707438 2026] [php:error] [pid 80614] [client 20.53.249.250:0] script '/domains/koenig.interport/motu.php' not found or unable to stat
[Sun Feb 22 01:05:22.905549 2026] [php:error] [pid 80614] [client 20.53.249.250:0] script '/domains/koenig.interport/66.php' not found or unable to stat
[Sun Feb 22 01:05:23.100826 2026] [php:error] [pid 80614] [client 20.53.249.250:0] script '/domains/koenig.interport/leuk.php' not found or unable to stat
[Sun Feb 22 01:05:23.296230 2026] [php:error] [pid 80614] [client 20.53.249.250:0] script '/domains/koenig.interport/xqq.php' not found or unable to stat
[Sun Feb 22 01:05:23.492126 2026] [php:error] [pid 80614] [client 20.53.249.250:0] script '/domains/koenig.interport/kolda.php' not found or unable to stat
[Sun Feb 22 01:05:23.687387 2026] [php:error] [pid 80614] [client 20.53.249.250:0] script '/domains/koenig.interport/nw.php' not found or unable to stat
[Sun Feb 22 01:05:23.886239 2026] [php:error] [pid 80614] [client 20.53.249.250:0] script '/domains/koenig.interport/god.php' not found or unable to stat
[Sun Feb 22 01:05:24.082150 2026] [php:error] [pid 80614] [client 20.53.249.250:0] script '/domains/koenig.interport/666.php' not found or unable to stat
[Sun Feb 22 01:05:24.277683 2026] [php:error] [pid 80614] [client 20.53.249.250:0] script '/domains/koenig.interport/kj.php' not found or unable to stat
[Sun Feb 22 01:05:24.473187 2026] [php:error] [pid 80614] [client 20.53.249.250:0] script '/domains/koenig.interport/un.php' not found or unable to stat
[Sun Feb 22 01:05:24.668684 2026] [php:error] [pid 80614] [client 20.53.249.250:0] script '/domains/koenig.interport/fs.php' not found or unable to stat
[Sun Feb 22 01:05:24.875873 2026] [php:error] [pid 80614] [client 20.53.249.250:0] script '/domains/koenig.interport/ms.php' not found or unable to stat
[Sun Feb 22 01:05:25.071169 2026] [php:error] [pid 80614] [client 20.53.249.250:0] script '/domains/koenig.interport/login8.php' not found or unable to stat
[Sun Feb 22 01:05:25.266380 2026] [php:error] [pid 80614] [client 20.53.249.250:0] script '/domains/koenig.interport/nnyvn.php' not found or unable to stat
[Sun Feb 22 01:05:25.461666 2026] [php:error] [pid 80614] [client 20.53.249.250:0] script '/domains/koenig.interport/cu.php' not found or unable to stat
[Sun Feb 22 01:05:25.657027 2026] [php:error] [pid 80614] [client 20.53.249.250:0] script '/domains/koenig.interport/lul.php' not found or unable to stat
[Sun Feb 22 01:05:25.852083 2026] [php:error] [pid 80614] [client 20.53.249.250:0] script '/domains/koenig.interport/0.php' not found or unable to stat
[Sun Feb 22 01:05:26.047179 2026] [php:error] [pid 80614] [client 20.53.249.250:0] script '/domains/koenig.interport/ms-edit.php' not found or unable to stat
[Sun Feb 22 01:05:26.256070 2026] [php:error] [pid 80614] [client 20.53.249.250:0] script '/domains/koenig.interport/ya.php' not found or unable to stat
[Sun Feb 22 01:05:26.451534 2026] [php:error] [pid 80614] [client 20.53.249.250:0] script '/domains/koenig.interport/grsiuk.php' not found or unable to stat
[Sun Feb 22 01:05:26.646735 2026] [php:error] [pid 80614] [client 20.53.249.250:0] script '/domains/koenig.interport/wp-blog.php' not found or unable to stat
[Sun Feb 22 01:05:26.841927 2026] [php:error] [pid 80614] [client 20.53.249.250:0] script '/domains/koenig.interport/wp-access.php' not found or unable to stat
[Sun Feb 22 01:05:27.037730 2026] [php:error] [pid 80614] [client 20.53.249.250:0] script '/domains/koenig.interport/a1vx.php' not found or unable to stat
[Sun Feb 22 01:05:27.233038 2026] [php:error] [pid 80614] [client 20.53.249.250:0] script '/domains/koenig.interport/sbhu.php' not found or unable to stat
[Sun Feb 22 01:05:27.428371 2026] [php:error] [pid 80614] [client 20.53.249.250:0] script '/domains/koenig.interport/wp-the.php' not found or unable to stat
[Sun Feb 22 01:05:27.623491 2026] [php:error] [pid 80614] [client 20.53.249.250:0] script '/domains/koenig.interport/06.php' not found or unable to stat
[Sun Feb 22 01:05:27.821502 2026] [php:error] [pid 80614] [client 20.53.249.250:0] script '/domains/koenig.interport/wp5.php' not found or unable to stat
[Sun Feb 22 01:05:28.016850 2026] [php:error] [pid 80614] [client 20.53.249.250:0] script '/domains/koenig.interport/fot.php' not found or unable to stat
[Sun Feb 22 01:05:28.211964 2026] [php:error] [pid 80614] [client 20.53.249.250:0] script '/domains/koenig.interport/ff1.php' not found or unable to stat
[Sun Feb 22 01:05:28.408031 2026] [php:error] [pid 80614] [client 20.53.249.250:0] script '/domains/koenig.interport/forbidals.php' not found or unable to stat
[Sun Feb 22 01:05:28.603351 2026] [php:error] [pid 80614] [client 20.53.249.250:0] script '/domains/koenig.interport/erty.php' not found or unable to stat
[Sun Feb 22 01:05:28.798724 2026] [php:error] [pid 80614] [client 20.53.249.250:0] script '/domains/koenig.interport/dev1s.php' not found or unable to stat
[Sun Feb 22 01:05:28.994129 2026] [php:error] [pid 80614] [client 20.53.249.250:0] script '/domains/koenig.interport/ffd.php' not found or unable to stat
[Sun Feb 22 01:05:29.190009 2026] [php:error] [pid 80614] [client 20.53.249.250:0] script '/domains/koenig.interport/admiin.php' not found or unable to stat
[Sun Feb 22 01:05:29.385419 2026] [php:error] [pid 80614] [client 20.53.249.250:0] script '/domains/koenig.interport/ol.php' not found or unable to stat
[Sun Feb 22 01:05:29.580877 2026] [php:error] [pid 80614] [client 20.53.249.250:0] script '/domains/koenig.interport/Sanskrit.php' not found or unable to stat
