[Sun Feb 22 04:02:43.819185 2026] [php:error] [pid 83000] [client 65.52.160.249:0] script '/domains/thewalshgroup/adminfuns.php' not found or unable to stat
[Sun Feb 22 04:02:44.050940 2026] [php:error] [pid 83000] [client 65.52.160.249:0] script '/domains/thewalshgroup/radio.php' not found or unable to stat
[Sun Feb 22 04:02:45.390592 2026] [php:error] [pid 83000] [client 65.52.160.249:0] script '/domains/thewalshgroup/mah.php' not found or unable to stat
[Sun Feb 22 04:02:46.649501 2026] [php:error] [pid 83000] [client 65.52.160.249:0] script '/domains/thewalshgroup/sim.php' not found or unable to stat
[Sun Feb 22 04:02:47.081385 2026] [php:error] [pid 83000] [client 65.52.160.249:0] script '/domains/thewalshgroup/error.php' not found or unable to stat
[Sun Feb 22 04:02:47.508835 2026] [php:error] [pid 83000] [client 65.52.160.249:0] script '/domains/thewalshgroup/cong.php' not found or unable to stat
[Sun Feb 22 04:02:48.833249 2026] [php:error] [pid 83000] [client 65.52.160.249:0] script '/domains/thewalshgroup/kyami.php' not found or unable to stat
[Sun Feb 22 04:02:49.509521 2026] [php:error] [pid 83000] [client 65.52.160.249:0] script '/domains/thewalshgroup/1.php' not found or unable to stat
[Sun Feb 22 04:02:50.006266 2026] [php:error] [pid 83000] [client 65.52.160.249:0] script '/domains/thewalshgroup/gecko-new.php' not found or unable to stat
[Sun Feb 22 04:02:50.672398 2026] [php:error] [pid 83000] [client 65.52.160.249:0] script '/domains/thewalshgroup/wp-blog-header.php' not found or unable to stat
[Sun Feb 22 04:02:51.094706 2026] [php:error] [pid 83000] [client 65.52.160.249:0] script '/domains/thewalshgroup/item.php' not found or unable to stat
[Sun Feb 22 04:02:51.336201 2026] [php:error] [pid 83000] [client 65.52.160.249:0] script '/domains/thewalshgroup/xmrlpc.php' not found or unable to stat
[Sun Feb 22 04:02:51.550745 2026] [php:error] [pid 83000] [client 65.52.160.249:0] script '/domains/thewalshgroup/config.php' not found or unable to stat
[Sun Feb 22 04:02:51.766759 2026] [php:error] [pid 83000] [client 65.52.160.249:0] script '/domains/thewalshgroup/cc.php' not found or unable to stat
[Sun Feb 22 04:02:53.323821 2026] [php:error] [pid 83000] [client 65.52.160.249:0] script '/domains/thewalshgroup/wp-conflg.php' not found or unable to stat
[Sun Feb 22 04:02:53.540353 2026] [php:error] [pid 83000] [client 65.52.160.249:0] script '/domains/thewalshgroup/themes.php' not found or unable to stat
[Sun Feb 22 04:02:53.754301 2026] [php:error] [pid 83000] [client 65.52.160.249:0] script '/domains/thewalshgroup/hplfuns.php' not found or unable to stat
[Sun Feb 22 04:02:54.543494 2026] [php:error] [pid 83000] [client 65.52.160.249:0] script '/domains/thewalshgroup/admin.php' not found or unable to stat
[Sun Feb 22 04:02:54.802333 2026] [php:error] [pid 83000] [client 65.52.160.249:0] script '/domains/thewalshgroup/alfa.php' not found or unable to stat
[Sun Feb 22 04:02:55.251446 2026] [php:error] [pid 83000] [client 65.52.160.249:0] script '/domains/thewalshgroup/wp-2019.php' not found or unable to stat
[Sun Feb 22 04:02:55.942516 2026] [php:error] [pid 83000] [client 65.52.160.249:0] script '/domains/thewalshgroup/akcc.php' not found or unable to stat
[Sun Feb 22 04:02:56.153845 2026] [php:error] [pid 83000] [client 65.52.160.249:0] script '/domains/thewalshgroup/404.php' not found or unable to stat
[Sun Feb 22 04:02:58.814834 2026] [php:error] [pid 83000] [client 65.52.160.249:0] script '/domains/thewalshgroup/wp-corn-sample.php' not found or unable to stat
[Sun Feb 22 04:02:59.027228 2026] [php:error] [pid 83000] [client 65.52.160.249:0] script '/domains/thewalshgroup/classwithtostring.php' not found or unable to stat
[Sun Feb 22 04:02:59.240506 2026] [php:error] [pid 83000] [client 65.52.160.249:0] script '/domains/thewalshgroup/ab.php' not found or unable to stat
[Sun Feb 22 04:02:59.932264 2026] [php:error] [pid 83000] [client 65.52.160.249:0] script '/domains/thewalshgroup/asasx.php' not found or unable to stat
[Sun Feb 22 04:03:01.412419 2026] [php:error] [pid 83000] [client 65.52.160.249:0] script '/domains/thewalshgroup/fox.php' not found or unable to stat
[Sun Feb 22 04:03:02.078724 2026] [php:error] [pid 83000] [client 65.52.160.249:0] script '/domains/thewalshgroup/moon.php' not found or unable to stat
[Sun Feb 22 04:03:03.146595 2026] [php:error] [pid 83000] [client 65.52.160.249:0] script '/domains/thewalshgroup/mar.php' not found or unable to stat
[Sun Feb 22 04:03:08.835008 2026] [php:error] [pid 83000] [client 65.52.160.249:0] script '/domains/thewalshgroup/install.php' not found or unable to stat
[Sun Feb 22 04:03:09.191259 2026] [php:error] [pid 83000] [client 65.52.160.249:0] script '/domains/thewalshgroup/menu.php' not found or unable to stat
[Sun Feb 22 04:03:10.589621 2026] [php:error] [pid 83008] [client 65.52.160.249:0] script '/domains/thewalshgroup/images/index.php' not found or unable to stat
[Sun Feb 22 04:03:11.707265 2026] [php:error] [pid 83008] [client 65.52.160.249:0] script '/domains/thewalshgroup/defaults.php' not found or unable to stat
[Sun Feb 22 04:03:12.581531 2026] [php:error] [pid 83008] [client 65.52.160.249:0] script '/domains/thewalshgroup/css.php' not found or unable to stat
[Sun Feb 22 04:03:13.074904 2026] [php:error] [pid 83008] [client 65.52.160.249:0] script '/domains/thewalshgroup/wp-links-opml.php' not found or unable to stat
[Sun Feb 22 04:03:14.235907 2026] [php:error] [pid 83008] [client 65.52.160.249:0] script '/domains/thewalshgroup/123.php' not found or unable to stat
[Sun Feb 22 04:03:14.662684 2026] [php:error] [pid 83008] [client 65.52.160.249:0] script '/domains/thewalshgroup/log.php' not found or unable to stat
[Sun Feb 22 04:03:16.003852 2026] [php:error] [pid 83008] [client 65.52.160.249:0] script '/domains/thewalshgroup/as.php' not found or unable to stat
[Sun Feb 22 04:03:16.692559 2026] [php:error] [pid 83008] [client 65.52.160.249:0] script '/domains/thewalshgroup/style.php' not found or unable to stat
[Sun Feb 22 04:03:16.908931 2026] [php:error] [pid 83008] [client 65.52.160.249:0] script '/domains/thewalshgroup/aa.php' not found or unable to stat
[Sun Feb 22 04:03:17.141549 2026] [php:error] [pid 83008] [client 65.52.160.249:0] script '/domains/thewalshgroup/hehehehe.php' not found or unable to stat
[Sun Feb 22 04:03:17.372568 2026] [php:error] [pid 83008] [client 65.52.160.249:0] script '/domains/thewalshgroup/x.php' not found or unable to stat
[Sun Feb 22 04:03:17.794350 2026] [php:error] [pid 83008] [client 65.52.160.249:0] script '/domains/thewalshgroup/wp-links.php' not found or unable to stat
[Sun Feb 22 04:03:18.478792 2026] [php:error] [pid 82994] [client 20.197.58.121:0] script '/domains/tmandel/wp-trackback.php' not found or unable to stat
[Sun Feb 22 04:03:18.492656 2026] [php:error] [pid 83008] [client 65.52.160.249:0] script '/domains/thewalshgroup/main.php' not found or unable to stat
[Sun Feb 22 04:03:18.701812 2026] [php:error] [pid 82994] [client 20.197.58.121:0] script '/domains/tmandel/about.php' not found or unable to stat
[Sun Feb 22 04:03:18.907079 2026] [php:error] [pid 82994] [client 20.197.58.121:0] script '/domains/tmandel/file.php' not found or unable to stat
[Sun Feb 22 04:03:18.925584 2026] [php:error] [pid 83008] [client 65.52.160.249:0] script '/domains/thewalshgroup/wso.php' not found or unable to stat
[Sun Feb 22 04:03:19.112292 2026] [php:error] [pid 82994] [client 20.197.58.121:0] script '/domains/tmandel/wp-good.php' not found or unable to stat
[Sun Feb 22 04:03:19.186822 2026] [php:error] [pid 83008] [client 65.52.160.249:0] script '/domains/thewalshgroup/wp-configs.php' not found or unable to stat
[Sun Feb 22 04:03:19.317695 2026] [php:error] [pid 82994] [client 20.197.58.121:0] script '/domains/tmandel/xmlrpc.php' not found or unable to stat
[Sun Feb 22 04:03:19.478699 2026] [php:error] [pid 83008] [client 65.52.160.249:0] script '/domains/thewalshgroup/lock.php' not found or unable to stat
[Sun Feb 22 04:03:19.522406 2026] [php:error] [pid 82994] [client 20.197.58.121:0] script '/domains/tmandel/goods.php' not found or unable to stat
[Sun Feb 22 04:03:19.736657 2026] [php:error] [pid 83008] [client 65.52.160.249:0] script '/domains/thewalshgroup/file.php' not found or unable to stat
[Sun Feb 22 04:03:19.738069 2026] [php:error] [pid 82994] [client 20.197.58.121:0] script '/domains/tmandel/ioxi-o.php' not found or unable to stat
[Sun Feb 22 04:03:19.944375 2026] [php:error] [pid 82994] [client 20.197.58.121:0] script '/domains/tmandel/class-t.api.php' not found or unable to stat
[Sun Feb 22 04:03:20.148797 2026] [php:error] [pid 82994] [client 20.197.58.121:0] script '/domains/tmandel/admin.php' not found or unable to stat
[Sun Feb 22 04:03:20.353593 2026] [php:error] [pid 82994] [client 20.197.58.121:0] script '/domains/tmandel/sf.php' not found or unable to stat
[Sun Feb 22 04:03:20.399310 2026] [php:error] [pid 83008] [client 65.52.160.249:0] script '/domains/thewalshgroup/wp-trackback.php' not found or unable to stat
[Sun Feb 22 04:03:20.561630 2026] [php:error] [pid 82994] [client 20.197.58.121:0] script '/domains/tmandel/rip.php' not found or unable to stat
[Sun Feb 22 04:03:20.616112 2026] [php:error] [pid 83008] [client 65.52.160.249:0] script '/domains/thewalshgroup/app.php' not found or unable to stat
[Sun Feb 22 04:03:20.769550 2026] [php:error] [pid 82994] [client 20.197.58.121:0] script '/domains/tmandel/autoload_classmap.php' not found or unable to stat
[Sun Feb 22 04:03:20.973864 2026] [php:error] [pid 82994] [client 20.197.58.121:0] script '/domains/tmandel/chosen.php' not found or unable to stat
[Sun Feb 22 04:03:21.049753 2026] [php:error] [pid 83008] [client 65.52.160.249:0] script '/domains/thewalshgroup/simple.php' not found or unable to stat
[Sun Feb 22 04:03:21.178642 2026] [php:error] [pid 82994] [client 20.197.58.121:0] script '/domains/tmandel/classwithtostring.php' not found or unable to stat
[Sun Feb 22 04:03:21.382926 2026] [php:error] [pid 82994] [client 20.197.58.121:0] script '/domains/tmandel/defaults.php' not found or unable to stat
[Sun Feb 22 04:03:21.482062 2026] [php:error] [pid 83008] [client 65.52.160.249:0] script '/domains/thewalshgroup/bless.php' not found or unable to stat
[Sun Feb 22 04:03:21.915051 2026] [php:error] [pid 83008] [client 65.52.160.249:0] script '/domains/thewalshgroup/ava.php' not found or unable to stat
[Sun Feb 22 04:03:22.418891 2026] [php:error] [pid 82994] [client 20.197.58.121:0] script '/domains/tmandel/info.php' not found or unable to stat
[Sun Feb 22 04:03:23.876453 2026] [php:error] [pid 82994] [client 20.197.58.121:0] script '/domains/tmandel/adminfuns.php' not found or unable to stat
[Sun Feb 22 04:03:24.131377 2026] [php:error] [pid 83008] [client 65.52.160.249:0] script '/domains/thewalshgroup/ioxi-o.php' not found or unable to stat
[Sun Feb 22 04:03:24.407938 2026] [php:error] [pid 83008] [client 65.52.160.249:0] script '/domains/thewalshgroup/1index.php' not found or unable to stat
[Sun Feb 22 04:03:25.186176 2026] [php:error] [pid 83008] [client 65.52.160.249:0] script '/domains/thewalshgroup/file2.php' not found or unable to stat
[Sun Feb 22 04:03:25.403799 2026] [php:error] [pid 83008] [client 65.52.160.249:0] script '/domains/thewalshgroup/default.php' not found or unable to stat
[Sun Feb 22 04:03:25.836943 2026] [php:error] [pid 83008] [client 65.52.160.249:0] script '/domains/thewalshgroup/xml.php' not found or unable to stat
[Sun Feb 22 04:03:26.059703 2026] [php:error] [pid 83008] [client 65.52.160.249:0] script '/domains/thewalshgroup/sx.php' not found or unable to stat
[Sun Feb 22 04:03:26.734216 2026] [php:error] [pid 83008] [client 65.52.160.249:0] script '/domains/thewalshgroup/wp-cron.php' not found or unable to stat
[Sun Feb 22 04:03:28.098235 2026] [php:error] [pid 83008] [client 65.52.160.249:0] script '/domains/thewalshgroup/backup.php' not found or unable to stat
[Sun Feb 22 04:03:28.315992 2026] [php:error] [pid 83008] [client 65.52.160.249:0] script '/domains/thewalshgroup/images/class-config.php' not found or unable to stat
[Sun Feb 22 04:03:28.463864 2026] [php:error] [pid 83009] [client 45.148.10.159:0] script '/domains/wsmith.enteract/wp-config.php.bak' not found or unable to stat
[Sun Feb 22 04:03:28.624531 2026] [php:error] [pid 83008] [client 65.52.160.249:0] script '/domains/thewalshgroup/wp-admin.php' not found or unable to stat
[Sun Feb 22 04:03:28.880425 2026] [php:error] [pid 83008] [client 65.52.160.249:0] script '/domains/thewalshgroup/akc.php' not found or unable to stat
[Sun Feb 22 04:03:29.056033 2026] [php:error] [pid 83009] [client 45.148.10.159:0] script '/domains/wsmith.enteract/info.php' not found or unable to stat
[Sun Feb 22 04:03:29.561696 2026] [php:error] [pid 83008] [client 65.52.160.249:0] script '/domains/thewalshgroup/test1.php' not found or unable to stat
[Sun Feb 22 04:03:29.787383 2026] [php:error] [pid 83008] [client 65.52.160.249:0] script '/domains/thewalshgroup/bolt.php' not found or unable to stat
[Sun Feb 22 04:03:30.004337 2026] [php:error] [pid 83008] [client 65.52.160.249:0] script '/domains/thewalshgroup/help.php' not found or unable to stat
[Sun Feb 22 04:03:30.225989 2026] [php:error] [pid 83008] [client 65.52.160.249:0] script '/domains/thewalshgroup/atomlib.php' not found or unable to stat
[Sun Feb 22 04:03:30.622851 2026] [php:error] [pid 83008] [client 65.52.160.249:0] script '/domains/thewalshgroup/wp-good.php' not found or unable to stat
[Sun Feb 22 04:03:31.063833 2026] [php:error] [pid 83008] [client 65.52.160.249:0] script '/domains/thewalshgroup/gecko.php' not found or unable to stat
[Sun Feb 22 04:03:31.513080 2026] [php:error] [pid 83008] [client 65.52.160.249:0] script '/domains/thewalshgroup/news.php' not found or unable to stat
[Sun Feb 22 04:03:31.733716 2026] [php:error] [pid 83008] [client 65.52.160.249:0] script '/domains/thewalshgroup/xmlrpc.php' not found or unable to stat
[Sun Feb 22 04:03:32.016392 2026] [php:error] [pid 83008] [client 65.52.160.249:0] script '/domains/thewalshgroup/new.php' not found or unable to stat
[Sun Feb 22 04:03:32.496545 2026] [php:error] [pid 83011] [client 52.141.18.191:0] script '/domains/system_default/wp-trackback.php' not found or unable to stat
[Sun Feb 22 04:03:32.705092 2026] [php:error] [pid 83011] [client 52.141.18.191:0] script '/domains/system_default/about.php' not found or unable to stat
[Sun Feb 22 04:03:32.886519 2026] [php:error] [pid 83011] [client 52.141.18.191:0] script '/domains/system_default/file.php' not found or unable to stat
[Sun Feb 22 04:03:33.066385 2026] [php:error] [pid 83011] [client 52.141.18.191:0] script '/domains/system_default/wp-good.php' not found or unable to stat
[Sun Feb 22 04:03:33.165912 2026] [php:error] [pid 83008] [client 65.52.160.249:0] script '/domains/thewalshgroup/server.php' not found or unable to stat
[Sun Feb 22 04:03:33.247188 2026] [php:error] [pid 83011] [client 52.141.18.191:0] script '/domains/system_default/xmlrpc.php' not found or unable to stat
[Sun Feb 22 04:03:33.402792 2026] [php:error] [pid 83008] [client 65.52.160.249:0] script '/domains/thewalshgroup/wp-signin.php' not found or unable to stat
[Sun Feb 22 04:03:33.446839 2026] [php:error] [pid 83011] [client 52.141.18.191:0] script '/domains/system_default/goods.php' not found or unable to stat
[Sun Feb 22 04:03:33.627298 2026] [php:error] [pid 83011] [client 52.141.18.191:0] script '/domains/system_default/ioxi-o.php' not found or unable to stat
[Sun Feb 22 04:03:33.809442 2026] [php:error] [pid 83011] [client 52.141.18.191:0] script '/domains/system_default/class-t.api.php' not found or unable to stat
[Sun Feb 22 04:03:33.991508 2026] [php:error] [pid 83011] [client 52.141.18.191:0] script '/domains/system_default/admin.php' not found or unable to stat
[Sun Feb 22 04:03:34.172026 2026] [php:error] [pid 83011] [client 52.141.18.191:0] script '/domains/system_default/sf.php' not found or unable to stat
[Sun Feb 22 04:03:34.352542 2026] [php:error] [pid 83011] [client 52.141.18.191:0] script '/domains/system_default/rip.php' not found or unable to stat
[Sun Feb 22 04:03:34.381904 2026] [php:error] [pid 83008] [client 65.52.160.249:0] script '/domains/thewalshgroup/class.php' not found or unable to stat
[Sun Feb 22 04:03:34.533043 2026] [php:error] [pid 83011] [client 52.141.18.191:0] script '/domains/system_default/autoload_classmap.php' not found or unable to stat
[Sun Feb 22 04:03:34.612336 2026] [php:error] [pid 83008] [client 65.52.160.249:0] script '/domains/thewalshgroup/wp.php' not found or unable to stat
[Sun Feb 22 04:03:34.713220 2026] [php:error] [pid 83011] [client 52.141.18.191:0] script '/domains/system_default/chosen.php' not found or unable to stat
[Sun Feb 22 04:03:34.893581 2026] [php:error] [pid 83011] [client 52.141.18.191:0] script '/domains/system_default/classwithtostring.php' not found or unable to stat
[Sun Feb 22 04:03:35.073922 2026] [php:error] [pid 83011] [client 52.141.18.191:0] script '/domains/system_default/defaults.php' not found or unable to stat
[Sun Feb 22 04:03:36.003910 2026] [php:error] [pid 83011] [client 52.141.18.191:0] script '/domains/system_default/info.php' not found or unable to stat
[Sun Feb 22 04:03:36.681511 2026] [php:error] [pid 82994] [client 4.196.161.14:0] script '/domains/cccweb/wp-trackback.php' not found or unable to stat
[Sun Feb 22 04:03:36.878591 2026] [php:error] [pid 82994] [client 4.196.161.14:0] script '/domains/cccweb/about.php' not found or unable to stat
[Sun Feb 22 04:03:36.895642 2026] [php:error] [pid 83000] [client 65.52.160.249:0] script '/domains/thewalshgroup/special.php' not found or unable to stat
[Sun Feb 22 04:03:37.075535 2026] [php:error] [pid 82994] [client 4.196.161.14:0] script '/domains/cccweb/file.php' not found or unable to stat
[Sun Feb 22 04:03:37.274277 2026] [php:error] [pid 82994] [client 4.196.161.14:0] script '/domains/cccweb/wp-good.php' not found or unable to stat
[Sun Feb 22 04:03:37.339763 2026] [php:error] [pid 83011] [client 52.141.18.191:0] script '/domains/system_default/adminfuns.php' not found or unable to stat
[Sun Feb 22 04:03:37.471021 2026] [php:error] [pid 82994] [client 4.196.161.14:0] script '/domains/cccweb/xmlrpc.php' not found or unable to stat
[Sun Feb 22 04:03:37.668096 2026] [php:error] [pid 82994] [client 4.196.161.14:0] script '/domains/cccweb/goods.php' not found or unable to stat
[Sun Feb 22 04:03:37.869917 2026] [php:error] [pid 82994] [client 4.196.161.14:0] script '/domains/cccweb/ioxi-o.php' not found or unable to stat
[Sun Feb 22 04:03:38.099528 2026] [php:error] [pid 82994] [client 4.196.161.14:0] script '/domains/cccweb/class-t.api.php' not found or unable to stat
[Sun Feb 22 04:03:38.296749 2026] [php:error] [pid 82994] [client 4.196.161.14:0] script '/domains/cccweb/admin.php' not found or unable to stat
[Sun Feb 22 04:03:38.418172 2026] [php:error] [pid 83014] [client 45.148.10.159:0] script '/domains/wsmith.enteract/server_info.php' not found or unable to stat
[Sun Feb 22 04:03:38.493648 2026] [php:error] [pid 82994] [client 4.196.161.14:0] script '/domains/cccweb/sf.php' not found or unable to stat
[Sun Feb 22 04:03:38.701161 2026] [php:error] [pid 82994] [client 4.196.161.14:0] script '/domains/cccweb/rip.php' not found or unable to stat
[Sun Feb 22 04:03:38.978463 2026] [php:error] [pid 82994] [client 4.196.161.14:0] script '/domains/cccweb/autoload_classmap.php' not found or unable to stat
[Sun Feb 22 04:03:39.194742 2026] [php:error] [pid 82994] [client 4.196.161.14:0] script '/domains/cccweb/chosen.php' not found or unable to stat
[Sun Feb 22 04:03:39.392071 2026] [php:error] [pid 82994] [client 4.196.161.14:0] script '/domains/cccweb/classwithtostring.php' not found or unable to stat
[Sun Feb 22 04:03:39.483352 2026] [php:error] [pid 83014] [client 45.148.10.159:0] script '/domains/wsmith.enteract/app_dev.php' not found or unable to stat
[Sun Feb 22 04:03:39.588878 2026] [php:error] [pid 82994] [client 4.196.161.14:0] script '/domains/cccweb/defaults.php' not found or unable to stat
[Sun Feb 22 04:03:39.666922 2026] [php:error] [pid 83014] [client 45.148.10.159:0] script '/domains/wsmith.enteract/test.php' not found or unable to stat
[Sun Feb 22 04:03:40.361074 2026] [access_compat:error] [pid 83014] [client 45.148.10.159:0] AH01797: client denied by server configuration: /domains/wsmith.enteract/server-info
[Sun Feb 22 04:03:40.574795 2026] [php:error] [pid 82994] [client 4.196.161.14:0] script '/domains/cccweb/info.php' not found or unable to stat
[Sun Feb 22 04:03:41.978941 2026] [php:error] [pid 82994] [client 4.196.161.14:0] script '/domains/cccweb/adminfuns.php' not found or unable to stat
[Sun Feb 22 04:03:42.755327 2026] [php:error] [pid 83021] [client 45.148.10.159:0] script '/domains/wsmith.enteract/server-info.php' not found or unable to stat
[Sun Feb 22 04:03:56.919882 2026] [php:error] [pid 83023] [client 20.5.72.178:0] script '/domains/system_default/x.php' not found or unable to stat
[Sun Feb 22 04:03:57.122770 2026] [php:error] [pid 83023] [client 20.5.72.178:0] script '/domains/system_default/chosen.php' not found or unable to stat
[Sun Feb 22 04:03:57.324794 2026] [php:error] [pid 83023] [client 20.5.72.178:0] script '/domains/system_default/radio.php' not found or unable to stat
[Sun Feb 22 04:03:57.737219 2026] [php:error] [pid 83023] [client 20.5.72.178:0] script '/domains/system_default/okxh.php' not found or unable to stat
[Sun Feb 22 04:03:57.943238 2026] [php:error] [pid 83023] [client 20.5.72.178:0] script '/domains/system_default/shell20211028.php' not found or unable to stat
[Sun Feb 22 04:03:58.145661 2026] [php:error] [pid 83023] [client 20.5.72.178:0] script '/domains/system_default/zqhfn.php' not found or unable to stat
[Sun Feb 22 04:03:58.596663 2026] [php:error] [pid 83023] [client 20.5.72.178:0] script '/domains/system_default/k.php' not found or unable to stat
[Sun Feb 22 04:03:59.020482 2026] [php:error] [pid 83023] [client 20.5.72.178:0] script '/domains/system_default/403.php' not found or unable to stat
[Sun Feb 22 04:03:59.223227 2026] [php:error] [pid 83023] [client 20.5.72.178:0] script '/domains/system_default/fimai.php' not found or unable to stat
[Sun Feb 22 04:03:59.425911 2026] [php:error] [pid 83023] [client 20.5.72.178:0] script '/domains/system_default/maul.php' not found or unable to stat
[Sun Feb 22 04:03:59.634539 2026] [php:error] [pid 83023] [client 20.5.72.178:0] script '/domains/system_default/elp.php' not found or unable to stat
[Sun Feb 22 04:03:59.842568 2026] [php:error] [pid 83023] [client 20.5.72.178:0] script '/domains/system_default/tt.php' not found or unable to stat
[Sun Feb 22 04:04:00.463020 2026] [php:error] [pid 83023] [client 20.5.72.178:0] script '/domains/system_default/an.php' not found or unable to stat
[Sun Feb 22 04:04:00.669273 2026] [php:error] [pid 83023] [client 20.5.72.178:0] script '/domains/system_default/orouu.php' not found or unable to stat
[Sun Feb 22 04:04:00.871074 2026] [php:error] [pid 83023] [client 20.5.72.178:0] script '/domains/system_default/config.php' not found or unable to stat
[Sun Feb 22 04:04:01.081161 2026] [php:error] [pid 83023] [client 20.5.72.178:0] script '/domains/system_default/z.php' not found or unable to stat
[Sun Feb 22 04:04:01.288722 2026] [php:error] [pid 83023] [client 20.5.72.178:0] script '/domains/system_default/55b76.php' not found or unable to stat
[Sun Feb 22 04:04:01.692052 2026] [php:error] [pid 83023] [client 20.5.72.178:0] script '/domains/system_default/kalso.php' not found or unable to stat
[Sun Feb 22 04:04:02.033213 2026] [php:error] [pid 83023] [client 20.5.72.178:0] script '/domains/system_default/web.php' not found or unable to stat
[Sun Feb 22 04:04:02.235087 2026] [php:error] [pid 83023] [client 20.5.72.178:0] script '/domains/system_default/5b9ac.php' not found or unable to stat
[Sun Feb 22 04:04:02.537694 2026] [php:error] [pid 83023] [client 20.5.72.178:0] script '/domains/system_default/system.php' not found or unable to stat
[Sun Feb 22 04:04:02.941669 2026] [php:error] [pid 83023] [client 20.5.72.178:0] script '/domains/system_default/byp.php' not found or unable to stat
[Sun Feb 22 04:04:04.252078 2026] [php:error] [pid 83027] [client 20.5.72.178:0] script '/domains/system_default/domains.php' not found or unable to stat
[Sun Feb 22 04:04:04.454011 2026] [php:error] [pid 83027] [client 20.5.72.178:0] script '/domains/system_default/clss.php' not found or unable to stat
[Sun Feb 22 04:04:04.655439 2026] [php:error] [pid 83027] [client 20.5.72.178:0] script '/domains/system_default/autoload_classmap.php' not found or unable to stat
[Sun Feb 22 04:04:04.856947 2026] [php:error] [pid 83027] [client 20.5.72.178:0] script '/domains/system_default/byp.php' not found or unable to stat
[Sun Feb 22 04:04:05.369758 2026] [php:error] [pid 83027] [client 20.5.72.178:0] script '/domains/system_default/zc-104.php' not found or unable to stat
[Sun Feb 22 04:04:05.774059 2026] [php:error] [pid 83027] [client 20.5.72.178:0] script '/domains/system_default/6kDPjgFTmvS.php' not found or unable to stat
[Sun Feb 22 04:04:05.976290 2026] [php:error] [pid 83027] [client 20.5.72.178:0] script '/domains/system_default/vanda.php' not found or unable to stat
[Sun Feb 22 04:04:06.379836 2026] [php:error] [pid 83027] [client 20.5.72.178:0] script '/domains/system_default/install.php' not found or unable to stat
[Sun Feb 22 04:04:07.416198 2026] [php:error] [pid 83027] [client 20.5.72.178:0] script '/domains/system_default/gdn.php' not found or unable to stat
[Sun Feb 22 04:04:07.618052 2026] [php:error] [pid 83027] [client 20.5.72.178:0] script '/domains/system_default/cache.php' not found or unable to stat
[Sun Feb 22 04:04:08.023054 2026] [php:error] [pid 83027] [client 20.5.72.178:0] script '/domains/system_default/asd.php' not found or unable to stat
[Sun Feb 22 04:04:08.224907 2026] [php:error] [pid 83027] [client 20.5.72.178:0] script '/domains/system_default/favicon.php' not found or unable to stat
[Sun Feb 22 04:04:08.431376 2026] [php:error] [pid 83027] [client 20.5.72.178:0] script '/domains/system_default/file.php' not found or unable to stat
[Sun Feb 22 04:04:08.639543 2026] [php:error] [pid 83027] [client 20.5.72.178:0] script '/domains/system_default/rzki.php' not found or unable to stat
[Sun Feb 22 04:04:08.841540 2026] [php:error] [pid 83027] [client 20.5.72.178:0] script '/domains/system_default/buy.php' not found or unable to stat
[Sun Feb 22 04:04:09.047372 2026] [php:error] [pid 83027] [client 20.5.72.178:0] script '/domains/system_default/install.php' not found or unable to stat
[Sun Feb 22 04:04:09.249184 2026] [php:error] [pid 83027] [client 20.5.72.178:0] script '/domains/system_default/inputs.php' not found or unable to stat
[Sun Feb 22 04:04:09.858717 2026] [php:error] [pid 83027] [client 20.5.72.178:0] script '/domains/system_default/ws.php' not found or unable to stat
[Sun Feb 22 04:04:10.061001 2026] [php:error] [pid 83027] [client 20.5.72.178:0] script '/domains/system_default/44.php' not found or unable to stat
[Sun Feb 22 04:04:10.476568 2026] [php:error] [pid 83027] [client 20.5.72.178:0] script '/domains/system_default/404.php' not found or unable to stat
[Sun Feb 22 04:04:11.082259 2026] [php:error] [pid 83027] [client 20.5.72.178:0] script '/domains/system_default/wp-login.php' not found or unable to stat
[Sun Feb 22 04:04:11.880198 2026] [php:error] [pid 82994] [client 52.141.18.191:0] script '/domains/braniff/wp-trackback.php' not found or unable to stat
[Sun Feb 22 04:04:11.901574 2026] [php:error] [pid 83027] [client 20.5.72.178:0] script '/domains/system_default/wp-config-sample.php' not found or unable to stat
[Sun Feb 22 04:04:12.061882 2026] [php:error] [pid 82994] [client 52.141.18.191:0] script '/domains/braniff/about.php' not found or unable to stat
[Sun Feb 22 04:04:12.102844 2026] [php:error] [pid 83027] [client 20.5.72.178:0] script '/domains/system_default/rip.php' not found or unable to stat
[Sun Feb 22 04:04:12.257302 2026] [php:error] [pid 82994] [client 52.141.18.191:0] script '/domains/braniff/file.php' not found or unable to stat
[Sun Feb 22 04:04:12.449831 2026] [php:error] [pid 82994] [client 52.141.18.191:0] script '/domains/braniff/wp-good.php' not found or unable to stat
[Sun Feb 22 04:04:12.630418 2026] [php:error] [pid 82994] [client 52.141.18.191:0] script '/domains/braniff/xmlrpc.php' not found or unable to stat
[Sun Feb 22 04:04:12.815779 2026] [php:error] [pid 82994] [client 52.141.18.191:0] script '/domains/braniff/goods.php' not found or unable to stat
[Sun Feb 22 04:04:12.996427 2026] [php:error] [pid 82994] [client 52.141.18.191:0] script '/domains/braniff/ioxi-o.php' not found or unable to stat
[Sun Feb 22 04:04:13.127257 2026] [php:error] [pid 83027] [client 20.5.72.178:0] script '/domains/system_default/404.php' not found or unable to stat
[Sun Feb 22 04:04:13.193492 2026] [php:error] [pid 82994] [client 52.141.18.191:0] script '/domains/braniff/class-t.api.php' not found or unable to stat
[Sun Feb 22 04:04:13.335883 2026] [php:error] [pid 83027] [client 20.5.72.178:0] script '/domains/system_default/wp-blog.php' not found or unable to stat
[Sun Feb 22 04:04:13.374385 2026] [php:error] [pid 82994] [client 52.141.18.191:0] script '/domains/braniff/admin.php' not found or unable to stat
[Sun Feb 22 04:04:13.537217 2026] [php:error] [pid 83027] [client 20.5.72.178:0] script '/domains/system_default/info.php' not found or unable to stat
[Sun Feb 22 04:04:13.554915 2026] [php:error] [pid 82994] [client 52.141.18.191:0] script '/domains/braniff/sf.php' not found or unable to stat
[Sun Feb 22 04:04:13.736676 2026] [php:error] [pid 82994] [client 52.141.18.191:0] script '/domains/braniff/rip.php' not found or unable to stat
[Sun Feb 22 04:04:13.918881 2026] [php:error] [pid 82994] [client 52.141.18.191:0] script '/domains/braniff/autoload_classmap.php' not found or unable to stat
[Sun Feb 22 04:04:13.939948 2026] [php:error] [pid 83027] [client 20.5.72.178:0] script '/domains/system_default/rip.php' not found or unable to stat
[Sun Feb 22 04:04:14.129509 2026] [php:error] [pid 82994] [client 52.141.18.191:0] script '/domains/braniff/chosen.php' not found or unable to stat
[Sun Feb 22 04:04:14.142116 2026] [php:error] [pid 83027] [client 20.5.72.178:0] script '/domains/system_default/h.php' not found or unable to stat
[Sun Feb 22 04:04:14.317746 2026] [php:error] [pid 82994] [client 52.141.18.191:0] script '/domains/braniff/classwithtostring.php' not found or unable to stat
[Sun Feb 22 04:04:14.346936 2026] [php:error] [pid 83027] [client 20.5.72.178:0] script '/domains/system_default/56c53.php' not found or unable to stat
[Sun Feb 22 04:04:14.498163 2026] [php:error] [pid 82994] [client 52.141.18.191:0] script '/domains/braniff/defaults.php' not found or unable to stat
[Sun Feb 22 04:04:14.752080 2026] [php:error] [pid 83027] [client 20.5.72.178:0] script '/domains/system_default/i.php' not found or unable to stat
[Sun Feb 22 04:04:14.953923 2026] [php:error] [pid 83027] [client 20.5.72.178:0] script '/domains/system_default/xsas.php' not found or unable to stat
[Sun Feb 22 04:04:15.156913 2026] [php:error] [pid 83027] [client 20.5.72.178:0] script '/domains/system_default/varb.php' not found or unable to stat
[Sun Feb 22 04:04:15.441521 2026] [php:error] [pid 82994] [client 52.141.18.191:0] script '/domains/braniff/info.php' not found or unable to stat
[Sun Feb 22 04:04:15.564541 2026] [php:error] [pid 83027] [client 20.5.72.178:0] script '/domains/system_default/xxzdc.php' not found or unable to stat
[Sun Feb 22 04:04:15.767243 2026] [php:error] [pid 83027] [client 20.5.72.178:0] script '/domains/system_default/gdn.php' not found or unable to stat
[Sun Feb 22 04:04:15.971301 2026] [php:error] [pid 83027] [client 20.5.72.178:0] script '/domains/system_default/elp.php' not found or unable to stat
[Sun Feb 22 04:04:16.174310 2026] [php:error] [pid 83027] [client 20.5.72.178:0] script '/domains/system_default/144.php' not found or unable to stat
[Sun Feb 22 04:04:16.578787 2026] [php:error] [pid 83027] [client 20.5.72.178:0] script '/domains/system_default/wp-conf.php' not found or unable to stat
[Sun Feb 22 04:04:16.785634 2026] [php:error] [pid 82994] [client 52.141.18.191:0] script '/domains/braniff/adminfuns.php' not found or unable to stat
[Sun Feb 22 04:04:16.982156 2026] [php:error] [pid 83027] [client 20.5.72.178:0] script '/domains/system_default/lm15.php' not found or unable to stat
[Sun Feb 22 04:04:17.183411 2026] [php:error] [pid 83027] [client 20.5.72.178:0] script '/domains/system_default/inputs.php' not found or unable to stat
[Sun Feb 22 04:04:17.800416 2026] [php:error] [pid 83027] [client 20.5.72.178:0] script '/domains/system_default/d12.php' not found or unable to stat
[Sun Feb 22 04:04:18.018085 2026] [php:error] [pid 83027] [client 20.5.72.178:0] script '/domains/system_default/test.php' not found or unable to stat
[Sun Feb 22 04:04:18.226173 2026] [php:error] [pid 83027] [client 20.5.72.178:0] script '/domains/system_default/hehe.php' not found or unable to stat
[Sun Feb 22 04:04:18.371767 2026] [php:error] [pid 83011] [client 159.223.71.222:0] script '/domains/quintet/xmlrpc.php' not found or unable to stat
[Sun Feb 22 04:04:18.631502 2026] [php:error] [pid 83027] [client 20.5.72.178:0] script '/domains/system_default/themes.php' not found or unable to stat
[Sun Feb 22 04:04:18.849798 2026] [php:error] [pid 83027] [client 20.5.72.178:0] script '/domains/system_default/bo.php' not found or unable to stat
[Sun Feb 22 04:04:19.051623 2026] [php:error] [pid 83027] [client 20.5.72.178:0] script '/domains/system_default/a5e0a.php' not found or unable to stat
[Sun Feb 22 04:04:19.253539 2026] [php:error] [pid 83027] [client 20.5.72.178:0] script '/domains/system_default/z.php' not found or unable to stat
[Sun Feb 22 04:04:41.675829 2026] [php:error] [pid 83030] [client 20.24.210.86:0] script '/domains/memanuel/myfile.php' not found or unable to stat
[Sun Feb 22 04:04:41.960334 2026] [php:error] [pid 83030] [client 20.24.210.86:0] script '/domains/memanuel/work.php' not found or unable to stat
[Sun Feb 22 04:04:42.180733 2026] [php:error] [pid 83030] [client 20.24.210.86:0] script '/domains/memanuel/C.php' not found or unable to stat
[Sun Feb 22 04:04:42.406803 2026] [php:error] [pid 83030] [client 20.24.210.86:0] script '/domains/memanuel/ze.php' not found or unable to stat
[Sun Feb 22 04:04:42.623611 2026] [php:error] [pid 83030] [client 20.24.210.86:0] script '/domains/memanuel/new4.php' not found or unable to stat
[Sun Feb 22 04:04:42.856605 2026] [php:error] [pid 83030] [client 20.24.210.86:0] script '/domains/memanuel/sc.php' not found or unable to stat
[Sun Feb 22 04:04:43.091411 2026] [php:error] [pid 83030] [client 20.24.210.86:0] script '/domains/memanuel/pouhg.php' not found or unable to stat
[Sun Feb 22 04:04:43.750147 2026] [php:error] [pid 83030] [client 20.24.210.86:0] script '/domains/memanuel/vgtyu.php' not found or unable to stat
[Sun Feb 22 04:04:43.979610 2026] [php:error] [pid 83030] [client 20.24.210.86:0] script '/domains/memanuel/aq.php' not found or unable to stat
[Sun Feb 22 04:04:44.196880 2026] [php:error] [pid 83030] [client 20.24.210.86:0] script '/domains/memanuel/opts.php' not found or unable to stat
[Sun Feb 22 04:04:44.413609 2026] [php:error] [pid 83030] [client 20.24.210.86:0] script '/domains/memanuel/x123.php' not found or unable to stat
[Sun Feb 22 04:04:44.635735 2026] [php:error] [pid 83030] [client 20.24.210.86:0] script '/domains/memanuel/wp-act.php' not found or unable to stat
[Sun Feb 22 04:04:44.871905 2026] [php:error] [pid 83030] [client 20.24.210.86:0] script '/domains/memanuel/moshou.php' not found or unable to stat
[Sun Feb 22 04:04:45.088174 2026] [php:error] [pid 83030] [client 20.24.210.86:0] script '/domains/memanuel/seetox.php' not found or unable to stat
[Sun Feb 22 04:04:45.304643 2026] [php:error] [pid 83030] [client 20.24.210.86:0] script '/domains/memanuel/dom.php' not found or unable to stat
[Sun Feb 22 04:04:45.521377 2026] [php:error] [pid 83030] [client 20.24.210.86:0] script '/domains/memanuel/ws60.php' not found or unable to stat
[Sun Feb 22 04:04:45.737930 2026] [php:error] [pid 83030] [client 20.24.210.86:0] script '/domains/memanuel/samiri.php' not found or unable to stat
[Sun Feb 22 04:04:45.955263 2026] [php:error] [pid 83030] [client 20.24.210.86:0] script '/domains/memanuel/plugins.php' not found or unable to stat
[Sun Feb 22 04:04:46.173425 2026] [php:error] [pid 83030] [client 20.24.210.86:0] script '/domains/memanuel/xoot.php' not found or unable to stat
[Sun Feb 22 04:04:46.391245 2026] [php:error] [pid 83030] [client 20.24.210.86:0] script '/domains/memanuel/X57.php' not found or unable to stat
[Sun Feb 22 04:04:46.607645 2026] [php:error] [pid 83030] [client 20.24.210.86:0] script '/domains/memanuel/vx.php' not found or unable to stat
[Sun Feb 22 04:04:46.832580 2026] [php:error] [pid 83030] [client 20.24.210.86:0] script '/domains/memanuel/file59.php' not found or unable to stat
[Sun Feb 22 04:04:47.270893 2026] [php:error] [pid 83030] [client 20.24.210.86:0] script '/domains/memanuel/shas.php' not found or unable to stat
[Sun Feb 22 04:04:47.487516 2026] [php:error] [pid 83030] [client 20.24.210.86:0] script '/domains/memanuel/xa.php' not found or unable to stat
[Sun Feb 22 04:04:47.746566 2026] [php:error] [pid 83030] [client 20.24.210.86:0] script '/domains/memanuel/xda.php' not found or unable to stat
[Sun Feb 22 04:04:48.023469 2026] [php:error] [pid 83030] [client 20.24.210.86:0] script '/domains/memanuel/er.php' not found or unable to stat
[Sun Feb 22 04:04:48.268597 2026] [php:error] [pid 83030] [client 20.24.210.86:0] script '/domains/memanuel/fault.php' not found or unable to stat
[Sun Feb 22 04:04:48.526060 2026] [php:error] [pid 83030] [client 20.24.210.86:0] script '/domains/memanuel/motu.php' not found or unable to stat
[Sun Feb 22 04:04:48.981013 2026] [php:error] [pid 83030] [client 20.24.210.86:0] script '/domains/memanuel/66.php' not found or unable to stat
[Sun Feb 22 04:04:49.197207 2026] [php:error] [pid 83030] [client 20.24.210.86:0] script '/domains/memanuel/leuk.php' not found or unable to stat
[Sun Feb 22 04:04:49.473001 2026] [php:error] [pid 83030] [client 20.24.210.86:0] script '/domains/memanuel/xqq.php' not found or unable to stat
[Sun Feb 22 04:04:49.689971 2026] [php:error] [pid 83030] [client 20.24.210.86:0] script '/domains/memanuel/kolda.php' not found or unable to stat
[Sun Feb 22 04:04:49.906508 2026] [php:error] [pid 83030] [client 20.24.210.86:0] script '/domains/memanuel/nw.php' not found or unable to stat
[Sun Feb 22 04:04:50.162244 2026] [php:error] [pid 83030] [client 20.24.210.86:0] script '/domains/memanuel/god.php' not found or unable to stat
[Sun Feb 22 04:04:50.395547 2026] [php:error] [pid 83030] [client 20.24.210.86:0] script '/domains/memanuel/666.php' not found or unable to stat
[Sun Feb 22 04:04:50.612974 2026] [php:error] [pid 83030] [client 20.24.210.86:0] script '/domains/memanuel/kj.php' not found or unable to stat
[Sun Feb 22 04:04:50.829872 2026] [php:error] [pid 83030] [client 20.24.210.86:0] script '/domains/memanuel/un.php' not found or unable to stat
[Sun Feb 22 04:04:51.046788 2026] [php:error] [pid 83030] [client 20.24.210.86:0] script '/domains/memanuel/fs.php' not found or unable to stat
[Sun Feb 22 04:04:51.268058 2026] [php:error] [pid 83030] [client 20.24.210.86:0] script '/domains/memanuel/ms.php' not found or unable to stat
[Sun Feb 22 04:04:51.526828 2026] [php:error] [pid 83030] [client 20.24.210.86:0] script '/domains/memanuel/login8.php' not found or unable to stat
[Sun Feb 22 04:04:51.748246 2026] [php:error] [pid 83030] [client 20.24.210.86:0] script '/domains/memanuel/nnyvn.php' not found or unable to stat
[Sun Feb 22 04:04:51.969790 2026] [php:error] [pid 83030] [client 20.24.210.86:0] script '/domains/memanuel/cu.php' not found or unable to stat
[Sun Feb 22 04:04:52.186445 2026] [php:error] [pid 83030] [client 20.24.210.86:0] script '/domains/memanuel/lul.php' not found or unable to stat
[Sun Feb 22 04:04:52.423374 2026] [php:error] [pid 83030] [client 20.24.210.86:0] script '/domains/memanuel/0.php' not found or unable to stat
[Sun Feb 22 04:04:52.640453 2026] [php:error] [pid 83030] [client 20.24.210.86:0] script '/domains/memanuel/ms-edit.php' not found or unable to stat
[Sun Feb 22 04:04:52.980032 2026] [php:error] [pid 83030] [client 20.24.210.86:0] script '/domains/memanuel/ya.php' not found or unable to stat
[Sun Feb 22 04:04:53.384426 2026] [php:error] [pid 83030] [client 20.24.210.86:0] script '/domains/memanuel/grsiuk.php' not found or unable to stat
[Sun Feb 22 04:04:53.602798 2026] [php:error] [pid 83030] [client 20.24.210.86:0] script '/domains/memanuel/wp-blog.php' not found or unable to stat
[Sun Feb 22 04:04:53.828450 2026] [php:error] [pid 83030] [client 20.24.210.86:0] script '/domains/memanuel/wp-access.php' not found or unable to stat
[Sun Feb 22 04:04:54.044942 2026] [php:error] [pid 83030] [client 20.24.210.86:0] script '/domains/memanuel/a1vx.php' not found or unable to stat
[Sun Feb 22 04:04:54.264953 2026] [php:error] [pid 83030] [client 20.24.210.86:0] script '/domains/memanuel/sbhu.php' not found or unable to stat
[Sun Feb 22 04:04:54.511582 2026] [php:error] [pid 83030] [client 20.24.210.86:0] script '/domains/memanuel/wp-the.php' not found or unable to stat
[Sun Feb 22 04:04:54.752026 2026] [php:error] [pid 83030] [client 20.24.210.86:0] script '/domains/memanuel/06.php' not found or unable to stat
[Sun Feb 22 04:04:55.059947 2026] [php:error] [pid 83030] [client 20.24.210.86:0] script '/domains/memanuel/wp5.php' not found or unable to stat
[Sun Feb 22 04:04:55.287054 2026] [php:error] [pid 83030] [client 20.24.210.86:0] script '/domains/memanuel/fot.php' not found or unable to stat
[Sun Feb 22 04:04:55.503598 2026] [php:error] [pid 83030] [client 20.24.210.86:0] script '/domains/memanuel/ff1.php' not found or unable to stat
[Sun Feb 22 04:04:55.722252 2026] [php:error] [pid 83030] [client 20.24.210.86:0] script '/domains/memanuel/forbidals.php' not found or unable to stat
[Sun Feb 22 04:04:55.939239 2026] [php:error] [pid 83030] [client 20.24.210.86:0] script '/domains/memanuel/erty.php' not found or unable to stat
[Sun Feb 22 04:04:56.155649 2026] [php:error] [pid 83030] [client 20.24.210.86:0] script '/domains/memanuel/dev1s.php' not found or unable to stat
[Sun Feb 22 04:04:56.382360 2026] [php:error] [pid 83030] [client 20.24.210.86:0] script '/domains/memanuel/ffd.php' not found or unable to stat
[Sun Feb 22 04:04:56.599096 2026] [php:error] [pid 83030] [client 20.24.210.86:0] script '/domains/memanuel/admiin.php' not found or unable to stat
[Sun Feb 22 04:04:56.818361 2026] [php:error] [pid 83030] [client 20.24.210.86:0] script '/domains/memanuel/ol.php' not found or unable to stat
[Sun Feb 22 04:04:57.094652 2026] [php:error] [pid 83030] [client 20.24.210.86:0] script '/domains/memanuel/Sanskrit.php' not found or unable to stat
[Sun Feb 22 04:04:57.311282 2026] [php:error] [pid 83030] [client 20.24.210.86:0] script '/domains/memanuel/vxrl.php' not found or unable to stat
[Sun Feb 22 04:04:57.661086 2026] [php:error] [pid 83030] [client 20.24.210.86:0] script '/domains/memanuel/re.php' not found or unable to stat
[Sun Feb 22 04:04:57.949141 2026] [php:error] [pid 83030] [client 20.24.210.86:0] script '/domains/memanuel/num.php' not found or unable to stat
[Sun Feb 22 04:04:58.222734 2026] [php:error] [pid 83030] [client 20.24.210.86:0] script '/domains/memanuel/axx.php' not found or unable to stat
[Sun Feb 22 04:04:58.439799 2026] [php:error] [pid 83030] [client 20.24.210.86:0] script '/domains/memanuel/vxrl.php' not found or unable to stat
[Sun Feb 22 04:04:58.656326 2026] [php:error] [pid 83030] [client 20.24.210.86:0] script '/domains/memanuel/in.php' not found or unable to stat
[Sun Feb 22 04:04:58.872667 2026] [php:error] [pid 83030] [client 20.24.210.86:0] script '/domains/memanuel/style.php' not found or unable to stat
[Sun Feb 22 04:04:59.102289 2026] [php:error] [pid 83030] [client 20.24.210.86:0] script '/domains/memanuel/we.php' not found or unable to stat
[Sun Feb 22 04:04:59.319265 2026] [php:error] [pid 83030] [client 20.24.210.86:0] script '/domains/memanuel/zwso.php' not found or unable to stat
[Sun Feb 22 04:04:59.537414 2026] [php:error] [pid 83030] [client 20.24.210.86:0] script '/domains/memanuel/karak.php' not found or unable to stat
[Sun Feb 22 04:04:59.819318 2026] [php:error] [pid 83030] [client 20.24.210.86:0] script '/domains/memanuel/prv8.php' not found or unable to stat
[Sun Feb 22 04:05:00.036804 2026] [php:error] [pid 83030] [client 20.24.210.86:0] script '/domains/memanuel/i.php' not found or unable to stat
[Sun Feb 22 04:05:00.336681 2026] [php:error] [pid 83030] [client 20.24.210.86:0] script '/domains/memanuel/a.php' not found or unable to stat
[Sun Feb 22 04:05:00.553089 2026] [php:error] [pid 83030] [client 20.24.210.86:0] script '/domains/memanuel/xmlrpc.php' not found or unable to stat
[Sun Feb 22 04:05:00.770716 2026] [php:error] [pid 83030] [client 20.24.210.86:0] script '/domains/memanuel/aw.php' not found or unable to stat
[Sun Feb 22 04:05:01.014108 2026] [php:error] [pid 83030] [client 20.24.210.86:0] script '/domains/memanuel/dev.php' not found or unable to stat
[Sun Feb 22 04:05:01.230957 2026] [php:error] [pid 83030] [client 20.24.210.86:0] script '/domains/memanuel/lock360.php' not found or unable to stat
[Sun Feb 22 04:05:01.449640 2026] [php:error] [pid 83030] [client 20.24.210.86:0] script '/domains/memanuel/155.php' not found or unable to stat
[Sun Feb 22 04:05:01.705588 2026] [php:error] [pid 83030] [client 20.24.210.86:0] script '/domains/memanuel/goat.php' not found or unable to stat
[Sun Feb 22 04:05:02.032825 2026] [php:error] [pid 83030] [client 20.24.210.86:0] script '/domains/memanuel/tcp.php' not found or unable to stat
[Sun Feb 22 04:05:02.267948 2026] [php:error] [pid 83030] [client 20.24.210.86:0] script '/domains/memanuel/ext.php' not found or unable to stat
[Sun Feb 22 04:05:02.484531 2026] [php:error] [pid 83030] [client 20.24.210.86:0] script '/domains/memanuel/inputs.php' not found or unable to stat
[Sun Feb 22 04:05:02.700983 2026] [php:error] [pid 83030] [client 20.24.210.86:0] script '/domains/memanuel/ioxi.php' not found or unable to stat
[Sun Feb 22 04:05:02.918679 2026] [php:error] [pid 83030] [client 20.24.210.86:0] script '/domains/memanuel/fe5.php' not found or unable to stat
[Sun Feb 22 04:05:03.135566 2026] [php:error] [pid 83030] [client 20.24.210.86:0] script '/domains/memanuel/ov.php' not found or unable to stat
[Sun Feb 22 04:05:03.583875 2026] [php:error] [pid 83030] [client 20.24.210.86:0] script '/domains/memanuel/default.php' not found or unable to stat
[Sun Feb 22 04:05:03.800658 2026] [php:error] [pid 83030] [client 20.24.210.86:0] script '/domains/memanuel/goods.php' not found or unable to stat
[Sun Feb 22 04:05:04.158844 2026] [php:error] [pid 83030] [client 20.24.210.86:0] script '/domains/memanuel/abcd.php' not found or unable to stat
[Sun Feb 22 04:05:04.375195 2026] [php:error] [pid 83030] [client 20.24.210.86:0] script '/domains/memanuel/class.1.php' not found or unable to stat
[Sun Feb 22 04:05:04.600841 2026] [php:error] [pid 83030] [client 20.24.210.86:0] script '/domains/memanuel/async.php' not found or unable to stat
[Sun Feb 22 04:05:04.833438 2026] [php:error] [pid 83030] [client 20.24.210.86:0] script '/domains/memanuel/ff.php' not found or unable to stat
[Sun Feb 22 04:05:05.063226 2026] [php:error] [pid 83030] [client 20.24.210.86:0] script '/domains/memanuel/ioxi-o.php' not found or unable to stat
[Sun Feb 22 04:05:05.316446 2026] [php:error] [pid 83030] [client 20.24.210.86:0] script '/domains/memanuel/manager.php' not found or unable to stat
[Sun Feb 22 04:05:05.552711 2026] [php:error] [pid 83030] [client 20.24.210.86:0] script '/domains/memanuel/wp-update.php' not found or unable to stat
[Sun Feb 22 04:05:05.769288 2026] [php:error] [pid 83030] [client 20.24.210.86:0] script '/domains/memanuel/file.php' not found or unable to stat
[Sun Feb 22 04:05:07.896717 2026] [php:error] [pid 83048] [client 20.24.210.86:0] script '/domains/memanuel/lc.php' not found or unable to stat
[Sun Feb 22 04:05:08.116207 2026] [php:error] [pid 83048] [client 20.24.210.86:0] script '/domains/memanuel/cbrfo.php' not found or unable to stat
[Sun Feb 22 04:05:08.463912 2026] [php:error] [pid 83048] [client 20.24.210.86:0] script '/domains/memanuel/inc.php' not found or unable to stat
[Sun Feb 22 04:05:08.860947 2026] [php:error] [pid 83048] [client 20.24.210.86:0] script '/domains/memanuel/gifclass.php' not found or unable to stat
[Sun Feb 22 04:05:09.081505 2026] [php:error] [pid 83048] [client 20.24.210.86:0] script '/domains/memanuel/miansha.php' not found or unable to stat
[Sun Feb 22 04:05:09.300774 2026] [php:error] [pid 83048] [client 20.24.210.86:0] script '/domains/memanuel/tinyfilemanager.php' not found or unable to stat
[Sun Feb 22 04:05:09.519757 2026] [php:error] [pid 83048] [client 20.24.210.86:0] script '/domains/memanuel/admin.php' not found or unable to stat
[Sun Feb 22 04:05:09.879653 2026] [php:error] [pid 83048] [client 20.24.210.86:0] script '/domains/memanuel/ok.php' not found or unable to stat
[Sun Feb 22 04:05:10.098432 2026] [php:error] [pid 83048] [client 20.24.210.86:0] script '/domains/memanuel/fi.php' not found or unable to stat
[Sun Feb 22 04:05:10.330524 2026] [php:error] [pid 83048] [client 20.24.210.86:0] script '/domains/memanuel/muzu.php' not found or unable to stat
[Sun Feb 22 04:05:10.549210 2026] [php:error] [pid 83048] [client 20.24.210.86:0] script '/domains/memanuel/reze.php' not found or unable to stat
[Sun Feb 22 04:05:10.768509 2026] [php:error] [pid 83048] [client 20.24.210.86:0] script '/domains/memanuel/styll.php' not found or unable to stat
