[Sun Feb 22 04:36:22.727541 2026] [php:error] [pid 83338] [client 172.213.17.83:0] script '/domains/system_suspended/0x.php' not found or unable to stat
[Sun Feb 22 04:36:22.821546 2026] [php:error] [pid 83338] [client 172.213.17.83:0] script '/domains/system_suspended/ws71.php' not found or unable to stat
[Sun Feb 22 04:36:22.911465 2026] [php:error] [pid 83338] [client 172.213.17.83:0] script '/domains/system_suspended/click.php' not found or unable to stat
[Sun Feb 22 04:36:23.001780 2026] [php:error] [pid 83338] [client 172.213.17.83:0] script '/domains/system_suspended/66.php' not found or unable to stat
[Sun Feb 22 04:36:23.103404 2026] [php:error] [pid 83338] [client 172.213.17.83:0] script '/domains/system_suspended/inputs.php' not found or unable to stat
[Sun Feb 22 04:36:23.196244 2026] [php:error] [pid 83338] [client 172.213.17.83:0] script '/domains/system_suspended/vx.php' not found or unable to stat
[Sun Feb 22 04:36:23.298475 2026] [php:error] [pid 83338] [client 172.213.17.83:0] script '/domains/system_suspended/ioxi.php' not found or unable to stat
[Sun Feb 22 04:36:23.388820 2026] [php:error] [pid 83338] [client 172.213.17.83:0] script '/domains/system_suspended/core.php' not found or unable to stat
[Sun Feb 22 04:36:23.479570 2026] [php:error] [pid 83338] [client 172.213.17.83:0] script '/domains/system_suspended/h02ugyh.php' not found or unable to stat
[Sun Feb 22 04:36:23.570644 2026] [php:error] [pid 83338] [client 172.213.17.83:0] script '/domains/system_suspended/bolt.php' not found or unable to stat
[Sun Feb 22 04:36:23.661366 2026] [php:error] [pid 83338] [client 172.213.17.83:0] script '/domains/system_suspended/lib.php' not found or unable to stat
[Sun Feb 22 04:36:27.239346 2026] [php:error] [pid 83336] [client 35.247.243.248:0] script '/domains/larrysr/adminer-4.2.0.php' not found or unable to stat
[Sun Feb 22 04:36:35.044169 2026] [php:error] [pid 83318] [client 20.24.210.86:0] script '/domains/miles.interport/myfile.php' not found or unable to stat
[Sun Feb 22 04:36:35.259438 2026] [php:error] [pid 83318] [client 20.24.210.86:0] script '/domains/miles.interport/work.php' not found or unable to stat
[Sun Feb 22 04:36:35.470590 2026] [php:error] [pid 83318] [client 20.24.210.86:0] script '/domains/miles.interport/C.php' not found or unable to stat
[Sun Feb 22 04:36:35.686545 2026] [php:error] [pid 83318] [client 20.24.210.86:0] script '/domains/miles.interport/ze.php' not found or unable to stat
[Sun Feb 22 04:36:35.897805 2026] [php:error] [pid 83318] [client 20.24.210.86:0] script '/domains/miles.interport/new4.php' not found or unable to stat
[Sun Feb 22 04:36:36.108750 2026] [php:error] [pid 83318] [client 20.24.210.86:0] script '/domains/miles.interport/sc.php' not found or unable to stat
[Sun Feb 22 04:36:36.322013 2026] [php:error] [pid 83318] [client 20.24.210.86:0] script '/domains/miles.interport/pouhg.php' not found or unable to stat
[Sun Feb 22 04:36:36.406747 2026] [php:error] [pid 83338] [client 160.30.137.9:0] script '/domains/fifibear/wp-login.php' not found or unable to stat, referer: https://www.google.com/search?q=wordpress
[Sun Feb 22 04:36:36.543481 2026] [php:error] [pid 83318] [client 20.24.210.86:0] script '/domains/miles.interport/vgtyu.php' not found or unable to stat
[Sun Feb 22 04:36:36.758184 2026] [php:error] [pid 83318] [client 20.24.210.86:0] script '/domains/miles.interport/aq.php' not found or unable to stat
[Sun Feb 22 04:36:36.930581 2026] [php:error] [pid 83325] [client 160.30.137.9:0] script '/domains/fifibear/wp-login.php' not found or unable to stat
[Sun Feb 22 04:36:36.969211 2026] [php:error] [pid 83318] [client 20.24.210.86:0] script '/domains/miles.interport/opts.php' not found or unable to stat
[Sun Feb 22 04:36:37.181047 2026] [php:error] [pid 83318] [client 20.24.210.86:0] script '/domains/miles.interport/x123.php' not found or unable to stat
[Sun Feb 22 04:36:37.399434 2026] [php:error] [pid 83318] [client 20.24.210.86:0] script '/domains/miles.interport/wp-act.php' not found or unable to stat
[Sun Feb 22 04:36:37.610492 2026] [php:error] [pid 83318] [client 20.24.210.86:0] script '/domains/miles.interport/moshou.php' not found or unable to stat
[Sun Feb 22 04:36:37.847971 2026] [php:error] [pid 83318] [client 20.24.210.86:0] script '/domains/miles.interport/seetox.php' not found or unable to stat
[Sun Feb 22 04:36:38.059356 2026] [php:error] [pid 83318] [client 20.24.210.86:0] script '/domains/miles.interport/dom.php' not found or unable to stat
[Sun Feb 22 04:36:38.270691 2026] [php:error] [pid 83318] [client 20.24.210.86:0] script '/domains/miles.interport/ws60.php' not found or unable to stat
[Sun Feb 22 04:36:38.486754 2026] [php:error] [pid 83318] [client 20.24.210.86:0] script '/domains/miles.interport/samiri.php' not found or unable to stat
[Sun Feb 22 04:36:38.699009 2026] [php:error] [pid 83318] [client 20.24.210.86:0] script '/domains/miles.interport/plugins.php' not found or unable to stat
[Sun Feb 22 04:36:38.911038 2026] [php:error] [pid 83318] [client 20.24.210.86:0] script '/domains/miles.interport/xoot.php' not found or unable to stat
[Sun Feb 22 04:36:39.132417 2026] [php:error] [pid 83318] [client 20.24.210.86:0] script '/domains/miles.interport/X57.php' not found or unable to stat
[Sun Feb 22 04:36:39.343802 2026] [php:error] [pid 83318] [client 20.24.210.86:0] script '/domains/miles.interport/vx.php' not found or unable to stat
[Sun Feb 22 04:36:39.559241 2026] [php:error] [pid 83318] [client 20.24.210.86:0] script '/domains/miles.interport/file59.php' not found or unable to stat
[Sun Feb 22 04:36:39.981459 2026] [php:error] [pid 83318] [client 20.24.210.86:0] script '/domains/miles.interport/shas.php' not found or unable to stat
[Sun Feb 22 04:36:40.198407 2026] [php:error] [pid 83318] [client 20.24.210.86:0] script '/domains/miles.interport/xa.php' not found or unable to stat
[Sun Feb 22 04:36:40.409553 2026] [php:error] [pid 83318] [client 20.24.210.86:0] script '/domains/miles.interport/xda.php' not found or unable to stat
[Sun Feb 22 04:36:40.620651 2026] [php:error] [pid 83318] [client 20.24.210.86:0] script '/domains/miles.interport/er.php' not found or unable to stat
[Sun Feb 22 04:36:40.831836 2026] [php:error] [pid 83318] [client 20.24.210.86:0] script '/domains/miles.interport/fault.php' not found or unable to stat
[Sun Feb 22 04:36:41.043510 2026] [php:error] [pid 83318] [client 20.24.210.86:0] script '/domains/miles.interport/motu.php' not found or unable to stat
[Sun Feb 22 04:36:41.254597 2026] [php:error] [pid 83318] [client 20.24.210.86:0] script '/domains/miles.interport/66.php' not found or unable to stat
[Sun Feb 22 04:36:41.466705 2026] [php:error] [pid 83318] [client 20.24.210.86:0] script '/domains/miles.interport/leuk.php' not found or unable to stat
[Sun Feb 22 04:36:41.669852 2026] [php:error] [pid 83318] [client 20.24.210.86:0] script '/domains/miles.interport/xqq.php' not found or unable to stat
[Sun Feb 22 04:36:41.873418 2026] [php:error] [pid 83318] [client 20.24.210.86:0] script '/domains/miles.interport/kolda.php' not found or unable to stat
[Sun Feb 22 04:36:42.076698 2026] [php:error] [pid 83318] [client 20.24.210.86:0] script '/domains/miles.interport/nw.php' not found or unable to stat
[Sun Feb 22 04:36:42.279864 2026] [php:error] [pid 83318] [client 20.24.210.86:0] script '/domains/miles.interport/god.php' not found or unable to stat
[Sun Feb 22 04:36:42.483270 2026] [php:error] [pid 83318] [client 20.24.210.86:0] script '/domains/miles.interport/666.php' not found or unable to stat
[Sun Feb 22 04:36:42.686526 2026] [php:error] [pid 83318] [client 20.24.210.86:0] script '/domains/miles.interport/kj.php' not found or unable to stat
[Sun Feb 22 04:36:42.889975 2026] [php:error] [pid 83318] [client 20.24.210.86:0] script '/domains/miles.interport/un.php' not found or unable to stat
[Sun Feb 22 04:36:43.093319 2026] [php:error] [pid 83318] [client 20.24.210.86:0] script '/domains/miles.interport/fs.php' not found or unable to stat
[Sun Feb 22 04:36:43.296495 2026] [php:error] [pid 83318] [client 20.24.210.86:0] script '/domains/miles.interport/ms.php' not found or unable to stat
[Sun Feb 22 04:36:43.499674 2026] [php:error] [pid 83318] [client 20.24.210.86:0] script '/domains/miles.interport/login8.php' not found or unable to stat
[Sun Feb 22 04:36:43.702844 2026] [php:error] [pid 83318] [client 20.24.210.86:0] script '/domains/miles.interport/nnyvn.php' not found or unable to stat
[Sun Feb 22 04:36:43.906176 2026] [php:error] [pid 83318] [client 20.24.210.86:0] script '/domains/miles.interport/cu.php' not found or unable to stat
[Sun Feb 22 04:36:44.109529 2026] [php:error] [pid 83318] [client 20.24.210.86:0] script '/domains/miles.interport/lul.php' not found or unable to stat
[Sun Feb 22 04:36:44.314567 2026] [php:error] [pid 83318] [client 20.24.210.86:0] script '/domains/miles.interport/0.php' not found or unable to stat
[Sun Feb 22 04:36:44.517905 2026] [php:error] [pid 83318] [client 20.24.210.86:0] script '/domains/miles.interport/ms-edit.php' not found or unable to stat
[Sun Feb 22 04:36:44.722008 2026] [php:error] [pid 83318] [client 20.24.210.86:0] script '/domains/miles.interport/ya.php' not found or unable to stat
[Sun Feb 22 04:36:44.926930 2026] [php:error] [pid 83318] [client 20.24.210.86:0] script '/domains/miles.interport/grsiuk.php' not found or unable to stat
[Sun Feb 22 04:36:45.131083 2026] [php:error] [pid 83318] [client 20.24.210.86:0] script '/domains/miles.interport/wp-blog.php' not found or unable to stat
[Sun Feb 22 04:36:45.334079 2026] [php:error] [pid 83318] [client 20.24.210.86:0] script '/domains/miles.interport/wp-access.php' not found or unable to stat
[Sun Feb 22 04:36:45.537391 2026] [php:error] [pid 83318] [client 20.24.210.86:0] script '/domains/miles.interport/a1vx.php' not found or unable to stat
[Sun Feb 22 04:36:45.745608 2026] [php:error] [pid 83318] [client 20.24.210.86:0] script '/domains/miles.interport/sbhu.php' not found or unable to stat
[Sun Feb 22 04:36:45.949485 2026] [php:error] [pid 83318] [client 20.24.210.86:0] script '/domains/miles.interport/wp-the.php' not found or unable to stat
[Sun Feb 22 04:36:46.154177 2026] [php:error] [pid 83318] [client 20.24.210.86:0] script '/domains/miles.interport/06.php' not found or unable to stat
[Sun Feb 22 04:36:46.370065 2026] [php:error] [pid 83318] [client 20.24.210.86:0] script '/domains/miles.interport/wp5.php' not found or unable to stat
[Sun Feb 22 04:36:46.573132 2026] [php:error] [pid 83318] [client 20.24.210.86:0] script '/domains/miles.interport/fot.php' not found or unable to stat
[Sun Feb 22 04:36:46.776303 2026] [php:error] [pid 83318] [client 20.24.210.86:0] script '/domains/miles.interport/ff1.php' not found or unable to stat
[Sun Feb 22 04:36:46.980000 2026] [php:error] [pid 83318] [client 20.24.210.86:0] script '/domains/miles.interport/forbidals.php' not found or unable to stat
[Sun Feb 22 04:36:47.187949 2026] [php:error] [pid 83318] [client 20.24.210.86:0] script '/domains/miles.interport/erty.php' not found or unable to stat
[Sun Feb 22 04:36:47.399524 2026] [php:error] [pid 83318] [client 20.24.210.86:0] script '/domains/miles.interport/dev1s.php' not found or unable to stat
[Sun Feb 22 04:36:47.607605 2026] [php:error] [pid 83318] [client 20.24.210.86:0] script '/domains/miles.interport/ffd.php' not found or unable to stat
[Sun Feb 22 04:36:47.810496 2026] [php:error] [pid 83318] [client 20.24.210.86:0] script '/domains/miles.interport/admiin.php' not found or unable to stat
[Sun Feb 22 04:36:48.016679 2026] [php:error] [pid 83318] [client 20.24.210.86:0] script '/domains/miles.interport/ol.php' not found or unable to stat
[Sun Feb 22 04:36:48.224788 2026] [php:error] [pid 83318] [client 20.24.210.86:0] script '/domains/miles.interport/Sanskrit.php' not found or unable to stat
[Sun Feb 22 04:36:48.428551 2026] [php:error] [pid 83318] [client 20.24.210.86:0] script '/domains/miles.interport/vxrl.php' not found or unable to stat
[Sun Feb 22 04:36:48.631752 2026] [php:error] [pid 83318] [client 20.24.210.86:0] script '/domains/miles.interport/re.php' not found or unable to stat
[Sun Feb 22 04:36:48.835407 2026] [php:error] [pid 83318] [client 20.24.210.86:0] script '/domains/miles.interport/num.php' not found or unable to stat
[Sun Feb 22 04:36:48.860383 2026] [php:error] [pid 83289] [client 20.205.10.135:0] script '/domains/takie/new4.php' not found or unable to stat
[Sun Feb 22 04:36:49.038576 2026] [php:error] [pid 83318] [client 20.24.210.86:0] script '/domains/miles.interport/axx.php' not found or unable to stat
[Sun Feb 22 04:36:49.064074 2026] [php:error] [pid 83289] [client 20.205.10.135:0] script '/domains/takie/sc.php' not found or unable to stat
[Sun Feb 22 04:36:49.241324 2026] [php:error] [pid 83318] [client 20.24.210.86:0] script '/domains/miles.interport/vxrl.php' not found or unable to stat
[Sun Feb 22 04:36:49.267592 2026] [php:error] [pid 83289] [client 20.205.10.135:0] script '/domains/takie/BDKR28WP.php' not found or unable to stat
[Sun Feb 22 04:36:49.449754 2026] [php:error] [pid 83318] [client 20.24.210.86:0] script '/domains/miles.interport/in.php' not found or unable to stat
[Sun Feb 22 04:36:49.625921 2026] [php:error] [pid 83289] [client 20.205.10.135:0] script '/domains/takie/zu.php' not found or unable to stat
[Sun Feb 22 04:36:49.652608 2026] [php:error] [pid 83318] [client 20.24.210.86:0] script '/domains/miles.interport/style.php' not found or unable to stat
[Sun Feb 22 04:36:49.830921 2026] [php:error] [pid 83289] [client 20.205.10.135:0] script '/domains/takie/alpha.php' not found or unable to stat
[Sun Feb 22 04:36:49.855799 2026] [php:error] [pid 83318] [client 20.24.210.86:0] script '/domains/miles.interport/we.php' not found or unable to stat
[Sun Feb 22 04:36:50.037199 2026] [php:error] [pid 83289] [client 20.205.10.135:0] script '/domains/takie/sty.php' not found or unable to stat
[Sun Feb 22 04:36:50.063684 2026] [php:error] [pid 83318] [client 20.24.210.86:0] script '/domains/miles.interport/zwso.php' not found or unable to stat
[Sun Feb 22 04:36:50.240648 2026] [php:error] [pid 83289] [client 20.205.10.135:0] script '/domains/takie/wwx.php' not found or unable to stat
[Sun Feb 22 04:36:50.266528 2026] [php:error] [pid 83318] [client 20.24.210.86:0] script '/domains/miles.interport/karak.php' not found or unable to stat
[Sun Feb 22 04:36:50.451810 2026] [php:error] [pid 83289] [client 20.205.10.135:0] script '/domains/takie/tevkb.php' not found or unable to stat
[Sun Feb 22 04:36:50.469981 2026] [php:error] [pid 83318] [client 20.24.210.86:0] script '/domains/miles.interport/prv8.php' not found or unable to stat
[Sun Feb 22 04:36:50.673067 2026] [php:error] [pid 83318] [client 20.24.210.86:0] script '/domains/miles.interport/i.php' not found or unable to stat
[Sun Feb 22 04:36:50.706328 2026] [php:error] [pid 83289] [client 20.205.10.135:0] script '/domains/takie/atmaca.php' not found or unable to stat
[Sun Feb 22 04:36:50.876316 2026] [php:error] [pid 83318] [client 20.24.210.86:0] script '/domains/miles.interport/a.php' not found or unable to stat
[Sun Feb 22 04:36:50.927943 2026] [php:error] [pid 83289] [client 20.205.10.135:0] script '/domains/takie/vr.php' not found or unable to stat
[Sun Feb 22 04:36:51.079781 2026] [php:error] [pid 83318] [client 20.24.210.86:0] script '/domains/miles.interport/xmlrpc.php' not found or unable to stat
[Sun Feb 22 04:36:51.132318 2026] [php:error] [pid 83289] [client 20.205.10.135:0] script '/domains/takie/liebert.php' not found or unable to stat
[Sun Feb 22 04:36:51.282737 2026] [php:error] [pid 83318] [client 20.24.210.86:0] script '/domains/miles.interport/aw.php' not found or unable to stat
[Sun Feb 22 04:36:51.382021 2026] [php:error] [pid 83289] [client 20.205.10.135:0] script '/domains/takie/opts.php' not found or unable to stat
[Sun Feb 22 04:36:51.485991 2026] [php:error] [pid 83318] [client 20.24.210.86:0] script '/domains/miles.interport/dev.php' not found or unable to stat
[Sun Feb 22 04:36:51.665371 2026] [php:error] [pid 83289] [client 20.205.10.135:0] script '/domains/takie/wp-act.php' not found or unable to stat
[Sun Feb 22 04:36:51.689263 2026] [php:error] [pid 83318] [client 20.24.210.86:0] script '/domains/miles.interport/lock360.php' not found or unable to stat
[Sun Feb 22 04:36:51.871495 2026] [php:error] [pid 83289] [client 20.205.10.135:0] script '/domains/takie/ze.php' not found or unable to stat
[Sun Feb 22 04:36:51.893343 2026] [php:error] [pid 83318] [client 20.24.210.86:0] script '/domains/miles.interport/155.php' not found or unable to stat
[Sun Feb 22 04:36:52.083134 2026] [php:error] [pid 83289] [client 20.205.10.135:0] script '/domains/takie/seetox.php' not found or unable to stat
[Sun Feb 22 04:36:52.098486 2026] [php:error] [pid 83318] [client 20.24.210.86:0] script '/domains/miles.interport/goat.php' not found or unable to stat
[Sun Feb 22 04:36:52.301646 2026] [php:error] [pid 83318] [client 20.24.210.86:0] script '/domains/miles.interport/tcp.php' not found or unable to stat
[Sun Feb 22 04:36:52.511915 2026] [php:error] [pid 83318] [client 20.24.210.86:0] script '/domains/miles.interport/ext.php' not found or unable to stat
[Sun Feb 22 04:36:52.538233 2026] [php:error] [pid 83289] [client 20.205.10.135:0] script '/domains/takie/plugins.php' not found or unable to stat
[Sun Feb 22 04:36:52.722715 2026] [php:error] [pid 83318] [client 20.24.210.86:0] script '/domains/miles.interport/inputs.php' not found or unable to stat
[Sun Feb 22 04:36:52.741474 2026] [php:error] [pid 83289] [client 20.205.10.135:0] script '/domains/takie/xoot.php' not found or unable to stat
[Sun Feb 22 04:36:52.925810 2026] [php:error] [pid 83318] [client 20.24.210.86:0] script '/domains/miles.interport/ioxi.php' not found or unable to stat
[Sun Feb 22 04:36:52.946047 2026] [php:error] [pid 83289] [client 20.205.10.135:0] script '/domains/takie/X57.php' not found or unable to stat
[Sun Feb 22 04:36:53.128783 2026] [php:error] [pid 83318] [client 20.24.210.86:0] script '/domains/miles.interport/fe5.php' not found or unable to stat
[Sun Feb 22 04:36:53.164917 2026] [php:error] [pid 83289] [client 20.205.10.135:0] script '/domains/takie/vx.php' not found or unable to stat
[Sun Feb 22 04:36:53.333798 2026] [php:error] [pid 83318] [client 20.24.210.86:0] script '/domains/miles.interport/ov.php' not found or unable to stat
[Sun Feb 22 04:36:53.368731 2026] [php:error] [pid 83289] [client 20.205.10.135:0] script '/domains/takie/file59.php' not found or unable to stat
[Sun Feb 22 04:36:53.751380 2026] [php:error] [pid 83318] [client 20.24.210.86:0] script '/domains/miles.interport/default.php' not found or unable to stat
[Sun Feb 22 04:36:53.791119 2026] [php:error] [pid 83289] [client 20.205.10.135:0] script '/domains/takie/xa.php' not found or unable to stat
[Sun Feb 22 04:36:53.954360 2026] [php:error] [pid 83318] [client 20.24.210.86:0] script '/domains/miles.interport/goods.php' not found or unable to stat
[Sun Feb 22 04:36:54.012895 2026] [php:error] [pid 83289] [client 20.205.10.135:0] script '/domains/takie/er.php' not found or unable to stat
[Sun Feb 22 04:36:54.157789 2026] [php:error] [pid 83318] [client 20.24.210.86:0] script '/domains/miles.interport/abcd.php' not found or unable to stat
[Sun Feb 22 04:36:54.218696 2026] [php:error] [pid 83289] [client 20.205.10.135:0] script '/domains/takie/fault.php' not found or unable to stat
[Sun Feb 22 04:36:54.361040 2026] [php:error] [pid 83318] [client 20.24.210.86:0] script '/domains/miles.interport/class.1.php' not found or unable to stat
[Sun Feb 22 04:36:54.423920 2026] [php:error] [pid 83289] [client 20.205.10.135:0] script '/domains/takie/motu.php' not found or unable to stat
[Sun Feb 22 04:36:54.566062 2026] [php:error] [pid 83318] [client 20.24.210.86:0] script '/domains/miles.interport/async.php' not found or unable to stat
[Sun Feb 22 04:36:54.671241 2026] [php:error] [pid 83289] [client 20.205.10.135:0] script '/domains/takie/66.php' not found or unable to stat
[Sun Feb 22 04:36:54.769683 2026] [php:error] [pid 83318] [client 20.24.210.86:0] script '/domains/miles.interport/ff.php' not found or unable to stat
[Sun Feb 22 04:36:54.874989 2026] [php:error] [pid 83289] [client 20.205.10.135:0] script '/domains/takie/leuk.php' not found or unable to stat
[Sun Feb 22 04:36:54.972852 2026] [php:error] [pid 83318] [client 20.24.210.86:0] script '/domains/miles.interport/ioxi-o.php' not found or unable to stat
[Sun Feb 22 04:36:55.103315 2026] [php:error] [pid 83289] [client 20.205.10.135:0] script '/domains/takie/xqq.php' not found or unable to stat
[Sun Feb 22 04:36:55.175814 2026] [php:error] [pid 83318] [client 20.24.210.86:0] script '/domains/miles.interport/manager.php' not found or unable to stat
[Sun Feb 22 04:36:55.327943 2026] [php:error] [pid 83289] [client 20.205.10.135:0] script '/domains/takie/kolda.php' not found or unable to stat
[Sun Feb 22 04:36:55.379752 2026] [php:error] [pid 83318] [client 20.24.210.86:0] script '/domains/miles.interport/wp-update.php' not found or unable to stat
[Sun Feb 22 04:36:55.582847 2026] [php:error] [pid 83318] [client 20.24.210.86:0] script '/domains/miles.interport/file.php' not found or unable to stat
[Sun Feb 22 04:36:55.593454 2026] [php:error] [pid 83289] [client 20.205.10.135:0] script '/domains/takie/nw.php' not found or unable to stat
[Sun Feb 22 04:36:55.949646 2026] [php:error] [pid 83289] [client 20.205.10.135:0] script '/domains/takie/666.php' not found or unable to stat
[Sun Feb 22 04:36:56.154760 2026] [php:error] [pid 83289] [client 20.205.10.135:0] script '/domains/takie/kj.php' not found or unable to stat
[Sun Feb 22 04:36:56.235982 2026] [php:error] [pid 83325] [client 20.24.210.86:0] script '/domains/miles.interport/lc.php' not found or unable to stat
[Sun Feb 22 04:36:56.358595 2026] [php:error] [pid 83289] [client 20.205.10.135:0] script '/domains/takie/un.php' not found or unable to stat
[Sun Feb 22 04:36:56.456840 2026] [php:error] [pid 83325] [client 20.24.210.86:0] script '/domains/miles.interport/cbrfo.php' not found or unable to stat
[Sun Feb 22 04:36:56.611872 2026] [php:error] [pid 83289] [client 20.205.10.135:0] script '/domains/takie/fs.php' not found or unable to stat
[Sun Feb 22 04:36:56.678910 2026] [php:error] [pid 83325] [client 20.24.210.86:0] script '/domains/miles.interport/inc.php' not found or unable to stat
[Sun Feb 22 04:36:56.824425 2026] [php:error] [pid 83289] [client 20.205.10.135:0] script '/domains/takie/ms.php' not found or unable to stat
[Sun Feb 22 04:36:56.900202 2026] [php:error] [pid 83325] [client 20.24.210.86:0] script '/domains/miles.interport/gifclass.php' not found or unable to stat
[Sun Feb 22 04:36:57.062307 2026] [php:error] [pid 83289] [client 20.205.10.135:0] script '/domains/takie/login8.php' not found or unable to stat
[Sun Feb 22 04:36:57.121809 2026] [php:error] [pid 83325] [client 20.24.210.86:0] script '/domains/miles.interport/miansha.php' not found or unable to stat
[Sun Feb 22 04:36:57.267854 2026] [php:error] [pid 83289] [client 20.205.10.135:0] script '/domains/takie/cu.php' not found or unable to stat
[Sun Feb 22 04:36:57.343492 2026] [php:error] [pid 83325] [client 20.24.210.86:0] script '/domains/miles.interport/tinyfilemanager.php' not found or unable to stat
[Sun Feb 22 04:36:57.472168 2026] [php:error] [pid 83289] [client 20.205.10.135:0] script '/domains/takie/lul.php' not found or unable to stat
[Sun Feb 22 04:36:57.564476 2026] [php:error] [pid 83325] [client 20.24.210.86:0] script '/domains/miles.interport/admin.php' not found or unable to stat
[Sun Feb 22 04:36:57.704051 2026] [php:error] [pid 83289] [client 20.205.10.135:0] script '/domains/takie/0.php' not found or unable to stat
[Sun Feb 22 04:36:57.784732 2026] [php:error] [pid 83325] [client 20.24.210.86:0] script '/domains/miles.interport/ok.php' not found or unable to stat
[Sun Feb 22 04:36:57.915982 2026] [php:error] [pid 83289] [client 20.205.10.135:0] script '/domains/takie/ms-edit.php' not found or unable to stat
[Sun Feb 22 04:36:58.005217 2026] [php:error] [pid 83325] [client 20.24.210.86:0] script '/domains/miles.interport/fi.php' not found or unable to stat
[Sun Feb 22 04:36:58.119925 2026] [php:error] [pid 83289] [client 20.205.10.135:0] script '/domains/takie/ya.php' not found or unable to stat
[Sun Feb 22 04:36:58.225801 2026] [php:error] [pid 83325] [client 20.24.210.86:0] script '/domains/miles.interport/muzu.php' not found or unable to stat
[Sun Feb 22 04:36:58.326178 2026] [php:error] [pid 83289] [client 20.205.10.135:0] script '/domains/takie/grsiuk.php' not found or unable to stat
[Sun Feb 22 04:36:58.446467 2026] [php:error] [pid 83325] [client 20.24.210.86:0] script '/domains/miles.interport/reze.php' not found or unable to stat
[Sun Feb 22 04:36:58.565080 2026] [php:error] [pid 83289] [client 20.205.10.135:0] script '/domains/takie/wp-blog.php' not found or unable to stat
[Sun Feb 22 04:36:58.666980 2026] [php:error] [pid 83325] [client 20.24.210.86:0] script '/domains/miles.interport/styll.php' not found or unable to stat
[Sun Feb 22 04:36:58.785348 2026] [php:error] [pid 83289] [client 20.205.10.135:0] script '/domains/takie/wp-access.php' not found or unable to stat
[Sun Feb 22 04:36:58.890679 2026] [php:error] [pid 83325] [client 20.24.210.86:0] script '/domains/miles.interport/x7.php' not found or unable to stat
[Sun Feb 22 04:36:58.992427 2026] [php:error] [pid 83289] [client 20.205.10.135:0] script '/domains/takie/a1vx.php' not found or unable to stat
[Sun Feb 22 04:36:59.112073 2026] [php:error] [pid 83325] [client 20.24.210.86:0] script '/domains/miles.interport/thebe.php' not found or unable to stat
[Sun Feb 22 04:36:59.238799 2026] [php:error] [pid 83289] [client 20.205.10.135:0] script '/domains/takie/sbhu.php' not found or unable to stat
[Sun Feb 22 04:36:59.333485 2026] [php:error] [pid 83325] [client 20.24.210.86:0] script '/domains/miles.interport/ddd.php' not found or unable to stat
[Sun Feb 22 04:36:59.458071 2026] [php:error] [pid 83289] [client 20.205.10.135:0] script '/domains/takie/wp-the.php' not found or unable to stat
[Sun Feb 22 04:36:59.554737 2026] [php:error] [pid 83325] [client 20.24.210.86:0] script '/domains/miles.interport/bgymj.php' not found or unable to stat
[Sun Feb 22 04:36:59.662524 2026] [php:error] [pid 83289] [client 20.205.10.135:0] script '/domains/takie/06.php' not found or unable to stat
[Sun Feb 22 04:36:59.783179 2026] [php:error] [pid 83325] [client 20.24.210.86:0] script '/domains/miles.interport/8xyz.php' not found or unable to stat
[Sun Feb 22 04:36:59.882289 2026] [php:error] [pid 83289] [client 20.205.10.135:0] script '/domains/takie/wp5.php' not found or unable to stat
[Sun Feb 22 04:37:00.003598 2026] [php:error] [pid 83325] [client 20.24.210.86:0] script '/domains/miles.interport/ioxi.php' not found or unable to stat
[Sun Feb 22 04:37:00.099937 2026] [php:error] [pid 83289] [client 20.205.10.135:0] script '/domains/takie/fot.php' not found or unable to stat
[Sun Feb 22 04:37:00.224073 2026] [php:error] [pid 83325] [client 20.24.210.86:0] script '/domains/miles.interport/xpwer1.php' not found or unable to stat
[Sun Feb 22 04:37:00.303741 2026] [php:error] [pid 83289] [client 20.205.10.135:0] script '/domains/takie/ff1.php' not found or unable to stat
[Sun Feb 22 04:37:00.450197 2026] [php:error] [pid 83325] [client 20.24.210.86:0] script '/domains/miles.interport/lala.php' not found or unable to stat
[Sun Feb 22 04:37:00.507351 2026] [php:error] [pid 83289] [client 20.205.10.135:0] script '/domains/takie/forbidals.php' not found or unable to stat
[Sun Feb 22 04:37:00.675293 2026] [php:error] [pid 83325] [client 20.24.210.86:0] script '/domains/miles.interport/about.php' not found or unable to stat
[Sun Feb 22 04:37:00.711013 2026] [php:error] [pid 83289] [client 20.205.10.135:0] script '/domains/takie/erty.php' not found or unable to stat
[Sun Feb 22 04:37:01.105703 2026] [php:error] [pid 83289] [client 20.205.10.135:0] script '/domains/takie/dev1s.php' not found or unable to stat
[Sun Feb 22 04:37:01.309555 2026] [php:error] [pid 83289] [client 20.205.10.135:0] script '/domains/takie/ffd.php' not found or unable to stat
[Sun Feb 22 04:37:01.512978 2026] [php:error] [pid 83289] [client 20.205.10.135:0] script '/domains/takie/admiin.php' not found or unable to stat
[Sun Feb 22 04:37:01.716674 2026] [php:error] [pid 83289] [client 20.205.10.135:0] script '/domains/takie/ol.php' not found or unable to stat
[Sun Feb 22 04:37:01.781332 2026] [php:error] [pid 83325] [client 20.24.210.86:0] script '/domains/miles.interport/info.php' not found or unable to stat
[Sun Feb 22 04:37:01.920527 2026] [php:error] [pid 83289] [client 20.205.10.135:0] script '/domains/takie/Sanskrit.php' not found or unable to stat
[Sun Feb 22 04:37:02.004380 2026] [php:error] [pid 83325] [client 20.24.210.86:0] script '/domains/miles.interport/about.php' not found or unable to stat
[Sun Feb 22 04:37:02.125017 2026] [php:error] [pid 83289] [client 20.205.10.135:0] script '/domains/takie/vxrl.php' not found or unable to stat
[Sun Feb 22 04:37:02.331349 2026] [php:error] [pid 83289] [client 20.205.10.135:0] script '/domains/takie/re.php' not found or unable to stat
[Sun Feb 22 04:37:02.445528 2026] [php:error] [pid 83325] [client 20.24.210.86:0] script '/domains/miles.interport/222.php' not found or unable to stat
[Sun Feb 22 04:37:02.535021 2026] [php:error] [pid 83289] [client 20.205.10.135:0] script '/domains/takie/num.php' not found or unable to stat
[Sun Feb 22 04:37:02.666571 2026] [php:error] [pid 83325] [client 20.24.210.86:0] script '/domains/miles.interport/adminfuns.php' not found or unable to stat
[Sun Feb 22 04:37:02.829187 2026] [php:error] [pid 83289] [client 20.205.10.135:0] script '/domains/takie/axx.php' not found or unable to stat
[Sun Feb 22 04:37:03.078341 2026] [php:error] [pid 83289] [client 20.205.10.135:0] script '/domains/takie/vxrl.php' not found or unable to stat
[Sun Feb 22 04:37:03.111278 2026] [php:error] [pid 83325] [client 20.24.210.86:0] script '/domains/miles.interport/xx.php' not found or unable to stat
[Sun Feb 22 04:37:03.281859 2026] [php:error] [pid 83289] [client 20.205.10.135:0] script '/domains/takie/in.php' not found or unable to stat
[Sun Feb 22 04:37:03.496441 2026] [php:error] [pid 83289] [client 20.205.10.135:0] script '/domains/takie/style.php' not found or unable to stat
[Sun Feb 22 04:37:03.553621 2026] [php:error] [pid 83325] [client 20.24.210.86:0] script '/domains/miles.interport/f5.php' not found or unable to stat
[Sun Feb 22 04:37:03.775138 2026] [php:error] [pid 83325] [client 20.24.210.86:0] script '/domains/miles.interport/flower.php' not found or unable to stat
[Sun Feb 22 04:37:03.790221 2026] [php:error] [pid 83289] [client 20.205.10.135:0] script '/domains/takie/we.php' not found or unable to stat
[Sun Feb 22 04:37:03.993949 2026] [php:error] [pid 83289] [client 20.205.10.135:0] script '/domains/takie/zwso.php' not found or unable to stat
[Sun Feb 22 04:37:03.995519 2026] [php:error] [pid 83325] [client 20.24.210.86:0] script '/domains/miles.interport/f6.php' not found or unable to stat
[Sun Feb 22 04:37:04.199334 2026] [php:error] [pid 83289] [client 20.205.10.135:0] script '/domains/takie/karak.php' not found or unable to stat
[Sun Feb 22 04:37:04.215727 2026] [php:error] [pid 83325] [client 20.24.210.86:0] script '/domains/miles.interport/edit.php' not found or unable to stat
[Sun Feb 22 04:37:04.456202 2026] [php:error] [pid 83289] [client 20.205.10.135:0] script '/domains/takie/prv8.php' not found or unable to stat
[Sun Feb 22 04:37:04.660667 2026] [php:error] [pid 83289] [client 20.205.10.135:0] script '/domains/takie/i.php' not found or unable to stat
[Sun Feb 22 04:37:04.864302 2026] [php:error] [pid 83289] [client 20.205.10.135:0] script '/domains/takie/a.php' not found or unable to stat
[Sun Feb 22 04:37:04.882640 2026] [php:error] [pid 83325] [client 20.24.210.86:0] script '/domains/miles.interport/av.php' not found or unable to stat
[Sun Feb 22 04:37:05.089692 2026] [php:error] [pid 83289] [client 20.205.10.135:0] script '/domains/takie/xmlrpc.php' not found or unable to stat
[Sun Feb 22 04:37:05.293326 2026] [php:error] [pid 83289] [client 20.205.10.135:0] script '/domains/takie/aw.php' not found or unable to stat
[Sun Feb 22 04:37:05.324167 2026] [php:error] [pid 83325] [client 20.24.210.86:0] script '/domains/miles.interport/wsd.php' not found or unable to stat
[Sun Feb 22 04:37:05.532081 2026] [php:error] [pid 83289] [client 20.205.10.135:0] script '/domains/takie/dev.php' not found or unable to stat
[Sun Feb 22 04:37:05.544391 2026] [php:error] [pid 83325] [client 20.24.210.86:0] script '/domains/miles.interport/jane.php' not found or unable to stat
[Sun Feb 22 04:37:05.757593 2026] [php:error] [pid 83289] [client 20.205.10.135:0] script '/domains/takie/lock360.php' not found or unable to stat
[Sun Feb 22 04:37:05.765546 2026] [php:error] [pid 83325] [client 20.24.210.86:0] script '/domains/miles.interport/css.php' not found or unable to stat
[Sun Feb 22 04:37:05.962298 2026] [php:error] [pid 83289] [client 20.205.10.135:0] script '/domains/takie/155.php' not found or unable to stat
[Sun Feb 22 04:37:05.985653 2026] [php:error] [pid 83325] [client 20.24.210.86:0] script '/domains/miles.interport/alfa.php' not found or unable to stat
[Sun Feb 22 04:37:06.182685 2026] [php:error] [pid 83289] [client 20.205.10.135:0] script '/domains/takie/goat.php' not found or unable to stat
[Sun Feb 22 04:37:06.205927 2026] [php:error] [pid 83325] [client 20.24.210.86:0] script '/domains/miles.interport/wen.php' not found or unable to stat
[Sun Feb 22 04:37:06.386546 2026] [php:error] [pid 83289] [client 20.205.10.135:0] script '/domains/takie/tcp.php' not found or unable to stat
[Sun Feb 22 04:37:06.426313 2026] [php:error] [pid 83325] [client 20.24.210.86:0] script '/domains/miles.interport/x.php' not found or unable to stat
[Sun Feb 22 04:37:06.590152 2026] [php:error] [pid 83289] [client 20.205.10.135:0] script '/domains/takie/ext.php' not found or unable to stat
[Sun Feb 22 04:37:06.648357 2026] [php:error] [pid 83325] [client 20.24.210.86:0] script '/domains/miles.interport/xxxx.php' not found or unable to stat
[Sun Feb 22 04:37:06.793717 2026] [php:error] [pid 83289] [client 20.205.10.135:0] script '/domains/takie/inputs.php' not found or unable to stat
[Sun Feb 22 04:37:06.868703 2026] [php:error] [pid 83325] [client 20.24.210.86:0] script '/domains/miles.interport/class.php' not found or unable to stat
[Sun Feb 22 04:37:06.998018 2026] [php:error] [pid 83289] [client 20.205.10.135:0] script '/domains/takie/ioxi.php' not found or unable to stat
[Sun Feb 22 04:37:07.088956 2026] [php:error] [pid 83325] [client 20.24.210.86:0] script '/domains/miles.interport/f35.php' not found or unable to stat
[Sun Feb 22 04:37:07.201786 2026] [php:error] [pid 83289] [client 20.205.10.135:0] script '/domains/takie/fe5.php' not found or unable to stat
[Sun Feb 22 04:37:07.442363 2026] [php:error] [pid 83289] [client 20.205.10.135:0] script '/domains/takie/ov.php' not found or unable to stat
[Sun Feb 22 04:37:07.877698 2026] [php:error] [pid 83289] [client 20.205.10.135:0] script '/domains/takie/default.php' not found or unable to stat
[Sun Feb 22 04:37:07.972289 2026] [php:error] [pid 83325] [client 20.24.210.86:0] script '/domains/miles.interport/class-t.api.php' not found or unable to stat
[Sun Feb 22 04:37:08.083756 2026] [php:error] [pid 83289] [client 20.205.10.135:0] script '/domains/takie/goods.php' not found or unable to stat
[Sun Feb 22 04:37:08.206308 2026] [php:error] [pid 83325] [client 20.24.210.86:0] script '/domains/miles.interport/blurbs18.php' not found or unable to stat
[Sun Feb 22 04:37:08.314344 2026] [php:error] [pid 83289] [client 20.205.10.135:0] script '/domains/takie/abcd.php' not found or unable to stat
[Sun Feb 22 04:37:08.533402 2026] [php:error] [pid 83289] [client 20.205.10.135:0] script '/domains/takie/class.1.php' not found or unable to stat
[Sun Feb 22 04:37:08.786150 2026] [php:error] [pid 83289] [client 20.205.10.135:0] script '/domains/takie/async.php' not found or unable to stat
[Sun Feb 22 04:37:08.997120 2026] [php:error] [pid 83289] [client 20.205.10.135:0] script '/domains/takie/ff.php' not found or unable to stat
[Sun Feb 22 04:37:09.201182 2026] [php:error] [pid 83289] [client 20.205.10.135:0] script '/domains/takie/ioxi-o.php' not found or unable to stat
[Sun Feb 22 04:37:09.406087 2026] [php:error] [pid 83289] [client 20.205.10.135:0] script '/domains/takie/manager.php' not found or unable to stat
[Sun Feb 22 04:37:09.612604 2026] [php:error] [pid 83289] [client 20.205.10.135:0] script '/domains/takie/wp-update.php' not found or unable to stat
[Sun Feb 22 04:37:09.752289 2026] [php:error] [pid 83325] [client 20.24.210.86:0] script '/domains/miles.interport/bless11.php' not found or unable to stat
[Sun Feb 22 04:37:09.847844 2026] [php:error] [pid 83289] [client 20.205.10.135:0] script '/domains/takie/file.php' not found or unable to stat
[Sun Feb 22 04:37:09.973434 2026] [php:error] [pid 83325] [client 20.24.210.86:0] script '/domains/miles.interport/init.php' not found or unable to stat
[Sun Feb 22 04:37:10.255807 2026] [php:error] [pid 83289] [client 20.205.10.135:0] script '/domains/takie/lc.php' not found or unable to stat
[Sun Feb 22 04:37:10.417137 2026] [php:error] [pid 83325] [client 20.24.210.86:0] script '/domains/miles.interport/k.php' not found or unable to stat
[Sun Feb 22 04:37:10.496801 2026] [php:error] [pid 83289] [client 20.205.10.135:0] script '/domains/takie/cbrfo.php' not found or unable to stat
[Sun Feb 22 04:37:10.637606 2026] [php:error] [pid 83325] [client 20.24.210.86:0] script '/domains/miles.interport/bless.php' not found or unable to stat
[Sun Feb 22 04:37:10.722887 2026] [php:error] [pid 83289] [client 20.205.10.135:0] script '/domains/takie/inc.php' not found or unable to stat
[Sun Feb 22 04:37:10.858024 2026] [php:error] [pid 83325] [client 20.24.210.86:0] script '/domains/miles.interport/X7x.php' not found or unable to stat
[Sun Feb 22 04:37:10.926505 2026] [php:error] [pid 83289] [client 20.205.10.135:0] script '/domains/takie/gifclass.php' not found or unable to stat
[Sun Feb 22 04:37:11.079651 2026] [php:error] [pid 83325] [client 20.24.210.86:0] script '/domains/miles.interport/166.php' not found or unable to stat
[Sun Feb 22 04:37:11.300141 2026] [php:error] [pid 83325] [client 20.24.210.86:0] script '/domains/miles.interport/plss3.php' not found or unable to stat
[Sun Feb 22 04:37:11.437101 2026] [php:error] [pid 83340] [client 20.205.10.135:0] script '/domains/takie/miansha.php' not found or unable to stat
[Sun Feb 22 04:37:11.591821 2026] [php:error] [pid 83342] [client 34.96.162.52:0] script '/domains/larrysr/adminer-5.1.0-en.php' not found or unable to stat
[Sun Feb 22 04:37:11.696993 2026] [php:error] [pid 83340] [client 20.205.10.135:0] script '/domains/takie/tinyfilemanager.php' not found or unable to stat
[Sun Feb 22 04:37:11.740298 2026] [php:error] [pid 83325] [client 20.24.210.86:0] script '/domains/miles.interport/admins.php' not found or unable to stat
[Sun Feb 22 04:37:11.947269 2026] [php:error] [pid 83340] [client 20.205.10.135:0] script '/domains/takie/admin.php' not found or unable to stat
[Sun Feb 22 04:37:11.960563 2026] [php:error] [pid 83325] [client 20.24.210.86:0] script '/domains/miles.interport/wp.php' not found or unable to stat
[Sun Feb 22 04:37:12.167708 2026] [php:error] [pid 83340] [client 20.205.10.135:0] script '/domains/takie/ok.php' not found or unable to stat
[Sun Feb 22 04:37:12.181034 2026] [php:error] [pid 83325] [client 20.24.210.86:0] script '/domains/miles.interport/main.php' not found or unable to stat
[Sun Feb 22 04:37:12.401836 2026] [php:error] [pid 83325] [client 20.24.210.86:0] script '/domains/miles.interport/a1.php' not found or unable to stat
[Sun Feb 22 04:37:12.401836 2026] [php:error] [pid 83340] [client 20.205.10.135:0] script '/domains/takie/fi.php' not found or unable to stat
[Sun Feb 22 04:37:12.622013 2026] [php:error] [pid 83325] [client 20.24.210.86:0] script '/domains/miles.interport/lala.php' not found or unable to stat
[Sun Feb 22 04:37:12.622403 2026] [php:error] [pid 83340] [client 20.205.10.135:0] script '/domains/takie/muzu.php' not found or unable to stat
[Sun Feb 22 04:37:12.842862 2026] [php:error] [pid 83325] [client 20.24.210.86:0] script '/domains/miles.interport/aaa.php' not found or unable to stat
[Sun Feb 22 04:37:12.867209 2026] [php:error] [pid 83340] [client 20.205.10.135:0] script '/domains/takie/reze.php' not found or unable to stat
[Sun Feb 22 04:37:13.063568 2026] [php:error] [pid 83325] [client 20.24.210.86:0] script '/domains/miles.interport/a2.php' not found or unable to stat
[Sun Feb 22 04:37:13.087517 2026] [php:error] [pid 83340] [client 20.205.10.135:0] script '/domains/takie/styll.php' not found or unable to stat
[Sun Feb 22 04:37:13.359357 2026] [php:error] [pid 83340] [client 20.205.10.135:0] script '/domains/takie/x7.php' not found or unable to stat
[Sun Feb 22 04:37:13.504250 2026] [php:error] [pid 83325] [client 20.24.210.86:0] script '/domains/miles.interport/jsond.php' not found or unable to stat
[Sun Feb 22 04:37:13.579327 2026] [php:error] [pid 83340] [client 20.205.10.135:0] script '/domains/takie/thebe.php' not found or unable to stat
[Sun Feb 22 04:37:13.799248 2026] [php:error] [pid 83340] [client 20.205.10.135:0] script '/domains/takie/ddd.php' not found or unable to stat
[Sun Feb 22 04:37:14.020821 2026] [php:error] [pid 83340] [client 20.205.10.135:0] script '/domains/takie/bgymj.php' not found or unable to stat
[Sun Feb 22 04:37:14.251945 2026] [php:error] [pid 83340] [client 20.205.10.135:0] script '/domains/takie/8xyz.php' not found or unable to stat
[Sun Feb 22 04:37:14.486738 2026] [php:error] [pid 83340] [client 20.205.10.135:0] script '/domains/takie/ioxi.php' not found or unable to stat
[Sun Feb 22 04:37:14.752697 2026] [php:error] [pid 83340] [client 20.205.10.135:0] script '/domains/takie/xpwer1.php' not found or unable to stat
[Sun Feb 22 04:37:15.203024 2026] [php:error] [pid 83340] [client 20.205.10.135:0] script '/domains/takie/lala.php' not found or unable to stat
[Sun Feb 22 04:37:15.442002 2026] [php:error] [pid 83340] [client 20.205.10.135:0] script '/domains/takie/about.php' not found or unable to stat
[Sun Feb 22 04:37:16.658709 2026] [php:error] [pid 83340] [client 20.205.10.135:0] script '/domains/takie/info.php' not found or unable to stat
[Sun Feb 22 04:37:16.878037 2026] [php:error] [pid 83340] [client 20.205.10.135:0] script '/domains/takie/about.php' not found or unable to stat
[Sun Feb 22 04:37:17.471016 2026] [php:error] [pid 83340] [client 20.205.10.135:0] script '/domains/takie/222.php' not found or unable to stat
[Sun Feb 22 04:37:17.788490 2026] [php:error] [pid 83340] [client 20.205.10.135:0] script '/domains/takie/adminfuns.php' not found or unable to stat
[Sun Feb 22 04:37:18.263266 2026] [php:error] [pid 83340] [client 20.205.10.135:0] script '/domains/takie/xx.php' not found or unable to stat
[Sun Feb 22 04:37:18.885926 2026] [php:error] [pid 83340] [client 20.205.10.135:0] script '/domains/takie/f5.php' not found or unable to stat
[Sun Feb 22 04:37:19.105815 2026] [php:error] [pid 83340] [client 20.205.10.135:0] script '/domains/takie/flower.php' not found or unable to stat
[Sun Feb 22 04:37:19.326821 2026] [php:error] [pid 83340] [client 20.205.10.135:0] script '/domains/takie/f6.php' not found or unable to stat
[Sun Feb 22 04:37:19.546595 2026] [php:error] [pid 83340] [client 20.205.10.135:0] script '/domains/takie/edit.php' not found or unable to stat
[Sun Feb 22 04:37:20.301702 2026] [php:error] [pid 83340] [client 20.205.10.135:0] script '/domains/takie/av.php' not found or unable to stat
[Sun Feb 22 04:37:20.741637 2026] [php:error] [pid 83340] [client 20.205.10.135:0] script '/domains/takie/wsd.php' not found or unable to stat
[Sun Feb 22 04:37:20.963067 2026] [php:error] [pid 83340] [client 20.205.10.135:0] script '/domains/takie/jane.php' not found or unable to stat
[Sun Feb 22 04:37:21.225656 2026] [php:error] [pid 83340] [client 20.205.10.135:0] script '/domains/takie/css.php' not found or unable to stat
[Sun Feb 22 04:37:21.477669 2026] [php:error] [pid 83340] [client 20.205.10.135:0] script '/domains/takie/alfa.php' not found or unable to stat
[Sun Feb 22 04:37:21.698979 2026] [php:error] [pid 83340] [client 20.205.10.135:0] script '/domains/takie/wen.php' not found or unable to stat
[Sun Feb 22 04:37:21.927529 2026] [php:error] [pid 83340] [client 20.205.10.135:0] script '/domains/takie/x.php' not found or unable to stat
[Sun Feb 22 04:37:22.147915 2026] [php:error] [pid 83340] [client 20.205.10.135:0] script '/domains/takie/xxxx.php' not found or unable to stat
[Sun Feb 22 04:37:22.386841 2026] [php:error] [pid 83340] [client 20.205.10.135:0] script '/domains/takie/class.php' not found or unable to stat
[Sun Feb 22 04:37:22.644744 2026] [php:error] [pid 83340] [client 20.205.10.135:0] script '/domains/takie/f35.php' not found or unable to stat
[Sun Feb 22 04:37:26.501433 2026] [php:error] [pid 83340] [client 20.205.10.135:0] script '/domains/takie/class-t.api.php' not found or unable to stat
[Sun Feb 22 04:37:26.799915 2026] [php:error] [pid 83340] [client 20.205.10.135:0] script '/domains/takie/blurbs18.php' not found or unable to stat
[Sun Feb 22 04:37:28.638092 2026] [php:error] [pid 83340] [client 20.205.10.135:0] script '/domains/takie/bless11.php' not found or unable to stat
[Sun Feb 22 04:37:28.857765 2026] [php:error] [pid 83340] [client 20.205.10.135:0] script '/domains/takie/init.php' not found or unable to stat
[Sun Feb 22 04:37:29.392271 2026] [php:error] [pid 83340] [client 20.205.10.135:0] script '/domains/takie/k.php' not found or unable to stat
[Sun Feb 22 04:37:29.675893 2026] [php:error] [pid 83340] [client 20.205.10.135:0] script '/domains/takie/bless.php' not found or unable to stat
[Sun Feb 22 04:37:29.987760 2026] [php:error] [pid 83340] [client 20.205.10.135:0] script '/domains/takie/X7x.php' not found or unable to stat
[Sun Feb 22 04:37:30.207611 2026] [php:error] [pid 83340] [client 20.205.10.135:0] script '/domains/takie/166.php' not found or unable to stat
[Sun Feb 22 04:37:30.436254 2026] [php:error] [pid 83340] [client 20.205.10.135:0] script '/domains/takie/plss3.php' not found or unable to stat
[Sun Feb 22 04:37:30.876915 2026] [php:error] [pid 83340] [client 20.205.10.135:0] script '/domains/takie/admins.php' not found or unable to stat
[Sun Feb 22 04:37:31.096721 2026] [php:error] [pid 83340] [client 20.205.10.135:0] script '/domains/takie/wp.php' not found or unable to stat
[Sun Feb 22 04:37:31.368733 2026] [php:error] [pid 83340] [client 20.205.10.135:0] script '/domains/takie/main.php' not found or unable to stat
[Sun Feb 22 04:37:31.597296 2026] [php:error] [pid 83340] [client 20.205.10.135:0] script '/domains/takie/a1.php' not found or unable to stat
[Sun Feb 22 04:37:31.819261 2026] [php:error] [pid 83340] [client 20.205.10.135:0] script '/domains/takie/lala.php' not found or unable to stat
[Sun Feb 22 04:37:32.160714 2026] [php:error] [pid 83340] [client 20.205.10.135:0] script '/domains/takie/aaa.php' not found or unable to stat
[Sun Feb 22 04:37:32.384256 2026] [php:error] [pid 83340] [client 20.205.10.135:0] script '/domains/takie/a2.php' not found or unable to stat
[Sun Feb 22 04:37:32.823293 2026] [php:error] [pid 83340] [client 20.205.10.135:0] script '/domains/takie/jsond.php' not found or unable to stat
[Sun Feb 22 04:37:37.130936 2026] [php:error] [pid 83341] [client 34.96.162.49:0] script '/domains/larrysr/adminer.php' not found or unable to stat
[Sun Feb 22 04:37:42.305109 2026] [php:error] [pid 83340] [client 35.247.243.243:0] script '/domains/larrysr/adminer-5.0.1.php' not found or unable to stat
[Sun Feb 22 04:37:45.599157 2026] [php:error] [pid 83289] [client 20.210.89.170:0] script '/domains/rextrav/wp-trackback.php' not found or unable to stat
[Sun Feb 22 04:37:45.764653 2026] [php:error] [pid 83289] [client 20.210.89.170:0] script '/domains/rextrav/about.php' not found or unable to stat
[Sun Feb 22 04:37:45.930183 2026] [php:error] [pid 83289] [client 20.210.89.170:0] script '/domains/rextrav/file.php' not found or unable to stat
[Sun Feb 22 04:37:46.096441 2026] [php:error] [pid 83289] [client 20.210.89.170:0] script '/domains/rextrav/wp-good.php' not found or unable to stat
[Sun Feb 22 04:37:46.262109 2026] [php:error] [pid 83289] [client 20.210.89.170:0] script '/domains/rextrav/xmlrpc.php' not found or unable to stat
[Sun Feb 22 04:37:46.427807 2026] [php:error] [pid 83289] [client 20.210.89.170:0] script '/domains/rextrav/goods.php' not found or unable to stat
[Sun Feb 22 04:37:46.593449 2026] [php:error] [pid 83289] [client 20.210.89.170:0] script '/domains/rextrav/ioxi-o.php' not found or unable to stat
[Sun Feb 22 04:37:46.759010 2026] [php:error] [pid 83289] [client 20.210.89.170:0] script '/domains/rextrav/class-t.api.php' not found or unable to stat
[Sun Feb 22 04:37:46.924510 2026] [php:error] [pid 83289] [client 20.210.89.170:0] script '/domains/rextrav/admin.php' not found or unable to stat
[Sun Feb 22 04:37:47.090344 2026] [php:error] [pid 83289] [client 20.210.89.170:0] script '/domains/rextrav/sf.php' not found or unable to stat
[Sun Feb 22 04:37:47.256199 2026] [php:error] [pid 83289] [client 20.210.89.170:0] script '/domains/rextrav/rip.php' not found or unable to stat
[Sun Feb 22 04:37:47.422230 2026] [php:error] [pid 83289] [client 20.210.89.170:0] script '/domains/rextrav/autoload_classmap.php' not found or unable to stat
[Sun Feb 22 04:37:47.587969 2026] [php:error] [pid 83289] [client 20.210.89.170:0] script '/domains/rextrav/chosen.php' not found or unable to stat
[Sun Feb 22 04:37:47.753552 2026] [php:error] [pid 83289] [client 20.210.89.170:0] script '/domains/rextrav/classwithtostring.php' not found or unable to stat
