[Sun Feb 22 02:17:57.607731 2026] [php:error] [pid 81412] [client 20.100.192.217:0] script '/domains/system_default/f.php' not found or unable to stat
[Sun Feb 22 02:17:57.700348 2026] [php:error] [pid 81412] [client 20.100.192.217:0] script '/domains/system_default/p.php' not found or unable to stat
[Sun Feb 22 02:17:57.792818 2026] [php:error] [pid 81412] [client 20.100.192.217:0] script '/domains/system_default/d.php' not found or unable to stat
[Sun Feb 22 02:17:57.825941 2026] [php:error] [pid 81411] [client 20.212.6.161:0] script '/domains/hand-hammerweb/abc.php' not found or unable to stat
[Sun Feb 22 02:17:57.895565 2026] [php:error] [pid 81412] [client 20.100.192.217:0] script '/domains/system_default/9.php' not found or unable to stat
[Sun Feb 22 02:17:57.993375 2026] [php:error] [pid 81412] [client 20.100.192.217:0] script '/domains/system_default/222.php' not found or unable to stat
[Sun Feb 22 02:17:58.052330 2026] [php:error] [pid 81411] [client 20.212.6.161:0] script '/domains/hand-hammerweb/gettest.php' not found or unable to stat
[Sun Feb 22 02:17:58.086045 2026] [php:error] [pid 81412] [client 20.100.192.217:0] script '/domains/system_default/file2.php' not found or unable to stat
[Sun Feb 22 02:17:58.097296 2026] [php:error] [pid 81403] [client 20.89.58.48:0] script '/domains/nostrada/an.php' not found or unable to stat
[Sun Feb 22 02:17:58.178684 2026] [php:error] [pid 81412] [client 20.100.192.217:0] script '/domains/system_default/x.php' not found or unable to stat
[Sun Feb 22 02:17:58.274485 2026] [php:error] [pid 81412] [client 20.100.192.217:0] script '/domains/system_default/i.php' not found or unable to stat
[Sun Feb 22 02:17:58.279658 2026] [php:error] [pid 81411] [client 20.212.6.161:0] script '/domains/hand-hammerweb/sbhu.php' not found or unable to stat
[Sun Feb 22 02:17:58.367051 2026] [php:error] [pid 81412] [client 20.100.192.217:0] script '/domains/system_default/y.php' not found or unable to stat
[Sun Feb 22 02:17:58.399008 2026] [php:error] [pid 81403] [client 20.89.58.48:0] script '/domains/nostrada/orouu.php' not found or unable to stat
[Sun Feb 22 02:17:58.462296 2026] [php:error] [pid 81412] [client 20.100.192.217:0] script '/domains/system_default/0.php' not found or unable to stat
[Sun Feb 22 02:17:58.507977 2026] [php:error] [pid 81411] [client 20.212.6.161:0] script '/domains/hand-hammerweb/wp-trackback.php' not found or unable to stat
[Sun Feb 22 02:17:58.555236 2026] [php:error] [pid 81412] [client 20.100.192.217:0] script '/domains/system_default/pp.php' not found or unable to stat
[Sun Feb 22 02:17:58.571553 2026] [php:error] [pid 81403] [client 20.89.58.48:0] script '/domains/nostrada/config.php' not found or unable to stat
[Sun Feb 22 02:17:58.648216 2026] [php:error] [pid 81412] [client 20.100.192.217:0] script '/domains/system_default/oo.php' not found or unable to stat
[Sun Feb 22 02:17:58.737171 2026] [php:error] [pid 81403] [client 20.89.58.48:0] script '/domains/nostrada/z.php' not found or unable to stat
[Sun Feb 22 02:17:58.749275 2026] [php:error] [pid 81412] [client 20.100.192.217:0] script '/domains/system_default/ee.php' not found or unable to stat
[Sun Feb 22 02:17:58.761863 2026] [php:error] [pid 81411] [client 20.212.6.161:0] script '/domains/hand-hammerweb/alfashell.php' not found or unable to stat
[Sun Feb 22 02:17:58.842432 2026] [php:error] [pid 81412] [client 20.100.192.217:0] script '/domains/system_default/403.php' not found or unable to stat
[Sun Feb 22 02:17:58.903982 2026] [php:error] [pid 81403] [client 20.89.58.48:0] script '/domains/nostrada/55b76.php' not found or unable to stat
[Sun Feb 22 02:17:58.940804 2026] [php:error] [pid 81412] [client 20.100.192.217:0] script '/domains/system_default/404.php' not found or unable to stat
[Sun Feb 22 02:17:59.043409 2026] [php:error] [pid 81412] [client 20.100.192.217:0] script '/domains/system_default/312.php' not found or unable to stat
[Sun Feb 22 02:17:59.237971 2026] [php:error] [pid 81403] [client 20.89.58.48:0] script '/domains/nostrada/kalso.php' not found or unable to stat
[Sun Feb 22 02:17:59.255628 2026] [php:error] [pid 81411] [client 20.212.6.161:0] script '/domains/hand-hammerweb/aaa.php' not found or unable to stat
[Sun Feb 22 02:17:59.482113 2026] [php:error] [pid 81411] [client 20.212.6.161:0] script '/domains/hand-hammerweb/chosen.php' not found or unable to stat
[Sun Feb 22 02:17:59.505279 2026] [php:error] [pid 81403] [client 20.89.58.48:0] script '/domains/nostrada/web.php' not found or unable to stat
[Sun Feb 22 02:17:59.673503 2026] [php:error] [pid 81403] [client 20.89.58.48:0] script '/domains/nostrada/5b9ac.php' not found or unable to stat
[Sun Feb 22 02:17:59.968254 2026] [php:error] [pid 81403] [client 20.89.58.48:0] script '/domains/nostrada/system.php' not found or unable to stat
[Sun Feb 22 02:18:00.152936 2026] [php:error] [pid 81411] [client 20.212.6.161:0] script '/domains/hand-hammerweb/tmpls.php' not found or unable to stat
[Sun Feb 22 02:18:00.303579 2026] [php:error] [pid 81403] [client 20.89.58.48:0] script '/domains/nostrada/byp.php' not found or unable to stat
[Sun Feb 22 02:18:00.402641 2026] [php:error] [pid 81411] [client 20.212.6.161:0] script '/domains/hand-hammerweb/gtc.php' not found or unable to stat
[Sun Feb 22 02:18:00.665930 2026] [php:error] [pid 81411] [client 20.212.6.161:0] script '/domains/hand-hammerweb/ty.php' not found or unable to stat
[Sun Feb 22 02:18:00.966183 2026] [php:error] [pid 81391] [client 14.241.96.71:0] script '/domains/mschmid/xmlrpc.php' not found or unable to stat
[Sun Feb 22 02:18:01.437885 2026] [php:error] [pid 81411] [client 20.212.6.161:0] script '/domains/hand-hammerweb/0x.php' not found or unable to stat
[Sun Feb 22 02:18:01.586962 2026] [php:error] [pid 81414] [client 20.89.58.48:0] script '/domains/nostrada/domains.php' not found or unable to stat
[Sun Feb 22 02:18:01.668601 2026] [php:error] [pid 81411] [client 20.212.6.161:0] script '/domains/hand-hammerweb/inputs.php' not found or unable to stat
[Sun Feb 22 02:18:01.751484 2026] [php:error] [pid 81414] [client 20.89.58.48:0] script '/domains/nostrada/clss.php' not found or unable to stat
[Sun Feb 22 02:18:01.895086 2026] [php:error] [pid 81411] [client 20.212.6.161:0] script '/domains/hand-hammerweb/test1.php' not found or unable to stat
[Sun Feb 22 02:18:02.054188 2026] [php:error] [pid 81414] [client 20.89.58.48:0] script '/domains/nostrada/autoload_classmap.php' not found or unable to stat
[Sun Feb 22 02:18:02.121567 2026] [php:error] [pid 81411] [client 20.212.6.161:0] script '/domains/hand-hammerweb/new4.php' not found or unable to stat
[Sun Feb 22 02:18:02.271930 2026] [php:error] [pid 81414] [client 20.89.58.48:0] script '/domains/nostrada/byp.php' not found or unable to stat
[Sun Feb 22 02:18:02.373900 2026] [php:error] [pid 81411] [client 20.212.6.161:0] script '/domains/hand-hammerweb/img.php' not found or unable to stat
[Sun Feb 22 02:18:02.697882 2026] [php:error] [pid 81414] [client 20.89.58.48:0] script '/domains/nostrada/zc-104.php' not found or unable to stat
[Sun Feb 22 02:18:02.855591 2026] [php:error] [pid 81411] [client 20.212.6.161:0] script '/domains/hand-hammerweb/w.php' not found or unable to stat
[Sun Feb 22 02:18:03.027999 2026] [php:error] [pid 81414] [client 20.89.58.48:0] script '/domains/nostrada/6kDPjgFTmvS.php' not found or unable to stat
[Sun Feb 22 02:18:03.087108 2026] [php:error] [pid 81411] [client 20.212.6.161:0] script '/domains/hand-hammerweb/f35.php' not found or unable to stat
[Sun Feb 22 02:18:03.219916 2026] [php:error] [pid 81414] [client 20.89.58.48:0] script '/domains/nostrada/vanda.php' not found or unable to stat
[Sun Feb 22 02:18:03.550105 2026] [php:error] [pid 81414] [client 20.89.58.48:0] script '/domains/nostrada/install.php' not found or unable to stat
[Sun Feb 22 02:18:04.379196 2026] [php:error] [pid 81414] [client 20.89.58.48:0] script '/domains/nostrada/gdn.php' not found or unable to stat
[Sun Feb 22 02:18:04.547109 2026] [php:error] [pid 81414] [client 20.89.58.48:0] script '/domains/nostrada/cache.php' not found or unable to stat
[Sun Feb 22 02:18:04.855199 2026] [php:error] [pid 81403] [client 20.212.6.161:0] script '/domains/hand-hammerweb/siteheads.php' not found or unable to stat
[Sun Feb 22 02:18:04.893437 2026] [php:error] [pid 81414] [client 20.89.58.48:0] script '/domains/nostrada/asd.php' not found or unable to stat
[Sun Feb 22 02:18:05.058451 2026] [php:error] [pid 81414] [client 20.89.58.48:0] script '/domains/nostrada/favicon.php' not found or unable to stat
[Sun Feb 22 02:18:05.223106 2026] [php:error] [pid 81414] [client 20.89.58.48:0] script '/domains/nostrada/file.php' not found or unable to stat
[Sun Feb 22 02:18:05.387897 2026] [php:error] [pid 81414] [client 20.89.58.48:0] script '/domains/nostrada/rzki.php' not found or unable to stat
[Sun Feb 22 02:18:05.579185 2026] [php:error] [pid 81414] [client 20.89.58.48:0] script '/domains/nostrada/buy.php' not found or unable to stat
[Sun Feb 22 02:18:05.580708 2026] [php:error] [pid 81403] [client 20.212.6.161:0] script '/domains/hand-hammerweb/cwclass.php' not found or unable to stat
[Sun Feb 22 02:18:05.753653 2026] [php:error] [pid 81414] [client 20.89.58.48:0] script '/domains/nostrada/install.php' not found or unable to stat
[Sun Feb 22 02:18:05.918528 2026] [php:error] [pid 81414] [client 20.89.58.48:0] script '/domains/nostrada/inputs.php' not found or unable to stat
[Sun Feb 22 02:18:06.482389 2026] [php:error] [pid 81414] [client 20.89.58.48:0] script '/domains/nostrada/ws.php' not found or unable to stat
[Sun Feb 22 02:18:06.646869 2026] [php:error] [pid 81414] [client 20.89.58.48:0] script '/domains/nostrada/44.php' not found or unable to stat
[Sun Feb 22 02:18:06.785046 2026] [php:error] [pid 81403] [client 20.212.6.161:0] script '/domains/hand-hammerweb/g.php' not found or unable to stat
[Sun Feb 22 02:18:07.020466 2026] [php:error] [pid 81414] [client 20.89.58.48:0] script '/domains/nostrada/404.php' not found or unable to stat
[Sun Feb 22 02:18:07.258365 2026] [php:error] [pid 81403] [client 20.212.6.161:0] script '/domains/hand-hammerweb/install.php' not found or unable to stat
[Sun Feb 22 02:18:07.555759 2026] [php:error] [pid 81414] [client 20.89.58.48:0] script '/domains/nostrada/wp-login.php' not found or unable to stat
[Sun Feb 22 02:18:07.898000 2026] [php:error] [pid 81403] [client 20.212.6.161:0] script '/domains/hand-hammerweb/autoload_classmap.php' not found or unable to stat
[Sun Feb 22 02:18:08.124338 2026] [php:error] [pid 81403] [client 20.212.6.161:0] script '/domains/hand-hammerweb/bgymj.php' not found or unable to stat
[Sun Feb 22 02:18:08.277880 2026] [php:error] [pid 81414] [client 20.89.58.48:0] script '/domains/nostrada/wp-config-sample.php' not found or unable to stat
[Sun Feb 22 02:18:08.537603 2026] [php:error] [pid 81414] [client 20.89.58.48:0] script '/domains/nostrada/rip.php' not found or unable to stat
[Sun Feb 22 02:18:09.136576 2026] [php:error] [pid 81414] [client 20.89.58.48:0] script '/domains/nostrada/images/all.php' not found or unable to stat
[Sun Feb 22 02:18:09.517231 2026] [php:error] [pid 81414] [client 20.89.58.48:0] script '/domains/nostrada/404.php' not found or unable to stat
[Sun Feb 22 02:18:09.681561 2026] [php:error] [pid 81414] [client 20.89.58.48:0] script '/domains/nostrada/wp-blog.php' not found or unable to stat
[Sun Feb 22 02:18:09.846277 2026] [php:error] [pid 81414] [client 20.89.58.48:0] script '/domains/nostrada/info.php' not found or unable to stat
[Sun Feb 22 02:18:10.231768 2026] [php:error] [pid 81414] [client 20.89.58.48:0] script '/domains/nostrada/rip.php' not found or unable to stat
[Sun Feb 22 02:18:10.396085 2026] [php:error] [pid 81414] [client 20.89.58.48:0] script '/domains/nostrada/h.php' not found or unable to stat
[Sun Feb 22 02:18:10.560733 2026] [php:error] [pid 81414] [client 20.89.58.48:0] script '/domains/nostrada/56c53.php' not found or unable to stat
[Sun Feb 22 02:18:10.893970 2026] [php:error] [pid 81414] [client 20.89.58.48:0] script '/domains/nostrada/i.php' not found or unable to stat
[Sun Feb 22 02:18:11.060552 2026] [php:error] [pid 81414] [client 20.89.58.48:0] script '/domains/nostrada/xsas.php' not found or unable to stat
[Sun Feb 22 02:18:11.225270 2026] [php:error] [pid 81414] [client 20.89.58.48:0] script '/domains/nostrada/varb.php' not found or unable to stat
[Sun Feb 22 02:18:11.587840 2026] [php:error] [pid 81414] [client 20.89.58.48:0] script '/domains/nostrada/xxzdc.php' not found or unable to stat
[Sun Feb 22 02:18:11.751738 2026] [php:error] [pid 81414] [client 20.89.58.48:0] script '/domains/nostrada/gdn.php' not found or unable to stat
[Sun Feb 22 02:18:11.915813 2026] [php:error] [pid 81414] [client 20.89.58.48:0] script '/domains/nostrada/elp.php' not found or unable to stat
[Sun Feb 22 02:18:12.080285 2026] [php:error] [pid 81414] [client 20.89.58.48:0] script '/domains/nostrada/144.php' not found or unable to stat
[Sun Feb 22 02:18:12.408328 2026] [php:error] [pid 81414] [client 20.89.58.48:0] script '/domains/nostrada/wp-conf.php' not found or unable to stat
[Sun Feb 22 02:18:12.751487 2026] [php:error] [pid 81414] [client 20.89.58.48:0] script '/domains/nostrada/lm15.php' not found or unable to stat
[Sun Feb 22 02:18:12.915920 2026] [php:error] [pid 81414] [client 20.89.58.48:0] script '/domains/nostrada/inputs.php' not found or unable to stat
[Sun Feb 22 02:18:13.409800 2026] [php:error] [pid 81414] [client 20.89.58.48:0] script '/domains/nostrada/d12.php' not found or unable to stat
[Sun Feb 22 02:18:13.574223 2026] [php:error] [pid 81414] [client 20.89.58.48:0] script '/domains/nostrada/test.php' not found or unable to stat
[Sun Feb 22 02:18:13.739218 2026] [php:error] [pid 81414] [client 20.89.58.48:0] script '/domains/nostrada/hehe.php' not found or unable to stat
[Sun Feb 22 02:18:14.247360 2026] [php:error] [pid 81414] [client 20.89.58.48:0] script '/domains/nostrada/themes.php' not found or unable to stat
[Sun Feb 22 02:18:14.418216 2026] [php:error] [pid 81414] [client 20.89.58.48:0] script '/domains/nostrada/bo.php' not found or unable to stat
[Sun Feb 22 02:18:14.655473 2026] [php:error] [pid 81414] [client 20.89.58.48:0] script '/domains/nostrada/a5e0a.php' not found or unable to stat
[Sun Feb 22 02:18:14.823660 2026] [php:error] [pid 81414] [client 20.89.58.48:0] script '/domains/nostrada/z.php' not found or unable to stat
[Sun Feb 22 02:19:23.550680 2026] [php:error] [pid 81433] [client 216.244.66.232:0] script '/domains/hdickens.enteract/kmnj.php' not found or unable to stat
[Sun Feb 22 02:19:27.922143 2026] [php:error] [pid 81424] [client 216.244.66.232:0] script '/domains/hdickens.enteract/kmnj.php' not found or unable to stat
[Sun Feb 22 02:19:31.651745 2026] [php:error] [pid 81433] [client 216.244.66.232:0] script '/domains/hdickens.enteract/kmnj.php' not found or unable to stat
[Sun Feb 22 02:19:34.858540 2026] [php:error] [pid 81424] [client 210.15.36.200:0] script '/domains/markrose/xmlrpc.php' not found or unable to stat, referer: http://www.zompist.com
[Sun Feb 22 02:19:34.913417 2026] [php:error] [pid 81428] [client 216.244.66.232:0] script '/domains/hdickens.enteract/kmnj.php' not found or unable to stat
[Sun Feb 22 02:20:38.575756 2026] [php:error] [pid 81446] [client 20.5.72.178:0] script '/domains/nmksgroupweb/x.php' not found or unable to stat
[Sun Feb 22 02:20:38.778360 2026] [php:error] [pid 81446] [client 20.5.72.178:0] script '/domains/nmksgroupweb/chosen.php' not found or unable to stat
[Sun Feb 22 02:20:39.037421 2026] [php:error] [pid 81446] [client 20.5.72.178:0] script '/domains/nmksgroupweb/radio.php' not found or unable to stat
[Sun Feb 22 02:20:39.437842 2026] [php:error] [pid 81446] [client 20.5.72.178:0] script '/domains/nmksgroupweb/okxh.php' not found or unable to stat
[Sun Feb 22 02:20:39.647972 2026] [php:error] [pid 81446] [client 20.5.72.178:0] script '/domains/nmksgroupweb/shell20211028.php' not found or unable to stat
[Sun Feb 22 02:20:39.850132 2026] [php:error] [pid 81446] [client 20.5.72.178:0] script '/domains/nmksgroupweb/zqhfn.php' not found or unable to stat
[Sun Feb 22 02:20:40.308792 2026] [php:error] [pid 81446] [client 20.5.72.178:0] script '/domains/nmksgroupweb/k.php' not found or unable to stat
[Sun Feb 22 02:20:40.713373 2026] [php:error] [pid 81446] [client 20.5.72.178:0] script '/domains/nmksgroupweb/403.php' not found or unable to stat
[Sun Feb 22 02:20:40.913519 2026] [php:error] [pid 81446] [client 20.5.72.178:0] script '/domains/nmksgroupweb/fimai.php' not found or unable to stat
[Sun Feb 22 02:20:41.128728 2026] [php:error] [pid 81446] [client 20.5.72.178:0] script '/domains/nmksgroupweb/maul.php' not found or unable to stat
[Sun Feb 22 02:20:41.342207 2026] [php:error] [pid 81446] [client 20.5.72.178:0] script '/domains/nmksgroupweb/elp.php' not found or unable to stat
[Sun Feb 22 02:20:41.548466 2026] [php:error] [pid 81446] [client 20.5.72.178:0] script '/domains/nmksgroupweb/tt.php' not found or unable to stat
[Sun Feb 22 02:20:42.316068 2026] [php:error] [pid 81446] [client 20.5.72.178:0] script '/domains/nmksgroupweb/an.php' not found or unable to stat
[Sun Feb 22 02:20:42.516902 2026] [php:error] [pid 81446] [client 20.5.72.178:0] script '/domains/nmksgroupweb/orouu.php' not found or unable to stat
[Sun Feb 22 02:20:42.952908 2026] [php:error] [pid 81446] [client 20.5.72.178:0] script '/domains/nmksgroupweb/config.php' not found or unable to stat
[Sun Feb 22 02:20:43.153433 2026] [php:error] [pid 81446] [client 20.5.72.178:0] script '/domains/nmksgroupweb/z.php' not found or unable to stat
[Sun Feb 22 02:20:43.353566 2026] [php:error] [pid 81446] [client 20.5.72.178:0] script '/domains/nmksgroupweb/55b76.php' not found or unable to stat
[Sun Feb 22 02:20:44.033606 2026] [php:error] [pid 81446] [client 20.5.72.178:0] script '/domains/nmksgroupweb/kalso.php' not found or unable to stat
[Sun Feb 22 02:20:44.235043 2026] [php:error] [pid 81446] [client 20.5.72.178:0] script '/domains/nmksgroupweb/web.php' not found or unable to stat
[Sun Feb 22 02:20:44.561207 2026] [php:error] [pid 81446] [client 20.5.72.178:0] script '/domains/nmksgroupweb/5b9ac.php' not found or unable to stat
[Sun Feb 22 02:20:44.738595 2026] [php:error] [pid 81445] [client 177.91.225.14:0] script '/domains/hofficer1/xmlrpc.php' not found or unable to stat
[Sun Feb 22 02:20:45.034878 2026] [php:error] [pid 81446] [client 20.5.72.178:0] script '/domains/nmksgroupweb/system.php' not found or unable to stat
[Sun Feb 22 02:20:45.464460 2026] [php:error] [pid 81446] [client 20.5.72.178:0] script '/domains/nmksgroupweb/byp.php' not found or unable to stat
[Sun Feb 22 02:20:47.346116 2026] [php:error] [pid 81452] [client 20.5.72.178:0] script '/domains/nmksgroupweb/domains.php' not found or unable to stat
[Sun Feb 22 02:20:47.556951 2026] [php:error] [pid 81452] [client 20.5.72.178:0] script '/domains/nmksgroupweb/clss.php' not found or unable to stat
[Sun Feb 22 02:20:47.869805 2026] [php:error] [pid 81452] [client 20.5.72.178:0] script '/domains/nmksgroupweb/autoload_classmap.php' not found or unable to stat
[Sun Feb 22 02:20:48.063887 2026] [php:error] [pid 81452] [client 20.5.72.178:0] script '/domains/nmksgroupweb/byp.php' not found or unable to stat
[Sun Feb 22 02:20:48.457665 2026] [php:error] [pid 81452] [client 20.5.72.178:0] script '/domains/nmksgroupweb/zc-104.php' not found or unable to stat
[Sun Feb 22 02:20:49.045350 2026] [php:error] [pid 81452] [client 20.5.72.178:0] script '/domains/nmksgroupweb/6kDPjgFTmvS.php' not found or unable to stat
[Sun Feb 22 02:20:49.334236 2026] [php:error] [pid 81452] [client 20.5.72.178:0] script '/domains/nmksgroupweb/vanda.php' not found or unable to stat
[Sun Feb 22 02:20:49.739987 2026] [php:error] [pid 81452] [client 20.5.72.178:0] script '/domains/nmksgroupweb/install.php' not found or unable to stat
[Sun Feb 22 02:20:50.780809 2026] [php:error] [pid 81452] [client 20.5.72.178:0] script '/domains/nmksgroupweb/gdn.php' not found or unable to stat
[Sun Feb 22 02:20:50.985632 2026] [php:error] [pid 81452] [client 20.5.72.178:0] script '/domains/nmksgroupweb/cache.php' not found or unable to stat
[Sun Feb 22 02:20:51.472748 2026] [php:error] [pid 81452] [client 20.5.72.178:0] script '/domains/nmksgroupweb/asd.php' not found or unable to stat
[Sun Feb 22 02:20:51.667135 2026] [php:error] [pid 81452] [client 20.5.72.178:0] script '/domains/nmksgroupweb/favicon.php' not found or unable to stat
[Sun Feb 22 02:20:51.861632 2026] [php:error] [pid 81452] [client 20.5.72.178:0] script '/domains/nmksgroupweb/file.php' not found or unable to stat
[Sun Feb 22 02:20:52.056030 2026] [php:error] [pid 81452] [client 20.5.72.178:0] script '/domains/nmksgroupweb/rzki.php' not found or unable to stat
[Sun Feb 22 02:20:52.394491 2026] [php:error] [pid 81452] [client 20.5.72.178:0] script '/domains/nmksgroupweb/buy.php' not found or unable to stat
[Sun Feb 22 02:20:52.769965 2026] [php:error] [pid 81452] [client 20.5.72.178:0] script '/domains/nmksgroupweb/install.php' not found or unable to stat
[Sun Feb 22 02:20:52.964509 2026] [php:error] [pid 81452] [client 20.5.72.178:0] script '/domains/nmksgroupweb/inputs.php' not found or unable to stat
[Sun Feb 22 02:20:53.546952 2026] [php:error] [pid 81452] [client 20.5.72.178:0] script '/domains/nmksgroupweb/ws.php' not found or unable to stat
[Sun Feb 22 02:20:53.741414 2026] [php:error] [pid 81452] [client 20.5.72.178:0] script '/domains/nmksgroupweb/44.php' not found or unable to stat
[Sun Feb 22 02:20:54.130073 2026] [php:error] [pid 81452] [client 20.5.72.178:0] script '/domains/nmksgroupweb/404.php' not found or unable to stat
[Sun Feb 22 02:20:54.718244 2026] [php:error] [pid 81452] [client 20.5.72.178:0] script '/domains/nmksgroupweb/wp-login.php' not found or unable to stat
[Sun Feb 22 02:20:55.507093 2026] [php:error] [pid 81452] [client 20.5.72.178:0] script '/domains/nmksgroupweb/wp-config-sample.php' not found or unable to stat
[Sun Feb 22 02:20:55.701172 2026] [php:error] [pid 81452] [client 20.5.72.178:0] script '/domains/nmksgroupweb/rip.php' not found or unable to stat
[Sun Feb 22 02:20:56.716042 2026] [php:error] [pid 81452] [client 20.5.72.178:0] script '/domains/nmksgroupweb/404.php' not found or unable to stat
[Sun Feb 22 02:20:56.910476 2026] [php:error] [pid 81452] [client 20.5.72.178:0] script '/domains/nmksgroupweb/wp-blog.php' not found or unable to stat
[Sun Feb 22 02:20:57.111264 2026] [php:error] [pid 81452] [client 20.5.72.178:0] script '/domains/nmksgroupweb/info.php' not found or unable to stat
[Sun Feb 22 02:20:57.508076 2026] [php:error] [pid 81452] [client 20.5.72.178:0] script '/domains/nmksgroupweb/rip.php' not found or unable to stat
[Sun Feb 22 02:20:57.708406 2026] [php:error] [pid 81452] [client 20.5.72.178:0] script '/domains/nmksgroupweb/h.php' not found or unable to stat
[Sun Feb 22 02:20:57.902651 2026] [php:error] [pid 81452] [client 20.5.72.178:0] script '/domains/nmksgroupweb/56c53.php' not found or unable to stat
[Sun Feb 22 02:20:58.298849 2026] [php:error] [pid 81452] [client 20.5.72.178:0] script '/domains/nmksgroupweb/i.php' not found or unable to stat
[Sun Feb 22 02:20:58.493421 2026] [php:error] [pid 81452] [client 20.5.72.178:0] script '/domains/nmksgroupweb/xsas.php' not found or unable to stat
[Sun Feb 22 02:20:58.687906 2026] [php:error] [pid 81452] [client 20.5.72.178:0] script '/domains/nmksgroupweb/varb.php' not found or unable to stat
[Sun Feb 22 02:20:59.079170 2026] [php:error] [pid 81452] [client 20.5.72.178:0] script '/domains/nmksgroupweb/xxzdc.php' not found or unable to stat
[Sun Feb 22 02:20:59.374822 2026] [php:error] [pid 81452] [client 20.5.72.178:0] script '/domains/nmksgroupweb/gdn.php' not found or unable to stat
[Sun Feb 22 02:20:59.575406 2026] [php:error] [pid 81452] [client 20.5.72.178:0] script '/domains/nmksgroupweb/elp.php' not found or unable to stat
[Sun Feb 22 02:21:00.033828 2026] [php:error] [pid 81452] [client 20.5.72.178:0] script '/domains/nmksgroupweb/144.php' not found or unable to stat
[Sun Feb 22 02:21:00.447767 2026] [php:error] [pid 81452] [client 20.5.72.178:0] script '/domains/nmksgroupweb/wp-conf.php' not found or unable to stat
[Sun Feb 22 02:21:00.482512 2026] [php:error] [pid 81445] [client 20.89.58.48:0] script '/domains/system_default/aa.php' not found or unable to stat
[Sun Feb 22 02:21:00.650716 2026] [php:error] [pid 81445] [client 20.89.58.48:0] script '/domains/system_default/19.php' not found or unable to stat
[Sun Feb 22 02:21:00.836603 2026] [php:error] [pid 81452] [client 20.5.72.178:0] script '/domains/nmksgroupweb/lm15.php' not found or unable to stat
[Sun Feb 22 02:21:00.913395 2026] [php:error] [pid 81445] [client 20.89.58.48:0] script '/domains/system_default/f.php' not found or unable to stat
[Sun Feb 22 02:21:01.034744 2026] [php:error] [pid 81452] [client 20.5.72.178:0] script '/domains/nmksgroupweb/inputs.php' not found or unable to stat
[Sun Feb 22 02:21:01.081808 2026] [php:error] [pid 81445] [client 20.89.58.48:0] script '/domains/system_default/p.php' not found or unable to stat
[Sun Feb 22 02:21:01.294744 2026] [php:error] [pid 81445] [client 20.89.58.48:0] script '/domains/system_default/d.php' not found or unable to stat
[Sun Feb 22 02:21:01.463405 2026] [php:error] [pid 81445] [client 20.89.58.48:0] script '/domains/system_default/9.php' not found or unable to stat
[Sun Feb 22 02:21:01.617034 2026] [php:error] [pid 81452] [client 20.5.72.178:0] script '/domains/nmksgroupweb/d12.php' not found or unable to stat
[Sun Feb 22 02:21:01.797465 2026] [php:error] [pid 81445] [client 20.89.58.48:0] script '/domains/system_default/222.php' not found or unable to stat
[Sun Feb 22 02:21:01.811179 2026] [php:error] [pid 81452] [client 20.5.72.178:0] script '/domains/nmksgroupweb/test.php' not found or unable to stat
[Sun Feb 22 02:21:01.966533 2026] [php:error] [pid 81445] [client 20.89.58.48:0] script '/domains/system_default/file2.php' not found or unable to stat
[Sun Feb 22 02:21:02.005762 2026] [php:error] [pid 81452] [client 20.5.72.178:0] script '/domains/nmksgroupweb/hehe.php' not found or unable to stat
[Sun Feb 22 02:21:02.144938 2026] [php:error] [pid 81445] [client 20.89.58.48:0] script '/domains/system_default/x.php' not found or unable to stat
[Sun Feb 22 02:21:02.327366 2026] [php:error] [pid 81445] [client 20.89.58.48:0] script '/domains/system_default/i.php' not found or unable to stat
[Sun Feb 22 02:21:02.399731 2026] [php:error] [pid 81452] [client 20.5.72.178:0] script '/domains/nmksgroupweb/themes.php' not found or unable to stat
[Sun Feb 22 02:21:02.715508 2026] [php:error] [pid 81452] [client 20.5.72.178:0] script '/domains/nmksgroupweb/bo.php' not found or unable to stat
[Sun Feb 22 02:21:02.842769 2026] [php:error] [pid 81445] [client 20.89.58.48:0] script '/domains/system_default/y.php' not found or unable to stat
[Sun Feb 22 02:21:02.927108 2026] [php:error] [pid 81452] [client 20.5.72.178:0] script '/domains/nmksgroupweb/a5e0a.php' not found or unable to stat
[Sun Feb 22 02:21:03.011530 2026] [php:error] [pid 81445] [client 20.89.58.48:0] script '/domains/system_default/0.php' not found or unable to stat
[Sun Feb 22 02:21:03.122128 2026] [php:error] [pid 81452] [client 20.5.72.178:0] script '/domains/nmksgroupweb/z.php' not found or unable to stat
[Sun Feb 22 02:21:03.190713 2026] [php:error] [pid 81445] [client 20.89.58.48:0] script '/domains/system_default/pp.php' not found or unable to stat
[Sun Feb 22 02:21:03.373678 2026] [php:error] [pid 81445] [client 20.89.58.48:0] script '/domains/system_default/oo.php' not found or unable to stat
[Sun Feb 22 02:21:03.559112 2026] [php:error] [pid 81445] [client 20.89.58.48:0] script '/domains/system_default/ee.php' not found or unable to stat
[Sun Feb 22 02:21:03.908010 2026] [php:error] [pid 81445] [client 20.89.58.48:0] script '/domains/system_default/403.php' not found or unable to stat
[Sun Feb 22 02:21:04.085997 2026] [php:error] [pid 81445] [client 20.89.58.48:0] script '/domains/system_default/404.php' not found or unable to stat
[Sun Feb 22 02:21:04.254601 2026] [php:error] [pid 81445] [client 20.89.58.48:0] script '/domains/system_default/312.php' not found or unable to stat
[Sun Feb 22 02:21:31.829016 2026] [php:error] [pid 81441] [client 20.189.202.58:0] script '/domains/fifibear/wp-trackback.php' not found or unable to stat
[Sun Feb 22 02:21:32.000659 2026] [php:error] [pid 81441] [client 20.189.202.58:0] script '/domains/fifibear/about.php' not found or unable to stat
[Sun Feb 22 02:21:32.173264 2026] [php:error] [pid 81441] [client 20.189.202.58:0] script '/domains/fifibear/file.php' not found or unable to stat
[Sun Feb 22 02:21:32.344676 2026] [php:error] [pid 81441] [client 20.189.202.58:0] script '/domains/fifibear/wp-good.php' not found or unable to stat
[Sun Feb 22 02:21:32.537620 2026] [php:error] [pid 81441] [client 20.189.202.58:0] script '/domains/fifibear/xmlrpc.php' not found or unable to stat
[Sun Feb 22 02:21:32.709607 2026] [php:error] [pid 81441] [client 20.189.202.58:0] script '/domains/fifibear/goods.php' not found or unable to stat
[Sun Feb 22 02:21:32.881492 2026] [php:error] [pid 81441] [client 20.189.202.58:0] script '/domains/fifibear/ioxi-o.php' not found or unable to stat
[Sun Feb 22 02:21:33.056399 2026] [php:error] [pid 81441] [client 20.189.202.58:0] script '/domains/fifibear/class-t.api.php' not found or unable to stat
[Sun Feb 22 02:21:33.227627 2026] [php:error] [pid 81441] [client 20.189.202.58:0] script '/domains/fifibear/admin.php' not found or unable to stat
[Sun Feb 22 02:21:33.398967 2026] [php:error] [pid 81441] [client 20.189.202.58:0] script '/domains/fifibear/sf.php' not found or unable to stat
[Sun Feb 22 02:21:33.570675 2026] [php:error] [pid 81441] [client 20.189.202.58:0] script '/domains/fifibear/rip.php' not found or unable to stat
[Sun Feb 22 02:21:33.742413 2026] [php:error] [pid 81441] [client 20.189.202.58:0] script '/domains/fifibear/autoload_classmap.php' not found or unable to stat
[Sun Feb 22 02:21:33.913889 2026] [php:error] [pid 81441] [client 20.189.202.58:0] script '/domains/fifibear/chosen.php' not found or unable to stat
[Sun Feb 22 02:21:34.085334 2026] [php:error] [pid 81441] [client 20.189.202.58:0] script '/domains/fifibear/classwithtostring.php' not found or unable to stat
[Sun Feb 22 02:21:34.279718 2026] [php:error] [pid 81441] [client 20.189.202.58:0] script '/domains/fifibear/defaults.php' not found or unable to stat
[Sun Feb 22 02:21:35.382994 2026] [php:error] [pid 81441] [client 20.189.202.58:0] script '/domains/fifibear/info.php' not found or unable to stat
[Sun Feb 22 02:21:36.608717 2026] [php:error] [pid 81441] [client 20.189.202.58:0] script '/domains/fifibear/adminfuns.php' not found or unable to stat
[Sun Feb 22 02:21:53.529388 2026] [php:error] [pid 81445] [client 104.131.2.43:0] script '/domains/machinadynamica/xmlrpc.php' not found or unable to stat
[Sun Feb 22 02:23:24.429621 2026] [include:error] [pid 81483] [client 43.173.180.25:0] AH01371: unknown directive "code" in parsed doc /domains/testregisgroup/index.shtml
[Sun Feb 22 02:23:24.429652 2026] [include:error] [pid 81483] [client 43.173.180.25:0] AH01371: unknown directive "#code" in parsed doc /domains/testregisgroup/index.shtml
[Sun Feb 22 02:23:24.429665 2026] [include:error] [pid 81483] [client 43.173.180.25:0] AH01371: unknown directive "code" in parsed doc /domains/testregisgroup/index.shtml
[Sun Feb 22 02:23:24.429671 2026] [include:error] [pid 81483] [client 43.173.180.25:0] AH01371: unknown directive "code" in parsed doc /domains/testregisgroup/index.shtml
[Sun Feb 22 02:23:34.448887 2026] [php:error] [pid 81484] [client 20.24.200.53:0] script '/domains/system_default/wp-sing.php' not found or unable to stat
[Sun Feb 22 02:23:34.654262 2026] [php:error] [pid 81484] [client 20.24.200.53:0] script '/domains/system_default/term.php' not found or unable to stat
[Sun Feb 22 02:23:34.861270 2026] [php:error] [pid 81484] [client 20.24.200.53:0] script '/domains/system_default/adminfuns.php' not found or unable to stat
[Sun Feb 22 02:23:35.093292 2026] [php:error] [pid 81484] [client 20.24.200.53:0] script '/domains/system_default/wp-xml.php' not found or unable to stat
[Sun Feb 22 02:23:35.299908 2026] [php:error] [pid 81484] [client 20.24.200.53:0] script '/domains/system_default/wp-good.php' not found or unable to stat
[Sun Feb 22 02:23:35.505496 2026] [php:error] [pid 81484] [client 20.24.200.53:0] script '/domains/system_default/wp-links-opml.php' not found or unable to stat
[Sun Feb 22 02:23:35.710639 2026] [php:error] [pid 81484] [client 20.24.200.53:0] script '/domains/system_default/elp.php' not found or unable to stat
[Sun Feb 22 02:23:35.916868 2026] [php:error] [pid 81484] [client 20.24.200.53:0] script '/domains/system_default/wpc.php' not found or unable to stat
[Sun Feb 22 02:23:36.146986 2026] [php:error] [pid 81484] [client 20.24.200.53:0] script '/domains/system_default/admin.php' not found or unable to stat
[Sun Feb 22 02:23:36.352063 2026] [php:error] [pid 81484] [client 20.24.200.53:0] script '/domains/system_default/ioxi-o.php' not found or unable to stat
[Sun Feb 22 02:23:36.557309 2026] [php:error] [pid 81484] [client 20.24.200.53:0] script '/domains/system_default/about.php' not found or unable to stat
[Sun Feb 22 02:23:36.764258 2026] [php:error] [pid 81484] [client 20.24.200.53:0] script '/domains/system_default/file.php' not found or unable to stat
[Sun Feb 22 02:23:36.969719 2026] [php:error] [pid 81484] [client 20.24.200.53:0] script '/domains/system_default/bolt.php' not found or unable to stat
[Sun Feb 22 02:24:42.136250 2026] [php:error] [pid 81499] [client 52.169.206.229:0] script '/domains/conservation1/new4.php' not found or unable to stat
[Sun Feb 22 02:24:42.209877 2026] [php:error] [pid 81499] [client 52.169.206.229:0] script '/domains/conservation1/sc.php' not found or unable to stat
[Sun Feb 22 02:24:42.281354 2026] [php:error] [pid 81499] [client 52.169.206.229:0] script '/domains/conservation1/yussef.php' not found or unable to stat
[Sun Feb 22 02:24:42.352037 2026] [php:error] [pid 81499] [client 52.169.206.229:0] script '/domains/conservation1/wp-session.php' not found or unable to stat
[Sun Feb 22 02:24:42.424832 2026] [php:error] [pid 81499] [client 52.169.206.229:0] script '/domains/conservation1/tailed.php' not found or unable to stat
[Sun Feb 22 02:24:42.495652 2026] [php:error] [pid 81499] [client 52.169.206.229:0] script '/domains/conservation1/aq.php' not found or unable to stat
[Sun Feb 22 02:24:42.566800 2026] [php:error] [pid 81499] [client 52.169.206.229:0] script '/domains/conservation1/opts.php' not found or unable to stat
[Sun Feb 22 02:24:42.639111 2026] [php:error] [pid 81499] [client 52.169.206.229:0] script '/domains/conservation1/x123.php' not found or unable to stat
[Sun Feb 22 02:24:42.728828 2026] [php:error] [pid 81499] [client 52.169.206.229:0] script '/domains/conservation1/wp-act.php' not found or unable to stat
[Sun Feb 22 02:24:42.799851 2026] [php:error] [pid 81499] [client 52.169.206.229:0] script '/domains/conservation1/moshou.php' not found or unable to stat
[Sun Feb 22 02:24:42.870640 2026] [php:error] [pid 81499] [client 52.169.206.229:0] script '/domains/conservation1/seetox.php' not found or unable to stat
[Sun Feb 22 02:24:42.943257 2026] [php:error] [pid 81499] [client 52.169.206.229:0] script '/domains/conservation1/dom.php' not found or unable to stat
[Sun Feb 22 02:24:43.014898 2026] [php:error] [pid 81499] [client 52.169.206.229:0] script '/domains/conservation1/samiri.php' not found or unable to stat
[Sun Feb 22 02:24:43.085596 2026] [php:error] [pid 81499] [client 52.169.206.229:0] script '/domains/conservation1/plugins.php' not found or unable to stat
[Sun Feb 22 02:24:43.156518 2026] [php:error] [pid 81499] [client 52.169.206.229:0] script '/domains/conservation1/xoot.php' not found or unable to stat
[Sun Feb 22 02:24:43.242552 2026] [php:error] [pid 81499] [client 52.169.206.229:0] script '/domains/conservation1/X57.php' not found or unable to stat
[Sun Feb 22 02:24:43.318910 2026] [php:error] [pid 81499] [client 52.169.206.229:0] script '/domains/conservation1/vx.php' not found or unable to stat
[Sun Feb 22 02:24:43.390078 2026] [php:error] [pid 81499] [client 52.169.206.229:0] script '/domains/conservation1/file59.php' not found or unable to stat
[Sun Feb 22 02:24:43.538217 2026] [php:error] [pid 81499] [client 52.169.206.229:0] script '/domains/conservation1/shas.php' not found or unable to stat
[Sun Feb 22 02:24:43.609349 2026] [php:error] [pid 81499] [client 52.169.206.229:0] script '/domains/conservation1/xa.php' not found or unable to stat
[Sun Feb 22 02:24:43.682387 2026] [php:error] [pid 81499] [client 52.169.206.229:0] script '/domains/conservation1/xda.php' not found or unable to stat
[Sun Feb 22 02:24:43.756111 2026] [php:error] [pid 81499] [client 52.169.206.229:0] script '/domains/conservation1/er.php' not found or unable to stat
[Sun Feb 22 02:24:43.829485 2026] [php:error] [pid 81499] [client 52.169.206.229:0] script '/domains/conservation1/fault.php' not found or unable to stat
[Sun Feb 22 02:24:43.901701 2026] [php:error] [pid 81499] [client 52.169.206.229:0] script '/domains/conservation1/motu.php' not found or unable to stat
[Sun Feb 22 02:24:43.972816 2026] [php:error] [pid 81499] [client 52.169.206.229:0] script '/domains/conservation1/66.php' not found or unable to stat
[Sun Feb 22 02:24:44.044159 2026] [php:error] [pid 81499] [client 52.169.206.229:0] script '/domains/conservation1/leuk.php' not found or unable to stat
[Sun Feb 22 02:24:44.115843 2026] [php:error] [pid 81499] [client 52.169.206.229:0] script '/domains/conservation1/xqq.php' not found or unable to stat
[Sun Feb 22 02:24:44.186972 2026] [php:error] [pid 81499] [client 52.169.206.229:0] script '/domains/conservation1/kolda.php' not found or unable to stat
[Sun Feb 22 02:24:44.257631 2026] [php:error] [pid 81499] [client 52.169.206.229:0] script '/domains/conservation1/nw.php' not found or unable to stat
[Sun Feb 22 02:24:44.359330 2026] [php:error] [pid 81499] [client 52.169.206.229:0] script '/domains/conservation1/god.php' not found or unable to stat
[Sun Feb 22 02:24:44.431089 2026] [php:error] [pid 81499] [client 52.169.206.229:0] script '/domains/conservation1/666.php' not found or unable to stat
[Sun Feb 22 02:24:44.506774 2026] [php:error] [pid 81499] [client 52.169.206.229:0] script '/domains/conservation1/kj.php' not found or unable to stat
[Sun Feb 22 02:24:44.592608 2026] [php:error] [pid 81499] [client 52.169.206.229:0] script '/domains/conservation1/un.php' not found or unable to stat
[Sun Feb 22 02:24:44.664113 2026] [php:error] [pid 81499] [client 52.169.206.229:0] script '/domains/conservation1/fs.php' not found or unable to stat
[Sun Feb 22 02:24:44.735041 2026] [php:error] [pid 81499] [client 52.169.206.229:0] script '/domains/conservation1/ms.php' not found or unable to stat
[Sun Feb 22 02:24:44.838275 2026] [php:error] [pid 81499] [client 52.169.206.229:0] script '/domains/conservation1/login8.php' not found or unable to stat
[Sun Feb 22 02:24:44.909247 2026] [php:error] [pid 81499] [client 52.169.206.229:0] script '/domains/conservation1/nnyvn.php' not found or unable to stat
[Sun Feb 22 02:24:44.980176 2026] [php:error] [pid 81499] [client 52.169.206.229:0] script '/domains/conservation1/cu.php' not found or unable to stat
[Sun Feb 22 02:24:45.051169 2026] [php:error] [pid 81499] [client 52.169.206.229:0] script '/domains/conservation1/lul.php' not found or unable to stat
[Sun Feb 22 02:24:45.122976 2026] [php:error] [pid 81499] [client 52.169.206.229:0] script '/domains/conservation1/0.php' not found or unable to stat
[Sun Feb 22 02:24:45.221509 2026] [php:error] [pid 81499] [client 52.169.206.229:0] script '/domains/conservation1/ms-edit.php' not found or unable to stat
[Sun Feb 22 02:24:45.292566 2026] [php:error] [pid 81499] [client 52.169.206.229:0] script '/domains/conservation1/ya.php' not found or unable to stat
[Sun Feb 22 02:24:45.364497 2026] [php:error] [pid 81499] [client 52.169.206.229:0] script '/domains/conservation1/grsiuk.php' not found or unable to stat
[Sun Feb 22 02:24:45.436737 2026] [php:error] [pid 81499] [client 52.169.206.229:0] script '/domains/conservation1/wp-blog.php' not found or unable to stat
[Sun Feb 22 02:24:45.508536 2026] [php:error] [pid 81499] [client 52.169.206.229:0] script '/domains/conservation1/wp-access.php' not found or unable to stat
[Sun Feb 22 02:24:45.580757 2026] [php:error] [pid 81499] [client 52.169.206.229:0] script '/domains/conservation1/a1vx.php' not found or unable to stat
[Sun Feb 22 02:24:45.651336 2026] [php:error] [pid 81499] [client 52.169.206.229:0] script '/domains/conservation1/sbhu.php' not found or unable to stat
[Sun Feb 22 02:24:45.723512 2026] [php:error] [pid 81499] [client 52.169.206.229:0] script '/domains/conservation1/wp-the.php' not found or unable to stat
[Sun Feb 22 02:24:45.797963 2026] [php:error] [pid 81499] [client 52.169.206.229:0] script '/domains/conservation1/06.php' not found or unable to stat
[Sun Feb 22 02:24:45.869169 2026] [authz_core:error] [pid 81500] [client 176.32.195.85:0] AH01630: client denied by server configuration: /
[Sun Feb 22 02:24:45.870475 2026] [php:error] [pid 81499] [client 52.169.206.229:0] script '/domains/conservation1/wp5.php' not found or unable to stat
[Sun Feb 22 02:24:45.941790 2026] [php:error] [pid 81499] [client 52.169.206.229:0] script '/domains/conservation1/fot.php' not found or unable to stat
[Sun Feb 22 02:24:46.012699 2026] [php:error] [pid 81499] [client 52.169.206.229:0] script '/domains/conservation1/ff1.php' not found or unable to stat
[Sun Feb 22 02:24:46.084624 2026] [php:error] [pid 81499] [client 52.169.206.229:0] script '/domains/conservation1/forbidals.php' not found or unable to stat
[Sun Feb 22 02:24:46.156545 2026] [php:error] [pid 81499] [client 52.169.206.229:0] script '/domains/conservation1/erty.php' not found or unable to stat
[Sun Feb 22 02:24:46.227488 2026] [php:error] [pid 81499] [client 52.169.206.229:0] script '/domains/conservation1/dev1s.php' not found or unable to stat
[Sun Feb 22 02:24:46.298548 2026] [php:error] [pid 81499] [client 52.169.206.229:0] script '/domains/conservation1/ffd.php' not found or unable to stat
[Sun Feb 22 02:24:46.369370 2026] [php:error] [pid 81499] [client 52.169.206.229:0] script '/domains/conservation1/admiin.php' not found or unable to stat
[Sun Feb 22 02:24:46.440600 2026] [php:error] [pid 81499] [client 52.169.206.229:0] script '/domains/conservation1/ol.php' not found or unable to stat
[Sun Feb 22 02:24:46.512675 2026] [php:error] [pid 81499] [client 52.169.206.229:0] script '/domains/conservation1/Sanskrit.php' not found or unable to stat
[Sun Feb 22 02:24:46.587790 2026] [php:error] [pid 81499] [client 52.169.206.229:0] script '/domains/conservation1/vxrl.php' not found or unable to stat
[Sun Feb 22 02:24:46.662543 2026] [php:error] [pid 81499] [client 52.169.206.229:0] script '/domains/conservation1/re.php' not found or unable to stat
[Sun Feb 22 02:24:46.733555 2026] [php:error] [pid 81499] [client 52.169.206.229:0] script '/domains/conservation1/num.php' not found or unable to stat
[Sun Feb 22 02:24:46.804499 2026] [php:error] [pid 81499] [client 52.169.206.229:0] script '/domains/conservation1/axx.php' not found or unable to stat
[Sun Feb 22 02:24:46.875061 2026] [php:error] [pid 81499] [client 52.169.206.229:0] script '/domains/conservation1/vxrl.php' not found or unable to stat
[Sun Feb 22 02:24:46.945938 2026] [php:error] [pid 81499] [client 52.169.206.229:0] script '/domains/conservation1/in.php' not found or unable to stat
[Sun Feb 22 02:24:47.018466 2026] [php:error] [pid 81499] [client 52.169.206.229:0] script '/domains/conservation1/style.php' not found or unable to stat
[Sun Feb 22 02:24:47.092247 2026] [php:error] [pid 81499] [client 52.169.206.229:0] script '/domains/conservation1/we.php' not found or unable to stat
[Sun Feb 22 02:24:47.163652 2026] [php:error] [pid 81499] [client 52.169.206.229:0] script '/domains/conservation1/zwso.php' not found or unable to stat
[Sun Feb 22 02:24:47.234820 2026] [php:error] [pid 81499] [client 52.169.206.229:0] script '/domains/conservation1/karak.php' not found or unable to stat
[Sun Feb 22 02:24:47.306325 2026] [php:error] [pid 81499] [client 52.169.206.229:0] script '/domains/conservation1/prv8.php' not found or unable to stat
[Sun Feb 22 02:24:47.377147 2026] [php:error] [pid 81499] [client 52.169.206.229:0] script '/domains/conservation1/i.php' not found or unable to stat
[Sun Feb 22 02:24:47.449422 2026] [php:error] [pid 81499] [client 52.169.206.229:0] script '/domains/conservation1/a.php' not found or unable to stat
[Sun Feb 22 02:24:47.520700 2026] [php:error] [pid 81499] [client 52.169.206.229:0] script '/domains/conservation1/xmlrpc.php' not found or unable to stat
[Sun Feb 22 02:24:47.620125 2026] [php:error] [pid 81499] [client 52.169.206.229:0] script '/domains/conservation1/aw.php' not found or unable to stat
[Sun Feb 22 02:24:47.690868 2026] [php:error] [pid 81499] [client 52.169.206.229:0] script '/domains/conservation1/dev.php' not found or unable to stat
[Sun Feb 22 02:24:47.762067 2026] [php:error] [pid 81499] [client 52.169.206.229:0] script '/domains/conservation1/lock360.php' not found or unable to stat
[Sun Feb 22 02:24:47.833219 2026] [php:error] [pid 81499] [client 52.169.206.229:0] script '/domains/conservation1/155.php' not found or unable to stat
[Sun Feb 22 02:24:47.913222 2026] [php:error] [pid 81499] [client 52.169.206.229:0] script '/domains/conservation1/goat.php' not found or unable to stat
[Sun Feb 22 02:24:47.990431 2026] [php:error] [pid 81499] [client 52.169.206.229:0] script '/domains/conservation1/tcp.php' not found or unable to stat
[Sun Feb 22 02:24:48.061398 2026] [php:error] [pid 81499] [client 52.169.206.229:0] script '/domains/conservation1/ext.php' not found or unable to stat
[Sun Feb 22 02:24:48.133990 2026] [php:error] [pid 81499] [client 52.169.206.229:0] script '/domains/conservation1/inputs.php' not found or unable to stat
[Sun Feb 22 02:24:48.204899 2026] [php:error] [pid 81499] [client 52.169.206.229:0] script '/domains/conservation1/ioxi.php' not found or unable to stat
[Sun Feb 22 02:24:48.275501 2026] [php:error] [pid 81499] [client 52.169.206.229:0] script '/domains/conservation1/fe5.php' not found or unable to stat
[Sun Feb 22 02:24:48.346615 2026] [php:error] [pid 81499] [client 52.169.206.229:0] script '/domains/conservation1/ov.php' not found or unable to stat
[Sun Feb 22 02:24:48.488419 2026] [php:error] [pid 81499] [client 52.169.206.229:0] script '/domains/conservation1/default.php' not found or unable to stat
[Sun Feb 22 02:24:48.561362 2026] [php:error] [pid 81499] [client 52.169.206.229:0] script '/domains/conservation1/goods.php' not found or unable to stat
[Sun Feb 22 02:24:48.634607 2026] [php:error] [pid 81499] [client 52.169.206.229:0] script '/domains/conservation1/abcd.php' not found or unable to stat
[Sun Feb 22 02:24:48.705600 2026] [php:error] [pid 81499] [client 52.169.206.229:0] script '/domains/conservation1/class.1.php' not found or unable to stat
[Sun Feb 22 02:24:48.776358 2026] [php:error] [pid 81499] [client 52.169.206.229:0] script '/domains/conservation1/async.php' not found or unable to stat
[Sun Feb 22 02:24:48.846913 2026] [php:error] [pid 81499] [client 52.169.206.229:0] script '/domains/conservation1/ff.php' not found or unable to stat
[Sun Feb 22 02:24:48.919087 2026] [php:error] [pid 81499] [client 52.169.206.229:0] script '/domains/conservation1/ioxi-o.php' not found or unable to stat
[Sun Feb 22 02:24:48.990041 2026] [php:error] [pid 81499] [client 52.169.206.229:0] script '/domains/conservation1/manager.php' not found or unable to stat
[Sun Feb 22 02:24:49.061018 2026] [php:error] [pid 81499] [client 52.169.206.229:0] script '/domains/conservation1/wp-update.php' not found or unable to stat
[Sun Feb 22 02:24:49.138468 2026] [php:error] [pid 81499] [client 52.169.206.229:0] script '/domains/conservation1/file.php' not found or unable to stat
[Sun Feb 22 02:24:49.280779 2026] [php:error] [pid 81499] [client 52.169.206.229:0] script '/domains/conservation1/lc.php' not found or unable to stat
[Sun Feb 22 02:24:49.351585 2026] [php:error] [pid 81499] [client 52.169.206.229:0] script '/domains/conservation1/cbrfo.php' not found or unable to stat
[Sun Feb 22 02:24:49.422267 2026] [php:error] [pid 81499] [client 52.169.206.229:0] script '/domains/conservation1/inc.php' not found or unable to stat
[Sun Feb 22 02:24:49.566120 2026] [php:error] [pid 81490] [client 52.169.206.229:0] script '/domains/conservation1/gifclass.php' not found or unable to stat
[Sun Feb 22 02:24:49.650625 2026] [php:error] [pid 81490] [client 52.169.206.229:0] script '/domains/conservation1/miansha.php' not found or unable to stat
[Sun Feb 22 02:24:49.721988 2026] [php:error] [pid 81490] [client 52.169.206.229:0] script '/domains/conservation1/tinyfilemanager.php' not found or unable to stat
[Sun Feb 22 02:24:49.792492 2026] [php:error] [pid 81490] [client 52.169.206.229:0] script '/domains/conservation1/admin.php' not found or unable to stat
[Sun Feb 22 02:24:49.862645 2026] [php:error] [pid 81490] [client 52.169.206.229:0] script '/domains/conservation1/ok.php' not found or unable to stat
[Sun Feb 22 02:24:49.932745 2026] [php:error] [pid 81490] [client 52.169.206.229:0] script '/domains/conservation1/fi.php' not found or unable to stat
[Sun Feb 22 02:24:50.006319 2026] [php:error] [pid 81490] [client 52.169.206.229:0] script '/domains/conservation1/muzu.php' not found or unable to stat
[Sun Feb 22 02:24:50.076512 2026] [php:error] [pid 81490] [client 52.169.206.229:0] script '/domains/conservation1/reze.php' not found or unable to stat
