[Sun Feb 22 04:25:05.061906 2026] [php:error] [pid 83221] [client 51.120.79.113:0] script '/domains/system_default/abc.php' not found or unable to stat
[Sun Feb 22 04:25:05.157194 2026] [php:error] [pid 83221] [client 51.120.79.113:0] script '/domains/system_default/f35.php' not found or unable to stat
[Sun Feb 22 04:25:05.252609 2026] [php:error] [pid 83221] [client 51.120.79.113:0] script '/domains/system_default/a4.php' not found or unable to stat
[Sun Feb 22 04:25:05.347890 2026] [php:error] [pid 83221] [client 51.120.79.113:0] script '/domains/system_default/aa.php' not found or unable to stat
[Sun Feb 22 04:25:05.443236 2026] [php:error] [pid 83221] [client 51.120.79.113:0] script '/domains/system_default/Ov-Simple1.php' not found or unable to stat
[Sun Feb 22 04:25:05.538735 2026] [php:error] [pid 83221] [client 51.120.79.113:0] script '/domains/system_default/55.php' not found or unable to stat
[Sun Feb 22 04:25:05.634204 2026] [php:error] [pid 83221] [client 51.120.79.113:0] script '/domains/system_default/wefile.php' not found or unable to stat
[Sun Feb 22 04:25:05.729220 2026] [php:error] [pid 83221] [client 51.120.79.113:0] script '/domains/system_default/ms.php' not found or unable to stat
[Sun Feb 22 04:25:05.824653 2026] [php:error] [pid 83221] [client 51.120.79.113:0] script '/domains/system_default/term.php' not found or unable to stat
[Sun Feb 22 04:25:05.919803 2026] [php:error] [pid 83221] [client 51.120.79.113:0] script '/domains/system_default/wp-p2r3q9c8k4.php' not found or unable to stat
[Sun Feb 22 04:25:06.014959 2026] [php:error] [pid 83221] [client 51.120.79.113:0] script '/domains/system_default/t.php' not found or unable to stat
[Sun Feb 22 04:25:06.109944 2026] [php:error] [pid 83221] [client 51.120.79.113:0] script '/domains/system_default/wp-blogs.php' not found or unable to stat
[Sun Feb 22 04:25:06.204883 2026] [php:error] [pid 83221] [client 51.120.79.113:0] script '/domains/system_default/zu.php' not found or unable to stat
[Sun Feb 22 04:25:06.300102 2026] [php:error] [pid 83221] [client 51.120.79.113:0] script '/domains/system_default/gk.php' not found or unable to stat
[Sun Feb 22 04:25:06.395518 2026] [php:error] [pid 83221] [client 51.120.79.113:0] script '/domains/system_default/wp-act.php' not found or unable to stat
[Sun Feb 22 04:25:06.491142 2026] [php:error] [pid 83221] [client 51.120.79.113:0] script '/domains/system_default/ckk.php' not found or unable to stat
[Sun Feb 22 04:25:06.586334 2026] [php:error] [pid 83221] [client 51.120.79.113:0] script '/domains/system_default/ww.php' not found or unable to stat
[Sun Feb 22 04:25:06.681404 2026] [php:error] [pid 83221] [client 51.120.79.113:0] script '/domains/system_default/155.php' not found or unable to stat
[Sun Feb 22 04:25:06.777054 2026] [php:error] [pid 83221] [client 51.120.79.113:0] script '/domains/system_default/kbfr.php' not found or unable to stat
[Sun Feb 22 04:25:06.872122 2026] [php:error] [pid 83221] [client 51.120.79.113:0] script '/domains/system_default/bgymj.php' not found or unable to stat
[Sun Feb 22 04:25:06.967131 2026] [php:error] [pid 83221] [client 51.120.79.113:0] script '/domains/system_default/ff1.php' not found or unable to stat
[Sun Feb 22 04:25:07.062661 2026] [php:error] [pid 83221] [client 51.120.79.113:0] script '/domains/system_default/ws66.php' not found or unable to stat
[Sun Feb 22 04:25:07.158019 2026] [php:error] [pid 83221] [client 51.120.79.113:0] script '/domains/system_default/click.php' not found or unable to stat
[Sun Feb 22 04:25:07.253514 2026] [php:error] [pid 83221] [client 51.120.79.113:0] script '/domains/system_default/knme.php' not found or unable to stat
[Sun Feb 22 04:25:07.348761 2026] [php:error] [pid 83221] [client 51.120.79.113:0] script '/domains/system_default/admin-footer.php' not found or unable to stat
[Sun Feb 22 04:25:07.444871 2026] [php:error] [pid 83221] [client 51.120.79.113:0] script '/domains/system_default/sid3.php' not found or unable to stat
[Sun Feb 22 04:25:07.540007 2026] [php:error] [pid 83221] [client 51.120.79.113:0] script '/domains/system_default/ajax.php' not found or unable to stat
[Sun Feb 22 04:25:07.635345 2026] [php:error] [pid 83221] [client 51.120.79.113:0] script '/domains/system_default/0x.php' not found or unable to stat
[Sun Feb 22 04:25:07.730466 2026] [php:error] [pid 83221] [client 51.120.79.113:0] script '/domains/system_default/ws71.php' not found or unable to stat
[Sun Feb 22 04:25:07.825738 2026] [php:error] [pid 83221] [client 51.120.79.113:0] script '/domains/system_default/click.php' not found or unable to stat
[Sun Feb 22 04:25:07.921055 2026] [php:error] [pid 83221] [client 51.120.79.113:0] script '/domains/system_default/66.php' not found or unable to stat
[Sun Feb 22 04:25:08.016042 2026] [php:error] [pid 83221] [client 51.120.79.113:0] script '/domains/system_default/inputs.php' not found or unable to stat
[Sun Feb 22 04:25:08.111636 2026] [php:error] [pid 83221] [client 51.120.79.113:0] script '/domains/system_default/vx.php' not found or unable to stat
[Sun Feb 22 04:25:08.206718 2026] [php:error] [pid 83221] [client 51.120.79.113:0] script '/domains/system_default/ioxi.php' not found or unable to stat
[Sun Feb 22 04:25:08.301942 2026] [php:error] [pid 83221] [client 51.120.79.113:0] script '/domains/system_default/core.php' not found or unable to stat
[Sun Feb 22 04:25:08.402547 2026] [php:error] [pid 83221] [client 51.120.79.113:0] script '/domains/system_default/h02ugyh.php' not found or unable to stat
[Sun Feb 22 04:25:08.497806 2026] [php:error] [pid 83221] [client 51.120.79.113:0] script '/domains/system_default/bolt.php' not found or unable to stat
[Sun Feb 22 04:25:08.593660 2026] [php:error] [pid 83221] [client 51.120.79.113:0] script '/domains/system_default/lib.php' not found or unable to stat
[Sun Feb 22 04:25:27.922496 2026] [php:error] [pid 83222] [client 4.232.89.175:0] script '/domains/highlandlabs/add-user.php' not found or unable to stat
[Sun Feb 22 04:25:33.317229 2026] [php:error] [pid 83219] [client 68.221.64.54:0] script '/domains/pauljbrock/add-user.php' not found or unable to stat
[Sun Feb 22 04:25:52.224394 2026] [php:error] [pid 83225] [client 34.96.162.61:0] script '/domains/larrysr/adminer-4.3.1.php' not found or unable to stat
[Sun Feb 22 04:27:54.157882 2026] [php:error] [pid 83219] [client 35.247.243.250:0] script '/domains/larrysr/adminer-5.2.0-mysql.php' not found or unable to stat
[Sun Feb 22 04:28:09.804602 2026] [php:error] [pid 83228] [client 20.189.202.58:0] script '/domains/familyplayhouse2/wp-trackback.php' not found or unable to stat
[Sun Feb 22 04:28:09.971119 2026] [php:error] [pid 83228] [client 20.189.202.58:0] script '/domains/familyplayhouse2/about.php' not found or unable to stat
[Sun Feb 22 04:28:10.137440 2026] [php:error] [pid 83228] [client 20.189.202.58:0] script '/domains/familyplayhouse2/file.php' not found or unable to stat
[Sun Feb 22 04:28:10.304100 2026] [php:error] [pid 83228] [client 20.189.202.58:0] script '/domains/familyplayhouse2/wp-good.php' not found or unable to stat
[Sun Feb 22 04:28:10.470258 2026] [php:error] [pid 83228] [client 20.189.202.58:0] script '/domains/familyplayhouse2/xmlrpc.php' not found or unable to stat
[Sun Feb 22 04:28:10.636531 2026] [php:error] [pid 83228] [client 20.189.202.58:0] script '/domains/familyplayhouse2/goods.php' not found or unable to stat
[Sun Feb 22 04:28:10.803207 2026] [php:error] [pid 83228] [client 20.189.202.58:0] script '/domains/familyplayhouse2/ioxi-o.php' not found or unable to stat
[Sun Feb 22 04:28:10.969624 2026] [php:error] [pid 83228] [client 20.189.202.58:0] script '/domains/familyplayhouse2/class-t.api.php' not found or unable to stat
[Sun Feb 22 04:28:11.137480 2026] [php:error] [pid 83228] [client 20.189.202.58:0] script '/domains/familyplayhouse2/admin.php' not found or unable to stat
[Sun Feb 22 04:28:11.303528 2026] [php:error] [pid 83228] [client 20.189.202.58:0] script '/domains/familyplayhouse2/sf.php' not found or unable to stat
[Sun Feb 22 04:28:11.469961 2026] [php:error] [pid 83228] [client 20.189.202.58:0] script '/domains/familyplayhouse2/rip.php' not found or unable to stat
[Sun Feb 22 04:28:11.636071 2026] [php:error] [pid 83228] [client 20.189.202.58:0] script '/domains/familyplayhouse2/autoload_classmap.php' not found or unable to stat
[Sun Feb 22 04:28:11.802451 2026] [php:error] [pid 83228] [client 20.189.202.58:0] script '/domains/familyplayhouse2/chosen.php' not found or unable to stat
[Sun Feb 22 04:28:11.968606 2026] [php:error] [pid 83228] [client 20.189.202.58:0] script '/domains/familyplayhouse2/classwithtostring.php' not found or unable to stat
[Sun Feb 22 04:28:12.150728 2026] [php:error] [pid 83228] [client 20.189.202.58:0] script '/domains/familyplayhouse2/defaults.php' not found or unable to stat
[Sun Feb 22 04:28:13.017846 2026] [php:error] [pid 83228] [client 20.189.202.58:0] script '/domains/familyplayhouse2/info.php' not found or unable to stat
[Sun Feb 22 04:28:14.203804 2026] [php:error] [pid 83228] [client 20.189.202.58:0] script '/domains/familyplayhouse2/adminfuns.php' not found or unable to stat
[Sun Feb 22 04:28:59.147365 2026] [php:error] [pid 83196] [client 20.203.180.135:0] script '/domains/acagolf1/new4.php' not found or unable to stat
[Sun Feb 22 04:28:59.259324 2026] [php:error] [pid 83196] [client 20.203.180.135:0] script '/domains/acagolf1/xoot.php' not found or unable to stat
[Sun Feb 22 04:28:59.352989 2026] [php:error] [pid 83196] [client 20.203.180.135:0] script '/domains/acagolf1/er.php' not found or unable to stat
[Sun Feb 22 04:28:59.448773 2026] [php:error] [pid 83196] [client 20.203.180.135:0] script '/domains/acagolf1/fault.php' not found or unable to stat
[Sun Feb 22 04:28:59.544644 2026] [php:error] [pid 83196] [client 20.203.180.135:0] script '/domains/acagolf1/x2x.php' not found or unable to stat
[Sun Feb 22 04:28:59.637834 2026] [php:error] [pid 83196] [client 20.203.180.135:0] script '/domains/acagolf1/motu.php' not found or unable to stat
[Sun Feb 22 04:28:59.770254 2026] [php:error] [pid 83196] [client 20.203.180.135:0] script '/domains/acagolf1/66.php' not found or unable to stat
[Sun Feb 22 04:28:59.895127 2026] [php:error] [pid 83196] [client 20.203.180.135:0] script '/domains/acagolf1/leuk.php' not found or unable to stat
[Sun Feb 22 04:29:00.046128 2026] [php:error] [pid 83196] [client 20.203.180.135:0] script '/domains/acagolf1/bc-456.php' not found or unable to stat
[Sun Feb 22 04:29:00.176852 2026] [php:error] [pid 83196] [client 20.203.180.135:0] script '/domains/acagolf1/wo.php' not found or unable to stat
[Sun Feb 22 04:29:00.401926 2026] [php:error] [pid 83196] [client 20.203.180.135:0] script '/domains/acagolf1/bvb.php' not found or unable to stat
[Sun Feb 22 04:29:00.917987 2026] [php:error] [pid 83196] [client 20.203.180.135:0] script '/domains/acagolf1/xqq.php' not found or unable to stat
[Sun Feb 22 04:29:01.011318 2026] [php:error] [pid 83196] [client 20.203.180.135:0] script '/domains/acagolf1/kolda.php' not found or unable to stat
[Sun Feb 22 04:29:01.104554 2026] [php:error] [pid 83196] [client 20.203.180.135:0] script '/domains/acagolf1/nw.php' not found or unable to stat
[Sun Feb 22 04:29:01.198784 2026] [php:error] [pid 83196] [client 20.203.180.135:0] script '/domains/acagolf1/god.php' not found or unable to stat
[Sun Feb 22 04:29:01.292549 2026] [php:error] [pid 83196] [client 20.203.180.135:0] script '/domains/acagolf1/666.php' not found or unable to stat
[Sun Feb 22 04:29:01.386145 2026] [php:error] [pid 83196] [client 20.203.180.135:0] script '/domains/acagolf1/kj.php' not found or unable to stat
[Sun Feb 22 04:29:01.497936 2026] [php:error] [pid 83196] [client 20.203.180.135:0] script '/domains/acagolf1/un.php' not found or unable to stat
[Sun Feb 22 04:29:01.688514 2026] [php:error] [pid 83196] [client 20.203.180.135:0] script '/domains/acagolf1/fs.php' not found or unable to stat
[Sun Feb 22 04:29:01.817201 2026] [php:error] [pid 83196] [client 20.203.180.135:0] script '/domains/acagolf1/lts.php' not found or unable to stat
[Sun Feb 22 04:29:01.910622 2026] [php:error] [pid 83196] [client 20.203.180.135:0] script '/domains/acagolf1/ms.php' not found or unable to stat
[Sun Feb 22 04:29:02.288206 2026] [php:error] [pid 83196] [client 20.203.180.135:0] script '/domains/acagolf1/login8.php' not found or unable to stat
[Sun Feb 22 04:29:02.381808 2026] [php:error] [pid 83196] [client 20.203.180.135:0] script '/domains/acagolf1/nnyvn.php' not found or unable to stat
[Sun Feb 22 04:29:02.475015 2026] [php:error] [pid 83196] [client 20.203.180.135:0] script '/domains/acagolf1/cu.php' not found or unable to stat
[Sun Feb 22 04:29:02.580066 2026] [php:error] [pid 83196] [client 20.203.180.135:0] script '/domains/acagolf1/lul.php' not found or unable to stat
[Sun Feb 22 04:29:02.673737 2026] [php:error] [pid 83196] [client 20.203.180.135:0] script '/domains/acagolf1/0.php' not found or unable to stat
[Sun Feb 22 04:29:02.770825 2026] [php:error] [pid 83196] [client 20.203.180.135:0] script '/domains/acagolf1/ms-edit.php' not found or unable to stat
[Sun Feb 22 04:29:02.864854 2026] [php:error] [pid 83196] [client 20.203.180.135:0] script '/domains/acagolf1/ya.php' not found or unable to stat
[Sun Feb 22 04:29:02.983190 2026] [php:error] [pid 83196] [client 20.203.180.135:0] script '/domains/acagolf1/grsiuk.php' not found or unable to stat
[Sun Feb 22 04:29:03.167709 2026] [php:error] [pid 83196] [client 20.203.180.135:0] script '/domains/acagolf1/wp-blog.php' not found or unable to stat
[Sun Feb 22 04:29:03.260993 2026] [php:error] [pid 83196] [client 20.203.180.135:0] script '/domains/acagolf1/ftem.php' not found or unable to stat
[Sun Feb 22 04:29:03.354821 2026] [php:error] [pid 83196] [client 20.203.180.135:0] script '/domains/acagolf1/7wom.php' not found or unable to stat
[Sun Feb 22 04:29:03.461898 2026] [php:error] [pid 83196] [client 20.203.180.135:0] script '/domains/acagolf1/wp-access.php' not found or unable to stat
[Sun Feb 22 04:29:03.583925 2026] [php:error] [pid 83196] [client 20.203.180.135:0] script '/domains/acagolf1/a1vx.php' not found or unable to stat
[Sun Feb 22 04:29:03.737354 2026] [php:error] [pid 83196] [client 20.203.180.135:0] script '/domains/acagolf1/sbhu.php' not found or unable to stat
[Sun Feb 22 04:29:03.833021 2026] [php:error] [pid 83196] [client 20.203.180.135:0] script '/domains/acagolf1/wp-the.php' not found or unable to stat
[Sun Feb 22 04:29:03.927691 2026] [php:error] [pid 83196] [client 20.203.180.135:0] script '/domains/acagolf1/06.php' not found or unable to stat
[Sun Feb 22 04:29:04.208267 2026] [php:error] [pid 83196] [client 20.203.180.135:0] script '/domains/acagolf1/wp5.php' not found or unable to stat
[Sun Feb 22 04:29:04.307998 2026] [php:error] [pid 83196] [client 20.203.180.135:0] script '/domains/acagolf1/fot.php' not found or unable to stat
[Sun Feb 22 04:29:04.401744 2026] [php:error] [pid 83196] [client 20.203.180.135:0] script '/domains/acagolf1/ff1.php' not found or unable to stat
[Sun Feb 22 04:29:04.495950 2026] [php:error] [pid 83196] [client 20.203.180.135:0] script '/domains/acagolf1/forbidals.php' not found or unable to stat
[Sun Feb 22 04:29:04.726924 2026] [php:error] [pid 83196] [client 20.203.180.135:0] script '/domains/acagolf1/erty.php' not found or unable to stat
[Sun Feb 22 04:29:04.821208 2026] [php:error] [pid 83196] [client 20.203.180.135:0] script '/domains/acagolf1/dev1s.php' not found or unable to stat
[Sun Feb 22 04:29:05.003759 2026] [php:error] [pid 83196] [client 20.203.180.135:0] script '/domains/acagolf1/ffd.php' not found or unable to stat
[Sun Feb 22 04:29:05.175043 2026] [php:error] [pid 83196] [client 20.203.180.135:0] script '/domains/acagolf1/admiin.php' not found or unable to stat
[Sun Feb 22 04:29:05.347776 2026] [php:error] [pid 83196] [client 20.203.180.135:0] script '/domains/acagolf1/ol.php' not found or unable to stat
[Sun Feb 22 04:29:05.442599 2026] [php:error] [pid 83196] [client 20.203.180.135:0] script '/domains/acagolf1/Sanskrit.php' not found or unable to stat
[Sun Feb 22 04:29:05.535700 2026] [php:error] [pid 83196] [client 20.203.180.135:0] script '/domains/acagolf1/vxrl.php' not found or unable to stat
[Sun Feb 22 04:29:05.634344 2026] [php:error] [pid 83196] [client 20.203.180.135:0] script '/domains/acagolf1/re.php' not found or unable to stat
[Sun Feb 22 04:29:05.758958 2026] [php:error] [pid 83196] [client 20.203.180.135:0] script '/domains/acagolf1/num.php' not found or unable to stat
[Sun Feb 22 04:29:05.852093 2026] [php:error] [pid 83196] [client 20.203.180.135:0] script '/domains/acagolf1/axx.php' not found or unable to stat
[Sun Feb 22 04:29:06.304704 2026] [php:error] [pid 83196] [client 20.203.180.135:0] script '/domains/acagolf1/vxrl.php' not found or unable to stat
[Sun Feb 22 04:29:06.400618 2026] [php:error] [pid 83196] [client 20.203.180.135:0] script '/domains/acagolf1/in.php' not found or unable to stat
[Sun Feb 22 04:29:06.495558 2026] [php:error] [pid 83196] [client 20.203.180.135:0] script '/domains/acagolf1/style.php' not found or unable to stat
[Sun Feb 22 04:29:06.592679 2026] [php:error] [pid 83196] [client 20.203.180.135:0] script '/domains/acagolf1/we.php' not found or unable to stat
[Sun Feb 22 04:29:06.686402 2026] [php:error] [pid 83196] [client 20.203.180.135:0] script '/domains/acagolf1/zwso.php' not found or unable to stat
[Sun Feb 22 04:29:07.321824 2026] [php:error] [pid 83196] [client 20.203.180.135:0] script '/domains/acagolf1/karak.php' not found or unable to stat
[Sun Feb 22 04:29:07.438948 2026] [php:error] [pid 83196] [client 20.203.180.135:0] script '/domains/acagolf1/trd.php' not found or unable to stat
[Sun Feb 22 04:29:07.532821 2026] [php:error] [pid 83196] [client 20.203.180.135:0] script '/domains/acagolf1/past.php' not found or unable to stat
[Sun Feb 22 04:29:08.233973 2026] [php:error] [pid 83196] [client 20.203.180.135:0] script '/domains/acagolf1/prv8.php' not found or unable to stat
[Sun Feb 22 04:29:08.366580 2026] [php:error] [pid 83196] [client 20.203.180.135:0] script '/domains/acagolf1/i.php' not found or unable to stat
[Sun Feb 22 04:29:08.553474 2026] [php:error] [pid 83196] [client 20.203.180.135:0] script '/domains/acagolf1/xmlrpc.php' not found or unable to stat
[Sun Feb 22 04:29:08.734850 2026] [php:error] [pid 83196] [client 20.203.180.135:0] script '/domains/acagolf1/aw.php' not found or unable to stat
[Sun Feb 22 04:29:08.828479 2026] [php:error] [pid 83196] [client 20.203.180.135:0] script '/domains/acagolf1/dev.php' not found or unable to stat
[Sun Feb 22 04:29:08.934889 2026] [php:error] [pid 83229] [client 35.247.243.243:0] script '/domains/larrysr/DB.php' not found or unable to stat
[Sun Feb 22 04:29:09.158942 2026] [php:error] [pid 83196] [client 20.203.180.135:0] script '/domains/acagolf1/lock360.php' not found or unable to stat
[Sun Feb 22 04:29:09.376824 2026] [php:error] [pid 83196] [client 20.203.180.135:0] script '/domains/acagolf1/155.php' not found or unable to stat
[Sun Feb 22 04:29:09.470108 2026] [php:error] [pid 83196] [client 20.203.180.135:0] script '/domains/acagolf1/goat.php' not found or unable to stat
[Sun Feb 22 04:29:09.580809 2026] [php:error] [pid 83196] [client 20.203.180.135:0] script '/domains/acagolf1/tcp.php' not found or unable to stat
[Sun Feb 22 04:29:10.049922 2026] [php:error] [pid 83196] [client 20.203.180.135:0] script '/domains/acagolf1/ext.php' not found or unable to stat
[Sun Feb 22 04:29:10.218741 2026] [php:error] [pid 83196] [client 20.203.180.135:0] script '/domains/acagolf1/inputs.php' not found or unable to stat
[Sun Feb 22 04:29:10.501635 2026] [php:error] [pid 83196] [client 20.203.180.135:0] script '/domains/acagolf1/ioxi.php' not found or unable to stat
[Sun Feb 22 04:29:10.594876 2026] [php:error] [pid 83196] [client 20.203.180.135:0] script '/domains/acagolf1/fe5.php' not found or unable to stat
[Sun Feb 22 04:29:10.765121 2026] [php:error] [pid 83196] [client 20.203.180.135:0] script '/domains/acagolf1/ov.php' not found or unable to stat
[Sun Feb 22 04:29:11.009541 2026] [php:error] [pid 83196] [client 20.203.180.135:0] script '/domains/acagolf1/past1.php' not found or unable to stat
[Sun Feb 22 04:29:11.235865 2026] [php:error] [pid 83196] [client 20.203.180.135:0] script '/domains/acagolf1/default.php' not found or unable to stat
[Sun Feb 22 04:29:11.559543 2026] [php:error] [pid 83196] [client 20.203.180.135:0] script '/domains/acagolf1/goods.php' not found or unable to stat
[Sun Feb 22 04:29:11.718231 2026] [php:error] [pid 83196] [client 20.203.180.135:0] script '/domains/acagolf1/abcd.php' not found or unable to stat
[Sun Feb 22 04:29:11.811270 2026] [php:error] [pid 83196] [client 20.203.180.135:0] script '/domains/acagolf1/yos.php' not found or unable to stat
[Sun Feb 22 04:29:11.917593 2026] [php:error] [pid 83196] [client 20.203.180.135:0] script '/domains/acagolf1/nope.php' not found or unable to stat
[Sun Feb 22 04:29:12.010727 2026] [php:error] [pid 83196] [client 20.203.180.135:0] script '/domains/acagolf1/class.1.php' not found or unable to stat
[Sun Feb 22 04:29:12.150539 2026] [php:error] [pid 83196] [client 20.203.180.135:0] script '/domains/acagolf1/file5.php' not found or unable to stat
[Sun Feb 22 04:29:12.478329 2026] [php:error] [pid 83196] [client 20.203.180.135:0] script '/domains/acagolf1/async.php' not found or unable to stat
[Sun Feb 22 04:29:12.572278 2026] [php:error] [pid 83196] [client 20.203.180.135:0] script '/domains/acagolf1/ff.php' not found or unable to stat
[Sun Feb 22 04:29:12.665493 2026] [php:error] [pid 83196] [client 20.203.180.135:0] script '/domains/acagolf1/ioxi-o.php' not found or unable to stat
[Sun Feb 22 04:29:12.758885 2026] [php:error] [pid 83196] [client 20.203.180.135:0] script '/domains/acagolf1/manager.php' not found or unable to stat
[Sun Feb 22 04:29:12.852652 2026] [php:error] [pid 83196] [client 20.203.180.135:0] script '/domains/acagolf1/wp-update.php' not found or unable to stat
[Sun Feb 22 04:29:12.946397 2026] [php:error] [pid 83196] [client 20.203.180.135:0] script '/domains/acagolf1/file.php' not found or unable to stat
[Sun Feb 22 04:29:13.137890 2026] [php:error] [pid 83196] [client 20.203.180.135:0] script '/domains/acagolf1/lc.php' not found or unable to stat
[Sun Feb 22 04:29:13.231136 2026] [php:error] [pid 83196] [client 20.203.180.135:0] script '/domains/acagolf1/hexx.php' not found or unable to stat
[Sun Feb 22 04:29:13.324487 2026] [php:error] [pid 83196] [client 20.203.180.135:0] script '/domains/acagolf1/cbrfo.php' not found or unable to stat
[Sun Feb 22 04:29:13.418176 2026] [php:error] [pid 83196] [client 20.203.180.135:0] script '/domains/acagolf1/inc.php' not found or unable to stat
[Sun Feb 22 04:29:13.539467 2026] [php:error] [pid 83196] [client 20.203.180.135:0] script '/domains/acagolf1/gifclass.php' not found or unable to stat
[Sun Feb 22 04:29:13.632774 2026] [php:error] [pid 83196] [client 20.203.180.135:0] script '/domains/acagolf1/miansha.php' not found or unable to stat
[Sun Feb 22 04:29:13.739327 2026] [php:error] [pid 83196] [client 20.203.180.135:0] script '/domains/acagolf1/tinyfilemanager.php' not found or unable to stat
[Sun Feb 22 04:29:13.837110 2026] [php:error] [pid 83196] [client 20.203.180.135:0] script '/domains/acagolf1/xfile25.php' not found or unable to stat
[Sun Feb 22 04:29:13.930498 2026] [php:error] [pid 83196] [client 20.203.180.135:0] script '/domains/acagolf1/ok.php' not found or unable to stat
[Sun Feb 22 04:29:14.024220 2026] [php:error] [pid 83196] [client 20.203.180.135:0] script '/domains/acagolf1/fi.php' not found or unable to stat
[Sun Feb 22 04:29:14.888443 2026] [php:error] [pid 83236] [client 20.203.180.135:0] script '/domains/acagolf1/muzu.php' not found or unable to stat
[Sun Feb 22 04:29:14.985177 2026] [php:error] [pid 83236] [client 20.203.180.135:0] script '/domains/acagolf1/reze.php' not found or unable to stat
[Sun Feb 22 04:29:15.080975 2026] [php:error] [pid 83236] [client 20.203.180.135:0] script '/domains/acagolf1/styll.php' not found or unable to stat
[Sun Feb 22 04:29:15.358370 2026] [php:error] [pid 83236] [client 20.203.180.135:0] script '/domains/acagolf1/x7.php' not found or unable to stat
[Sun Feb 22 04:29:15.585991 2026] [php:error] [pid 83236] [client 20.203.180.135:0] script '/domains/acagolf1/thebe.php' not found or unable to stat
[Sun Feb 22 04:29:15.694291 2026] [php:error] [pid 83236] [client 20.203.180.135:0] script '/domains/acagolf1/ddd.php' not found or unable to stat
[Sun Feb 22 04:29:15.817966 2026] [php:error] [pid 83236] [client 20.203.180.135:0] script '/domains/acagolf1/ccs.php' not found or unable to stat
[Sun Feb 22 04:29:15.928887 2026] [php:error] [pid 83236] [client 20.203.180.135:0] script '/domains/acagolf1/bgymj.php' not found or unable to stat
[Sun Feb 22 04:29:16.032034 2026] [php:error] [pid 83236] [client 20.203.180.135:0] script '/domains/acagolf1/8xyz.php' not found or unable to stat
[Sun Feb 22 04:29:16.127527 2026] [php:error] [pid 83236] [client 20.203.180.135:0] script '/domains/acagolf1/la.php' not found or unable to stat
[Sun Feb 22 04:29:16.207447 2026] [php:error] [pid 83234] [client 172.213.17.83:0] script '/domains/familyplayhouse2/elp.php' not found or unable to stat
[Sun Feb 22 04:29:16.234809 2026] [php:error] [pid 83236] [client 20.203.180.135:0] script '/domains/acagolf1/ioxi.php' not found or unable to stat
[Sun Feb 22 04:29:16.299476 2026] [php:error] [pid 83234] [client 172.213.17.83:0] script '/domains/familyplayhouse2/ws58.php' not found or unable to stat
[Sun Feb 22 04:29:16.331305 2026] [php:error] [pid 83236] [client 20.203.180.135:0] script '/domains/acagolf1/xpwer1.php' not found or unable to stat
[Sun Feb 22 04:29:16.391347 2026] [php:error] [pid 83234] [client 172.213.17.83:0] script '/domains/familyplayhouse2/vx.php' not found or unable to stat
[Sun Feb 22 04:29:16.426507 2026] [php:error] [pid 83236] [client 20.203.180.135:0] script '/domains/acagolf1/lala.php' not found or unable to stat
[Sun Feb 22 04:29:16.482950 2026] [php:error] [pid 83234] [client 172.213.17.83:0] script '/domains/familyplayhouse2/motu.php' not found or unable to stat
[Sun Feb 22 04:29:16.546186 2026] [php:error] [pid 83236] [client 20.203.180.135:0] script '/domains/acagolf1/about.php' not found or unable to stat
[Sun Feb 22 04:29:16.574392 2026] [php:error] [pid 83234] [client 172.213.17.83:0] script '/domains/familyplayhouse2/ckk.php' not found or unable to stat
[Sun Feb 22 04:29:16.666516 2026] [php:error] [pid 83234] [client 172.213.17.83:0] script '/domains/familyplayhouse2/class.php' not found or unable to stat
[Sun Feb 22 04:29:16.758154 2026] [php:error] [pid 83234] [client 172.213.17.83:0] script '/domains/familyplayhouse2/166.php' not found or unable to stat
[Sun Feb 22 04:29:16.849783 2026] [php:error] [pid 83234] [client 172.213.17.83:0] script '/domains/familyplayhouse2/ww.php' not found or unable to stat
[Sun Feb 22 04:29:16.941376 2026] [php:error] [pid 83234] [client 172.213.17.83:0] script '/domains/familyplayhouse2/wp-p2r3q9c8k4.php' not found or unable to stat
[Sun Feb 22 04:29:17.033138 2026] [php:error] [pid 83234] [client 172.213.17.83:0] script '/domains/familyplayhouse2/users.php' not found or unable to stat
[Sun Feb 22 04:29:17.124696 2026] [php:error] [pid 83234] [client 172.213.17.83:0] script '/domains/familyplayhouse2/0x.php' not found or unable to stat
[Sun Feb 22 04:29:17.143327 2026] [php:error] [pid 83236] [client 20.203.180.135:0] script '/domains/acagolf1/info.php' not found or unable to stat
[Sun Feb 22 04:29:17.216376 2026] [php:error] [pid 83234] [client 172.213.17.83:0] script '/domains/familyplayhouse2/baixy.php' not found or unable to stat
[Sun Feb 22 04:29:17.266882 2026] [php:error] [pid 83236] [client 20.203.180.135:0] script '/domains/acagolf1/about.php' not found or unable to stat
[Sun Feb 22 04:29:17.308330 2026] [php:error] [pid 83234] [client 172.213.17.83:0] script '/domains/familyplayhouse2/zu.php' not found or unable to stat
[Sun Feb 22 04:29:17.401255 2026] [php:error] [pid 83234] [client 172.213.17.83:0] script '/domains/familyplayhouse2/kbfr.php' not found or unable to stat
[Sun Feb 22 04:29:17.494693 2026] [php:error] [pid 83234] [client 172.213.17.83:0] script '/domains/familyplayhouse2/f35.php' not found or unable to stat
[Sun Feb 22 04:29:17.533092 2026] [php:error] [pid 83236] [client 20.203.180.135:0] script '/domains/acagolf1/222.php' not found or unable to stat
[Sun Feb 22 04:29:17.586297 2026] [php:error] [pid 83234] [client 172.213.17.83:0] script '/domains/familyplayhouse2/click.php' not found or unable to stat
[Sun Feb 22 04:29:17.677871 2026] [php:error] [pid 83234] [client 172.213.17.83:0] script '/domains/familyplayhouse2/a332.php' not found or unable to stat
[Sun Feb 22 04:29:17.686928 2026] [php:error] [pid 83236] [client 20.203.180.135:0] script '/domains/acagolf1/adminfuns.php' not found or unable to stat
[Sun Feb 22 04:29:17.769593 2026] [php:error] [pid 83234] [client 172.213.17.83:0] script '/domains/familyplayhouse2/bootstrap.php' not found or unable to stat
[Sun Feb 22 04:29:17.862202 2026] [php:error] [pid 83234] [client 172.213.17.83:0] script '/domains/familyplayhouse2/f2.php' not found or unable to stat
[Sun Feb 22 04:29:17.876759 2026] [php:error] [pid 83236] [client 20.203.180.135:0] script '/domains/acagolf1/xx.php' not found or unable to stat
[Sun Feb 22 04:29:17.953714 2026] [php:error] [pid 83234] [client 172.213.17.83:0] script '/domains/familyplayhouse2/to.php' not found or unable to stat
[Sun Feb 22 04:29:18.045629 2026] [php:error] [pid 83234] [client 172.213.17.83:0] script '/domains/familyplayhouse2/inege.php' not found or unable to stat
[Sun Feb 22 04:29:18.137447 2026] [php:error] [pid 83234] [client 172.213.17.83:0] script '/domains/familyplayhouse2/thui.php' not found or unable to stat
[Sun Feb 22 04:29:18.229218 2026] [php:error] [pid 83234] [client 172.213.17.83:0] script '/domains/familyplayhouse2/8.php' not found or unable to stat
[Sun Feb 22 04:29:18.230509 2026] [php:error] [pid 83236] [client 20.203.180.135:0] script '/domains/acagolf1/f5.php' not found or unable to stat
[Sun Feb 22 04:29:18.321232 2026] [php:error] [pid 83234] [client 172.213.17.83:0] script '/domains/familyplayhouse2/fresh3.php' not found or unable to stat
[Sun Feb 22 04:29:18.326272 2026] [php:error] [pid 83236] [client 20.203.180.135:0] script '/domains/acagolf1/flower.php' not found or unable to stat
[Sun Feb 22 04:29:18.413747 2026] [php:error] [pid 83234] [client 172.213.17.83:0] script '/domains/familyplayhouse2/selesai.php' not found or unable to stat
[Sun Feb 22 04:29:18.506221 2026] [php:error] [pid 83234] [client 172.213.17.83:0] script '/domains/familyplayhouse2/xs.php' not found or unable to stat
[Sun Feb 22 04:29:18.519280 2026] [php:error] [pid 83236] [client 20.203.180.135:0] script '/domains/acagolf1/f6.php' not found or unable to stat
[Sun Feb 22 04:29:18.598479 2026] [php:error] [pid 83234] [client 172.213.17.83:0] script '/domains/familyplayhouse2/maraz.php' not found or unable to stat
[Sun Feb 22 04:29:18.690569 2026] [php:error] [pid 83234] [client 172.213.17.83:0] script '/domains/familyplayhouse2/ws66.php' not found or unable to stat
[Sun Feb 22 04:29:18.781597 2026] [php:error] [pid 83236] [client 20.203.180.135:0] script '/domains/acagolf1/edit.php' not found or unable to stat
[Sun Feb 22 04:29:18.783856 2026] [php:error] [pid 83234] [client 172.213.17.83:0] script '/domains/familyplayhouse2/aa.php' not found or unable to stat
[Sun Feb 22 04:29:18.875595 2026] [php:error] [pid 83234] [client 172.213.17.83:0] script '/domains/familyplayhouse2/erty.php' not found or unable to stat
[Sun Feb 22 04:29:18.877293 2026] [php:error] [pid 83236] [client 20.203.180.135:0] script '/domains/acagolf1/aa.php' not found or unable to stat
[Sun Feb 22 04:29:18.968381 2026] [php:error] [pid 83234] [client 172.213.17.83:0] script '/domains/familyplayhouse2/24.php' not found or unable to stat
[Sun Feb 22 04:29:19.059923 2026] [php:error] [pid 83234] [client 172.213.17.83:0] script '/domains/familyplayhouse2/bzjdlofz.php' not found or unable to stat
[Sun Feb 22 04:29:19.151332 2026] [php:error] [pid 83234] [client 172.213.17.83:0] script '/domains/familyplayhouse2/sbhu.php' not found or unable to stat
[Sun Feb 22 04:29:19.243170 2026] [php:error] [pid 83234] [client 172.213.17.83:0] script '/domains/familyplayhouse2/wp-blogs.php' not found or unable to stat
[Sun Feb 22 04:29:19.257466 2026] [php:error] [pid 83236] [client 20.203.180.135:0] script '/domains/acagolf1/av.php' not found or unable to stat
[Sun Feb 22 04:29:19.334796 2026] [php:error] [pid 83234] [client 172.213.17.83:0] script '/domains/familyplayhouse2/fetch.php' not found or unable to stat
[Sun Feb 22 04:29:19.426801 2026] [php:error] [pid 83234] [client 172.213.17.83:0] script '/domains/familyplayhouse2/bolt.php' not found or unable to stat
[Sun Feb 22 04:29:19.454864 2026] [php:error] [pid 83236] [client 20.203.180.135:0] script '/domains/acagolf1/wsd.php' not found or unable to stat
[Sun Feb 22 04:29:19.518678 2026] [php:error] [pid 83234] [client 172.213.17.83:0] script '/domains/familyplayhouse2/tfm.php' not found or unable to stat
[Sun Feb 22 04:29:19.610746 2026] [php:error] [pid 83234] [client 172.213.17.83:0] script '/domains/familyplayhouse2/ak.php' not found or unable to stat
[Sun Feb 22 04:29:19.611991 2026] [php:error] [pid 83236] [client 20.203.180.135:0] script '/domains/acagolf1/jane.php' not found or unable to stat
[Sun Feb 22 04:29:19.703173 2026] [php:error] [pid 83234] [client 172.213.17.83:0] script '/domains/familyplayhouse2/wp-style.php' not found or unable to stat
[Sun Feb 22 04:29:19.758012 2026] [php:error] [pid 83236] [client 20.203.180.135:0] script '/domains/acagolf1/css.php' not found or unable to stat
[Sun Feb 22 04:29:19.795228 2026] [php:error] [pid 83234] [client 172.213.17.83:0] script '/domains/familyplayhouse2/error_log.php' not found or unable to stat
[Sun Feb 22 04:29:19.855494 2026] [php:error] [pid 83236] [client 20.203.180.135:0] script '/domains/acagolf1/alfa.php' not found or unable to stat
[Sun Feb 22 04:29:19.886957 2026] [php:error] [pid 83234] [client 172.213.17.83:0] script '/domains/familyplayhouse2/0x0x.php' not found or unable to stat
[Sun Feb 22 04:29:19.957132 2026] [php:error] [pid 83236] [client 20.203.180.135:0] script '/domains/acagolf1/wen.php' not found or unable to stat
[Sun Feb 22 04:29:19.978656 2026] [php:error] [pid 83234] [client 172.213.17.83:0] script '/domains/familyplayhouse2/0byte.php' not found or unable to stat
[Sun Feb 22 04:29:20.052940 2026] [php:error] [pid 83236] [client 20.203.180.135:0] script '/domains/acagolf1/x.php' not found or unable to stat
[Sun Feb 22 04:29:20.070736 2026] [php:error] [pid 83234] [client 172.213.17.83:0] script '/domains/familyplayhouse2/a4.php' not found or unable to stat
[Sun Feb 22 04:29:20.162818 2026] [php:error] [pid 83234] [client 172.213.17.83:0] script '/domains/familyplayhouse2/logs1.php' not found or unable to stat
[Sun Feb 22 04:29:20.186379 2026] [php:error] [pid 83236] [client 20.203.180.135:0] script '/domains/acagolf1/xxxx.php' not found or unable to stat
[Sun Feb 22 04:29:20.254792 2026] [php:error] [pid 83234] [client 172.213.17.83:0] script '/domains/familyplayhouse2/35.php' not found or unable to stat
[Sun Feb 22 04:29:20.282630 2026] [php:error] [pid 83236] [client 20.203.180.135:0] script '/domains/acagolf1/class.php' not found or unable to stat
[Sun Feb 22 04:29:20.346500 2026] [php:error] [pid 83234] [client 172.213.17.83:0] script '/domains/familyplayhouse2/lanka.php' not found or unable to stat
[Sun Feb 22 04:29:20.377918 2026] [php:error] [pid 83236] [client 20.203.180.135:0] script '/domains/acagolf1/f35.php' not found or unable to stat
[Sun Feb 22 04:29:20.438222 2026] [php:error] [pid 83234] [client 172.213.17.83:0] script '/domains/familyplayhouse2/knmt.php' not found or unable to stat
[Sun Feb 22 04:29:20.529735 2026] [php:error] [pid 83234] [client 172.213.17.83:0] script '/domains/familyplayhouse2/ioxi.php' not found or unable to stat
[Sun Feb 22 04:29:20.621437 2026] [php:error] [pid 83234] [client 172.213.17.83:0] script '/domains/familyplayhouse2/lkui.php' not found or unable to stat
[Sun Feb 22 04:29:20.713129 2026] [php:error] [pid 83234] [client 172.213.17.83:0] script '/domains/familyplayhouse2/grsiuk.php' not found or unable to stat
[Sun Feb 22 04:29:20.896651 2026] [php:error] [pid 83234] [client 172.213.17.83:0] script '/domains/familyplayhouse2/Geforce.php' not found or unable to stat
[Sun Feb 22 04:29:20.988744 2026] [php:error] [pid 83234] [client 172.213.17.83:0] script '/domains/familyplayhouse2/easy.php' not found or unable to stat
[Sun Feb 22 04:29:21.080863 2026] [php:error] [pid 83234] [client 172.213.17.83:0] script '/domains/familyplayhouse2/s1.php' not found or unable to stat
[Sun Feb 22 04:29:21.172665 2026] [php:error] [pid 83234] [client 172.213.17.83:0] script '/domains/familyplayhouse2/cc13.php' not found or unable to stat
[Sun Feb 22 04:29:21.264353 2026] [php:error] [pid 83234] [client 172.213.17.83:0] script '/domains/familyplayhouse2/06.php' not found or unable to stat
[Sun Feb 22 04:29:21.314104 2026] [php:error] [pid 83236] [client 20.203.180.135:0] script '/domains/acagolf1/class-t.api.php' not found or unable to stat
[Sun Feb 22 04:29:21.356128 2026] [php:error] [pid 83234] [client 172.213.17.83:0] script '/domains/familyplayhouse2/t.php' not found or unable to stat
[Sun Feb 22 04:29:21.432741 2026] [php:error] [pid 83236] [client 20.203.180.135:0] script '/domains/acagolf1/blurbs18.php' not found or unable to stat
[Sun Feb 22 04:29:21.447479 2026] [php:error] [pid 83234] [client 172.213.17.83:0] script '/domains/familyplayhouse2/export.php' not found or unable to stat
[Sun Feb 22 04:29:21.540361 2026] [php:error] [pid 83234] [client 172.213.17.83:0] script '/domains/familyplayhouse2/xxw.php' not found or unable to stat
[Sun Feb 22 04:29:21.632061 2026] [php:error] [pid 83234] [client 172.213.17.83:0] script '/domains/familyplayhouse2/term.php' not found or unable to stat
[Sun Feb 22 04:29:21.723857 2026] [php:error] [pid 83234] [client 172.213.17.83:0] script '/domains/familyplayhouse2/num.php' not found or unable to stat
[Sun Feb 22 04:29:21.815558 2026] [php:error] [pid 83234] [client 172.213.17.83:0] script '/domains/familyplayhouse2/file.php' not found or unable to stat
[Sun Feb 22 04:29:21.914986 2026] [php:error] [pid 83234] [client 172.213.17.83:0] script '/domains/familyplayhouse2/403.php' not found or unable to stat
[Sun Feb 22 04:29:22.007392 2026] [php:error] [pid 83234] [client 172.213.17.83:0] script '/domains/familyplayhouse2/ccu.php' not found or unable to stat
[Sun Feb 22 04:29:22.099208 2026] [php:error] [pid 83234] [client 172.213.17.83:0] script '/domains/familyplayhouse2/155.php' not found or unable to stat
[Sun Feb 22 04:29:22.191036 2026] [php:error] [pid 83234] [client 172.213.17.83:0] script '/domains/familyplayhouse2/xsox.php' not found or unable to stat
[Sun Feb 22 04:29:22.282862 2026] [php:error] [pid 83234] [client 172.213.17.83:0] script '/domains/familyplayhouse2/wen.php' not found or unable to stat
[Sun Feb 22 04:29:22.355881 2026] [php:error] [pid 83236] [client 20.203.180.135:0] script '/domains/acagolf1/bless11.php' not found or unable to stat
[Sun Feb 22 04:29:22.375456 2026] [php:error] [pid 83234] [client 172.213.17.83:0] script '/domains/familyplayhouse2/bgymj.php' not found or unable to stat
[Sun Feb 22 04:29:22.467418 2026] [php:error] [pid 83234] [client 172.213.17.83:0] script '/domains/familyplayhouse2/gk.php' not found or unable to stat
[Sun Feb 22 04:29:22.536279 2026] [php:error] [pid 83236] [client 20.203.180.135:0] script '/domains/acagolf1/init.php' not found or unable to stat
[Sun Feb 22 04:29:22.558974 2026] [php:error] [pid 83234] [client 172.213.17.83:0] script '/domains/familyplayhouse2/zoo.php' not found or unable to stat
[Sun Feb 22 04:29:22.653767 2026] [php:error] [pid 83234] [client 172.213.17.83:0] script '/domains/familyplayhouse2/zxekqlxb.php' not found or unable to stat
[Sun Feb 22 04:29:22.729820 2026] [php:error] [pid 83236] [client 20.203.180.135:0] script '/domains/acagolf1/k.php' not found or unable to stat
[Sun Feb 22 04:29:22.745535 2026] [php:error] [pid 83234] [client 172.213.17.83:0] script '/domains/familyplayhouse2/wp-scr1pts.php' not found or unable to stat
[Sun Feb 22 04:29:22.837411 2026] [php:error] [pid 83234] [client 172.213.17.83:0] script '/domains/familyplayhouse2/shlo.php' not found or unable to stat
[Sun Feb 22 04:29:22.843926 2026] [php:error] [pid 83236] [client 20.203.180.135:0] script '/domains/acagolf1/bless.php' not found or unable to stat
[Sun Feb 22 04:29:22.928922 2026] [php:error] [pid 83234] [client 172.213.17.83:0] script '/domains/familyplayhouse2/gdn.php' not found or unable to stat
[Sun Feb 22 04:29:22.954279 2026] [php:error] [pid 83236] [client 20.203.180.135:0] script '/domains/acagolf1/X7x.php' not found or unable to stat
[Sun Feb 22 04:29:23.020733 2026] [php:error] [pid 83234] [client 172.213.17.83:0] script '/domains/familyplayhouse2/6bcwiqwj.php' not found or unable to stat
[Sun Feb 22 04:29:23.051751 2026] [php:error] [pid 83236] [client 20.203.180.135:0] script '/domains/acagolf1/166.php' not found or unable to stat
[Sun Feb 22 04:29:23.112374 2026] [php:error] [pid 83234] [client 172.213.17.83:0] script '/domains/familyplayhouse2/mar.php' not found or unable to stat
[Sun Feb 22 04:29:23.168373 2026] [php:error] [pid 83236] [client 20.203.180.135:0] script '/domains/acagolf1/plss3.php' not found or unable to stat
[Sun Feb 22 04:29:23.204103 2026] [php:error] [pid 83234] [client 172.213.17.83:0] script '/domains/familyplayhouse2/ws69.php' not found or unable to stat
[Sun Feb 22 04:29:23.295785 2026] [php:error] [pid 83234] [client 172.213.17.83:0] script '/domains/familyplayhouse2/amp.php' not found or unable to stat
[Sun Feb 22 04:29:23.387602 2026] [php:error] [pid 83234] [client 172.213.17.83:0] script '/domains/familyplayhouse2/gettest.php' not found or unable to stat
[Sun Feb 22 04:29:23.406563 2026] [php:error] [pid 83236] [client 20.203.180.135:0] script '/domains/acagolf1/admins.php' not found or unable to stat
[Sun Feb 22 04:29:23.479339 2026] [php:error] [pid 83234] [client 172.213.17.83:0] script '/domains/familyplayhouse2/Jcrop.php' not found or unable to stat
[Sun Feb 22 04:29:23.532024 2026] [php:error] [pid 83236] [client 20.203.180.135:0] script '/domains/acagolf1/wp.php' not found or unable to stat
[Sun Feb 22 04:29:23.571031 2026] [php:error] [pid 83234] [client 172.213.17.83:0] script '/domains/familyplayhouse2/wp-act.php' not found or unable to stat
[Sun Feb 22 04:29:23.662587 2026] [php:error] [pid 83234] [client 172.213.17.83:0] script '/domains/familyplayhouse2/wp-link10.php' not found or unable to stat
[Sun Feb 22 04:29:23.754211 2026] [php:error] [pid 83234] [client 172.213.17.83:0] script '/domains/familyplayhouse2/ff1.php' not found or unable to stat
[Sun Feb 22 04:29:23.771925 2026] [php:error] [pid 83236] [client 20.203.180.135:0] script '/domains/acagolf1/main.php' not found or unable to stat
[Sun Feb 22 04:29:23.845898 2026] [php:error] [pid 83234] [client 172.213.17.83:0] script '/domains/familyplayhouse2/lib.php' not found or unable to stat
[Sun Feb 22 04:29:23.903835 2026] [php:error] [pid 83236] [client 20.203.180.135:0] script '/domains/acagolf1/a1.php' not found or unable to stat
[Sun Feb 22 04:29:23.937799 2026] [php:error] [pid 83234] [client 172.213.17.83:0] script '/domains/familyplayhouse2/Ov-Simple1.php' not found or unable to stat
[Sun Feb 22 04:29:24.004191 2026] [php:error] [pid 83236] [client 20.203.180.135:0] script '/domains/acagolf1/lala.php' not found or unable to stat
[Sun Feb 22 04:29:24.029729 2026] [php:error] [pid 83234] [client 172.213.17.83:0] script '/domains/familyplayhouse2/ccs.php' not found or unable to stat
[Sun Feb 22 04:29:24.121733 2026] [php:error] [pid 83234] [client 172.213.17.83:0] script '/domains/familyplayhouse2/mini.php' not found or unable to stat
[Sun Feb 22 04:29:24.213580 2026] [php:error] [pid 83234] [client 172.213.17.83:0] script '/domains/familyplayhouse2/xr.php' not found or unable to stat
[Sun Feb 22 04:29:24.306075 2026] [php:error] [pid 83234] [client 172.213.17.83:0] script '/domains/familyplayhouse2/rtx.php' not found or unable to stat
[Sun Feb 22 04:29:24.312592 2026] [php:error] [pid 83236] [client 20.203.180.135:0] script '/domains/acagolf1/aaa.php' not found or unable to stat
[Sun Feb 22 04:29:24.398386 2026] [php:error] [pid 83234] [client 172.213.17.83:0] script '/domains/familyplayhouse2/666.php' not found or unable to stat
[Sun Feb 22 04:29:24.490209 2026] [php:error] [pid 83234] [client 172.213.17.83:0] script '/domains/familyplayhouse2/h2a2ck.php' not found or unable to stat
[Sun Feb 22 04:29:24.588750 2026] [php:error] [pid 83234] [client 172.213.17.83:0] script '/domains/familyplayhouse2/cytyr.php' not found or unable to stat
[Sun Feb 22 04:29:24.680581 2026] [php:error] [pid 83234] [client 172.213.17.83:0] script '/domains/familyplayhouse2/h02ugyh.php' not found or unable to stat
[Sun Feb 22 04:29:24.772246 2026] [php:error] [pid 83234] [client 172.213.17.83:0] script '/domains/familyplayhouse2/66.php' not found or unable to stat
[Sun Feb 22 04:29:24.863978 2026] [php:error] [pid 83234] [client 172.213.17.83:0] script '/domains/familyplayhouse2/init.php' not found or unable to stat
[Sun Feb 22 04:29:24.956174 2026] [php:error] [pid 83234] [client 172.213.17.83:0] script '/domains/familyplayhouse2/ava.php' not found or unable to stat
[Sun Feb 22 04:29:25.048567 2026] [php:error] [pid 83234] [client 172.213.17.83:0] script '/domains/familyplayhouse2/inc.php' not found or unable to stat
[Sun Feb 22 04:29:25.140516 2026] [php:error] [pid 83234] [client 172.213.17.83:0] script '/domains/familyplayhouse2/ws68.php' not found or unable to stat
[Sun Feb 22 04:29:25.154635 2026] [php:error] [pid 83236] [client 20.203.180.135:0] script '/domains/acagolf1/a2.php' not found or unable to stat
[Sun Feb 22 04:29:25.232079 2026] [php:error] [pid 83234] [client 172.213.17.83:0] script '/domains/familyplayhouse2/w1px.php' not found or unable to stat
[Sun Feb 22 04:29:25.323598 2026] [php:error] [pid 83234] [client 172.213.17.83:0] script '/domains/familyplayhouse2/ms.php' not found or unable to stat
[Sun Feb 22 04:29:25.507565 2026] [php:error] [pid 83233] [client 172.213.17.83:0] script '/domains/familyplayhouse2/asax.php' not found or unable to stat
[Sun Feb 22 04:29:25.599507 2026] [php:error] [pid 83233] [client 172.213.17.83:0] script '/domains/familyplayhouse2/galer.php' not found or unable to stat
[Sun Feb 22 04:29:25.690991 2026] [php:error] [pid 83233] [client 172.213.17.83:0] script '/domains/familyplayhouse2/fs.php' not found or unable to stat
[Sun Feb 22 04:29:25.782314 2026] [php:error] [pid 83233] [client 172.213.17.83:0] script '/domains/familyplayhouse2/browse.php' not found or unable to stat
[Sun Feb 22 04:29:25.874131 2026] [php:error] [pid 83233] [client 172.213.17.83:0] script '/domains/familyplayhouse2/aaa.php' not found or unable to stat
[Sun Feb 22 04:29:25.947249 2026] [php:error] [pid 83236] [client 20.203.180.135:0] script '/domains/acagolf1/nyan.php' not found or unable to stat
[Sun Feb 22 04:29:25.966461 2026] [php:error] [pid 83233] [client 172.213.17.83:0] script '/domains/familyplayhouse2/global.php' not found or unable to stat
[Sun Feb 22 04:29:26.042289 2026] [php:error] [pid 83236] [client 20.203.180.135:0] script '/domains/acagolf1/jsond.php' not found or unable to stat
[Sun Feb 22 04:29:26.057867 2026] [php:error] [pid 83233] [client 172.213.17.83:0] script '/domains/familyplayhouse2/R57.php' not found or unable to stat
[Sun Feb 22 04:29:27.184503 2026] [php:error] [pid 83229] [client 154.47.20.226:0] script '/domains/rfisher.dnai/wp-login.php' not found or unable to stat
[Sun Feb 22 04:29:37.127636 2026] [php:error] [pid 83234] [client 34.96.162.58:0] script '/domains/larrysr/db.php' not found or unable to stat
[Sun Feb 22 04:29:48.130717 2026] [php:error] [pid 83238] [client 20.48.26.117:0] script '/domains/system_default/new4.php' not found or unable to stat
[Sun Feb 22 04:29:48.296782 2026] [php:error] [pid 83238] [client 20.48.26.117:0] script '/domains/system_default/sc.php' not found or unable to stat
[Sun Feb 22 04:29:48.468847 2026] [php:error] [pid 83238] [client 20.48.26.117:0] script '/domains/system_default/BDKR28WP.php' not found or unable to stat
[Sun Feb 22 04:29:48.638377 2026] [php:error] [pid 83238] [client 20.48.26.117:0] script '/domains/system_default/zu.php' not found or unable to stat
[Sun Feb 22 04:29:48.803800 2026] [php:error] [pid 83238] [client 20.48.26.117:0] script '/domains/system_default/alpha.php' not found or unable to stat
[Sun Feb 22 04:29:48.969085 2026] [php:error] [pid 83238] [client 20.48.26.117:0] script '/domains/system_default/sty.php' not found or unable to stat
[Sun Feb 22 04:29:49.140740 2026] [php:error] [pid 83238] [client 20.48.26.117:0] script '/domains/system_default/wwx.php' not found or unable to stat
[Sun Feb 22 04:29:49.306041 2026] [php:error] [pid 83238] [client 20.48.26.117:0] script '/domains/system_default/tevkb.php' not found or unable to stat
[Sun Feb 22 04:29:49.476078 2026] [php:error] [pid 83238] [client 20.48.26.117:0] script '/domains/system_default/atmaca.php' not found or unable to stat
[Sun Feb 22 04:29:49.642174 2026] [php:error] [pid 83238] [client 20.48.26.117:0] script '/domains/system_default/vr.php' not found or unable to stat
[Sun Feb 22 04:29:49.727594 2026] [php:error] [pid 83234] [client 62.60.130.228:0] script '/domains/perless2web/wp-login.php' not found or unable to stat, referer: https://www.facebook.com/
[Sun Feb 22 04:29:49.809715 2026] [php:error] [pid 83238] [client 20.48.26.117:0] script '/domains/system_default/liebert.php' not found or unable to stat
