[Sun Feb 22 03:22:04.313881 2026] [php:error] [pid 82458] [client 20.203.180.135:0] script '/domains/byardrealestate/add-user.php' not found or unable to stat
[Sun Feb 22 03:22:04.442219 2026] [php:error] [pid 82457] [client 20.205.10.135:0] script '/domains/deltaele/ioxi.php' not found or unable to stat
[Sun Feb 22 03:22:04.706034 2026] [php:error] [pid 82457] [client 20.205.10.135:0] script '/domains/deltaele/xpwer1.php' not found or unable to stat
[Sun Feb 22 03:22:04.921967 2026] [php:error] [pid 82457] [client 20.205.10.135:0] script '/domains/deltaele/lala.php' not found or unable to stat
[Sun Feb 22 03:22:05.136712 2026] [php:error] [pid 82457] [client 20.205.10.135:0] script '/domains/deltaele/about.php' not found or unable to stat
[Sun Feb 22 03:22:06.056680 2026] [php:error] [pid 82461] [client 20.63.214.156:0] script '/domains/performancepartsinc/new4.php' not found or unable to stat
[Sun Feb 22 03:22:06.226792 2026] [php:error] [pid 82461] [client 20.63.214.156:0] script '/domains/performancepartsinc/sc.php' not found or unable to stat
[Sun Feb 22 03:22:06.245754 2026] [php:error] [pid 82457] [client 20.205.10.135:0] script '/domains/deltaele/info.php' not found or unable to stat
[Sun Feb 22 03:22:06.391416 2026] [php:error] [pid 82461] [client 20.63.214.156:0] script '/domains/performancepartsinc/BDKR28WP.php' not found or unable to stat
[Sun Feb 22 03:22:06.460106 2026] [php:error] [pid 82457] [client 20.205.10.135:0] script '/domains/deltaele/about.php' not found or unable to stat
[Sun Feb 22 03:22:06.555987 2026] [php:error] [pid 82461] [client 20.63.214.156:0] script '/domains/performancepartsinc/zu.php' not found or unable to stat
[Sun Feb 22 03:22:06.721770 2026] [php:error] [pid 82461] [client 20.63.214.156:0] script '/domains/performancepartsinc/alpha.php' not found or unable to stat
[Sun Feb 22 03:22:06.895978 2026] [php:error] [pid 82461] [client 20.63.214.156:0] script '/domains/performancepartsinc/sty.php' not found or unable to stat
[Sun Feb 22 03:22:06.927909 2026] [php:error] [pid 82457] [client 20.205.10.135:0] script '/domains/deltaele/222.php' not found or unable to stat
[Sun Feb 22 03:22:07.060609 2026] [php:error] [pid 82461] [client 20.63.214.156:0] script '/domains/performancepartsinc/wwx.php' not found or unable to stat
[Sun Feb 22 03:22:07.146350 2026] [php:error] [pid 82457] [client 20.205.10.135:0] script '/domains/deltaele/adminfuns.php' not found or unable to stat
[Sun Feb 22 03:22:07.225467 2026] [php:error] [pid 82461] [client 20.63.214.156:0] script '/domains/performancepartsinc/tevkb.php' not found or unable to stat
[Sun Feb 22 03:22:07.390613 2026] [php:error] [pid 82461] [client 20.63.214.156:0] script '/domains/performancepartsinc/atmaca.php' not found or unable to stat
[Sun Feb 22 03:22:07.560116 2026] [php:error] [pid 82461] [client 20.63.214.156:0] script '/domains/performancepartsinc/vr.php' not found or unable to stat
[Sun Feb 22 03:22:07.575171 2026] [php:error] [pid 82457] [client 20.205.10.135:0] script '/domains/deltaele/xx.php' not found or unable to stat
[Sun Feb 22 03:22:07.725172 2026] [php:error] [pid 82461] [client 20.63.214.156:0] script '/domains/performancepartsinc/liebert.php' not found or unable to stat
[Sun Feb 22 03:22:07.889651 2026] [php:error] [pid 82461] [client 20.63.214.156:0] script '/domains/performancepartsinc/opts.php' not found or unable to stat
[Sun Feb 22 03:22:08.018517 2026] [php:error] [pid 82457] [client 20.205.10.135:0] script '/domains/deltaele/f5.php' not found or unable to stat
[Sun Feb 22 03:22:08.054462 2026] [php:error] [pid 82461] [client 20.63.214.156:0] script '/domains/performancepartsinc/wp-act.php' not found or unable to stat
[Sun Feb 22 03:22:08.219338 2026] [php:error] [pid 82461] [client 20.63.214.156:0] script '/domains/performancepartsinc/ze.php' not found or unable to stat
[Sun Feb 22 03:22:08.248017 2026] [php:error] [pid 82457] [client 20.205.10.135:0] script '/domains/deltaele/flower.php' not found or unable to stat
[Sun Feb 22 03:22:08.385603 2026] [php:error] [pid 82461] [client 20.63.214.156:0] script '/domains/performancepartsinc/seetox.php' not found or unable to stat
[Sun Feb 22 03:22:08.505525 2026] [php:error] [pid 82457] [client 20.205.10.135:0] script '/domains/deltaele/f6.php' not found or unable to stat
[Sun Feb 22 03:22:08.720015 2026] [php:error] [pid 82461] [client 20.63.214.156:0] script '/domains/performancepartsinc/plugins.php' not found or unable to stat
[Sun Feb 22 03:22:08.732338 2026] [php:error] [pid 82457] [client 20.205.10.135:0] script '/domains/deltaele/edit.php' not found or unable to stat
[Sun Feb 22 03:22:08.884526 2026] [php:error] [pid 82461] [client 20.63.214.156:0] script '/domains/performancepartsinc/xoot.php' not found or unable to stat
[Sun Feb 22 03:22:09.049144 2026] [php:error] [pid 82461] [client 20.63.214.156:0] script '/domains/performancepartsinc/X57.php' not found or unable to stat
[Sun Feb 22 03:22:09.213986 2026] [php:error] [pid 82461] [client 20.63.214.156:0] script '/domains/performancepartsinc/vx.php' not found or unable to stat
[Sun Feb 22 03:22:09.381048 2026] [php:error] [pid 82461] [client 20.63.214.156:0] script '/domains/performancepartsinc/file59.php' not found or unable to stat
[Sun Feb 22 03:22:09.397810 2026] [php:error] [pid 82457] [client 20.205.10.135:0] script '/domains/deltaele/av.php' not found or unable to stat
[Sun Feb 22 03:22:09.710779 2026] [php:error] [pid 82461] [client 20.63.214.156:0] script '/domains/performancepartsinc/xa.php' not found or unable to stat
[Sun Feb 22 03:22:09.844303 2026] [php:error] [pid 82457] [client 20.205.10.135:0] script '/domains/deltaele/wsd.php' not found or unable to stat
[Sun Feb 22 03:22:09.885019 2026] [php:error] [pid 82461] [client 20.63.214.156:0] script '/domains/performancepartsinc/er.php' not found or unable to stat
[Sun Feb 22 03:22:10.052517 2026] [php:error] [pid 82461] [client 20.63.214.156:0] script '/domains/performancepartsinc/fault.php' not found or unable to stat
[Sun Feb 22 03:22:10.077171 2026] [php:error] [pid 82457] [client 20.205.10.135:0] script '/domains/deltaele/jane.php' not found or unable to stat
[Sun Feb 22 03:22:10.217137 2026] [php:error] [pid 82461] [client 20.63.214.156:0] script '/domains/performancepartsinc/motu.php' not found or unable to stat
[Sun Feb 22 03:22:10.308018 2026] [php:error] [pid 82457] [client 20.205.10.135:0] script '/domains/deltaele/css.php' not found or unable to stat
[Sun Feb 22 03:22:10.382118 2026] [php:error] [pid 82461] [client 20.63.214.156:0] script '/domains/performancepartsinc/66.php' not found or unable to stat
[Sun Feb 22 03:22:10.523536 2026] [php:error] [pid 82457] [client 20.205.10.135:0] script '/domains/deltaele/alfa.php' not found or unable to stat
[Sun Feb 22 03:22:10.547462 2026] [php:error] [pid 82461] [client 20.63.214.156:0] script '/domains/performancepartsinc/leuk.php' not found or unable to stat
[Sun Feb 22 03:22:10.712250 2026] [php:error] [pid 82461] [client 20.63.214.156:0] script '/domains/performancepartsinc/xqq.php' not found or unable to stat
[Sun Feb 22 03:22:10.755157 2026] [php:error] [pid 82457] [client 20.205.10.135:0] script '/domains/deltaele/wen.php' not found or unable to stat
[Sun Feb 22 03:22:10.877110 2026] [php:error] [pid 82461] [client 20.63.214.156:0] script '/domains/performancepartsinc/kolda.php' not found or unable to stat
[Sun Feb 22 03:22:10.970454 2026] [php:error] [pid 82457] [client 20.205.10.135:0] script '/domains/deltaele/x.php' not found or unable to stat
[Sun Feb 22 03:22:11.041820 2026] [php:error] [pid 82461] [client 20.63.214.156:0] script '/domains/performancepartsinc/nw.php' not found or unable to stat
[Sun Feb 22 03:22:11.185002 2026] [php:error] [pid 82457] [client 20.205.10.135:0] script '/domains/deltaele/xxxx.php' not found or unable to stat
[Sun Feb 22 03:22:11.206457 2026] [php:error] [pid 82461] [client 20.63.214.156:0] script '/domains/performancepartsinc/666.php' not found or unable to stat
[Sun Feb 22 03:22:11.377130 2026] [php:error] [pid 82461] [client 20.63.214.156:0] script '/domains/performancepartsinc/kj.php' not found or unable to stat
[Sun Feb 22 03:22:11.399344 2026] [php:error] [pid 82457] [client 20.205.10.135:0] script '/domains/deltaele/class.php' not found or unable to stat
[Sun Feb 22 03:22:11.544746 2026] [php:error] [pid 82461] [client 20.63.214.156:0] script '/domains/performancepartsinc/un.php' not found or unable to stat
[Sun Feb 22 03:22:11.628469 2026] [php:error] [pid 82457] [client 20.205.10.135:0] script '/domains/deltaele/f35.php' not found or unable to stat
[Sun Feb 22 03:22:11.709036 2026] [php:error] [pid 82461] [client 20.63.214.156:0] script '/domains/performancepartsinc/fs.php' not found or unable to stat
[Sun Feb 22 03:22:11.874553 2026] [php:error] [pid 82461] [client 20.63.214.156:0] script '/domains/performancepartsinc/ms.php' not found or unable to stat
[Sun Feb 22 03:22:12.039601 2026] [php:error] [pid 82461] [client 20.63.214.156:0] script '/domains/performancepartsinc/login8.php' not found or unable to stat
[Sun Feb 22 03:22:12.204219 2026] [php:error] [pid 82461] [client 20.63.214.156:0] script '/domains/performancepartsinc/cu.php' not found or unable to stat
[Sun Feb 22 03:22:12.372759 2026] [php:error] [pid 82461] [client 20.63.214.156:0] script '/domains/performancepartsinc/lul.php' not found or unable to stat
[Sun Feb 22 03:22:12.533424 2026] [php:error] [pid 82457] [client 20.205.10.135:0] script '/domains/deltaele/class-t.api.php' not found or unable to stat
[Sun Feb 22 03:22:12.536887 2026] [php:error] [pid 82461] [client 20.63.214.156:0] script '/domains/performancepartsinc/0.php' not found or unable to stat
[Sun Feb 22 03:22:12.701123 2026] [php:error] [pid 82461] [client 20.63.214.156:0] script '/domains/performancepartsinc/ms-edit.php' not found or unable to stat
[Sun Feb 22 03:22:12.759871 2026] [php:error] [pid 82457] [client 20.205.10.135:0] script '/domains/deltaele/blurbs18.php' not found or unable to stat
[Sun Feb 22 03:22:12.865367 2026] [php:error] [pid 82461] [client 20.63.214.156:0] script '/domains/performancepartsinc/ya.php' not found or unable to stat
[Sun Feb 22 03:22:13.030978 2026] [php:error] [pid 82461] [client 20.63.214.156:0] script '/domains/performancepartsinc/grsiuk.php' not found or unable to stat
[Sun Feb 22 03:22:13.195028 2026] [php:error] [pid 82461] [client 20.63.214.156:0] script '/domains/performancepartsinc/wp-blog.php' not found or unable to stat
[Sun Feb 22 03:22:13.361119 2026] [php:error] [pid 82461] [client 20.63.214.156:0] script '/domains/performancepartsinc/wp-access.php' not found or unable to stat
[Sun Feb 22 03:22:13.534155 2026] [php:error] [pid 82461] [client 20.63.214.156:0] script '/domains/performancepartsinc/a1vx.php' not found or unable to stat
[Sun Feb 22 03:22:13.698636 2026] [php:error] [pid 82461] [client 20.63.214.156:0] script '/domains/performancepartsinc/sbhu.php' not found or unable to stat
[Sun Feb 22 03:22:13.862744 2026] [php:error] [pid 82461] [client 20.63.214.156:0] script '/domains/performancepartsinc/wp-the.php' not found or unable to stat
[Sun Feb 22 03:22:14.029415 2026] [php:error] [pid 82461] [client 20.63.214.156:0] script '/domains/performancepartsinc/06.php' not found or unable to stat
[Sun Feb 22 03:22:14.195297 2026] [php:error] [pid 82461] [client 20.63.214.156:0] script '/domains/performancepartsinc/wp5.php' not found or unable to stat
[Sun Feb 22 03:22:14.272091 2026] [php:error] [pid 82457] [client 20.205.10.135:0] script '/domains/deltaele/bless11.php' not found or unable to stat
[Sun Feb 22 03:22:14.359969 2026] [php:error] [pid 82461] [client 20.63.214.156:0] script '/domains/performancepartsinc/fot.php' not found or unable to stat
[Sun Feb 22 03:22:14.496367 2026] [php:error] [pid 82457] [client 20.205.10.135:0] script '/domains/deltaele/init.php' not found or unable to stat
[Sun Feb 22 03:22:14.525752 2026] [php:error] [pid 82461] [client 20.63.214.156:0] script '/domains/performancepartsinc/ff1.php' not found or unable to stat
[Sun Feb 22 03:22:14.692932 2026] [php:error] [pid 82461] [client 20.63.214.156:0] script '/domains/performancepartsinc/forbidals.php' not found or unable to stat
[Sun Feb 22 03:22:14.857993 2026] [php:error] [pid 82461] [client 20.63.214.156:0] script '/domains/performancepartsinc/erty.php' not found or unable to stat
[Sun Feb 22 03:22:14.930478 2026] [php:error] [pid 82457] [client 20.205.10.135:0] script '/domains/deltaele/k.php' not found or unable to stat
[Sun Feb 22 03:22:15.025469 2026] [php:error] [pid 82461] [client 20.63.214.156:0] script '/domains/performancepartsinc/dev1s.php' not found or unable to stat
[Sun Feb 22 03:22:15.159110 2026] [php:error] [pid 82457] [client 20.205.10.135:0] script '/domains/deltaele/bless.php' not found or unable to stat
[Sun Feb 22 03:22:15.200104 2026] [php:error] [pid 82461] [client 20.63.214.156:0] script '/domains/performancepartsinc/ffd.php' not found or unable to stat
[Sun Feb 22 03:22:15.364864 2026] [php:error] [pid 82461] [client 20.63.214.156:0] script '/domains/performancepartsinc/admiin.php' not found or unable to stat
[Sun Feb 22 03:22:15.373449 2026] [php:error] [pid 82457] [client 20.205.10.135:0] script '/domains/deltaele/X7x.php' not found or unable to stat
[Sun Feb 22 03:22:15.536505 2026] [php:error] [pid 82461] [client 20.63.214.156:0] script '/domains/performancepartsinc/ol.php' not found or unable to stat
[Sun Feb 22 03:22:15.588385 2026] [php:error] [pid 82457] [client 20.205.10.135:0] script '/domains/deltaele/166.php' not found or unable to stat
[Sun Feb 22 03:22:15.701631 2026] [php:error] [pid 82461] [client 20.63.214.156:0] script '/domains/performancepartsinc/Sanskrit.php' not found or unable to stat
[Sun Feb 22 03:22:15.837082 2026] [php:error] [pid 82457] [client 20.205.10.135:0] script '/domains/deltaele/plss3.php' not found or unable to stat
[Sun Feb 22 03:22:15.868103 2026] [php:error] [pid 82461] [client 20.63.214.156:0] script '/domains/performancepartsinc/vxrl.php' not found or unable to stat
[Sun Feb 22 03:22:16.034196 2026] [php:error] [pid 82461] [client 20.63.214.156:0] script '/domains/performancepartsinc/re.php' not found or unable to stat
[Sun Feb 22 03:22:16.206201 2026] [php:error] [pid 82461] [client 20.63.214.156:0] script '/domains/performancepartsinc/num.php' not found or unable to stat
[Sun Feb 22 03:22:16.273870 2026] [php:error] [pid 82457] [client 20.205.10.135:0] script '/domains/deltaele/admins.php' not found or unable to stat
[Sun Feb 22 03:22:16.370691 2026] [php:error] [pid 82461] [client 20.63.214.156:0] script '/domains/performancepartsinc/axx.php' not found or unable to stat
[Sun Feb 22 03:22:16.499306 2026] [php:error] [pid 82457] [client 20.205.10.135:0] script '/domains/deltaele/wp.php' not found or unable to stat
[Sun Feb 22 03:22:16.534857 2026] [php:error] [pid 82461] [client 20.63.214.156:0] script '/domains/performancepartsinc/vxrl.php' not found or unable to stat
[Sun Feb 22 03:22:16.699751 2026] [php:error] [pid 82461] [client 20.63.214.156:0] script '/domains/performancepartsinc/in.php' not found or unable to stat
[Sun Feb 22 03:22:16.713659 2026] [php:error] [pid 82457] [client 20.205.10.135:0] script '/domains/deltaele/main.php' not found or unable to stat
[Sun Feb 22 03:22:16.864192 2026] [php:error] [pid 82461] [client 20.63.214.156:0] script '/domains/performancepartsinc/style.php' not found or unable to stat
[Sun Feb 22 03:22:16.931481 2026] [php:error] [pid 82457] [client 20.205.10.135:0] script '/domains/deltaele/a1.php' not found or unable to stat
[Sun Feb 22 03:22:17.033541 2026] [php:error] [pid 82461] [client 20.63.214.156:0] script '/domains/performancepartsinc/we.php' not found or unable to stat
[Sun Feb 22 03:22:17.253621 2026] [php:error] [pid 82461] [client 20.63.214.156:0] script '/domains/performancepartsinc/zwso.php' not found or unable to stat
[Sun Feb 22 03:22:17.257229 2026] [php:error] [pid 82457] [client 20.205.10.135:0] script '/domains/deltaele/lala.php' not found or unable to stat
[Sun Feb 22 03:22:17.428560 2026] [php:error] [pid 82461] [client 20.63.214.156:0] script '/domains/performancepartsinc/karak.php' not found or unable to stat
[Sun Feb 22 03:22:17.484334 2026] [php:error] [pid 82457] [client 20.205.10.135:0] script '/domains/deltaele/aaa.php' not found or unable to stat
[Sun Feb 22 03:22:17.593904 2026] [php:error] [pid 82461] [client 20.63.214.156:0] script '/domains/performancepartsinc/prv8.php' not found or unable to stat
[Sun Feb 22 03:22:17.716774 2026] [php:error] [pid 82457] [client 20.205.10.135:0] script '/domains/deltaele/a2.php' not found or unable to stat
[Sun Feb 22 03:22:17.759569 2026] [php:error] [pid 82461] [client 20.63.214.156:0] script '/domains/performancepartsinc/i.php' not found or unable to stat
[Sun Feb 22 03:22:17.933494 2026] [php:error] [pid 82461] [client 20.63.214.156:0] script '/domains/performancepartsinc/a.php' not found or unable to stat
[Sun Feb 22 03:22:18.106165 2026] [php:error] [pid 82461] [client 20.63.214.156:0] script '/domains/performancepartsinc/xmlrpc.php' not found or unable to stat
[Sun Feb 22 03:22:18.145534 2026] [php:error] [pid 82457] [client 20.205.10.135:0] script '/domains/deltaele/jsond.php' not found or unable to stat
[Sun Feb 22 03:22:18.271548 2026] [php:error] [pid 82461] [client 20.63.214.156:0] script '/domains/performancepartsinc/aw.php' not found or unable to stat
[Sun Feb 22 03:22:18.436236 2026] [php:error] [pid 82461] [client 20.63.214.156:0] script '/domains/performancepartsinc/dev.php' not found or unable to stat
[Sun Feb 22 03:22:18.609774 2026] [php:error] [pid 82461] [client 20.63.214.156:0] script '/domains/performancepartsinc/lock360.php' not found or unable to stat
[Sun Feb 22 03:22:18.780020 2026] [php:error] [pid 82461] [client 20.63.214.156:0] script '/domains/performancepartsinc/155.php' not found or unable to stat
[Sun Feb 22 03:22:18.945870 2026] [php:error] [pid 82461] [client 20.63.214.156:0] script '/domains/performancepartsinc/goat.php' not found or unable to stat
[Sun Feb 22 03:22:19.110693 2026] [php:error] [pid 82461] [client 20.63.214.156:0] script '/domains/performancepartsinc/tcp.php' not found or unable to stat
[Sun Feb 22 03:22:19.276699 2026] [php:error] [pid 82461] [client 20.63.214.156:0] script '/domains/performancepartsinc/ext.php' not found or unable to stat
[Sun Feb 22 03:22:19.441778 2026] [php:error] [pid 82461] [client 20.63.214.156:0] script '/domains/performancepartsinc/inputs.php' not found or unable to stat
[Sun Feb 22 03:22:19.606277 2026] [php:error] [pid 82461] [client 20.63.214.156:0] script '/domains/performancepartsinc/ioxi.php' not found or unable to stat
[Sun Feb 22 03:22:19.774161 2026] [php:error] [pid 82461] [client 20.63.214.156:0] script '/domains/performancepartsinc/fe5.php' not found or unable to stat
[Sun Feb 22 03:22:19.938577 2026] [php:error] [pid 82461] [client 20.63.214.156:0] script '/domains/performancepartsinc/ov.php' not found or unable to stat
[Sun Feb 22 03:22:20.274154 2026] [php:error] [pid 82461] [client 20.63.214.156:0] script '/domains/performancepartsinc/default.php' not found or unable to stat
[Sun Feb 22 03:22:20.441014 2026] [php:error] [pid 82461] [client 20.63.214.156:0] script '/domains/performancepartsinc/goods.php' not found or unable to stat
[Sun Feb 22 03:22:20.608174 2026] [php:error] [pid 82461] [client 20.63.214.156:0] script '/domains/performancepartsinc/abcd.php' not found or unable to stat
[Sun Feb 22 03:22:20.785297 2026] [php:error] [pid 82461] [client 20.63.214.156:0] script '/domains/performancepartsinc/class.1.php' not found or unable to stat
[Sun Feb 22 03:22:20.907208 2026] [php:error] [pid 82437] [client 20.189.202.58:0] script '/domains/system_suspended/wp-trackback.php' not found or unable to stat
[Sun Feb 22 03:22:20.952638 2026] [php:error] [pid 82461] [client 20.63.214.156:0] script '/domains/performancepartsinc/async.php' not found or unable to stat
[Sun Feb 22 03:22:21.072477 2026] [php:error] [pid 82437] [client 20.189.202.58:0] script '/domains/system_suspended/about.php' not found or unable to stat
[Sun Feb 22 03:22:21.118298 2026] [php:error] [pid 82461] [client 20.63.214.156:0] script '/domains/performancepartsinc/ff.php' not found or unable to stat
[Sun Feb 22 03:22:21.249662 2026] [php:error] [pid 82437] [client 20.189.202.58:0] script '/domains/system_suspended/file.php' not found or unable to stat
[Sun Feb 22 03:22:21.290958 2026] [php:error] [pid 82461] [client 20.63.214.156:0] script '/domains/performancepartsinc/ioxi-o.php' not found or unable to stat
[Sun Feb 22 03:22:21.415208 2026] [php:error] [pid 82437] [client 20.189.202.58:0] script '/domains/system_suspended/wp-good.php' not found or unable to stat
[Sun Feb 22 03:22:21.455333 2026] [php:error] [pid 82461] [client 20.63.214.156:0] script '/domains/performancepartsinc/manager.php' not found or unable to stat
[Sun Feb 22 03:22:21.582664 2026] [php:error] [pid 82437] [client 20.189.202.58:0] script '/domains/system_suspended/xmlrpc.php' not found or unable to stat
[Sun Feb 22 03:22:21.620106 2026] [php:error] [pid 82461] [client 20.63.214.156:0] script '/domains/performancepartsinc/wp-update.php' not found or unable to stat
[Sun Feb 22 03:22:21.765736 2026] [php:error] [pid 82437] [client 20.189.202.58:0] script '/domains/system_suspended/goods.php' not found or unable to stat
[Sun Feb 22 03:22:21.784577 2026] [php:error] [pid 82461] [client 20.63.214.156:0] script '/domains/performancepartsinc/file.php' not found or unable to stat
[Sun Feb 22 03:22:21.931834 2026] [php:error] [pid 82437] [client 20.189.202.58:0] script '/domains/system_suspended/ioxi-o.php' not found or unable to stat
[Sun Feb 22 03:22:22.097480 2026] [php:error] [pid 82437] [client 20.189.202.58:0] script '/domains/system_suspended/class-t.api.php' not found or unable to stat
[Sun Feb 22 03:22:22.113505 2026] [php:error] [pid 82461] [client 20.63.214.156:0] script '/domains/performancepartsinc/lc.php' not found or unable to stat
[Sun Feb 22 03:22:22.263365 2026] [php:error] [pid 82437] [client 20.189.202.58:0] script '/domains/system_suspended/admin.php' not found or unable to stat
[Sun Feb 22 03:22:22.281894 2026] [php:error] [pid 82461] [client 20.63.214.156:0] script '/domains/performancepartsinc/cbrfo.php' not found or unable to stat
[Sun Feb 22 03:22:22.429798 2026] [php:error] [pid 82437] [client 20.189.202.58:0] script '/domains/system_suspended/sf.php' not found or unable to stat
[Sun Feb 22 03:22:22.451245 2026] [php:error] [pid 82461] [client 20.63.214.156:0] script '/domains/performancepartsinc/inc.php' not found or unable to stat
[Sun Feb 22 03:22:22.595792 2026] [php:error] [pid 82437] [client 20.189.202.58:0] script '/domains/system_suspended/rip.php' not found or unable to stat
[Sun Feb 22 03:22:22.617856 2026] [php:error] [pid 82461] [client 20.63.214.156:0] script '/domains/performancepartsinc/gifclass.php' not found or unable to stat
[Sun Feb 22 03:22:22.762069 2026] [php:error] [pid 82437] [client 20.189.202.58:0] script '/domains/system_suspended/autoload_classmap.php' not found or unable to stat
[Sun Feb 22 03:22:22.936765 2026] [php:error] [pid 82437] [client 20.189.202.58:0] script '/domains/system_suspended/chosen.php' not found or unable to stat
[Sun Feb 22 03:22:22.947908 2026] [php:error] [pid 82445] [client 20.63.214.156:0] script '/domains/performancepartsinc/miansha.php' not found or unable to stat
[Sun Feb 22 03:22:23.103261 2026] [php:error] [pid 82437] [client 20.189.202.58:0] script '/domains/system_suspended/classwithtostring.php' not found or unable to stat
[Sun Feb 22 03:22:23.115619 2026] [php:error] [pid 82445] [client 20.63.214.156:0] script '/domains/performancepartsinc/tinyfilemanager.php' not found or unable to stat
[Sun Feb 22 03:22:23.268943 2026] [php:error] [pid 82437] [client 20.189.202.58:0] script '/domains/system_suspended/defaults.php' not found or unable to stat
[Sun Feb 22 03:22:23.284927 2026] [php:error] [pid 82445] [client 20.63.214.156:0] script '/domains/performancepartsinc/admin.php' not found or unable to stat
[Sun Feb 22 03:22:23.450220 2026] [php:error] [pid 82445] [client 20.63.214.156:0] script '/domains/performancepartsinc/ok.php' not found or unable to stat
[Sun Feb 22 03:22:23.641049 2026] [php:error] [pid 82445] [client 20.63.214.156:0] script '/domains/performancepartsinc/fi.php' not found or unable to stat
[Sun Feb 22 03:22:23.810407 2026] [php:error] [pid 82445] [client 20.63.214.156:0] script '/domains/performancepartsinc/muzu.php' not found or unable to stat
[Sun Feb 22 03:22:23.975123 2026] [php:error] [pid 82445] [client 20.63.214.156:0] script '/domains/performancepartsinc/reze.php' not found or unable to stat
[Sun Feb 22 03:22:24.100749 2026] [php:error] [pid 82437] [client 20.189.202.58:0] script '/domains/system_suspended/info.php' not found or unable to stat
[Sun Feb 22 03:22:24.139894 2026] [php:error] [pid 82445] [client 20.63.214.156:0] script '/domains/performancepartsinc/styll.php' not found or unable to stat
[Sun Feb 22 03:22:24.306894 2026] [php:error] [pid 82445] [client 20.63.214.156:0] script '/domains/performancepartsinc/x7.php' not found or unable to stat
[Sun Feb 22 03:22:24.471616 2026] [php:error] [pid 82445] [client 20.63.214.156:0] script '/domains/performancepartsinc/thebe.php' not found or unable to stat
[Sun Feb 22 03:22:24.636788 2026] [php:error] [pid 82445] [client 20.63.214.156:0] script '/domains/performancepartsinc/ddd.php' not found or unable to stat
[Sun Feb 22 03:22:24.802351 2026] [php:error] [pid 82445] [client 20.63.214.156:0] script '/domains/performancepartsinc/bgymj.php' not found or unable to stat
[Sun Feb 22 03:22:24.967171 2026] [php:error] [pid 82445] [client 20.63.214.156:0] script '/domains/performancepartsinc/8xyz.php' not found or unable to stat
[Sun Feb 22 03:22:25.150553 2026] [php:error] [pid 82445] [client 20.63.214.156:0] script '/domains/performancepartsinc/ioxi.php' not found or unable to stat
[Sun Feb 22 03:22:25.261902 2026] [php:error] [pid 82437] [client 20.189.202.58:0] script '/domains/system_suspended/adminfuns.php' not found or unable to stat
[Sun Feb 22 03:22:25.331962 2026] [php:error] [pid 82445] [client 20.63.214.156:0] script '/domains/performancepartsinc/xpwer1.php' not found or unable to stat
[Sun Feb 22 03:22:25.496700 2026] [php:error] [pid 82445] [client 20.63.214.156:0] script '/domains/performancepartsinc/lala.php' not found or unable to stat
[Sun Feb 22 03:22:25.661726 2026] [php:error] [pid 82445] [client 20.63.214.156:0] script '/domains/performancepartsinc/about.php' not found or unable to stat
[Sun Feb 22 03:22:26.496725 2026] [php:error] [pid 82445] [client 20.63.214.156:0] script '/domains/performancepartsinc/info.php' not found or unable to stat
[Sun Feb 22 03:22:26.663248 2026] [php:error] [pid 82445] [client 20.63.214.156:0] script '/domains/performancepartsinc/about.php' not found or unable to stat
[Sun Feb 22 03:22:26.993253 2026] [php:error] [pid 82445] [client 20.63.214.156:0] script '/domains/performancepartsinc/222.php' not found or unable to stat
[Sun Feb 22 03:22:27.198428 2026] [php:error] [pid 82445] [client 20.63.214.156:0] script '/domains/performancepartsinc/adminfuns.php' not found or unable to stat
[Sun Feb 22 03:22:27.544052 2026] [php:error] [pid 82445] [client 20.63.214.156:0] script '/domains/performancepartsinc/xx.php' not found or unable to stat
[Sun Feb 22 03:22:27.897466 2026] [php:error] [pid 82445] [client 20.63.214.156:0] script '/domains/performancepartsinc/f5.php' not found or unable to stat
[Sun Feb 22 03:22:28.063049 2026] [php:error] [pid 82445] [client 20.63.214.156:0] script '/domains/performancepartsinc/flower.php' not found or unable to stat
[Sun Feb 22 03:22:28.238064 2026] [php:error] [pid 82445] [client 20.63.214.156:0] script '/domains/performancepartsinc/f6.php' not found or unable to stat
[Sun Feb 22 03:22:28.405644 2026] [php:error] [pid 82445] [client 20.63.214.156:0] script '/domains/performancepartsinc/edit.php' not found or unable to stat
[Sun Feb 22 03:22:28.905025 2026] [php:error] [pid 82445] [client 20.63.214.156:0] script '/domains/performancepartsinc/av.php' not found or unable to stat
[Sun Feb 22 03:22:29.237175 2026] [php:error] [pid 82445] [client 20.63.214.156:0] script '/domains/performancepartsinc/wsd.php' not found or unable to stat
[Sun Feb 22 03:22:29.402190 2026] [php:error] [pid 82445] [client 20.63.214.156:0] script '/domains/performancepartsinc/jane.php' not found or unable to stat
[Sun Feb 22 03:22:29.738755 2026] [php:error] [pid 82445] [client 20.63.214.156:0] script '/domains/performancepartsinc/alfa.php' not found or unable to stat
[Sun Feb 22 03:22:29.924560 2026] [php:error] [pid 82445] [client 20.63.214.156:0] script '/domains/performancepartsinc/wen.php' not found or unable to stat
[Sun Feb 22 03:22:30.089389 2026] [php:error] [pid 82445] [client 20.63.214.156:0] script '/domains/performancepartsinc/x.php' not found or unable to stat
[Sun Feb 22 03:22:30.254154 2026] [php:error] [pid 82445] [client 20.63.214.156:0] script '/domains/performancepartsinc/xxxx.php' not found or unable to stat
[Sun Feb 22 03:22:30.438464 2026] [php:error] [pid 82445] [client 20.63.214.156:0] script '/domains/performancepartsinc/class.php' not found or unable to stat
[Sun Feb 22 03:22:30.603103 2026] [php:error] [pid 82445] [client 20.63.214.156:0] script '/domains/performancepartsinc/f35.php' not found or unable to stat
[Sun Feb 22 03:22:31.284117 2026] [php:error] [pid 82445] [client 20.63.214.156:0] script '/domains/performancepartsinc/class-t.api.php' not found or unable to stat
[Sun Feb 22 03:22:31.451271 2026] [php:error] [pid 82445] [client 20.63.214.156:0] script '/domains/performancepartsinc/blurbs18.php' not found or unable to stat
[Sun Feb 22 03:22:32.643543 2026] [php:error] [pid 82445] [client 20.63.214.156:0] script '/domains/performancepartsinc/bless11.php' not found or unable to stat
[Sun Feb 22 03:22:32.815992 2026] [php:error] [pid 82445] [client 20.63.214.156:0] script '/domains/performancepartsinc/init.php' not found or unable to stat
[Sun Feb 22 03:22:33.170717 2026] [php:error] [pid 82445] [client 20.63.214.156:0] script '/domains/performancepartsinc/k.php' not found or unable to stat
[Sun Feb 22 03:22:33.337433 2026] [php:error] [pid 82445] [client 20.63.214.156:0] script '/domains/performancepartsinc/bless.php' not found or unable to stat
[Sun Feb 22 03:22:33.503522 2026] [php:error] [pid 82445] [client 20.63.214.156:0] script '/domains/performancepartsinc/X7x.php' not found or unable to stat
[Sun Feb 22 03:22:33.670347 2026] [php:error] [pid 82445] [client 20.63.214.156:0] script '/domains/performancepartsinc/166.php' not found or unable to stat
[Sun Feb 22 03:22:33.836069 2026] [php:error] [pid 82445] [client 20.63.214.156:0] script '/domains/performancepartsinc/plss3.php' not found or unable to stat
[Sun Feb 22 03:22:34.168399 2026] [php:error] [pid 82445] [client 20.63.214.156:0] script '/domains/performancepartsinc/admins.php' not found or unable to stat
[Sun Feb 22 03:22:34.337173 2026] [php:error] [pid 82445] [client 20.63.214.156:0] script '/domains/performancepartsinc/wp.php' not found or unable to stat
[Sun Feb 22 03:22:34.671967 2026] [php:error] [pid 82445] [client 20.63.214.156:0] script '/domains/performancepartsinc/a1.php' not found or unable to stat
[Sun Feb 22 03:22:34.836799 2026] [php:error] [pid 82445] [client 20.63.214.156:0] script '/domains/performancepartsinc/lala.php' not found or unable to stat
[Sun Feb 22 03:22:35.010894 2026] [php:error] [pid 82445] [client 20.63.214.156:0] script '/domains/performancepartsinc/aaa.php' not found or unable to stat
[Sun Feb 22 03:22:35.175380 2026] [php:error] [pid 82445] [client 20.63.214.156:0] script '/domains/performancepartsinc/a2.php' not found or unable to stat
[Sun Feb 22 03:22:35.514736 2026] [php:error] [pid 82445] [client 20.63.214.156:0] script '/domains/performancepartsinc/jsond.php' not found or unable to stat
[Sun Feb 22 03:23:39.631647 2026] [php:error] [pid 82440] [client 20.24.200.53:0] script '/domains/magicjim/wp-sing.php' not found or unable to stat
[Sun Feb 22 03:23:39.846952 2026] [php:error] [pid 82440] [client 20.24.200.53:0] script '/domains/magicjim/term.php' not found or unable to stat
[Sun Feb 22 03:23:40.062896 2026] [php:error] [pid 82440] [client 20.24.200.53:0] script '/domains/magicjim/adminfuns.php' not found or unable to stat
[Sun Feb 22 03:23:40.278323 2026] [php:error] [pid 82440] [client 20.24.200.53:0] script '/domains/magicjim/wp-xml.php' not found or unable to stat
[Sun Feb 22 03:23:40.493947 2026] [php:error] [pid 82440] [client 20.24.200.53:0] script '/domains/magicjim/wp-good.php' not found or unable to stat
[Sun Feb 22 03:23:40.709573 2026] [php:error] [pid 82440] [client 20.24.200.53:0] script '/domains/magicjim/wp-links-opml.php' not found or unable to stat
[Sun Feb 22 03:23:40.925000 2026] [php:error] [pid 82440] [client 20.24.200.53:0] script '/domains/magicjim/elp.php' not found or unable to stat
[Sun Feb 22 03:23:41.169256 2026] [php:error] [pid 82440] [client 20.24.200.53:0] script '/domains/magicjim/wpc.php' not found or unable to stat
[Sun Feb 22 03:23:41.384990 2026] [php:error] [pid 82440] [client 20.24.200.53:0] script '/domains/magicjim/admin.php' not found or unable to stat
[Sun Feb 22 03:23:41.603589 2026] [php:error] [pid 82440] [client 20.24.200.53:0] script '/domains/magicjim/ioxi-o.php' not found or unable to stat
[Sun Feb 22 03:23:41.819052 2026] [php:error] [pid 82440] [client 20.24.200.53:0] script '/domains/magicjim/about.php' not found or unable to stat
[Sun Feb 22 03:23:42.129481 2026] [php:error] [pid 82440] [client 20.24.200.53:0] script '/domains/magicjim/file.php' not found or unable to stat
[Sun Feb 22 03:23:42.344861 2026] [php:error] [pid 82440] [client 20.24.200.53:0] script '/domains/magicjim/bolt.php' not found or unable to stat
[Sun Feb 22 03:25:37.615349 2026] [php:error] [pid 82490] [client 172.190.142.176:0] script '/domains/performancepartsinc/x.php' not found or unable to stat
[Sun Feb 22 03:25:37.619703 2026] [php:error] [pid 82490] [client 172.190.142.176:0] script '/domains/performancepartsinc/chosen.php' not found or unable to stat
[Sun Feb 22 03:25:37.624001 2026] [php:error] [pid 82490] [client 172.190.142.176:0] script '/domains/performancepartsinc/radio.php' not found or unable to stat
[Sun Feb 22 03:25:37.637120 2026] [php:error] [pid 82490] [client 172.190.142.176:0] script '/domains/performancepartsinc/okxh.php' not found or unable to stat
[Sun Feb 22 03:25:37.641715 2026] [php:error] [pid 82490] [client 172.190.142.176:0] script '/domains/performancepartsinc/shell20211028.php' not found or unable to stat
[Sun Feb 22 03:25:37.645626 2026] [php:error] [pid 82490] [client 172.190.142.176:0] script '/domains/performancepartsinc/zqhfn.php' not found or unable to stat
[Sun Feb 22 03:25:37.653805 2026] [php:error] [pid 82490] [client 172.190.142.176:0] script '/domains/performancepartsinc/k.php' not found or unable to stat
[Sun Feb 22 03:25:37.762321 2026] [php:error] [pid 82490] [client 172.190.142.176:0] script '/domains/performancepartsinc/403.php' not found or unable to stat
[Sun Feb 22 03:25:37.773164 2026] [php:error] [pid 82490] [client 172.190.142.176:0] script '/domains/performancepartsinc/fimai.php' not found or unable to stat
[Sun Feb 22 03:25:37.796247 2026] [php:error] [pid 82490] [client 172.190.142.176:0] script '/domains/performancepartsinc/maul.php' not found or unable to stat
[Sun Feb 22 03:25:37.801724 2026] [php:error] [pid 82490] [client 172.190.142.176:0] script '/domains/performancepartsinc/elp.php' not found or unable to stat
[Sun Feb 22 03:25:37.805906 2026] [php:error] [pid 82490] [client 172.190.142.176:0] script '/domains/performancepartsinc/tt.php' not found or unable to stat
[Sun Feb 22 03:25:37.826229 2026] [php:error] [pid 82490] [client 172.190.142.176:0] script '/domains/performancepartsinc/an.php' not found or unable to stat
[Sun Feb 22 03:25:37.834250 2026] [php:error] [pid 82490] [client 172.190.142.176:0] script '/domains/performancepartsinc/orouu.php' not found or unable to stat
[Sun Feb 22 03:25:37.838276 2026] [php:error] [pid 82490] [client 172.190.142.176:0] script '/domains/performancepartsinc/config.php' not found or unable to stat
[Sun Feb 22 03:25:37.842553 2026] [php:error] [pid 82490] [client 172.190.142.176:0] script '/domains/performancepartsinc/z.php' not found or unable to stat
[Sun Feb 22 03:25:37.846583 2026] [php:error] [pid 82490] [client 172.190.142.176:0] script '/domains/performancepartsinc/55b76.php' not found or unable to stat
[Sun Feb 22 03:25:37.854574 2026] [php:error] [pid 82490] [client 172.190.142.176:0] script '/domains/performancepartsinc/kalso.php' not found or unable to stat
[Sun Feb 22 03:25:37.858735 2026] [php:error] [pid 82490] [client 172.190.142.176:0] script '/domains/performancepartsinc/web.php' not found or unable to stat
[Sun Feb 22 03:25:37.862717 2026] [php:error] [pid 82490] [client 172.190.142.176:0] script '/domains/performancepartsinc/5b9ac.php' not found or unable to stat
[Sun Feb 22 03:25:37.880799 2026] [php:error] [pid 82490] [client 172.190.142.176:0] script '/domains/performancepartsinc/system.php' not found or unable to stat
[Sun Feb 22 03:25:37.889766 2026] [php:error] [pid 82490] [client 172.190.142.176:0] script '/domains/performancepartsinc/byp.php' not found or unable to stat
[Sun Feb 22 03:25:38.055768 2026] [php:error] [pid 82491] [client 172.190.142.176:0] script '/domains/performancepartsinc/domains.php' not found or unable to stat
[Sun Feb 22 03:25:38.073240 2026] [php:error] [pid 82491] [client 172.190.142.176:0] script '/domains/performancepartsinc/clss.php' not found or unable to stat
[Sun Feb 22 03:25:38.077614 2026] [php:error] [pid 82491] [client 172.190.142.176:0] script '/domains/performancepartsinc/autoload_classmap.php' not found or unable to stat
[Sun Feb 22 03:25:38.081820 2026] [php:error] [pid 82491] [client 172.190.142.176:0] script '/domains/performancepartsinc/byp.php' not found or unable to stat
[Sun Feb 22 03:25:38.090541 2026] [php:error] [pid 82491] [client 172.190.142.176:0] script '/domains/performancepartsinc/zc-104.php' not found or unable to stat
[Sun Feb 22 03:25:38.101739 2026] [php:error] [pid 82491] [client 172.190.142.176:0] script '/domains/performancepartsinc/6kDPjgFTmvS.php' not found or unable to stat
[Sun Feb 22 03:25:38.106002 2026] [php:error] [pid 82491] [client 172.190.142.176:0] script '/domains/performancepartsinc/vanda.php' not found or unable to stat
[Sun Feb 22 03:25:38.114859 2026] [php:error] [pid 82491] [client 172.190.142.176:0] script '/domains/performancepartsinc/install.php' not found or unable to stat
[Sun Feb 22 03:25:38.146748 2026] [php:error] [pid 82491] [client 172.190.142.176:0] script '/domains/performancepartsinc/gdn.php' not found or unable to stat
[Sun Feb 22 03:25:38.153935 2026] [php:error] [pid 82491] [client 172.190.142.176:0] script '/domains/performancepartsinc/cache.php' not found or unable to stat
[Sun Feb 22 03:25:38.170901 2026] [php:error] [pid 82491] [client 172.190.142.176:0] script '/domains/performancepartsinc/CSS/index.php' not found or unable to stat
[Sun Feb 22 03:25:38.179219 2026] [php:error] [pid 82491] [client 172.190.142.176:0] script '/domains/performancepartsinc/asd.php' not found or unable to stat
[Sun Feb 22 03:25:38.200559 2026] [php:error] [pid 82491] [client 172.190.142.176:0] script '/domains/performancepartsinc/file.php' not found or unable to stat
[Sun Feb 22 03:25:38.204870 2026] [php:error] [pid 82491] [client 172.190.142.176:0] script '/domains/performancepartsinc/rzki.php' not found or unable to stat
[Sun Feb 22 03:25:38.209315 2026] [php:error] [pid 82491] [client 172.190.142.176:0] script '/domains/performancepartsinc/buy.php' not found or unable to stat
[Sun Feb 22 03:25:38.213554 2026] [php:error] [pid 82491] [client 172.190.142.176:0] script '/domains/performancepartsinc/install.php' not found or unable to stat
[Sun Feb 22 03:25:38.217905 2026] [php:error] [pid 82491] [client 172.190.142.176:0] script '/domains/performancepartsinc/inputs.php' not found or unable to stat
[Sun Feb 22 03:25:38.230843 2026] [php:error] [pid 82491] [client 172.190.142.176:0] script '/domains/performancepartsinc/ws.php' not found or unable to stat
[Sun Feb 22 03:25:38.235389 2026] [php:error] [pid 82491] [client 172.190.142.176:0] script '/domains/performancepartsinc/44.php' not found or unable to stat
[Sun Feb 22 03:25:38.244189 2026] [php:error] [pid 82491] [client 172.190.142.176:0] script '/domains/performancepartsinc/404.php' not found or unable to stat
[Sun Feb 22 03:25:38.290215 2026] [php:error] [pid 82491] [client 172.190.142.176:0] script '/domains/performancepartsinc/wp-login.php' not found or unable to stat
[Sun Feb 22 03:25:38.339915 2026] [php:error] [pid 82491] [client 172.190.142.176:0] script '/domains/performancepartsinc/wp-config-sample.php' not found or unable to stat
[Sun Feb 22 03:25:38.343961 2026] [php:error] [pid 82491] [client 172.190.142.176:0] script '/domains/performancepartsinc/rip.php' not found or unable to stat
[Sun Feb 22 03:25:38.374295 2026] [php:error] [pid 82491] [client 172.190.142.176:0] script '/domains/performancepartsinc/images/all.php' not found or unable to stat
[Sun Feb 22 03:25:38.382487 2026] [php:error] [pid 82491] [client 172.190.142.176:0] script '/domains/performancepartsinc/404.php' not found or unable to stat
[Sun Feb 22 03:25:38.397393 2026] [php:error] [pid 82491] [client 172.190.142.176:0] script '/domains/performancepartsinc/wp-blog.php' not found or unable to stat
[Sun Feb 22 03:25:38.555824 2026] [php:error] [pid 82491] [client 172.190.142.176:0] script '/domains/performancepartsinc/info.php' not found or unable to stat
[Sun Feb 22 03:25:38.596757 2026] [php:error] [pid 82491] [client 172.190.142.176:0] script '/domains/performancepartsinc/rip.php' not found or unable to stat
[Sun Feb 22 03:25:38.606015 2026] [php:error] [pid 82491] [client 172.190.142.176:0] script '/domains/performancepartsinc/h.php' not found or unable to stat
[Sun Feb 22 03:25:38.612782 2026] [php:error] [pid 82491] [client 172.190.142.176:0] script '/domains/performancepartsinc/56c53.php' not found or unable to stat
[Sun Feb 22 03:25:38.634812 2026] [php:error] [pid 82491] [client 172.190.142.176:0] script '/domains/performancepartsinc/i.php' not found or unable to stat
[Sun Feb 22 03:25:38.643175 2026] [php:error] [pid 82491] [client 172.190.142.176:0] script '/domains/performancepartsinc/xsas.php' not found or unable to stat
[Sun Feb 22 03:25:38.647675 2026] [php:error] [pid 82491] [client 172.190.142.176:0] script '/domains/performancepartsinc/varb.php' not found or unable to stat
[Sun Feb 22 03:25:38.666984 2026] [php:error] [pid 82491] [client 172.190.142.176:0] script '/domains/performancepartsinc/xxzdc.php' not found or unable to stat
[Sun Feb 22 03:25:38.671195 2026] [php:error] [pid 82491] [client 172.190.142.176:0] script '/domains/performancepartsinc/gdn.php' not found or unable to stat
[Sun Feb 22 03:25:38.675166 2026] [php:error] [pid 82491] [client 172.190.142.176:0] script '/domains/performancepartsinc/elp.php' not found or unable to stat
[Sun Feb 22 03:25:38.679807 2026] [php:error] [pid 82491] [client 172.190.142.176:0] script '/domains/performancepartsinc/144.php' not found or unable to stat
[Sun Feb 22 03:25:38.691289 2026] [php:error] [pid 82491] [client 172.190.142.176:0] script '/domains/performancepartsinc/wp-conf.php' not found or unable to stat
[Sun Feb 22 03:25:38.700932 2026] [php:error] [pid 82491] [client 172.190.142.176:0] script '/domains/performancepartsinc/lm15.php' not found or unable to stat
[Sun Feb 22 03:25:38.719214 2026] [php:error] [pid 82491] [client 172.190.142.176:0] script '/domains/performancepartsinc/inputs.php' not found or unable to stat
[Sun Feb 22 03:25:38.778046 2026] [php:error] [pid 82491] [client 172.190.142.176:0] script '/domains/performancepartsinc/d12.php' not found or unable to stat
[Sun Feb 22 03:25:38.839407 2026] [php:error] [pid 82491] [client 172.190.142.176:0] script '/domains/performancepartsinc/test.php' not found or unable to stat
[Sun Feb 22 03:25:38.843659 2026] [php:error] [pid 82491] [client 172.190.142.176:0] script '/domains/performancepartsinc/hehe.php' not found or unable to stat
[Sun Feb 22 03:25:38.853242 2026] [php:error] [pid 82491] [client 172.190.142.176:0] script '/domains/performancepartsinc/themes.php' not found or unable to stat
[Sun Feb 22 03:25:38.867775 2026] [php:error] [pid 82491] [client 172.190.142.176:0] script '/domains/performancepartsinc/bo.php' not found or unable to stat
[Sun Feb 22 03:25:38.905599 2026] [php:error] [pid 82491] [client 172.190.142.176:0] script '/domains/performancepartsinc/a5e0a.php' not found or unable to stat
[Sun Feb 22 03:25:38.909650 2026] [php:error] [pid 82491] [client 172.190.142.176:0] script '/domains/performancepartsinc/z.php' not found or unable to stat
[Sun Feb 22 03:29:12.564224 2026] [php:error] [pid 82496] [client 104.46.216.98:0] script '/domains/carynm/meew.php' not found or unable to stat
[Sun Feb 22 03:29:12.722641 2026] [php:error] [pid 82496] [client 104.46.216.98:0] script '/domains/carynm/add.php' not found or unable to stat
[Sun Feb 22 03:29:12.880201 2026] [php:error] [pid 82496] [client 104.46.216.98:0] script '/domains/carynm/8.php' not found or unable to stat
[Sun Feb 22 03:29:13.037924 2026] [php:error] [pid 82496] [client 104.46.216.98:0] script '/domains/carynm/ty.php' not found or unable to stat
[Sun Feb 22 03:29:13.211004 2026] [php:error] [pid 82496] [client 104.46.216.98:0] script '/domains/carynm/sys.php' not found or unable to stat
[Sun Feb 22 03:29:13.368740 2026] [php:error] [pid 82496] [client 104.46.216.98:0] script '/domains/carynm/mass.php' not found or unable to stat
[Sun Feb 22 03:29:13.596946 2026] [php:error] [pid 82496] [client 104.46.216.98:0] script '/domains/carynm/alfa.php' not found or unable to stat
[Sun Feb 22 03:29:13.754807 2026] [php:error] [pid 82496] [client 104.46.216.98:0] script '/domains/carynm/71.php' not found or unable to stat
[Sun Feb 22 03:29:13.919386 2026] [php:error] [pid 82496] [client 104.46.216.98:0] script '/domains/carynm/admin-footer.php' not found or unable to stat
[Sun Feb 22 03:29:14.077880 2026] [php:error] [pid 82496] [client 104.46.216.98:0] script '/domains/carynm/webdb.php' not found or unable to stat
[Sun Feb 22 03:29:14.237561 2026] [php:error] [pid 82496] [client 104.46.216.98:0] script '/domains/carynm/plugin.php' not found or unable to stat
[Sun Feb 22 03:29:14.397409 2026] [php:error] [pid 82496] [client 104.46.216.98:0] script '/domains/carynm/lib.php' not found or unable to stat
[Sun Feb 22 03:29:14.555427 2026] [php:error] [pid 82496] [client 104.46.216.98:0] script '/domains/carynm/makeasmtp.php' not found or unable to stat
[Sun Feb 22 03:29:14.713358 2026] [php:error] [pid 82496] [client 104.46.216.98:0] script '/domains/carynm/zeal.php' not found or unable to stat
[Sun Feb 22 03:29:14.871578 2026] [php:error] [pid 82496] [client 104.46.216.98:0] script '/domains/carynm/sc.php' not found or unable to stat
[Sun Feb 22 03:29:15.196890 2026] [php:error] [pid 82496] [client 104.46.216.98:0] script '/domains/carynm/txets.php' not found or unable to stat
[Sun Feb 22 03:29:15.354288 2026] [php:error] [pid 82496] [client 104.46.216.98:0] script '/domains/carynm/options-head.php' not found or unable to stat
[Sun Feb 22 03:29:15.670973 2026] [php:error] [pid 82496] [client 104.46.216.98:0] script '/domains/carynm/cmdo.php' not found or unable to stat
[Sun Feb 22 03:29:15.828754 2026] [php:error] [pid 82496] [client 104.46.216.98:0] script '/domains/carynm/p.php' not found or unable to stat
[Sun Feb 22 03:29:15.986735 2026] [php:error] [pid 82496] [client 104.46.216.98:0] script '/domains/carynm/Capte.php' not found or unable to stat
[Sun Feb 22 03:29:16.144879 2026] [php:error] [pid 82496] [client 104.46.216.98:0] script '/domains/carynm/ccou.php' not found or unable to stat
[Sun Feb 22 03:29:16.302733 2026] [php:error] [pid 82496] [client 104.46.216.98:0] script '/domains/carynm/503.php' not found or unable to stat
[Sun Feb 22 03:29:16.460367 2026] [php:error] [pid 82496] [client 104.46.216.98:0] script '/domains/carynm/ws66.php' not found or unable to stat
[Sun Feb 22 03:29:16.618673 2026] [php:error] [pid 82496] [client 104.46.216.98:0] script '/domains/carynm/xa.php' not found or unable to stat
[Sun Feb 22 03:29:16.800725 2026] [php:error] [pid 82496] [client 104.46.216.98:0] script '/domains/carynm/666.php' not found or unable to stat
[Sun Feb 22 03:29:16.964618 2026] [php:error] [pid 82496] [client 104.46.216.98:0] script '/domains/carynm/error.php' not found or unable to stat
[Sun Feb 22 03:29:17.122388 2026] [php:error] [pid 82496] [client 104.46.216.98:0] script '/domains/carynm/222.php' not found or unable to stat
[Sun Feb 22 03:29:17.279790 2026] [php:error] [pid 82496] [client 104.46.216.98:0] script '/domains/carynm/wen.php' not found or unable to stat
[Sun Feb 22 03:29:17.438997 2026] [php:error] [pid 82496] [client 104.46.216.98:0] script '/domains/carynm/environment.php' not found or unable to stat
[Sun Feb 22 03:29:17.596419 2026] [php:error] [pid 82496] [client 104.46.216.98:0] script '/domains/carynm/styles.php' not found or unable to stat
[Sun Feb 22 03:29:17.754254 2026] [php:error] [pid 82496] [client 104.46.216.98:0] script '/domains/carynm/wp-4doption1.php' not found or unable to stat
[Sun Feb 22 03:29:18.072529 2026] [php:error] [pid 82496] [client 104.46.216.98:0] script '/domains/carynm/1.php' not found or unable to stat
[Sun Feb 22 03:29:18.454791 2026] [php:error] [pid 82496] [client 104.46.216.98:0] script '/domains/carynm/atomlib.php' not found or unable to stat
[Sun Feb 22 03:29:18.612445 2026] [php:error] [pid 82496] [client 104.46.216.98:0] script '/domains/carynm/asasx.php' not found or unable to stat
