[Sun Feb 22 02:52:05.532560 2026] [php:error] [pid 81792] [client 172.182.206.241:0] script '/domains/supolo/wp.php' not found or unable to stat
[Sun Feb 22 02:52:05.589941 2026] [php:error] [pid 81792] [client 172.182.206.241:0] script '/domains/supolo/main.php' not found or unable to stat
[Sun Feb 22 02:52:05.647334 2026] [php:error] [pid 81792] [client 172.182.206.241:0] script '/domains/supolo/a1.php' not found or unable to stat
[Sun Feb 22 02:52:05.704172 2026] [php:error] [pid 81792] [client 172.182.206.241:0] script '/domains/supolo/lala.php' not found or unable to stat
[Sun Feb 22 02:52:05.761238 2026] [php:error] [pid 81792] [client 172.182.206.241:0] script '/domains/supolo/aaa.php' not found or unable to stat
[Sun Feb 22 02:52:05.818410 2026] [php:error] [pid 81792] [client 172.182.206.241:0] script '/domains/supolo/a2.php' not found or unable to stat
[Sun Feb 22 02:52:05.932605 2026] [php:error] [pid 81792] [client 172.182.206.241:0] script '/domains/supolo/jsond.php' not found or unable to stat
[Sun Feb 22 02:52:37.155276 2026] [php:error] [pid 81822] [client 146.19.140.180:0] script '/domains/system_cancel/xmlrpc.php' not found or unable to stat
[Sun Feb 22 02:52:38.742902 2026] [php:error] [pid 81817] [client 146.19.140.180:0] script '/domains/system_cancel/xmlrpc.php' not found or unable to stat
[Sun Feb 22 02:52:44.490421 2026] [php:error] [pid 81790] [client 146.19.140.180:0] script '/domains/system_cancel/xmlrpc.php' not found or unable to stat
[Sun Feb 22 02:52:47.967566 2026] [core:crit] [pid 81808] (13)Permission denied: [client 144.76.32.120:0] AH00529: /domains/performancepartsinc/graphics/psd/.htaccess pcfg_openfile: unable to check htaccess file, ensure it is readable and that '/domains/performancepartsinc/graphics/psd/' is executable
[Sun Feb 22 02:53:14.030888 2026] [php:error] [pid 81833] [client 104.131.2.43:0] script '/domains/magicjim/xmlrpc.php' not found or unable to stat
[Sun Feb 22 02:54:30.424170 2026] [php:error] [pid 81837] [client 20.100.192.217:0] script '/domains/pauljbrock/aa.php' not found or unable to stat
[Sun Feb 22 02:54:30.519060 2026] [php:error] [pid 81837] [client 20.100.192.217:0] script '/domains/pauljbrock/19.php' not found or unable to stat
[Sun Feb 22 02:54:30.613591 2026] [php:error] [pid 81837] [client 20.100.192.217:0] script '/domains/pauljbrock/f.php' not found or unable to stat
[Sun Feb 22 02:54:30.708012 2026] [php:error] [pid 81837] [client 20.100.192.217:0] script '/domains/pauljbrock/p.php' not found or unable to stat
[Sun Feb 22 02:54:30.802096 2026] [php:error] [pid 81837] [client 20.100.192.217:0] script '/domains/pauljbrock/d.php' not found or unable to stat
[Sun Feb 22 02:54:30.906005 2026] [php:error] [pid 81837] [client 20.100.192.217:0] script '/domains/pauljbrock/9.php' not found or unable to stat
[Sun Feb 22 02:54:31.001306 2026] [php:error] [pid 81837] [client 20.100.192.217:0] script '/domains/pauljbrock/222.php' not found or unable to stat
[Sun Feb 22 02:54:31.095788 2026] [php:error] [pid 81837] [client 20.100.192.217:0] script '/domains/pauljbrock/file2.php' not found or unable to stat
[Sun Feb 22 02:54:31.189985 2026] [php:error] [pid 81837] [client 20.100.192.217:0] script '/domains/pauljbrock/x.php' not found or unable to stat
[Sun Feb 22 02:54:31.284051 2026] [php:error] [pid 81837] [client 20.100.192.217:0] script '/domains/pauljbrock/i.php' not found or unable to stat
[Sun Feb 22 02:54:31.378001 2026] [php:error] [pid 81837] [client 20.100.192.217:0] script '/domains/pauljbrock/y.php' not found or unable to stat
[Sun Feb 22 02:54:31.474341 2026] [php:error] [pid 81837] [client 20.100.192.217:0] script '/domains/pauljbrock/0.php' not found or unable to stat
[Sun Feb 22 02:54:31.572829 2026] [php:error] [pid 81837] [client 20.100.192.217:0] script '/domains/pauljbrock/pp.php' not found or unable to stat
[Sun Feb 22 02:54:31.668083 2026] [php:error] [pid 81837] [client 20.100.192.217:0] script '/domains/pauljbrock/oo.php' not found or unable to stat
[Sun Feb 22 02:54:31.762151 2026] [php:error] [pid 81837] [client 20.100.192.217:0] script '/domains/pauljbrock/ee.php' not found or unable to stat
[Sun Feb 22 02:54:31.856586 2026] [php:error] [pid 81837] [client 20.100.192.217:0] script '/domains/pauljbrock/403.php' not found or unable to stat
[Sun Feb 22 02:54:31.951440 2026] [php:error] [pid 81837] [client 20.100.192.217:0] script '/domains/pauljbrock/404.php' not found or unable to stat
[Sun Feb 22 02:54:32.050169 2026] [php:error] [pid 81837] [client 20.100.192.217:0] script '/domains/pauljbrock/312.php' not found or unable to stat
[Sun Feb 22 02:54:49.963713 2026] [php:error] [pid 81825] [client 4.196.161.14:0] script '/domains/lover/wp-trackback.php' not found or unable to stat
[Sun Feb 22 02:54:50.160842 2026] [php:error] [pid 81825] [client 4.196.161.14:0] script '/domains/lover/about.php' not found or unable to stat
[Sun Feb 22 02:54:50.356691 2026] [php:error] [pid 81825] [client 4.196.161.14:0] script '/domains/lover/file.php' not found or unable to stat
[Sun Feb 22 02:54:50.552674 2026] [php:error] [pid 81825] [client 4.196.161.14:0] script '/domains/lover/wp-good.php' not found or unable to stat
[Sun Feb 22 02:54:50.748354 2026] [php:error] [pid 81825] [client 4.196.161.14:0] script '/domains/lover/xmlrpc.php' not found or unable to stat
[Sun Feb 22 02:54:50.945337 2026] [php:error] [pid 81825] [client 4.196.161.14:0] script '/domains/lover/goods.php' not found or unable to stat
[Sun Feb 22 02:54:51.158796 2026] [php:error] [pid 81825] [client 4.196.161.14:0] script '/domains/lover/ioxi-o.php' not found or unable to stat
[Sun Feb 22 02:54:51.356796 2026] [php:error] [pid 81825] [client 4.196.161.14:0] script '/domains/lover/class-t.api.php' not found or unable to stat
[Sun Feb 22 02:54:51.552560 2026] [php:error] [pid 81825] [client 4.196.161.14:0] script '/domains/lover/admin.php' not found or unable to stat
[Sun Feb 22 02:54:51.748388 2026] [php:error] [pid 81825] [client 4.196.161.14:0] script '/domains/lover/sf.php' not found or unable to stat
[Sun Feb 22 02:54:51.945966 2026] [php:error] [pid 81825] [client 4.196.161.14:0] script '/domains/lover/rip.php' not found or unable to stat
[Sun Feb 22 02:54:52.141748 2026] [php:error] [pid 81825] [client 4.196.161.14:0] script '/domains/lover/autoload_classmap.php' not found or unable to stat
[Sun Feb 22 02:54:52.337637 2026] [php:error] [pid 81825] [client 4.196.161.14:0] script '/domains/lover/chosen.php' not found or unable to stat
[Sun Feb 22 02:54:52.545526 2026] [php:error] [pid 81825] [client 4.196.161.14:0] script '/domains/lover/classwithtostring.php' not found or unable to stat
[Sun Feb 22 02:54:52.742848 2026] [php:error] [pid 81825] [client 4.196.161.14:0] script '/domains/lover/defaults.php' not found or unable to stat
[Sun Feb 22 02:54:53.722662 2026] [php:error] [pid 81825] [client 4.196.161.14:0] script '/domains/lover/info.php' not found or unable to stat
[Sun Feb 22 02:54:55.101027 2026] [php:error] [pid 81825] [client 4.196.161.14:0] script '/domains/lover/adminfuns.php' not found or unable to stat
[Sun Feb 22 02:56:29.503053 2026] [php:error] [pid 81852] [client 20.189.202.58:0] script '/domains/mschmid/wp-trackback.php' not found or unable to stat
[Sun Feb 22 02:56:29.668874 2026] [php:error] [pid 81852] [client 20.189.202.58:0] script '/domains/mschmid/about.php' not found or unable to stat
[Sun Feb 22 02:56:29.845515 2026] [php:error] [pid 81852] [client 20.189.202.58:0] script '/domains/mschmid/file.php' not found or unable to stat
[Sun Feb 22 02:56:30.013759 2026] [php:error] [pid 81852] [client 20.189.202.58:0] script '/domains/mschmid/wp-good.php' not found or unable to stat
[Sun Feb 22 02:56:30.179604 2026] [php:error] [pid 81852] [client 20.189.202.58:0] script '/domains/mschmid/xmlrpc.php' not found or unable to stat
[Sun Feb 22 02:56:30.345281 2026] [php:error] [pid 81852] [client 20.189.202.58:0] script '/domains/mschmid/goods.php' not found or unable to stat
[Sun Feb 22 02:56:30.520817 2026] [php:error] [pid 81852] [client 20.189.202.58:0] script '/domains/mschmid/ioxi-o.php' not found or unable to stat
[Sun Feb 22 02:56:30.686798 2026] [php:error] [pid 81852] [client 20.189.202.58:0] script '/domains/mschmid/class-t.api.php' not found or unable to stat
[Sun Feb 22 02:56:30.852751 2026] [php:error] [pid 81852] [client 20.189.202.58:0] script '/domains/mschmid/admin.php' not found or unable to stat
[Sun Feb 22 02:56:31.018318 2026] [php:error] [pid 81852] [client 20.189.202.58:0] script '/domains/mschmid/sf.php' not found or unable to stat
[Sun Feb 22 02:56:31.184442 2026] [php:error] [pid 81852] [client 20.189.202.58:0] script '/domains/mschmid/rip.php' not found or unable to stat
[Sun Feb 22 02:56:31.350697 2026] [php:error] [pid 81852] [client 20.189.202.58:0] script '/domains/mschmid/autoload_classmap.php' not found or unable to stat
[Sun Feb 22 02:56:31.516771 2026] [php:error] [pid 81852] [client 20.189.202.58:0] script '/domains/mschmid/chosen.php' not found or unable to stat
[Sun Feb 22 02:56:31.682649 2026] [php:error] [pid 81852] [client 20.189.202.58:0] script '/domains/mschmid/classwithtostring.php' not found or unable to stat
[Sun Feb 22 02:56:31.848697 2026] [php:error] [pid 81852] [client 20.189.202.58:0] script '/domains/mschmid/defaults.php' not found or unable to stat
[Sun Feb 22 02:56:32.685420 2026] [php:error] [pid 81852] [client 20.189.202.58:0] script '/domains/mschmid/info.php' not found or unable to stat
[Sun Feb 22 02:56:33.861681 2026] [php:error] [pid 81852] [client 20.189.202.58:0] script '/domains/mschmid/adminfuns.php' not found or unable to stat
[Sun Feb 22 02:57:22.780610 2026] [php:error] [pid 81856] [client 178.20.31.201:0] script '/domains/system_default/xmlrpc.php' not found or unable to stat
[Sun Feb 22 02:57:23.169120 2026] [php:error] [pid 81857] [client 178.20.31.201:0] script '/domains/system_default/xmlrpc.php' not found or unable to stat
[Sun Feb 22 02:57:23.560010 2026] [php:error] [pid 81825] [client 178.20.31.201:0] script '/domains/system_default/xmlrpc.php' not found or unable to stat
[Sun Feb 22 02:57:24.254772 2026] [php:error] [pid 81860] [client 45.80.105.132:0] script '/domains/system_default/wp-login.php' not found or unable to stat
[Sun Feb 22 02:59:41.415903 2026] [php:error] [pid 81883] [client 195.178.110.108:0] script '/domains/system_default/phpinfo.php' not found or unable to stat
[Sun Feb 22 02:59:44.128344 2026] [php:error] [pid 81880] [client 195.178.110.108:0] script '/domains/system_default/_phpinfo.php' not found or unable to stat
[Sun Feb 22 03:00:00.106326 2026] [php:error] [pid 81880] [client 195.178.110.108:0] script '/domains/system_default/wp-config.php.bak' not found or unable to stat
[Sun Feb 22 03:00:00.299480 2026] [php:error] [pid 81880] [client 195.178.110.108:0] script '/domains/system_default/info.php' not found or unable to stat
[Sun Feb 22 03:00:02.135667 2026] [php:error] [pid 81879] [client 195.178.110.108:0] script '/domains/system_default/server_info.php' not found or unable to stat
[Sun Feb 22 03:00:02.302114 2026] [php:error] [pid 81879] [client 195.178.110.108:0] script '/domains/system_default/app_dev.php' not found or unable to stat
[Sun Feb 22 03:00:02.473807 2026] [php:error] [pid 81879] [client 195.178.110.108:0] script '/domains/system_default/test.php' not found or unable to stat
[Sun Feb 22 03:00:02.681585 2026] [access_compat:error] [pid 81879] [client 195.178.110.108:0] AH01797: client denied by server configuration: /domains/system_default/server-info
[Sun Feb 22 03:00:02.870537 2026] [php:error] [pid 81879] [client 195.178.110.108:0] script '/domains/system_default/server-info.php' not found or unable to stat
[Sun Feb 22 03:00:55.619656 2026] [php:error] [pid 81906] [client 20.214.157.214:0] script '/domains/acagolf1/zwso.php' not found or unable to stat
[Sun Feb 22 03:00:56.015408 2026] [php:error] [pid 81906] [client 20.214.157.214:0] script '/domains/acagolf1/class19.php' not found or unable to stat
[Sun Feb 22 03:00:56.195649 2026] [php:error] [pid 81906] [client 20.214.157.214:0] script '/domains/acagolf1/class20.php' not found or unable to stat
[Sun Feb 22 03:00:56.382440 2026] [php:error] [pid 81906] [client 20.214.157.214:0] script '/domains/acagolf1/admin.php' not found or unable to stat
[Sun Feb 22 03:00:56.585065 2026] [php:error] [pid 81906] [client 20.214.157.214:0] script '/domains/acagolf1/randkeyword.php' not found or unable to stat
[Sun Feb 22 03:00:56.766211 2026] [php:error] [pid 81906] [client 20.214.157.214:0] script '/domains/acagolf1/fwe.php' not found or unable to stat
[Sun Feb 22 03:00:56.960871 2026] [php:error] [pid 81906] [client 20.214.157.214:0] script '/domains/acagolf1/images/m.php' not found or unable to stat
[Sun Feb 22 03:00:57.145240 2026] [php:error] [pid 81906] [client 20.214.157.214:0] script '/domains/acagolf1/g.php' not found or unable to stat
[Sun Feb 22 03:00:57.332664 2026] [php:error] [pid 81906] [client 20.214.157.214:0] script '/domains/acagolf1/tx1.php' not found or unable to stat
[Sun Feb 22 03:00:57.517790 2026] [php:error] [pid 81906] [client 20.214.157.214:0] script '/domains/acagolf1/xv.php' not found or unable to stat
[Sun Feb 22 03:00:57.697824 2026] [php:error] [pid 81906] [client 20.214.157.214:0] script '/domains/acagolf1/x56.php' not found or unable to stat
[Sun Feb 22 03:00:57.897998 2026] [php:error] [pid 81906] [client 20.214.157.214:0] script '/domains/acagolf1/htaccess.php' not found or unable to stat
[Sun Feb 22 03:00:57.939979 2026] [php:error] [pid 81904] [client 195.178.110.108:0] script '/domains/system_default/.env.php' not found or unable to stat
[Sun Feb 22 03:00:58.122210 2026] [php:error] [pid 81906] [client 20.214.157.214:0] script '/domains/acagolf1/readme.php' not found or unable to stat
[Sun Feb 22 03:00:58.302377 2026] [php:error] [pid 81906] [client 20.214.157.214:0] script '/domains/acagolf1/x50.php' not found or unable to stat
[Sun Feb 22 03:00:58.482123 2026] [php:error] [pid 81906] [client 20.214.157.214:0] script '/domains/acagolf1/fv.php' not found or unable to stat
[Sun Feb 22 03:00:58.507719 2026] [php:error] [pid 81904] [client 195.178.110.108:0] script '/domains/system_default/config.php' not found or unable to stat
[Sun Feb 22 03:00:58.662210 2026] [php:error] [pid 81906] [client 20.214.157.214:0] script '/domains/acagolf1/file.php' not found or unable to stat
[Sun Feb 22 03:00:58.855541 2026] [php:error] [pid 81906] [client 20.214.157.214:0] script '/domains/acagolf1/lsd.php' not found or unable to stat
[Sun Feb 22 03:00:58.858033 2026] [php:error] [pid 81904] [client 195.178.110.108:0] script '/domains/system_default/configuration.php' not found or unable to stat
[Sun Feb 22 03:00:59.037602 2026] [php:error] [pid 81906] [client 20.214.157.214:0] script '/domains/acagolf1/as.php' not found or unable to stat
[Sun Feb 22 03:00:59.042244 2026] [php:error] [pid 81904] [client 195.178.110.108:0] script '/domains/system_default/settings.php' not found or unable to stat
[Sun Feb 22 03:00:59.248634 2026] [php:error] [pid 81906] [client 20.214.157.214:0] script '/domains/acagolf1/wsd.php' not found or unable to stat
[Sun Feb 22 03:00:59.281818 2026] [php:error] [pid 81904] [client 195.178.110.108:0] script '/domains/system_default/database.php' not found or unable to stat
[Sun Feb 22 03:00:59.428441 2026] [php:error] [pid 81906] [client 20.214.157.214:0] script '/domains/acagolf1/gtc.php' not found or unable to stat
[Sun Feb 22 03:00:59.484991 2026] [php:error] [pid 81904] [client 195.178.110.108:0] script '/domains/system_default/db.php' not found or unable to stat
[Sun Feb 22 03:00:59.608110 2026] [php:error] [pid 81906] [client 20.214.157.214:0] script '/domains/acagolf1/atx.php' not found or unable to stat
[Sun Feb 22 03:00:59.744543 2026] [php:error] [pid 81904] [client 195.178.110.108:0] script '/domains/system_default/connect.php' not found or unable to stat
[Sun Feb 22 03:00:59.796932 2026] [php:error] [pid 81906] [client 20.214.157.214:0] script '/domains/acagolf1/m.php' not found or unable to stat
[Sun Feb 22 03:00:59.982177 2026] [php:error] [pid 81906] [client 20.214.157.214:0] script '/domains/acagolf1/themes.php' not found or unable to stat
[Sun Feb 22 03:01:00.139797 2026] [php:error] [pid 81869] [client 195.178.110.108:0] script '/domains/system_default/connection.php' not found or unable to stat
[Sun Feb 22 03:01:00.538412 2026] [php:error] [pid 81906] [client 20.214.157.214:0] script '/domains/acagolf1/click.php' not found or unable to stat
[Sun Feb 22 03:01:00.742688 2026] [php:error] [pid 81906] [client 20.214.157.214:0] script '/domains/acagolf1/install.php' not found or unable to stat
[Sun Feb 22 03:01:01.168157 2026] [php:error] [pid 81906] [client 20.214.157.214:0] script '/domains/acagolf1/lv.php' not found or unable to stat
[Sun Feb 22 03:01:01.348017 2026] [php:error] [pid 81906] [client 20.214.157.214:0] script '/domains/acagolf1/simple.php' not found or unable to stat
[Sun Feb 22 03:01:01.432364 2026] [php:error] [pid 81869] [client 195.178.110.108:0] script '/domains/system_default/config.inc.php' not found or unable to stat
[Sun Feb 22 03:01:01.534161 2026] [php:error] [pid 81906] [client 20.214.157.214:0] script '/domains/acagolf1/css.php' not found or unable to stat
[Sun Feb 22 03:01:01.723725 2026] [php:error] [pid 81906] [client 20.214.157.214:0] script '/domains/acagolf1/cong.php' not found or unable to stat
[Sun Feb 22 03:01:02.022029 2026] [php:error] [pid 81869] [client 195.178.110.108:0] script '/domains/system_default/settings.inc.php' not found or unable to stat
[Sun Feb 22 03:01:02.159057 2026] [php:error] [pid 81906] [client 20.214.157.214:0] script '/domains/acagolf1/cong.php' not found or unable to stat
[Sun Feb 22 03:01:02.370856 2026] [php:error] [pid 81906] [client 20.214.157.214:0] script '/domains/acagolf1/w.php' not found or unable to stat
[Sun Feb 22 03:01:02.723205 2026] [php:error] [pid 81906] [client 20.214.157.214:0] script '/domains/acagolf1/0x.php' not found or unable to stat
[Sun Feb 22 03:01:02.902985 2026] [php:error] [pid 81906] [client 20.214.157.214:0] script '/domains/acagolf1/css.php' not found or unable to stat
[Sun Feb 22 03:01:03.572638 2026] [php:error] [pid 81906] [client 20.214.157.214:0] script '/domains/acagolf1/admin.php' not found or unable to stat
[Sun Feb 22 03:01:04.059914 2026] [php:error] [pid 81906] [client 20.214.157.214:0] script '/domains/acagolf1/classwithtostring.php' not found or unable to stat
[Sun Feb 22 03:01:04.239749 2026] [php:error] [pid 81906] [client 20.214.157.214:0] script '/domains/acagolf1/abcd.php' not found or unable to stat
[Sun Feb 22 03:01:04.422038 2026] [php:error] [pid 81906] [client 20.214.157.214:0] script '/domains/acagolf1/autoload_classmap.php' not found or unable to stat
[Sun Feb 22 03:01:04.615034 2026] [php:error] [pid 81906] [client 20.214.157.214:0] script '/domains/acagolf1/inputs.php' not found or unable to stat
[Sun Feb 22 03:01:04.800744 2026] [php:error] [pid 81906] [client 20.214.157.214:0] script '/domains/acagolf1/about.php' not found or unable to stat
[Sun Feb 22 03:01:05.136711 2026] [php:error] [pid 81954] [client 20.205.10.135:0] script '/domains/system_default/new4.php' not found or unable to stat
[Sun Feb 22 03:01:05.188632 2026] [php:error] [pid 81906] [client 20.214.157.214:0] script '/domains/acagolf1/alfa.php' not found or unable to stat
[Sun Feb 22 03:01:05.353585 2026] [php:error] [pid 81954] [client 20.205.10.135:0] script '/domains/system_default/sc.php' not found or unable to stat
[Sun Feb 22 03:01:05.575108 2026] [php:error] [pid 81954] [client 20.205.10.135:0] script '/domains/system_default/BDKR28WP.php' not found or unable to stat
[Sun Feb 22 03:01:05.804212 2026] [php:error] [pid 81954] [client 20.205.10.135:0] script '/domains/system_default/zu.php' not found or unable to stat
[Sun Feb 22 03:01:06.036022 2026] [php:error] [pid 81954] [client 20.205.10.135:0] script '/domains/system_default/alpha.php' not found or unable to stat
[Sun Feb 22 03:01:06.254036 2026] [php:error] [pid 81954] [client 20.205.10.135:0] script '/domains/system_default/sty.php' not found or unable to stat
[Sun Feb 22 03:01:06.399828 2026] [php:error] [pid 81906] [client 20.214.157.214:0] script '/domains/acagolf1/manager.php' not found or unable to stat
[Sun Feb 22 03:01:06.471109 2026] [php:error] [pid 81954] [client 20.205.10.135:0] script '/domains/system_default/wwx.php' not found or unable to stat
[Sun Feb 22 03:01:06.616264 2026] [php:error] [pid 81906] [client 20.214.157.214:0] script '/domains/acagolf1/item.php' not found or unable to stat
[Sun Feb 22 03:01:06.781951 2026] [php:error] [pid 81954] [client 20.205.10.135:0] script '/domains/system_default/tevkb.php' not found or unable to stat
[Sun Feb 22 03:01:07.001526 2026] [php:error] [pid 81906] [client 20.214.157.214:0] script '/domains/acagolf1/404.php' not found or unable to stat
[Sun Feb 22 03:01:07.125295 2026] [php:error] [pid 81954] [client 20.205.10.135:0] script '/domains/system_default/atmaca.php' not found or unable to stat
[Sun Feb 22 03:01:07.181630 2026] [php:error] [pid 81906] [client 20.214.157.214:0] script '/domains/acagolf1/mail.php' not found or unable to stat
[Sun Feb 22 03:01:07.353921 2026] [php:error] [pid 81954] [client 20.205.10.135:0] script '/domains/system_default/vr.php' not found or unable to stat
[Sun Feb 22 03:01:07.689374 2026] [php:error] [pid 81954] [client 20.205.10.135:0] script '/domains/system_default/liebert.php' not found or unable to stat
[Sun Feb 22 03:01:07.725629 2026] [php:error] [pid 81906] [client 20.214.157.214:0] script '/domains/acagolf1/sx.php' not found or unable to stat
[Sun Feb 22 03:01:07.907335 2026] [php:error] [pid 81954] [client 20.205.10.135:0] script '/domains/system_default/opts.php' not found or unable to stat
[Sun Feb 22 03:01:08.124022 2026] [php:error] [pid 81954] [client 20.205.10.135:0] script '/domains/system_default/wp-act.php' not found or unable to stat
[Sun Feb 22 03:01:08.171002 2026] [php:error] [pid 81906] [client 20.214.157.214:0] script '/domains/acagolf1/alfa.php' not found or unable to stat
[Sun Feb 22 03:01:08.402704 2026] [php:error] [pid 81954] [client 20.205.10.135:0] script '/domains/system_default/ze.php' not found or unable to stat
[Sun Feb 22 03:01:08.501905 2026] [php:error] [pid 81906] [client 20.214.157.214:0] script '/domains/acagolf1/1.php' not found or unable to stat
[Sun Feb 22 03:01:08.634959 2026] [php:error] [pid 81954] [client 20.205.10.135:0] script '/domains/system_default/seetox.php' not found or unable to stat
[Sun Feb 22 03:01:08.780776 2026] [php:error] [pid 81906] [client 20.214.157.214:0] script '/domains/acagolf1/byp.php' not found or unable to stat
[Sun Feb 22 03:01:08.993490 2026] [php:error] [pid 81906] [client 20.214.157.214:0] script '/domains/acagolf1/wp-trackback.php' not found or unable to stat
[Sun Feb 22 03:01:09.183677 2026] [php:error] [pid 81954] [client 20.205.10.135:0] script '/domains/system_default/plugins.php' not found or unable to stat
[Sun Feb 22 03:01:09.418692 2026] [php:error] [pid 81954] [client 20.205.10.135:0] script '/domains/system_default/xoot.php' not found or unable to stat
[Sun Feb 22 03:01:09.650670 2026] [php:error] [pid 81954] [client 20.205.10.135:0] script '/domains/system_default/X57.php' not found or unable to stat
[Sun Feb 22 03:01:09.746276 2026] [php:error] [pid 81906] [client 20.214.157.214:0] script '/domains/acagolf1/gmo.php' not found or unable to stat
[Sun Feb 22 03:01:09.867378 2026] [php:error] [pid 81954] [client 20.205.10.135:0] script '/domains/system_default/vx.php' not found or unable to stat
[Sun Feb 22 03:01:10.084003 2026] [php:error] [pid 81954] [client 20.205.10.135:0] script '/domains/system_default/file59.php' not found or unable to stat
[Sun Feb 22 03:01:10.227069 2026] [php:error] [pid 81906] [client 20.214.157.214:0] script '/domains/acagolf1/css/index.php' not found or unable to stat
[Sun Feb 22 03:01:10.529929 2026] [php:error] [pid 81954] [client 20.205.10.135:0] script '/domains/system_default/xa.php' not found or unable to stat
[Sun Feb 22 03:01:10.746786 2026] [php:error] [pid 81954] [client 20.205.10.135:0] script '/domains/system_default/er.php' not found or unable to stat
[Sun Feb 22 03:01:10.963954 2026] [php:error] [pid 81954] [client 20.205.10.135:0] script '/domains/system_default/fault.php' not found or unable to stat
[Sun Feb 22 03:01:10.968349 2026] [php:error] [pid 81884] [client 195.178.110.108:0] script '/domains/system_default/wp-config.php' not found or unable to stat
[Sun Feb 22 03:01:11.161992 2026] [php:error] [pid 81884] [client 195.178.110.108:0] script '/domains/system_default/wp-config.php.old' not found or unable to stat
[Sun Feb 22 03:01:11.223580 2026] [php:error] [pid 81954] [client 20.205.10.135:0] script '/domains/system_default/motu.php' not found or unable to stat
[Sun Feb 22 03:01:11.357572 2026] [php:error] [pid 81884] [client 195.178.110.108:0] script '/domains/system_default/wp-config.php.save' not found or unable to stat
[Sun Feb 22 03:01:11.553995 2026] [php:error] [pid 81884] [client 195.178.110.108:0] script '/domains/system_default/wp-config.php.swp' not found or unable to stat
[Sun Feb 22 03:01:11.954617 2026] [php:error] [pid 81954] [client 20.205.10.135:0] script '/domains/system_default/66.php' not found or unable to stat
[Sun Feb 22 03:01:11.979952 2026] [php:error] [pid 81906] [client 20.214.157.214:0] script '/domains/acagolf1/ww1.php' not found or unable to stat
[Sun Feb 22 03:01:12.175703 2026] [php:error] [pid 81954] [client 20.205.10.135:0] script '/domains/system_default/leuk.php' not found or unable to stat
[Sun Feb 22 03:01:12.411134 2026] [php:error] [pid 81954] [client 20.205.10.135:0] script '/domains/system_default/xqq.php' not found or unable to stat
[Sun Feb 22 03:01:12.628258 2026] [php:error] [pid 81954] [client 20.205.10.135:0] script '/domains/system_default/kolda.php' not found or unable to stat
[Sun Feb 22 03:01:12.844836 2026] [php:error] [pid 81954] [client 20.205.10.135:0] script '/domains/system_default/nw.php' not found or unable to stat
[Sun Feb 22 03:01:13.081219 2026] [php:error] [pid 81954] [client 20.205.10.135:0] script '/domains/system_default/666.php' not found or unable to stat
[Sun Feb 22 03:01:13.298245 2026] [php:error] [pid 81954] [client 20.205.10.135:0] script '/domains/system_default/kj.php' not found or unable to stat
[Sun Feb 22 03:01:13.537215 2026] [php:error] [pid 81954] [client 20.205.10.135:0] script '/domains/system_default/un.php' not found or unable to stat
[Sun Feb 22 03:01:13.856415 2026] [php:error] [pid 81904] [client 195.178.110.108:0] script '/domains/system_default/wp-config-sample.php' not found or unable to stat
[Sun Feb 22 03:01:13.958170 2026] [php:error] [pid 81954] [client 20.205.10.135:0] script '/domains/system_default/fs.php' not found or unable to stat
[Sun Feb 22 03:01:14.179216 2026] [php:error] [pid 81880] [client 20.214.157.214:0] script '/domains/acagolf1/security.php' not found or unable to stat
[Sun Feb 22 03:01:14.188708 2026] [php:error] [pid 81954] [client 20.205.10.135:0] script '/domains/system_default/ms.php' not found or unable to stat
[Sun Feb 22 03:01:14.409805 2026] [php:error] [pid 81954] [client 20.205.10.135:0] script '/domains/system_default/login8.php' not found or unable to stat
[Sun Feb 22 03:01:14.630580 2026] [php:error] [pid 81954] [client 20.205.10.135:0] script '/domains/system_default/cu.php' not found or unable to stat
[Sun Feb 22 03:01:14.848570 2026] [php:error] [pid 81954] [client 20.205.10.135:0] script '/domains/system_default/lul.php' not found or unable to stat
[Sun Feb 22 03:01:15.070329 2026] [php:error] [pid 81954] [client 20.205.10.135:0] script '/domains/system_default/0.php' not found or unable to stat
[Sun Feb 22 03:01:15.293059 2026] [php:error] [pid 81954] [client 20.205.10.135:0] script '/domains/system_default/ms-edit.php' not found or unable to stat
[Sun Feb 22 03:01:15.509662 2026] [php:error] [pid 81954] [client 20.205.10.135:0] script '/domains/system_default/ya.php' not found or unable to stat
[Sun Feb 22 03:01:15.742547 2026] [php:error] [pid 81954] [client 20.205.10.135:0] script '/domains/system_default/grsiuk.php' not found or unable to stat
[Sun Feb 22 03:01:15.943507 2026] [php:error] [pid 81899] [client 195.178.110.108:0] script '/domains/system_default/.wp-config.php.swp' not found or unable to stat
[Sun Feb 22 03:01:15.968570 2026] [php:error] [pid 81954] [client 20.205.10.135:0] script '/domains/system_default/wp-blog.php' not found or unable to stat
[Sun Feb 22 03:01:16.191441 2026] [php:error] [pid 81954] [client 20.205.10.135:0] script '/domains/system_default/wp-access.php' not found or unable to stat
[Sun Feb 22 03:01:16.424144 2026] [php:error] [pid 81954] [client 20.205.10.135:0] script '/domains/system_default/a1vx.php' not found or unable to stat
[Sun Feb 22 03:01:16.664128 2026] [php:error] [pid 81954] [client 20.205.10.135:0] script '/domains/system_default/sbhu.php' not found or unable to stat
[Sun Feb 22 03:01:16.881005 2026] [php:error] [pid 81954] [client 20.205.10.135:0] script '/domains/system_default/wp-the.php' not found or unable to stat
[Sun Feb 22 03:01:16.890670 2026] [php:error] [pid 81880] [client 20.214.157.214:0] script '/domains/acagolf1/class.php' not found or unable to stat
[Sun Feb 22 03:01:17.073639 2026] [php:error] [pid 81880] [client 20.214.157.214:0] script '/domains/acagolf1/bless5.php' not found or unable to stat
[Sun Feb 22 03:01:17.318360 2026] [php:error] [pid 81954] [client 20.205.10.135:0] script '/domains/system_default/06.php' not found or unable to stat
[Sun Feb 22 03:01:17.436968 2026] [php:error] [pid 81899] [client 195.178.110.108:0] script '/domains/system_default/configuration.php.bak' not found or unable to stat
[Sun Feb 22 03:01:17.535000 2026] [php:error] [pid 81954] [client 20.205.10.135:0] script '/domains/system_default/wp5.php' not found or unable to stat
[Sun Feb 22 03:01:17.635830 2026] [php:error] [pid 81899] [client 195.178.110.108:0] script '/domains/system_default/configuration.php.old' not found or unable to stat
[Sun Feb 22 03:01:17.656729 2026] [php:error] [pid 81880] [client 20.214.157.214:0] script '/domains/acagolf1/ioxi-o1.php' not found or unable to stat
[Sun Feb 22 03:01:17.811222 2026] [php:error] [pid 81954] [client 20.205.10.135:0] script '/domains/system_default/fot.php' not found or unable to stat
[Sun Feb 22 03:01:18.003369 2026] [php:error] [pid 81880] [client 20.214.157.214:0] script '/domains/acagolf1/juuuu.php' not found or unable to stat
[Sun Feb 22 03:01:18.042737 2026] [php:error] [pid 81954] [client 20.205.10.135:0] script '/domains/system_default/ff1.php' not found or unable to stat
[Sun Feb 22 03:01:18.264101 2026] [php:error] [pid 81954] [client 20.205.10.135:0] script '/domains/system_default/forbidals.php' not found or unable to stat
[Sun Feb 22 03:01:18.266061 2026] [php:error] [pid 81880] [client 20.214.157.214:0] script '/domains/acagolf1/ha.php' not found or unable to stat
[Sun Feb 22 03:01:18.472191 2026] [php:error] [pid 81880] [client 20.214.157.214:0] script '/domains/acagolf1/we2.php' not found or unable to stat
[Sun Feb 22 03:01:18.483722 2026] [php:error] [pid 81954] [client 20.205.10.135:0] script '/domains/system_default/erty.php' not found or unable to stat
[Sun Feb 22 03:01:18.704146 2026] [php:error] [pid 81954] [client 20.205.10.135:0] script '/domains/system_default/dev1s.php' not found or unable to stat
[Sun Feb 22 03:01:18.881280 2026] [php:error] [pid 81880] [client 20.214.157.214:0] script '/domains/acagolf1/04.php' not found or unable to stat
[Sun Feb 22 03:01:18.921869 2026] [php:error] [pid 81954] [client 20.205.10.135:0] script '/domains/system_default/ffd.php' not found or unable to stat
[Sun Feb 22 03:01:19.060544 2026] [php:error] [pid 81880] [client 20.214.157.214:0] script '/domains/acagolf1/333.php' not found or unable to stat
[Sun Feb 22 03:01:19.145852 2026] [php:error] [pid 81954] [client 20.205.10.135:0] script '/domains/system_default/admiin.php' not found or unable to stat
[Sun Feb 22 03:01:19.247224 2026] [php:error] [pid 81880] [client 20.214.157.214:0] script '/domains/acagolf1/520.php' not found or unable to stat
[Sun Feb 22 03:01:19.362438 2026] [php:error] [pid 81954] [client 20.205.10.135:0] script '/domains/system_default/ol.php' not found or unable to stat
[Sun Feb 22 03:01:19.557078 2026] [php:error] [pid 81880] [client 20.214.157.214:0] script '/domains/acagolf1/ar.php' not found or unable to stat
[Sun Feb 22 03:01:19.593034 2026] [php:error] [pid 81954] [client 20.205.10.135:0] script '/domains/system_default/Sanskrit.php' not found or unable to stat
[Sun Feb 22 03:01:19.736551 2026] [php:error] [pid 81880] [client 20.214.157.214:0] script '/domains/acagolf1/x.php' not found or unable to stat
[Sun Feb 22 03:01:19.810357 2026] [php:error] [pid 81954] [client 20.205.10.135:0] script '/domains/system_default/vxrl.php' not found or unable to stat
[Sun Feb 22 03:01:20.118566 2026] [php:error] [pid 81954] [client 20.205.10.135:0] script '/domains/system_default/re.php' not found or unable to stat
[Sun Feb 22 03:01:20.160551 2026] [php:error] [pid 81880] [client 20.214.157.214:0] script '/domains/acagolf1/xx.php' not found or unable to stat
[Sun Feb 22 03:01:20.467610 2026] [php:error] [pid 81954] [client 20.205.10.135:0] script '/domains/system_default/num.php' not found or unable to stat
[Sun Feb 22 03:01:20.598189 2026] [php:error] [pid 81880] [client 20.214.157.214:0] script '/domains/acagolf1/gifclass4.php' not found or unable to stat
[Sun Feb 22 03:01:20.776321 2026] [php:error] [pid 81954] [client 20.205.10.135:0] script '/domains/system_default/axx.php' not found or unable to stat
[Sun Feb 22 03:01:20.818090 2026] [php:error] [pid 81880] [client 20.214.157.214:0] script '/domains/acagolf1/2clas.php' not found or unable to stat
[Sun Feb 22 03:01:20.996805 2026] [php:error] [pid 81954] [client 20.205.10.135:0] script '/domains/system_default/vxrl.php' not found or unable to stat
[Sun Feb 22 03:01:21.197134 2026] [php:error] [pid 81880] [client 20.214.157.214:0] script '/domains/acagolf1/ave.php' not found or unable to stat
[Sun Feb 22 03:01:21.214592 2026] [php:error] [pid 81954] [client 20.205.10.135:0] script '/domains/system_default/in.php' not found or unable to stat
[Sun Feb 22 03:01:21.433642 2026] [php:error] [pid 81954] [client 20.205.10.135:0] script '/domains/system_default/style.php' not found or unable to stat
[Sun Feb 22 03:01:21.440136 2026] [php:error] [pid 81880] [client 20.214.157.214:0] script '/domains/acagolf1/wrt.php' not found or unable to stat
[Sun Feb 22 03:01:21.628175 2026] [php:error] [pid 81880] [client 20.214.157.214:0] script '/domains/acagolf1/bibil.php' not found or unable to stat
[Sun Feb 22 03:01:21.737901 2026] [php:error] [pid 81954] [client 20.205.10.135:0] script '/domains/system_default/we.php' not found or unable to stat
[Sun Feb 22 03:01:21.807640 2026] [php:error] [pid 81880] [client 20.214.157.214:0] script '/domains/acagolf1/radio.php' not found or unable to stat
[Sun Feb 22 03:01:21.957955 2026] [php:error] [pid 81954] [client 20.205.10.135:0] script '/domains/system_default/zwso.php' not found or unable to stat
[Sun Feb 22 03:01:22.111414 2026] [php:error] [pid 81880] [client 20.214.157.214:0] script '/domains/acagolf1/files.php' not found or unable to stat
[Sun Feb 22 03:01:22.187735 2026] [php:error] [pid 81954] [client 20.205.10.135:0] script '/domains/system_default/karak.php' not found or unable to stat
[Sun Feb 22 03:01:22.302668 2026] [php:error] [pid 81880] [client 20.214.157.214:0] script '/domains/acagolf1/file7.php' not found or unable to stat
[Sun Feb 22 03:01:22.411664 2026] [php:error] [pid 81954] [client 20.205.10.135:0] script '/domains/system_default/prv8.php' not found or unable to stat
[Sun Feb 22 03:01:22.488425 2026] [php:error] [pid 81880] [client 20.214.157.214:0] script '/domains/acagolf1/gifclass.php' not found or unable to stat
[Sun Feb 22 03:01:22.628358 2026] [php:error] [pid 81954] [client 20.205.10.135:0] script '/domains/system_default/i.php' not found or unable to stat
[Sun Feb 22 03:01:22.852882 2026] [php:error] [pid 81880] [client 20.214.157.214:0] script '/domains/acagolf1/nox.php' not found or unable to stat
[Sun Feb 22 03:01:23.033165 2026] [php:error] [pid 81880] [client 20.214.157.214:0] script '/domains/acagolf1/file48.php' not found or unable to stat
[Sun Feb 22 03:01:23.212244 2026] [php:error] [pid 81880] [client 20.214.157.214:0] script '/domains/acagolf1/info.php' not found or unable to stat
[Sun Feb 22 03:01:23.391535 2026] [php:error] [pid 81880] [client 20.214.157.214:0] script '/domains/acagolf1/class9.php' not found or unable to stat
[Sun Feb 22 03:01:23.570680 2026] [php:error] [pid 81880] [client 20.214.157.214:0] script '/domains/acagolf1/la.php' not found or unable to stat
[Sun Feb 22 03:01:23.902343 2026] [php:error] [pid 81954] [client 20.205.10.135:0] script '/domains/system_default/xmlrpc.php' not found or unable to stat
[Sun Feb 22 03:01:23.919341 2026] [php:error] [pid 81880] [client 20.214.157.214:0] script '/domains/acagolf1/bless11.php' not found or unable to stat
[Sun Feb 22 03:01:24.148706 2026] [php:error] [pid 81880] [client 20.214.157.214:0] script '/domains/acagolf1/ccou.php' not found or unable to stat
[Sun Feb 22 03:01:24.242287 2026] [php:error] [pid 81954] [client 20.205.10.135:0] script '/domains/system_default/aw.php' not found or unable to stat
[Sun Feb 22 03:01:24.332365 2026] [php:error] [pid 81880] [client 20.214.157.214:0] script '/domains/acagolf1/ton.php' not found or unable to stat
[Sun Feb 22 03:01:24.511295 2026] [php:error] [pid 81880] [client 20.214.157.214:0] script '/domains/acagolf1/403.php' not found or unable to stat
[Sun Feb 22 03:01:24.570599 2026] [php:error] [pid 81954] [client 20.205.10.135:0] script '/domains/system_default/dev.php' not found or unable to stat
[Sun Feb 22 03:01:24.690517 2026] [php:error] [pid 81880] [client 20.214.157.214:0] script '/domains/acagolf1/file9.php' not found or unable to stat
[Sun Feb 22 03:01:24.786975 2026] [php:error] [pid 81954] [client 20.205.10.135:0] script '/domains/system_default/lock360.php' not found or unable to stat
[Sun Feb 22 03:01:24.880553 2026] [php:error] [pid 81880] [client 20.214.157.214:0] script '/domains/acagolf1/ac.php' not found or unable to stat
[Sun Feb 22 03:01:25.006925 2026] [php:error] [pid 81954] [client 20.205.10.135:0] script '/domains/system_default/155.php' not found or unable to stat
[Sun Feb 22 03:01:25.278787 2026] [php:error] [pid 81954] [client 20.205.10.135:0] script '/domains/system_default/goat.php' not found or unable to stat
[Sun Feb 22 03:01:25.295779 2026] [php:error] [pid 81880] [client 20.214.157.214:0] script '/domains/acagolf1/new4.php' not found or unable to stat
[Sun Feb 22 03:01:25.495640 2026] [php:error] [pid 81954] [client 20.205.10.135:0] script '/domains/system_default/tcp.php' not found or unable to stat
[Sun Feb 22 03:01:25.515067 2026] [php:error] [pid 81880] [client 20.214.157.214:0] script '/domains/acagolf1/pop.php' not found or unable to stat
[Sun Feb 22 03:01:25.726486 2026] [php:error] [pid 81880] [client 20.214.157.214:0] script '/domains/acagolf1/az.php' not found or unable to stat
[Sun Feb 22 03:01:25.835426 2026] [php:error] [pid 81954] [client 20.205.10.135:0] script '/domains/system_default/ext.php' not found or unable to stat
[Sun Feb 22 03:01:25.943109 2026] [php:error] [pid 81880] [client 20.214.157.214:0] script '/domains/acagolf1/xaz.php' not found or unable to stat
[Sun Feb 22 03:01:26.068776 2026] [php:error] [pid 81954] [client 20.205.10.135:0] script '/domains/system_default/inputs.php' not found or unable to stat
[Sun Feb 22 03:01:26.122534 2026] [php:error] [pid 81880] [client 20.214.157.214:0] script '/domains/acagolf1/up4.php' not found or unable to stat
[Sun Feb 22 03:01:26.287429 2026] [php:error] [pid 81954] [client 20.205.10.135:0] script '/domains/system_default/ioxi.php' not found or unable to stat
[Sun Feb 22 03:01:26.305559 2026] [php:error] [pid 81880] [client 20.214.157.214:0] script '/domains/acagolf1/1aa.php' not found or unable to stat
[Sun Feb 22 03:01:26.485226 2026] [php:error] [pid 81880] [client 20.214.157.214:0] script '/domains/acagolf1/elp.php' not found or unable to stat
[Sun Feb 22 03:01:26.521395 2026] [php:error] [pid 81954] [client 20.205.10.135:0] script '/domains/system_default/fe5.php' not found or unable to stat
[Sun Feb 22 03:01:26.716309 2026] [php:error] [pid 81880] [client 20.214.157.214:0] script '/domains/acagolf1/wtz.php' not found or unable to stat
[Sun Feb 22 03:01:26.757092 2026] [php:error] [pid 81954] [client 20.205.10.135:0] script '/domains/system_default/ov.php' not found or unable to stat
[Sun Feb 22 03:01:26.895436 2026] [php:error] [pid 81880] [client 20.214.157.214:0] script '/domains/acagolf1/galex.php' not found or unable to stat
[Sun Feb 22 03:01:27.104303 2026] [php:error] [pid 81880] [client 20.214.157.214:0] script '/domains/acagolf1/xb.php' not found or unable to stat
[Sun Feb 22 03:01:27.267295 2026] [php:error] [pid 81954] [client 20.205.10.135:0] script '/domains/system_default/default.php' not found or unable to stat
[Sun Feb 22 03:01:27.283331 2026] [php:error] [pid 81880] [client 20.214.157.214:0] script '/domains/acagolf1/ova.php' not found or unable to stat
[Sun Feb 22 03:01:27.551976 2026] [php:error] [pid 81880] [client 20.214.157.214:0] script '/domains/acagolf1/vx.php' not found or unable to stat
[Sun Feb 22 03:01:27.606633 2026] [php:error] [pid 81954] [client 20.205.10.135:0] script '/domains/system_default/goods.php' not found or unable to stat
[Sun Feb 22 03:01:27.765211 2026] [php:error] [pid 81880] [client 20.214.157.214:0] script '/domains/acagolf1/rh.php' not found or unable to stat
[Sun Feb 22 03:01:27.823283 2026] [php:error] [pid 81954] [client 20.205.10.135:0] script '/domains/system_default/abcd.php' not found or unable to stat
[Sun Feb 22 03:01:28.041237 2026] [php:error] [pid 81954] [client 20.205.10.135:0] script '/domains/system_default/class.1.php' not found or unable to stat
[Sun Feb 22 03:01:28.260025 2026] [php:error] [pid 81954] [client 20.205.10.135:0] script '/domains/system_default/async.php' not found or unable to stat
[Sun Feb 22 03:01:28.480417 2026] [php:error] [pid 81954] [client 20.205.10.135:0] script '/domains/system_default/ff.php' not found or unable to stat
[Sun Feb 22 03:01:28.716333 2026] [php:error] [pid 81954] [client 20.205.10.135:0] script '/domains/system_default/ioxi-o.php' not found or unable to stat
[Sun Feb 22 03:01:28.934449 2026] [php:error] [pid 81954] [client 20.205.10.135:0] script '/domains/system_default/manager.php' not found or unable to stat
[Sun Feb 22 03:01:28.987644 2026] [php:error] [pid 82233] [client 195.178.110.108:0] script '/domains/system_default/payment_config.php' not found or unable to stat
[Sun Feb 22 03:01:29.152261 2026] [php:error] [pid 81954] [client 20.205.10.135:0] script '/domains/system_default/wp-update.php' not found or unable to stat
[Sun Feb 22 03:01:29.188113 2026] [php:error] [pid 82233] [client 195.178.110.108:0] script '/domains/system_default/checkout.php' not found or unable to stat
[Sun Feb 22 03:01:29.419314 2026] [php:error] [pid 81954] [client 20.205.10.135:0] script '/domains/system_default/file.php' not found or unable to stat
[Sun Feb 22 03:01:29.857597 2026] [php:error] [pid 81954] [client 20.205.10.135:0] script '/domains/system_default/lc.php' not found or unable to stat
[Sun Feb 22 03:01:30.074338 2026] [php:error] [pid 81954] [client 20.205.10.135:0] script '/domains/system_default/cbrfo.php' not found or unable to stat
[Sun Feb 22 03:01:30.291486 2026] [php:error] [pid 81954] [client 20.205.10.135:0] script '/domains/system_default/inc.php' not found or unable to stat
[Sun Feb 22 03:01:30.687780 2026] [php:error] [pid 81954] [client 20.205.10.135:0] script '/domains/system_default/gifclass.php' not found or unable to stat
[Sun Feb 22 03:01:31.726778 2026] [php:error] [pid 81954] [client 20.205.10.135:0] script '/domains/system_default/miansha.php' not found or unable to stat
[Sun Feb 22 03:01:31.947009 2026] [php:error] [pid 81954] [client 20.205.10.135:0] script '/domains/system_default/tinyfilemanager.php' not found or unable to stat
[Sun Feb 22 03:01:32.167130 2026] [php:error] [pid 81954] [client 20.205.10.135:0] script '/domains/system_default/admin.php' not found or unable to stat
[Sun Feb 22 03:01:32.510429 2026] [php:error] [pid 81954] [client 20.205.10.135:0] script '/domains/system_default/ok.php' not found or unable to stat
[Sun Feb 22 03:01:32.754006 2026] [php:error] [pid 81954] [client 20.205.10.135:0] script '/domains/system_default/fi.php' not found or unable to stat
[Sun Feb 22 03:01:32.973983 2026] [php:error] [pid 81954] [client 20.205.10.135:0] script '/domains/system_default/muzu.php' not found or unable to stat
[Sun Feb 22 03:01:33.237302 2026] [php:error] [pid 81954] [client 20.205.10.135:0] script '/domains/system_default/reze.php' not found or unable to stat
[Sun Feb 22 03:01:33.503109 2026] [php:error] [pid 81954] [client 20.205.10.135:0] script '/domains/system_default/styll.php' not found or unable to stat
[Sun Feb 22 03:01:33.725592 2026] [php:error] [pid 81954] [client 20.205.10.135:0] script '/domains/system_default/x7.php' not found or unable to stat
[Sun Feb 22 03:01:34.000948 2026] [php:error] [pid 81954] [client 20.205.10.135:0] script '/domains/system_default/thebe.php' not found or unable to stat
[Sun Feb 22 03:01:34.274122 2026] [php:error] [pid 81954] [client 20.205.10.135:0] script '/domains/system_default/ddd.php' not found or unable to stat
[Sun Feb 22 03:01:34.521570 2026] [php:error] [pid 81954] [client 20.205.10.135:0] script '/domains/system_default/bgymj.php' not found or unable to stat
[Sun Feb 22 03:01:34.765470 2026] [php:error] [pid 81954] [client 20.205.10.135:0] script '/domains/system_default/8xyz.php' not found or unable to stat
[Sun Feb 22 03:01:34.985054 2026] [php:error] [pid 81954] [client 20.205.10.135:0] script '/domains/system_default/ioxi.php' not found or unable to stat
[Sun Feb 22 03:01:35.205672 2026] [php:error] [pid 81954] [client 20.205.10.135:0] script '/domains/system_default/xpwer1.php' not found or unable to stat
[Sun Feb 22 03:01:35.301215 2026] [authz_core:error] [pid 82233] [client 195.178.110.108:0] AH01630: client denied by server configuration: /domains/system_default/.htaccess
[Sun Feb 22 03:01:35.425571 2026] [php:error] [pid 81954] [client 20.205.10.135:0] script '/domains/system_default/lala.php' not found or unable to stat
[Sun Feb 22 03:01:35.514791 2026] [authz_core:error] [pid 82233] [client 195.178.110.108:0] AH01630: client denied by server configuration: /domains/system_default/.htpasswd
[Sun Feb 22 03:01:35.645777 2026] [php:error] [pid 81954] [client 20.205.10.135:0] script '/domains/system_default/about.php' not found or unable to stat
[Sun Feb 22 03:01:36.393796 2026] [php:error] [pid 82233] [client 195.178.110.108:0] script '/domains/system_default/debug.php' not found or unable to stat
[Sun Feb 22 03:01:36.862732 2026] [php:error] [pid 81954] [client 20.205.10.135:0] script '/domains/system_default/info.php' not found or unable to stat
[Sun Feb 22 03:01:37.086953 2026] [php:error] [pid 81954] [client 20.205.10.135:0] script '/domains/system_default/about.php' not found or unable to stat
[Sun Feb 22 03:01:37.662234 2026] [php:error] [pid 81954] [client 20.205.10.135:0] script '/domains/system_default/222.php' not found or unable to stat
[Sun Feb 22 03:01:37.959193 2026] [php:error] [pid 81954] [client 20.205.10.135:0] script '/domains/system_default/adminfuns.php' not found or unable to stat
[Sun Feb 22 03:01:38.422526 2026] [php:error] [pid 81954] [client 20.205.10.135:0] script '/domains/system_default/xx.php' not found or unable to stat
[Sun Feb 22 03:01:38.955591 2026] [php:error] [pid 81954] [client 20.205.10.135:0] script '/domains/system_default/f5.php' not found or unable to stat
[Sun Feb 22 03:01:39.175565 2026] [php:error] [pid 81954] [client 20.205.10.135:0] script '/domains/system_default/flower.php' not found or unable to stat
[Sun Feb 22 03:01:39.422587 2026] [php:error] [pid 81954] [client 20.205.10.135:0] script '/domains/system_default/f6.php' not found or unable to stat
[Sun Feb 22 03:01:39.643159 2026] [php:error] [pid 81954] [client 20.205.10.135:0] script '/domains/system_default/edit.php' not found or unable to stat
[Sun Feb 22 03:01:40.558062 2026] [php:error] [pid 81954] [client 20.205.10.135:0] script '/domains/system_default/av.php' not found or unable to stat
[Sun Feb 22 03:01:41.016690 2026] [php:error] [pid 81954] [client 20.205.10.135:0] script '/domains/system_default/wsd.php' not found or unable to stat
[Sun Feb 22 03:01:41.256256 2026] [php:error] [pid 81954] [client 20.205.10.135:0] script '/domains/system_default/jane.php' not found or unable to stat
[Sun Feb 22 03:01:41.500301 2026] [php:error] [pid 81954] [client 20.205.10.135:0] script '/domains/system_default/css.php' not found or unable to stat
[Sun Feb 22 03:01:41.742300 2026] [php:error] [pid 81954] [client 20.205.10.135:0] script '/domains/system_default/alfa.php' not found or unable to stat
[Sun Feb 22 03:01:42.114059 2026] [php:error] [pid 81869] [client 195.178.110.108:0] script '/domains/system_default/admin.php' not found or unable to stat
[Sun Feb 22 03:01:42.114822 2026] [php:error] [pid 81954] [client 20.205.10.135:0] script '/domains/system_default/wen.php' not found or unable to stat
[Sun Feb 22 03:01:42.294728 2026] [php:error] [pid 81869] [client 195.178.110.108:0] script '/domains/system_default/login.php' not found or unable to stat
[Sun Feb 22 03:01:42.337814 2026] [php:error] [pid 81954] [client 20.205.10.135:0] script '/domains/system_default/x.php' not found or unable to stat
