[Sun Feb 22 03:35:57.096666 2026] [php:error] [pid 82728] [client 4.193.204.169:0] script '/domains/metrolighting/nw.php' not found or unable to stat
[Sun Feb 22 03:35:57.156077 2026] [php:error] [pid 82725] [client 20.5.80.84:0] script '/domains/hdickens.enteract/fimai.php' not found or unable to stat
[Sun Feb 22 03:35:57.323157 2026] [php:error] [pid 82728] [client 4.193.204.169:0] script '/domains/metrolighting/666.php' not found or unable to stat
[Sun Feb 22 03:35:57.549622 2026] [php:error] [pid 82728] [client 4.193.204.169:0] script '/domains/metrolighting/kj.php' not found or unable to stat
[Sun Feb 22 03:35:57.619487 2026] [php:error] [pid 82725] [client 20.5.80.84:0] script '/domains/hdickens.enteract/maul.php' not found or unable to stat
[Sun Feb 22 03:35:57.776106 2026] [php:error] [pid 82728] [client 4.193.204.169:0] script '/domains/metrolighting/un.php' not found or unable to stat
[Sun Feb 22 03:35:57.824172 2026] [php:error] [pid 82725] [client 20.5.80.84:0] script '/domains/hdickens.enteract/elp.php' not found or unable to stat
[Sun Feb 22 03:35:58.002588 2026] [php:error] [pid 82728] [client 4.193.204.169:0] script '/domains/metrolighting/fs.php' not found or unable to stat
[Sun Feb 22 03:35:58.229134 2026] [php:error] [pid 82728] [client 4.193.204.169:0] script '/domains/metrolighting/ms.php' not found or unable to stat
[Sun Feb 22 03:35:58.455799 2026] [php:error] [pid 82728] [client 4.193.204.169:0] script '/domains/metrolighting/login8.php' not found or unable to stat
[Sun Feb 22 03:35:58.686233 2026] [php:error] [pid 82728] [client 4.193.204.169:0] script '/domains/metrolighting/cu.php' not found or unable to stat
[Sun Feb 22 03:35:58.743417 2026] [php:error] [pid 82725] [client 20.5.80.84:0] script '/domains/hdickens.enteract/tt.php' not found or unable to stat
[Sun Feb 22 03:35:58.765559 2026] [php:error] [pid 82734] [client 20.189.202.58:0] script '/domains/mjbradley/wp-trackback.php' not found or unable to stat
[Sun Feb 22 03:35:58.931808 2026] [php:error] [pid 82734] [client 20.189.202.58:0] script '/domains/mjbradley/about.php' not found or unable to stat
[Sun Feb 22 03:35:59.093617 2026] [php:error] [pid 82728] [client 4.193.204.169:0] script '/domains/metrolighting/lul.php' not found or unable to stat
[Sun Feb 22 03:35:59.098165 2026] [php:error] [pid 82734] [client 20.189.202.58:0] script '/domains/mjbradley/file.php' not found or unable to stat
[Sun Feb 22 03:35:59.263714 2026] [php:error] [pid 82734] [client 20.189.202.58:0] script '/domains/mjbradley/wp-good.php' not found or unable to stat
[Sun Feb 22 03:35:59.321027 2026] [php:error] [pid 82728] [client 4.193.204.169:0] script '/domains/metrolighting/0.php' not found or unable to stat
[Sun Feb 22 03:35:59.429467 2026] [php:error] [pid 82734] [client 20.189.202.58:0] script '/domains/mjbradley/xmlrpc.php' not found or unable to stat
[Sun Feb 22 03:35:59.547433 2026] [php:error] [pid 82728] [client 4.193.204.169:0] script '/domains/metrolighting/ms-edit.php' not found or unable to stat
[Sun Feb 22 03:35:59.614607 2026] [php:error] [pid 82734] [client 20.189.202.58:0] script '/domains/mjbradley/goods.php' not found or unable to stat
[Sun Feb 22 03:35:59.667625 2026] [php:error] [pid 82725] [client 20.5.80.84:0] script '/domains/hdickens.enteract/an.php' not found or unable to stat
[Sun Feb 22 03:35:59.779911 2026] [php:error] [pid 82734] [client 20.189.202.58:0] script '/domains/mjbradley/ioxi-o.php' not found or unable to stat
[Sun Feb 22 03:35:59.796013 2026] [php:error] [pid 82728] [client 4.193.204.169:0] script '/domains/metrolighting/ya.php' not found or unable to stat
[Sun Feb 22 03:35:59.863381 2026] [php:error] [pid 82725] [client 20.5.80.84:0] script '/domains/hdickens.enteract/orouu.php' not found or unable to stat
[Sun Feb 22 03:35:59.945181 2026] [php:error] [pid 82734] [client 20.189.202.58:0] script '/domains/mjbradley/class-t.api.php' not found or unable to stat
[Sun Feb 22 03:36:00.059241 2026] [php:error] [pid 82725] [client 20.5.80.84:0] script '/domains/hdickens.enteract/config.php' not found or unable to stat
[Sun Feb 22 03:36:00.110454 2026] [php:error] [pid 82734] [client 20.189.202.58:0] script '/domains/mjbradley/admin.php' not found or unable to stat
[Sun Feb 22 03:36:00.196607 2026] [php:error] [pid 82728] [client 4.193.204.169:0] script '/domains/metrolighting/grsiuk.php' not found or unable to stat
[Sun Feb 22 03:36:00.275778 2026] [php:error] [pid 82734] [client 20.189.202.58:0] script '/domains/mjbradley/sf.php' not found or unable to stat
[Sun Feb 22 03:36:00.302979 2026] [php:error] [pid 82725] [client 20.5.80.84:0] script '/domains/hdickens.enteract/z.php' not found or unable to stat
[Sun Feb 22 03:36:00.441317 2026] [php:error] [pid 82734] [client 20.189.202.58:0] script '/domains/mjbradley/rip.php' not found or unable to stat
[Sun Feb 22 03:36:00.456185 2026] [php:error] [pid 82728] [client 4.193.204.169:0] script '/domains/metrolighting/wp-blog.php' not found or unable to stat
[Sun Feb 22 03:36:00.498792 2026] [php:error] [pid 82725] [client 20.5.80.84:0] script '/domains/hdickens.enteract/55b76.php' not found or unable to stat
[Sun Feb 22 03:36:00.606914 2026] [php:error] [pid 82734] [client 20.189.202.58:0] script '/domains/mjbradley/autoload_classmap.php' not found or unable to stat
[Sun Feb 22 03:36:00.696957 2026] [php:error] [pid 82728] [client 4.193.204.169:0] script '/domains/metrolighting/wp-access.php' not found or unable to stat
[Sun Feb 22 03:36:00.772079 2026] [php:error] [pid 82734] [client 20.189.202.58:0] script '/domains/mjbradley/chosen.php' not found or unable to stat
[Sun Feb 22 03:36:00.892551 2026] [php:error] [pid 82725] [client 20.5.80.84:0] script '/domains/hdickens.enteract/kalso.php' not found or unable to stat
[Sun Feb 22 03:36:00.937570 2026] [php:error] [pid 82734] [client 20.189.202.58:0] script '/domains/mjbradley/classwithtostring.php' not found or unable to stat
[Sun Feb 22 03:36:00.996861 2026] [php:error] [pid 82728] [client 4.193.204.169:0] script '/domains/metrolighting/a1vx.php' not found or unable to stat
[Sun Feb 22 03:36:01.096008 2026] [php:error] [pid 82725] [client 20.5.80.84:0] script '/domains/hdickens.enteract/web.php' not found or unable to stat
[Sun Feb 22 03:36:01.102841 2026] [php:error] [pid 82734] [client 20.189.202.58:0] script '/domains/mjbradley/defaults.php' not found or unable to stat
[Sun Feb 22 03:36:01.291933 2026] [php:error] [pid 82725] [client 20.5.80.84:0] script '/domains/hdickens.enteract/5b9ac.php' not found or unable to stat
[Sun Feb 22 03:36:01.313456 2026] [php:error] [pid 82728] [client 4.193.204.169:0] script '/domains/metrolighting/sbhu.php' not found or unable to stat
[Sun Feb 22 03:36:01.539804 2026] [php:error] [pid 82728] [client 4.193.204.169:0] script '/domains/metrolighting/wp-the.php' not found or unable to stat
[Sun Feb 22 03:36:01.701030 2026] [php:error] [pid 82725] [client 20.5.80.84:0] script '/domains/hdickens.enteract/system.php' not found or unable to stat
[Sun Feb 22 03:36:01.917684 2026] [php:error] [pid 82728] [client 4.193.204.169:0] script '/domains/metrolighting/06.php' not found or unable to stat
[Sun Feb 22 03:36:01.930686 2026] [php:error] [pid 82734] [client 20.189.202.58:0] script '/domains/mjbradley/info.php' not found or unable to stat
[Sun Feb 22 03:36:02.097730 2026] [php:error] [pid 82725] [client 20.5.80.84:0] script '/domains/hdickens.enteract/byp.php' not found or unable to stat
[Sun Feb 22 03:36:02.143675 2026] [php:error] [pid 82728] [client 4.193.204.169:0] script '/domains/metrolighting/wp5.php' not found or unable to stat
[Sun Feb 22 03:36:02.396423 2026] [php:error] [pid 82728] [client 4.193.204.169:0] script '/domains/metrolighting/fot.php' not found or unable to stat
[Sun Feb 22 03:36:02.677459 2026] [php:error] [pid 82728] [client 4.193.204.169:0] script '/domains/metrolighting/ff1.php' not found or unable to stat
[Sun Feb 22 03:36:02.992669 2026] [php:error] [pid 82728] [client 4.193.204.169:0] script '/domains/metrolighting/forbidals.php' not found or unable to stat
[Sun Feb 22 03:36:03.092358 2026] [php:error] [pid 82734] [client 20.189.202.58:0] script '/domains/mjbradley/adminfuns.php' not found or unable to stat
[Sun Feb 22 03:36:03.219738 2026] [php:error] [pid 82728] [client 4.193.204.169:0] script '/domains/metrolighting/erty.php' not found or unable to stat
[Sun Feb 22 03:36:03.453412 2026] [php:error] [pid 82728] [client 4.193.204.169:0] script '/domains/metrolighting/dev1s.php' not found or unable to stat
[Sun Feb 22 03:36:03.709967 2026] [php:error] [pid 82728] [client 4.193.204.169:0] script '/domains/metrolighting/ffd.php' not found or unable to stat
[Sun Feb 22 03:36:03.936337 2026] [php:error] [pid 82728] [client 4.193.204.169:0] script '/domains/metrolighting/admiin.php' not found or unable to stat
[Sun Feb 22 03:36:03.987341 2026] [php:error] [pid 82738] [client 20.5.80.84:0] script '/domains/hdickens.enteract/domains.php' not found or unable to stat
[Sun Feb 22 03:36:04.186589 2026] [php:error] [pid 82728] [client 4.193.204.169:0] script '/domains/metrolighting/ol.php' not found or unable to stat
[Sun Feb 22 03:36:04.195477 2026] [php:error] [pid 82738] [client 20.5.80.84:0] script '/domains/hdickens.enteract/clss.php' not found or unable to stat
[Sun Feb 22 03:36:04.424242 2026] [php:error] [pid 82728] [client 4.193.204.169:0] script '/domains/metrolighting/Sanskrit.php' not found or unable to stat
[Sun Feb 22 03:36:04.639502 2026] [php:error] [pid 82738] [client 20.5.80.84:0] script '/domains/hdickens.enteract/autoload_classmap.php' not found or unable to stat
[Sun Feb 22 03:36:04.650474 2026] [php:error] [pid 82728] [client 4.193.204.169:0] script '/domains/metrolighting/vxrl.php' not found or unable to stat
[Sun Feb 22 03:36:04.864478 2026] [php:error] [pid 82738] [client 20.5.80.84:0] script '/domains/hdickens.enteract/byp.php' not found or unable to stat
[Sun Feb 22 03:36:04.876444 2026] [php:error] [pid 82728] [client 4.193.204.169:0] script '/domains/metrolighting/re.php' not found or unable to stat
[Sun Feb 22 03:36:05.115921 2026] [php:error] [pid 82728] [client 4.193.204.169:0] script '/domains/metrolighting/num.php' not found or unable to stat
[Sun Feb 22 03:36:05.297829 2026] [php:error] [pid 82738] [client 20.5.80.84:0] script '/domains/hdickens.enteract/zc-104.php' not found or unable to stat
[Sun Feb 22 03:36:05.342053 2026] [php:error] [pid 82728] [client 4.193.204.169:0] script '/domains/metrolighting/axx.php' not found or unable to stat
[Sun Feb 22 03:36:05.571663 2026] [php:error] [pid 82728] [client 4.193.204.169:0] script '/domains/metrolighting/vxrl.php' not found or unable to stat
[Sun Feb 22 03:36:05.807905 2026] [php:error] [pid 82728] [client 4.193.204.169:0] script '/domains/metrolighting/in.php' not found or unable to stat
[Sun Feb 22 03:36:05.933197 2026] [php:error] [pid 82738] [client 20.5.80.84:0] script '/domains/hdickens.enteract/6kDPjgFTmvS.php' not found or unable to stat
[Sun Feb 22 03:36:06.057997 2026] [php:error] [pid 82728] [client 4.193.204.169:0] script '/domains/metrolighting/style.php' not found or unable to stat
[Sun Feb 22 03:36:06.133524 2026] [php:error] [pid 82738] [client 20.5.80.84:0] script '/domains/hdickens.enteract/vanda.php' not found or unable to stat
[Sun Feb 22 03:36:06.380261 2026] [php:error] [pid 82728] [client 4.193.204.169:0] script '/domains/metrolighting/we.php' not found or unable to stat
[Sun Feb 22 03:36:06.702043 2026] [php:error] [pid 82728] [client 4.193.204.169:0] script '/domains/metrolighting/zwso.php' not found or unable to stat
[Sun Feb 22 03:36:06.928830 2026] [php:error] [pid 82728] [client 4.193.204.169:0] script '/domains/metrolighting/karak.php' not found or unable to stat
[Sun Feb 22 03:36:06.983366 2026] [php:error] [pid 82738] [client 20.5.80.84:0] script '/domains/hdickens.enteract/install.php' not found or unable to stat
[Sun Feb 22 03:36:07.202834 2026] [php:error] [pid 82728] [client 4.193.204.169:0] script '/domains/metrolighting/prv8.php' not found or unable to stat
[Sun Feb 22 03:36:07.540138 2026] [php:error] [pid 82728] [client 4.193.204.169:0] script '/domains/metrolighting/i.php' not found or unable to stat
[Sun Feb 22 03:36:07.810473 2026] [php:error] [pid 82728] [client 4.193.204.169:0] script '/domains/metrolighting/a.php' not found or unable to stat
[Sun Feb 22 03:36:08.077973 2026] [php:error] [pid 82728] [client 4.193.204.169:0] script '/domains/metrolighting/xmlrpc.php' not found or unable to stat
[Sun Feb 22 03:36:08.304952 2026] [php:error] [pid 82728] [client 4.193.204.169:0] script '/domains/metrolighting/aw.php' not found or unable to stat
[Sun Feb 22 03:36:08.350824 2026] [php:error] [pid 82738] [client 20.5.80.84:0] script '/domains/hdickens.enteract/gdn.php' not found or unable to stat
[Sun Feb 22 03:36:08.539022 2026] [php:error] [pid 82728] [client 4.193.204.169:0] script '/domains/metrolighting/dev.php' not found or unable to stat
[Sun Feb 22 03:36:08.765539 2026] [php:error] [pid 82728] [client 4.193.204.169:0] script '/domains/metrolighting/lock360.php' not found or unable to stat
[Sun Feb 22 03:36:08.799008 2026] [php:error] [pid 82738] [client 20.5.80.84:0] script '/domains/hdickens.enteract/cache.php' not found or unable to stat
[Sun Feb 22 03:36:08.991842 2026] [php:error] [pid 82728] [client 4.193.204.169:0] script '/domains/metrolighting/155.php' not found or unable to stat
[Sun Feb 22 03:36:09.001293 2026] [php:error] [pid 82738] [client 20.5.80.84:0] script '/domains/hdickens.enteract/css/index.php' not found or unable to stat
[Sun Feb 22 03:36:09.207540 2026] [php:error] [pid 82738] [client 20.5.80.84:0] script '/domains/hdickens.enteract/asd.php' not found or unable to stat
[Sun Feb 22 03:36:09.219033 2026] [php:error] [pid 82728] [client 4.193.204.169:0] script '/domains/metrolighting/goat.php' not found or unable to stat
[Sun Feb 22 03:36:09.427406 2026] [php:error] [pid 82738] [client 20.5.80.84:0] script '/domains/hdickens.enteract/favicon.php' not found or unable to stat
[Sun Feb 22 03:36:09.446099 2026] [php:error] [pid 82728] [client 4.193.204.169:0] script '/domains/metrolighting/tcp.php' not found or unable to stat
[Sun Feb 22 03:36:09.628587 2026] [php:error] [pid 82738] [client 20.5.80.84:0] script '/domains/hdickens.enteract/file.php' not found or unable to stat
[Sun Feb 22 03:36:09.740291 2026] [php:error] [pid 82728] [client 4.193.204.169:0] script '/domains/metrolighting/ext.php' not found or unable to stat
[Sun Feb 22 03:36:09.839363 2026] [php:error] [pid 82738] [client 20.5.80.84:0] script '/domains/hdickens.enteract/rzki.php' not found or unable to stat
[Sun Feb 22 03:36:09.973325 2026] [php:error] [pid 82728] [client 4.193.204.169:0] script '/domains/metrolighting/inputs.php' not found or unable to stat
[Sun Feb 22 03:36:10.040621 2026] [php:error] [pid 82738] [client 20.5.80.84:0] script '/domains/hdickens.enteract/buy.php' not found or unable to stat
[Sun Feb 22 03:36:10.200284 2026] [php:error] [pid 82728] [client 4.193.204.169:0] script '/domains/metrolighting/ioxi.php' not found or unable to stat
[Sun Feb 22 03:36:10.240659 2026] [php:error] [pid 82738] [client 20.5.80.84:0] script '/domains/hdickens.enteract/install.php' not found or unable to stat
[Sun Feb 22 03:36:10.444429 2026] [php:error] [pid 82728] [client 4.193.204.169:0] script '/domains/metrolighting/fe5.php' not found or unable to stat
[Sun Feb 22 03:36:10.464218 2026] [php:error] [pid 82738] [client 20.5.80.84:0] script '/domains/hdickens.enteract/inputs.php' not found or unable to stat
[Sun Feb 22 03:36:10.670956 2026] [php:error] [pid 82728] [client 4.193.204.169:0] script '/domains/metrolighting/ov.php' not found or unable to stat
[Sun Feb 22 03:36:11.226905 2026] [php:error] [pid 82728] [client 4.193.204.169:0] script '/domains/metrolighting/default.php' not found or unable to stat
[Sun Feb 22 03:36:11.475158 2026] [php:error] [pid 82728] [client 4.193.204.169:0] script '/domains/metrolighting/goods.php' not found or unable to stat
[Sun Feb 22 03:36:11.701779 2026] [php:error] [pid 82728] [client 4.193.204.169:0] script '/domains/metrolighting/abcd.php' not found or unable to stat
[Sun Feb 22 03:36:11.928245 2026] [php:error] [pid 82728] [client 4.193.204.169:0] script '/domains/metrolighting/class.1.php' not found or unable to stat
[Sun Feb 22 03:36:12.124665 2026] [php:error] [pid 82738] [client 20.5.80.84:0] script '/domains/hdickens.enteract/ws.php' not found or unable to stat
[Sun Feb 22 03:36:12.155410 2026] [php:error] [pid 82728] [client 4.193.204.169:0] script '/domains/metrolighting/async.php' not found or unable to stat
[Sun Feb 22 03:36:12.333230 2026] [php:error] [pid 82738] [client 20.5.80.84:0] script '/domains/hdickens.enteract/44.php' not found or unable to stat
[Sun Feb 22 03:36:12.382044 2026] [php:error] [pid 82728] [client 4.193.204.169:0] script '/domains/metrolighting/ff.php' not found or unable to stat
[Sun Feb 22 03:36:12.608046 2026] [php:error] [pid 82728] [client 4.193.204.169:0] script '/domains/metrolighting/ioxi-o.php' not found or unable to stat
[Sun Feb 22 03:36:12.766886 2026] [php:error] [pid 82738] [client 20.5.80.84:0] script '/domains/hdickens.enteract/404.php' not found or unable to stat
[Sun Feb 22 03:36:13.053986 2026] [php:error] [pid 82728] [client 4.193.204.169:0] script '/domains/metrolighting/manager.php' not found or unable to stat
[Sun Feb 22 03:36:13.280068 2026] [php:error] [pid 82728] [client 4.193.204.169:0] script '/domains/metrolighting/wp-update.php' not found or unable to stat
[Sun Feb 22 03:36:13.372889 2026] [php:error] [pid 82738] [client 20.5.80.84:0] script '/domains/hdickens.enteract/wp-login.php' not found or unable to stat
[Sun Feb 22 03:36:13.520881 2026] [php:error] [pid 82728] [client 4.193.204.169:0] script '/domains/metrolighting/file.php' not found or unable to stat
[Sun Feb 22 03:36:14.030750 2026] [php:error] [pid 82728] [client 4.193.204.169:0] script '/domains/metrolighting/lc.php' not found or unable to stat
[Sun Feb 22 03:36:14.309768 2026] [php:error] [pid 82728] [client 4.193.204.169:0] script '/domains/metrolighting/cbrfo.php' not found or unable to stat
[Sun Feb 22 03:36:14.729763 2026] [php:error] [pid 82728] [client 4.193.204.169:0] script '/domains/metrolighting/inc.php' not found or unable to stat
[Sun Feb 22 03:36:14.972647 2026] [php:error] [pid 82738] [client 20.5.80.84:0] script '/domains/hdickens.enteract/wp-config-sample.php' not found or unable to stat
[Sun Feb 22 03:36:15.112798 2026] [php:error] [pid 82728] [client 4.193.204.169:0] script '/domains/metrolighting/gifclass.php' not found or unable to stat
[Sun Feb 22 03:36:15.174065 2026] [php:error] [pid 82738] [client 20.5.80.84:0] script '/domains/hdickens.enteract/rip.php' not found or unable to stat
[Sun Feb 22 03:36:15.939745 2026] [php:error] [pid 82738] [client 20.5.80.84:0] script '/domains/hdickens.enteract/images/all.php' not found or unable to stat
[Sun Feb 22 03:36:15.987907 2026] [php:error] [pid 82734] [client 4.193.204.169:0] script '/domains/metrolighting/miansha.php' not found or unable to stat
[Sun Feb 22 03:36:16.215414 2026] [php:error] [pid 82734] [client 4.193.204.169:0] script '/domains/metrolighting/tinyfilemanager.php' not found or unable to stat
[Sun Feb 22 03:36:16.378981 2026] [php:error] [pid 82738] [client 20.5.80.84:0] script '/domains/hdickens.enteract/404.php' not found or unable to stat
[Sun Feb 22 03:36:16.574003 2026] [php:error] [pid 82734] [client 4.193.204.169:0] script '/domains/metrolighting/admin.php' not found or unable to stat
[Sun Feb 22 03:36:16.579610 2026] [php:error] [pid 82738] [client 20.5.80.84:0] script '/domains/hdickens.enteract/wp-blog.php' not found or unable to stat
[Sun Feb 22 03:36:16.780043 2026] [php:error] [pid 82738] [client 20.5.80.84:0] script '/domains/hdickens.enteract/info.php' not found or unable to stat
[Sun Feb 22 03:36:16.801630 2026] [php:error] [pid 82734] [client 4.193.204.169:0] script '/domains/metrolighting/ok.php' not found or unable to stat
[Sun Feb 22 03:36:17.126417 2026] [php:error] [pid 82734] [client 4.193.204.169:0] script '/domains/metrolighting/fi.php' not found or unable to stat
[Sun Feb 22 03:36:17.181063 2026] [php:error] [pid 82738] [client 20.5.80.84:0] script '/domains/hdickens.enteract/rip.php' not found or unable to stat
[Sun Feb 22 03:36:17.372619 2026] [php:error] [pid 82734] [client 4.193.204.169:0] script '/domains/metrolighting/muzu.php' not found or unable to stat
[Sun Feb 22 03:36:17.398127 2026] [php:error] [pid 82738] [client 20.5.80.84:0] script '/domains/hdickens.enteract/h.php' not found or unable to stat
[Sun Feb 22 03:36:17.604646 2026] [php:error] [pid 82738] [client 20.5.80.84:0] script '/domains/hdickens.enteract/56c53.php' not found or unable to stat
[Sun Feb 22 03:36:17.611224 2026] [php:error] [pid 82734] [client 4.193.204.169:0] script '/domains/metrolighting/reze.php' not found or unable to stat
[Sun Feb 22 03:36:17.864249 2026] [php:error] [pid 82734] [client 4.193.204.169:0] script '/domains/metrolighting/styll.php' not found or unable to stat
[Sun Feb 22 03:36:18.004811 2026] [php:error] [pid 82738] [client 20.5.80.84:0] script '/domains/hdickens.enteract/i.php' not found or unable to stat
[Sun Feb 22 03:36:18.091625 2026] [php:error] [pid 82734] [client 4.193.204.169:0] script '/domains/metrolighting/x7.php' not found or unable to stat
[Sun Feb 22 03:36:18.206002 2026] [php:error] [pid 82738] [client 20.5.80.84:0] script '/domains/hdickens.enteract/xsas.php' not found or unable to stat
[Sun Feb 22 03:36:18.340160 2026] [php:error] [pid 82734] [client 4.193.204.169:0] script '/domains/metrolighting/thebe.php' not found or unable to stat
[Sun Feb 22 03:36:18.408341 2026] [php:error] [pid 82738] [client 20.5.80.84:0] script '/domains/hdickens.enteract/varb.php' not found or unable to stat
[Sun Feb 22 03:36:18.568037 2026] [php:error] [pid 82734] [client 4.193.204.169:0] script '/domains/metrolighting/ddd.php' not found or unable to stat
[Sun Feb 22 03:36:18.819031 2026] [php:error] [pid 82738] [client 20.5.80.84:0] script '/domains/hdickens.enteract/xxzdc.php' not found or unable to stat
[Sun Feb 22 03:36:18.839248 2026] [php:error] [pid 82734] [client 4.193.204.169:0] script '/domains/metrolighting/bgymj.php' not found or unable to stat
[Sun Feb 22 03:36:19.024848 2026] [php:error] [pid 82738] [client 20.5.80.84:0] script '/domains/hdickens.enteract/gdn.php' not found or unable to stat
[Sun Feb 22 03:36:19.066590 2026] [php:error] [pid 82734] [client 4.193.204.169:0] script '/domains/metrolighting/8xyz.php' not found or unable to stat
[Sun Feb 22 03:36:19.225622 2026] [php:error] [pid 82738] [client 20.5.80.84:0] script '/domains/hdickens.enteract/elp.php' not found or unable to stat
[Sun Feb 22 03:36:19.318489 2026] [php:error] [pid 82734] [client 4.193.204.169:0] script '/domains/metrolighting/ioxi.php' not found or unable to stat
[Sun Feb 22 03:36:19.450272 2026] [php:error] [pid 82738] [client 20.5.80.84:0] script '/domains/hdickens.enteract/144.php' not found or unable to stat
[Sun Feb 22 03:36:19.545366 2026] [php:error] [pid 82734] [client 4.193.204.169:0] script '/domains/metrolighting/xpwer1.php' not found or unable to stat
[Sun Feb 22 03:36:19.773318 2026] [php:error] [pid 82734] [client 4.193.204.169:0] script '/domains/metrolighting/lala.php' not found or unable to stat
[Sun Feb 22 03:36:19.856322 2026] [php:error] [pid 82738] [client 20.5.80.84:0] script '/domains/hdickens.enteract/wp-conf.php' not found or unable to stat
[Sun Feb 22 03:36:20.000208 2026] [php:error] [pid 82734] [client 4.193.204.169:0] script '/domains/metrolighting/about.php' not found or unable to stat
[Sun Feb 22 03:36:20.307233 2026] [php:error] [pid 82738] [client 20.5.80.84:0] script '/domains/hdickens.enteract/lm15.php' not found or unable to stat
[Sun Feb 22 03:36:20.501270 2026] [php:error] [pid 82734] [client 4.193.204.169:0] script '/domains/metrolighting/cgi-bin/index.php' not found or unable to stat
[Sun Feb 22 03:36:20.507084 2026] [php:error] [pid 82738] [client 20.5.80.84:0] script '/domains/hdickens.enteract/inputs.php' not found or unable to stat
[Sun Feb 22 03:36:21.110527 2026] [php:error] [pid 82738] [client 20.5.80.84:0] script '/domains/hdickens.enteract/d12.php' not found or unable to stat
[Sun Feb 22 03:36:21.152761 2026] [php:error] [pid 82741] [client 45.117.243.246:0] script '/domains/pookie.dnai/xmlrpc.php' not found or unable to stat
[Sun Feb 22 03:36:21.180966 2026] [php:error] [pid 82734] [client 4.193.204.169:0] script '/domains/metrolighting/info.php' not found or unable to stat
[Sun Feb 22 03:36:21.326939 2026] [php:error] [pid 82738] [client 20.5.80.84:0] script '/domains/hdickens.enteract/test.php' not found or unable to stat
[Sun Feb 22 03:36:21.430420 2026] [php:error] [pid 82734] [client 4.193.204.169:0] script '/domains/metrolighting/about.php' not found or unable to stat
[Sun Feb 22 03:36:21.527355 2026] [php:error] [pid 82738] [client 20.5.80.84:0] script '/domains/hdickens.enteract/hehe.php' not found or unable to stat
[Sun Feb 22 03:36:21.884569 2026] [php:error] [pid 82734] [client 4.193.204.169:0] script '/domains/metrolighting/222.php' not found or unable to stat
[Sun Feb 22 03:36:22.139898 2026] [php:error] [pid 82734] [client 4.193.204.169:0] script '/domains/metrolighting/adminfuns.php' not found or unable to stat
[Sun Feb 22 03:36:22.308901 2026] [php:error] [pid 82738] [client 20.5.80.84:0] script '/domains/hdickens.enteract/themes.php' not found or unable to stat
[Sun Feb 22 03:36:22.509333 2026] [php:error] [pid 82738] [client 20.5.80.84:0] script '/domains/hdickens.enteract/bo.php' not found or unable to stat
[Sun Feb 22 03:36:22.605529 2026] [php:error] [pid 82734] [client 4.193.204.169:0] script '/domains/metrolighting/xx.php' not found or unable to stat
[Sun Feb 22 03:36:22.714731 2026] [php:error] [pid 82738] [client 20.5.80.84:0] script '/domains/hdickens.enteract/a5e0a.php' not found or unable to stat
[Sun Feb 22 03:36:22.940105 2026] [php:error] [pid 82738] [client 20.5.80.84:0] script '/domains/hdickens.enteract/z.php' not found or unable to stat
[Sun Feb 22 03:36:23.059703 2026] [php:error] [pid 82734] [client 4.193.204.169:0] script '/domains/metrolighting/f5.php' not found or unable to stat
[Sun Feb 22 03:36:23.293153 2026] [php:error] [pid 82734] [client 4.193.204.169:0] script '/domains/metrolighting/flower.php' not found or unable to stat
[Sun Feb 22 03:36:23.619460 2026] [php:error] [pid 82734] [client 4.193.204.169:0] script '/domains/metrolighting/f6.php' not found or unable to stat
[Sun Feb 22 03:36:23.899601 2026] [php:error] [pid 82734] [client 4.193.204.169:0] script '/domains/metrolighting/edit.php' not found or unable to stat
[Sun Feb 22 03:36:24.594403 2026] [php:error] [pid 82734] [client 4.193.204.169:0] script '/domains/metrolighting/av.php' not found or unable to stat
[Sun Feb 22 03:36:25.047586 2026] [php:error] [pid 82734] [client 4.193.204.169:0] script '/domains/metrolighting/wsd.php' not found or unable to stat
[Sun Feb 22 03:36:25.283596 2026] [php:error] [pid 82734] [client 4.193.204.169:0] script '/domains/metrolighting/jane.php' not found or unable to stat
[Sun Feb 22 03:36:25.611305 2026] [php:error] [pid 82734] [client 4.193.204.169:0] script '/domains/metrolighting/css.php' not found or unable to stat
[Sun Feb 22 03:36:25.838442 2026] [php:error] [pid 82734] [client 4.193.204.169:0] script '/domains/metrolighting/alfa.php' not found or unable to stat
[Sun Feb 22 03:36:26.069565 2026] [php:error] [pid 82734] [client 4.193.204.169:0] script '/domains/metrolighting/wen.php' not found or unable to stat
[Sun Feb 22 03:36:26.296650 2026] [php:error] [pid 82734] [client 4.193.204.169:0] script '/domains/metrolighting/x.php' not found or unable to stat
[Sun Feb 22 03:36:26.523825 2026] [php:error] [pid 82734] [client 4.193.204.169:0] script '/domains/metrolighting/xxxx.php' not found or unable to stat
[Sun Feb 22 03:36:26.752283 2026] [php:error] [pid 82734] [client 4.193.204.169:0] script '/domains/metrolighting/class.php' not found or unable to stat
[Sun Feb 22 03:36:27.007711 2026] [php:error] [pid 82734] [client 4.193.204.169:0] script '/domains/metrolighting/f35.php' not found or unable to stat
[Sun Feb 22 03:36:28.066904 2026] [php:error] [pid 82734] [client 4.193.204.169:0] script '/domains/metrolighting/class-t.api.php' not found or unable to stat
[Sun Feb 22 03:36:28.333875 2026] [php:error] [pid 82734] [client 4.193.204.169:0] script '/domains/metrolighting/blurbs18.php' not found or unable to stat
[Sun Feb 22 03:36:30.083854 2026] [php:error] [pid 82734] [client 4.193.204.169:0] script '/domains/metrolighting/bless11.php' not found or unable to stat
[Sun Feb 22 03:36:30.310945 2026] [php:error] [pid 82734] [client 4.193.204.169:0] script '/domains/metrolighting/init.php' not found or unable to stat
[Sun Feb 22 03:36:30.765668 2026] [php:error] [pid 82734] [client 4.193.204.169:0] script '/domains/metrolighting/k.php' not found or unable to stat
[Sun Feb 22 03:36:31.004143 2026] [php:error] [pid 82734] [client 4.193.204.169:0] script '/domains/metrolighting/bless.php' not found or unable to stat
[Sun Feb 22 03:36:31.300475 2026] [php:error] [pid 82734] [client 4.193.204.169:0] script '/domains/metrolighting/X7x.php' not found or unable to stat
[Sun Feb 22 03:36:31.553987 2026] [php:error] [pid 82734] [client 4.193.204.169:0] script '/domains/metrolighting/166.php' not found or unable to stat
[Sun Feb 22 03:36:31.857104 2026] [php:error] [pid 82734] [client 4.193.204.169:0] script '/domains/metrolighting/plss3.php' not found or unable to stat
[Sun Feb 22 03:36:32.394133 2026] [php:error] [pid 82734] [client 4.193.204.169:0] script '/domains/metrolighting/admins.php' not found or unable to stat
[Sun Feb 22 03:36:32.435918 2026] [php:error] [pid 82738] [client 52.169.148.186:0] script '/domains/navarrospring/meew.php' not found or unable to stat
[Sun Feb 22 03:36:32.506286 2026] [php:error] [pid 82738] [client 52.169.148.186:0] script '/domains/navarrospring/add.php' not found or unable to stat
[Sun Feb 22 03:36:32.576909 2026] [php:error] [pid 82738] [client 52.169.148.186:0] script '/domains/navarrospring/8.php' not found or unable to stat
[Sun Feb 22 03:36:32.636595 2026] [php:error] [pid 82734] [client 4.193.204.169:0] script '/domains/metrolighting/wp.php' not found or unable to stat
[Sun Feb 22 03:36:32.647210 2026] [php:error] [pid 82738] [client 52.169.148.186:0] script '/domains/navarrospring/ty.php' not found or unable to stat
[Sun Feb 22 03:36:32.726905 2026] [php:error] [pid 82738] [client 52.169.148.186:0] script '/domains/navarrospring/sys.php' not found or unable to stat
[Sun Feb 22 03:36:32.797152 2026] [php:error] [pid 82738] [client 52.169.148.186:0] script '/domains/navarrospring/mass.php' not found or unable to stat
[Sun Feb 22 03:36:32.868030 2026] [php:error] [pid 82738] [client 52.169.148.186:0] script '/domains/navarrospring/alfa.php' not found or unable to stat
[Sun Feb 22 03:36:32.879590 2026] [php:error] [pid 82734] [client 4.193.204.169:0] script '/domains/metrolighting/main.php' not found or unable to stat
[Sun Feb 22 03:36:32.938394 2026] [php:error] [pid 82738] [client 52.169.148.186:0] script '/domains/navarrospring/71.php' not found or unable to stat
[Sun Feb 22 03:36:33.008766 2026] [php:error] [pid 82738] [client 52.169.148.186:0] script '/domains/navarrospring/admin-footer.php' not found or unable to stat
[Sun Feb 22 03:36:33.080562 2026] [php:error] [pid 82738] [client 52.169.148.186:0] script '/domains/navarrospring/webdb.php' not found or unable to stat
[Sun Feb 22 03:36:33.106046 2026] [php:error] [pid 82734] [client 4.193.204.169:0] script '/domains/metrolighting/a1.php' not found or unable to stat
[Sun Feb 22 03:36:33.150933 2026] [php:error] [pid 82738] [client 52.169.148.186:0] script '/domains/navarrospring/plugin.php' not found or unable to stat
[Sun Feb 22 03:36:33.222097 2026] [php:error] [pid 82738] [client 52.169.148.186:0] script '/domains/navarrospring/lib.php' not found or unable to stat
[Sun Feb 22 03:36:33.292531 2026] [php:error] [pid 82738] [client 52.169.148.186:0] script '/domains/navarrospring/makeasmtp.php' not found or unable to stat
[Sun Feb 22 03:36:33.332492 2026] [php:error] [pid 82734] [client 4.193.204.169:0] script '/domains/metrolighting/lala.php' not found or unable to stat
[Sun Feb 22 03:36:33.363001 2026] [php:error] [pid 82738] [client 52.169.148.186:0] script '/domains/navarrospring/zeal.php' not found or unable to stat
[Sun Feb 22 03:36:33.433680 2026] [php:error] [pid 82738] [client 52.169.148.186:0] script '/domains/navarrospring/sc.php' not found or unable to stat
[Sun Feb 22 03:36:33.559295 2026] [php:error] [pid 82734] [client 4.193.204.169:0] script '/domains/metrolighting/aaa.php' not found or unable to stat
[Sun Feb 22 03:36:33.574447 2026] [php:error] [pid 82738] [client 52.169.148.186:0] script '/domains/navarrospring/txets.php' not found or unable to stat
[Sun Feb 22 03:36:33.645140 2026] [php:error] [pid 82738] [client 52.169.148.186:0] script '/domains/navarrospring/options-head.php' not found or unable to stat
[Sun Feb 22 03:36:33.786100 2026] [php:error] [pid 82738] [client 52.169.148.186:0] script '/domains/navarrospring/cmdo.php' not found or unable to stat
[Sun Feb 22 03:36:33.796417 2026] [php:error] [pid 82734] [client 4.193.204.169:0] script '/domains/metrolighting/a2.php' not found or unable to stat
[Sun Feb 22 03:36:33.856557 2026] [php:error] [pid 82738] [client 52.169.148.186:0] script '/domains/navarrospring/p.php' not found or unable to stat
[Sun Feb 22 03:36:33.927172 2026] [php:error] [pid 82738] [client 52.169.148.186:0] script '/domains/navarrospring/Capte.php' not found or unable to stat
[Sun Feb 22 03:36:33.998009 2026] [php:error] [pid 82738] [client 52.169.148.186:0] script '/domains/navarrospring/ccou.php' not found or unable to stat
[Sun Feb 22 03:36:34.068354 2026] [php:error] [pid 82738] [client 52.169.148.186:0] script '/domains/navarrospring/503.php' not found or unable to stat
[Sun Feb 22 03:36:34.138925 2026] [php:error] [pid 82738] [client 52.169.148.186:0] script '/domains/navarrospring/ws66.php' not found or unable to stat
[Sun Feb 22 03:36:34.209444 2026] [php:error] [pid 82738] [client 52.169.148.186:0] script '/domains/navarrospring/xa.php' not found or unable to stat
[Sun Feb 22 03:36:34.280649 2026] [php:error] [pid 82738] [client 52.169.148.186:0] script '/domains/navarrospring/666.php' not found or unable to stat
[Sun Feb 22 03:36:34.351077 2026] [php:error] [pid 82738] [client 52.169.148.186:0] script '/domains/navarrospring/error.php' not found or unable to stat
[Sun Feb 22 03:36:34.356916 2026] [php:error] [pid 82734] [client 4.193.204.169:0] script '/domains/metrolighting/jsond.php' not found or unable to stat
[Sun Feb 22 03:36:34.421428 2026] [php:error] [pid 82738] [client 52.169.148.186:0] script '/domains/navarrospring/222.php' not found or unable to stat
[Sun Feb 22 03:36:34.491842 2026] [php:error] [pid 82738] [client 52.169.148.186:0] script '/domains/navarrospring/wen.php' not found or unable to stat
[Sun Feb 22 03:36:34.562472 2026] [php:error] [pid 82738] [client 52.169.148.186:0] script '/domains/navarrospring/environment.php' not found or unable to stat
[Sun Feb 22 03:36:34.632988 2026] [php:error] [pid 82738] [client 52.169.148.186:0] script '/domains/navarrospring/styles.php' not found or unable to stat
[Sun Feb 22 03:36:34.703524 2026] [php:error] [pid 82738] [client 52.169.148.186:0] script '/domains/navarrospring/wp-4doption1.php' not found or unable to stat
[Sun Feb 22 03:36:34.844384 2026] [php:error] [pid 82738] [client 52.169.148.186:0] script '/domains/navarrospring/1.php' not found or unable to stat
[Sun Feb 22 03:36:34.985640 2026] [php:error] [pid 82738] [client 52.169.148.186:0] script '/domains/navarrospring/atomlib.php' not found or unable to stat
[Sun Feb 22 03:36:35.055982 2026] [php:error] [pid 82738] [client 52.169.148.186:0] script '/domains/navarrospring/asasx.php' not found or unable to stat
[Sun Feb 22 03:36:35.126515 2026] [php:error] [pid 82738] [client 52.169.148.186:0] script '/domains/navarrospring/ioxi-o.php' not found or unable to stat
[Sun Feb 22 03:36:35.197429 2026] [php:error] [pid 82738] [client 52.169.148.186:0] script '/domains/navarrospring/z60.php' not found or unable to stat
[Sun Feb 22 03:36:35.269837 2026] [php:error] [pid 82738] [client 52.169.148.186:0] script '/domains/navarrospring/dropdown.php' not found or unable to stat
[Sun Feb 22 03:36:35.412023 2026] [php:error] [pid 82738] [client 52.169.148.186:0] script '/domains/navarrospring/wp-tot.php' not found or unable to stat
[Sun Feb 22 03:36:35.623662 2026] [php:error] [pid 82738] [client 52.169.148.186:0] script '/domains/navarrospring/class.php' not found or unable to stat
[Sun Feb 22 03:36:35.694294 2026] [php:error] [pid 82738] [client 52.169.148.186:0] script '/domains/navarrospring/404.php' not found or unable to stat
[Sun Feb 22 03:36:35.764960 2026] [php:error] [pid 82738] [client 52.169.148.186:0] script '/domains/navarrospring/mode.php' not found or unable to stat
[Sun Feb 22 03:36:35.835319 2026] [php:error] [pid 82738] [client 52.169.148.186:0] script '/domains/navarrospring/aboutc.php' not found or unable to stat
[Sun Feb 22 03:36:35.906375 2026] [php:error] [pid 82738] [client 52.169.148.186:0] script '/domains/navarrospring/sx.php' not found or unable to stat
[Sun Feb 22 03:36:35.976797 2026] [php:error] [pid 82738] [client 52.169.148.186:0] script '/domains/navarrospring/themes.php' not found or unable to stat
[Sun Feb 22 03:36:36.047429 2026] [php:error] [pid 82738] [client 52.169.148.186:0] script '/domains/navarrospring/yawa.php' not found or unable to stat
[Sun Feb 22 03:36:36.118028 2026] [php:error] [pid 82738] [client 52.169.148.186:0] script '/domains/navarrospring/m.php' not found or unable to stat
[Sun Feb 22 03:36:36.260113 2026] [php:error] [pid 82738] [client 52.169.148.186:0] script '/domains/navarrospring/item.php' not found or unable to stat
[Sun Feb 22 03:36:36.331079 2026] [php:error] [pid 82738] [client 52.169.148.186:0] script '/domains/navarrospring/403.php' not found or unable to stat
[Sun Feb 22 03:36:36.401871 2026] [php:error] [pid 82738] [client 52.169.148.186:0] script '/domains/navarrospring/gg.php' not found or unable to stat
[Sun Feb 22 03:36:36.472912 2026] [php:error] [pid 82738] [client 52.169.148.186:0] script '/domains/navarrospring/akcc.php' not found or unable to stat
[Sun Feb 22 03:36:36.543537 2026] [php:error] [pid 82738] [client 52.169.148.186:0] script '/domains/navarrospring/radio.php' not found or unable to stat
[Sun Feb 22 03:36:36.614262 2026] [php:error] [pid 82738] [client 52.169.148.186:0] script '/domains/navarrospring/xa.php' not found or unable to stat
[Sun Feb 22 03:36:36.684511 2026] [php:error] [pid 82738] [client 52.169.148.186:0] script '/domains/navarrospring/backup.php' not found or unable to stat
[Sun Feb 22 03:36:36.754655 2026] [php:error] [pid 82738] [client 52.169.148.186:0] script '/domains/navarrospring/galex.php' not found or unable to stat
[Sun Feb 22 03:36:36.895983 2026] [php:error] [pid 82738] [client 52.169.148.186:0] script '/domains/navarrospring/about.php' not found or unable to stat
[Sun Feb 22 03:36:36.966235 2026] [php:error] [pid 82738] [client 52.169.148.186:0] script '/domains/navarrospring/vx.php' not found or unable to stat
[Sun Feb 22 03:36:37.036448 2026] [php:error] [pid 82738] [client 52.169.148.186:0] script '/domains/navarrospring/classwithtostring.php' not found or unable to stat
[Sun Feb 22 03:36:37.176876 2026] [php:error] [pid 82738] [client 52.169.148.186:0] script '/domains/navarrospring/fff.php' not found or unable to stat
[Sun Feb 22 03:36:37.247368 2026] [php:error] [pid 82738] [client 52.169.148.186:0] script '/domains/navarrospring/content.php' not found or unable to stat
[Sun Feb 22 03:36:37.317762 2026] [php:error] [pid 82738] [client 52.169.148.186:0] script '/domains/navarrospring/menu.php' not found or unable to stat
[Sun Feb 22 03:36:37.388354 2026] [php:error] [pid 82738] [client 52.169.148.186:0] script '/domains/navarrospring/gifclass.php' not found or unable to stat
[Sun Feb 22 03:36:37.529197 2026] [php:error] [pid 82738] [client 52.169.148.186:0] script '/domains/navarrospring/css.php' not found or unable to stat
[Sun Feb 22 03:36:37.599478 2026] [php:error] [pid 82738] [client 52.169.148.186:0] script '/domains/navarrospring/x7.php' not found or unable to stat
[Sun Feb 22 03:36:37.669814 2026] [php:error] [pid 82738] [client 52.169.148.186:0] script '/domains/navarrospring/bugger.php' not found or unable to stat
[Sun Feb 22 03:36:37.810646 2026] [php:error] [pid 82738] [client 52.169.148.186:0] script '/domains/navarrospring/simple.php' not found or unable to stat
[Sun Feb 22 03:36:37.880687 2026] [php:error] [pid 82738] [client 52.169.148.186:0] script '/domains/navarrospring/alfa.php' not found or unable to stat
[Sun Feb 22 03:36:37.952829 2026] [php:error] [pid 82738] [client 52.169.148.186:0] script '/domains/navarrospring/wp-file.php' not found or unable to stat
[Sun Feb 22 03:36:38.023186 2026] [php:error] [pid 82738] [client 52.169.148.186:0] script '/domains/navarrospring/as.php' not found or unable to stat
[Sun Feb 22 03:36:38.093802 2026] [php:error] [pid 82738] [client 52.169.148.186:0] script '/domains/navarrospring/X57.php' not found or unable to stat
[Sun Feb 22 03:36:38.164424 2026] [php:error] [pid 82738] [client 52.169.148.186:0] script '/domains/navarrospring/abc.php' not found or unable to stat
[Sun Feb 22 03:36:38.234756 2026] [php:error] [pid 82738] [client 52.169.148.186:0] script '/domains/navarrospring/gettest.php' not found or unable to stat
[Sun Feb 22 03:36:38.306024 2026] [php:error] [pid 82738] [client 52.169.148.186:0] script '/domains/navarrospring/sbhu.php' not found or unable to stat
[Sun Feb 22 03:36:38.376525 2026] [php:error] [pid 82738] [client 52.169.148.186:0] script '/domains/navarrospring/wp-trackback.php' not found or unable to stat
[Sun Feb 22 03:36:38.446973 2026] [php:error] [pid 82738] [client 52.169.148.186:0] script '/domains/navarrospring/alfashell.php' not found or unable to stat
[Sun Feb 22 03:36:38.590641 2026] [php:error] [pid 82738] [client 52.169.148.186:0] script '/domains/navarrospring/aaa.php' not found or unable to stat
[Sun Feb 22 03:36:38.661827 2026] [php:error] [pid 82738] [client 52.169.148.186:0] script '/domains/navarrospring/chosen.php' not found or unable to stat
[Sun Feb 22 03:36:38.732697 2026] [php:error] [pid 82738] [client 52.169.148.186:0] script '/domains/navarrospring/tmpls.php' not found or unable to stat
[Sun Feb 22 03:36:38.803381 2026] [php:error] [pid 82738] [client 52.169.148.186:0] script '/domains/navarrospring/gtc.php' not found or unable to stat
[Sun Feb 22 03:36:38.874299 2026] [php:error] [pid 82738] [client 52.169.148.186:0] script '/domains/navarrospring/ty.php' not found or unable to stat
[Sun Feb 22 03:36:38.945061 2026] [php:error] [pid 82738] [client 52.169.148.186:0] script '/domains/navarrospring/0x.php' not found or unable to stat
[Sun Feb 22 03:36:39.015968 2026] [php:error] [pid 82738] [client 52.169.148.186:0] script '/domains/navarrospring/inputs.php' not found or unable to stat
[Sun Feb 22 03:36:39.090335 2026] [php:error] [pid 82738] [client 52.169.148.186:0] script '/domains/navarrospring/test1.php' not found or unable to stat
[Sun Feb 22 03:36:39.161509 2026] [php:error] [pid 82738] [client 52.169.148.186:0] script '/domains/navarrospring/new4.php' not found or unable to stat
[Sun Feb 22 03:36:39.231974 2026] [php:error] [pid 82738] [client 52.169.148.186:0] script '/domains/navarrospring/img.php' not found or unable to stat
[Sun Feb 22 03:36:39.373106 2026] [php:error] [pid 82738] [client 52.169.148.186:0] script '/domains/navarrospring/w.php' not found or unable to stat
[Sun Feb 22 03:36:39.445393 2026] [php:error] [pid 82738] [client 52.169.148.186:0] script '/domains/navarrospring/f35.php' not found or unable to stat
[Sun Feb 22 03:36:39.815202 2026] [php:error] [pid 82739] [client 52.169.148.186:0] script '/domains/navarrospring/siteheads.php' not found or unable to stat
[Sun Feb 22 03:36:40.030728 2026] [php:error] [pid 82739] [client 52.169.148.186:0] script '/domains/navarrospring/cwclass.php' not found or unable to stat
[Sun Feb 22 03:36:40.318460 2026] [php:error] [pid 82739] [client 52.169.148.186:0] script '/domains/navarrospring/g.php' not found or unable to stat
[Sun Feb 22 03:36:40.473487 2026] [php:error] [pid 82739] [client 52.169.148.186:0] script '/domains/navarrospring/install.php' not found or unable to stat
[Sun Feb 22 03:36:40.617100 2026] [php:error] [pid 82739] [client 52.169.148.186:0] script '/domains/navarrospring/autoload_classmap.php' not found or unable to stat
[Sun Feb 22 03:36:40.689105 2026] [php:error] [pid 82739] [client 52.169.148.186:0] script '/domains/navarrospring/bgymj.php' not found or unable to stat
[Sun Feb 22 03:37:50.372460 2026] [php:error] [pid 82759] [client 51.83.161.209:0] script '/domains/miles.interport/xmlrpc.php' not found or unable to stat
[Sun Feb 22 03:38:12.394313 2026] [php:error] [pid 82742] [client 20.205.3.49:0] script '/domains/system_default/x.php' not found or unable to stat
[Sun Feb 22 03:38:12.614667 2026] [php:error] [pid 82742] [client 20.205.3.49:0] script '/domains/system_default/chosen.php' not found or unable to stat
[Sun Feb 22 03:38:12.834807 2026] [php:error] [pid 82742] [client 20.205.3.49:0] script '/domains/system_default/radio.php' not found or unable to stat
[Sun Feb 22 03:38:13.289366 2026] [php:error] [pid 82742] [client 20.205.3.49:0] script '/domains/system_default/okxh.php' not found or unable to stat
[Sun Feb 22 03:38:13.509468 2026] [php:error] [pid 82742] [client 20.205.3.49:0] script '/domains/system_default/shell20211028.php' not found or unable to stat
[Sun Feb 22 03:38:13.729260 2026] [php:error] [pid 82742] [client 20.205.3.49:0] script '/domains/system_default/zqhfn.php' not found or unable to stat
[Sun Feb 22 03:38:14.231823 2026] [php:error] [pid 82742] [client 20.205.3.49:0] script '/domains/system_default/k.php' not found or unable to stat
[Sun Feb 22 03:38:15.479809 2026] [php:error] [pid 82742] [client 20.205.3.49:0] script '/domains/system_default/403.php' not found or unable to stat
[Sun Feb 22 03:38:15.711224 2026] [php:error] [pid 82742] [client 20.205.3.49:0] script '/domains/system_default/fimai.php' not found or unable to stat
[Sun Feb 22 03:38:15.940990 2026] [php:error] [pid 82742] [client 20.205.3.49:0] script '/domains/system_default/maul.php' not found or unable to stat
[Sun Feb 22 03:38:16.172979 2026] [php:error] [pid 82742] [client 20.205.3.49:0] script '/domains/system_default/elp.php' not found or unable to stat
[Sun Feb 22 03:38:16.393141 2026] [php:error] [pid 82742] [client 20.205.3.49:0] script '/domains/system_default/tt.php' not found or unable to stat
[Sun Feb 22 03:38:17.060969 2026] [php:error] [pid 82742] [client 20.205.3.49:0] script '/domains/system_default/an.php' not found or unable to stat
[Sun Feb 22 03:38:17.280961 2026] [php:error] [pid 82742] [client 20.205.3.49:0] script '/domains/system_default/orouu.php' not found or unable to stat
[Sun Feb 22 03:38:17.763141 2026] [php:error] [pid 82742] [client 20.205.3.49:0] script '/domains/system_default/config.php' not found or unable to stat
[Sun Feb 22 03:38:17.983483 2026] [php:error] [pid 82742] [client 20.205.3.49:0] script '/domains/system_default/z.php' not found or unable to stat
[Sun Feb 22 03:38:18.203558 2026] [php:error] [pid 82742] [client 20.205.3.49:0] script '/domains/system_default/55b76.php' not found or unable to stat
[Sun Feb 22 03:38:18.951267 2026] [php:error] [pid 82742] [client 20.205.3.49:0] script '/domains/system_default/kalso.php' not found or unable to stat
[Sun Feb 22 03:38:19.183684 2026] [php:error] [pid 82742] [client 20.205.3.49:0] script '/domains/system_default/web.php' not found or unable to stat
[Sun Feb 22 03:38:19.408207 2026] [php:error] [pid 82742] [client 20.205.3.49:0] script '/domains/system_default/5b9ac.php' not found or unable to stat
[Sun Feb 22 03:38:19.628364 2026] [php:error] [pid 82742] [client 20.205.3.49:0] script '/domains/system_default/system.php' not found or unable to stat
[Sun Feb 22 03:38:20.248352 2026] [php:error] [pid 82742] [client 20.205.3.49:0] script '/domains/system_default/byp.php' not found or unable to stat
[Sun Feb 22 03:38:21.946553 2026] [php:error] [pid 82758] [client 20.205.3.49:0] script '/domains/system_default/domains.php' not found or unable to stat
[Sun Feb 22 03:38:22.166962 2026] [php:error] [pid 82758] [client 20.205.3.49:0] script '/domains/system_default/clss.php' not found or unable to stat
[Sun Feb 22 03:38:22.404339 2026] [php:error] [pid 82758] [client 20.205.3.49:0] script '/domains/system_default/autoload_classmap.php' not found or unable to stat
[Sun Feb 22 03:38:22.907235 2026] [php:error] [pid 82758] [client 20.205.3.49:0] script '/domains/system_default/byp.php' not found or unable to stat
[Sun Feb 22 03:38:23.363412 2026] [php:error] [pid 82758] [client 20.205.3.49:0] script '/domains/system_default/zc-104.php' not found or unable to stat
[Sun Feb 22 03:38:23.804445 2026] [php:error] [pid 82758] [client 20.205.3.49:0] script '/domains/system_default/6kDPjgFTmvS.php' not found or unable to stat
[Sun Feb 22 03:38:24.026269 2026] [php:error] [pid 82758] [client 20.205.3.49:0] script '/domains/system_default/vanda.php' not found or unable to stat
[Sun Feb 22 03:38:24.477527 2026] [php:error] [pid 82758] [client 20.205.3.49:0] script '/domains/system_default/install.php' not found or unable to stat
[Sun Feb 22 03:38:25.739096 2026] [php:error] [pid 82758] [client 20.205.3.49:0] script '/domains/system_default/gdn.php' not found or unable to stat
