[Sun Feb 22 03:49:19.382811 2026] [php:error] [pid 82851] [client 104.46.216.98:0] script '/domains/pbuilder/wp-signin.php' not found or unable to stat
[Sun Feb 22 03:49:20.074780 2026] [php:error] [pid 82851] [client 104.46.216.98:0] script '/domains/pbuilder/class.php' not found or unable to stat
[Sun Feb 22 03:49:20.266121 2026] [php:error] [pid 82851] [client 104.46.216.98:0] script '/domains/pbuilder/wp.php' not found or unable to stat
[Sun Feb 22 03:49:21.689301 2026] [php:error] [pid 82859] [client 104.46.216.98:0] script '/domains/pbuilder/special.php' not found or unable to stat
[Sun Feb 22 03:50:42.620704 2026] [php:error] [pid 82877] [client 52.237.113.170:0] script '/domains/traceassoc/wp-trackback.php' not found or unable to stat
[Sun Feb 22 03:50:42.850805 2026] [php:error] [pid 82877] [client 52.237.113.170:0] script '/domains/traceassoc/about.php' not found or unable to stat
[Sun Feb 22 03:50:43.080992 2026] [php:error] [pid 82877] [client 52.237.113.170:0] script '/domains/traceassoc/file.php' not found or unable to stat
[Sun Feb 22 03:50:43.315215 2026] [php:error] [pid 82877] [client 52.237.113.170:0] script '/domains/traceassoc/wp-good.php' not found or unable to stat
[Sun Feb 22 03:50:43.558064 2026] [php:error] [pid 82877] [client 52.237.113.170:0] script '/domains/traceassoc/xmlrpc.php' not found or unable to stat
[Sun Feb 22 03:50:43.802235 2026] [php:error] [pid 82877] [client 52.237.113.170:0] script '/domains/traceassoc/goods.php' not found or unable to stat
[Sun Feb 22 03:50:44.051038 2026] [php:error] [pid 82877] [client 52.237.113.170:0] script '/domains/traceassoc/ioxi-o.php' not found or unable to stat
[Sun Feb 22 03:50:44.281220 2026] [php:error] [pid 82877] [client 52.237.113.170:0] script '/domains/traceassoc/class-t.api.php' not found or unable to stat
[Sun Feb 22 03:50:44.509672 2026] [php:error] [pid 82877] [client 52.237.113.170:0] script '/domains/traceassoc/admin.php' not found or unable to stat
[Sun Feb 22 03:50:44.738100 2026] [php:error] [pid 82877] [client 52.237.113.170:0] script '/domains/traceassoc/sf.php' not found or unable to stat
[Sun Feb 22 03:50:44.967732 2026] [php:error] [pid 82877] [client 52.237.113.170:0] script '/domains/traceassoc/rip.php' not found or unable to stat
[Sun Feb 22 03:50:45.196080 2026] [php:error] [pid 82877] [client 52.237.113.170:0] script '/domains/traceassoc/autoload_classmap.php' not found or unable to stat
[Sun Feb 22 03:50:45.429409 2026] [php:error] [pid 82877] [client 52.237.113.170:0] script '/domains/traceassoc/chosen.php' not found or unable to stat
[Sun Feb 22 03:50:45.666363 2026] [php:error] [pid 82877] [client 52.237.113.170:0] script '/domains/traceassoc/classwithtostring.php' not found or unable to stat
[Sun Feb 22 03:50:45.901141 2026] [php:error] [pid 82877] [client 52.237.113.170:0] script '/domains/traceassoc/defaults.php' not found or unable to stat
[Sun Feb 22 03:50:45.947039 2026] [php:error] [pid 82880] [client 145.239.10.137:0] script '/domains/abtechsci/sn.php' not found or unable to stat, referer: http://abtechsci.com/sn.php
[Sun Feb 22 03:50:47.062910 2026] [php:error] [pid 82877] [client 52.237.113.170:0] script '/domains/traceassoc/info.php' not found or unable to stat
[Sun Feb 22 03:50:48.683258 2026] [php:error] [pid 82877] [client 52.237.113.170:0] script '/domains/traceassoc/adminfuns.php' not found or unable to stat
[Sun Feb 22 03:50:53.744288 2026] [php:error] [pid 82881] [client 52.237.113.170:0] script '/domains/system_default/wp-trackback.php' not found or unable to stat
[Sun Feb 22 03:50:53.972306 2026] [php:error] [pid 82881] [client 52.237.113.170:0] script '/domains/system_default/about.php' not found or unable to stat
[Sun Feb 22 03:50:54.200425 2026] [php:error] [pid 82881] [client 52.237.113.170:0] script '/domains/system_default/file.php' not found or unable to stat
[Sun Feb 22 03:50:54.428238 2026] [php:error] [pid 82881] [client 52.237.113.170:0] script '/domains/system_default/wp-good.php' not found or unable to stat
[Sun Feb 22 03:50:54.656101 2026] [php:error] [pid 82881] [client 52.237.113.170:0] script '/domains/system_default/xmlrpc.php' not found or unable to stat
[Sun Feb 22 03:50:54.885748 2026] [php:error] [pid 82881] [client 52.237.113.170:0] script '/domains/system_default/goods.php' not found or unable to stat
[Sun Feb 22 03:50:55.115312 2026] [php:error] [pid 82881] [client 52.237.113.170:0] script '/domains/system_default/ioxi-o.php' not found or unable to stat
[Sun Feb 22 03:50:55.345629 2026] [php:error] [pid 82881] [client 52.237.113.170:0] script '/domains/system_default/class-t.api.php' not found or unable to stat
[Sun Feb 22 03:50:55.579934 2026] [php:error] [pid 82881] [client 52.237.113.170:0] script '/domains/system_default/admin.php' not found or unable to stat
[Sun Feb 22 03:50:55.807600 2026] [php:error] [pid 82881] [client 52.237.113.170:0] script '/domains/system_default/sf.php' not found or unable to stat
[Sun Feb 22 03:50:56.035208 2026] [php:error] [pid 82881] [client 52.237.113.170:0] script '/domains/system_default/rip.php' not found or unable to stat
[Sun Feb 22 03:50:56.262838 2026] [php:error] [pid 82881] [client 52.237.113.170:0] script '/domains/system_default/autoload_classmap.php' not found or unable to stat
[Sun Feb 22 03:50:56.491022 2026] [php:error] [pid 82881] [client 52.237.113.170:0] script '/domains/system_default/chosen.php' not found or unable to stat
[Sun Feb 22 03:50:56.720966 2026] [php:error] [pid 82881] [client 52.237.113.170:0] script '/domains/system_default/classwithtostring.php' not found or unable to stat
[Sun Feb 22 03:50:56.956592 2026] [php:error] [pid 82881] [client 52.237.113.170:0] script '/domains/system_default/defaults.php' not found or unable to stat
[Sun Feb 22 03:50:58.100571 2026] [php:error] [pid 82881] [client 52.237.113.170:0] script '/domains/system_default/info.php' not found or unable to stat
[Sun Feb 22 03:50:59.735029 2026] [php:error] [pid 82881] [client 52.237.113.170:0] script '/domains/system_default/adminfuns.php' not found or unable to stat
[Sun Feb 22 03:51:18.726211 2026] [php:error] [pid 82881] [client 216.244.66.232:0] script '/domains/hdickens.enteract/kmnj.php' not found or unable to stat
sendmail: invalid recipient `#'
[Sun Feb 22 03:54:12.709403 2026] [php:error] [pid 82912] [client 20.46.124.66:0] script '/domains/king1969/new4.php' not found or unable to stat
[Sun Feb 22 03:54:12.884500 2026] [php:error] [pid 82912] [client 20.46.124.66:0] script '/domains/king1969/sc.php' not found or unable to stat
[Sun Feb 22 03:54:13.052870 2026] [php:error] [pid 82912] [client 20.46.124.66:0] script '/domains/king1969/BDKR28WP.php' not found or unable to stat
[Sun Feb 22 03:54:13.222009 2026] [php:error] [pid 82912] [client 20.46.124.66:0] script '/domains/king1969/zu.php' not found or unable to stat
[Sun Feb 22 03:54:13.389634 2026] [php:error] [pid 82912] [client 20.46.124.66:0] script '/domains/king1969/alpha.php' not found or unable to stat
[Sun Feb 22 03:54:13.558755 2026] [php:error] [pid 82912] [client 20.46.124.66:0] script '/domains/king1969/sty.php' not found or unable to stat
[Sun Feb 22 03:54:13.727418 2026] [php:error] [pid 82912] [client 20.46.124.66:0] script '/domains/king1969/wwx.php' not found or unable to stat
[Sun Feb 22 03:54:13.894866 2026] [php:error] [pid 82912] [client 20.46.124.66:0] script '/domains/king1969/tevkb.php' not found or unable to stat
[Sun Feb 22 03:54:14.062025 2026] [php:error] [pid 82912] [client 20.46.124.66:0] script '/domains/king1969/atmaca.php' not found or unable to stat
[Sun Feb 22 03:54:14.232755 2026] [php:error] [pid 82912] [client 20.46.124.66:0] script '/domains/king1969/vr.php' not found or unable to stat
[Sun Feb 22 03:54:14.399822 2026] [php:error] [pid 82912] [client 20.46.124.66:0] script '/domains/king1969/liebert.php' not found or unable to stat
[Sun Feb 22 03:54:14.569084 2026] [php:error] [pid 82912] [client 20.46.124.66:0] script '/domains/king1969/opts.php' not found or unable to stat
[Sun Feb 22 03:54:14.736633 2026] [php:error] [pid 82912] [client 20.46.124.66:0] script '/domains/king1969/wp-act.php' not found or unable to stat
[Sun Feb 22 03:54:14.904163 2026] [php:error] [pid 82912] [client 20.46.124.66:0] script '/domains/king1969/ze.php' not found or unable to stat
[Sun Feb 22 03:54:15.072985 2026] [php:error] [pid 82912] [client 20.46.124.66:0] script '/domains/king1969/seetox.php' not found or unable to stat
[Sun Feb 22 03:54:15.407700 2026] [php:error] [pid 82912] [client 20.46.124.66:0] script '/domains/king1969/plugins.php' not found or unable to stat
[Sun Feb 22 03:54:15.575204 2026] [php:error] [pid 82912] [client 20.46.124.66:0] script '/domains/king1969/xoot.php' not found or unable to stat
[Sun Feb 22 03:54:15.744693 2026] [php:error] [pid 82912] [client 20.46.124.66:0] script '/domains/king1969/X57.php' not found or unable to stat
[Sun Feb 22 03:54:15.912460 2026] [php:error] [pid 82912] [client 20.46.124.66:0] script '/domains/king1969/vx.php' not found or unable to stat
[Sun Feb 22 03:54:16.081626 2026] [php:error] [pid 82912] [client 20.46.124.66:0] script '/domains/king1969/file59.php' not found or unable to stat
[Sun Feb 22 03:54:16.416804 2026] [php:error] [pid 82912] [client 20.46.124.66:0] script '/domains/king1969/xa.php' not found or unable to stat
[Sun Feb 22 03:54:16.583939 2026] [php:error] [pid 82912] [client 20.46.124.66:0] script '/domains/king1969/er.php' not found or unable to stat
[Sun Feb 22 03:54:16.753885 2026] [php:error] [pid 82912] [client 20.46.124.66:0] script '/domains/king1969/fault.php' not found or unable to stat
[Sun Feb 22 03:54:16.921983 2026] [php:error] [pid 82912] [client 20.46.124.66:0] script '/domains/king1969/motu.php' not found or unable to stat
[Sun Feb 22 03:54:17.089291 2026] [php:error] [pid 82912] [client 20.46.124.66:0] script '/domains/king1969/66.php' not found or unable to stat
[Sun Feb 22 03:54:17.256605 2026] [php:error] [pid 82912] [client 20.46.124.66:0] script '/domains/king1969/leuk.php' not found or unable to stat
[Sun Feb 22 03:54:17.423745 2026] [php:error] [pid 82912] [client 20.46.124.66:0] script '/domains/king1969/xqq.php' not found or unable to stat
[Sun Feb 22 03:54:17.590657 2026] [php:error] [pid 82912] [client 20.46.124.66:0] script '/domains/king1969/kolda.php' not found or unable to stat
[Sun Feb 22 03:54:17.757776 2026] [php:error] [pid 82912] [client 20.46.124.66:0] script '/domains/king1969/nw.php' not found or unable to stat
[Sun Feb 22 03:54:17.924940 2026] [php:error] [pid 82912] [client 20.46.124.66:0] script '/domains/king1969/666.php' not found or unable to stat
[Sun Feb 22 03:54:18.091715 2026] [php:error] [pid 82912] [client 20.46.124.66:0] script '/domains/king1969/kj.php' not found or unable to stat
[Sun Feb 22 03:54:18.260276 2026] [php:error] [pid 82912] [client 20.46.124.66:0] script '/domains/king1969/un.php' not found or unable to stat
[Sun Feb 22 03:54:18.427327 2026] [php:error] [pid 82912] [client 20.46.124.66:0] script '/domains/king1969/fs.php' not found or unable to stat
[Sun Feb 22 03:54:18.601029 2026] [php:error] [pid 82912] [client 20.46.124.66:0] script '/domains/king1969/ms.php' not found or unable to stat
[Sun Feb 22 03:54:18.770464 2026] [php:error] [pid 82912] [client 20.46.124.66:0] script '/domains/king1969/login8.php' not found or unable to stat
[Sun Feb 22 03:54:18.938247 2026] [php:error] [pid 82912] [client 20.46.124.66:0] script '/domains/king1969/cu.php' not found or unable to stat
[Sun Feb 22 03:54:19.106089 2026] [php:error] [pid 82912] [client 20.46.124.66:0] script '/domains/king1969/lul.php' not found or unable to stat
[Sun Feb 22 03:54:19.273926 2026] [php:error] [pid 82912] [client 20.46.124.66:0] script '/domains/king1969/0.php' not found or unable to stat
[Sun Feb 22 03:54:19.445420 2026] [php:error] [pid 82912] [client 20.46.124.66:0] script '/domains/king1969/ms-edit.php' not found or unable to stat
[Sun Feb 22 03:54:19.612916 2026] [php:error] [pid 82912] [client 20.46.124.66:0] script '/domains/king1969/ya.php' not found or unable to stat
[Sun Feb 22 03:54:19.787450 2026] [php:error] [pid 82912] [client 20.46.124.66:0] script '/domains/king1969/grsiuk.php' not found or unable to stat
[Sun Feb 22 03:54:19.954496 2026] [php:error] [pid 82912] [client 20.46.124.66:0] script '/domains/king1969/wp-blog.php' not found or unable to stat
[Sun Feb 22 03:54:20.122088 2026] [php:error] [pid 82912] [client 20.46.124.66:0] script '/domains/king1969/wp-access.php' not found or unable to stat
[Sun Feb 22 03:54:20.289629 2026] [php:error] [pid 82912] [client 20.46.124.66:0] script '/domains/king1969/a1vx.php' not found or unable to stat
[Sun Feb 22 03:54:20.457239 2026] [php:error] [pid 82912] [client 20.46.124.66:0] script '/domains/king1969/sbhu.php' not found or unable to stat
[Sun Feb 22 03:54:20.624512 2026] [php:error] [pid 82912] [client 20.46.124.66:0] script '/domains/king1969/wp-the.php' not found or unable to stat
[Sun Feb 22 03:54:20.791806 2026] [php:error] [pid 82912] [client 20.46.124.66:0] script '/domains/king1969/06.php' not found or unable to stat
[Sun Feb 22 03:54:20.961908 2026] [php:error] [pid 82912] [client 20.46.124.66:0] script '/domains/king1969/wp5.php' not found or unable to stat
[Sun Feb 22 03:54:21.129389 2026] [php:error] [pid 82912] [client 20.46.124.66:0] script '/domains/king1969/fot.php' not found or unable to stat
[Sun Feb 22 03:54:21.297241 2026] [php:error] [pid 82912] [client 20.46.124.66:0] script '/domains/king1969/ff1.php' not found or unable to stat
[Sun Feb 22 03:54:21.464450 2026] [php:error] [pid 82912] [client 20.46.124.66:0] script '/domains/king1969/forbidals.php' not found or unable to stat
[Sun Feb 22 03:54:21.631775 2026] [php:error] [pid 82912] [client 20.46.124.66:0] script '/domains/king1969/erty.php' not found or unable to stat
[Sun Feb 22 03:54:21.799504 2026] [php:error] [pid 82912] [client 20.46.124.66:0] script '/domains/king1969/dev1s.php' not found or unable to stat
[Sun Feb 22 03:54:21.967344 2026] [php:error] [pid 82912] [client 20.46.124.66:0] script '/domains/king1969/ffd.php' not found or unable to stat
[Sun Feb 22 03:54:22.134952 2026] [php:error] [pid 82912] [client 20.46.124.66:0] script '/domains/king1969/admiin.php' not found or unable to stat
[Sun Feb 22 03:54:22.302668 2026] [php:error] [pid 82912] [client 20.46.124.66:0] script '/domains/king1969/ol.php' not found or unable to stat
[Sun Feb 22 03:54:22.470023 2026] [php:error] [pid 82912] [client 20.46.124.66:0] script '/domains/king1969/Sanskrit.php' not found or unable to stat
[Sun Feb 22 03:54:22.637458 2026] [php:error] [pid 82912] [client 20.46.124.66:0] script '/domains/king1969/vxrl.php' not found or unable to stat
[Sun Feb 22 03:54:22.805035 2026] [php:error] [pid 82912] [client 20.46.124.66:0] script '/domains/king1969/re.php' not found or unable to stat
[Sun Feb 22 03:54:22.973726 2026] [php:error] [pid 82912] [client 20.46.124.66:0] script '/domains/king1969/num.php' not found or unable to stat
[Sun Feb 22 03:54:23.141264 2026] [php:error] [pid 82912] [client 20.46.124.66:0] script '/domains/king1969/axx.php' not found or unable to stat
[Sun Feb 22 03:54:23.308336 2026] [php:error] [pid 82912] [client 20.46.124.66:0] script '/domains/king1969/vxrl.php' not found or unable to stat
[Sun Feb 22 03:54:23.475351 2026] [php:error] [pid 82912] [client 20.46.124.66:0] script '/domains/king1969/in.php' not found or unable to stat
[Sun Feb 22 03:54:23.642823 2026] [php:error] [pid 82912] [client 20.46.124.66:0] script '/domains/king1969/style.php' not found or unable to stat
[Sun Feb 22 03:54:23.809975 2026] [php:error] [pid 82912] [client 20.46.124.66:0] script '/domains/king1969/we.php' not found or unable to stat
[Sun Feb 22 03:54:23.994639 2026] [php:error] [pid 82912] [client 20.46.124.66:0] script '/domains/king1969/zwso.php' not found or unable to stat
[Sun Feb 22 03:54:24.162225 2026] [php:error] [pid 82912] [client 20.46.124.66:0] script '/domains/king1969/karak.php' not found or unable to stat
[Sun Feb 22 03:54:24.329480 2026] [php:error] [pid 82912] [client 20.46.124.66:0] script '/domains/king1969/prv8.php' not found or unable to stat
[Sun Feb 22 03:54:24.496486 2026] [php:error] [pid 82912] [client 20.46.124.66:0] script '/domains/king1969/i.php' not found or unable to stat
[Sun Feb 22 03:54:24.665636 2026] [php:error] [pid 82912] [client 20.46.124.66:0] script '/domains/king1969/a.php' not found or unable to stat
[Sun Feb 22 03:54:24.832766 2026] [php:error] [pid 82912] [client 20.46.124.66:0] script '/domains/king1969/xmlrpc.php' not found or unable to stat
[Sun Feb 22 03:54:25.000481 2026] [php:error] [pid 82912] [client 20.46.124.66:0] script '/domains/king1969/aw.php' not found or unable to stat
[Sun Feb 22 03:54:25.167694 2026] [php:error] [pid 82912] [client 20.46.124.66:0] script '/domains/king1969/dev.php' not found or unable to stat
[Sun Feb 22 03:54:25.336408 2026] [php:error] [pid 82912] [client 20.46.124.66:0] script '/domains/king1969/lock360.php' not found or unable to stat
[Sun Feb 22 03:54:25.504991 2026] [php:error] [pid 82912] [client 20.46.124.66:0] script '/domains/king1969/155.php' not found or unable to stat
[Sun Feb 22 03:54:25.672357 2026] [php:error] [pid 82912] [client 20.46.124.66:0] script '/domains/king1969/goat.php' not found or unable to stat
[Sun Feb 22 03:54:25.839630 2026] [php:error] [pid 82912] [client 20.46.124.66:0] script '/domains/king1969/tcp.php' not found or unable to stat
[Sun Feb 22 03:54:26.006842 2026] [php:error] [pid 82912] [client 20.46.124.66:0] script '/domains/king1969/ext.php' not found or unable to stat
[Sun Feb 22 03:54:26.178491 2026] [php:error] [pid 82912] [client 20.46.124.66:0] script '/domains/king1969/inputs.php' not found or unable to stat
[Sun Feb 22 03:54:26.356322 2026] [php:error] [pid 82912] [client 20.46.124.66:0] script '/domains/king1969/ioxi.php' not found or unable to stat
[Sun Feb 22 03:54:26.379146 2026] [php:error] [pid 82920] [client 52.141.18.191:0] script '/domains/system_default/wp-trackback.php' not found or unable to stat
[Sun Feb 22 03:54:26.527129 2026] [php:error] [pid 82912] [client 20.46.124.66:0] script '/domains/king1969/fe5.php' not found or unable to stat
[Sun Feb 22 03:54:26.561102 2026] [php:error] [pid 82920] [client 52.141.18.191:0] script '/domains/system_default/about.php' not found or unable to stat
[Sun Feb 22 03:54:26.695308 2026] [php:error] [pid 82912] [client 20.46.124.66:0] script '/domains/king1969/ov.php' not found or unable to stat
[Sun Feb 22 03:54:26.749967 2026] [php:error] [pid 82920] [client 52.141.18.191:0] script '/domains/system_default/file.php' not found or unable to stat
[Sun Feb 22 03:54:26.967894 2026] [php:error] [pid 82920] [client 52.141.18.191:0] script '/domains/system_default/wp-good.php' not found or unable to stat
[Sun Feb 22 03:54:27.032882 2026] [php:error] [pid 82912] [client 20.46.124.66:0] script '/domains/king1969/default.php' not found or unable to stat
[Sun Feb 22 03:54:27.149636 2026] [php:error] [pid 82920] [client 52.141.18.191:0] script '/domains/system_default/xmlrpc.php' not found or unable to stat
[Sun Feb 22 03:54:27.201743 2026] [php:error] [pid 82912] [client 20.46.124.66:0] script '/domains/king1969/goods.php' not found or unable to stat
[Sun Feb 22 03:54:27.331346 2026] [php:error] [pid 82920] [client 52.141.18.191:0] script '/domains/system_default/goods.php' not found or unable to stat
[Sun Feb 22 03:54:27.370791 2026] [php:error] [pid 82912] [client 20.46.124.66:0] script '/domains/king1969/abcd.php' not found or unable to stat
[Sun Feb 22 03:54:27.513244 2026] [php:error] [pid 82920] [client 52.141.18.191:0] script '/domains/system_default/ioxi-o.php' not found or unable to stat
[Sun Feb 22 03:54:27.538302 2026] [php:error] [pid 82912] [client 20.46.124.66:0] script '/domains/king1969/class.1.php' not found or unable to stat
[Sun Feb 22 03:54:27.696584 2026] [php:error] [pid 82920] [client 52.141.18.191:0] script '/domains/system_default/class-t.api.php' not found or unable to stat
[Sun Feb 22 03:54:27.705341 2026] [php:error] [pid 82912] [client 20.46.124.66:0] script '/domains/king1969/async.php' not found or unable to stat
[Sun Feb 22 03:54:27.879581 2026] [php:error] [pid 82920] [client 52.141.18.191:0] script '/domains/system_default/admin.php' not found or unable to stat
[Sun Feb 22 03:54:27.882706 2026] [php:error] [pid 82912] [client 20.46.124.66:0] script '/domains/king1969/ff.php' not found or unable to stat
[Sun Feb 22 03:54:28.049711 2026] [php:error] [pid 82912] [client 20.46.124.66:0] script '/domains/king1969/ioxi-o.php' not found or unable to stat
[Sun Feb 22 03:54:28.062082 2026] [php:error] [pid 82920] [client 52.141.18.191:0] script '/domains/system_default/sf.php' not found or unable to stat
[Sun Feb 22 03:54:28.217577 2026] [php:error] [pid 82912] [client 20.46.124.66:0] script '/domains/king1969/manager.php' not found or unable to stat
[Sun Feb 22 03:54:28.245992 2026] [php:error] [pid 82920] [client 52.141.18.191:0] script '/domains/system_default/rip.php' not found or unable to stat
[Sun Feb 22 03:54:28.387781 2026] [php:error] [pid 82912] [client 20.46.124.66:0] script '/domains/king1969/wp-update.php' not found or unable to stat
[Sun Feb 22 03:54:28.427415 2026] [php:error] [pid 82920] [client 52.141.18.191:0] script '/domains/system_default/autoload_classmap.php' not found or unable to stat
[Sun Feb 22 03:54:28.556107 2026] [php:error] [pid 82912] [client 20.46.124.66:0] script '/domains/king1969/file.php' not found or unable to stat
[Sun Feb 22 03:54:28.609534 2026] [php:error] [pid 82920] [client 52.141.18.191:0] script '/domains/system_default/chosen.php' not found or unable to stat
[Sun Feb 22 03:54:28.791230 2026] [php:error] [pid 82920] [client 52.141.18.191:0] script '/domains/system_default/classwithtostring.php' not found or unable to stat
[Sun Feb 22 03:54:28.891079 2026] [php:error] [pid 82912] [client 20.46.124.66:0] script '/domains/king1969/lc.php' not found or unable to stat
[Sun Feb 22 03:54:28.973079 2026] [php:error] [pid 82920] [client 52.141.18.191:0] script '/domains/system_default/defaults.php' not found or unable to stat
[Sun Feb 22 03:54:29.059896 2026] [php:error] [pid 82912] [client 20.46.124.66:0] script '/domains/king1969/cbrfo.php' not found or unable to stat
[Sun Feb 22 03:54:29.227206 2026] [php:error] [pid 82912] [client 20.46.124.66:0] script '/domains/king1969/inc.php' not found or unable to stat
[Sun Feb 22 03:54:29.394469 2026] [php:error] [pid 82912] [client 20.46.124.66:0] script '/domains/king1969/gifclass.php' not found or unable to stat
[Sun Feb 22 03:54:29.721308 2026] [php:error] [pid 82909] [client 20.46.124.66:0] script '/domains/king1969/miansha.php' not found or unable to stat
[Sun Feb 22 03:54:29.882530 2026] [php:error] [pid 82909] [client 20.46.124.66:0] script '/domains/king1969/tinyfilemanager.php' not found or unable to stat
[Sun Feb 22 03:54:29.892255 2026] [php:error] [pid 82920] [client 52.141.18.191:0] script '/domains/system_default/info.php' not found or unable to stat
[Sun Feb 22 03:54:30.039634 2026] [php:error] [pid 82909] [client 20.46.124.66:0] script '/domains/king1969/admin.php' not found or unable to stat
[Sun Feb 22 03:54:30.196998 2026] [php:error] [pid 82909] [client 20.46.124.66:0] script '/domains/king1969/ok.php' not found or unable to stat
[Sun Feb 22 03:54:30.363763 2026] [php:error] [pid 82909] [client 20.46.124.66:0] script '/domains/king1969/fi.php' not found or unable to stat
[Sun Feb 22 03:54:30.520732 2026] [php:error] [pid 82909] [client 20.46.124.66:0] script '/domains/king1969/muzu.php' not found or unable to stat
[Sun Feb 22 03:54:30.677859 2026] [php:error] [pid 82909] [client 20.46.124.66:0] script '/domains/king1969/reze.php' not found or unable to stat
[Sun Feb 22 03:54:30.837132 2026] [php:error] [pid 82909] [client 20.46.124.66:0] script '/domains/king1969/styll.php' not found or unable to stat
[Sun Feb 22 03:54:30.994122 2026] [php:error] [pid 82909] [client 20.46.124.66:0] script '/domains/king1969/x7.php' not found or unable to stat
[Sun Feb 22 03:54:31.151405 2026] [php:error] [pid 82909] [client 20.46.124.66:0] script '/domains/king1969/thebe.php' not found or unable to stat
[Sun Feb 22 03:54:31.202990 2026] [php:error] [pid 82920] [client 52.141.18.191:0] script '/domains/system_default/adminfuns.php' not found or unable to stat
[Sun Feb 22 03:54:31.308470 2026] [php:error] [pid 82909] [client 20.46.124.66:0] script '/domains/king1969/ddd.php' not found or unable to stat
[Sun Feb 22 03:54:31.465707 2026] [php:error] [pid 82909] [client 20.46.124.66:0] script '/domains/king1969/bgymj.php' not found or unable to stat
[Sun Feb 22 03:54:31.622747 2026] [php:error] [pid 82909] [client 20.46.124.66:0] script '/domains/king1969/8xyz.php' not found or unable to stat
[Sun Feb 22 03:54:31.779792 2026] [php:error] [pid 82909] [client 20.46.124.66:0] script '/domains/king1969/ioxi.php' not found or unable to stat
[Sun Feb 22 03:54:31.936518 2026] [php:error] [pid 82909] [client 20.46.124.66:0] script '/domains/king1969/xpwer1.php' not found or unable to stat
[Sun Feb 22 03:54:32.093829 2026] [php:error] [pid 82909] [client 20.46.124.66:0] script '/domains/king1969/lala.php' not found or unable to stat
[Sun Feb 22 03:54:32.254550 2026] [php:error] [pid 82909] [client 20.46.124.66:0] script '/domains/king1969/about.php' not found or unable to stat
[Sun Feb 22 03:54:33.041059 2026] [php:error] [pid 82909] [client 20.46.124.66:0] script '/domains/king1969/info.php' not found or unable to stat
[Sun Feb 22 03:54:33.110127 2026] [php:error] [pid 82912] [client 52.141.18.191:0] script '/domains/abtechsci/wp-trackback.php' not found or unable to stat
[Sun Feb 22 03:54:33.197954 2026] [php:error] [pid 82909] [client 20.46.124.66:0] script '/domains/king1969/about.php' not found or unable to stat
[Sun Feb 22 03:54:33.291483 2026] [php:error] [pid 82912] [client 52.141.18.191:0] script '/domains/abtechsci/about.php' not found or unable to stat
[Sun Feb 22 03:54:33.472635 2026] [php:error] [pid 82912] [client 52.141.18.191:0] script '/domains/abtechsci/file.php' not found or unable to stat
[Sun Feb 22 03:54:33.514005 2026] [php:error] [pid 82909] [client 20.46.124.66:0] script '/domains/king1969/222.php' not found or unable to stat
[Sun Feb 22 03:54:33.655321 2026] [php:error] [pid 82912] [client 52.141.18.191:0] script '/domains/abtechsci/wp-good.php' not found or unable to stat
[Sun Feb 22 03:54:33.671032 2026] [php:error] [pid 82909] [client 20.46.124.66:0] script '/domains/king1969/adminfuns.php' not found or unable to stat
[Sun Feb 22 03:54:33.836906 2026] [php:error] [pid 82912] [client 52.141.18.191:0] script '/domains/abtechsci/xmlrpc.php' not found or unable to stat
[Sun Feb 22 03:54:33.991891 2026] [php:error] [pid 82909] [client 20.46.124.66:0] script '/domains/king1969/xx.php' not found or unable to stat
[Sun Feb 22 03:54:34.018523 2026] [php:error] [pid 82912] [client 52.141.18.191:0] script '/domains/abtechsci/goods.php' not found or unable to stat
[Sun Feb 22 03:54:34.213825 2026] [php:error] [pid 82912] [client 52.141.18.191:0] script '/domains/abtechsci/ioxi-o.php' not found or unable to stat
[Sun Feb 22 03:54:34.308363 2026] [php:error] [pid 82909] [client 20.46.124.66:0] script '/domains/king1969/f5.php' not found or unable to stat
[Sun Feb 22 03:54:34.395350 2026] [php:error] [pid 82912] [client 52.141.18.191:0] script '/domains/abtechsci/class-t.api.php' not found or unable to stat
[Sun Feb 22 03:54:34.465480 2026] [php:error] [pid 82909] [client 20.46.124.66:0] script '/domains/king1969/flower.php' not found or unable to stat
[Sun Feb 22 03:54:34.576812 2026] [php:error] [pid 82912] [client 52.141.18.191:0] script '/domains/abtechsci/admin.php' not found or unable to stat
[Sun Feb 22 03:54:34.627338 2026] [php:error] [pid 82909] [client 20.46.124.66:0] script '/domains/king1969/f6.php' not found or unable to stat
[Sun Feb 22 03:54:34.758410 2026] [php:error] [pid 82912] [client 52.141.18.191:0] script '/domains/abtechsci/sf.php' not found or unable to stat
[Sun Feb 22 03:54:34.784372 2026] [php:error] [pid 82909] [client 20.46.124.66:0] script '/domains/king1969/edit.php' not found or unable to stat
[Sun Feb 22 03:54:34.939763 2026] [php:error] [pid 82912] [client 52.141.18.191:0] script '/domains/abtechsci/rip.php' not found or unable to stat
[Sun Feb 22 03:54:35.121059 2026] [php:error] [pid 82912] [client 52.141.18.191:0] script '/domains/abtechsci/autoload_classmap.php' not found or unable to stat
[Sun Feb 22 03:54:35.256210 2026] [php:error] [pid 82909] [client 20.46.124.66:0] script '/domains/king1969/av.php' not found or unable to stat
[Sun Feb 22 03:54:35.303574 2026] [php:error] [pid 82912] [client 52.141.18.191:0] script '/domains/abtechsci/chosen.php' not found or unable to stat
[Sun Feb 22 03:54:35.484762 2026] [php:error] [pid 82912] [client 52.141.18.191:0] script '/domains/abtechsci/classwithtostring.php' not found or unable to stat
[Sun Feb 22 03:54:35.570199 2026] [php:error] [pid 82909] [client 20.46.124.66:0] script '/domains/king1969/wsd.php' not found or unable to stat
[Sun Feb 22 03:54:35.667410 2026] [php:error] [pid 82912] [client 52.141.18.191:0] script '/domains/abtechsci/defaults.php' not found or unable to stat
[Sun Feb 22 03:54:35.728484 2026] [php:error] [pid 82909] [client 20.46.124.66:0] script '/domains/king1969/jane.php' not found or unable to stat
[Sun Feb 22 03:54:35.889039 2026] [php:error] [pid 82909] [client 20.46.124.66:0] script '/domains/king1969/css.php' not found or unable to stat
[Sun Feb 22 03:54:36.046815 2026] [php:error] [pid 82909] [client 20.46.124.66:0] script '/domains/king1969/alfa.php' not found or unable to stat
[Sun Feb 22 03:54:36.209123 2026] [php:error] [pid 82909] [client 20.46.124.66:0] script '/domains/king1969/wen.php' not found or unable to stat
[Sun Feb 22 03:54:36.368464 2026] [php:error] [pid 82909] [client 20.46.124.66:0] script '/domains/king1969/x.php' not found or unable to stat
[Sun Feb 22 03:54:36.525606 2026] [php:error] [pid 82909] [client 20.46.124.66:0] script '/domains/king1969/xxxx.php' not found or unable to stat
[Sun Feb 22 03:54:36.683779 2026] [php:error] [pid 82909] [client 20.46.124.66:0] script '/domains/king1969/class.php' not found or unable to stat
[Sun Feb 22 03:54:36.841627 2026] [php:error] [pid 82909] [client 20.46.124.66:0] script '/domains/king1969/f35.php' not found or unable to stat
[Sun Feb 22 03:54:37.490280 2026] [php:error] [pid 82909] [client 20.46.124.66:0] script '/domains/king1969/class-t.api.php' not found or unable to stat
[Sun Feb 22 03:54:37.656072 2026] [php:error] [pid 82909] [client 20.46.124.66:0] script '/domains/king1969/blurbs18.php' not found or unable to stat
[Sun Feb 22 03:54:38.410980 2026] [php:error] [pid 82912] [client 52.141.18.191:0] script '/domains/abtechsci/adminfuns.php' not found or unable to stat
[Sun Feb 22 03:54:38.771803 2026] [php:error] [pid 82909] [client 20.46.124.66:0] script '/domains/king1969/bless11.php' not found or unable to stat
[Sun Feb 22 03:54:38.929103 2026] [php:error] [pid 82909] [client 20.46.124.66:0] script '/domains/king1969/init.php' not found or unable to stat
[Sun Feb 22 03:54:39.243612 2026] [php:error] [pid 82909] [client 20.46.124.66:0] script '/domains/king1969/k.php' not found or unable to stat
[Sun Feb 22 03:54:39.400606 2026] [php:error] [pid 82909] [client 20.46.124.66:0] script '/domains/king1969/bless.php' not found or unable to stat
[Sun Feb 22 03:54:39.557459 2026] [php:error] [pid 82909] [client 20.46.124.66:0] script '/domains/king1969/X7x.php' not found or unable to stat
[Sun Feb 22 03:54:39.720365 2026] [php:error] [pid 82909] [client 20.46.124.66:0] script '/domains/king1969/166.php' not found or unable to stat
[Sun Feb 22 03:54:39.878038 2026] [php:error] [pid 82909] [client 20.46.124.66:0] script '/domains/king1969/plss3.php' not found or unable to stat
[Sun Feb 22 03:54:40.194886 2026] [php:error] [pid 82909] [client 20.46.124.66:0] script '/domains/king1969/admins.php' not found or unable to stat
[Sun Feb 22 03:54:40.352852 2026] [php:error] [pid 82909] [client 20.46.124.66:0] script '/domains/king1969/wp.php' not found or unable to stat
[Sun Feb 22 03:54:40.511901 2026] [php:error] [pid 82909] [client 20.46.124.66:0] script '/domains/king1969/main.php' not found or unable to stat
[Sun Feb 22 03:54:40.669736 2026] [php:error] [pid 82909] [client 20.46.124.66:0] script '/domains/king1969/a1.php' not found or unable to stat
[Sun Feb 22 03:54:40.826634 2026] [php:error] [pid 82909] [client 20.46.124.66:0] script '/domains/king1969/lala.php' not found or unable to stat
[Sun Feb 22 03:54:40.983917 2026] [php:error] [pid 82909] [client 20.46.124.66:0] script '/domains/king1969/aaa.php' not found or unable to stat
[Sun Feb 22 03:54:41.141033 2026] [php:error] [pid 82909] [client 20.46.124.66:0] script '/domains/king1969/a2.php' not found or unable to stat
[Sun Feb 22 03:54:41.456169 2026] [php:error] [pid 82909] [client 20.46.124.66:0] script '/domains/king1969/jsond.php' not found or unable to stat
[Sun Feb 22 03:54:46.751354 2026] [php:error] [pid 82927] [client 216.244.66.232:0] script '/domains/hdickens.enteract/kmnj.php' not found or unable to stat
[Sun Feb 22 03:54:50.442328 2026] [php:error] [pid 82909] [client 216.244.66.232:0] script '/domains/hdickens.enteract/kmnj.php' not found or unable to stat
[Sun Feb 22 03:54:53.559371 2026] [php:error] [pid 82921] [client 216.244.66.232:0] script '/domains/hdickens.enteract/kmnj.php' not found or unable to stat
[Sun Feb 22 03:54:56.218210 2026] [php:error] [pid 82921] [client 216.244.66.232:0] script '/domains/hdickens.enteract/kmnj.php' not found or unable to stat
[Sun Feb 22 03:56:16.559007 2026] [php:error] [pid 82927] [client 20.189.202.58:0] script '/domains/system_default/wp-trackback.php' not found or unable to stat
[Sun Feb 22 03:56:16.725619 2026] [php:error] [pid 82927] [client 20.189.202.58:0] script '/domains/system_default/about.php' not found or unable to stat
[Sun Feb 22 03:56:16.891612 2026] [php:error] [pid 82927] [client 20.189.202.58:0] script '/domains/system_default/file.php' not found or unable to stat
[Sun Feb 22 03:56:17.058061 2026] [php:error] [pid 82927] [client 20.189.202.58:0] script '/domains/system_default/wp-good.php' not found or unable to stat
[Sun Feb 22 03:56:17.225385 2026] [php:error] [pid 82927] [client 20.189.202.58:0] script '/domains/system_default/xmlrpc.php' not found or unable to stat
[Sun Feb 22 03:56:17.391762 2026] [php:error] [pid 82927] [client 20.189.202.58:0] script '/domains/system_default/goods.php' not found or unable to stat
[Sun Feb 22 03:56:17.579192 2026] [php:error] [pid 82927] [client 20.189.202.58:0] script '/domains/system_default/ioxi-o.php' not found or unable to stat
[Sun Feb 22 03:56:17.745930 2026] [php:error] [pid 82927] [client 20.189.202.58:0] script '/domains/system_default/class-t.api.php' not found or unable to stat
[Sun Feb 22 03:56:17.912892 2026] [php:error] [pid 82927] [client 20.189.202.58:0] script '/domains/system_default/admin.php' not found or unable to stat
[Sun Feb 22 03:56:18.080533 2026] [php:error] [pid 82927] [client 20.189.202.58:0] script '/domains/system_default/sf.php' not found or unable to stat
[Sun Feb 22 03:56:18.246716 2026] [php:error] [pid 82927] [client 20.189.202.58:0] script '/domains/system_default/rip.php' not found or unable to stat
[Sun Feb 22 03:56:18.413363 2026] [php:error] [pid 82927] [client 20.189.202.58:0] script '/domains/system_default/autoload_classmap.php' not found or unable to stat
[Sun Feb 22 03:56:18.592346 2026] [php:error] [pid 82927] [client 20.189.202.58:0] script '/domains/system_default/chosen.php' not found or unable to stat
[Sun Feb 22 03:56:18.758376 2026] [php:error] [pid 82927] [client 20.189.202.58:0] script '/domains/system_default/classwithtostring.php' not found or unable to stat
[Sun Feb 22 03:56:18.924306 2026] [php:error] [pid 82927] [client 20.189.202.58:0] script '/domains/system_default/defaults.php' not found or unable to stat
[Sun Feb 22 03:56:19.797227 2026] [php:error] [pid 82927] [client 20.189.202.58:0] script '/domains/system_default/info.php' not found or unable to stat
[Sun Feb 22 03:56:20.981168 2026] [php:error] [pid 82927] [client 20.189.202.58:0] script '/domains/system_default/adminfuns.php' not found or unable to stat
[Sun Feb 22 03:57:31.512671 2026] [php:error] [pid 82943] [client 145.239.10.137:0] script '/domains/acagolf1/sn.php' not found or unable to stat, referer: http://acagolf.com/sn.php
[Sun Feb 22 03:57:39.803237 2026] [php:error] [pid 82909] [client 20.189.202.58:0] script '/domains/proinc/wp-trackback.php' not found or unable to stat
[Sun Feb 22 03:57:39.971074 2026] [php:error] [pid 82909] [client 20.189.202.58:0] script '/domains/proinc/about.php' not found or unable to stat
[Sun Feb 22 03:57:40.138089 2026] [php:error] [pid 82909] [client 20.189.202.58:0] script '/domains/proinc/file.php' not found or unable to stat
[Sun Feb 22 03:57:40.308881 2026] [php:error] [pid 82909] [client 20.189.202.58:0] script '/domains/proinc/wp-good.php' not found or unable to stat
[Sun Feb 22 03:57:40.475665 2026] [php:error] [pid 82909] [client 20.189.202.58:0] script '/domains/proinc/xmlrpc.php' not found or unable to stat
[Sun Feb 22 03:57:40.642436 2026] [php:error] [pid 82909] [client 20.189.202.58:0] script '/domains/proinc/goods.php' not found or unable to stat
[Sun Feb 22 03:57:40.809081 2026] [php:error] [pid 82909] [client 20.189.202.58:0] script '/domains/proinc/ioxi-o.php' not found or unable to stat
[Sun Feb 22 03:57:40.975709 2026] [php:error] [pid 82909] [client 20.189.202.58:0] script '/domains/proinc/class-t.api.php' not found or unable to stat
[Sun Feb 22 03:57:41.142206 2026] [php:error] [pid 82909] [client 20.189.202.58:0] script '/domains/proinc/admin.php' not found or unable to stat
[Sun Feb 22 03:57:41.308768 2026] [php:error] [pid 82909] [client 20.189.202.58:0] script '/domains/proinc/sf.php' not found or unable to stat
[Sun Feb 22 03:57:41.480109 2026] [php:error] [pid 82909] [client 20.189.202.58:0] script '/domains/proinc/rip.php' not found or unable to stat
[Sun Feb 22 03:57:41.647384 2026] [php:error] [pid 82909] [client 20.189.202.58:0] script '/domains/proinc/autoload_classmap.php' not found or unable to stat
[Sun Feb 22 03:57:41.814054 2026] [php:error] [pid 82909] [client 20.189.202.58:0] script '/domains/proinc/chosen.php' not found or unable to stat
[Sun Feb 22 03:57:41.982316 2026] [php:error] [pid 82909] [client 20.189.202.58:0] script '/domains/proinc/classwithtostring.php' not found or unable to stat
[Sun Feb 22 03:57:42.156329 2026] [php:error] [pid 82909] [client 20.189.202.58:0] script '/domains/proinc/defaults.php' not found or unable to stat
[Sun Feb 22 03:57:43.016690 2026] [php:error] [pid 82909] [client 20.189.202.58:0] script '/domains/proinc/info.php' not found or unable to stat
[Sun Feb 22 03:57:44.435432 2026] [php:error] [pid 82909] [client 20.189.202.58:0] script '/domains/proinc/adminfuns.php' not found or unable to stat
[Sun Feb 22 03:58:45.299877 2026] [php:error] [pid 82953] [client 104.46.216.98:0] script '/domains/biehlweb/cgi-bin/radio.php' not found or unable to stat
[Sun Feb 22 03:58:46.319647 2026] [php:error] [pid 82953] [client 104.46.216.98:0] script '/domains/biehlweb/about.php' not found or unable to stat
[Sun Feb 22 03:58:46.654453 2026] [php:error] [pid 82953] [client 104.46.216.98:0] script '/domains/biehlweb/system.php' not found or unable to stat
[Sun Feb 22 03:58:46.821861 2026] [php:error] [pid 82953] [client 104.46.216.98:0] script '/domains/biehlweb/ini.php' not found or unable to stat
[Sun Feb 22 03:58:47.660012 2026] [php:error] [pid 82954] [client 104.46.216.98:0] script '/domains/biehlweb/content.php' not found or unable to stat
[Sun Feb 22 03:58:47.996036 2026] [php:error] [pid 82954] [client 104.46.216.98:0] script '/domains/biehlweb/elp.php' not found or unable to stat
[Sun Feb 22 03:58:48.164117 2026] [php:error] [pid 82954] [client 104.46.216.98:0] script '/domains/biehlweb/FII.php' not found or unable to stat
[Sun Feb 22 03:58:48.668613 2026] [php:error] [pid 82954] [client 104.46.216.98:0] script '/domains/biehlweb/bolt.php' not found or unable to stat
[Sun Feb 22 03:58:48.836088 2026] [php:error] [pid 82954] [client 104.46.216.98:0] script '/domains/biehlweb/api.php' not found or unable to stat
[Sun Feb 22 03:58:49.170788 2026] [php:error] [pid 82954] [client 104.46.216.98:0] script '/domains/biehlweb/mini.php' not found or unable to stat
[Sun Feb 22 03:58:49.506002 2026] [php:error] [pid 82954] [client 104.46.216.98:0] script '/domains/biehlweb/dropdown.php' not found or unable to stat
[Sun Feb 22 03:58:49.841153 2026] [php:error] [pid 82954] [client 104.46.216.98:0] script '/domains/biehlweb/wp-file.php' not found or unable to stat
[Sun Feb 22 03:58:50.176098 2026] [php:error] [pid 82954] [client 104.46.216.98:0] script '/domains/biehlweb/alfa-rex.php' not found or unable to stat
[Sun Feb 22 03:58:51.352729 2026] [php:error] [pid 82954] [client 104.46.216.98:0] script '/domains/biehlweb/abcd.php' not found or unable to stat
[Sun Feb 22 03:58:51.688594 2026] [php:error] [pid 82954] [client 104.46.216.98:0] script '/domains/biehlweb/lib.php' not found or unable to stat
[Sun Feb 22 03:58:52.696756 2026] [php:error] [pid 82954] [client 104.46.216.98:0] script '/domains/biehlweb/shell.php' not found or unable to stat
[Sun Feb 22 03:58:53.041266 2026] [php:error] [pid 82954] [client 104.46.216.98:0] script '/domains/biehlweb/ds.php' not found or unable to stat
[Sun Feb 22 03:58:53.208846 2026] [php:error] [pid 82954] [client 104.46.216.98:0] script '/domains/biehlweb/makeasmtp.php' not found or unable to stat
[Sun Feb 22 03:58:53.864937 2026] [php:error] [pid 82957] [client 104.46.216.98:0] script '/domains/biehlweb/buy.php' not found or unable to stat
[Sun Feb 22 03:58:54.351422 2026] [php:error] [pid 82957] [client 104.46.216.98:0] script '/domains/biehlweb/theme.php' not found or unable to stat
[Sun Feb 22 03:58:54.512507 2026] [php:error] [pid 82957] [client 104.46.216.98:0] script '/domains/biehlweb/chosen.php' not found or unable to stat
[Sun Feb 22 03:58:54.834112 2026] [php:error] [pid 82957] [client 104.46.216.98:0] script '/domains/biehlweb/st.php' not found or unable to stat
[Sun Feb 22 03:58:54.994451 2026] [php:error] [pid 82957] [client 104.46.216.98:0] script '/domains/biehlweb/inputs.php' not found or unable to stat
[Sun Feb 22 03:58:55.476012 2026] [php:error] [pid 82957] [client 104.46.216.98:0] script '/domains/biehlweb/aaa.php' not found or unable to stat
[Sun Feb 22 03:58:55.636904 2026] [php:error] [pid 82957] [client 104.46.216.98:0] script '/domains/biehlweb/wp-login.php' not found or unable to stat
[Sun Feb 22 03:58:56.279968 2026] [php:error] [pid 82957] [client 104.46.216.98:0] script '/domains/biehlweb/wp-signup.php' not found or unable to stat
[Sun Feb 22 03:58:56.440253 2026] [php:error] [pid 82957] [client 104.46.216.98:0] script '/domains/biehlweb/core.php' not found or unable to stat
[Sun Feb 22 03:58:56.602242 2026] [php:error] [pid 82957] [client 104.46.216.98:0] script '/domains/biehlweb/403.php' not found or unable to stat
[Sun Feb 22 03:58:56.931981 2026] [php:error] [pid 82957] [client 104.46.216.98:0] script '/domains/biehlweb/new4.php' not found or unable to stat
[Sun Feb 22 03:58:57.092830 2026] [php:error] [pid 82957] [client 104.46.216.98:0] script '/domains/biehlweb/adminfuns.php' not found or unable to stat
[Sun Feb 22 03:58:57.253984 2026] [php:error] [pid 82957] [client 104.46.216.98:0] script '/domains/biehlweb/radio.php' not found or unable to stat
[Sun Feb 22 03:58:58.222219 2026] [php:error] [pid 82957] [client 104.46.216.98:0] script '/domains/biehlweb/mah.php' not found or unable to stat
[Sun Feb 22 03:58:58.863897 2026] [php:error] [pid 82957] [client 104.46.216.98:0] script '/domains/biehlweb/sim.php' not found or unable to stat
[Sun Feb 22 03:58:59.024252 2026] [php:error] [pid 82957] [client 104.46.216.98:0] script '/domains/biehlweb/cgi-bin/index.php' not found or unable to stat
[Sun Feb 22 03:58:59.185598 2026] [php:error] [pid 82957] [client 104.46.216.98:0] script '/domains/biehlweb/error.php' not found or unable to stat
[Sun Feb 22 03:58:59.513821 2026] [php:error] [pid 82957] [client 104.46.216.98:0] script '/domains/biehlweb/cong.php' not found or unable to stat
[Sun Feb 22 03:59:00.477976 2026] [php:error] [pid 82957] [client 104.46.216.98:0] script '/domains/biehlweb/kyami.php' not found or unable to stat
[Sun Feb 22 03:59:00.958772 2026] [php:error] [pid 82957] [client 104.46.216.98:0] script '/domains/biehlweb/1.php' not found or unable to stat
[Sun Feb 22 03:59:01.279857 2026] [php:error] [pid 82957] [client 104.46.216.98:0] script '/domains/biehlweb/gecko-new.php' not found or unable to stat
[Sun Feb 22 03:59:01.447421 2026] [php:error] [pid 82957] [client 104.46.216.98:0] script '/domains/biehlweb/cgi-bin/xmrlpc.php' not found or unable to stat
[Sun Feb 22 03:59:01.768561 2026] [php:error] [pid 82957] [client 104.46.216.98:0] script '/domains/biehlweb/wp-blog-header.php' not found or unable to stat
[Sun Feb 22 03:59:02.090981 2026] [php:error] [pid 82957] [client 104.46.216.98:0] script '/domains/biehlweb/item.php' not found or unable to stat
[Sun Feb 22 03:59:02.251446 2026] [php:error] [pid 82957] [client 104.46.216.98:0] script '/domains/biehlweb/xmrlpc.php' not found or unable to stat
[Sun Feb 22 03:59:02.411813 2026] [php:error] [pid 82957] [client 104.46.216.98:0] script '/domains/biehlweb/config.php' not found or unable to stat
[Sun Feb 22 03:59:02.572330 2026] [php:error] [pid 82957] [client 104.46.216.98:0] script '/domains/biehlweb/cc.php' not found or unable to stat
[Sun Feb 22 03:59:03.214767 2026] [php:error] [pid 82957] [client 104.46.216.98:0] script '/domains/biehlweb/wp-conflg.php' not found or unable to stat
[Sun Feb 22 03:59:03.376494 2026] [php:error] [pid 82957] [client 104.46.216.98:0] script '/domains/biehlweb/themes.php' not found or unable to stat
[Sun Feb 22 03:59:03.536759 2026] [php:error] [pid 82957] [client 104.46.216.98:0] script '/domains/biehlweb/hplfuns.php' not found or unable to stat
[Sun Feb 22 03:59:04.020350 2026] [php:error] [pid 82957] [client 104.46.216.98:0] script '/domains/biehlweb/admin.php' not found or unable to stat
[Sun Feb 22 03:59:04.180765 2026] [php:error] [pid 82957] [client 104.46.216.98:0] script '/domains/biehlweb/alfa.php' not found or unable to stat
[Sun Feb 22 03:59:04.502297 2026] [php:error] [pid 82957] [client 104.46.216.98:0] script '/domains/biehlweb/wp-2019.php' not found or unable to stat
[Sun Feb 22 03:59:04.982628 2026] [php:error] [pid 82957] [client 104.46.216.98:0] script '/domains/biehlweb/akcc.php' not found or unable to stat
[Sun Feb 22 03:59:05.142800 2026] [php:error] [pid 82957] [client 104.46.216.98:0] script '/domains/biehlweb/404.php' not found or unable to stat
[Sun Feb 22 03:59:05.464602 2026] [php:error] [pid 82957] [client 104.46.216.98:0] script '/domains/biehlweb/wp-corn-sample.php' not found or unable to stat
[Sun Feb 22 03:59:05.625680 2026] [php:error] [pid 82957] [client 104.46.216.98:0] script '/domains/biehlweb/classwithtostring.php' not found or unable to stat
[Sun Feb 22 03:59:05.786090 2026] [php:error] [pid 82957] [client 104.46.216.98:0] script '/domains/biehlweb/ab.php' not found or unable to stat
[Sun Feb 22 03:59:06.266749 2026] [php:error] [pid 82957] [client 104.46.216.98:0] script '/domains/biehlweb/asasx.php' not found or unable to stat
[Sun Feb 22 03:59:07.068659 2026] [php:error] [pid 82957] [client 104.46.216.98:0] script '/domains/biehlweb/fox.php' not found or unable to stat
[Sun Feb 22 03:59:07.576554 2026] [php:error] [pid 82957] [client 104.46.216.98:0] script '/domains/biehlweb/moon.php' not found or unable to stat
[Sun Feb 22 03:59:07.737186 2026] [php:error] [pid 82957] [client 104.46.216.98:0] script '/domains/biehlweb/mar.php' not found or unable to stat
[Sun Feb 22 03:59:09.515392 2026] [php:error] [pid 82957] [client 104.46.216.98:0] script '/domains/biehlweb/install.php' not found or unable to stat
[Sun Feb 22 03:59:09.676400 2026] [php:error] [pid 82957] [client 104.46.216.98:0] script '/domains/biehlweb/menu.php' not found or unable to stat
[Sun Feb 22 03:59:10.666150 2026] [php:error] [pid 82954] [client 104.46.216.98:0] script '/domains/biehlweb/images/index.php' not found or unable to stat
[Sun Feb 22 03:59:11.502055 2026] [php:error] [pid 82954] [client 104.46.216.98:0] script '/domains/biehlweb/defaults.php' not found or unable to stat
[Sun Feb 22 03:59:12.003567 2026] [php:error] [pid 82954] [client 104.46.216.98:0] script '/domains/biehlweb/css.php' not found or unable to stat
[Sun Feb 22 03:59:12.338699 2026] [php:error] [pid 82954] [client 104.46.216.98:0] script '/domains/biehlweb/wp-links-opml.php' not found or unable to stat
[Sun Feb 22 03:59:13.192917 2026] [php:error] [pid 82954] [client 104.46.216.98:0] script '/domains/biehlweb/123.php' not found or unable to stat
[Sun Feb 22 03:59:13.360921 2026] [php:error] [pid 82954] [client 104.46.216.98:0] script '/domains/biehlweb/log.php' not found or unable to stat
[Sun Feb 22 03:59:14.366447 2026] [php:error] [pid 82954] [client 104.46.216.98:0] script '/domains/biehlweb/as.php' not found or unable to stat
[Sun Feb 22 03:59:14.871195 2026] [php:error] [pid 82954] [client 104.46.216.98:0] script '/domains/biehlweb/style.php' not found or unable to stat
[Sun Feb 22 03:59:15.039696 2026] [php:error] [pid 82954] [client 104.46.216.98:0] script '/domains/biehlweb/aa.php' not found or unable to stat
[Sun Feb 22 03:59:15.206883 2026] [php:error] [pid 82954] [client 104.46.216.98:0] script '/domains/biehlweb/hehehehe.php' not found or unable to stat
[Sun Feb 22 03:59:15.374039 2026] [php:error] [pid 82954] [client 104.46.216.98:0] script '/domains/biehlweb/x.php' not found or unable to stat
