[Sun Feb 22 03:59:15.541388 2026] [php:error] [pid 82954] [client 104.46.216.98:0] script '/domains/biehlweb/wp-links.php' not found or unable to stat
[Sun Feb 22 03:59:16.043587 2026] [php:error] [pid 82954] [client 104.46.216.98:0] script '/domains/biehlweb/main.php' not found or unable to stat
[Sun Feb 22 03:59:16.378179 2026] [php:error] [pid 82954] [client 104.46.216.98:0] script '/domains/biehlweb/wso.php' not found or unable to stat
[Sun Feb 22 03:59:16.545242 2026] [php:error] [pid 82954] [client 104.46.216.98:0] script '/domains/biehlweb/wp-configs.php' not found or unable to stat
[Sun Feb 22 03:59:16.719935 2026] [php:error] [pid 82954] [client 104.46.216.98:0] script '/domains/biehlweb/lock.php' not found or unable to stat
[Sun Feb 22 03:59:16.887188 2026] [php:error] [pid 82954] [client 104.46.216.98:0] script '/domains/biehlweb/file.php' not found or unable to stat
[Sun Feb 22 03:59:17.221137 2026] [php:error] [pid 82954] [client 104.46.216.98:0] script '/domains/biehlweb/wp-trackback.php' not found or unable to stat
[Sun Feb 22 03:59:17.388557 2026] [php:error] [pid 82954] [client 104.46.216.98:0] script '/domains/biehlweb/app.php' not found or unable to stat
[Sun Feb 22 03:59:17.729240 2026] [php:error] [pid 82954] [client 104.46.216.98:0] script '/domains/biehlweb/simple.php' not found or unable to stat
[Sun Feb 22 03:59:18.064373 2026] [php:error] [pid 82954] [client 104.46.216.98:0] script '/domains/biehlweb/bless.php' not found or unable to stat
[Sun Feb 22 03:59:18.398442 2026] [php:error] [pid 82954] [client 104.46.216.98:0] script '/domains/biehlweb/ava.php' not found or unable to stat
[Sun Feb 22 03:59:19.570186 2026] [php:error] [pid 82954] [client 104.46.216.98:0] script '/domains/biehlweb/ioxi-o.php' not found or unable to stat
[Sun Feb 22 03:59:19.739561 2026] [php:error] [pid 82954] [client 104.46.216.98:0] script '/domains/biehlweb/1index.php' not found or unable to stat
[Sun Feb 22 03:59:20.241892 2026] [php:error] [pid 82954] [client 104.46.216.98:0] script '/domains/biehlweb/file2.php' not found or unable to stat
[Sun Feb 22 03:59:20.409095 2026] [php:error] [pid 82954] [client 104.46.216.98:0] script '/domains/biehlweb/default.php' not found or unable to stat
[Sun Feb 22 03:59:20.743560 2026] [php:error] [pid 82954] [client 104.46.216.98:0] script '/domains/biehlweb/xml.php' not found or unable to stat
[Sun Feb 22 03:59:20.911187 2026] [php:error] [pid 82954] [client 104.46.216.98:0] script '/domains/biehlweb/sx.php' not found or unable to stat
[Sun Feb 22 03:59:21.413101 2026] [php:error] [pid 82954] [client 104.46.216.98:0] script '/domains/biehlweb/wp-cron.php' not found or unable to stat
[Sun Feb 22 03:59:21.748831 2026] [php:error] [pid 82954] [client 104.46.216.98:0] script '/domains/biehlweb/css/index.php' not found or unable to stat
[Sun Feb 22 03:59:22.417439 2026] [php:error] [pid 82954] [client 104.46.216.98:0] script '/domains/biehlweb/backup.php' not found or unable to stat
[Sun Feb 22 03:59:22.585471 2026] [php:error] [pid 82954] [client 104.46.216.98:0] script '/domains/biehlweb/images/class-config.php' not found or unable to stat
[Sun Feb 22 03:59:22.753159 2026] [php:error] [pid 82954] [client 104.46.216.98:0] script '/domains/biehlweb/wp-admin.php' not found or unable to stat
[Sun Feb 22 03:59:22.920497 2026] [php:error] [pid 82954] [client 104.46.216.98:0] script '/domains/biehlweb/akc.php' not found or unable to stat
[Sun Feb 22 03:59:23.428010 2026] [php:error] [pid 82954] [client 104.46.216.98:0] script '/domains/biehlweb/test1.php' not found or unable to stat
[Sun Feb 22 03:59:23.594888 2026] [php:error] [pid 82954] [client 104.46.216.98:0] script '/domains/biehlweb/bolt.php' not found or unable to stat
[Sun Feb 22 03:59:23.762409 2026] [php:error] [pid 82954] [client 104.46.216.98:0] script '/domains/biehlweb/help.php' not found or unable to stat
[Sun Feb 22 03:59:23.929824 2026] [php:error] [pid 82954] [client 104.46.216.98:0] script '/domains/biehlweb/atomlib.php' not found or unable to stat
[Sun Feb 22 03:59:24.097193 2026] [php:error] [pid 82954] [client 104.46.216.98:0] script '/domains/biehlweb/wp-good.php' not found or unable to stat
[Sun Feb 22 03:59:24.264772 2026] [php:error] [pid 82954] [client 104.46.216.98:0] script '/domains/biehlweb/gecko.php' not found or unable to stat
[Sun Feb 22 03:59:24.601397 2026] [php:error] [pid 82954] [client 104.46.216.98:0] script '/domains/biehlweb/news.php' not found or unable to stat
[Sun Feb 22 03:59:24.768758 2026] [php:error] [pid 82954] [client 104.46.216.98:0] script '/domains/biehlweb/xmlrpc.php' not found or unable to stat
[Sun Feb 22 03:59:24.936909 2026] [php:error] [pid 82954] [client 104.46.216.98:0] script '/domains/biehlweb/new.php' not found or unable to stat
[Sun Feb 22 03:59:25.438507 2026] [php:error] [pid 82954] [client 104.46.216.98:0] script '/domains/biehlweb/css/admin.php' not found or unable to stat
[Sun Feb 22 03:59:25.773601 2026] [php:error] [pid 82954] [client 104.46.216.98:0] script '/domains/biehlweb/server.php' not found or unable to stat
[Sun Feb 22 03:59:25.940820 2026] [php:error] [pid 82954] [client 104.46.216.98:0] script '/domains/biehlweb/wp-signin.php' not found or unable to stat
[Sun Feb 22 03:59:26.609400 2026] [php:error] [pid 82954] [client 104.46.216.98:0] script '/domains/biehlweb/class.php' not found or unable to stat
[Sun Feb 22 03:59:26.776840 2026] [php:error] [pid 82954] [client 104.46.216.98:0] script '/domains/biehlweb/wp.php' not found or unable to stat
[Sun Feb 22 03:59:27.922659 2026] [php:error] [pid 82951] [client 104.46.216.98:0] script '/domains/biehlweb/special.php' not found or unable to stat
[Sun Feb 22 03:59:45.362375 2026] [php:error] [pid 82964] [client 20.210.89.170:0] script '/domains/fdcarter/wp-trackback.php' not found or unable to stat
[Sun Feb 22 03:59:45.531350 2026] [php:error] [pid 82964] [client 20.210.89.170:0] script '/domains/fdcarter/about.php' not found or unable to stat
[Sun Feb 22 03:59:45.694162 2026] [php:error] [pid 82964] [client 20.210.89.170:0] script '/domains/fdcarter/file.php' not found or unable to stat
[Sun Feb 22 03:59:45.857083 2026] [php:error] [pid 82964] [client 20.210.89.170:0] script '/domains/fdcarter/wp-good.php' not found or unable to stat
[Sun Feb 22 03:59:46.019835 2026] [php:error] [pid 82964] [client 20.210.89.170:0] script '/domains/fdcarter/xmlrpc.php' not found or unable to stat
[Sun Feb 22 03:59:46.177819 2026] [php:error] [pid 82954] [client 172.213.17.83:0] script '/domains/covertcomic/elp.php' not found or unable to stat
[Sun Feb 22 03:59:46.182954 2026] [php:error] [pid 82964] [client 20.210.89.170:0] script '/domains/fdcarter/goods.php' not found or unable to stat
[Sun Feb 22 03:59:46.269564 2026] [php:error] [pid 82954] [client 172.213.17.83:0] script '/domains/covertcomic/ws58.php' not found or unable to stat
[Sun Feb 22 03:59:46.346395 2026] [php:error] [pid 82964] [client 20.210.89.170:0] script '/domains/fdcarter/ioxi-o.php' not found or unable to stat
[Sun Feb 22 03:59:46.368984 2026] [php:error] [pid 82954] [client 172.213.17.83:0] script '/domains/covertcomic/vx.php' not found or unable to stat
[Sun Feb 22 03:59:46.460703 2026] [php:error] [pid 82954] [client 172.213.17.83:0] script '/domains/covertcomic/motu.php' not found or unable to stat
[Sun Feb 22 03:59:46.508691 2026] [php:error] [pid 82964] [client 20.210.89.170:0] script '/domains/fdcarter/class-t.api.php' not found or unable to stat
[Sun Feb 22 03:59:46.557021 2026] [php:error] [pid 82954] [client 172.213.17.83:0] script '/domains/covertcomic/ckk.php' not found or unable to stat
[Sun Feb 22 03:59:46.656811 2026] [php:error] [pid 82954] [client 172.213.17.83:0] script '/domains/covertcomic/class.php' not found or unable to stat
[Sun Feb 22 03:59:46.671089 2026] [php:error] [pid 82964] [client 20.210.89.170:0] script '/domains/fdcarter/admin.php' not found or unable to stat
[Sun Feb 22 03:59:46.748516 2026] [php:error] [pid 82954] [client 172.213.17.83:0] script '/domains/covertcomic/166.php' not found or unable to stat
[Sun Feb 22 03:59:46.833577 2026] [php:error] [pid 82964] [client 20.210.89.170:0] script '/domains/fdcarter/sf.php' not found or unable to stat
[Sun Feb 22 03:59:46.842213 2026] [php:error] [pid 82954] [client 172.213.17.83:0] script '/domains/covertcomic/ww.php' not found or unable to stat
[Sun Feb 22 03:59:46.934230 2026] [php:error] [pid 82954] [client 172.213.17.83:0] script '/domains/covertcomic/wp-p2r3q9c8k4.php' not found or unable to stat
[Sun Feb 22 03:59:46.996109 2026] [php:error] [pid 82964] [client 20.210.89.170:0] script '/domains/fdcarter/rip.php' not found or unable to stat
[Sun Feb 22 03:59:47.027188 2026] [php:error] [pid 82954] [client 172.213.17.83:0] script '/domains/covertcomic/users.php' not found or unable to stat
[Sun Feb 22 03:59:47.118998 2026] [php:error] [pid 82954] [client 172.213.17.83:0] script '/domains/covertcomic/0x.php' not found or unable to stat
[Sun Feb 22 03:59:47.158507 2026] [php:error] [pid 82964] [client 20.210.89.170:0] script '/domains/fdcarter/autoload_classmap.php' not found or unable to stat
[Sun Feb 22 03:59:47.210993 2026] [php:error] [pid 82954] [client 172.213.17.83:0] script '/domains/covertcomic/baixy.php' not found or unable to stat
[Sun Feb 22 03:59:47.303265 2026] [php:error] [pid 82954] [client 172.213.17.83:0] script '/domains/covertcomic/zu.php' not found or unable to stat
[Sun Feb 22 03:59:47.320955 2026] [php:error] [pid 82964] [client 20.210.89.170:0] script '/domains/fdcarter/chosen.php' not found or unable to stat
[Sun Feb 22 03:59:47.396849 2026] [php:error] [pid 82954] [client 172.213.17.83:0] script '/domains/covertcomic/kbfr.php' not found or unable to stat
[Sun Feb 22 03:59:47.483297 2026] [php:error] [pid 82964] [client 20.210.89.170:0] script '/domains/fdcarter/classwithtostring.php' not found or unable to stat
[Sun Feb 22 03:59:47.488341 2026] [php:error] [pid 82954] [client 172.213.17.83:0] script '/domains/covertcomic/f35.php' not found or unable to stat
[Sun Feb 22 03:59:47.580440 2026] [php:error] [pid 82954] [client 172.213.17.83:0] script '/domains/covertcomic/click.php' not found or unable to stat
[Sun Feb 22 03:59:47.645820 2026] [php:error] [pid 82964] [client 20.210.89.170:0] script '/domains/fdcarter/defaults.php' not found or unable to stat
[Sun Feb 22 03:59:47.672077 2026] [php:error] [pid 82954] [client 172.213.17.83:0] script '/domains/covertcomic/a332.php' not found or unable to stat
[Sun Feb 22 03:59:47.764332 2026] [php:error] [pid 82954] [client 172.213.17.83:0] script '/domains/covertcomic/bootstrap.php' not found or unable to stat
[Sun Feb 22 03:59:47.860630 2026] [php:error] [pid 82954] [client 172.213.17.83:0] script '/domains/covertcomic/f2.php' not found or unable to stat
[Sun Feb 22 03:59:47.952616 2026] [php:error] [pid 82954] [client 172.213.17.83:0] script '/domains/covertcomic/to.php' not found or unable to stat
[Sun Feb 22 03:59:48.044389 2026] [php:error] [pid 82954] [client 172.213.17.83:0] script '/domains/covertcomic/inege.php' not found or unable to stat
[Sun Feb 22 03:59:48.138625 2026] [php:error] [pid 82954] [client 172.213.17.83:0] script '/domains/covertcomic/thui.php' not found or unable to stat
[Sun Feb 22 03:59:48.230867 2026] [php:error] [pid 82954] [client 172.213.17.83:0] script '/domains/covertcomic/8.php' not found or unable to stat
[Sun Feb 22 03:59:48.322674 2026] [php:error] [pid 82954] [client 172.213.17.83:0] script '/domains/covertcomic/fresh3.php' not found or unable to stat
[Sun Feb 22 03:59:48.414527 2026] [php:error] [pid 82954] [client 172.213.17.83:0] script '/domains/covertcomic/selesai.php' not found or unable to stat
[Sun Feb 22 03:59:48.506332 2026] [php:error] [pid 82954] [client 172.213.17.83:0] script '/domains/covertcomic/xs.php' not found or unable to stat
[Sun Feb 22 03:59:48.523174 2026] [php:error] [pid 82964] [client 20.210.89.170:0] script '/domains/fdcarter/info.php' not found or unable to stat
[Sun Feb 22 03:59:48.602549 2026] [php:error] [pid 82954] [client 172.213.17.83:0] script '/domains/covertcomic/maraz.php' not found or unable to stat
[Sun Feb 22 03:59:48.694628 2026] [php:error] [pid 82954] [client 172.213.17.83:0] script '/domains/covertcomic/ws66.php' not found or unable to stat
[Sun Feb 22 03:59:48.786410 2026] [php:error] [pid 82954] [client 172.213.17.83:0] script '/domains/covertcomic/aa.php' not found or unable to stat
[Sun Feb 22 03:59:48.879827 2026] [php:error] [pid 82954] [client 172.213.17.83:0] script '/domains/covertcomic/erty.php' not found or unable to stat
[Sun Feb 22 03:59:48.971440 2026] [php:error] [pid 82954] [client 172.213.17.83:0] script '/domains/covertcomic/24.php' not found or unable to stat
[Sun Feb 22 03:59:49.064959 2026] [php:error] [pid 82954] [client 172.213.17.83:0] script '/domains/covertcomic/bzjdlofz.php' not found or unable to stat
[Sun Feb 22 03:59:49.157263 2026] [php:error] [pid 82954] [client 172.213.17.83:0] script '/domains/covertcomic/sbhu.php' not found or unable to stat
[Sun Feb 22 03:59:49.249926 2026] [php:error] [pid 82954] [client 172.213.17.83:0] script '/domains/covertcomic/wp-blogs.php' not found or unable to stat
[Sun Feb 22 03:59:49.341490 2026] [php:error] [pid 82954] [client 172.213.17.83:0] script '/domains/covertcomic/fetch.php' not found or unable to stat
[Sun Feb 22 03:59:49.433202 2026] [php:error] [pid 82954] [client 172.213.17.83:0] script '/domains/covertcomic/bolt.php' not found or unable to stat
[Sun Feb 22 03:59:49.525275 2026] [php:error] [pid 82954] [client 172.213.17.83:0] script '/domains/covertcomic/tfm.php' not found or unable to stat
[Sun Feb 22 03:59:49.616963 2026] [php:error] [pid 82954] [client 172.213.17.83:0] script '/domains/covertcomic/ak.php' not found or unable to stat
[Sun Feb 22 03:59:49.671021 2026] [php:error] [pid 82964] [client 20.210.89.170:0] script '/domains/fdcarter/adminfuns.php' not found or unable to stat
[Sun Feb 22 03:59:49.708904 2026] [php:error] [pid 82954] [client 172.213.17.83:0] script '/domains/covertcomic/wp-style.php' not found or unable to stat
[Sun Feb 22 03:59:49.801752 2026] [php:error] [pid 82954] [client 172.213.17.83:0] script '/domains/covertcomic/error_log.php' not found or unable to stat
[Sun Feb 22 03:59:49.897235 2026] [php:error] [pid 82954] [client 172.213.17.83:0] script '/domains/covertcomic/0x0x.php' not found or unable to stat
[Sun Feb 22 03:59:49.988789 2026] [php:error] [pid 82954] [client 172.213.17.83:0] script '/domains/covertcomic/0byte.php' not found or unable to stat
[Sun Feb 22 03:59:50.080541 2026] [php:error] [pid 82954] [client 172.213.17.83:0] script '/domains/covertcomic/a4.php' not found or unable to stat
[Sun Feb 22 03:59:50.173014 2026] [php:error] [pid 82954] [client 172.213.17.83:0] script '/domains/covertcomic/logs1.php' not found or unable to stat
[Sun Feb 22 03:59:50.265131 2026] [php:error] [pid 82954] [client 172.213.17.83:0] script '/domains/covertcomic/35.php' not found or unable to stat
[Sun Feb 22 03:59:50.357222 2026] [php:error] [pid 82954] [client 172.213.17.83:0] script '/domains/covertcomic/lanka.php' not found or unable to stat
[Sun Feb 22 03:59:50.449444 2026] [php:error] [pid 82954] [client 172.213.17.83:0] script '/domains/covertcomic/knmt.php' not found or unable to stat
[Sun Feb 22 03:59:50.546557 2026] [php:error] [pid 82954] [client 172.213.17.83:0] script '/domains/covertcomic/ioxi.php' not found or unable to stat
[Sun Feb 22 03:59:50.638464 2026] [php:error] [pid 82954] [client 172.213.17.83:0] script '/domains/covertcomic/lkui.php' not found or unable to stat
[Sun Feb 22 03:59:50.730603 2026] [php:error] [pid 82954] [client 172.213.17.83:0] script '/domains/covertcomic/grsiuk.php' not found or unable to stat
[Sun Feb 22 03:59:50.915026 2026] [php:error] [pid 82954] [client 172.213.17.83:0] script '/domains/covertcomic/Geforce.php' not found or unable to stat
[Sun Feb 22 03:59:51.006642 2026] [php:error] [pid 82954] [client 172.213.17.83:0] script '/domains/covertcomic/easy.php' not found or unable to stat
[Sun Feb 22 03:59:51.098623 2026] [php:error] [pid 82954] [client 172.213.17.83:0] script '/domains/covertcomic/s1.php' not found or unable to stat
[Sun Feb 22 03:59:51.193623 2026] [php:error] [pid 82954] [client 172.213.17.83:0] script '/domains/covertcomic/cc13.php' not found or unable to stat
[Sun Feb 22 03:59:51.286381 2026] [php:error] [pid 82954] [client 172.213.17.83:0] script '/domains/covertcomic/06.php' not found or unable to stat
[Sun Feb 22 03:59:51.378156 2026] [php:error] [pid 82954] [client 172.213.17.83:0] script '/domains/covertcomic/t.php' not found or unable to stat
[Sun Feb 22 03:59:51.469933 2026] [php:error] [pid 82954] [client 172.213.17.83:0] script '/domains/covertcomic/export.php' not found or unable to stat
[Sun Feb 22 03:59:51.561499 2026] [php:error] [pid 82954] [client 172.213.17.83:0] script '/domains/covertcomic/xxw.php' not found or unable to stat
[Sun Feb 22 03:59:51.653173 2026] [php:error] [pid 82954] [client 172.213.17.83:0] script '/domains/covertcomic/term.php' not found or unable to stat
[Sun Feb 22 03:59:51.744859 2026] [php:error] [pid 82954] [client 172.213.17.83:0] script '/domains/covertcomic/num.php' not found or unable to stat
[Sun Feb 22 03:59:51.836675 2026] [php:error] [pid 82954] [client 172.213.17.83:0] script '/domains/covertcomic/file.php' not found or unable to stat
[Sun Feb 22 03:59:51.929527 2026] [php:error] [pid 82954] [client 172.213.17.83:0] script '/domains/covertcomic/403.php' not found or unable to stat
[Sun Feb 22 03:59:52.021024 2026] [php:error] [pid 82954] [client 172.213.17.83:0] script '/domains/covertcomic/ccu.php' not found or unable to stat
[Sun Feb 22 03:59:52.112565 2026] [php:error] [pid 82954] [client 172.213.17.83:0] script '/domains/covertcomic/155.php' not found or unable to stat
[Sun Feb 22 03:59:52.204304 2026] [php:error] [pid 82954] [client 172.213.17.83:0] script '/domains/covertcomic/xsox.php' not found or unable to stat
[Sun Feb 22 03:59:52.296661 2026] [php:error] [pid 82954] [client 172.213.17.83:0] script '/domains/covertcomic/wen.php' not found or unable to stat
[Sun Feb 22 03:59:52.388340 2026] [php:error] [pid 82954] [client 172.213.17.83:0] script '/domains/covertcomic/bgymj.php' not found or unable to stat
[Sun Feb 22 03:59:52.480021 2026] [php:error] [pid 82954] [client 172.213.17.83:0] script '/domains/covertcomic/gk.php' not found or unable to stat
[Sun Feb 22 03:59:52.571756 2026] [php:error] [pid 82954] [client 172.213.17.83:0] script '/domains/covertcomic/zoo.php' not found or unable to stat
[Sun Feb 22 03:59:52.664134 2026] [php:error] [pid 82954] [client 172.213.17.83:0] script '/domains/covertcomic/zxekqlxb.php' not found or unable to stat
[Sun Feb 22 03:59:52.759154 2026] [php:error] [pid 82954] [client 172.213.17.83:0] script '/domains/covertcomic/wp-scr1pts.php' not found or unable to stat
[Sun Feb 22 03:59:52.850803 2026] [php:error] [pid 82954] [client 172.213.17.83:0] script '/domains/covertcomic/shlo.php' not found or unable to stat
[Sun Feb 22 03:59:52.924141 2026] [php:error] [pid 82966] [client 104.46.216.98:0] script '/domains/frog.interport1/zwso.php' not found or unable to stat
[Sun Feb 22 03:59:52.942745 2026] [php:error] [pid 82954] [client 172.213.17.83:0] script '/domains/covertcomic/gdn.php' not found or unable to stat
[Sun Feb 22 03:59:53.034219 2026] [php:error] [pid 82954] [client 172.213.17.83:0] script '/domains/covertcomic/6bcwiqwj.php' not found or unable to stat
[Sun Feb 22 03:59:53.125657 2026] [php:error] [pid 82954] [client 172.213.17.83:0] script '/domains/covertcomic/mar.php' not found or unable to stat
[Sun Feb 22 03:59:53.217417 2026] [php:error] [pid 82954] [client 172.213.17.83:0] script '/domains/covertcomic/ws69.php' not found or unable to stat
[Sun Feb 22 03:59:53.247528 2026] [php:error] [pid 82966] [client 104.46.216.98:0] script '/domains/frog.interport1/class19.php' not found or unable to stat
[Sun Feb 22 03:59:53.309432 2026] [php:error] [pid 82954] [client 172.213.17.83:0] script '/domains/covertcomic/amp.php' not found or unable to stat
[Sun Feb 22 03:59:53.400968 2026] [php:error] [pid 82954] [client 172.213.17.83:0] script '/domains/covertcomic/gettest.php' not found or unable to stat
[Sun Feb 22 03:59:53.408327 2026] [php:error] [pid 82966] [client 104.46.216.98:0] script '/domains/frog.interport1/class20.php' not found or unable to stat
[Sun Feb 22 03:59:53.492737 2026] [php:error] [pid 82954] [client 172.213.17.83:0] script '/domains/covertcomic/Jcrop.php' not found or unable to stat
[Sun Feb 22 03:59:53.569362 2026] [php:error] [pid 82966] [client 104.46.216.98:0] script '/domains/frog.interport1/admin.php' not found or unable to stat
[Sun Feb 22 03:59:53.585638 2026] [php:error] [pid 82954] [client 172.213.17.83:0] script '/domains/covertcomic/wp-act.php' not found or unable to stat
[Sun Feb 22 03:59:53.678042 2026] [php:error] [pid 82954] [client 172.213.17.83:0] script '/domains/covertcomic/wp-link10.php' not found or unable to stat
[Sun Feb 22 03:59:53.730392 2026] [php:error] [pid 82966] [client 104.46.216.98:0] script '/domains/frog.interport1/randkeyword.php' not found or unable to stat
[Sun Feb 22 03:59:53.769858 2026] [php:error] [pid 82954] [client 172.213.17.83:0] script '/domains/covertcomic/ff1.php' not found or unable to stat
[Sun Feb 22 03:59:53.861524 2026] [php:error] [pid 82954] [client 172.213.17.83:0] script '/domains/covertcomic/lib.php' not found or unable to stat
[Sun Feb 22 03:59:53.891029 2026] [php:error] [pid 82966] [client 104.46.216.98:0] script '/domains/frog.interport1/fwe.php' not found or unable to stat
[Sun Feb 22 03:59:53.953943 2026] [php:error] [pid 82954] [client 172.213.17.83:0] script '/domains/covertcomic/Ov-Simple1.php' not found or unable to stat
[Sun Feb 22 03:59:54.045581 2026] [php:error] [pid 82954] [client 172.213.17.83:0] script '/domains/covertcomic/ccs.php' not found or unable to stat
[Sun Feb 22 03:59:54.052393 2026] [php:error] [pid 82966] [client 104.46.216.98:0] script '/domains/frog.interport1/images/m.php' not found or unable to stat
[Sun Feb 22 03:59:54.137443 2026] [php:error] [pid 82954] [client 172.213.17.83:0] script '/domains/covertcomic/mini.php' not found or unable to stat
[Sun Feb 22 03:59:54.213791 2026] [php:error] [pid 82966] [client 104.46.216.98:0] script '/domains/frog.interport1/g.php' not found or unable to stat
[Sun Feb 22 03:59:54.229738 2026] [php:error] [pid 82954] [client 172.213.17.83:0] script '/domains/covertcomic/xr.php' not found or unable to stat
[Sun Feb 22 03:59:54.321487 2026] [php:error] [pid 82954] [client 172.213.17.83:0] script '/domains/covertcomic/rtx.php' not found or unable to stat
[Sun Feb 22 03:59:54.374657 2026] [php:error] [pid 82966] [client 104.46.216.98:0] script '/domains/frog.interport1/tx1.php' not found or unable to stat
[Sun Feb 22 03:59:54.413057 2026] [php:error] [pid 82954] [client 172.213.17.83:0] script '/domains/covertcomic/666.php' not found or unable to stat
[Sun Feb 22 03:59:54.504664 2026] [php:error] [pid 82954] [client 172.213.17.83:0] script '/domains/covertcomic/h2a2ck.php' not found or unable to stat
[Sun Feb 22 03:59:54.535175 2026] [php:error] [pid 82966] [client 104.46.216.98:0] script '/domains/frog.interport1/xv.php' not found or unable to stat
[Sun Feb 22 03:59:54.597031 2026] [php:error] [pid 82954] [client 172.213.17.83:0] script '/domains/covertcomic/cytyr.php' not found or unable to stat
[Sun Feb 22 03:59:54.690572 2026] [php:error] [pid 82954] [client 172.213.17.83:0] script '/domains/covertcomic/h02ugyh.php' not found or unable to stat
[Sun Feb 22 03:59:54.695906 2026] [php:error] [pid 82966] [client 104.46.216.98:0] script '/domains/frog.interport1/x56.php' not found or unable to stat
[Sun Feb 22 03:59:54.782176 2026] [php:error] [pid 82954] [client 172.213.17.83:0] script '/domains/covertcomic/66.php' not found or unable to stat
[Sun Feb 22 03:59:54.856768 2026] [php:error] [pid 82966] [client 104.46.216.98:0] script '/domains/frog.interport1/htaccess.php' not found or unable to stat
[Sun Feb 22 03:59:54.873713 2026] [php:error] [pid 82954] [client 172.213.17.83:0] script '/domains/covertcomic/init.php' not found or unable to stat
[Sun Feb 22 03:59:54.965611 2026] [php:error] [pid 82954] [client 172.213.17.83:0] script '/domains/covertcomic/ava.php' not found or unable to stat
[Sun Feb 22 03:59:55.017512 2026] [php:error] [pid 82966] [client 104.46.216.98:0] script '/domains/frog.interport1/readme.php' not found or unable to stat
[Sun Feb 22 03:59:55.057776 2026] [php:error] [pid 82954] [client 172.213.17.83:0] script '/domains/covertcomic/inc.php' not found or unable to stat
[Sun Feb 22 03:59:55.149748 2026] [php:error] [pid 82954] [client 172.213.17.83:0] script '/domains/covertcomic/ws68.php' not found or unable to stat
[Sun Feb 22 03:59:55.178121 2026] [php:error] [pid 82966] [client 104.46.216.98:0] script '/domains/frog.interport1/x50.php' not found or unable to stat
[Sun Feb 22 03:59:55.241252 2026] [php:error] [pid 82954] [client 172.213.17.83:0] script '/domains/covertcomic/w1px.php' not found or unable to stat
[Sun Feb 22 03:59:55.333012 2026] [php:error] [pid 82954] [client 172.213.17.83:0] script '/domains/covertcomic/ms.php' not found or unable to stat
[Sun Feb 22 03:59:55.338810 2026] [php:error] [pid 82966] [client 104.46.216.98:0] script '/domains/frog.interport1/fv.php' not found or unable to stat
[Sun Feb 22 03:59:55.499833 2026] [php:error] [pid 82966] [client 104.46.216.98:0] script '/domains/frog.interport1/file.php' not found or unable to stat
[Sun Feb 22 03:59:55.513440 2026] [php:error] [pid 82965] [client 172.213.17.83:0] script '/domains/covertcomic/asax.php' not found or unable to stat
[Sun Feb 22 03:59:55.603533 2026] [php:error] [pid 82965] [client 172.213.17.83:0] script '/domains/covertcomic/galer.php' not found or unable to stat
[Sun Feb 22 03:59:55.660475 2026] [php:error] [pid 82966] [client 104.46.216.98:0] script '/domains/frog.interport1/lsd.php' not found or unable to stat
[Sun Feb 22 03:59:55.693946 2026] [php:error] [pid 82965] [client 172.213.17.83:0] script '/domains/covertcomic/fs.php' not found or unable to stat
[Sun Feb 22 03:59:55.783934 2026] [php:error] [pid 82965] [client 172.213.17.83:0] script '/domains/covertcomic/browse.php' not found or unable to stat
[Sun Feb 22 03:59:55.821252 2026] [php:error] [pid 82966] [client 104.46.216.98:0] script '/domains/frog.interport1/as.php' not found or unable to stat
[Sun Feb 22 03:59:55.874183 2026] [php:error] [pid 82965] [client 172.213.17.83:0] script '/domains/covertcomic/aaa.php' not found or unable to stat
[Sun Feb 22 03:59:55.964690 2026] [php:error] [pid 82965] [client 172.213.17.83:0] script '/domains/covertcomic/global.php' not found or unable to stat
[Sun Feb 22 03:59:55.981881 2026] [php:error] [pid 82966] [client 104.46.216.98:0] script '/domains/frog.interport1/wsd.php' not found or unable to stat
[Sun Feb 22 03:59:56.054618 2026] [php:error] [pid 82965] [client 172.213.17.83:0] script '/domains/covertcomic/R57.php' not found or unable to stat
[Sun Feb 22 03:59:56.133283 2026] [php:error] [pid 82957] [client 45.148.10.159:0] script '/domains/wsmith.enteract/phpinfo.php' not found or unable to stat
[Sun Feb 22 03:59:56.142704 2026] [php:error] [pid 82966] [client 104.46.216.98:0] script '/domains/frog.interport1/gtc.php' not found or unable to stat
[Sun Feb 22 03:59:56.304256 2026] [php:error] [pid 82966] [client 104.46.216.98:0] script '/domains/frog.interport1/atx.php' not found or unable to stat
[Sun Feb 22 03:59:56.465879 2026] [php:error] [pid 82966] [client 104.46.216.98:0] script '/domains/frog.interport1/m.php' not found or unable to stat
[Sun Feb 22 03:59:56.626849 2026] [php:error] [pid 82966] [client 104.46.216.98:0] script '/domains/frog.interport1/themes.php' not found or unable to stat
[Sun Feb 22 03:59:57.108879 2026] [php:error] [pid 82966] [client 104.46.216.98:0] script '/domains/frog.interport1/click.php' not found or unable to stat
[Sun Feb 22 03:59:57.269732 2026] [php:error] [pid 82966] [client 104.46.216.98:0] script '/domains/frog.interport1/install.php' not found or unable to stat
[Sun Feb 22 03:59:57.430484 2026] [php:error] [pid 82966] [client 104.46.216.98:0] script '/domains/frog.interport1/lv.php' not found or unable to stat
[Sun Feb 22 03:59:57.591318 2026] [php:error] [pid 82966] [client 104.46.216.98:0] script '/domains/frog.interport1/simple.php' not found or unable to stat
[Sun Feb 22 03:59:57.752752 2026] [php:error] [pid 82966] [client 104.46.216.98:0] script '/domains/frog.interport1/css.php' not found or unable to stat
[Sun Feb 22 03:59:57.913963 2026] [php:error] [pid 82966] [client 104.46.216.98:0] script '/domains/frog.interport1/cong.php' not found or unable to stat
[Sun Feb 22 03:59:58.241800 2026] [php:error] [pid 82966] [client 104.46.216.98:0] script '/domains/frog.interport1/cong.php' not found or unable to stat
[Sun Feb 22 03:59:58.402370 2026] [php:error] [pid 82966] [client 104.46.216.98:0] script '/domains/frog.interport1/w.php' not found or unable to stat
[Sun Feb 22 03:59:58.562986 2026] [php:error] [pid 82966] [client 104.46.216.98:0] script '/domains/frog.interport1/0x.php' not found or unable to stat
[Sun Feb 22 03:59:58.723659 2026] [php:error] [pid 82966] [client 104.46.216.98:0] script '/domains/frog.interport1/css.php' not found or unable to stat
[Sun Feb 22 03:59:59.047565 2026] [php:error] [pid 82966] [client 104.46.216.98:0] script '/domains/frog.interport1/admin.php' not found or unable to stat
[Sun Feb 22 03:59:59.370198 2026] [php:error] [pid 82966] [client 104.46.216.98:0] script '/domains/frog.interport1/classwithtostring.php' not found or unable to stat
[Sun Feb 22 03:59:59.530989 2026] [php:error] [pid 82966] [client 104.46.216.98:0] script '/domains/frog.interport1/abcd.php' not found or unable to stat
[Sun Feb 22 03:59:59.593496 2026] [php:error] [pid 82962] [client 216.244.66.232:0] script '/domains/hdickens.enteract/kmnj.php' not found or unable to stat
[Sun Feb 22 03:59:59.692035 2026] [php:error] [pid 82966] [client 104.46.216.98:0] script '/domains/frog.interport1/autoload_classmap.php' not found or unable to stat
[Sun Feb 22 03:59:59.852884 2026] [php:error] [pid 82966] [client 104.46.216.98:0] script '/domains/frog.interport1/inputs.php' not found or unable to stat
[Sun Feb 22 04:00:00.014296 2026] [php:error] [pid 82966] [client 104.46.216.98:0] script '/domains/frog.interport1/about.php' not found or unable to stat
[Sun Feb 22 04:00:00.175526 2026] [php:error] [pid 82966] [client 104.46.216.98:0] script '/domains/frog.interport1/alfa.php' not found or unable to stat
[Sun Feb 22 04:00:00.979438 2026] [php:error] [pid 82966] [client 104.46.216.98:0] script '/domains/frog.interport1/manager.php' not found or unable to stat
[Sun Feb 22 04:00:01.140466 2026] [php:error] [pid 82966] [client 104.46.216.98:0] script '/domains/frog.interport1/item.php' not found or unable to stat
[Sun Feb 22 04:00:01.462411 2026] [php:error] [pid 82966] [client 104.46.216.98:0] script '/domains/frog.interport1/404.php' not found or unable to stat
[Sun Feb 22 04:00:01.623256 2026] [php:error] [pid 82966] [client 104.46.216.98:0] script '/domains/frog.interport1/mail.php' not found or unable to stat
[Sun Feb 22 04:00:01.945140 2026] [php:error] [pid 82966] [client 104.46.216.98:0] script '/domains/frog.interport1/sx.php' not found or unable to stat
[Sun Feb 22 04:00:02.269943 2026] [php:error] [pid 82966] [client 104.46.216.98:0] script '/domains/frog.interport1/alfa.php' not found or unable to stat
[Sun Feb 22 04:00:02.430810 2026] [php:error] [pid 82966] [client 104.46.216.98:0] script '/domains/frog.interport1/1.php' not found or unable to stat
[Sun Feb 22 04:00:02.591759 2026] [php:error] [pid 82966] [client 104.46.216.98:0] script '/domains/frog.interport1/byp.php' not found or unable to stat
[Sun Feb 22 04:00:02.752622 2026] [php:error] [pid 82966] [client 104.46.216.98:0] script '/domains/frog.interport1/wp-trackback.php' not found or unable to stat
[Sun Feb 22 04:00:03.398751 2026] [php:error] [pid 82966] [client 104.46.216.98:0] script '/domains/frog.interport1/gmo.php' not found or unable to stat
[Sun Feb 22 04:00:05.166035 2026] [php:error] [pid 82966] [client 104.46.216.98:0] script '/domains/frog.interport1/ww1.php' not found or unable to stat
[Sun Feb 22 04:00:06.131886 2026] [php:error] [pid 82965] [client 104.46.216.98:0] script '/domains/frog.interport1/security.php' not found or unable to stat
[Sun Feb 22 04:00:07.770062 2026] [php:error] [pid 82964] [client 45.148.10.159:0] script '/domains/wsmith.enteract/_phpinfo.php' not found or unable to stat
[Sun Feb 22 04:00:08.063285 2026] [php:error] [pid 82965] [client 104.46.216.98:0] script '/domains/frog.interport1/class.php' not found or unable to stat
[Sun Feb 22 04:00:08.225532 2026] [php:error] [pid 82965] [client 104.46.216.98:0] script '/domains/frog.interport1/bless5.php' not found or unable to stat
[Sun Feb 22 04:00:08.725863 2026] [php:error] [pid 82965] [client 104.46.216.98:0] script '/domains/frog.interport1/ioxi-o1.php' not found or unable to stat
[Sun Feb 22 04:00:08.887191 2026] [php:error] [pid 82965] [client 104.46.216.98:0] script '/domains/frog.interport1/juuuu.php' not found or unable to stat
[Sun Feb 22 04:00:09.048363 2026] [php:error] [pid 82965] [client 104.46.216.98:0] script '/domains/frog.interport1/ha.php' not found or unable to stat
[Sun Feb 22 04:00:09.209565 2026] [php:error] [pid 82965] [client 104.46.216.98:0] script '/domains/frog.interport1/we2.php' not found or unable to stat
[Sun Feb 22 04:00:09.371699 2026] [php:error] [pid 82965] [client 104.46.216.98:0] script '/domains/frog.interport1/04.php' not found or unable to stat
[Sun Feb 22 04:00:09.532821 2026] [php:error] [pid 82965] [client 104.46.216.98:0] script '/domains/frog.interport1/333.php' not found or unable to stat
[Sun Feb 22 04:00:09.693911 2026] [php:error] [pid 82965] [client 104.46.216.98:0] script '/domains/frog.interport1/520.php' not found or unable to stat
[Sun Feb 22 04:00:09.855061 2026] [php:error] [pid 82965] [client 104.46.216.98:0] script '/domains/frog.interport1/ar.php' not found or unable to stat
[Sun Feb 22 04:00:10.016226 2026] [php:error] [pid 82965] [client 104.46.216.98:0] script '/domains/frog.interport1/x.php' not found or unable to stat
[Sun Feb 22 04:00:10.177425 2026] [php:error] [pid 82965] [client 104.46.216.98:0] script '/domains/frog.interport1/xx.php' not found or unable to stat
[Sun Feb 22 04:00:10.338671 2026] [php:error] [pid 82965] [client 104.46.216.98:0] script '/domains/frog.interport1/gifclass4.php' not found or unable to stat
[Sun Feb 22 04:00:10.499818 2026] [php:error] [pid 82965] [client 104.46.216.98:0] script '/domains/frog.interport1/2clas.php' not found or unable to stat
[Sun Feb 22 04:00:10.666851 2026] [php:error] [pid 82965] [client 104.46.216.98:0] script '/domains/frog.interport1/ave.php' not found or unable to stat
[Sun Feb 22 04:00:10.828063 2026] [php:error] [pid 82965] [client 104.46.216.98:0] script '/domains/frog.interport1/wrt.php' not found or unable to stat
[Sun Feb 22 04:00:10.989320 2026] [php:error] [pid 82965] [client 104.46.216.98:0] script '/domains/frog.interport1/bibil.php' not found or unable to stat
[Sun Feb 22 04:00:11.150665 2026] [php:error] [pid 82965] [client 104.46.216.98:0] script '/domains/frog.interport1/radio.php' not found or unable to stat
[Sun Feb 22 04:00:11.311834 2026] [php:error] [pid 82965] [client 104.46.216.98:0] script '/domains/frog.interport1/files.php' not found or unable to stat
[Sun Feb 22 04:00:11.473095 2026] [php:error] [pid 82965] [client 104.46.216.98:0] script '/domains/frog.interport1/file7.php' not found or unable to stat
[Sun Feb 22 04:00:11.634301 2026] [php:error] [pid 82965] [client 104.46.216.98:0] script '/domains/frog.interport1/gifclass.php' not found or unable to stat
[Sun Feb 22 04:00:11.956572 2026] [php:error] [pid 82965] [client 104.46.216.98:0] script '/domains/frog.interport1/nox.php' not found or unable to stat
[Sun Feb 22 04:00:12.117698 2026] [php:error] [pid 82965] [client 104.46.216.98:0] script '/domains/frog.interport1/file48.php' not found or unable to stat
[Sun Feb 22 04:00:12.279118 2026] [php:error] [pid 82965] [client 104.46.216.98:0] script '/domains/frog.interport1/info.php' not found or unable to stat
[Sun Feb 22 04:00:12.440449 2026] [php:error] [pid 82965] [client 104.46.216.98:0] script '/domains/frog.interport1/class9.php' not found or unable to stat
[Sun Feb 22 04:00:12.601662 2026] [php:error] [pid 82965] [client 104.46.216.98:0] script '/domains/frog.interport1/la.php' not found or unable to stat
[Sun Feb 22 04:00:12.768383 2026] [php:error] [pid 82965] [client 104.46.216.98:0] script '/domains/frog.interport1/bless11.php' not found or unable to stat
[Sun Feb 22 04:00:12.929686 2026] [php:error] [pid 82965] [client 104.46.216.98:0] script '/domains/frog.interport1/ccou.php' not found or unable to stat
[Sun Feb 22 04:00:13.091098 2026] [php:error] [pid 82965] [client 104.46.216.98:0] script '/domains/frog.interport1/ton.php' not found or unable to stat
[Sun Feb 22 04:00:13.252393 2026] [php:error] [pid 82965] [client 104.46.216.98:0] script '/domains/frog.interport1/403.php' not found or unable to stat
[Sun Feb 22 04:00:13.413652 2026] [php:error] [pid 82965] [client 104.46.216.98:0] script '/domains/frog.interport1/file9.php' not found or unable to stat
[Sun Feb 22 04:00:13.580964 2026] [php:error] [pid 82965] [client 104.46.216.98:0] script '/domains/frog.interport1/ac.php' not found or unable to stat
[Sun Feb 22 04:00:13.742427 2026] [php:error] [pid 82965] [client 104.46.216.98:0] script '/domains/frog.interport1/new4.php' not found or unable to stat
[Sun Feb 22 04:00:13.904062 2026] [php:error] [pid 82965] [client 104.46.216.98:0] script '/domains/frog.interport1/pop.php' not found or unable to stat
[Sun Feb 22 04:00:14.065289 2026] [php:error] [pid 82965] [client 104.46.216.98:0] script '/domains/frog.interport1/az.php' not found or unable to stat
[Sun Feb 22 04:00:14.226359 2026] [php:error] [pid 82965] [client 104.46.216.98:0] script '/domains/frog.interport1/xaz.php' not found or unable to stat
[Sun Feb 22 04:00:14.387499 2026] [php:error] [pid 82965] [client 104.46.216.98:0] script '/domains/frog.interport1/up4.php' not found or unable to stat
[Sun Feb 22 04:00:14.548711 2026] [php:error] [pid 82965] [client 104.46.216.98:0] script '/domains/frog.interport1/1aa.php' not found or unable to stat
[Sun Feb 22 04:00:14.710108 2026] [php:error] [pid 82965] [client 104.46.216.98:0] script '/domains/frog.interport1/elp.php' not found or unable to stat
[Sun Feb 22 04:00:14.871592 2026] [php:error] [pid 82965] [client 104.46.216.98:0] script '/domains/frog.interport1/wtz.php' not found or unable to stat
[Sun Feb 22 04:00:15.033345 2026] [php:error] [pid 82965] [client 104.46.216.98:0] script '/domains/frog.interport1/galex.php' not found or unable to stat
[Sun Feb 22 04:00:15.194837 2026] [php:error] [pid 82965] [client 104.46.216.98:0] script '/domains/frog.interport1/xb.php' not found or unable to stat
[Sun Feb 22 04:00:15.355963 2026] [php:error] [pid 82965] [client 104.46.216.98:0] script '/domains/frog.interport1/ova.php' not found or unable to stat
[Sun Feb 22 04:00:15.517507 2026] [php:error] [pid 82965] [client 104.46.216.98:0] script '/domains/frog.interport1/vx.php' not found or unable to stat
[Sun Feb 22 04:00:15.678709 2026] [php:error] [pid 82965] [client 104.46.216.98:0] script '/domains/frog.interport1/rh.php' not found or unable to stat
[Sun Feb 22 04:00:57.831635 2026] [php:error] [pid 82957] [client 20.189.202.58:0] script '/domains/system_suspended/wp-trackback.php' not found or unable to stat
[Sun Feb 22 04:00:57.997679 2026] [php:error] [pid 82957] [client 20.189.202.58:0] script '/domains/system_suspended/about.php' not found or unable to stat
[Sun Feb 22 04:00:58.163760 2026] [php:error] [pid 82957] [client 20.189.202.58:0] script '/domains/system_suspended/file.php' not found or unable to stat
[Sun Feb 22 04:00:58.330012 2026] [php:error] [pid 82957] [client 20.189.202.58:0] script '/domains/system_suspended/wp-good.php' not found or unable to stat
[Sun Feb 22 04:00:58.496136 2026] [php:error] [pid 82957] [client 20.189.202.58:0] script '/domains/system_suspended/xmlrpc.php' not found or unable to stat
[Sun Feb 22 04:00:58.662484 2026] [php:error] [pid 82957] [client 20.189.202.58:0] script '/domains/system_suspended/goods.php' not found or unable to stat
[Sun Feb 22 04:00:58.828602 2026] [php:error] [pid 82957] [client 20.189.202.58:0] script '/domains/system_suspended/ioxi-o.php' not found or unable to stat
[Sun Feb 22 04:00:58.996036 2026] [php:error] [pid 82957] [client 20.189.202.58:0] script '/domains/system_suspended/class-t.api.php' not found or unable to stat
[Sun Feb 22 04:00:59.164570 2026] [php:error] [pid 82957] [client 20.189.202.58:0] script '/domains/system_suspended/admin.php' not found or unable to stat
[Sun Feb 22 04:00:59.331361 2026] [php:error] [pid 82957] [client 20.189.202.58:0] script '/domains/system_suspended/sf.php' not found or unable to stat
[Sun Feb 22 04:00:59.497578 2026] [php:error] [pid 82957] [client 20.189.202.58:0] script '/domains/system_suspended/rip.php' not found or unable to stat
[Sun Feb 22 04:00:59.665351 2026] [php:error] [pid 82957] [client 20.189.202.58:0] script '/domains/system_suspended/autoload_classmap.php' not found or unable to stat
[Sun Feb 22 04:00:59.831560 2026] [php:error] [pid 82957] [client 20.189.202.58:0] script '/domains/system_suspended/chosen.php' not found or unable to stat
[Sun Feb 22 04:00:59.998471 2026] [php:error] [pid 82957] [client 20.189.202.58:0] script '/domains/system_suspended/classwithtostring.php' not found or unable to stat
[Sun Feb 22 04:01:00.172337 2026] [php:error] [pid 82957] [client 20.189.202.58:0] script '/domains/system_suspended/defaults.php' not found or unable to stat
[Sun Feb 22 04:01:01.036062 2026] [php:error] [pid 82957] [client 20.189.202.58:0] script '/domains/system_suspended/info.php' not found or unable to stat
[Sun Feb 22 04:01:02.208852 2026] [php:error] [pid 82957] [client 20.189.202.58:0] script '/domains/system_suspended/adminfuns.php' not found or unable to stat
[Sun Feb 22 04:01:13.086311 2026] [core:crit] [pid 82984] (13)Permission denied: [client 144.76.32.120:0] AH00529: /domains/performancepartsinc/graphics/psd/.htaccess pcfg_openfile: unable to check htaccess file, ensure it is readable and that '/domains/performancepartsinc/graphics/psd/' is executable
[Sun Feb 22 04:01:30.863338 2026] [php:error] [pid 82989] [client 20.166.38.178:0] script '/domains/astweb/add-user.php' not found or unable to stat
[Sun Feb 22 04:02:10.184190 2026] [php:error] [pid 82994] [client 111.68.9.166:0] script '/domains/brenties/login.php' not found or unable to stat
[Sun Feb 22 04:02:23.052065 2026] [php:error] [pid 82987] [client 20.24.200.53:0] script '/domains/aatweb/wp-trackback.php' not found or unable to stat
[Sun Feb 22 04:02:23.270447 2026] [php:error] [pid 82987] [client 20.24.200.53:0] script '/domains/aatweb/about.php' not found or unable to stat
[Sun Feb 22 04:02:23.488713 2026] [php:error] [pid 82987] [client 20.24.200.53:0] script '/domains/aatweb/file.php' not found or unable to stat
[Sun Feb 22 04:02:23.721538 2026] [php:error] [pid 82987] [client 20.24.200.53:0] script '/domains/aatweb/wp-good.php' not found or unable to stat
[Sun Feb 22 04:02:23.939418 2026] [php:error] [pid 82987] [client 20.24.200.53:0] script '/domains/aatweb/xmlrpc.php' not found or unable to stat
[Sun Feb 22 04:02:24.157050 2026] [php:error] [pid 82987] [client 20.24.200.53:0] script '/domains/aatweb/goods.php' not found or unable to stat
[Sun Feb 22 04:02:24.375299 2026] [php:error] [pid 82987] [client 20.24.200.53:0] script '/domains/aatweb/ioxi-o.php' not found or unable to stat
[Sun Feb 22 04:02:24.592943 2026] [php:error] [pid 82987] [client 20.24.200.53:0] script '/domains/aatweb/class-t.api.php' not found or unable to stat
[Sun Feb 22 04:02:24.811336 2026] [php:error] [pid 82987] [client 20.24.200.53:0] script '/domains/aatweb/admin.php' not found or unable to stat
[Sun Feb 22 04:02:25.029059 2026] [php:error] [pid 82987] [client 20.24.200.53:0] script '/domains/aatweb/sf.php' not found or unable to stat
[Sun Feb 22 04:02:25.246714 2026] [php:error] [pid 82987] [client 20.24.200.53:0] script '/domains/aatweb/rip.php' not found or unable to stat
[Sun Feb 22 04:02:25.464401 2026] [php:error] [pid 82987] [client 20.24.200.53:0] script '/domains/aatweb/autoload_classmap.php' not found or unable to stat
[Sun Feb 22 04:02:25.681840 2026] [php:error] [pid 82987] [client 20.24.200.53:0] script '/domains/aatweb/chosen.php' not found or unable to stat
[Sun Feb 22 04:02:25.901414 2026] [php:error] [pid 82987] [client 20.24.200.53:0] script '/domains/aatweb/classwithtostring.php' not found or unable to stat
[Sun Feb 22 04:02:26.143772 2026] [php:error] [pid 82987] [client 20.24.200.53:0] script '/domains/aatweb/defaults.php' not found or unable to stat
[Sun Feb 22 04:02:26.178432 2026] [php:error] [pid 82992] [client 65.52.160.249:0] script '/domains/thewalshgroup/about.php' not found or unable to stat
[Sun Feb 22 04:02:26.934949 2026] [php:error] [pid 82992] [client 65.52.160.249:0] script '/domains/thewalshgroup/system.php' not found or unable to stat
[Sun Feb 22 04:02:27.182529 2026] [php:error] [pid 82992] [client 65.52.160.249:0] script '/domains/thewalshgroup/ini.php' not found or unable to stat
[Sun Feb 22 04:02:27.305268 2026] [php:error] [pid 82987] [client 20.24.200.53:0] script '/domains/aatweb/info.php' not found or unable to stat
[Sun Feb 22 04:02:28.570345 2026] [php:error] [pid 82990] [client 65.52.160.249:0] script '/domains/thewalshgroup/content.php' not found or unable to stat
[Sun Feb 22 04:02:28.854224 2026] [php:error] [pid 82987] [client 20.24.200.53:0] script '/domains/aatweb/adminfuns.php' not found or unable to stat
[Sun Feb 22 04:02:29.409058 2026] [php:error] [pid 82990] [client 65.52.160.249:0] script '/domains/thewalshgroup/elp.php' not found or unable to stat
[Sun Feb 22 04:02:29.681429 2026] [php:error] [pid 82990] [client 65.52.160.249:0] script '/domains/thewalshgroup/FII.php' not found or unable to stat
[Sun Feb 22 04:02:30.940812 2026] [php:error] [pid 82990] [client 65.52.160.249:0] script '/domains/thewalshgroup/bolt.php' not found or unable to stat
[Sun Feb 22 04:02:31.622294 2026] [php:error] [pid 82990] [client 65.52.160.249:0] script '/domains/thewalshgroup/api.php' not found or unable to stat
[Sun Feb 22 04:02:32.140529 2026] [php:error] [pid 82990] [client 65.52.160.249:0] script '/domains/thewalshgroup/mini.php' not found or unable to stat
[Sun Feb 22 04:02:32.570004 2026] [php:error] [pid 82990] [client 65.52.160.249:0] script '/domains/thewalshgroup/dropdown.php' not found or unable to stat
[Sun Feb 22 04:02:33.233997 2026] [php:error] [pid 82990] [client 65.52.160.249:0] script '/domains/thewalshgroup/wp-file.php' not found or unable to stat
[Sun Feb 22 04:02:33.670682 2026] [php:error] [pid 82990] [client 65.52.160.249:0] script '/domains/thewalshgroup/alfa-rex.php' not found or unable to stat
[Sun Feb 22 04:02:35.194951 2026] [php:error] [pid 82990] [client 65.52.160.249:0] script '/domains/thewalshgroup/abcd.php' not found or unable to stat
[Sun Feb 22 04:02:35.627681 2026] [php:error] [pid 82990] [client 65.52.160.249:0] script '/domains/thewalshgroup/lib.php' not found or unable to stat
[Sun Feb 22 04:02:35.649302 2026] [core:crit] [pid 82993] (13)Permission denied: [client 114.119.133.30:0] AH00529: /domains/performancepartsinc/graphics/psd/.htaccess pcfg_openfile: unable to check htaccess file, ensure it is readable and that '/domains/performancepartsinc/graphics/psd/' is executable
[Sun Feb 22 04:02:37.168737 2026] [php:error] [pid 82990] [client 65.52.160.249:0] script '/domains/thewalshgroup/shell.php' not found or unable to stat
[Sun Feb 22 04:02:37.639063 2026] [php:error] [pid 82990] [client 65.52.160.249:0] script '/domains/thewalshgroup/ds.php' not found or unable to stat
[Sun Feb 22 04:02:37.853530 2026] [php:error] [pid 82990] [client 65.52.160.249:0] script '/domains/thewalshgroup/makeasmtp.php' not found or unable to stat
[Sun Feb 22 04:02:38.920347 2026] [php:error] [pid 83000] [client 65.52.160.249:0] script '/domains/thewalshgroup/buy.php' not found or unable to stat
[Sun Feb 22 04:02:39.833059 2026] [php:error] [pid 83000] [client 65.52.160.249:0] script '/domains/thewalshgroup/theme.php' not found or unable to stat
[Sun Feb 22 04:02:40.056746 2026] [php:error] [pid 83000] [client 65.52.160.249:0] script '/domains/thewalshgroup/chosen.php' not found or unable to stat
[Sun Feb 22 04:02:40.480340 2026] [php:error] [pid 83000] [client 65.52.160.249:0] script '/domains/thewalshgroup/st.php' not found or unable to stat
[Sun Feb 22 04:02:40.692133 2026] [php:error] [pid 83000] [client 65.52.160.249:0] script '/domains/thewalshgroup/inputs.php' not found or unable to stat
[Sun Feb 22 04:02:41.325011 2026] [php:error] [pid 83000] [client 65.52.160.249:0] script '/domains/thewalshgroup/aaa.php' not found or unable to stat
[Sun Feb 22 04:02:41.574658 2026] [php:error] [pid 83000] [client 65.52.160.249:0] script '/domains/thewalshgroup/wp-login.php' not found or unable to stat
[Sun Feb 22 04:02:42.516793 2026] [php:error] [pid 83000] [client 65.52.160.249:0] script '/domains/thewalshgroup/wp-signup.php' not found or unable to stat
[Sun Feb 22 04:02:42.815032 2026] [php:error] [pid 83000] [client 65.52.160.249:0] script '/domains/thewalshgroup/core.php' not found or unable to stat
[Sun Feb 22 04:02:43.057934 2026] [php:error] [pid 83000] [client 65.52.160.249:0] script '/domains/thewalshgroup/403.php' not found or unable to stat
[Sun Feb 22 04:02:43.502089 2026] [php:error] [pid 83000] [client 65.52.160.249:0] script '/domains/thewalshgroup/new4.php' not found or unable to stat
