[Wed Feb 18 02:04:03.504370 2026] [php:error] [pid 58254] [client 20.166.38.178:0] script '/domains/system_suspended/adminfuns.php' not found or unable to stat
[Wed Feb 18 02:04:03.597689 2026] [php:error] [pid 58243] [client 45.8.17.103:0] script '/domains/egmaweb/atomlib.php' not found or unable to stat
[Wed Feb 18 02:04:03.680071 2026] [php:error] [pid 58254] [client 20.166.38.178:0] script '/domains/system_suspended/xx.php' not found or unable to stat
[Wed Feb 18 02:04:03.824494 2026] [php:error] [pid 58254] [client 20.166.38.178:0] script '/domains/system_suspended/f5.php' not found or unable to stat
[Wed Feb 18 02:04:03.896822 2026] [php:error] [pid 58254] [client 20.166.38.178:0] script '/domains/system_suspended/flower.php' not found or unable to stat
[Wed Feb 18 02:04:03.906952 2026] [php:error] [pid 58243] [client 45.8.17.103:0] script '/domains/egmaweb/css.php' not found or unable to stat
[Wed Feb 18 02:04:03.979493 2026] [php:error] [pid 58254] [client 20.166.38.178:0] script '/domains/system_suspended/f6.php' not found or unable to stat
[Wed Feb 18 02:04:04.053818 2026] [php:error] [pid 58254] [client 20.166.38.178:0] script '/domains/system_suspended/edit.php' not found or unable to stat
[Wed Feb 18 02:04:04.128122 2026] [php:error] [pid 58254] [client 20.166.38.178:0] script '/domains/system_suspended/aa.php' not found or unable to stat
[Wed Feb 18 02:04:04.188767 2026] [php:error] [pid 58243] [client 45.8.17.103:0] script '/domains/egmaweb/log.php' not found or unable to stat
[Wed Feb 18 02:04:04.393391 2026] [php:error] [pid 58254] [client 20.166.38.178:0] script '/domains/system_suspended/av.php' not found or unable to stat
[Wed Feb 18 02:04:04.470711 2026] [php:error] [pid 58243] [client 45.8.17.103:0] script '/domains/egmaweb/mail.php' not found or unable to stat
[Wed Feb 18 02:04:04.559136 2026] [php:error] [pid 58254] [client 20.166.38.178:0] script '/domains/system_suspended/wsd.php' not found or unable to stat
[Wed Feb 18 02:04:04.642129 2026] [php:error] [pid 58254] [client 20.166.38.178:0] script '/domains/system_suspended/jane.php' not found or unable to stat
[Wed Feb 18 02:04:04.714531 2026] [php:error] [pid 58254] [client 20.166.38.178:0] script '/domains/system_suspended/css.php' not found or unable to stat
[Wed Feb 18 02:04:04.766090 2026] [php:error] [pid 58243] [client 45.8.17.103:0] script '/domains/egmaweb/lufix.php' not found or unable to stat
[Wed Feb 18 02:04:04.786826 2026] [php:error] [pid 58254] [client 20.166.38.178:0] script '/domains/system_suspended/alfa.php' not found or unable to stat
[Wed Feb 18 02:04:04.869418 2026] [php:error] [pid 58254] [client 20.166.38.178:0] script '/domains/system_suspended/wen.php' not found or unable to stat
[Wed Feb 18 02:04:04.941830 2026] [php:error] [pid 58254] [client 20.166.38.178:0] script '/domains/system_suspended/x.php' not found or unable to stat
[Wed Feb 18 02:04:05.018876 2026] [php:error] [pid 58243] [client 45.8.17.103:0] script '/domains/egmaweb/doc.php' not found or unable to stat
[Wed Feb 18 02:04:05.026844 2026] [php:error] [pid 58254] [client 20.166.38.178:0] script '/domains/system_suspended/xxxx.php' not found or unable to stat
[Wed Feb 18 02:04:05.099142 2026] [php:error] [pid 58254] [client 20.166.38.178:0] script '/domains/system_suspended/class.php' not found or unable to stat
[Wed Feb 18 02:04:05.188534 2026] [php:error] [pid 58254] [client 20.166.38.178:0] script '/domains/system_suspended/f35.php' not found or unable to stat
[Wed Feb 18 02:04:05.292166 2026] [php:error] [pid 58243] [client 45.8.17.103:0] script '/domains/egmaweb/bak.php' not found or unable to stat
[Wed Feb 18 02:04:05.547275 2026] [php:error] [pid 58254] [client 20.166.38.178:0] script '/domains/system_suspended/class-t.api.php' not found or unable to stat
[Wed Feb 18 02:04:05.570448 2026] [php:error] [pid 58243] [client 45.8.17.103:0] script '/domains/egmaweb/content.php' not found or unable to stat
[Wed Feb 18 02:04:05.815828 2026] [php:error] [pid 58243] [client 45.8.17.103:0] script '/domains/egmaweb/upfile.php' not found or unable to stat
[Wed Feb 18 02:04:06.082241 2026] [php:error] [pid 58243] [client 45.8.17.103:0] script '/domains/egmaweb/wp.php' not found or unable to stat
[Wed Feb 18 02:04:06.472322 2026] [php:error] [pid 58243] [client 45.8.17.103:0] script '/domains/egmaweb/bypass.php' not found or unable to stat
[Wed Feb 18 02:04:06.721880 2026] [php:error] [pid 58243] [client 45.8.17.103:0] script '/domains/egmaweb/wp-activate.php' not found or unable to stat
[Wed Feb 18 02:04:06.810129 2026] [php:error] [pid 58253] [client 103.125.146.45:0] script '/domains/memanuel/images/Marvins.php' not found or unable to stat
[Wed Feb 18 02:04:06.983916 2026] [php:error] [pid 58243] [client 45.8.17.103:0] script '/domains/egmaweb/updates.php' not found or unable to stat
[Wed Feb 18 02:04:07.275548 2026] [php:error] [pid 58243] [client 45.8.17.103:0] script '/domains/egmaweb/radio.php' not found or unable to stat
[Wed Feb 18 02:04:07.587280 2026] [php:error] [pid 58243] [client 45.8.17.103:0] script '/domains/egmaweb/plugins.php' not found or unable to stat
[Wed Feb 18 02:04:07.868024 2026] [php:error] [pid 58243] [client 45.8.17.103:0] script '/domains/egmaweb/xmrlpc.php' not found or unable to stat
[Wed Feb 18 02:04:08.131855 2026] [php:error] [pid 58243] [client 45.8.17.103:0] script '/domains/egmaweb/ae.php' not found or unable to stat
[Wed Feb 18 02:04:08.339336 2026] [php:error] [pid 58253] [client 103.125.146.45:0] script '/domains/memanuel/images/index.php' not found or unable to stat
[Wed Feb 18 02:04:08.487017 2026] [php:error] [pid 58243] [client 45.8.17.103:0] script '/domains/egmaweb/moon.php' not found or unable to stat
[Wed Feb 18 02:04:08.733202 2026] [php:error] [pid 58243] [client 45.8.17.103:0] script '/domains/egmaweb/blog.php' not found or unable to stat
[Wed Feb 18 02:04:08.990198 2026] [php:error] [pid 58243] [client 45.8.17.103:0] script '/domains/egmaweb/themes.php' not found or unable to stat
[Wed Feb 18 02:04:09.288877 2026] [php:error] [pid 58243] [client 45.8.17.103:0] script '/domains/egmaweb/ini.php' not found or unable to stat
[Wed Feb 18 02:04:09.563196 2026] [php:error] [pid 58243] [client 45.8.17.103:0] script '/domains/egmaweb/as.php' not found or unable to stat
[Wed Feb 18 02:04:09.805937 2026] [php:error] [pid 58243] [client 45.8.17.103:0] script '/domains/egmaweb/shell.php' not found or unable to stat
[Wed Feb 18 02:04:10.072106 2026] [php:error] [pid 58243] [client 45.8.17.103:0] script '/domains/egmaweb/ws.php' not found or unable to stat
[Wed Feb 18 02:04:10.333792 2026] [php:error] [pid 58243] [client 45.8.17.103:0] script '/domains/egmaweb/makeasmtp.php' not found or unable to stat
[Wed Feb 18 02:04:10.459537 2026] [php:error] [pid 58253] [client 103.125.146.45:0] script '/domains/memanuel/sys.php' not found or unable to stat
[Wed Feb 18 02:04:10.632427 2026] [php:error] [pid 58243] [client 45.8.17.103:0] script '/domains/egmaweb/wp-sigunq.php' not found or unable to stat
[Wed Feb 18 02:04:10.898133 2026] [php:error] [pid 58243] [client 45.8.17.103:0] script '/domains/egmaweb/wso112233.php' not found or unable to stat
[Wed Feb 18 02:04:11.178665 2026] [php:error] [pid 58243] [client 45.8.17.103:0] script '/domains/egmaweb/wp-atom.php' not found or unable to stat
[Wed Feb 18 02:04:11.562397 2026] [php:error] [pid 58243] [client 45.8.17.103:0] script '/domains/egmaweb/alfanew.php' not found or unable to stat
[Wed Feb 18 02:04:11.808508 2026] [php:error] [pid 58243] [client 45.8.17.103:0] script '/domains/egmaweb/fw.php' not found or unable to stat
[Wed Feb 18 02:04:12.072645 2026] [php:error] [pid 58243] [client 45.8.17.103:0] script '/domains/egmaweb/install.php' not found or unable to stat
[Wed Feb 18 02:04:12.324450 2026] [php:error] [pid 58243] [client 45.8.17.103:0] script '/domains/egmaweb/wp-login.php' not found or unable to stat
[Wed Feb 18 02:04:12.384059 2026] [php:error] [pid 58236] [client 20.166.38.178:0] script '/domains/system_suspended/blurbs18.php' not found or unable to stat
[Wed Feb 18 02:04:12.882657 2026] [php:error] [pid 58243] [client 45.8.17.103:0] script '/domains/egmaweb/XxX.php' not found or unable to stat
[Wed Feb 18 02:04:12.900427 2026] [php:error] [pid 58236] [client 20.166.38.178:0] script '/domains/system_suspended/bless11.php' not found or unable to stat
[Wed Feb 18 02:04:12.972699 2026] [php:error] [pid 58236] [client 20.166.38.178:0] script '/domains/system_suspended/init.php' not found or unable to stat
[Wed Feb 18 02:04:13.120956 2026] [php:error] [pid 58236] [client 20.166.38.178:0] script '/domains/system_suspended/k.php' not found or unable to stat
[Wed Feb 18 02:04:13.166968 2026] [php:error] [pid 58243] [client 45.8.17.103:0] script '/domains/egmaweb/Marvins.php' not found or unable to stat
[Wed Feb 18 02:04:13.193340 2026] [php:error] [pid 58236] [client 20.166.38.178:0] script '/domains/system_suspended/bless.php' not found or unable to stat
[Wed Feb 18 02:04:13.269657 2026] [php:error] [pid 58236] [client 20.166.38.178:0] script '/domains/system_suspended/X7x.php' not found or unable to stat
[Wed Feb 18 02:04:13.300337 2026] [php:error] [pid 58253] [client 103.125.146.45:0] script '/domains/memanuel/wp-user.php' not found or unable to stat
[Wed Feb 18 02:04:13.341895 2026] [php:error] [pid 58236] [client 20.166.38.178:0] script '/domains/system_suspended/166.php' not found or unable to stat
[Wed Feb 18 02:04:13.692847 2026] [php:error] [pid 58243] [client 45.8.17.103:0] script '/domains/egmaweb/olux.php' not found or unable to stat
[Wed Feb 18 02:04:13.815123 2026] [php:error] [pid 58236] [client 20.166.38.178:0] script '/domains/system_suspended/plss3.php' not found or unable to stat
[Wed Feb 18 02:04:13.974308 2026] [php:error] [pid 58236] [client 20.166.38.178:0] script '/domains/system_suspended/admins.php' not found or unable to stat
[Wed Feb 18 02:04:13.979737 2026] [php:error] [pid 58243] [client 45.8.17.103:0] script '/domains/egmaweb/wso.php' not found or unable to stat
[Wed Feb 18 02:04:14.046806 2026] [php:error] [pid 58236] [client 20.166.38.178:0] script '/domains/system_suspended/wp.php' not found or unable to stat
[Wed Feb 18 02:04:14.144294 2026] [php:error] [pid 58236] [client 20.166.38.178:0] script '/domains/system_suspended/main.php' not found or unable to stat
[Wed Feb 18 02:04:14.148053 2026] [php:error] [pid 58253] [client 103.125.146.45:0] script '/domains/memanuel/customize.php' not found or unable to stat
[Wed Feb 18 02:04:14.240985 2026] [php:error] [pid 58236] [client 20.166.38.178:0] script '/domains/system_suspended/a1.php' not found or unable to stat
[Wed Feb 18 02:04:14.345012 2026] [php:error] [pid 58236] [client 20.166.38.178:0] script '/domains/system_suspended/lala.php' not found or unable to stat
[Wed Feb 18 02:04:14.418512 2026] [php:error] [pid 58236] [client 20.166.38.178:0] script '/domains/system_suspended/aaa.php' not found or unable to stat
[Wed Feb 18 02:04:14.504156 2026] [php:error] [pid 58236] [client 20.166.38.178:0] script '/domains/system_suspended/a2.php' not found or unable to stat
[Wed Feb 18 02:04:14.508153 2026] [php:error] [pid 58243] [client 45.8.17.103:0] script '/domains/egmaweb/uploader.php' not found or unable to stat
[Wed Feb 18 02:04:14.774364 2026] [php:error] [pid 58243] [client 45.8.17.103:0] script '/domains/egmaweb/1337.php' not found or unable to stat
[Wed Feb 18 02:04:14.888540 2026] [php:error] [pid 58236] [client 20.166.38.178:0] script '/domains/system_suspended/nyan.php' not found or unable to stat
[Wed Feb 18 02:04:14.962558 2026] [php:error] [pid 58236] [client 20.166.38.178:0] script '/domains/system_suspended/jsond.php' not found or unable to stat
[Wed Feb 18 02:04:15.018170 2026] [php:error] [pid 58243] [client 45.8.17.103:0] script '/domains/egmaweb/user.php' not found or unable to stat
[Wed Feb 18 02:04:15.279162 2026] [php:error] [pid 58243] [client 45.8.17.103:0] script '/domains/egmaweb/wp-info.php' not found or unable to stat
[Wed Feb 18 02:04:15.560722 2026] [php:error] [pid 58243] [client 45.8.17.103:0] script '/domains/egmaweb/wxo.php' not found or unable to stat
[Wed Feb 18 02:04:15.817604 2026] [php:error] [pid 58243] [client 45.8.17.103:0] script '/domains/egmaweb/amigo.php' not found or unable to stat
[Wed Feb 18 02:04:16.093381 2026] [php:error] [pid 58243] [client 45.8.17.103:0] script '/domains/egmaweb/yoi.php' not found or unable to stat
[Wed Feb 18 02:04:16.916703 2026] [php:error] [pid 58243] [client 45.8.17.103:0] script '/domains/egmaweb/wp-contentt.php' not found or unable to stat
[Wed Feb 18 02:04:17.172969 2026] [php:error] [pid 58243] [client 45.8.17.103:0] script '/domains/egmaweb/we1y8.php' not found or unable to stat
[Wed Feb 18 02:04:17.641853 2026] [php:error] [pid 58240] [client 20.205.120.43:0] script '/domains/system_suspended/WSO.php' not found or unable to stat
[Wed Feb 18 02:04:18.515542 2026] [php:error] [pid 58243] [client 45.8.17.103:0] script '/domains/egmaweb/hehe.php' not found or unable to stat
[Wed Feb 18 02:04:18.783457 2026] [php:error] [pid 58243] [client 45.8.17.103:0] script '/domains/egmaweb/post-data.php' not found or unable to stat
[Wed Feb 18 02:04:18.911885 2026] [php:error] [pid 58244] [client 103.125.146.39:0] script '/domains/memanuel/fm1.php' not found or unable to stat
[Wed Feb 18 02:04:19.066770 2026] [php:error] [pid 58243] [client 45.8.17.103:0] script '/domains/egmaweb/w0.php' not found or unable to stat
[Wed Feb 18 02:04:19.362997 2026] [php:error] [pid 58243] [client 45.8.17.103:0] script '/domains/egmaweb/old-index.php' not found or unable to stat
[Wed Feb 18 02:04:19.610273 2026] [php:error] [pid 58243] [client 45.8.17.103:0] script '/domains/egmaweb/wsanon.php' not found or unable to stat
[Wed Feb 18 02:04:19.961356 2026] [php:error] [pid 58244] [client 103.125.146.39:0] script '/domains/memanuel/wp-settings.php' not found or unable to stat
[Wed Feb 18 02:04:20.484401 2026] [php:error] [pid 58243] [client 45.8.17.103:0] script '/domains/egmaweb/indo.php' not found or unable to stat
[Wed Feb 18 02:04:20.768107 2026] [php:error] [pid 58243] [client 45.8.17.103:0] script '/domains/egmaweb/beence.php' not found or unable to stat
[Wed Feb 18 02:04:20.828937 2026] [php:error] [pid 58244] [client 103.125.146.39:0] script '/domains/memanuel/wp-file.php' not found or unable to stat
[Wed Feb 18 02:04:21.013109 2026] [php:error] [pid 58243] [client 45.8.17.103:0] script '/domains/egmaweb/indosec.php' not found or unable to stat
[Wed Feb 18 02:04:21.198457 2026] [php:error] [pid 58244] [client 103.125.146.39:0] script '/domains/memanuel/wp-content.php' not found or unable to stat
[Wed Feb 18 02:04:21.308527 2026] [php:error] [pid 58243] [client 45.8.17.103:0] script '/domains/egmaweb/archives.php' not found or unable to stat
[Wed Feb 18 02:04:21.577087 2026] [php:error] [pid 58243] [client 45.8.17.103:0] script '/domains/egmaweb/po8sa.php' not found or unable to stat
[Wed Feb 18 02:04:21.822005 2026] [php:error] [pid 58243] [client 45.8.17.103:0] script '/domains/egmaweb/thesmartestx.php' not found or unable to stat
[Wed Feb 18 02:04:22.108318 2026] [php:error] [pid 58243] [client 45.8.17.103:0] script '/domains/egmaweb/zcanp.php' not found or unable to stat
[Wed Feb 18 02:04:22.679141 2026] [php:error] [pid 58244] [client 103.125.146.39:0] script '/domains/memanuel/log.php' not found or unable to stat
[Wed Feb 18 02:04:22.917707 2026] [php:error] [pid 58254] [client 45.8.17.130:0] script '/domains/egmaweb/pvt.php' not found or unable to stat
[Wed Feb 18 02:04:23.191379 2026] [php:error] [pid 58254] [client 45.8.17.130:0] script '/domains/egmaweb/shell20211028.php' not found or unable to stat
[Wed Feb 18 02:04:23.790414 2026] [php:error] [pid 58254] [client 45.8.17.130:0] script '/domains/egmaweb/crypted.php' not found or unable to stat
[Wed Feb 18 02:04:24.049019 2026] [php:error] [pid 58236] [client 213.100.186.70:0] script '/domains/piltdweb1/wp-login.php' not found or unable to stat
[Wed Feb 18 02:04:24.118127 2026] [php:error] [pid 58254] [client 45.8.17.130:0] script '/domains/egmaweb/h0110w4y.php' not found or unable to stat
[Wed Feb 18 02:04:24.394230 2026] [php:error] [pid 58254] [client 45.8.17.130:0] script '/domains/egmaweb/vesiw.php' not found or unable to stat
[Wed Feb 18 02:04:24.675549 2026] [php:error] [pid 58254] [client 45.8.17.130:0] script '/domains/egmaweb/w.php' not found or unable to stat
[Wed Feb 18 02:04:24.968937 2026] [php:error] [pid 58254] [client 45.8.17.130:0] script '/domains/egmaweb/wp-db.php' not found or unable to stat
[Wed Feb 18 02:04:25.651754 2026] [php:error] [pid 58244] [client 103.125.146.39:0] script '/domains/memanuel/ioxi01.php' not found or unable to stat
[Wed Feb 18 02:04:25.973137 2026] [php:error] [pid 58254] [client 45.8.17.130:0] script '/domains/egmaweb/lx.php' not found or unable to stat
[Wed Feb 18 02:04:26.215975 2026] [php:error] [pid 58254] [client 45.8.17.130:0] script '/domains/egmaweb/tonant.php' not found or unable to stat
[Wed Feb 18 02:04:26.490702 2026] [php:error] [pid 58254] [client 45.8.17.130:0] script '/domains/egmaweb/f0x.php' not found or unable to stat
[Wed Feb 18 02:04:26.767549 2026] [php:error] [pid 58254] [client 45.8.17.130:0] script '/domains/egmaweb/config.bak.php' not found or unable to stat
[Wed Feb 18 02:04:27.009748 2026] [php:error] [pid 58254] [client 45.8.17.130:0] script '/domains/egmaweb/bypass403.php' not found or unable to stat
[Wed Feb 18 02:04:27.286002 2026] [php:error] [pid 58254] [client 45.8.17.130:0] script '/domains/egmaweb/adminer.php' not found or unable to stat
[Wed Feb 18 02:04:27.572822 2026] [php:error] [pid 58254] [client 45.8.17.130:0] script '/domains/egmaweb/allahnaber.php' not found or unable to stat
[Wed Feb 18 02:04:27.816659 2026] [php:error] [pid 58254] [client 45.8.17.130:0] script '/domains/egmaweb/AK-74.php' not found or unable to stat
[Wed Feb 18 02:04:28.085178 2026] [php:error] [pid 58254] [client 45.8.17.130:0] script '/domains/egmaweb/alfa3.php' not found or unable to stat
[Wed Feb 18 02:04:28.418808 2026] [php:error] [pid 58254] [client 45.8.17.130:0] script '/domains/egmaweb/alfaindex.php' not found or unable to stat
[Wed Feb 18 02:04:28.712742 2026] [php:error] [pid 58254] [client 45.8.17.130:0] script '/domains/egmaweb/alfa.php' not found or unable to stat
[Wed Feb 18 02:04:28.977205 2026] [php:error] [pid 58254] [client 45.8.17.130:0] script '/domains/egmaweb/c99.php' not found or unable to stat
[Wed Feb 18 02:04:29.228491 2026] [php:error] [pid 58254] [client 45.8.17.130:0] script '/domains/egmaweb/cmd.php' not found or unable to stat
[Wed Feb 18 02:04:29.511739 2026] [php:error] [pid 58254] [client 45.8.17.130:0] script '/domains/egmaweb/cw.php' not found or unable to stat
[Wed Feb 18 02:04:29.781879 2026] [php:error] [pid 58254] [client 45.8.17.130:0] script '/domains/egmaweb/date.php' not found or unable to stat
[Wed Feb 18 02:04:30.059657 2026] [php:error] [pid 58254] [client 45.8.17.130:0] script '/domains/egmaweb/haxor.php' not found or unable to stat
[Wed Feb 18 02:04:30.301902 2026] [php:error] [pid 58254] [client 45.8.17.130:0] script '/domains/egmaweb/icomsium.php' not found or unable to stat
[Wed Feb 18 02:04:30.583274 2026] [php:error] [pid 58254] [client 45.8.17.130:0] script '/domains/egmaweb/ico.php' not found or unable to stat
[Wed Feb 18 02:04:30.862838 2026] [php:error] [pid 58254] [client 45.8.17.130:0] script '/domains/egmaweb/leaf.php' not found or unable to stat
[Wed Feb 18 02:04:31.113555 2026] [php:error] [pid 58254] [client 45.8.17.130:0] script '/domains/egmaweb/marijuana.php' not found or unable to stat
[Wed Feb 18 02:04:31.377890 2026] [php:error] [pid 58254] [client 45.8.17.130:0] script '/domains/egmaweb/mass.php' not found or unable to stat
[Wed Feb 18 02:04:31.662811 2026] [php:error] [pid 58254] [client 45.8.17.130:0] script '/domains/egmaweb/mini.php' not found or unable to stat
[Wed Feb 18 02:04:31.909058 2026] [php:error] [pid 58254] [client 45.8.17.130:0] script '/domains/egmaweb/priv8.php' not found or unable to stat
[Wed Feb 18 02:04:32.193704 2026] [php:error] [pid 58254] [client 45.8.17.130:0] script '/domains/egmaweb/pws.php' not found or unable to stat
[Wed Feb 18 02:04:32.478680 2026] [php:error] [pid 58254] [client 45.8.17.130:0] script '/domains/egmaweb/r57.php' not found or unable to stat
[Wed Feb 18 02:04:32.765564 2026] [php:error] [pid 58254] [client 45.8.17.130:0] script '/domains/egmaweb/robots.php' not found or unable to stat
[Wed Feb 18 02:04:33.113596 2026] [php:error] [pid 58254] [client 45.8.17.130:0] script '/domains/egmaweb/snd.php' not found or unable to stat
[Wed Feb 18 02:04:33.390156 2026] [php:error] [pid 58254] [client 45.8.17.130:0] script '/domains/egmaweb/wp-class.php' not found or unable to stat
[Wed Feb 18 02:04:33.700023 2026] [php:error] [pid 58254] [client 45.8.17.130:0] script '/domains/egmaweb/new-index.php' not found or unable to stat
[Wed Feb 18 02:04:34.310340 2026] [php:error] [pid 58244] [client 103.125.146.39:0] script '/domains/memanuel/xx.php' not found or unable to stat
[Wed Feb 18 02:04:34.333369 2026] [php:error] [pid 58240] [client 20.205.120.43:0] script '/domains/system_suspended/goods.php' not found or unable to stat
[Wed Feb 18 02:04:36.954132 2026] [php:error] [pid 58240] [client 20.205.120.43:0] script '/domains/system_suspended/edit.php' not found or unable to stat
[Wed Feb 18 02:04:37.175824 2026] [php:error] [pid 58240] [client 20.205.120.43:0] script '/domains/system_suspended/file5.php' not found or unable to stat
[Wed Feb 18 02:04:39.048180 2026] [php:error] [pid 58240] [client 20.205.120.43:0] script '/domains/system_suspended/aa.php' not found or unable to stat
[Wed Feb 18 02:04:39.919551 2026] [php:error] [pid 58254] [client 45.8.17.130:0] script '/domains/egmaweb/class-wp-widget-archives.php' not found or unable to stat
[Wed Feb 18 02:04:42.463277 2026] [php:error] [pid 58254] [client 45.8.17.130:0] script '/domains/egmaweb/xleet-shell.php' not found or unable to stat
[Wed Feb 18 02:04:42.714875 2026] [php:error] [pid 58254] [client 45.8.17.130:0] script '/domains/egmaweb/xleet.php' not found or unable to stat
[Wed Feb 18 02:04:43.001319 2026] [php:error] [pid 58254] [client 45.8.17.130:0] script '/domains/egmaweb/xleetshell.php' not found or unable to stat
[Wed Feb 18 02:04:43.779588 2026] [php:error] [pid 58254] [client 45.8.17.130:0] script '/domains/egmaweb/xlt.php' not found or unable to stat
[Wed Feb 18 02:04:44.334452 2026] [php:error] [pid 58240] [client 20.205.120.43:0] script '/domains/system_suspended/autoload_classmap.php' not found or unable to stat
[Wed Feb 18 02:04:45.480034 2026] [php:error] [pid 58254] [client 45.8.17.130:0] script '/domains/egmaweb/wp-apxupx.php' not found or unable to stat
[Wed Feb 18 02:04:45.761523 2026] [php:error] [pid 58254] [client 45.8.17.130:0] script '/domains/egmaweb/nf_tracking.php' not found or unable to stat
[Wed Feb 18 02:04:46.004429 2026] [php:error] [pid 58254] [client 45.8.17.130:0] script '/domains/egmaweb/class.api.php' not found or unable to stat
[Wed Feb 18 02:04:46.290709 2026] [php:error] [pid 58254] [client 45.8.17.130:0] script '/domains/egmaweb/xl2023.php' not found or unable to stat
[Wed Feb 18 02:04:46.576265 2026] [php:error] [pid 58254] [client 45.8.17.130:0] script '/domains/egmaweb/wp-head.php' not found or unable to stat
[Wed Feb 18 02:04:46.819732 2026] [php:error] [pid 58254] [client 45.8.17.130:0] script '/domains/egmaweb/wp-pano.php' not found or unable to stat
[Wed Feb 18 02:04:48.019543 2026] [php:error] [pid 58254] [client 45.8.17.130:0] script '/domains/egmaweb/xmlrpc.php' not found or unable to stat
[Wed Feb 18 02:04:48.314555 2026] [php:error] [pid 58254] [client 45.8.17.130:0] script '/domains/egmaweb/wp-admin.php' not found or unable to stat
[Wed Feb 18 02:04:48.666568 2026] [php:error] [pid 58245] [client 103.125.146.39:0] script '/domains/memanuel/images.php' not found or unable to stat
[Wed Feb 18 02:04:49.358018 2026] [php:error] [pid 58245] [client 103.125.146.39:0] script '/domains/memanuel/wp-aespa.php' not found or unable to stat
[Wed Feb 18 02:04:50.021502 2026] [php:error] [pid 58254] [client 45.8.17.130:0] script '/domains/egmaweb/WSOEnigma.php' not found or unable to stat
[Wed Feb 18 02:04:51.372814 2026] [php:error] [pid 58254] [client 45.8.17.130:0] script '/domains/egmaweb/mah.php' not found or unable to stat
[Wed Feb 18 02:04:52.166217 2026] [php:error] [pid 58244] [client 45.8.17.139:0] script '/domains/egmaweb/test.php' not found or unable to stat
[Wed Feb 18 02:04:52.697109 2026] [php:error] [pid 58244] [client 45.8.17.139:0] script '/domains/egmaweb/gebase.php' not found or unable to stat
[Wed Feb 18 02:04:53.059919 2026] [php:error] [pid 58244] [client 45.8.17.139:0] script '/domains/egmaweb/defaults.php' not found or unable to stat
[Wed Feb 18 02:04:53.310304 2026] [php:error] [pid 58244] [client 45.8.17.139:0] script '/domains/egmaweb/asasx.php' not found or unable to stat
[Wed Feb 18 02:04:54.466853 2026] [php:error] [pid 58244] [client 45.8.17.139:0] script '/domains/egmaweb/contact.php' not found or unable to stat
[Wed Feb 18 02:04:54.773016 2026] [php:error] [pid 58244] [client 45.8.17.139:0] script '/domains/egmaweb/classwithtostring.php' not found or unable to stat
[Wed Feb 18 02:04:55.060767 2026] [php:error] [pid 58244] [client 45.8.17.139:0] script '/domains/egmaweb/mah.php' not found or unable to stat
[Wed Feb 18 02:04:55.317942 2026] [php:error] [pid 58244] [client 45.8.17.139:0] script '/domains/egmaweb/wp-add.php' not found or unable to stat
[Wed Feb 18 02:04:56.494455 2026] [php:error] [pid 58244] [client 45.8.17.139:0] script '/domains/egmaweb/403.php' not found or unable to stat
[Wed Feb 18 02:04:58.068759 2026] [php:error] [pid 58240] [client 20.205.120.43:0] script '/domains/system_suspended/file.php' not found or unable to stat
[Wed Feb 18 02:04:58.317980 2026] [php:error] [pid 58244] [client 45.8.17.139:0] script '/domains/egmaweb/text.php' not found or unable to stat
[Wed Feb 18 02:04:58.606405 2026] [php:error] [pid 58244] [client 45.8.17.139:0] script '/domains/egmaweb/xc.php' not found or unable to stat
[Wed Feb 18 02:05:00.896300 2026] [php:error] [pid 58244] [client 45.8.17.139:0] script '/domains/egmaweb/go.php' not found or unable to stat
[Wed Feb 18 02:05:01.470521 2026] [php:error] [pid 58244] [client 45.8.17.139:0] script '/domains/egmaweb/byp.php' not found or unable to stat
[Wed Feb 18 02:05:02.149675 2026] [php:error] [pid 58240] [client 20.205.120.43:0] script '/domains/system_suspended/inputs.php' not found or unable to stat
[Wed Feb 18 02:05:04.474133 2026] [php:error] [pid 58244] [client 45.8.17.139:0] script '/domains/egmaweb/click.php' not found or unable to stat
[Wed Feb 18 02:05:05.544971 2026] [php:error] [pid 58244] [client 45.8.17.139:0] script '/domains/egmaweb/baxa1.php' not found or unable to stat
[Wed Feb 18 02:05:05.665538 2026] [php:error] [pid 58261] [client 103.125.146.69:0] script '/domains/memanuel/wp-l0gin.php' not found or unable to stat
[Wed Feb 18 02:05:06.119225 2026] [php:error] [pid 58244] [client 45.8.17.139:0] script '/domains/egmaweb/in.php' not found or unable to stat
[Wed Feb 18 02:05:06.327868 2026] [php:error] [pid 58240] [client 20.205.120.43:0] script '/domains/system_suspended/1.php' not found or unable to stat
[Wed Feb 18 02:05:06.399249 2026] [php:error] [pid 58244] [client 45.8.17.139:0] script '/domains/egmaweb/geju.php' not found or unable to stat
[Wed Feb 18 02:05:06.994146 2026] [php:error] [pid 58244] [client 45.8.17.139:0] script '/domains/egmaweb/wp-signup.php' not found or unable to stat
[Wed Feb 18 02:05:07.197837 2026] [php:error] [pid 58261] [client 103.125.146.69:0] script '/domains/memanuel/backup/sid.php' not found or unable to stat
[Wed Feb 18 02:05:07.281318 2026] [php:error] [pid 58244] [client 45.8.17.139:0] script '/domains/egmaweb/elp.php' not found or unable to stat
[Wed Feb 18 02:05:08.094900 2026] [php:error] [pid 58244] [client 45.8.17.139:0] script '/domains/egmaweb/chosen-667.php' not found or unable to stat
[Wed Feb 18 02:05:08.383335 2026] [php:error] [pid 58244] [client 45.8.17.139:0] script '/domains/egmaweb/network.php' not found or unable to stat
[Wed Feb 18 02:05:09.264741 2026] [php:error] [pid 58236] [client 45.8.17.59:0] script '/domains/egmaweb/wp-mail.php' not found or unable to stat
[Wed Feb 18 02:05:09.789908 2026] [php:error] [pid 58236] [client 45.8.17.59:0] script '/domains/egmaweb/yanz.php' not found or unable to stat
[Wed Feb 18 02:05:13.670905 2026] [php:error] [pid 58252] [client 45.8.17.139:0] script '/domains/egmaweb/tiny.php' not found or unable to stat
[Wed Feb 18 02:05:13.969368 2026] [php:error] [pid 58252] [client 45.8.17.139:0] script '/domains/egmaweb/edit.php' not found or unable to stat
[Wed Feb 18 02:05:14.262431 2026] [php:error] [pid 58252] [client 45.8.17.139:0] script '/domains/egmaweb/first.php' not found or unable to stat
[Wed Feb 18 02:05:16.598018 2026] [php:error] [pid 58252] [client 45.8.17.139:0] script '/domains/egmaweb/bs1.php' not found or unable to stat
[Wed Feb 18 02:05:17.203319 2026] [php:error] [pid 58236] [client 103.125.146.69:0] script '/domains/memanuel/wp-conflg.php' not found or unable to stat
[Wed Feb 18 02:05:17.771234 2026] [php:error] [pid 58252] [client 45.8.17.139:0] script '/domains/egmaweb/cron.php' not found or unable to stat
[Wed Feb 18 02:05:18.325836 2026] [php:error] [pid 58252] [client 45.8.17.139:0] script '/domains/egmaweb/db.php' not found or unable to stat
[Wed Feb 18 02:05:18.595371 2026] [php:error] [pid 58252] [client 45.8.17.139:0] script '/domains/egmaweb/fm.php' not found or unable to stat
[Wed Feb 18 02:05:19.486090 2026] [php:error] [pid 58252] [client 45.8.17.139:0] script '/domains/egmaweb/a.php' not found or unable to stat
[Wed Feb 18 02:05:20.359718 2026] [php:error] [pid 58252] [client 45.8.17.139:0] script '/domains/egmaweb/chosen.php' not found or unable to stat
[Wed Feb 18 02:05:20.563530 2026] [php:error] [pid 58236] [client 103.125.146.69:0] script '/domains/memanuel/images/worksec.php' not found or unable to stat
[Wed Feb 18 02:05:20.873593 2026] [php:error] [pid 58236] [client 103.125.146.69:0] script '/domains/memanuel/images/rest.php' not found or unable to stat
[Wed Feb 18 02:05:20.916759 2026] [php:error] [pid 58252] [client 45.8.17.139:0] script '/domains/egmaweb/back.php' not found or unable to stat
[Wed Feb 18 02:05:22.597496 2026] [php:error] [pid 58252] [client 45.8.17.139:0] script '/domains/egmaweb/new.php' not found or unable to stat
[Wed Feb 18 02:05:23.500476 2026] [php:error] [pid 58240] [client 20.205.120.43:0] script '/domains/system_suspended/flower.php' not found or unable to stat
[Wed Feb 18 02:05:23.762417 2026] [php:error] [pid 58252] [client 45.8.17.139:0] script '/domains/egmaweb/phpfm3.php' not found or unable to stat
[Wed Feb 18 02:05:24.963659 2026] [php:error] [pid 58252] [client 45.8.17.139:0] script '/domains/egmaweb/post.php' not found or unable to stat
[Wed Feb 18 02:05:27.471944 2026] [php:error] [pid 58252] [client 45.8.17.139:0] script '/domains/egmaweb/randkeyword.php' not found or unable to stat
[Wed Feb 18 02:05:28.357981 2026] [php:error] [pid 58252] [client 45.8.17.139:0] script '/domains/egmaweb/xxx.php' not found or unable to stat
[Wed Feb 18 02:05:28.880520 2026] [php:error] [pid 58252] [client 45.8.17.139:0] script '/domains/egmaweb/lv.php' not found or unable to stat
[Wed Feb 18 02:05:29.162180 2026] [php:error] [pid 58252] [client 45.8.17.139:0] script '/domains/egmaweb/zip.php' not found or unable to stat
[Wed Feb 18 02:05:30.665579 2026] [php:error] [pid 58255] [client 103.125.146.53:0] script '/domains/memanuel/0x.php' not found or unable to stat
[Wed Feb 18 02:05:31.693287 2026] [php:error] [pid 58255] [client 103.125.146.53:0] script '/domains/memanuel/wpn.php' not found or unable to stat
[Wed Feb 18 02:05:32.311747 2026] [php:error] [pid 58255] [client 103.125.146.53:0] script '/domains/memanuel/cloud.php' not found or unable to stat
[Wed Feb 18 02:05:32.752859 2026] [php:error] [pid 58255] [client 103.125.146.53:0] script '/domains/memanuel/upload.php' not found or unable to stat
[Wed Feb 18 02:05:32.881137 2026] [php:error] [pid 58252] [client 45.8.17.139:0] script '/domains/egmaweb/wp-cron.php' not found or unable to stat
[Wed Feb 18 02:05:33.032750 2026] [php:error] [pid 58255] [client 103.125.146.53:0] script '/domains/memanuel/init.php' not found or unable to stat
[Wed Feb 18 02:05:33.378876 2026] [php:error] [pid 58267] [client 20.205.120.43:0] script '/domains/system_suspended/ioxi-o.php' not found or unable to stat
[Wed Feb 18 02:05:33.551843 2026] [php:error] [pid 58255] [client 103.125.146.53:0] script '/domains/memanuel/wp-blog.php' not found or unable to stat
[Wed Feb 18 02:05:33.768244 2026] [php:error] [pid 58252] [client 45.8.17.139:0] script '/domains/egmaweb/jp.php' not found or unable to stat
[Wed Feb 18 02:05:34.064195 2026] [php:error] [pid 58252] [client 45.8.17.139:0] script '/domains/egmaweb/rcc.php' not found or unable to stat
[Wed Feb 18 02:05:34.659443 2026] [php:error] [pid 58252] [client 45.8.17.139:0] script '/domains/egmaweb/class.api.php' not found or unable to stat
[Wed Feb 18 02:05:34.786956 2026] [php:error] [pid 58267] [client 20.205.120.43:0] script '/domains/system_suspended/radio.php' not found or unable to stat
[Wed Feb 18 02:05:34.911989 2026] [php:error] [pid 58252] [client 45.8.17.139:0] script '/domains/egmaweb/layout.php' not found or unable to stat
[Wed Feb 18 02:05:35.291800 2026] [php:error] [pid 58255] [client 103.125.146.53:0] script '/domains/memanuel/payout.php' not found or unable to stat
[Wed Feb 18 02:05:35.469213 2026] [php:error] [pid 58252] [client 45.8.17.139:0] script '/domains/egmaweb/history.php' not found or unable to stat
[Wed Feb 18 02:05:35.678975 2026] [php:error] [pid 58255] [client 103.125.146.53:0] script '/domains/memanuel/lock360.php' not found or unable to stat
[Wed Feb 18 02:05:35.960869 2026] [php:error] [pid 58255] [client 103.125.146.53:0] script '/domains/memanuel/x.php' not found or unable to stat
[Wed Feb 18 02:05:36.210240 2026] [php:error] [pid 58255] [client 103.125.146.53:0] script '/domains/memanuel/wp_info.php' not found or unable to stat
[Wed Feb 18 02:05:36.577808 2026] [php:error] [pid 58252] [client 45.8.17.139:0] script '/domains/egmaweb/images/about.php' not found or unable to stat
[Wed Feb 18 02:05:36.937266 2026] [php:error] [pid 58255] [client 103.125.146.53:0] script '/domains/memanuel/xml.php' not found or unable to stat
[Wed Feb 18 02:05:37.195165 2026] [php:error] [pid 58255] [client 103.125.146.53:0] script '/domains/memanuel/by.php' not found or unable to stat
[Wed Feb 18 02:05:38.000914 2026] [php:error] [pid 58252] [client 45.8.17.139:0] script '/domains/egmaweb/about.php' not found or unable to stat
[Wed Feb 18 02:05:38.562798 2026] [php:error] [pid 58252] [client 45.8.17.139:0] script '/domains/egmaweb/cong.php' not found or unable to stat
[Wed Feb 18 02:05:39.236156 2026] [php:error] [pid 58267] [client 20.205.120.43:0] script '/domains/system_suspended/admin.php' not found or unable to stat
[Wed Feb 18 02:05:40.031627 2026] [php:error] [pid 58252] [client 45.8.17.139:0] script '/domains/egmaweb/wp-links.php' not found or unable to stat
[Wed Feb 18 02:05:40.594782 2026] [php:error] [pid 58253] [client 45.8.17.65:0] script '/domains/egmaweb/makeasmtp.php' not found or unable to stat
[Wed Feb 18 02:05:40.871170 2026] [php:error] [pid 58255] [client 103.125.146.53:0] script '/domains/memanuel/default.php' not found or unable to stat
[Wed Feb 18 02:05:41.049909 2026] [php:error] [pid 58267] [client 20.205.120.43:0] script '/domains/system_suspended/functions.php' not found or unable to stat
[Wed Feb 18 02:05:41.577887 2026] [php:error] [pid 58255] [client 103.125.146.53:0] script '/domains/memanuel/fox.php' not found or unable to stat
[Wed Feb 18 02:05:41.665147 2026] [php:error] [pid 58253] [client 45.8.17.65:0] script '/domains/egmaweb/login.php' not found or unable to stat
[Wed Feb 18 02:05:43.133573 2026] [php:error] [pid 58255] [client 103.125.146.53:0] script '/domains/memanuel/google.php' not found or unable to stat
[Wed Feb 18 02:05:43.914353 2026] [php:error] [pid 58267] [client 20.205.120.43:0] script '/domains/system_suspended/autoload_classmap.php' not found or unable to stat
[Wed Feb 18 02:05:44.394238 2026] [php:error] [pid 58253] [client 45.8.17.65:0] script '/domains/egmaweb/wander.php' not found or unable to stat
[Wed Feb 18 02:05:44.542094 2026] [php:error] [pid 58255] [client 103.125.146.53:0] script '/domains/memanuel/ovatools.php' not found or unable to stat
[Wed Feb 18 02:05:45.220718 2026] [php:error] [pid 58253] [client 45.8.17.65:0] script '/domains/egmaweb/wp-config-sample.php' not found or unable to stat
[Wed Feb 18 02:05:45.612164 2026] [php:error] [pid 58267] [client 20.205.120.43:0] script '/domains/system_suspended/post.php' not found or unable to stat
[Wed Feb 18 02:05:45.850186 2026] [php:error] [pid 58267] [client 20.205.120.43:0] script '/domains/system_suspended/1.php' not found or unable to stat
[Wed Feb 18 02:05:46.319037 2026] [php:error] [pid 58253] [client 45.8.17.65:0] script '/domains/egmaweb/images/autoload_classmap.php' not found or unable to stat
[Wed Feb 18 02:05:46.607707 2026] [php:error] [pid 58253] [client 45.8.17.65:0] script '/domains/egmaweb/manager.php' not found or unable to stat
[Wed Feb 18 02:05:47.259660 2026] [php:error] [pid 58255] [client 103.125.146.53:0] script '/domains/memanuel/sidwso.php' not found or unable to stat
[Wed Feb 18 02:05:47.507873 2026] [php:error] [pid 58253] [client 45.8.17.65:0] script '/domains/egmaweb/users.php' not found or unable to stat
[Wed Feb 18 02:05:47.721606 2026] [php:error] [pid 58267] [client 20.205.120.43:0] script '/domains/system_suspended/flower.php' not found or unable to stat
[Wed Feb 18 02:05:47.840726 2026] [php:error] [pid 58255] [client 103.125.146.53:0] script '/domains/memanuel/worksec.php' not found or unable to stat
[Wed Feb 18 02:05:47.961412 2026] [php:error] [pid 58267] [client 20.205.120.43:0] script '/domains/system_suspended/admin.php' not found or unable to stat
[Wed Feb 18 02:05:48.375104 2026] [php:error] [pid 58253] [client 45.8.17.65:0] script '/domains/egmaweb/sim.php' not found or unable to stat
[Wed Feb 18 02:05:49.345996 2026] [php:error] [pid 58267] [client 20.205.120.43:0] script '/domains/system_suspended/file.php' not found or unable to stat
[Wed Feb 18 02:05:49.512378 2026] [php:error] [pid 58253] [client 45.8.17.65:0] script '/domains/egmaweb/function.php' not found or unable to stat
[Wed Feb 18 02:05:49.575698 2026] [php:error] [pid 58267] [client 20.205.120.43:0] script '/domains/system_suspended/meta.php' not found or unable to stat
[Wed Feb 18 02:05:50.747426 2026] [php:error] [pid 58267] [client 20.205.120.43:0] script '/domains/system_suspended/index.php' not found or unable to stat
[Wed Feb 18 02:05:50.973279 2026] [php:error] [pid 58267] [client 20.205.120.43:0] script '/domains/system_suspended/abcd.php' not found or unable to stat
[Wed Feb 18 02:05:51.210386 2026] [php:error] [pid 58267] [client 20.205.120.43:0] script '/domains/system_suspended/about.php' not found or unable to stat
[Wed Feb 18 02:05:52.120860 2026] [php:error] [pid 58267] [client 20.205.120.43:0] script '/domains/system_suspended/randkeyword.php' not found or unable to stat
[Wed Feb 18 02:05:52.498220 2026] [php:error] [pid 58255] [client 103.125.146.53:0] script '/domains/memanuel/Simple.php' not found or unable to stat
[Wed Feb 18 02:05:52.766222 2026] [php:error] [pid 58255] [client 103.125.146.53:0] script '/domains/memanuel/wp-blog-header.php' not found or unable to stat
[Wed Feb 18 02:05:53.026681 2026] [php:error] [pid 58255] [client 103.125.146.53:0] script '/domains/memanuel/style2.php' not found or unable to stat
[Wed Feb 18 02:05:53.446051 2026] [php:error] [pid 58255] [client 103.125.146.53:0] script '/domains/memanuel/wp-scripts.php' not found or unable to stat
[Wed Feb 18 02:05:53.679020 2026] [php:error] [pid 58267] [client 20.205.120.43:0] script '/domains/system_suspended/goods.php' not found or unable to stat
[Wed Feb 18 02:05:53.788706 2026] [php:error] [pid 58255] [client 103.125.146.53:0] script '/domains/memanuel/adminfuns.php' not found or unable to stat
[Wed Feb 18 02:05:53.922345 2026] [php:error] [pid 58253] [client 45.8.17.65:0] script '/domains/egmaweb/wp-mail.php' not found or unable to stat
[Wed Feb 18 02:05:53.945929 2026] [php:error] [pid 58267] [client 20.205.120.43:0] script '/domains/system_suspended/hehe.php' not found or unable to stat
[Wed Feb 18 02:05:54.170853 2026] [php:error] [pid 58255] [client 103.125.146.53:0] script '/domains/memanuel/cjfuns.php' not found or unable to stat
[Wed Feb 18 02:05:54.197822 2026] [php:error] [pid 58267] [client 20.205.120.43:0] script '/domains/system_suspended/user.php' not found or unable to stat
[Wed Feb 18 02:05:54.542368 2026] [php:error] [pid 58255] [client 103.125.146.53:0] script '/domains/memanuel/comfunctions.php' not found or unable to stat
[Wed Feb 18 02:05:54.851633 2026] [php:error] [pid 58255] [client 103.125.146.53:0] script '/domains/memanuel/delpaths.php' not found or unable to stat
[Wed Feb 18 02:05:55.096409 2026] [php:error] [pid 58253] [client 45.8.17.65:0] script '/domains/egmaweb/admin-post.php' not found or unable to stat
[Wed Feb 18 02:05:55.271888 2026] [php:error] [pid 58255] [client 103.125.146.53:0] script '/domains/memanuel/epinyins.php' not found or unable to stat
[Wed Feb 18 02:05:55.401220 2026] [php:error] [pid 58253] [client 45.8.17.65:0] script '/domains/egmaweb/conf_upload.php' not found or unable to stat
[Wed Feb 18 02:05:55.407104 2026] [php:error] [pid 58267] [client 20.205.120.43:0] script '/domains/system_suspended/wp-2019.php' not found or unable to stat
[Wed Feb 18 02:05:55.693949 2026] [php:error] [pid 58255] [client 103.125.146.53:0] script '/domains/memanuel/filefuns.php' not found or unable to stat
[Wed Feb 18 02:05:56.096605 2026] [php:error] [pid 58255] [client 103.125.146.53:0] script '/domains/memanuel/hinfofuns.php' not found or unable to stat
[Wed Feb 18 02:05:56.784110 2026] [php:error] [pid 58253] [client 45.8.17.65:0] script '/domains/egmaweb/wp-configs.php' not found or unable to stat
[Wed Feb 18 02:05:56.886097 2026] [php:error] [pid 58267] [client 20.205.120.43:0] script '/domains/system_suspended/chosen.php' not found or unable to stat
[Wed Feb 18 02:05:57.080531 2026] [php:error] [pid 58255] [client 103.125.146.53:0] script '/domains/memanuel/qfunctions.php' not found or unable to stat
[Wed Feb 18 02:05:57.117995 2026] [php:error] [pid 58267] [client 20.205.120.43:0] script '/domains/system_suspended/functions.php' not found or unable to stat
[Wed Feb 18 02:05:57.450073 2026] [php:error] [pid 58255] [client 103.125.146.53:0] script '/domains/memanuel/qinfofuns.php' not found or unable to stat
[Wed Feb 18 02:05:58.180989 2026] [php:error] [pid 58265] [client 45.8.17.57:0] script '/domains/egmaweb/f35.php' not found or unable to stat
[Wed Feb 18 02:05:58.454802 2026] [php:error] [pid 58267] [client 20.205.120.43:0] script '/domains/system_suspended/cron.php' not found or unable to stat
[Wed Feb 18 02:05:58.675625 2026] [php:error] [pid 58267] [client 20.205.120.43:0] script '/domains/system_suspended/edit.php' not found or unable to stat
[Wed Feb 18 02:05:58.706476 2026] [php:error] [pid 58255] [client 103.125.146.53:0] script '/domains/memanuel/thoms.php' not found or unable to stat
[Wed Feb 18 02:05:58.910599 2026] [php:error] [pid 58267] [client 20.205.120.43:0] script '/domains/system_suspended/gecko-new.php' not found or unable to stat
[Wed Feb 18 02:05:58.977476 2026] [php:error] [pid 58265] [client 45.8.17.57:0] script '/domains/egmaweb/edit.php' not found or unable to stat
[Wed Feb 18 02:05:59.137360 2026] [php:error] [pid 58267] [client 20.205.120.43:0] script '/domains/system_suspended/cookie.php' not found or unable to stat
[Wed Feb 18 02:06:00.071722 2026] [php:error] [pid 58265] [client 45.8.17.57:0] script '/domains/egmaweb/files.php' not found or unable to stat
[Wed Feb 18 02:06:00.316922 2026] [php:error] [pid 58265] [client 45.8.17.57:0] script '/domains/egmaweb/webadmin.php' not found or unable to stat
[Wed Feb 18 02:06:00.651631 2026] [php:error] [pid 58267] [client 20.205.120.43:0] script '/domains/system_suspended/xleet.php' not found or unable to stat
[Wed Feb 18 02:06:00.837061 2026] [php:error] [pid 58255] [client 103.125.146.53:0] script '/domains/memanuel/postnews.php' not found or unable to stat
[Wed Feb 18 02:06:01.091801 2026] [php:error] [pid 58255] [client 103.125.146.53:0] script '/domains/memanuel/admin-ajax.php' not found or unable to stat
[Wed Feb 18 02:06:01.115152 2026] [php:error] [pid 58265] [client 45.8.17.57:0] script '/domains/egmaweb/wsa.php' not found or unable to stat
[Wed Feb 18 02:06:01.345050 2026] [php:error] [pid 58267] [client 20.205.120.43:0] script '/domains/system_suspended/spip.php' not found or unable to stat
[Wed Feb 18 02:06:01.422165 2026] [php:error] [pid 58265] [client 45.8.17.57:0] script '/domains/egmaweb/tinyfilemanager.php' not found or unable to stat
[Wed Feb 18 02:06:01.503466 2026] [php:error] [pid 58255] [client 103.125.146.53:0] script '/domains/memanuel/link.php' not found or unable to stat
[Wed Feb 18 02:06:01.969971 2026] [php:error] [pid 58267] [client 20.205.120.43:0] script '/domains/system_suspended/22.php' not found or unable to stat
[Wed Feb 18 02:06:02.206684 2026] [php:error] [pid 58255] [client 103.125.146.53:0] script '/domains/memanuel/ms-themes.php' not found or unable to stat
[Wed Feb 18 02:06:02.496757 2026] [php:error] [pid 58265] [client 45.8.17.57:0] script '/domains/egmaweb/woh.php' not found or unable to stat
[Wed Feb 18 02:06:02.605837 2026] [php:error] [pid 58267] [client 20.205.120.43:0] script '/domains/system_suspended/room.php' not found or unable to stat
[Wed Feb 18 02:06:02.941657 2026] [php:error] [pid 58255] [client 103.125.146.53:0] script '/domains/memanuel/my-sites.php' not found or unable to stat
[Wed Feb 18 02:06:03.300457 2026] [php:error] [pid 58267] [client 20.205.120.43:0] script '/domains/system_suspended/disagreed.php' not found or unable to stat
[Wed Feb 18 02:06:03.328459 2026] [php:error] [pid 58255] [client 103.125.146.53:0] script '/domains/memanuel/media.php' not found or unable to stat
[Wed Feb 18 02:06:03.361518 2026] [php:error] [pid 58265] [client 45.8.17.57:0] script '/domains/egmaweb/bless.php' not found or unable to stat
[Wed Feb 18 02:06:03.612367 2026] [php:error] [pid 58265] [client 45.8.17.57:0] script '/domains/egmaweb/wp-trackback.php' not found or unable to stat
[Wed Feb 18 02:06:03.718283 2026] [php:error] [pid 58255] [client 103.125.146.53:0] script '/domains/memanuel/nav-menus.php' not found or unable to stat
[Wed Feb 18 02:06:03.877884 2026] [php:error] [pid 58265] [client 45.8.17.57:0] script '/domains/egmaweb/info.php' not found or unable to stat
[Wed Feb 18 02:06:03.943722 2026] [php:error] [pid 58267] [client 20.205.120.43:0] script '/domains/system_suspended/text.php' not found or unable to stat
[Wed Feb 18 02:06:04.101896 2026] [php:error] [pid 58255] [client 103.125.146.53:0] script '/domains/memanuel/menu.php' not found or unable to stat
[Wed Feb 18 02:06:04.467468 2026] [php:error] [pid 58255] [client 103.125.146.53:0] script '/domains/memanuel/options-head.php' not found or unable to stat
[Wed Feb 18 02:06:04.571348 2026] [php:error] [pid 58267] [client 20.205.120.43:0] script '/domains/system_suspended/alfa-rex.php' not found or unable to stat
[Wed Feb 18 02:06:04.665064 2026] [php:error] [pid 58265] [client 45.8.17.57:0] script '/domains/egmaweb/buy.php' not found or unable to stat
[Wed Feb 18 02:06:05.030735 2026] [php:error] [pid 58255] [client 103.125.146.53:0] script '/domains/memanuel/revision.php' not found or unable to stat
[Wed Feb 18 02:06:05.168734 2026] [php:error] [pid 58265] [client 45.8.17.57:0] script '/domains/egmaweb/readme.php' not found or unable to stat
[Wed Feb 18 02:06:05.423138 2026] [php:error] [pid 58265] [client 45.8.17.57:0] script '/domains/egmaweb/sck.php' not found or unable to stat
[Wed Feb 18 02:06:05.689712 2026] [php:error] [pid 58265] [client 45.8.17.57:0] script '/domains/egmaweb/fm.php' not found or unable to stat
[Wed Feb 18 02:06:05.975677 2026] [php:error] [pid 58267] [client 20.205.120.43:0] script '/domains/system_suspended/feeds.php' not found or unable to stat
[Wed Feb 18 02:06:06.212662 2026] [php:error] [pid 58265] [client 45.8.17.57:0] script '/domains/egmaweb/packed.php' not found or unable to stat
[Wed Feb 18 02:06:06.466111 2026] [php:error] [pid 58265] [client 45.8.17.57:0] script '/domains/egmaweb/about.php' not found or unable to stat
[Wed Feb 18 02:06:06.650300 2026] [php:error] [pid 58267] [client 20.205.120.43:0] script '/domains/system_suspended/radio.php' not found or unable to stat
[Wed Feb 18 02:06:06.894758 2026] [php:error] [pid 58267] [client 20.205.120.43:0] script '/domains/system_suspended/dropdown.php' not found or unable to stat
[Wed Feb 18 02:06:07.470794 2026] [php:error] [pid 58265] [client 45.8.17.57:0] script '/domains/egmaweb/plugin.php' not found or unable to stat
[Wed Feb 18 02:06:07.528735 2026] [php:error] [pid 58255] [client 103.125.146.53:0] script '/domains/memanuel/widgets.php' not found or unable to stat
[Wed Feb 18 02:06:08.103810 2026] [php:error] [pid 58267] [client 20.205.120.43:0] script '/domains/system_suspended/defaults.php' not found or unable to stat
[Wed Feb 18 02:06:08.531578 2026] [php:error] [pid 58255] [client 103.125.146.53:0] script '/domains/memanuel/term.php' not found or unable to stat
[Wed Feb 18 02:06:08.587980 2026] [php:error] [pid 58265] [client 45.8.17.57:0] script '/domains/egmaweb/chosen.php' not found or unable to stat
[Wed Feb 18 02:06:08.864105 2026] [php:error] [pid 58265] [client 45.8.17.57:0] script '/domains/egmaweb/load.php' not found or unable to stat
