[Wed Feb 18 02:06:09.366280 2026] [php:error] [pid 58267] [client 20.205.120.43:0] script '/domains/system_suspended/system.php' not found or unable to stat
[Wed Feb 18 02:06:09.484198 2026] [php:error] [pid 58265] [client 45.8.17.57:0] script '/domains/egmaweb/edit-tags.php' not found or unable to stat
[Wed Feb 18 02:06:09.829956 2026] [php:error] [pid 58255] [client 103.125.146.53:0] script '/domains/memanuel/system_log.php' not found or unable to stat
[Wed Feb 18 02:06:10.282803 2026] [php:error] [pid 58265] [client 45.8.17.57:0] script '/domains/egmaweb/autoload_classmap.php' not found or unable to stat
[Wed Feb 18 02:06:10.570357 2026] [php:error] [pid 58265] [client 45.8.17.57:0] script '/domains/egmaweb/lock.php' not found or unable to stat
[Wed Feb 18 02:06:11.295254 2026] [php:error] [pid 58267] [client 20.205.120.43:0] script '/domains/system_suspended/xmlrpc.php' not found or unable to stat
[Wed Feb 18 02:06:11.339340 2026] [php:error] [pid 58252] [client 103.125.146.45:0] script '/domains/memanuel/moded.php' not found or unable to stat
[Wed Feb 18 02:06:12.482751 2026] [php:error] [pid 58255] [client 45.8.17.123:0] script '/domains/egmaweb/product.php' not found or unable to stat
[Wed Feb 18 02:06:13.644068 2026] [php:error] [pid 58267] [client 20.205.120.43:0] script '/domains/system_suspended/colors.php' not found or unable to stat
[Wed Feb 18 02:06:13.654368 2026] [php:error] [pid 58252] [client 103.125.146.45:0] script '/domains/memanuel/upgrade.php' not found or unable to stat
[Wed Feb 18 02:06:13.784337 2026] [php:error] [pid 58270] [client 45.8.17.127:0] script '/domains/egmaweb/base.php' not found or unable to stat
[Wed Feb 18 02:06:13.870922 2026] [php:error] [pid 58267] [client 20.205.120.43:0] script '/domains/system_suspended/updates.php' not found or unable to stat
[Wed Feb 18 02:06:13.962788 2026] [php:error] [pid 58252] [client 103.125.146.45:0] script '/domains/memanuel/gh.php' not found or unable to stat
[Wed Feb 18 02:06:14.305971 2026] [php:error] [pid 58270] [client 45.8.17.127:0] script '/domains/egmaweb/zero.php' not found or unable to stat
[Wed Feb 18 02:06:14.661369 2026] [php:error] [pid 58252] [client 103.125.146.45:0] script '/domains/memanuel/version.php' not found or unable to stat
[Wed Feb 18 02:06:14.787908 2026] [php:error] [pid 58267] [client 20.205.120.43:0] script '/domains/system_suspended/alfa-rex1.php' not found or unable to stat
[Wed Feb 18 02:06:14.961138 2026] [php:error] [pid 58252] [client 103.125.146.45:0] script '/domains/memanuel/head.php' not found or unable to stat
[Wed Feb 18 02:06:15.118761 2026] [php:error] [pid 58270] [client 45.8.17.127:0] script '/domains/egmaweb/style.php' not found or unable to stat
[Wed Feb 18 02:06:15.381987 2026] [php:error] [pid 58270] [client 45.8.17.127:0] script '/domains/egmaweb/db.php' not found or unable to stat
[Wed Feb 18 02:06:15.452065 2026] [php:error] [pid 58267] [client 20.205.120.43:0] script '/domains/system_suspended/wp-index.php' not found or unable to stat
[Wed Feb 18 02:06:15.635620 2026] [php:error] [pid 58252] [client 103.125.146.45:0] script '/domains/memanuel/index1.php' not found or unable to stat
[Wed Feb 18 02:06:15.934420 2026] [php:error] [pid 58252] [client 103.125.146.45:0] script '/domains/memanuel/theme-insqbzk.php' not found or unable to stat
[Wed Feb 18 02:06:16.139323 2026] [php:error] [pid 58267] [client 20.205.120.43:0] script '/domains/system_suspended/wp-admin.php' not found or unable to stat
[Wed Feb 18 02:06:16.322255 2026] [php:error] [pid 58252] [client 103.125.146.45:0] script '/domains/memanuel/good.php' not found or unable to stat
[Wed Feb 18 02:06:16.765919 2026] [php:error] [pid 58255] [client 45.8.17.73:0] script '/domains/egmaweb/wp-set.php' not found or unable to stat
[Wed Feb 18 02:06:16.861834 2026] [php:error] [pid 58252] [client 103.125.146.45:0] script '/domains/memanuel/main.php' not found or unable to stat
[Wed Feb 18 02:06:16.938808 2026] [php:error] [pid 58267] [client 20.205.120.43:0] script '/domains/system_suspended/alfa.php' not found or unable to stat
[Wed Feb 18 02:06:17.071339 2026] [php:error] [pid 58255] [client 45.8.17.73:0] script '/domains/egmaweb/file.php' not found or unable to stat
[Wed Feb 18 02:06:17.586852 2026] [php:error] [pid 58252] [client 103.125.146.45:0] script '/domains/memanuel/wsoyanz.php' not found or unable to stat
[Wed Feb 18 02:06:19.312304 2026] [php:error] [pid 58252] [client 103.125.146.45:0] script '/domains/memanuel/alfa-rex.php' not found or unable to stat
[Wed Feb 18 02:06:19.550525 2026] [php:error] [pid 58267] [client 20.205.120.43:0] script '/domains/system_suspended/locale.php' not found or unable to stat
[Wed Feb 18 02:06:21.132963 2026] [php:error] [pid 58267] [client 20.205.120.43:0] script '/domains/system_suspended/wxo.php' not found or unable to stat
[Wed Feb 18 02:06:21.614326 2026] [php:error] [pid 58265] [client 45.8.17.119:0] script '/domains/egmaweb/moon.php' not found or unable to stat
[Wed Feb 18 02:06:22.721963 2026] [php:error] [pid 58267] [client 20.205.120.43:0] script '/domains/system_suspended/colour.php' not found or unable to stat
[Wed Feb 18 02:06:23.576583 2026] [php:error] [pid 58265] [client 45.8.17.119:0] script '/domains/egmaweb/pages.php' not found or unable to stat
[Wed Feb 18 02:06:23.885462 2026] [php:error] [pid 58265] [client 45.8.17.119:0] script '/domains/egmaweb/bulk.php' not found or unable to stat
[Wed Feb 18 02:06:23.917342 2026] [php:error] [pid 58267] [client 20.205.120.43:0] script '/domains/system_suspended/files.php' not found or unable to stat
[Wed Feb 18 02:06:24.160336 2026] [php:error] [pid 58267] [client 20.205.120.43:0] script '/domains/system_suspended/install.php' not found or unable to stat
[Wed Feb 18 02:06:24.202078 2026] [php:error] [pid 58265] [client 45.8.17.119:0] script '/domains/egmaweb/kk.php' not found or unable to stat
[Wed Feb 18 02:06:24.759632 2026] [php:error] [pid 58265] [client 45.8.17.119:0] script '/domains/egmaweb/wp-logout.php' not found or unable to stat
[Wed Feb 18 02:06:25.655435 2026] [php:error] [pid 58267] [client 20.205.120.43:0] script '/domains/system_suspended/wp-contentt.php' not found or unable to stat
[Wed Feb 18 02:06:25.908806 2026] [php:error] [pid 58265] [client 45.8.17.119:0] script '/domains/egmaweb/classwithtostring.php' not found or unable to stat
[Wed Feb 18 02:06:26.199529 2026] [php:error] [pid 58265] [client 45.8.17.119:0] script '/domains/egmaweb/wp-setup.php' not found or unable to stat
[Wed Feb 18 02:06:27.084796 2026] [php:error] [pid 58265] [client 45.8.17.119:0] script '/domains/egmaweb/wp-editor.php' not found or unable to stat
[Wed Feb 18 02:06:27.375896 2026] [php:error] [pid 58265] [client 45.8.17.119:0] script '/domains/egmaweb/wp-simple.php' not found or unable to stat
[Wed Feb 18 02:06:29.268127 2026] [php:error] [pid 58267] [client 20.205.120.43:0] script '/domains/system_suspended/config.php' not found or unable to stat
[Wed Feb 18 02:06:29.575412 2026] [php:error] [pid 58265] [client 45.8.17.119:0] script '/domains/egmaweb/hehehehe.php' not found or unable to stat
[Wed Feb 18 02:06:31.034787 2026] [php:error] [pid 58267] [client 20.205.120.43:0] script '/domains/system_suspended/theme.php' not found or unable to stat
[Wed Feb 18 02:06:31.891128 2026] [php:error] [pid 58252] [client 103.125.146.45:0] script '/domains/memanuel/cache-compat.php' not found or unable to stat
[Wed Feb 18 02:06:32.165026 2026] [php:error] [pid 58252] [client 103.125.146.45:0] script '/domains/memanuel/ajax-actions.php' not found or unable to stat
[Wed Feb 18 02:06:32.272897 2026] [php:error] [pid 58265] [client 45.8.17.119:0] script '/domains/egmaweb/header.php' not found or unable to stat
[Wed Feb 18 02:06:32.461213 2026] [php:error] [pid 58267] [client 20.205.120.43:0] script '/domains/system_suspended/block-bindings.php' not found or unable to stat
[Wed Feb 18 02:06:32.514720 2026] [php:error] [pid 58265] [client 45.8.17.119:0] script '/domains/egmaweb/gecko.php' not found or unable to stat
[Wed Feb 18 02:06:32.738320 2026] [php:error] [pid 58252] [client 103.125.146.45:0] script '/domains/memanuel/wp-consar.php' not found or unable to stat
[Wed Feb 18 02:06:33.569000 2026] [php:error] [pid 58265] [client 45.8.17.119:0] script '/domains/egmaweb/bk.php' not found or unable to stat
[Wed Feb 18 02:06:34.065427 2026] [php:error] [pid 58267] [client 20.205.120.43:0] script '/domains/system_suspended/class_api.php' not found or unable to stat
[Wed Feb 18 02:06:34.296221 2026] [php:error] [pid 58267] [client 20.205.120.43:0] script '/domains/system_suspended/inputs.php' not found or unable to stat
[Wed Feb 18 02:06:35.796603 2026] [php:error] [pid 58267] [client 20.205.120.43:0] script '/domains/system_suspended/root.php' not found or unable to stat
[Wed Feb 18 02:06:37.032459 2026] [php:error] [pid 58252] [client 103.125.146.45:0] script '/domains/memanuel/sx.php' not found or unable to stat
[Wed Feb 18 02:06:37.929766 2026] [php:error] [pid 58265] [client 45.8.17.119:0] script '/domains/egmaweb/about.php' not found or unable to stat
[Wed Feb 18 02:06:38.012997 2026] [php:error] [pid 58267] [client 20.205.120.43:0] script '/domains/system_suspended/menu.php' not found or unable to stat
[Wed Feb 18 02:06:38.190105 2026] [php:error] [pid 58265] [client 45.8.17.119:0] script '/domains/egmaweb/sym.php' not found or unable to stat
[Wed Feb 18 02:06:38.239197 2026] [php:error] [pid 58267] [client 20.205.120.43:0] script '/domains/system_suspended/plugin.php' not found or unable to stat
[Wed Feb 18 02:06:38.457936 2026] [php:error] [pid 58267] [client 20.205.120.43:0] script '/domains/system_suspended/cloud.php' not found or unable to stat
[Wed Feb 18 02:06:39.579584 2026] [php:error] [pid 58252] [client 103.125.146.45:0] script '/domains/memanuel/images/wp-login.php' not found or unable to stat
[Wed Feb 18 02:06:39.964172 2026] [php:error] [pid 58252] [client 103.125.146.45:0] script '/domains/memanuel/web.php' not found or unable to stat
[Wed Feb 18 02:06:40.162078 2026] [php:error] [pid 58267] [client 20.205.120.43:0] script '/domains/system_suspended/configs.php' not found or unable to stat
[Wed Feb 18 02:06:40.185387 2026] [php:error] [pid 58265] [client 45.8.17.119:0] script '/domains/egmaweb/sk.php' not found or unable to stat
[Wed Feb 18 02:06:41.281584 2026] [php:error] [pid 58252] [client 103.125.146.45:0] script '/domains/memanuel/wp-uploads-config.php' not found or unable to stat
[Wed Feb 18 02:06:41.782764 2026] [php:error] [pid 58266] [client 45.8.17.144:0] script '/domains/egmaweb/images/Marvins.php' not found or unable to stat
[Wed Feb 18 02:06:41.895374 2026] [php:error] [pid 58267] [client 20.205.120.43:0] script '/domains/system_suspended/wp-configs.php' not found or unable to stat
[Wed Feb 18 02:06:42.107080 2026] [php:error] [pid 58267] [client 20.205.120.43:0] script '/domains/system_suspended/update.php' not found or unable to stat
[Wed Feb 18 02:06:42.326803 2026] [php:error] [pid 58267] [client 20.205.120.43:0] script '/domains/system_suspended/2.php' not found or unable to stat
[Wed Feb 18 02:06:42.537309 2026] [php:error] [pid 58267] [client 20.205.120.43:0] script '/domains/system_suspended/input.php' not found or unable to stat
[Wed Feb 18 02:06:42.662345 2026] [php:error] [pid 58266] [client 45.8.17.144:0] script '/domains/egmaweb/images/index.php' not found or unable to stat
[Wed Feb 18 02:06:42.746541 2026] [php:error] [pid 58267] [client 20.205.120.43:0] script '/domains/system_suspended/aaa.php' not found or unable to stat
[Wed Feb 18 02:06:43.983322 2026] [php:error] [pid 58266] [client 45.8.17.144:0] script '/domains/egmaweb/sys.php' not found or unable to stat
[Wed Feb 18 02:06:44.795902 2026] [php:error] [pid 58266] [client 45.8.17.144:0] script '/domains/egmaweb/wp-user.php' not found or unable to stat
[Wed Feb 18 02:06:45.073318 2026] [php:error] [pid 58266] [client 45.8.17.144:0] script '/domains/egmaweb/customize.php' not found or unable to stat
[Wed Feb 18 02:06:45.611905 2026] [php:error] [pid 58255] [client 103.125.146.50:0] script '/domains/memanuel/upload.php' not found or unable to stat
[Wed Feb 18 02:06:46.231648 2026] [php:error] [pid 58255] [client 103.125.146.50:0] script '/domains/memanuel/indeex.php' not found or unable to stat
[Wed Feb 18 02:06:46.669994 2026] [php:error] [pid 58252] [client 45.8.17.121:0] script '/domains/egmaweb/fm1.php' not found or unable to stat
[Wed Feb 18 02:06:46.778429 2026] [php:error] [pid 58255] [client 103.125.146.50:0] script '/domains/memanuel/dropdown.php' not found or unable to stat
[Wed Feb 18 02:06:47.483001 2026] [php:error] [pid 58252] [client 45.8.17.121:0] script '/domains/egmaweb/wp-settings.php' not found or unable to stat
[Wed Feb 18 02:06:48.060188 2026] [php:error] [pid 58252] [client 45.8.17.121:0] script '/domains/egmaweb/wp-file.php' not found or unable to stat
[Wed Feb 18 02:06:48.136995 2026] [php:error] [pid 58255] [client 103.125.146.50:0] script '/domains/memanuel/bs.php' not found or unable to stat
[Wed Feb 18 02:06:48.303899 2026] [php:error] [pid 58252] [client 45.8.17.121:0] script '/domains/egmaweb/wp-content.php' not found or unable to stat
[Wed Feb 18 02:06:48.778937 2026] [php:error] [pid 58255] [client 103.125.146.50:0] script '/domains/memanuel/credits.php' not found or unable to stat
[Wed Feb 18 02:06:48.830448 2026] [php:error] [pid 58252] [client 45.8.17.121:0] script '/domains/egmaweb/log.php' not found or unable to stat
[Wed Feb 18 02:06:49.057276 2026] [php:error] [pid 58255] [client 103.125.146.50:0] script '/domains/memanuel/edit-comments.php' not found or unable to stat
[Wed Feb 18 02:06:49.378763 2026] [php:error] [pid 58255] [client 103.125.146.50:0] script '/domains/memanuel/checkbox.php' not found or unable to stat
[Wed Feb 18 02:06:49.420766 2026] [php:error] [pid 58252] [client 45.8.17.121:0] script '/domains/egmaweb/ioxi01.php' not found or unable to stat
[Wed Feb 18 02:06:49.780336 2026] [php:error] [pid 58255] [client 103.125.146.50:0] script '/domains/memanuel/export.php' not found or unable to stat
[Wed Feb 18 02:06:50.941854 2026] [php:error] [pid 58255] [client 103.125.146.50:0] script '/domains/memanuel/input.php' not found or unable to stat
[Wed Feb 18 02:06:51.247124 2026] [php:error] [pid 58255] [client 103.125.146.50:0] script '/domains/memanuel/load-scripts.php' not found or unable to stat
[Wed Feb 18 02:06:51.522447 2026] [php:error] [pid 58255] [client 103.125.146.50:0] script '/domains/memanuel/load-styles.php' not found or unable to stat
[Wed Feb 18 02:06:51.787576 2026] [php:error] [pid 58255] [client 103.125.146.50:0] script '/domains/memanuel/options-discussion.php' not found or unable to stat
[Wed Feb 18 02:06:52.165107 2026] [php:error] [pid 58255] [client 103.125.146.50:0] script '/domains/memanuel/options-general.php' not found or unable to stat
[Wed Feb 18 02:06:52.449054 2026] [php:error] [pid 58255] [client 103.125.146.50:0] script '/domains/memanuel/options-permalink.php' not found or unable to stat
[Wed Feb 18 02:06:53.028725 2026] [php:error] [pid 58252] [client 45.8.17.121:0] script '/domains/egmaweb/xx.php' not found or unable to stat
[Wed Feb 18 02:06:53.843614 2026] [php:error] [pid 58255] [client 103.125.146.50:0] script '/domains/memanuel/options-privacy.php' not found or unable to stat
[Wed Feb 18 02:06:55.578568 2026] [php:error] [pid 58252] [client 45.8.17.121:0] script '/domains/egmaweb/images.php' not found or unable to stat
[Wed Feb 18 02:06:55.828615 2026] [php:error] [pid 58252] [client 45.8.17.121:0] script '/domains/egmaweb/wp-aespa.php' not found or unable to stat
[Wed Feb 18 02:06:55.934814 2026] [php:error] [pid 58255] [client 103.125.146.50:0] script '/domains/memanuel/options-reading.php' not found or unable to stat
[Wed Feb 18 02:06:56.363784 2026] [php:error] [pid 58255] [client 103.125.146.50:0] script '/domains/memanuel/options-writing.php' not found or unable to stat
[Wed Feb 18 02:06:56.702675 2026] [php:error] [pid 58255] [client 103.125.146.50:0] script '/domains/memanuel/post-new.php' not found or unable to stat
[Wed Feb 18 02:06:57.147001 2026] [php:error] [pid 58255] [client 103.125.146.50:0] script '/domains/memanuel/privacy.php' not found or unable to stat
[Wed Feb 18 02:06:58.048180 2026] [php:error] [pid 58255] [client 103.125.146.50:0] script '/domains/memanuel/profile.php' not found or unable to stat
[Wed Feb 18 02:06:59.115959 2026] [php:error] [pid 58255] [client 103.125.146.50:0] script '/domains/memanuel/site-health.php' not found or unable to stat
[Wed Feb 18 02:06:59.374028 2026] [php:error] [pid 58255] [client 103.125.146.50:0] script '/domains/memanuel/tools.php' not found or unable to stat
[Wed Feb 18 02:06:59.901538 2026] [php:error] [pid 58255] [client 103.125.146.50:0] script '/domains/memanuel/update-core.php' not found or unable to stat
[Wed Feb 18 02:07:00.261483 2026] [php:error] [pid 58269] [client 45.8.17.139:0] script '/domains/egmaweb/wp-l0gin.php' not found or unable to stat
[Wed Feb 18 02:07:00.977937 2026] [php:error] [pid 58255] [client 103.125.146.50:0] script '/domains/memanuel/user-edit.php' not found or unable to stat
[Wed Feb 18 02:07:02.210413 2026] [php:error] [pid 58255] [client 103.125.146.50:0] script '/domains/memanuel/user-new.php' not found or unable to stat
[Wed Feb 18 02:07:02.413039 2026] [php:error] [pid 58269] [client 45.8.17.139:0] script '/domains/egmaweb/wp-conflg.php' not found or unable to stat
[Wed Feb 18 02:07:03.875404 2026] [php:error] [pid 58269] [client 45.8.17.139:0] script '/domains/egmaweb/images/worksec.php' not found or unable to stat
[Wed Feb 18 02:07:04.123843 2026] [php:error] [pid 58269] [client 45.8.17.139:0] script '/domains/egmaweb/images/rest.php' not found or unable to stat
[Wed Feb 18 02:07:05.038416 2026] [php:error] [pid 58255] [client 103.125.146.50:0] script '/domains/memanuel/wp-cron.php' not found or unable to stat
[Wed Feb 18 02:07:06.538338 2026] [php:error] [pid 58255] [client 103.125.146.50:0] script '/domains/memanuel/bar.php' not found or unable to stat
[Wed Feb 18 02:07:06.902264 2026] [php:error] [pid 58255] [client 103.125.146.50:0] script '/domains/memanuel/samll.php' not found or unable to stat
[Wed Feb 18 02:07:07.258913 2026] [php:error] [pid 58253] [client 45.8.17.141:0] script '/domains/egmaweb/0x.php' not found or unable to stat
[Wed Feb 18 02:07:07.280202 2026] [php:error] [pid 58255] [client 103.125.146.50:0] script '/domains/memanuel/webdb.php' not found or unable to stat
[Wed Feb 18 02:07:07.594672 2026] [php:error] [pid 58255] [client 103.125.146.50:0] script '/domains/memanuel/100.php' not found or unable to stat
[Wed Feb 18 02:07:08.005884 2026] [php:error] [pid 58255] [client 103.125.146.50:0] script '/domains/memanuel/plugin-install.php' not found or unable to stat
[Wed Feb 18 02:07:08.252156 2026] [php:error] [pid 58255] [client 103.125.146.50:0] script '/domains/memanuel/km.php' not found or unable to stat
[Wed Feb 18 02:07:08.371736 2026] [php:error] [pid 58253] [client 45.8.17.141:0] script '/domains/egmaweb/wpn.php' not found or unable to stat
[Wed Feb 18 02:07:08.528301 2026] [include:error] [pid 58267] [client 45.84.107.74:0] AH01371: unknown directive "code" in parsed doc /domains/testregisgroup/index.shtml, referer: http://regisgroup.org/index.shtml
[Wed Feb 18 02:07:08.528352 2026] [include:error] [pid 58267] [client 45.84.107.74:0] AH01371: unknown directive "#code" in parsed doc /domains/testregisgroup/index.shtml, referer: http://regisgroup.org/index.shtml
[Wed Feb 18 02:07:08.528367 2026] [include:error] [pid 58267] [client 45.84.107.74:0] AH01371: unknown directive "code" in parsed doc /domains/testregisgroup/index.shtml, referer: http://regisgroup.org/index.shtml
[Wed Feb 18 02:07:08.528379 2026] [include:error] [pid 58267] [client 45.84.107.74:0] AH01371: unknown directive "code" in parsed doc /domains/testregisgroup/index.shtml, referer: http://regisgroup.org/index.shtml
[Wed Feb 18 02:07:08.622709 2026] [php:error] [pid 58253] [client 45.8.17.141:0] script '/domains/egmaweb/cloud.php' not found or unable to stat
[Wed Feb 18 02:07:08.794310 2026] [php:error] [pid 58255] [client 103.125.146.50:0] script '/domains/memanuel/LA.php' not found or unable to stat
[Wed Feb 18 02:07:08.884503 2026] [php:error] [pid 58253] [client 45.8.17.141:0] script '/domains/egmaweb/upload.php' not found or unable to stat
[Wed Feb 18 02:07:09.182464 2026] [php:error] [pid 58253] [client 45.8.17.141:0] script '/domains/egmaweb/init.php' not found or unable to stat
[Wed Feb 18 02:07:09.290955 2026] [php:error] [pid 58255] [client 103.125.146.50:0] script '/domains/memanuel/wp-good.php' not found or unable to stat
[Wed Feb 18 02:07:09.649683 2026] [php:error] [pid 58255] [client 103.125.146.50:0] script '/domains/memanuel/wp-ldd.php' not found or unable to stat
[Wed Feb 18 02:07:09.761596 2026] [php:error] [pid 58253] [client 45.8.17.141:0] script '/domains/egmaweb/wp-blog.php' not found or unable to stat
[Wed Feb 18 02:07:09.970489 2026] [php:error] [pid 58255] [client 103.125.146.50:0] script '/domains/memanuel/sgd.php' not found or unable to stat
[Wed Feb 18 02:07:10.240404 2026] [php:error] [pid 58255] [client 103.125.146.50:0] script '/domains/memanuel/wzy.php' not found or unable to stat
[Wed Feb 18 02:07:11.185059 2026] [php:error] [pid 58253] [client 45.8.17.141:0] script '/domains/egmaweb/payout.php' not found or unable to stat
[Wed Feb 18 02:07:11.253493 2026] [php:error] [pid 58255] [client 103.125.146.50:0] script '/domains/memanuel/chosen.php' not found or unable to stat
[Wed Feb 18 02:07:11.472114 2026] [php:error] [pid 58253] [client 45.8.17.141:0] script '/domains/egmaweb/lock360.php' not found or unable to stat
[Wed Feb 18 02:07:11.763539 2026] [php:error] [pid 58253] [client 45.8.17.141:0] script '/domains/egmaweb/x.php' not found or unable to stat
[Wed Feb 18 02:07:11.937172 2026] [php:error] [pid 58255] [client 103.125.146.50:0] script '/domains/memanuel/wp-signup.php' not found or unable to stat
[Wed Feb 18 02:07:12.066558 2026] [php:error] [pid 58253] [client 45.8.17.141:0] script '/domains/egmaweb/wp_info.php' not found or unable to stat
[Wed Feb 18 02:07:12.660250 2026] [php:error] [pid 58253] [client 45.8.17.141:0] script '/domains/egmaweb/xml.php' not found or unable to stat
[Wed Feb 18 02:07:12.908216 2026] [php:error] [pid 58253] [client 45.8.17.141:0] script '/domains/egmaweb/by.php' not found or unable to stat
[Wed Feb 18 02:07:14.274198 2026] [php:error] [pid 58255] [client 103.125.146.50:0] script '/domains/memanuel/class.php' not found or unable to stat
[Wed Feb 18 02:07:15.051653 2026] [php:error] [pid 58255] [client 103.125.146.50:0] script '/domains/memanuel/Njima.php' not found or unable to stat
[Wed Feb 18 02:07:16.181898 2026] [php:error] [pid 58253] [client 45.8.17.141:0] script '/domains/egmaweb/default.php' not found or unable to stat
[Wed Feb 18 02:07:16.465608 2026] [php:error] [pid 58253] [client 45.8.17.141:0] script '/domains/egmaweb/fox.php' not found or unable to stat
[Wed Feb 18 02:07:16.718126 2026] [php:error] [pid 58253] [client 45.8.17.141:0] script '/domains/egmaweb/google.php' not found or unable to stat
[Wed Feb 18 02:07:17.275854 2026] [php:error] [pid 58253] [client 45.8.17.141:0] script '/domains/egmaweb/ovatools.php' not found or unable to stat
[Wed Feb 18 02:07:17.459539 2026] [php:error] [pid 58255] [client 103.125.146.50:0] script '/domains/memanuel/FroggBaba.php' not found or unable to stat
[Wed Feb 18 02:07:17.680991 2026] [php:error] [pid 58253] [client 45.8.17.141:0] script '/domains/egmaweb/sidwso.php' not found or unable to stat
[Wed Feb 18 02:07:17.970936 2026] [php:error] [pid 58253] [client 45.8.17.141:0] script '/domains/egmaweb/worksec.php' not found or unable to stat
[Wed Feb 18 02:07:19.990882 2026] [php:error] [pid 58253] [client 45.8.17.141:0] script '/domains/egmaweb/Simple.php' not found or unable to stat
[Wed Feb 18 02:07:20.277577 2026] [php:error] [pid 58253] [client 45.8.17.141:0] script '/domains/egmaweb/wp-blog-header.php' not found or unable to stat
[Wed Feb 18 02:07:20.567744 2026] [php:error] [pid 58253] [client 45.8.17.141:0] script '/domains/egmaweb/style2.php' not found or unable to stat
[Wed Feb 18 02:07:20.822853 2026] [php:error] [pid 58253] [client 45.8.17.141:0] script '/domains/egmaweb/wp-scripts.php' not found or unable to stat
[Wed Feb 18 02:07:21.179532 2026] [php:error] [pid 58253] [client 45.8.17.141:0] script '/domains/egmaweb/adminfuns.php' not found or unable to stat
[Wed Feb 18 02:07:21.471333 2026] [php:error] [pid 58253] [client 45.8.17.141:0] script '/domains/egmaweb/cjfuns.php' not found or unable to stat
[Wed Feb 18 02:07:21.782957 2026] [php:error] [pid 58253] [client 45.8.17.141:0] script '/domains/egmaweb/comfunctions.php' not found or unable to stat
[Wed Feb 18 02:07:22.098077 2026] [php:error] [pid 58253] [client 45.8.17.141:0] script '/domains/egmaweb/delpaths.php' not found or unable to stat
[Wed Feb 18 02:07:22.268669 2026] [php:error] [pid 58255] [client 103.125.146.50:0] script '/domains/memanuel/sts.php' not found or unable to stat
[Wed Feb 18 02:07:22.379436 2026] [php:error] [pid 58253] [client 45.8.17.141:0] script '/domains/egmaweb/epinyins.php' not found or unable to stat
[Wed Feb 18 02:07:22.691616 2026] [php:error] [pid 58253] [client 45.8.17.141:0] script '/domains/egmaweb/filefuns.php' not found or unable to stat
[Wed Feb 18 02:07:23.178609 2026] [php:error] [pid 58253] [client 45.8.17.141:0] script '/domains/egmaweb/hinfofuns.php' not found or unable to stat
[Wed Feb 18 02:07:23.504976 2026] [php:error] [pid 58253] [client 45.8.17.141:0] script '/domains/egmaweb/qfunctions.php' not found or unable to stat
[Wed Feb 18 02:07:23.794885 2026] [php:error] [pid 58253] [client 45.8.17.141:0] script '/domains/egmaweb/qinfofuns.php' not found or unable to stat
[Wed Feb 18 02:07:24.073276 2026] [php:error] [pid 58253] [client 45.8.17.141:0] script '/domains/egmaweb/thoms.php' not found or unable to stat
[Wed Feb 18 02:07:24.392426 2026] [php:error] [pid 58253] [client 45.8.17.141:0] script '/domains/egmaweb/postnews.php' not found or unable to stat
[Wed Feb 18 02:07:24.681821 2026] [php:error] [pid 58253] [client 45.8.17.141:0] script '/domains/egmaweb/admin-ajax.php' not found or unable to stat
[Wed Feb 18 02:07:25.175167 2026] [php:error] [pid 58253] [client 45.8.17.141:0] script '/domains/egmaweb/link.php' not found or unable to stat
[Wed Feb 18 02:07:25.461628 2026] [php:error] [pid 58253] [client 45.8.17.141:0] script '/domains/egmaweb/ms-themes.php' not found or unable to stat
[Wed Feb 18 02:07:25.713198 2026] [php:error] [pid 58253] [client 45.8.17.141:0] script '/domains/egmaweb/my-sites.php' not found or unable to stat
[Wed Feb 18 02:07:25.984009 2026] [php:error] [pid 58253] [client 45.8.17.141:0] script '/domains/egmaweb/media.php' not found or unable to stat
[Wed Feb 18 02:07:26.084098 2026] [php:error] [pid 58255] [client 103.125.146.50:0] script '/domains/memanuel/st.php' not found or unable to stat
[Wed Feb 18 02:07:26.274517 2026] [php:error] [pid 58253] [client 45.8.17.141:0] script '/domains/egmaweb/nav-menus.php' not found or unable to stat
[Wed Feb 18 02:07:26.479954 2026] [php:error] [pid 58255] [client 103.125.146.50:0] script '/domains/memanuel/GA13.php' not found or unable to stat
[Wed Feb 18 02:07:26.525019 2026] [php:error] [pid 58253] [client 45.8.17.141:0] script '/domains/egmaweb/menu.php' not found or unable to stat
[Wed Feb 18 02:07:26.793067 2026] [php:error] [pid 58253] [client 45.8.17.141:0] script '/domains/egmaweb/options-head.php' not found or unable to stat
[Wed Feb 18 02:07:27.079166 2026] [php:error] [pid 58253] [client 45.8.17.141:0] script '/domains/egmaweb/revision.php' not found or unable to stat
[Wed Feb 18 02:07:27.368988 2026] [php:error] [pid 58253] [client 45.8.17.141:0] script '/domains/egmaweb/widgets.php' not found or unable to stat
[Wed Feb 18 02:07:27.667226 2026] [php:error] [pid 58253] [client 45.8.17.141:0] script '/domains/egmaweb/term.php' not found or unable to stat
[Wed Feb 18 02:07:27.918619 2026] [php:error] [pid 58253] [client 45.8.17.141:0] script '/domains/egmaweb/system_log.php' not found or unable to stat
[Wed Feb 18 02:07:28.774083 2026] [php:error] [pid 58274] [client 45.8.17.64:0] script '/domains/egmaweb/moded.php' not found or unable to stat
[Wed Feb 18 02:07:29.419236 2026] [php:error] [pid 58274] [client 45.8.17.64:0] script '/domains/egmaweb/upgrade.php' not found or unable to stat
[Wed Feb 18 02:07:29.687009 2026] [php:error] [pid 58274] [client 45.8.17.64:0] script '/domains/egmaweb/gh.php' not found or unable to stat
[Wed Feb 18 02:07:29.977093 2026] [php:error] [pid 58274] [client 45.8.17.64:0] script '/domains/egmaweb/version.php' not found or unable to stat
[Wed Feb 18 02:07:30.405706 2026] [php:error] [pid 58274] [client 45.8.17.64:0] script '/domains/egmaweb/head.php' not found or unable to stat
[Wed Feb 18 02:07:30.772818 2026] [php:error] [pid 58274] [client 45.8.17.64:0] script '/domains/egmaweb/index1.php' not found or unable to stat
[Wed Feb 18 02:07:31.017479 2026] [php:error] [pid 58274] [client 45.8.17.64:0] script '/domains/egmaweb/theme-insqbzk.php' not found or unable to stat
[Wed Feb 18 02:07:31.279736 2026] [php:error] [pid 58274] [client 45.8.17.64:0] script '/domains/egmaweb/good.php' not found or unable to stat
[Wed Feb 18 02:07:31.524605 2026] [php:error] [pid 58274] [client 45.8.17.64:0] script '/domains/egmaweb/main.php' not found or unable to stat
[Wed Feb 18 02:07:32.076697 2026] [php:error] [pid 58274] [client 45.8.17.64:0] script '/domains/egmaweb/wsoyanz.php' not found or unable to stat
[Wed Feb 18 02:07:33.414899 2026] [php:error] [pid 58274] [client 45.8.17.64:0] script '/domains/egmaweb/alfa-rex.php' not found or unable to stat
[Wed Feb 18 02:07:34.056562 2026] [php:error] [pid 58255] [client 103.125.146.50:0] script '/domains/memanuel/crop.php' not found or unable to stat
[Wed Feb 18 02:07:36.196307 2026] [php:error] [pid 58255] [client 103.125.146.50:0] script '/domains/memanuel/gali.php' not found or unable to stat
[Wed Feb 18 02:07:38.228616 2026] [php:error] [pid 58255] [client 103.125.146.50:0] script '/domains/memanuel/dir.php' not found or unable to stat
[Wed Feb 18 02:07:38.986379 2026] [php:error] [pid 58274] [client 45.8.17.64:0] script '/domains/egmaweb/cache-compat.php' not found or unable to stat
[Wed Feb 18 02:07:39.266570 2026] [php:error] [pid 58274] [client 45.8.17.64:0] script '/domains/egmaweb/ajax-actions.php' not found or unable to stat
[Wed Feb 18 02:07:39.880470 2026] [php:error] [pid 58274] [client 45.8.17.64:0] script '/domains/egmaweb/wp-consar.php' not found or unable to stat
[Wed Feb 18 02:07:40.030618 2026] [php:error] [pid 58255] [client 103.125.146.50:0] script '/domains/memanuel/dirs.php' not found or unable to stat
[Wed Feb 18 02:07:42.191666 2026] [php:error] [pid 58255] [client 103.125.146.50:0] script '/domains/memanuel/abouts.php' not found or unable to stat
[Wed Feb 18 02:07:42.798807 2026] [php:error] [pid 58255] [client 103.125.146.50:0] script '/domains/memanuel/malls.php' not found or unable to stat
[Wed Feb 18 02:07:43.207283 2026] [php:error] [pid 58274] [client 45.8.17.64:0] script '/domains/egmaweb/sx.php' not found or unable to stat
[Wed Feb 18 02:07:43.225366 2026] [php:error] [pid 58255] [client 103.125.146.50:0] script '/domains/memanuel/liefs.php' not found or unable to stat
[Wed Feb 18 02:07:44.807825 2026] [php:error] [pid 58274] [client 45.8.17.64:0] script '/domains/egmaweb/images/wp-login.php' not found or unable to stat
[Wed Feb 18 02:07:45.092272 2026] [php:error] [pid 58274] [client 45.8.17.64:0] script '/domains/egmaweb/web.php' not found or unable to stat
[Wed Feb 18 02:07:45.147851 2026] [php:error] [pid 58255] [client 103.125.146.50:0] script '/domains/memanuel/uc.php' not found or unable to stat
[Wed Feb 18 02:07:45.779063 2026] [php:error] [pid 58255] [client 103.125.146.50:0] script '/domains/memanuel/locks.php' not found or unable to stat
[Wed Feb 18 02:07:46.201585 2026] [php:error] [pid 58274] [client 45.8.17.64:0] script '/domains/egmaweb/wp-uploads-config.php' not found or unable to stat
[Wed Feb 18 02:07:46.452494 2026] [php:error] [pid 58255] [client 103.125.146.50:0] script '/domains/memanuel/wp-dsdd.php' not found or unable to stat
[Wed Feb 18 02:07:48.606808 2026] [php:error] [pid 58266] [client 45.8.17.135:0] script '/domains/egmaweb/upload.php' not found or unable to stat
[Wed Feb 18 02:07:49.166276 2026] [php:error] [pid 58266] [client 45.8.17.135:0] script '/domains/egmaweb/indeex.php' not found or unable to stat
[Wed Feb 18 02:07:49.462796 2026] [php:error] [pid 58266] [client 45.8.17.135:0] script '/domains/egmaweb/dropdown.php' not found or unable to stat
[Wed Feb 18 02:07:50.560262 2026] [php:error] [pid 58255] [client 103.125.146.50:0] script '/domains/memanuel/wp-themes.php' not found or unable to stat
[Wed Feb 18 02:07:50.677161 2026] [php:error] [pid 58266] [client 45.8.17.135:0] script '/domains/egmaweb/bs.php' not found or unable to stat
[Wed Feb 18 02:07:51.072069 2026] [php:error] [pid 58255] [client 103.125.146.50:0] script '/domains/memanuel/wp-uploads.php' not found or unable to stat
[Wed Feb 18 02:07:51.269331 2026] [php:error] [pid 58266] [client 45.8.17.135:0] script '/domains/egmaweb/credits.php' not found or unable to stat
[Wed Feb 18 02:07:51.519370 2026] [php:error] [pid 58266] [client 45.8.17.135:0] script '/domains/egmaweb/edit-comments.php' not found or unable to stat
[Wed Feb 18 02:07:51.738617 2026] [php:error] [pid 58255] [client 103.125.146.50:0] script '/domains/memanuel/wp-files.php' not found or unable to stat
[Wed Feb 18 02:07:51.788041 2026] [php:error] [pid 58266] [client 45.8.17.135:0] script '/domains/egmaweb/checkbox.php' not found or unable to stat
[Wed Feb 18 02:07:52.098193 2026] [php:error] [pid 58266] [client 45.8.17.135:0] script '/domains/egmaweb/export.php' not found or unable to stat
[Wed Feb 18 02:07:52.386584 2026] [php:error] [pid 58266] [client 45.8.17.135:0] script '/domains/egmaweb/input.php' not found or unable to stat
[Wed Feb 18 02:07:52.673413 2026] [php:error] [pid 58266] [client 45.8.17.135:0] script '/domains/egmaweb/load-scripts.php' not found or unable to stat
[Wed Feb 18 02:07:52.911170 2026] [php:error] [pid 58255] [client 103.125.146.50:0] script '/domains/memanuel/t.php' not found or unable to stat
[Wed Feb 18 02:07:52.969193 2026] [php:error] [pid 58266] [client 45.8.17.135:0] script '/domains/egmaweb/load-styles.php' not found or unable to stat
[Wed Feb 18 02:07:53.261555 2026] [php:error] [pid 58266] [client 45.8.17.135:0] script '/domains/egmaweb/options-discussion.php' not found or unable to stat
[Wed Feb 18 02:07:53.514252 2026] [php:error] [pid 58266] [client 45.8.17.135:0] script '/domains/egmaweb/options-general.php' not found or unable to stat
[Wed Feb 18 02:07:53.786971 2026] [php:error] [pid 58266] [client 45.8.17.135:0] script '/domains/egmaweb/options-permalink.php' not found or unable to stat
[Wed Feb 18 02:07:54.084395 2026] [php:error] [pid 58266] [client 45.8.17.135:0] script '/domains/egmaweb/options-privacy.php' not found or unable to stat
[Wed Feb 18 02:07:54.368056 2026] [php:error] [pid 58266] [client 45.8.17.135:0] script '/domains/egmaweb/options-reading.php' not found or unable to stat
[Wed Feb 18 02:07:54.672179 2026] [php:error] [pid 58266] [client 45.8.17.135:0] script '/domains/egmaweb/options-writing.php' not found or unable to stat
[Wed Feb 18 02:07:54.925009 2026] [php:error] [pid 58266] [client 45.8.17.135:0] script '/domains/egmaweb/post-new.php' not found or unable to stat
[Wed Feb 18 02:07:55.190716 2026] [php:error] [pid 58266] [client 45.8.17.135:0] script '/domains/egmaweb/privacy.php' not found or unable to stat
[Wed Feb 18 02:07:55.472451 2026] [php:error] [pid 58266] [client 45.8.17.135:0] script '/domains/egmaweb/profile.php' not found or unable to stat
[Wed Feb 18 02:07:55.779245 2026] [php:error] [pid 58266] [client 45.8.17.135:0] script '/domains/egmaweb/site-health.php' not found or unable to stat
[Wed Feb 18 02:07:56.064417 2026] [php:error] [pid 58266] [client 45.8.17.135:0] script '/domains/egmaweb/tools.php' not found or unable to stat
[Wed Feb 18 02:07:56.369338 2026] [php:error] [pid 58266] [client 45.8.17.135:0] script '/domains/egmaweb/update-core.php' not found or unable to stat
[Wed Feb 18 02:07:56.432411 2026] [php:error] [pid 58255] [client 103.125.146.50:0] script '/domains/memanuel/stindex.php' not found or unable to stat
[Wed Feb 18 02:07:56.619251 2026] [php:error] [pid 58266] [client 45.8.17.135:0] script '/domains/egmaweb/user-edit.php' not found or unable to stat
[Wed Feb 18 02:07:56.900545 2026] [php:error] [pid 58266] [client 45.8.17.135:0] script '/domains/egmaweb/user-new.php' not found or unable to stat
[Wed Feb 18 02:07:57.175592 2026] [php:error] [pid 58266] [client 45.8.17.135:0] script '/domains/egmaweb/wp-cron.php' not found or unable to stat
[Wed Feb 18 02:07:57.188924 2026] [php:error] [pid 58255] [client 103.125.146.50:0] script '/domains/memanuel/shop.php' not found or unable to stat
[Wed Feb 18 02:07:57.452341 2026] [php:error] [pid 58255] [client 103.125.146.50:0] script '/domains/memanuel/test/test.php' not found or unable to stat
[Wed Feb 18 02:07:57.468156 2026] [php:error] [pid 58266] [client 45.8.17.135:0] script '/domains/egmaweb/bar.php' not found or unable to stat
[Wed Feb 18 02:07:57.718321 2026] [php:error] [pid 58266] [client 45.8.17.135:0] script '/domains/egmaweb/samll.php' not found or unable to stat
[Wed Feb 18 02:07:58.004545 2026] [php:error] [pid 58266] [client 45.8.17.135:0] script '/domains/egmaweb/webdb.php' not found or unable to stat
[Wed Feb 18 02:07:58.346927 2026] [php:error] [pid 58277] [client 103.125.146.37:0] script '/domains/memanuel/exit.php' not found or unable to stat
[Wed Feb 18 02:07:58.383706 2026] [php:error] [pid 58266] [client 45.8.17.135:0] script '/domains/egmaweb/100.php' not found or unable to stat
[Wed Feb 18 02:07:58.664064 2026] [php:error] [pid 58266] [client 45.8.17.135:0] script '/domains/egmaweb/plugin-install.php' not found or unable to stat
[Wed Feb 18 02:07:58.917527 2026] [php:error] [pid 58266] [client 45.8.17.135:0] script '/domains/egmaweb/km.php' not found or unable to stat
[Wed Feb 18 02:07:59.191720 2026] [php:error] [pid 58266] [client 45.8.17.135:0] script '/domains/egmaweb/LA.php' not found or unable to stat
[Wed Feb 18 02:07:59.248539 2026] [php:error] [pid 58277] [client 103.125.146.37:0] script '/domains/memanuel/install.php' not found or unable to stat
[Wed Feb 18 02:07:59.508200 2026] [php:error] [pid 58266] [client 45.8.17.135:0] script '/domains/egmaweb/wp-good.php' not found or unable to stat
[Wed Feb 18 02:07:59.551326 2026] [php:error] [pid 58277] [client 103.125.146.37:0] script '/domains/memanuel/max.php' not found or unable to stat
[Wed Feb 18 02:07:59.783809 2026] [php:error] [pid 58266] [client 45.8.17.135:0] script '/domains/egmaweb/wp-ldd.php' not found or unable to stat
[Wed Feb 18 02:07:59.886420 2026] [php:error] [pid 58277] [client 103.125.146.37:0] script '/domains/memanuel/wp-load.php' not found or unable to stat
[Wed Feb 18 02:08:00.070597 2026] [php:error] [pid 58266] [client 45.8.17.135:0] script '/domains/egmaweb/sgd.php' not found or unable to stat
[Wed Feb 18 02:08:00.392018 2026] [php:error] [pid 58266] [client 45.8.17.135:0] script '/domains/egmaweb/wzy.php' not found or unable to stat
[Wed Feb 18 02:08:00.514074 2026] [php:error] [pid 58277] [client 103.125.146.37:0] script '/domains/memanuel/aa.php' not found or unable to stat
[Wed Feb 18 02:08:01.263870 2026] [php:error] [pid 58266] [client 45.8.17.135:0] script '/domains/egmaweb/chosen.php' not found or unable to stat
[Wed Feb 18 02:08:01.881581 2026] [php:error] [pid 58266] [client 45.8.17.135:0] script '/domains/egmaweb/wp-signup.php' not found or unable to stat
[Wed Feb 18 02:08:02.433853 2026] [php:error] [pid 58277] [client 103.125.146.37:0] script '/domains/memanuel/shellv3.php' not found or unable to stat
[Wed Feb 18 02:08:03.066181 2026] [php:error] [pid 58266] [client 45.8.17.135:0] script '/domains/egmaweb/class.php' not found or unable to stat
[Wed Feb 18 02:08:03.323964 2026] [php:error] [pid 58277] [client 103.125.146.37:0] script '/domains/memanuel/sh.php' not found or unable to stat
[Wed Feb 18 02:08:03.592187 2026] [php:error] [pid 58266] [client 45.8.17.135:0] script '/domains/egmaweb/Njima.php' not found or unable to stat
[Wed Feb 18 02:08:04.330994 2026] [php:error] [pid 58277] [client 103.125.146.37:0] script '/domains/memanuel/function.php' not found or unable to stat
[Wed Feb 18 02:08:05.013323 2026] [php:error] [pid 58266] [client 45.8.17.135:0] script '/domains/egmaweb/FroggBaba.php' not found or unable to stat
[Wed Feb 18 02:08:06.112106 2026] [php:error] [pid 58277] [client 103.125.146.37:0] script '/domains/memanuel/m.php' not found or unable to stat
[Wed Feb 18 02:08:06.148316 2026] [php:error] [pid 58266] [client 45.8.17.135:0] script '/domains/egmaweb/sts.php' not found or unable to stat
[Wed Feb 18 02:08:06.474873 2026] [php:error] [pid 58277] [client 103.125.146.37:0] script '/domains/memanuel/delete3.php' not found or unable to stat
[Wed Feb 18 02:08:07.179220 2026] [php:error] [pid 58277] [client 103.125.146.37:0] script '/domains/memanuel/mm.php' not found or unable to stat
[Wed Feb 18 02:08:07.766835 2026] [php:error] [pid 58266] [client 45.8.17.135:0] script '/domains/egmaweb/st.php' not found or unable to stat
[Wed Feb 18 02:08:08.064063 2026] [php:error] [pid 58266] [client 45.8.17.135:0] script '/domains/egmaweb/GA13.php' not found or unable to stat
[Wed Feb 18 02:08:08.266486 2026] [php:error] [pid 58277] [client 103.125.146.37:0] script '/domains/memanuel/server.php' not found or unable to stat
[Wed Feb 18 02:08:08.908720 2026] [php:error] [pid 58277] [client 103.125.146.37:0] script '/domains/memanuel/mailer.php' not found or unable to stat
[Wed Feb 18 02:08:09.363972 2026] [php:error] [pid 58277] [client 103.125.146.37:0] script '/domains/memanuel/www.php' not found or unable to stat
[Wed Feb 18 02:08:09.967964 2026] [php:error] [pid 58266] [client 45.8.17.135:0] script '/domains/egmaweb/crop.php' not found or unable to stat
[Wed Feb 18 02:08:10.087914 2026] [php:error] [pid 58277] [client 103.125.146.37:0] script '/domains/memanuel/cache.php' not found or unable to stat
[Wed Feb 18 02:08:10.786189 2026] [php:error] [pid 58266] [client 45.8.17.135:0] script '/domains/egmaweb/gali.php' not found or unable to stat
[Wed Feb 18 02:08:11.613805 2026] [php:error] [pid 58266] [client 45.8.17.135:0] script '/domains/egmaweb/dir.php' not found or unable to stat
[Wed Feb 18 02:08:11.892142 2026] [php:error] [pid 58266] [client 45.8.17.135:0] script '/domains/egmaweb/dirs.php' not found or unable to stat
[Wed Feb 18 02:08:12.219332 2026] [php:error] [pid 58266] [client 45.8.17.135:0] script '/domains/egmaweb/abouts.php' not found or unable to stat
[Wed Feb 18 02:08:12.562559 2026] [php:error] [pid 58266] [client 45.8.17.135:0] script '/domains/egmaweb/malls.php' not found or unable to stat
[Wed Feb 18 02:08:12.818711 2026] [php:error] [pid 58266] [client 45.8.17.135:0] script '/domains/egmaweb/liefs.php' not found or unable to stat
[Wed Feb 18 02:08:13.100942 2026] [php:error] [pid 58266] [client 45.8.17.135:0] script '/domains/egmaweb/uc.php' not found or unable to stat
[Wed Feb 18 02:08:13.381070 2026] [php:error] [pid 58266] [client 45.8.17.135:0] script '/domains/egmaweb/locks.php' not found or unable to stat
[Wed Feb 18 02:08:13.671289 2026] [php:error] [pid 58266] [client 45.8.17.135:0] script '/domains/egmaweb/wp-dsdd.php' not found or unable to stat
[Wed Feb 18 02:08:13.810836 2026] [php:error] [pid 58277] [client 103.125.146.37:0] script '/domains/memanuel/wp-header.php' not found or unable to stat
[Wed Feb 18 02:08:14.325586 2026] [php:error] [pid 58277] [client 103.125.146.37:0] script '/domains/memanuel/shop.php' not found or unable to stat
[Wed Feb 18 02:08:15.183541 2026] [php:error] [pid 58266] [client 45.8.17.135:0] script '/domains/egmaweb/wp-themes.php' not found or unable to stat
[Wed Feb 18 02:08:15.470017 2026] [php:error] [pid 58266] [client 45.8.17.135:0] script '/domains/egmaweb/wp-uploads.php' not found or unable to stat
[Wed Feb 18 02:08:15.495351 2026] [php:error] [pid 58284] [client 158.158.105.51:0] script '/domains/carynm/tfm.php' not found or unable to stat
[Wed Feb 18 02:08:15.585493 2026] [php:error] [pid 58284] [client 158.158.105.51:0] script '/domains/carynm/wp-blogs.php' not found or unable to stat
[Wed Feb 18 02:08:15.669104 2026] [php:error] [pid 58284] [client 158.158.105.51:0] script '/domains/carynm/amp.php' not found or unable to stat
[Wed Feb 18 02:08:15.765430 2026] [php:error] [pid 58284] [client 158.158.105.51:0] script '/domains/carynm/666.php' not found or unable to stat
[Wed Feb 18 02:08:15.775653 2026] [php:error] [pid 58266] [client 45.8.17.135:0] script '/domains/egmaweb/wp-files.php' not found or unable to stat
[Wed Feb 18 02:08:15.848670 2026] [php:error] [pid 58284] [client 158.158.105.51:0] script '/domains/carynm/asax.php' not found or unable to stat
[Wed Feb 18 02:08:15.938782 2026] [php:error] [pid 58284] [client 158.158.105.51:0] script '/domains/carynm/init.php' not found or unable to stat
[Wed Feb 18 02:08:16.022208 2026] [php:error] [pid 58284] [client 158.158.105.51:0] script '/domains/carynm/bootstrap.php' not found or unable to stat
[Wed Feb 18 02:08:16.066000 2026] [php:error] [pid 58266] [client 45.8.17.135:0] script '/domains/egmaweb/t.php' not found or unable to stat
[Wed Feb 18 02:08:16.105645 2026] [php:error] [pid 58284] [client 158.158.105.51:0] script '/domains/carynm/sc.php' not found or unable to stat
[Wed Feb 18 02:08:16.196296 2026] [php:error] [pid 58284] [client 158.158.105.51:0] script '/domains/carynm/term.php' not found or unable to stat
[Wed Feb 18 02:08:16.279610 2026] [php:error] [pid 58284] [client 158.158.105.51:0] script '/domains/carynm/global.php' not found or unable to stat
[Wed Feb 18 02:08:16.327989 2026] [php:error] [pid 58266] [client 45.8.17.135:0] script '/domains/egmaweb/stindex.php' not found or unable to stat
[Wed Feb 18 02:08:16.373181 2026] [php:error] [pid 58284] [client 158.158.105.51:0] script '/domains/carynm/black.php' not found or unable to stat
[Wed Feb 18 02:08:16.466310 2026] [php:error] [pid 58284] [client 158.158.105.51:0] script '/domains/carynm/222.php' not found or unable to stat
[Wed Feb 18 02:08:16.549977 2026] [php:error] [pid 58284] [client 158.158.105.51:0] script '/domains/carynm/t.php' not found or unable to stat
[Wed Feb 18 02:08:16.611253 2026] [php:error] [pid 58266] [client 45.8.17.135:0] script '/domains/egmaweb/shop.php' not found or unable to stat
[Wed Feb 18 02:08:16.633643 2026] [php:error] [pid 58284] [client 158.158.105.51:0] script '/domains/carynm/lib.php' not found or unable to stat
[Wed Feb 18 02:08:16.716789 2026] [php:error] [pid 58284] [client 158.158.105.51:0] script '/domains/carynm/asus.php' not found or unable to stat
[Wed Feb 18 02:08:16.799957 2026] [php:error] [pid 58284] [client 158.158.105.51:0] script '/domains/carynm/dox.php' not found or unable to stat
[Wed Feb 18 02:08:16.893933 2026] [php:error] [pid 58284] [client 158.158.105.51:0] script '/domains/carynm/s.php' not found or unable to stat
[Wed Feb 18 02:08:16.977353 2026] [php:error] [pid 58284] [client 158.158.105.51:0] script '/domains/carynm/file.php' not found or unable to stat
[Wed Feb 18 02:08:17.066798 2026] [php:error] [pid 58284] [client 158.158.105.51:0] script '/domains/carynm/bolt.php' not found or unable to stat
[Wed Feb 18 02:08:17.158523 2026] [php:error] [pid 58284] [client 158.158.105.51:0] script '/domains/carynm/166.php' not found or unable to stat
[Wed Feb 18 02:08:17.243359 2026] [php:error] [pid 58284] [client 158.158.105.51:0] script '/domains/carynm/wen.php' not found or unable to stat
[Wed Feb 18 02:08:17.326800 2026] [php:error] [pid 58284] [client 158.158.105.51:0] script '/domains/carynm/wp-act.php' not found or unable to stat
[Wed Feb 18 02:08:17.409978 2026] [php:error] [pid 58284] [client 158.158.105.51:0] script '/domains/carynm/ff1.php' not found or unable to stat
[Wed Feb 18 02:08:17.469827 2026] [php:error] [pid 58279] [client 45.8.17.107:0] script '/domains/egmaweb/exit.php' not found or unable to stat
[Wed Feb 18 02:08:17.492825 2026] [php:error] [pid 58284] [client 158.158.105.51:0] script '/domains/carynm/66.php' not found or unable to stat
[Wed Feb 18 02:08:17.650101 2026] [php:error] [pid 58284] [client 158.158.105.51:0] script '/domains/carynm/ws66.php' not found or unable to stat
[Wed Feb 18 02:08:17.734297 2026] [php:error] [pid 58284] [client 158.158.105.51:0] script '/domains/carynm/bgymj.php' not found or unable to stat
[Wed Feb 18 02:08:17.760713 2026] [php:error] [pid 58279] [client 45.8.17.107:0] script '/domains/egmaweb/install.php' not found or unable to stat
[Wed Feb 18 02:08:17.817850 2026] [php:error] [pid 58284] [client 158.158.105.51:0] script '/domains/carynm/24.php' not found or unable to stat
[Wed Feb 18 02:08:17.901330 2026] [php:error] [pid 58284] [client 158.158.105.51:0] script '/domains/carynm/h02ugyh.php' not found or unable to stat
[Wed Feb 18 02:08:17.990495 2026] [php:error] [pid 58284] [client 158.158.105.51:0] script '/domains/carynm/a4.php' not found or unable to stat
[Wed Feb 18 02:08:18.006342 2026] [php:error] [pid 58279] [client 45.8.17.107:0] script '/domains/egmaweb/max.php' not found or unable to stat
[Wed Feb 18 02:08:18.074525 2026] [php:error] [pid 58284] [client 158.158.105.51:0] script '/domains/carynm/inputs.php' not found or unable to stat
[Wed Feb 18 02:08:18.291487 2026] [php:error] [pid 58279] [client 45.8.17.107:0] script '/domains/egmaweb/wp-load.php' not found or unable to stat
[Wed Feb 18 02:08:18.306677 2026] [php:error] [pid 58284] [client 158.158.105.51:0] script '/domains/carynm/gfd.php' not found or unable to stat
