[Wed Feb 18 04:09:08.328682 2026] [php:error] [pid 82692] [client 20.42.209.0:0] script '/domains/highlandlabs/pouhg.php' not found or unable to stat
[Wed Feb 18 04:09:08.526034 2026] [php:error] [pid 82692] [client 20.42.209.0:0] script '/domains/highlandlabs/cc13.php' not found or unable to stat
[Wed Feb 18 04:09:08.723603 2026] [php:error] [pid 82692] [client 20.42.209.0:0] script '/domains/highlandlabs/wp-22.php' not found or unable to stat
[Wed Feb 18 04:09:08.920887 2026] [php:error] [pid 82692] [client 20.42.209.0:0] script '/domains/highlandlabs/fz.php' not found or unable to stat
[Wed Feb 18 04:09:09.118509 2026] [php:error] [pid 82692] [client 20.42.209.0:0] script '/domains/highlandlabs/v2.php' not found or unable to stat
[Wed Feb 18 04:09:09.316364 2026] [php:error] [pid 82692] [client 20.42.209.0:0] script '/domains/highlandlabs/ty.php' not found or unable to stat
[Wed Feb 18 04:09:09.513558 2026] [php:error] [pid 82692] [client 20.42.209.0:0] script '/domains/highlandlabs/g84.php' not found or unable to stat
[Wed Feb 18 04:09:09.712286 2026] [php:error] [pid 82692] [client 20.42.209.0:0] script '/domains/highlandlabs/106.php' not found or unable to stat
[Wed Feb 18 04:09:09.909882 2026] [php:error] [pid 82692] [client 20.42.209.0:0] script '/domains/highlandlabs/file2.php' not found or unable to stat
[Wed Feb 18 04:09:10.107577 2026] [php:error] [pid 82692] [client 20.42.209.0:0] script '/domains/highlandlabs/mmm.php' not found or unable to stat
[Wed Feb 18 04:09:10.304757 2026] [php:error] [pid 82692] [client 20.42.209.0:0] script '/domains/highlandlabs/R57.php' not found or unable to stat
[Wed Feb 18 04:09:10.502418 2026] [php:error] [pid 82692] [client 20.42.209.0:0] script '/domains/highlandlabs/ws66.php' not found or unable to stat
[Wed Feb 18 04:09:10.699943 2026] [php:error] [pid 82692] [client 20.42.209.0:0] script '/domains/highlandlabs/666.php' not found or unable to stat
[Wed Feb 18 04:09:10.857009 2026] [php:error] [pid 82689] [client 216.73.162.17:0] script '/domains/davidbacker/about.php' not found or unable to stat
[Wed Feb 18 04:09:10.897358 2026] [php:error] [pid 82692] [client 20.42.209.0:0] script '/domains/highlandlabs/V2_xml.php' not found or unable to stat
[Wed Feb 18 04:09:11.100595 2026] [php:error] [pid 82692] [client 20.42.209.0:0] script '/domains/highlandlabs/xy.php' not found or unable to stat
[Wed Feb 18 04:09:11.297908 2026] [php:error] [pid 82692] [client 20.42.209.0:0] script '/domains/highlandlabs/salam.php' not found or unable to stat
[Wed Feb 18 04:09:11.509710 2026] [php:error] [pid 82692] [client 20.42.209.0:0] script '/domains/highlandlabs/8.php' not found or unable to stat
[Wed Feb 18 04:09:11.612335 2026] [php:error] [pid 82689] [client 216.73.162.17:0] script '/domains/davidbacker/cong.php' not found or unable to stat
[Wed Feb 18 04:09:11.707031 2026] [php:error] [pid 82692] [client 20.42.209.0:0] script '/domains/highlandlabs/whm-cp.php' not found or unable to stat
[Wed Feb 18 04:09:11.904992 2026] [php:error] [pid 82692] [client 20.42.209.0:0] script '/domains/highlandlabs/zing.php' not found or unable to stat
[Wed Feb 18 04:09:12.130424 2026] [php:error] [pid 82692] [client 20.42.209.0:0] script '/domains/highlandlabs/nes.php' not found or unable to stat
[Wed Feb 18 04:09:12.331847 2026] [php:error] [pid 82692] [client 20.42.209.0:0] script '/domains/highlandlabs/wp-pass.php' not found or unable to stat
[Wed Feb 18 04:09:12.530256 2026] [php:error] [pid 82692] [client 20.42.209.0:0] script '/domains/highlandlabs/eew.php' not found or unable to stat
[Wed Feb 18 04:09:12.727906 2026] [php:error] [pid 82692] [client 20.42.209.0:0] script '/domains/highlandlabs/rendi59.php' not found or unable to stat
[Wed Feb 18 04:09:12.929126 2026] [php:error] [pid 82692] [client 20.42.209.0:0] script '/domains/highlandlabs/iov.php' not found or unable to stat
[Wed Feb 18 04:09:13.126347 2026] [php:error] [pid 82692] [client 20.42.209.0:0] script '/domains/highlandlabs/xinder.php' not found or unable to stat
[Wed Feb 18 04:09:13.324836 2026] [php:error] [pid 82692] [client 20.42.209.0:0] script '/domains/highlandlabs/rivasqup.php' not found or unable to stat
[Wed Feb 18 04:09:13.392071 2026] [php:error] [pid 82689] [client 216.73.162.17:0] script '/domains/davidbacker/wp-links.php' not found or unable to stat
[Wed Feb 18 04:09:13.522050 2026] [php:error] [pid 82692] [client 20.42.209.0:0] script '/domains/highlandlabs/R57.php' not found or unable to stat
[Wed Feb 18 04:09:13.719343 2026] [php:error] [pid 82692] [client 20.42.209.0:0] script '/domains/highlandlabs/baixy.php' not found or unable to stat
[Wed Feb 18 04:09:13.916981 2026] [php:error] [pid 82692] [client 20.42.209.0:0] script '/domains/highlandlabs/out.php' not found or unable to stat
[Wed Feb 18 04:09:13.982439 2026] [php:error] [pid 82695] [client 136.144.17.48:0] script '/domains/davidbacker/makeasmtp.php' not found or unable to stat
[Wed Feb 18 04:09:14.510214 2026] [php:error] [pid 82692] [client 20.42.209.0:0] script '/domains/highlandlabs/sbhu.php' not found or unable to stat
[Wed Feb 18 04:09:14.708357 2026] [php:error] [pid 82692] [client 20.42.209.0:0] script '/domains/highlandlabs/zz8.php' not found or unable to stat
[Wed Feb 18 04:09:14.905729 2026] [php:error] [pid 82692] [client 20.42.209.0:0] script '/domains/highlandlabs/acfdr.php' not found or unable to stat
[Wed Feb 18 04:09:15.303495 2026] [php:error] [pid 82692] [client 20.42.209.0:0] script '/domains/highlandlabs/wp-k3w6g9s4h2.php' not found or unable to stat
[Wed Feb 18 04:09:15.500811 2026] [php:error] [pid 82692] [client 20.42.209.0:0] script '/domains/highlandlabs/we.php' not found or unable to stat
[Wed Feb 18 04:09:15.700527 2026] [php:error] [pid 82692] [client 20.42.209.0:0] script '/domains/highlandlabs/bjfl.php' not found or unable to stat
[Wed Feb 18 04:09:15.898682 2026] [php:error] [pid 82695] [client 136.144.17.48:0] script '/domains/davidbacker/login.php' not found or unable to stat
[Wed Feb 18 04:09:15.900093 2026] [php:error] [pid 82692] [client 20.42.209.0:0] script '/domains/highlandlabs/init.php' not found or unable to stat
[Wed Feb 18 04:09:16.102842 2026] [php:error] [pid 82692] [client 20.42.209.0:0] script '/domains/highlandlabs/co.php' not found or unable to stat
[Wed Feb 18 04:09:19.074931 2026] [php:error] [pid 82695] [client 136.144.17.48:0] script '/domains/davidbacker/wander.php' not found or unable to stat
[Wed Feb 18 04:09:20.085892 2026] [php:error] [pid 82695] [client 136.144.17.48:0] script '/domains/davidbacker/wp-config-sample.php' not found or unable to stat
[Wed Feb 18 04:09:21.277568 2026] [php:error] [pid 82695] [client 136.144.17.48:0] script '/domains/davidbacker/images/autoload_classmap.php' not found or unable to stat
[Wed Feb 18 04:09:21.614284 2026] [php:error] [pid 82695] [client 136.144.17.48:0] script '/domains/davidbacker/manager.php' not found or unable to stat
[Wed Feb 18 04:09:22.533930 2026] [php:error] [pid 82695] [client 136.144.17.48:0] script '/domains/davidbacker/users.php' not found or unable to stat
[Wed Feb 18 04:09:23.385932 2026] [php:error] [pid 82695] [client 136.144.17.48:0] script '/domains/davidbacker/sim.php' not found or unable to stat
[Wed Feb 18 04:09:23.662771 2026] [php:error] [pid 82695] [client 136.144.17.48:0] script '/domains/davidbacker/about/function.php' not found or unable to stat
[Wed Feb 18 04:09:24.559587 2026] [php:error] [pid 82695] [client 136.144.17.48:0] script '/domains/davidbacker/function.php' not found or unable to stat
[Wed Feb 18 04:09:29.590410 2026] [php:error] [pid 82695] [client 136.144.17.48:0] script '/domains/davidbacker/wp-mail.php' not found or unable to stat
[Wed Feb 18 04:09:30.756874 2026] [php:error] [pid 82695] [client 136.144.17.48:0] script '/domains/davidbacker/admin-post.php' not found or unable to stat
[Wed Feb 18 04:09:31.049440 2026] [php:error] [pid 82695] [client 136.144.17.48:0] script '/domains/davidbacker/conf_upload.php' not found or unable to stat
[Wed Feb 18 04:09:32.567883 2026] [php:error] [pid 82695] [client 136.144.17.48:0] script '/domains/davidbacker/wp-configs.php' not found or unable to stat
[Wed Feb 18 04:09:34.083952 2026] [php:error] [pid 82692] [client 136.144.17.67:0] script '/domains/davidbacker/f35.php' not found or unable to stat
[Wed Feb 18 04:09:34.917639 2026] [php:error] [pid 82692] [client 136.144.17.67:0] script '/domains/davidbacker/edit.php' not found or unable to stat
[Wed Feb 18 04:09:35.766406 2026] [php:error] [pid 82692] [client 136.144.17.67:0] script '/domains/davidbacker/files.php' not found or unable to stat
[Wed Feb 18 04:09:36.075101 2026] [php:error] [pid 82692] [client 136.144.17.67:0] script '/domains/davidbacker/webadmin.php' not found or unable to stat
[Wed Feb 18 04:09:36.999460 2026] [php:error] [pid 82692] [client 136.144.17.67:0] script '/domains/davidbacker/wsa.php' not found or unable to stat
[Wed Feb 18 04:09:37.276613 2026] [php:error] [pid 82692] [client 136.144.17.67:0] script '/domains/davidbacker/tinyfilemanager.php' not found or unable to stat
[Wed Feb 18 04:09:38.556503 2026] [php:error] [pid 82692] [client 136.144.17.67:0] script '/domains/davidbacker/woh.php' not found or unable to stat
[Wed Feb 18 04:09:39.467956 2026] [php:error] [pid 82692] [client 136.144.17.67:0] script '/domains/davidbacker/bless.php' not found or unable to stat
[Wed Feb 18 04:09:39.760093 2026] [php:error] [pid 82692] [client 136.144.17.67:0] script '/domains/davidbacker/wp-trackback.php' not found or unable to stat
[Wed Feb 18 04:09:40.072990 2026] [php:error] [pid 82692] [client 136.144.17.67:0] script '/domains/davidbacker/info.php' not found or unable to stat
[Wed Feb 18 04:09:40.953045 2026] [php:error] [pid 82692] [client 136.144.17.67:0] script '/domains/davidbacker/buy.php' not found or unable to stat
[Wed Feb 18 04:09:41.522850 2026] [php:error] [pid 82692] [client 136.144.17.67:0] script '/domains/davidbacker/readme.php' not found or unable to stat
[Wed Feb 18 04:09:41.790056 2026] [php:error] [pid 82692] [client 136.144.17.67:0] script '/domains/davidbacker/sck.php' not found or unable to stat
[Wed Feb 18 04:09:42.059825 2026] [php:error] [pid 82692] [client 136.144.17.67:0] script '/domains/davidbacker/fm.php' not found or unable to stat
[Wed Feb 18 04:09:42.601699 2026] [php:error] [pid 82692] [client 136.144.17.67:0] script '/domains/davidbacker/packed.php' not found or unable to stat
[Wed Feb 18 04:09:42.882713 2026] [php:error] [pid 82692] [client 136.144.17.67:0] script '/domains/davidbacker/about.php' not found or unable to stat
[Wed Feb 18 04:09:44.054860 2026] [php:error] [pid 82692] [client 136.144.17.67:0] script '/domains/davidbacker/plugin.php' not found or unable to stat
[Wed Feb 18 04:09:45.180315 2026] [php:error] [pid 82692] [client 136.144.17.67:0] script '/domains/davidbacker/chosen.php' not found or unable to stat
[Wed Feb 18 04:09:45.588403 2026] [php:error] [pid 82692] [client 136.144.17.67:0] script '/domains/davidbacker/load.php' not found or unable to stat
[Wed Feb 18 04:09:46.171833 2026] [php:error] [pid 82692] [client 136.144.17.67:0] script '/domains/davidbacker/edit-tags.php' not found or unable to stat
[Wed Feb 18 04:09:47.067030 2026] [php:error] [pid 82692] [client 136.144.17.67:0] script '/domains/davidbacker/autoload_classmap.php' not found or unable to stat
[Wed Feb 18 04:09:47.369405 2026] [php:error] [pid 82692] [client 136.144.17.67:0] script '/domains/davidbacker/lock.php' not found or unable to stat
[Wed Feb 18 04:09:49.451741 2026] [php:error] [pid 82693] [client 136.144.17.68:0] script '/domains/davidbacker/product.php' not found or unable to stat
[Wed Feb 18 04:09:50.948695 2026] [php:error] [pid 82692] [client 216.73.162.28:0] script '/domains/davidbacker/base.php' not found or unable to stat
[Wed Feb 18 04:09:51.551949 2026] [php:error] [pid 82692] [client 216.73.162.28:0] script '/domains/davidbacker/zero.php' not found or unable to stat
[Wed Feb 18 04:09:52.452981 2026] [php:error] [pid 82692] [client 216.73.162.28:0] script '/domains/davidbacker/style.php' not found or unable to stat
[Wed Feb 18 04:09:52.756520 2026] [php:error] [pid 82692] [client 216.73.162.28:0] script '/domains/davidbacker/db.php' not found or unable to stat
[Wed Feb 18 04:09:54.283700 2026] [php:error] [pid 82707] [client 216.73.162.24:0] script '/domains/davidbacker/wp-set.php' not found or unable to stat
[Wed Feb 18 04:09:54.588512 2026] [php:error] [pid 82707] [client 216.73.162.24:0] script '/domains/davidbacker/file.php' not found or unable to stat
[Wed Feb 18 04:09:59.385292 2026] [php:error] [pid 82711] [client 136.144.17.70:0] script '/domains/davidbacker/moon.php' not found or unable to stat
[Wed Feb 18 04:10:03.299343 2026] [php:error] [pid 82711] [client 136.144.17.70:0] script '/domains/davidbacker/pages.php' not found or unable to stat
[Wed Feb 18 04:10:03.621084 2026] [php:error] [pid 82709] [client 68.219.113.135:0] script '/domains/antiqueweb1/file7.php' not found or unable to stat
[Wed Feb 18 04:10:03.698333 2026] [php:error] [pid 82709] [client 68.219.113.135:0] script '/domains/antiqueweb1/e.php' not found or unable to stat
[Wed Feb 18 04:10:03.704146 2026] [php:error] [pid 82711] [client 136.144.17.70:0] script '/domains/davidbacker/bulk.php' not found or unable to stat
[Wed Feb 18 04:10:03.772618 2026] [php:error] [pid 82709] [client 68.219.113.135:0] script '/domains/antiqueweb1/lp6.php' not found or unable to stat
[Wed Feb 18 04:10:03.854239 2026] [php:error] [pid 82709] [client 68.219.113.135:0] script '/domains/antiqueweb1/a4.php' not found or unable to stat
[Wed Feb 18 04:10:03.928604 2026] [php:error] [pid 82709] [client 68.219.113.135:0] script '/domains/antiqueweb1/222.php' not found or unable to stat
[Wed Feb 18 04:10:04.105953 2026] [php:error] [pid 82711] [client 136.144.17.70:0] script '/domains/davidbacker/kk.php' not found or unable to stat
[Wed Feb 18 04:10:04.391395 2026] [php:error] [pid 82709] [client 68.219.113.135:0] script '/domains/antiqueweb1/403.php' not found or unable to stat
[Wed Feb 18 04:10:04.468072 2026] [php:error] [pid 82709] [client 68.219.113.135:0] script '/domains/antiqueweb1/file5.php' not found or unable to stat
[Wed Feb 18 04:10:04.545145 2026] [php:error] [pid 82709] [client 68.219.113.135:0] script '/domains/antiqueweb1/file9.php' not found or unable to stat
[Wed Feb 18 04:10:04.848326 2026] [php:error] [pid 82711] [client 136.144.17.70:0] script '/domains/davidbacker/wp-logout.php' not found or unable to stat
[Wed Feb 18 04:10:05.131950 2026] [php:error] [pid 82709] [client 68.219.113.135:0] script '/domains/antiqueweb1/file8.php' not found or unable to stat
[Wed Feb 18 04:10:05.208783 2026] [php:error] [pid 82709] [client 68.219.113.135:0] script '/domains/antiqueweb1/file3.php' not found or unable to stat
[Wed Feb 18 04:10:05.287528 2026] [php:error] [pid 82709] [client 68.219.113.135:0] script '/domains/antiqueweb1/404.php' not found or unable to stat
[Wed Feb 18 04:10:05.387324 2026] [php:error] [pid 82709] [client 68.219.113.135:0] script '/domains/antiqueweb1/file6.php' not found or unable to stat
[Wed Feb 18 04:10:05.461291 2026] [php:error] [pid 82709] [client 68.219.113.135:0] script '/domains/antiqueweb1/file2.php' not found or unable to stat
[Wed Feb 18 04:10:05.535620 2026] [php:error] [pid 82709] [client 68.219.113.135:0] script '/domains/antiqueweb1/file.php' not found or unable to stat
[Wed Feb 18 04:10:05.639483 2026] [php:error] [pid 82703] [client 89.187.162.178:0] script '/domains/awciii/wp-login.php' not found or unable to stat
[Wed Feb 18 04:10:06.306766 2026] [php:error] [pid 82711] [client 136.144.17.70:0] script '/domains/davidbacker/classwithtostring.php' not found or unable to stat
[Wed Feb 18 04:10:06.696454 2026] [php:error] [pid 82711] [client 136.144.17.70:0] script '/domains/davidbacker/wp-setup.php' not found or unable to stat
[Wed Feb 18 04:10:07.500515 2026] [php:error] [pid 82711] [client 136.144.17.70:0] script '/domains/davidbacker/wp-editor.php' not found or unable to stat
[Wed Feb 18 04:10:07.839132 2026] [php:error] [pid 82711] [client 136.144.17.70:0] script '/domains/davidbacker/wp-simple.php' not found or unable to stat
[Wed Feb 18 04:10:10.656460 2026] [php:error] [pid 82711] [client 136.144.17.70:0] script '/domains/davidbacker/hehehehe.php' not found or unable to stat
[Wed Feb 18 04:10:14.021361 2026] [php:error] [pid 82711] [client 136.144.17.70:0] script '/domains/davidbacker/header.php' not found or unable to stat
[Wed Feb 18 04:10:14.387596 2026] [php:error] [pid 82711] [client 136.144.17.70:0] script '/domains/davidbacker/gecko.php' not found or unable to stat
[Wed Feb 18 04:10:16.036710 2026] [php:error] [pid 82711] [client 136.144.17.70:0] script '/domains/davidbacker/bk.php' not found or unable to stat
[Wed Feb 18 04:10:22.091768 2026] [php:error] [pid 82701] [client 216.73.162.19:0] script '/domains/davidbacker/about.php' not found or unable to stat
[Wed Feb 18 04:10:22.583994 2026] [php:error] [pid 82701] [client 216.73.162.19:0] script '/domains/davidbacker/sym.php' not found or unable to stat
[Wed Feb 18 04:10:25.340770 2026] [php:error] [pid 82701] [client 216.73.162.19:0] script '/domains/davidbacker/sk.php' not found or unable to stat
[Wed Feb 18 04:10:27.190943 2026] [php:error] [pid 82701] [client 216.73.162.22:0] script '/domains/davidbacker/images/Marvins.php' not found or unable to stat
[Wed Feb 18 04:10:28.120731 2026] [php:error] [pid 82701] [client 216.73.162.22:0] script '/domains/davidbacker/images/index.php' not found or unable to stat
[Wed Feb 18 04:10:30.525538 2026] [php:error] [pid 82701] [client 216.73.162.22:0] script '/domains/davidbacker/sys.php' not found or unable to stat
[Wed Feb 18 04:10:31.392340 2026] [php:error] [pid 82701] [client 216.73.162.22:0] script '/domains/davidbacker/wp-user.php' not found or unable to stat
[Wed Feb 18 04:10:31.674470 2026] [php:error] [pid 82701] [client 216.73.162.22:0] script '/domains/davidbacker/customize.php' not found or unable to stat
[Wed Feb 18 04:10:33.455566 2026] [php:error] [pid 82724] [client 136.144.17.43:0] script '/domains/davidbacker/fm1.php' not found or unable to stat
[Wed Feb 18 04:10:34.373707 2026] [php:error] [pid 82724] [client 136.144.17.43:0] script '/domains/davidbacker/wp-settings.php' not found or unable to stat
[Wed Feb 18 04:10:34.987251 2026] [php:error] [pid 82724] [client 136.144.17.43:0] script '/domains/davidbacker/wp-file.php' not found or unable to stat
[Wed Feb 18 04:10:35.264538 2026] [php:error] [pid 82724] [client 136.144.17.43:0] script '/domains/davidbacker/wp-content.php' not found or unable to stat
[Wed Feb 18 04:10:35.858648 2026] [php:error] [pid 82724] [client 136.144.17.43:0] script '/domains/davidbacker/log.php' not found or unable to stat
[Wed Feb 18 04:10:36.445647 2026] [php:error] [pid 82724] [client 136.144.17.43:0] script '/domains/davidbacker/ioxi01.php' not found or unable to stat
[Wed Feb 18 04:10:40.366145 2026] [php:error] [pid 82724] [client 136.144.17.43:0] script '/domains/davidbacker/xx.php' not found or unable to stat
[Wed Feb 18 04:10:41.267973 2026] [php:error] [pid 82724] [client 136.144.17.43:0] script '/domains/davidbacker/css/content.php' not found or unable to stat
[Wed Feb 18 04:10:42.996744 2026] [php:error] [pid 82724] [client 136.144.17.43:0] script '/domains/davidbacker/images.php' not found or unable to stat
[Wed Feb 18 04:10:43.292236 2026] [php:error] [pid 82724] [client 136.144.17.43:0] script '/domains/davidbacker/wp-aespa.php' not found or unable to stat
[Wed Feb 18 04:10:47.980832 2026] [php:error] [pid 82700] [client 136.144.17.51:0] script '/domains/davidbacker/wp-l0gin.php' not found or unable to stat
[Wed Feb 18 04:10:50.294506 2026] [php:error] [pid 82700] [client 136.144.17.51:0] script '/domains/davidbacker/wp-conflg.php' not found or unable to stat
[Wed Feb 18 04:10:51.709916 2026] [php:error] [pid 82700] [client 136.144.17.51:0] script '/domains/davidbacker/images/worksec.php' not found or unable to stat
[Wed Feb 18 04:10:52.010226 2026] [php:error] [pid 82700] [client 136.144.17.51:0] script '/domains/davidbacker/images/rest.php' not found or unable to stat
[Wed Feb 18 04:10:55.150631 2026] [php:error] [pid 82726] [client 136.144.17.59:0] script '/domains/davidbacker/0x.php' not found or unable to stat
[Wed Feb 18 04:10:55.346014 2026] [php:error] [pid 82700] [client 145.239.10.137:0] script '/domains/druckrey/wo.php' not found or unable to stat, referer: http://venge.com/wo.php
[Wed Feb 18 04:10:56.267412 2026] [php:error] [pid 82726] [client 136.144.17.59:0] script '/domains/davidbacker/wpn.php' not found or unable to stat
[Wed Feb 18 04:10:56.598848 2026] [php:error] [pid 82726] [client 136.144.17.59:0] script '/domains/davidbacker/cloud.php' not found or unable to stat
[Wed Feb 18 04:10:56.891923 2026] [php:error] [pid 82726] [client 136.144.17.59:0] script '/domains/davidbacker/upload.php' not found or unable to stat
[Wed Feb 18 04:10:57.206469 2026] [php:error] [pid 82726] [client 136.144.17.59:0] script '/domains/davidbacker/init.php' not found or unable to stat
[Wed Feb 18 04:10:57.771806 2026] [php:error] [pid 82726] [client 136.144.17.59:0] script '/domains/davidbacker/wp-blog.php' not found or unable to stat
[Wed Feb 18 04:10:59.259886 2026] [php:error] [pid 82726] [client 136.144.17.59:0] script '/domains/davidbacker/payout.php' not found or unable to stat
[Wed Feb 18 04:10:59.557136 2026] [php:error] [pid 82726] [client 136.144.17.59:0] script '/domains/davidbacker/lock360.php' not found or unable to stat
[Wed Feb 18 04:10:59.866542 2026] [php:error] [pid 82726] [client 136.144.17.59:0] script '/domains/davidbacker/x.php' not found or unable to stat
[Wed Feb 18 04:11:00.166266 2026] [php:error] [pid 82726] [client 136.144.17.59:0] script '/domains/davidbacker/wp_info.php' not found or unable to stat
[Wed Feb 18 04:11:00.796931 2026] [php:error] [pid 82726] [client 136.144.17.59:0] script '/domains/davidbacker/xml.php' not found or unable to stat
[Wed Feb 18 04:11:01.164363 2026] [php:error] [pid 82726] [client 136.144.17.59:0] script '/domains/davidbacker/by.php' not found or unable to stat
[Wed Feb 18 04:11:05.572506 2026] [php:error] [pid 82726] [client 136.144.17.59:0] script '/domains/davidbacker/default.php' not found or unable to stat
[Wed Feb 18 04:11:05.853995 2026] [php:error] [pid 82726] [client 136.144.17.59:0] script '/domains/davidbacker/fox.php' not found or unable to stat
[Wed Feb 18 04:11:06.255047 2026] [php:error] [pid 82726] [client 136.144.17.59:0] script '/domains/davidbacker/google.php' not found or unable to stat
[Wed Feb 18 04:11:06.920271 2026] [php:error] [pid 82726] [client 136.144.17.59:0] script '/domains/davidbacker/ovatools.php' not found or unable to stat
[Wed Feb 18 04:11:07.189292 2026] [php:error] [pid 82726] [client 136.144.17.59:0] script '/domains/davidbacker/sidwso.php' not found or unable to stat
[Wed Feb 18 04:11:07.469428 2026] [php:error] [pid 82726] [client 136.144.17.59:0] script '/domains/davidbacker/worksec.php' not found or unable to stat
[Wed Feb 18 04:11:09.691606 2026] [php:error] [pid 82726] [client 136.144.17.59:0] script '/domains/davidbacker/Simple.php' not found or unable to stat
[Wed Feb 18 04:11:09.963890 2026] [php:error] [pid 82726] [client 136.144.17.59:0] script '/domains/davidbacker/wp-blog-header.php' not found or unable to stat
[Wed Feb 18 04:11:10.253737 2026] [php:error] [pid 82726] [client 136.144.17.59:0] script '/domains/davidbacker/style2.php' not found or unable to stat
[Wed Feb 18 04:11:10.521705 2026] [php:error] [pid 82726] [client 136.144.17.59:0] script '/domains/davidbacker/wp-scripts.php' not found or unable to stat
[Wed Feb 18 04:11:10.791925 2026] [php:error] [pid 82726] [client 136.144.17.59:0] script '/domains/davidbacker/adminfuns.php' not found or unable to stat
[Wed Feb 18 04:11:11.148743 2026] [php:error] [pid 82726] [client 136.144.17.59:0] script '/domains/davidbacker/cjfuns.php' not found or unable to stat
[Wed Feb 18 04:11:11.415253 2026] [php:error] [pid 82726] [client 136.144.17.59:0] script '/domains/davidbacker/comfunctions.php' not found or unable to stat
[Wed Feb 18 04:11:11.701098 2026] [php:error] [pid 82726] [client 136.144.17.59:0] script '/domains/davidbacker/delpaths.php' not found or unable to stat
[Wed Feb 18 04:11:11.967832 2026] [php:error] [pid 82726] [client 136.144.17.59:0] script '/domains/davidbacker/epinyins.php' not found or unable to stat
[Wed Feb 18 04:11:12.255599 2026] [php:error] [pid 82726] [client 136.144.17.59:0] script '/domains/davidbacker/filefuns.php' not found or unable to stat
[Wed Feb 18 04:11:12.563566 2026] [php:error] [pid 82726] [client 136.144.17.59:0] script '/domains/davidbacker/hinfofuns.php' not found or unable to stat
[Wed Feb 18 04:11:12.858949 2026] [php:error] [pid 82726] [client 136.144.17.59:0] script '/domains/davidbacker/qfunctions.php' not found or unable to stat
[Wed Feb 18 04:11:13.143305 2026] [php:error] [pid 82726] [client 136.144.17.59:0] script '/domains/davidbacker/qinfofuns.php' not found or unable to stat
[Wed Feb 18 04:11:13.551888 2026] [php:error] [pid 82726] [client 136.144.17.59:0] script '/domains/davidbacker/thoms.php' not found or unable to stat
[Wed Feb 18 04:11:13.840463 2026] [php:error] [pid 82726] [client 136.144.17.59:0] script '/domains/davidbacker/postnews.php' not found or unable to stat
[Wed Feb 18 04:11:14.114276 2026] [php:error] [pid 82726] [client 136.144.17.59:0] script '/domains/davidbacker/admin-ajax.php' not found or unable to stat
[Wed Feb 18 04:11:14.463926 2026] [php:error] [pid 82726] [client 136.144.17.59:0] script '/domains/davidbacker/link.php' not found or unable to stat
[Wed Feb 18 04:11:14.762763 2026] [php:error] [pid 82726] [client 136.144.17.59:0] script '/domains/davidbacker/ms-themes.php' not found or unable to stat
[Wed Feb 18 04:11:15.045536 2026] [php:error] [pid 82726] [client 136.144.17.59:0] script '/domains/davidbacker/my-sites.php' not found or unable to stat
[Wed Feb 18 04:11:15.312358 2026] [php:error] [pid 82726] [client 136.144.17.59:0] script '/domains/davidbacker/media.php' not found or unable to stat
[Wed Feb 18 04:11:15.610458 2026] [php:error] [pid 82726] [client 136.144.17.59:0] script '/domains/davidbacker/nav-menus.php' not found or unable to stat
[Wed Feb 18 04:11:15.892235 2026] [php:error] [pid 82726] [client 136.144.17.59:0] script '/domains/davidbacker/menu.php' not found or unable to stat
[Wed Feb 18 04:11:16.241528 2026] [php:error] [pid 82726] [client 136.144.17.59:0] script '/domains/davidbacker/options-head.php' not found or unable to stat
[Wed Feb 18 04:11:16.537168 2026] [php:error] [pid 82726] [client 136.144.17.59:0] script '/domains/davidbacker/revision.php' not found or unable to stat
[Wed Feb 18 04:11:16.838345 2026] [php:error] [pid 82726] [client 136.144.17.59:0] script '/domains/davidbacker/widgets.php' not found or unable to stat
[Wed Feb 18 04:11:17.183391 2026] [php:error] [pid 82726] [client 136.144.17.59:0] script '/domains/davidbacker/term.php' not found or unable to stat
[Wed Feb 18 04:11:17.560570 2026] [php:error] [pid 82726] [client 136.144.17.59:0] script '/domains/davidbacker/system_log.php' not found or unable to stat
[Wed Feb 18 04:11:18.426284 2026] [php:error] [pid 82724] [client 136.144.17.68:0] script '/domains/davidbacker/moded.php' not found or unable to stat
[Wed Feb 18 04:11:18.967061 2026] [php:error] [pid 82724] [client 136.144.17.68:0] script '/domains/davidbacker/upgrade.php' not found or unable to stat
[Wed Feb 18 04:11:19.233193 2026] [php:error] [pid 82724] [client 136.144.17.68:0] script '/domains/davidbacker/gh.php' not found or unable to stat
[Wed Feb 18 04:11:19.498739 2026] [php:error] [pid 82724] [client 136.144.17.68:0] script '/domains/davidbacker/version.php' not found or unable to stat
[Wed Feb 18 04:11:19.764425 2026] [php:error] [pid 82724] [client 136.144.17.68:0] script '/domains/davidbacker/head.php' not found or unable to stat
[Wed Feb 18 04:11:20.108760 2026] [php:error] [pid 82724] [client 136.144.17.68:0] script '/domains/davidbacker/index1.php' not found or unable to stat
[Wed Feb 18 04:11:20.399720 2026] [php:error] [pid 82724] [client 136.144.17.68:0] script '/domains/davidbacker/theme-insqbzk.php' not found or unable to stat
[Wed Feb 18 04:11:20.718441 2026] [php:error] [pid 82724] [client 136.144.17.68:0] script '/domains/davidbacker/good.php' not found or unable to stat
[Wed Feb 18 04:11:20.984341 2026] [php:error] [pid 82724] [client 136.144.17.68:0] script '/domains/davidbacker/main.php' not found or unable to stat
[Wed Feb 18 04:11:21.553103 2026] [php:error] [pid 82724] [client 136.144.17.68:0] script '/domains/davidbacker/wsoyanz.php' not found or unable to stat
[Wed Feb 18 04:11:23.173726 2026] [php:error] [pid 82724] [client 136.144.17.68:0] script '/domains/davidbacker/alfa-rex.php' not found or unable to stat
[Wed Feb 18 04:11:23.987535 2026] [php:error] [pid 82724] [client 136.144.17.68:0] script '/domains/davidbacker/css/cloud.php' not found or unable to stat
[Wed Feb 18 04:11:29.064275 2026] [php:error] [pid 82724] [client 136.144.17.68:0] script '/domains/davidbacker/cache-compat.php' not found or unable to stat
[Wed Feb 18 04:11:29.357998 2026] [php:error] [pid 82724] [client 136.144.17.68:0] script '/domains/davidbacker/ajax-actions.php' not found or unable to stat
[Wed Feb 18 04:11:29.907705 2026] [php:error] [pid 82724] [client 136.144.17.68:0] script '/domains/davidbacker/wp-consar.php' not found or unable to stat
[Wed Feb 18 04:11:33.391806 2026] [php:error] [pid 82724] [client 136.144.17.68:0] script '/domains/davidbacker/sx.php' not found or unable to stat
[Wed Feb 18 04:11:35.119171 2026] [php:error] [pid 82724] [client 136.144.17.68:0] script '/domains/davidbacker/images/wp-login.php' not found or unable to stat
[Wed Feb 18 04:11:35.386483 2026] [php:error] [pid 82724] [client 136.144.17.68:0] script '/domains/davidbacker/web.php' not found or unable to stat
[Wed Feb 18 04:11:36.538317 2026] [php:error] [pid 82724] [client 136.144.17.68:0] script '/domains/davidbacker/wp-uploads-config.php' not found or unable to stat
[Wed Feb 18 04:11:39.208504 2026] [php:error] [pid 82726] [client 136.144.17.61:0] script '/domains/davidbacker/upload.php' not found or unable to stat
[Wed Feb 18 04:11:39.785066 2026] [php:error] [pid 82726] [client 136.144.17.61:0] script '/domains/davidbacker/indeex.php' not found or unable to stat
[Wed Feb 18 04:11:40.098078 2026] [php:error] [pid 82726] [client 136.144.17.61:0] script '/domains/davidbacker/dropdown.php' not found or unable to stat
[Wed Feb 18 04:11:41.271141 2026] [php:error] [pid 82726] [client 136.144.17.61:0] script '/domains/davidbacker/bs.php' not found or unable to stat
[Wed Feb 18 04:11:42.001992 2026] [php:error] [pid 82726] [client 136.144.17.61:0] script '/domains/davidbacker/credits.php' not found or unable to stat
[Wed Feb 18 04:11:42.274747 2026] [php:error] [pid 82726] [client 136.144.17.61:0] script '/domains/davidbacker/edit-comments.php' not found or unable to stat
[Wed Feb 18 04:11:42.554850 2026] [php:error] [pid 82726] [client 136.144.17.61:0] script '/domains/davidbacker/checkbox.php' not found or unable to stat
[Wed Feb 18 04:11:42.903328 2026] [php:error] [pid 82726] [client 136.144.17.61:0] script '/domains/davidbacker/export.php' not found or unable to stat
[Wed Feb 18 04:11:43.183734 2026] [php:error] [pid 82726] [client 136.144.17.61:0] script '/domains/davidbacker/input.php' not found or unable to stat
[Wed Feb 18 04:11:43.554494 2026] [php:error] [pid 82726] [client 136.144.17.61:0] script '/domains/davidbacker/load-scripts.php' not found or unable to stat
[Wed Feb 18 04:11:43.828897 2026] [php:error] [pid 82726] [client 136.144.17.61:0] script '/domains/davidbacker/load-styles.php' not found or unable to stat
[Wed Feb 18 04:11:44.103625 2026] [php:error] [pid 82726] [client 136.144.17.61:0] script '/domains/davidbacker/options-discussion.php' not found or unable to stat
[Wed Feb 18 04:11:44.376746 2026] [php:error] [pid 82726] [client 136.144.17.61:0] script '/domains/davidbacker/options-general.php' not found or unable to stat
[Wed Feb 18 04:11:44.711094 2026] [php:error] [pid 82726] [client 136.144.17.61:0] script '/domains/davidbacker/options-permalink.php' not found or unable to stat
[Wed Feb 18 04:11:44.987092 2026] [php:error] [pid 82726] [client 136.144.17.61:0] script '/domains/davidbacker/options-privacy.php' not found or unable to stat
[Wed Feb 18 04:11:45.272293 2026] [php:error] [pid 82726] [client 136.144.17.61:0] script '/domains/davidbacker/options-reading.php' not found or unable to stat
[Wed Feb 18 04:11:45.583667 2026] [php:error] [pid 82726] [client 136.144.17.61:0] script '/domains/davidbacker/options-writing.php' not found or unable to stat
[Wed Feb 18 04:11:45.861692 2026] [php:error] [pid 82726] [client 136.144.17.61:0] script '/domains/davidbacker/post-new.php' not found or unable to stat
[Wed Feb 18 04:11:46.158924 2026] [php:error] [pid 82726] [client 136.144.17.61:0] script '/domains/davidbacker/privacy.php' not found or unable to stat
[Wed Feb 18 04:11:46.453218 2026] [php:error] [pid 82726] [client 136.144.17.61:0] script '/domains/davidbacker/profile.php' not found or unable to stat
[Wed Feb 18 04:11:46.787667 2026] [php:error] [pid 82726] [client 136.144.17.61:0] script '/domains/davidbacker/site-health.php' not found or unable to stat
[Wed Feb 18 04:11:47.065540 2026] [php:error] [pid 82726] [client 136.144.17.61:0] script '/domains/davidbacker/tools.php' not found or unable to stat
[Wed Feb 18 04:11:47.360915 2026] [php:error] [pid 82726] [client 136.144.17.61:0] script '/domains/davidbacker/update-core.php' not found or unable to stat
[Wed Feb 18 04:11:47.642459 2026] [php:error] [pid 82726] [client 136.144.17.61:0] script '/domains/davidbacker/user-edit.php' not found or unable to stat
[Wed Feb 18 04:11:48.046421 2026] [php:error] [pid 82726] [client 136.144.17.61:0] script '/domains/davidbacker/user-new.php' not found or unable to stat
[Wed Feb 18 04:11:48.339420 2026] [php:error] [pid 82726] [client 136.144.17.61:0] script '/domains/davidbacker/wp-cron.php' not found or unable to stat
[Wed Feb 18 04:11:48.668496 2026] [php:error] [pid 82726] [client 136.144.17.61:0] script '/domains/davidbacker/bar.php' not found or unable to stat
[Wed Feb 18 04:11:49.046575 2026] [php:error] [pid 82726] [client 136.144.17.61:0] script '/domains/davidbacker/samll.php' not found or unable to stat
[Wed Feb 18 04:11:49.321439 2026] [php:error] [pid 82726] [client 136.144.17.61:0] script '/domains/davidbacker/webdb.php' not found or unable to stat
[Wed Feb 18 04:11:49.625372 2026] [php:error] [pid 82726] [client 136.144.17.61:0] script '/domains/davidbacker/100.php' not found or unable to stat
[Wed Feb 18 04:11:49.906668 2026] [php:error] [pid 82726] [client 136.144.17.61:0] script '/domains/davidbacker/plugin-install.php' not found or unable to stat
[Wed Feb 18 04:11:50.253339 2026] [php:error] [pid 82726] [client 136.144.17.61:0] script '/domains/davidbacker/km.php' not found or unable to stat
[Wed Feb 18 04:11:50.557393 2026] [php:error] [pid 82726] [client 136.144.17.61:0] script '/domains/davidbacker/LA.php' not found or unable to stat
[Wed Feb 18 04:11:50.943597 2026] [php:error] [pid 82726] [client 136.144.17.61:0] script '/domains/davidbacker/wp-good.php' not found or unable to stat
[Wed Feb 18 04:11:51.235272 2026] [php:error] [pid 82726] [client 136.144.17.61:0] script '/domains/davidbacker/wp-ldd.php' not found or unable to stat
[Wed Feb 18 04:11:51.513154 2026] [php:error] [pid 82726] [client 136.144.17.61:0] script '/domains/davidbacker/sgd.php' not found or unable to stat
[Wed Feb 18 04:11:51.950575 2026] [php:error] [pid 82726] [client 136.144.17.61:0] script '/domains/davidbacker/wzy.php' not found or unable to stat
[Wed Feb 18 04:11:53.326537 2026] [php:error] [pid 82726] [client 136.144.17.61:0] script '/domains/davidbacker/chosen.php' not found or unable to stat
[Wed Feb 18 04:11:53.969227 2026] [php:error] [pid 82726] [client 136.144.17.61:0] script '/domains/davidbacker/wp-signup.php' not found or unable to stat
[Wed Feb 18 04:11:55.163653 2026] [php:error] [pid 82701] [client 45.149.173.209:0] script '/domains/cccweb/xmlrpc.php' not found or unable to stat
[Wed Feb 18 04:11:55.237239 2026] [php:error] [pid 82726] [client 136.144.17.61:0] script '/domains/davidbacker/class.php' not found or unable to stat
[Wed Feb 18 04:11:55.806548 2026] [php:error] [pid 82726] [client 136.144.17.61:0] script '/domains/davidbacker/Njima.php' not found or unable to stat
[Wed Feb 18 04:11:57.426909 2026] [php:error] [pid 82726] [client 136.144.17.61:0] script '/domains/davidbacker/FroggBaba.php' not found or unable to stat
[Wed Feb 18 04:11:58.832731 2026] [php:error] [pid 82726] [client 136.144.17.61:0] script '/domains/davidbacker/sts.php' not found or unable to stat
[Wed Feb 18 04:12:00.562304 2026] [php:error] [pid 82726] [client 136.144.17.61:0] script '/domains/davidbacker/st.php' not found or unable to stat
[Wed Feb 18 04:12:00.907881 2026] [php:error] [pid 82726] [client 136.144.17.61:0] script '/domains/davidbacker/GA13.php' not found or unable to stat
[Wed Feb 18 04:12:03.965160 2026] [php:error] [pid 82741] [client 4.217.180.34:0] script '/domains/lover/tfm.php' not found or unable to stat
[Wed Feb 18 04:12:04.151126 2026] [php:error] [pid 82741] [client 4.217.180.34:0] script '/domains/lover/wp-blogs.php' not found or unable to stat
[Wed Feb 18 04:12:04.333077 2026] [php:error] [pid 82741] [client 4.217.180.34:0] script '/domains/lover/amp.php' not found or unable to stat
[Wed Feb 18 04:12:04.514770 2026] [php:error] [pid 82741] [client 4.217.180.34:0] script '/domains/lover/666.php' not found or unable to stat
[Wed Feb 18 04:12:04.679869 2026] [php:error] [pid 82726] [client 136.144.17.61:0] script '/domains/davidbacker/crop.php' not found or unable to stat
[Wed Feb 18 04:12:04.696032 2026] [php:error] [pid 82741] [client 4.217.180.34:0] script '/domains/lover/asax.php' not found or unable to stat
[Wed Feb 18 04:12:04.877652 2026] [php:error] [pid 82741] [client 4.217.180.34:0] script '/domains/lover/init.php' not found or unable to stat
[Wed Feb 18 04:12:05.059674 2026] [php:error] [pid 82741] [client 4.217.180.34:0] script '/domains/lover/bootstrap.php' not found or unable to stat
[Wed Feb 18 04:12:05.241556 2026] [php:error] [pid 82741] [client 4.217.180.34:0] script '/domains/lover/sc.php' not found or unable to stat
[Wed Feb 18 04:12:05.422937 2026] [php:error] [pid 82741] [client 4.217.180.34:0] script '/domains/lover/term.php' not found or unable to stat
[Wed Feb 18 04:12:05.604979 2026] [php:error] [pid 82741] [client 4.217.180.34:0] script '/domains/lover/global.php' not found or unable to stat
[Wed Feb 18 04:12:05.694290 2026] [php:error] [pid 82726] [client 136.144.17.61:0] script '/domains/davidbacker/gali.php' not found or unable to stat
[Wed Feb 18 04:12:05.786664 2026] [php:error] [pid 82741] [client 4.217.180.34:0] script '/domains/lover/black.php' not found or unable to stat
[Wed Feb 18 04:12:05.968380 2026] [php:error] [pid 82741] [client 4.217.180.34:0] script '/domains/lover/222.php' not found or unable to stat
[Wed Feb 18 04:12:06.150049 2026] [php:error] [pid 82741] [client 4.217.180.34:0] script '/domains/lover/t.php' not found or unable to stat
[Wed Feb 18 04:12:06.332640 2026] [php:error] [pid 82741] [client 4.217.180.34:0] script '/domains/lover/lib.php' not found or unable to stat
[Wed Feb 18 04:12:06.514185 2026] [php:error] [pid 82741] [client 4.217.180.34:0] script '/domains/lover/asus.php' not found or unable to stat
[Wed Feb 18 04:12:06.605571 2026] [php:error] [pid 82726] [client 136.144.17.61:0] script '/domains/davidbacker/dir.php' not found or unable to stat
[Wed Feb 18 04:12:06.695529 2026] [php:error] [pid 82741] [client 4.217.180.34:0] script '/domains/lover/dox.php' not found or unable to stat
[Wed Feb 18 04:12:06.877375 2026] [php:error] [pid 82741] [client 4.217.180.34:0] script '/domains/lover/s.php' not found or unable to stat
[Wed Feb 18 04:12:06.891809 2026] [php:error] [pid 82726] [client 136.144.17.61:0] script '/domains/davidbacker/dirs.php' not found or unable to stat
[Wed Feb 18 04:12:07.058861 2026] [php:error] [pid 82741] [client 4.217.180.34:0] script '/domains/lover/file.php' not found or unable to stat
[Wed Feb 18 04:12:07.216377 2026] [php:error] [pid 82726] [client 136.144.17.61:0] script '/domains/davidbacker/abouts.php' not found or unable to stat
[Wed Feb 18 04:12:07.240241 2026] [php:error] [pid 82741] [client 4.217.180.34:0] script '/domains/lover/bolt.php' not found or unable to stat
[Wed Feb 18 04:12:07.421873 2026] [php:error] [pid 82741] [client 4.217.180.34:0] script '/domains/lover/166.php' not found or unable to stat
[Wed Feb 18 04:12:07.541713 2026] [php:error] [pid 82726] [client 136.144.17.61:0] script '/domains/davidbacker/malls.php' not found or unable to stat
[Wed Feb 18 04:12:07.603780 2026] [php:error] [pid 82741] [client 4.217.180.34:0] script '/domains/lover/wen.php' not found or unable to stat
[Wed Feb 18 04:12:07.790057 2026] [php:error] [pid 82741] [client 4.217.180.34:0] script '/domains/lover/wp-act.php' not found or unable to stat
[Wed Feb 18 04:12:07.838550 2026] [php:error] [pid 82726] [client 136.144.17.61:0] script '/domains/davidbacker/liefs.php' not found or unable to stat
[Wed Feb 18 04:12:07.971593 2026] [php:error] [pid 82741] [client 4.217.180.34:0] script '/domains/lover/ff1.php' not found or unable to stat
[Wed Feb 18 04:12:08.153297 2026] [php:error] [pid 82741] [client 4.217.180.34:0] script '/domains/lover/66.php' not found or unable to stat
[Wed Feb 18 04:12:08.283421 2026] [php:error] [pid 82726] [client 136.144.17.61:0] script '/domains/davidbacker/uc.php' not found or unable to stat
[Wed Feb 18 04:12:08.335549 2026] [php:error] [pid 82741] [client 4.217.180.34:0] script '/domains/lover/ws66.php' not found or unable to stat
[Wed Feb 18 04:12:08.517187 2026] [php:error] [pid 82741] [client 4.217.180.34:0] script '/domains/lover/bgymj.php' not found or unable to stat
[Wed Feb 18 04:12:08.567071 2026] [php:error] [pid 82726] [client 136.144.17.61:0] script '/domains/davidbacker/locks.php' not found or unable to stat
[Wed Feb 18 04:12:08.698747 2026] [php:error] [pid 82741] [client 4.217.180.34:0] script '/domains/lover/24.php' not found or unable to stat
[Wed Feb 18 04:12:08.880408 2026] [php:error] [pid 82741] [client 4.217.180.34:0] script '/domains/lover/h02ugyh.php' not found or unable to stat
[Wed Feb 18 04:12:09.052492 2026] [php:error] [pid 82726] [client 136.144.17.61:0] script '/domains/davidbacker/wp-dsdd.php' not found or unable to stat
[Wed Feb 18 04:12:09.063115 2026] [php:error] [pid 82741] [client 4.217.180.34:0] script '/domains/lover/a4.php' not found or unable to stat
[Wed Feb 18 04:12:09.244945 2026] [php:error] [pid 82741] [client 4.217.180.34:0] script '/domains/lover/inputs.php' not found or unable to stat
[Wed Feb 18 04:12:09.426566 2026] [php:error] [pid 82741] [client 4.217.180.34:0] script '/domains/lover/gfd.php' not found or unable to stat
[Wed Feb 18 04:12:09.635125 2026] [php:error] [pid 82726] [client 136.144.17.61:0] script '/domains/davidbacker/css/bun.php' not found or unable to stat
[Wed Feb 18 04:12:09.789914 2026] [php:error] [pid 82741] [client 4.217.180.34:0] script '/domains/lover/wefile.php' not found or unable to stat
[Wed Feb 18 04:12:09.975422 2026] [php:error] [pid 82741] [client 4.217.180.34:0] script '/domains/lover/55.php' not found or unable to stat
[Wed Feb 18 04:12:10.157015 2026] [php:error] [pid 82741] [client 4.217.180.34:0] script '/domains/lover/vx.php' not found or unable to stat
[Wed Feb 18 04:12:10.338565 2026] [php:error] [pid 82741] [client 4.217.180.34:0] script '/domains/lover/edit-tags.php' not found or unable to stat
[Wed Feb 18 04:12:10.520190 2026] [php:error] [pid 82741] [client 4.217.180.34:0] script '/domains/lover/ioxi-o.php' not found or unable to stat
[Wed Feb 18 04:12:10.554644 2026] [php:error] [pid 82726] [client 136.144.17.61:0] script '/domains/davidbacker/wp-themes.php' not found or unable to stat
[Wed Feb 18 04:12:10.701924 2026] [php:error] [pid 82741] [client 4.217.180.34:0] script '/domains/lover/155.php' not found or unable to stat
[Wed Feb 18 04:12:10.840790 2026] [php:error] [pid 82726] [client 136.144.17.61:0] script '/domains/davidbacker/wp-uploads.php' not found or unable to stat
[Wed Feb 18 04:12:10.883798 2026] [php:error] [pid 82741] [client 4.217.180.34:0] script '/domains/lover/core.php' not found or unable to stat
[Wed Feb 18 04:12:11.066083 2026] [php:error] [pid 82741] [client 4.217.180.34:0] script '/domains/lover/ccs.php' not found or unable to stat
[Wed Feb 18 04:12:11.183772 2026] [php:error] [pid 82726] [client 136.144.17.61:0] script '/domains/davidbacker/wp-files.php' not found or unable to stat
[Wed Feb 18 04:12:11.248011 2026] [php:error] [pid 82741] [client 4.217.180.34:0] script '/domains/lover/apk.php' not found or unable to stat
[Wed Feb 18 04:12:11.429986 2026] [php:error] [pid 82741] [client 4.217.180.34:0] script '/domains/lover/bnm.php' not found or unable to stat
[Wed Feb 18 04:12:11.611644 2026] [php:error] [pid 82741] [client 4.217.180.34:0] script '/domains/lover/gettest.php' not found or unable to stat
[Wed Feb 18 04:12:11.695457 2026] [php:error] [pid 82726] [client 136.144.17.61:0] script '/domains/davidbacker/t.php' not found or unable to stat
[Wed Feb 18 04:12:11.793510 2026] [php:error] [pid 82741] [client 4.217.180.34:0] script '/domains/lover/edit.php' not found or unable to stat
[Wed Feb 18 04:12:11.975566 2026] [php:error] [pid 82741] [client 4.217.180.34:0] script '/domains/lover/sid3.php' not found or unable to stat
[Wed Feb 18 04:12:11.986350 2026] [php:error] [pid 82726] [client 136.144.17.61:0] script '/domains/davidbacker/stindex.php' not found or unable to stat
[Wed Feb 18 04:12:12.158297 2026] [php:error] [pid 82741] [client 4.217.180.34:0] script '/domains/lover/abc.php' not found or unable to stat
[Wed Feb 18 04:12:12.341503 2026] [php:error] [pid 82741] [client 4.217.180.34:0] script '/domains/lover/admin-footer.php' not found or unable to stat
[Wed Feb 18 04:12:12.356909 2026] [php:error] [pid 82726] [client 136.144.17.61:0] script '/domains/davidbacker/shop.php' not found or unable to stat
[Wed Feb 18 04:12:12.524905 2026] [php:error] [pid 82741] [client 4.217.180.34:0] script '/domains/lover/wp-p2r3q9c8k4.php' not found or unable to stat
[Wed Feb 18 04:12:12.707392 2026] [php:error] [pid 82741] [client 4.217.180.34:0] script '/domains/lover/jga.php' not found or unable to stat
[Wed Feb 18 04:12:12.889007 2026] [php:error] [pid 82741] [client 4.217.180.34:0] script '/domains/lover/tool.php' not found or unable to stat
[Wed Feb 18 04:12:13.075614 2026] [php:error] [pid 82741] [client 4.217.180.34:0] script '/domains/lover/ms.php' not found or unable to stat
[Wed Feb 18 04:12:13.257166 2026] [php:error] [pid 82741] [client 4.217.180.34:0] script '/domains/lover/xxw.php' not found or unable to stat
[Wed Feb 18 04:12:13.345502 2026] [php:error] [pid 82693] [client 216.73.162.26:0] script '/domains/davidbacker/exit.php' not found or unable to stat
[Wed Feb 18 04:12:13.439691 2026] [php:error] [pid 82741] [client 4.217.180.34:0] script '/domains/lover/callback.php' not found or unable to stat
[Wed Feb 18 04:12:13.623389 2026] [php:error] [pid 82741] [client 4.217.180.34:0] script '/domains/lover/logs.php' not found or unable to stat
[Wed Feb 18 04:12:13.660216 2026] [php:error] [pid 82693] [client 216.73.162.26:0] script '/domains/davidbacker/install.php' not found or unable to stat
[Wed Feb 18 04:12:13.805382 2026] [php:error] [pid 82741] [client 4.217.180.34:0] script '/domains/lover/aboutc.php' not found or unable to stat
[Wed Feb 18 04:12:13.987421 2026] [php:error] [pid 82741] [client 4.217.180.34:0] script '/domains/lover/ajax.php' not found or unable to stat
[Wed Feb 18 04:12:14.044701 2026] [php:error] [pid 82693] [client 216.73.162.26:0] script '/domains/davidbacker/max.php' not found or unable to stat
[Wed Feb 18 04:12:14.168898 2026] [php:error] [pid 82741] [client 4.217.180.34:0] script '/domains/lover/xr.php' not found or unable to stat
[Wed Feb 18 04:12:14.310180 2026] [php:error] [pid 82693] [client 216.73.162.26:0] script '/domains/davidbacker/wp-load.php' not found or unable to stat
[Wed Feb 18 04:12:14.350177 2026] [php:error] [pid 82741] [client 4.217.180.34:0] script '/domains/lover/ff.php' not found or unable to stat
[Wed Feb 18 04:12:14.532000 2026] [php:error] [pid 82741] [client 4.217.180.34:0] script '/domains/lover/aaa.php' not found or unable to stat
[Wed Feb 18 04:12:14.714364 2026] [php:error] [pid 82741] [client 4.217.180.34:0] script '/domains/lover/RIP.php' not found or unable to stat
[Wed Feb 18 04:12:14.896374 2026] [php:error] [pid 82741] [client 4.217.180.34:0] script '/domains/lover/knme.php' not found or unable to stat
[Wed Feb 18 04:12:15.005445 2026] [php:error] [pid 82693] [client 216.73.162.26:0] script '/domains/davidbacker/aa.php' not found or unable to stat
[Wed Feb 18 04:12:15.078393 2026] [php:error] [pid 82741] [client 4.217.180.34:0] script '/domains/lover/ws71.php' not found or unable to stat
[Wed Feb 18 04:12:15.259803 2026] [php:error] [pid 82741] [client 4.217.180.34:0] script '/domains/lover/ws67.php' not found or unable to stat
[Wed Feb 18 04:12:15.443539 2026] [php:error] [pid 82741] [client 4.217.180.34:0] script '/domains/lover/momo.php' not found or unable to stat
[Wed Feb 18 04:12:15.861026 2026] [php:error] [pid 82693] [client 216.73.162.26:0] script '/domains/davidbacker/shellv3.php' not found or unable to stat
[Wed Feb 18 04:12:16.146153 2026] [php:error] [pid 82693] [client 216.73.162.26:0] script '/domains/davidbacker/sh.php' not found or unable to stat
