[Wed Feb 18 00:36:50.669159 2026] [php:error] [pid 40277] [client 195.178.110.109:0] script '/domains/rextrav/wp-config.php.swp' not found or unable to stat
[Wed Feb 18 00:36:51.566373 2026] [php:error] [pid 40277] [client 195.178.110.109:0] script '/domains/rextrav/wp-config-sample.php' not found or unable to stat
[Wed Feb 18 00:36:51.989184 2026] [php:error] [pid 40277] [client 195.178.110.109:0] script '/domains/rextrav/.wp-config.php.swp' not found or unable to stat
[Wed Feb 18 00:36:52.430916 2026] [php:error] [pid 40277] [client 195.178.110.109:0] script '/domains/rextrav/configuration.php.bak' not found or unable to stat
[Wed Feb 18 00:36:52.517641 2026] [php:error] [pid 40277] [client 195.178.110.109:0] script '/domains/rextrav/configuration.php.old' not found or unable to stat
[Wed Feb 18 00:36:57.146151 2026] [php:error] [pid 40264] [client 195.178.110.109:0] script '/domains/rextrav/payment_config.php' not found or unable to stat
[Wed Feb 18 00:36:57.235016 2026] [php:error] [pid 40264] [client 195.178.110.109:0] script '/domains/rextrav/checkout.php' not found or unable to stat
[Wed Feb 18 00:36:59.627883 2026] [authz_core:error] [pid 40264] [client 195.178.110.109:0] AH01630: client denied by server configuration: /domains/rextrav/.htaccess
[Wed Feb 18 00:36:59.712260 2026] [authz_core:error] [pid 40264] [client 195.178.110.109:0] AH01630: client denied by server configuration: /domains/rextrav/.htpasswd
[Wed Feb 18 00:37:00.049678 2026] [php:error] [pid 40264] [client 195.178.110.109:0] script '/domains/rextrav/debug.php' not found or unable to stat
[Wed Feb 18 00:37:02.471496 2026] [php:error] [pid 40267] [client 195.178.110.109:0] script '/domains/rextrav/admin.php' not found or unable to stat
[Wed Feb 18 00:37:02.555441 2026] [php:error] [pid 40267] [client 195.178.110.109:0] script '/domains/rextrav/login.php' not found or unable to stat
[Wed Feb 18 00:37:03.062784 2026] [php:error] [pid 40267] [client 195.178.110.109:0] script '/domains/rextrav/adminer.php' not found or unable to stat
[Wed Feb 18 00:37:03.613631 2026] [php:error] [pid 40235] [client 85.11.167.79:0] script '/domains/markrose/wp-login.php' not found or unable to stat, referer: https://t.co/
[Wed Feb 18 00:37:04.175523 2026] [php:error] [pid 40286] [client 85.11.167.79:0] script '/domains/markrose/wp-login.php' not found or unable to stat, referer: https://www.bing.com/
[Wed Feb 18 00:37:06.538450 2026] [php:error] [pid 40285] [client 195.178.110.109:0] script '/domains/rextrav/email.php' not found or unable to stat
[Wed Feb 18 00:37:06.621925 2026] [php:error] [pid 40285] [client 195.178.110.109:0] script '/domains/rextrav/mail.php' not found or unable to stat
[Wed Feb 18 00:37:06.706669 2026] [php:error] [pid 40285] [client 195.178.110.109:0] script '/domains/rextrav/sendmail.php' not found or unable to stat
[Wed Feb 18 00:37:06.791441 2026] [php:error] [pid 40285] [client 195.178.110.109:0] script '/domains/rextrav/mailer.php' not found or unable to stat
[Wed Feb 18 00:37:06.872744 2026] [php:error] [pid 40285] [client 195.178.110.109:0] script '/domains/rextrav/smtp.php' not found or unable to stat
[Wed Feb 18 00:37:07.828373 2026] [php:error] [pid 40235] [client 195.178.110.109:0] script '/domains/rextrav/graphql.php' not found or unable to stat
[Wed Feb 18 00:37:11.451930 2026] [php:error] [pid 40280] [client 195.178.110.109:0] script '/domains/rextrav/postmark_webhook.php' not found or unable to stat
[Wed Feb 18 00:37:15.019835 2026] [php:error] [pid 40264] [client 195.178.110.109:0] script '/domains/rextrav/sendgrid_webhook.php' not found or unable to stat
[Wed Feb 18 00:37:20.671942 2026] [php:error] [pid 40235] [client 14.241.96.71:0] script '/domains/pauljbrock/xmlrpc.php' not found or unable to stat
[Wed Feb 18 00:37:26.144009 2026] [php:error] [pid 40290] [client 195.178.110.109:0] script '/domains/rextrav/stripe_webhook.php' not found or unable to stat
[Wed Feb 18 00:38:12.911215 2026] [php:error] [pid 40299] [client 188.165.63.131:0] script '/domains/nmksgroupweb/info.php' not found or unable to stat
[Wed Feb 18 00:38:12.915817 2026] [php:error] [pid 40279] [client 188.165.63.131:0] script '/domains/nmksgroupweb/phpinfo.php' not found or unable to stat
[Wed Feb 18 00:38:13.001653 2026] [php:error] [pid 40299] [client 188.165.63.131:0] script '/domains/nmksgroupweb/php_info.php' not found or unable to stat
[Wed Feb 18 00:38:13.001892 2026] [php:error] [pid 40296] [client 188.165.63.131:0] script '/domains/nmksgroupweb/index.php' not found or unable to stat
[Wed Feb 18 00:38:13.013672 2026] [php:error] [pid 40279] [client 188.165.63.131:0] script '/domains/nmksgroupweb/test.php' not found or unable to stat
[Wed Feb 18 00:38:47.903165 2026] [php:error] [pid 40310] [client 20.111.44.121:0] script '/domains/micra/wp-blog.php' not found or unable to stat
[Wed Feb 18 00:38:47.989946 2026] [php:error] [pid 40310] [client 20.111.44.121:0] script '/domains/micra/ge.php' not found or unable to stat
[Wed Feb 18 00:38:48.101697 2026] [php:error] [pid 40310] [client 20.111.44.121:0] script '/domains/micra/class20.php' not found or unable to stat
[Wed Feb 18 00:38:48.188735 2026] [php:error] [pid 40310] [client 20.111.44.121:0] script '/domains/micra/ssxsl.php' not found or unable to stat
[Wed Feb 18 00:38:48.276430 2026] [php:error] [pid 40310] [client 20.111.44.121:0] script '/domains/micra/str.php' not found or unable to stat
[Wed Feb 18 00:38:48.363270 2026] [php:error] [pid 40310] [client 20.111.44.121:0] script '/domains/micra/xwpg.php' not found or unable to stat
[Wed Feb 18 00:38:48.453568 2026] [php:error] [pid 40310] [client 20.111.44.121:0] script '/domains/micra/zz.php' not found or unable to stat
[Wed Feb 18 00:38:48.656705 2026] [php:error] [pid 40310] [client 20.111.44.121:0] script '/domains/micra/tanjiro.php' not found or unable to stat
[Wed Feb 18 00:38:48.756699 2026] [php:error] [pid 40310] [client 20.111.44.121:0] script '/domains/micra/up.php' not found or unable to stat
[Wed Feb 18 00:38:48.843775 2026] [php:error] [pid 40310] [client 20.111.44.121:0] script '/domains/micra/class.php' not found or unable to stat
[Wed Feb 18 00:38:48.953826 2026] [php:error] [pid 40310] [client 20.111.44.121:0] script '/domains/micra/nope.php' not found or unable to stat
[Wed Feb 18 00:38:49.053469 2026] [php:error] [pid 40310] [client 20.111.44.121:0] script '/domains/micra/kwm4.php' not found or unable to stat
[Wed Feb 18 00:38:49.158783 2026] [php:error] [pid 40310] [client 20.111.44.121:0] script '/domains/micra/wp-aa.php' not found or unable to stat
[Wed Feb 18 00:38:49.245921 2026] [php:error] [pid 40310] [client 20.111.44.121:0] script '/domains/micra/byp.php' not found or unable to stat
[Wed Feb 18 00:38:49.344643 2026] [php:error] [pid 40310] [client 20.111.44.121:0] script '/domains/micra/0.php' not found or unable to stat
[Wed Feb 18 00:38:49.431723 2026] [php:error] [pid 40310] [client 20.111.44.121:0] script '/domains/micra/F0x.php' not found or unable to stat
[Wed Feb 18 00:38:49.722827 2026] [php:error] [pid 40310] [client 20.111.44.121:0] script '/domains/micra/wp-mail.php' not found or unable to stat
[Wed Feb 18 00:38:49.810269 2026] [php:error] [pid 40310] [client 20.111.44.121:0] script '/domains/micra/fan.php' not found or unable to stat
[Wed Feb 18 00:38:49.897482 2026] [php:error] [pid 40310] [client 20.111.44.121:0] script '/domains/micra/ztv.php' not found or unable to stat
[Wed Feb 18 00:38:49.985718 2026] [php:error] [pid 40310] [client 20.111.44.121:0] script '/domains/micra/bras.php' not found or unable to stat
[Wed Feb 18 00:38:50.076423 2026] [php:error] [pid 40310] [client 20.111.44.121:0] script '/domains/micra/wziar.php' not found or unable to stat
[Wed Feb 18 00:38:50.175101 2026] [php:error] [pid 40310] [client 20.111.44.121:0] script '/domains/micra/wpup.php' not found or unable to stat
[Wed Feb 18 00:38:50.262380 2026] [php:error] [pid 40310] [client 20.111.44.121:0] script '/domains/micra/x50.php' not found or unable to stat
[Wed Feb 18 00:38:50.423460 2026] [php:error] [pid 40310] [client 20.111.44.121:0] script '/domains/micra/ee.php' not found or unable to stat
[Wed Feb 18 00:38:50.510465 2026] [php:error] [pid 40310] [client 20.111.44.121:0] script '/domains/micra/xz89.php' not found or unable to stat
[Wed Feb 18 00:38:50.718411 2026] [php:error] [pid 40310] [client 20.111.44.121:0] script '/domains/micra/updates.php' not found or unable to stat
[Wed Feb 18 00:38:50.805370 2026] [php:error] [pid 40310] [client 20.111.44.121:0] script '/domains/micra/vxnxvgfw.php' not found or unable to stat
[Wed Feb 18 00:38:50.892193 2026] [php:error] [pid 40310] [client 20.111.44.121:0] script '/domains/micra/mapi.php' not found or unable to stat
[Wed Feb 18 00:38:51.007343 2026] [php:error] [pid 40310] [client 20.111.44.121:0] script '/domains/micra/f2r4.php' not found or unable to stat
[Wed Feb 18 00:38:51.094314 2026] [php:error] [pid 40310] [client 20.111.44.121:0] script '/domains/micra/item.php' not found or unable to stat
[Wed Feb 18 00:38:51.362461 2026] [php:error] [pid 40310] [client 20.111.44.121:0] script '/domains/micra/xse25.php' not found or unable to stat
[Wed Feb 18 00:38:51.449687 2026] [php:error] [pid 40310] [client 20.111.44.121:0] script '/domains/micra/sf9.php' not found or unable to stat
[Wed Feb 18 00:38:51.583308 2026] [php:error] [pid 40310] [client 20.111.44.121:0] script '/domains/micra/5b9ac.php' not found or unable to stat
[Wed Feb 18 00:38:51.759441 2026] [php:error] [pid 40310] [client 20.111.44.121:0] script '/domains/micra/bolt.php' not found or unable to stat
[Wed Feb 18 00:38:51.846541 2026] [php:error] [pid 40310] [client 20.111.44.121:0] script '/domains/micra/dump.php' not found or unable to stat
[Wed Feb 18 00:38:52.095903 2026] [php:error] [pid 40310] [client 20.111.44.121:0] script '/domains/micra/xx.php' not found or unable to stat
[Wed Feb 18 00:38:52.194456 2026] [php:error] [pid 40310] [client 20.111.44.121:0] script '/domains/micra/Okxob.php' not found or unable to stat
[Wed Feb 18 00:38:52.401054 2026] [php:error] [pid 40310] [client 20.111.44.121:0] script '/domains/micra/a.php' not found or unable to stat
[Wed Feb 18 00:38:52.499653 2026] [php:error] [pid 40310] [client 20.111.44.121:0] script '/domains/micra/vx.php' not found or unable to stat
[Wed Feb 18 00:38:52.586596 2026] [php:error] [pid 40310] [client 20.111.44.121:0] script '/domains/micra/lock360.php' not found or unable to stat
[Wed Feb 18 00:38:52.737837 2026] [php:error] [pid 40310] [client 20.111.44.121:0] script '/domains/micra/np.php' not found or unable to stat
[Wed Feb 18 00:38:52.825075 2026] [php:error] [pid 40310] [client 20.111.44.121:0] script '/domains/micra/tx1.php' not found or unable to stat
[Wed Feb 18 00:38:52.912243 2026] [php:error] [pid 40310] [client 20.111.44.121:0] script '/domains/micra/bs.php' not found or unable to stat
[Wed Feb 18 00:40:43.798428 2026] [authz_core:error] [pid 40296] [client 52.225.34.80:0] AH01630: client denied by server configuration: /domains/markrose/board/messages/.html
[Wed Feb 18 00:42:33.748555 2026] [php:error] [pid 40356] [client 145.239.10.137:0] script '/domains/bfitpro2/k.php' not found or unable to stat, referer: http://bfitpro.com/k.php
[Wed Feb 18 00:45:45.258059 2026] [php:error] [pid 46032] [client 96.246.234.187:0] script '/domains/highlandlabs/xmlrpc.php' not found or unable to stat
[Wed Feb 18 00:48:16.788577 2026] [php:error] [pid 46069] [client 173.244.42.146:0] script '/domains/astrosfm/wp-login.php' not found or unable to stat
[Wed Feb 18 00:48:37.131411 2026] [core:crit] [pid 46078] (13)Permission denied: [client 144.76.32.120:0] AH00529: /domains/performancepartsinc/graphics/psd/.htaccess pcfg_openfile: unable to check htaccess file, ensure it is readable and that '/domains/performancepartsinc/graphics/psd/' is executable
[Wed Feb 18 00:49:31.840711 2026] [php:error] [pid 46075] [client 173.239.236.164:0] script '/domains/wsmith.enteract/simple.php' not found or unable to stat
[Wed Feb 18 00:49:32.479773 2026] [php:error] [pid 46075] [client 173.239.236.164:0] script '/domains/wsmith.enteract/inputs.php' not found or unable to stat
[Wed Feb 18 00:49:33.119926 2026] [php:error] [pid 46075] [client 173.239.236.164:0] script '/domains/wsmith.enteract/autoload_classmap.php' not found or unable to stat
[Wed Feb 18 00:49:33.733712 2026] [php:error] [pid 46075] [client 173.239.236.164:0] script '/domains/wsmith.enteract/file2.php' not found or unable to stat
[Wed Feb 18 00:49:34.371171 2026] [php:error] [pid 46075] [client 173.239.236.164:0] script '/domains/wsmith.enteract/file.php' not found or unable to stat
[Wed Feb 18 00:49:34.717725 2026] [php:error] [pid 46075] [client 173.239.236.164:0] script '/domains/wsmith.enteract/chosen.php' not found or unable to stat
[Wed Feb 18 00:49:35.037463 2026] [php:error] [pid 46075] [client 173.239.236.164:0] script '/domains/wsmith.enteract/item.php' not found or unable to stat
[Wed Feb 18 00:49:35.189314 2026] [php:error] [pid 46094] [client 45.128.199.191:0] script '/domains/antiqueweb1/simple.php' not found or unable to stat
[Wed Feb 18 00:49:35.752849 2026] [php:error] [pid 46094] [client 45.128.199.191:0] script '/domains/antiqueweb1/inputs.php' not found or unable to stat
[Wed Feb 18 00:49:36.172320 2026] [php:error] [pid 46075] [client 173.239.236.164:0] script '/domains/wsmith.enteract/zwso.php' not found or unable to stat
[Wed Feb 18 00:49:36.331773 2026] [php:error] [pid 46094] [client 45.128.199.191:0] script '/domains/antiqueweb1/autoload_classmap.php' not found or unable to stat
[Wed Feb 18 00:49:36.676949 2026] [php:error] [pid 46075] [client 173.239.236.164:0] script '/domains/wsmith.enteract/wp-conflg.php' not found or unable to stat
[Wed Feb 18 00:49:36.907742 2026] [php:error] [pid 46094] [client 45.128.199.191:0] script '/domains/antiqueweb1/file2.php' not found or unable to stat
[Wed Feb 18 00:49:37.528666 2026] [php:error] [pid 46094] [client 45.128.199.191:0] script '/domains/antiqueweb1/file.php' not found or unable to stat
[Wed Feb 18 00:49:37.812451 2026] [php:error] [pid 46094] [client 45.128.199.191:0] script '/domains/antiqueweb1/chosen.php' not found or unable to stat
[Wed Feb 18 00:49:38.232507 2026] [php:error] [pid 46094] [client 45.128.199.191:0] script '/domains/antiqueweb1/item.php' not found or unable to stat
[Wed Feb 18 00:49:39.124029 2026] [php:error] [pid 46094] [client 45.128.199.191:0] script '/domains/antiqueweb1/zwso.php' not found or unable to stat
[Wed Feb 18 00:49:39.427751 2026] [php:error] [pid 46094] [client 45.128.199.191:0] script '/domains/antiqueweb1/wp-conflg.php' not found or unable to stat
[Wed Feb 18 00:49:40.045933 2026] [php:error] [pid 46075] [client 173.239.236.164:0] script '/domains/wsmith.enteract/cong.php' not found or unable to stat
[Wed Feb 18 00:49:41.010559 2026] [php:error] [pid 46075] [client 173.239.236.164:0] script '/domains/wsmith.enteract/dropdown.php' not found or unable to stat
[Wed Feb 18 00:49:42.388353 2026] [php:error] [pid 46075] [client 173.239.236.164:0] script '/domains/wsmith.enteract/repeater.php' not found or unable to stat
[Wed Feb 18 00:49:43.012283 2026] [php:error] [pid 46075] [client 173.239.236.164:0] script '/domains/wsmith.enteract/wp-2019.php' not found or unable to stat
[Wed Feb 18 00:49:43.113460 2026] [php:error] [pid 46094] [client 45.128.199.191:0] script '/domains/antiqueweb1/cong.php' not found or unable to stat
[Wed Feb 18 00:49:43.339945 2026] [php:error] [pid 46075] [client 173.239.236.164:0] script '/domains/wsmith.enteract/atomlib.php' not found or unable to stat
[Wed Feb 18 00:49:43.642300 2026] [php:error] [pid 46075] [client 173.239.236.164:0] script '/domains/wsmith.enteract/css.php' not found or unable to stat
[Wed Feb 18 00:49:43.933434 2026] [php:error] [pid 46075] [client 173.239.236.164:0] script '/domains/wsmith.enteract/log.php' not found or unable to stat
[Wed Feb 18 00:49:44.100170 2026] [php:error] [pid 46094] [client 45.128.199.191:0] script '/domains/antiqueweb1/dropdown.php' not found or unable to stat
[Wed Feb 18 00:49:44.295361 2026] [php:error] [pid 46075] [client 173.239.236.164:0] script '/domains/wsmith.enteract/mail.php' not found or unable to stat
[Wed Feb 18 00:49:44.672752 2026] [php:error] [pid 46075] [client 173.239.236.164:0] script '/domains/wsmith.enteract/lufix.php' not found or unable to stat
[Wed Feb 18 00:49:45.335753 2026] [php:error] [pid 46094] [client 45.128.199.191:0] script '/domains/antiqueweb1/repeater.php' not found or unable to stat
[Wed Feb 18 00:49:45.417696 2026] [php:error] [pid 46075] [client 173.239.236.164:0] script '/domains/wsmith.enteract/doc.php' not found or unable to stat
[Wed Feb 18 00:49:45.605199 2026] [php:error] [pid 46094] [client 45.128.199.191:0] script '/domains/antiqueweb1/wp-2019.php' not found or unable to stat
[Wed Feb 18 00:49:45.818654 2026] [php:error] [pid 46075] [client 173.239.236.164:0] script '/domains/wsmith.enteract/bak.php' not found or unable to stat
[Wed Feb 18 00:49:45.909863 2026] [php:error] [pid 46094] [client 45.128.199.191:0] script '/domains/antiqueweb1/atomlib.php' not found or unable to stat
[Wed Feb 18 00:49:46.122020 2026] [php:error] [pid 46075] [client 173.239.236.164:0] script '/domains/wsmith.enteract/content.php' not found or unable to stat
[Wed Feb 18 00:49:46.207537 2026] [php:error] [pid 46094] [client 45.128.199.191:0] script '/domains/antiqueweb1/css.php' not found or unable to stat
[Wed Feb 18 00:49:46.448738 2026] [php:error] [pid 46094] [client 45.128.199.191:0] script '/domains/antiqueweb1/log.php' not found or unable to stat
[Wed Feb 18 00:49:46.493226 2026] [php:error] [pid 46075] [client 173.239.236.164:0] script '/domains/wsmith.enteract/upfile.php' not found or unable to stat
[Wed Feb 18 00:49:46.717333 2026] [php:error] [pid 46094] [client 45.128.199.191:0] script '/domains/antiqueweb1/mail.php' not found or unable to stat
[Wed Feb 18 00:49:46.822696 2026] [php:error] [pid 46075] [client 173.239.236.164:0] script '/domains/wsmith.enteract/wp.php' not found or unable to stat
[Wed Feb 18 00:49:47.031686 2026] [php:error] [pid 46094] [client 45.128.199.191:0] script '/domains/antiqueweb1/lufix.php' not found or unable to stat
[Wed Feb 18 00:49:47.190290 2026] [php:error] [pid 46075] [client 173.239.236.164:0] script '/domains/wsmith.enteract/bypass.php' not found or unable to stat
[Wed Feb 18 00:49:47.324059 2026] [php:error] [pid 46094] [client 45.128.199.191:0] script '/domains/antiqueweb1/doc.php' not found or unable to stat
[Wed Feb 18 00:49:47.512312 2026] [php:error] [pid 46075] [client 173.239.236.164:0] script '/domains/wsmith.enteract/wp-activate.php' not found or unable to stat
[Wed Feb 18 00:49:47.651419 2026] [php:error] [pid 46094] [client 45.128.199.191:0] script '/domains/antiqueweb1/bak.php' not found or unable to stat
[Wed Feb 18 00:49:47.815172 2026] [php:error] [pid 46075] [client 173.239.236.164:0] script '/domains/wsmith.enteract/updates.php' not found or unable to stat
[Wed Feb 18 00:49:47.918513 2026] [php:error] [pid 46094] [client 45.128.199.191:0] script '/domains/antiqueweb1/content.php' not found or unable to stat
[Wed Feb 18 00:49:48.104740 2026] [php:error] [pid 46075] [client 173.239.236.164:0] script '/domains/wsmith.enteract/radio.php' not found or unable to stat
[Wed Feb 18 00:49:48.217051 2026] [php:error] [pid 46094] [client 45.128.199.191:0] script '/domains/antiqueweb1/upfile.php' not found or unable to stat
[Wed Feb 18 00:49:48.406665 2026] [php:error] [pid 46075] [client 173.239.236.164:0] script '/domains/wsmith.enteract/plugins.php' not found or unable to stat
[Wed Feb 18 00:49:48.470956 2026] [php:error] [pid 46094] [client 45.128.199.191:0] script '/domains/antiqueweb1/wp.php' not found or unable to stat
[Wed Feb 18 00:49:48.825743 2026] [php:error] [pid 46075] [client 173.239.236.164:0] script '/domains/wsmith.enteract/xmrlpc.php' not found or unable to stat
[Wed Feb 18 00:49:49.131532 2026] [php:error] [pid 46075] [client 173.239.236.164:0] script '/domains/wsmith.enteract/ae.php' not found or unable to stat
[Wed Feb 18 00:49:49.314000 2026] [php:error] [pid 46094] [client 45.128.199.191:0] script '/domains/antiqueweb1/bypass.php' not found or unable to stat
[Wed Feb 18 00:49:49.533979 2026] [php:error] [pid 46075] [client 173.239.236.164:0] script '/domains/wsmith.enteract/moon.php' not found or unable to stat
[Wed Feb 18 00:49:49.556442 2026] [php:error] [pid 46094] [client 45.128.199.191:0] script '/domains/antiqueweb1/wp-activate.php' not found or unable to stat
[Wed Feb 18 00:49:49.828991 2026] [php:error] [pid 46094] [client 45.128.199.191:0] script '/domains/antiqueweb1/updates.php' not found or unable to stat
[Wed Feb 18 00:49:49.876051 2026] [php:error] [pid 46075] [client 173.239.236.164:0] script '/domains/wsmith.enteract/blog.php' not found or unable to stat
[Wed Feb 18 00:49:50.122278 2026] [php:error] [pid 46094] [client 45.128.199.191:0] script '/domains/antiqueweb1/radio.php' not found or unable to stat
[Wed Feb 18 00:49:50.217730 2026] [php:error] [pid 46075] [client 173.239.236.164:0] script '/domains/wsmith.enteract/themes.php' not found or unable to stat
[Wed Feb 18 00:49:50.426760 2026] [php:error] [pid 46094] [client 45.128.199.191:0] script '/domains/antiqueweb1/plugins.php' not found or unable to stat
[Wed Feb 18 00:49:50.706567 2026] [php:error] [pid 46094] [client 45.128.199.191:0] script '/domains/antiqueweb1/xmrlpc.php' not found or unable to stat
[Wed Feb 18 00:49:50.871788 2026] [php:error] [pid 46075] [client 173.239.236.164:0] script '/domains/wsmith.enteract/ini.php' not found or unable to stat
[Wed Feb 18 00:49:50.999265 2026] [php:error] [pid 46094] [client 45.128.199.191:0] script '/domains/antiqueweb1/ae.php' not found or unable to stat
[Wed Feb 18 00:49:51.196144 2026] [php:error] [pid 46075] [client 173.239.236.164:0] script '/domains/wsmith.enteract/as.php' not found or unable to stat
[Wed Feb 18 00:49:51.315838 2026] [php:error] [pid 46094] [client 45.128.199.191:0] script '/domains/antiqueweb1/moon.php' not found or unable to stat
[Wed Feb 18 00:49:51.526989 2026] [php:error] [pid 46075] [client 173.239.236.164:0] script '/domains/wsmith.enteract/shell.php' not found or unable to stat
[Wed Feb 18 00:49:51.656148 2026] [php:error] [pid 46094] [client 45.128.199.191:0] script '/domains/antiqueweb1/blog.php' not found or unable to stat
[Wed Feb 18 00:49:51.882616 2026] [php:error] [pid 46075] [client 173.239.236.164:0] script '/domains/wsmith.enteract/ws.php' not found or unable to stat
[Wed Feb 18 00:49:52.005816 2026] [php:error] [pid 46094] [client 45.128.199.191:0] script '/domains/antiqueweb1/themes.php' not found or unable to stat
[Wed Feb 18 00:49:52.192867 2026] [php:error] [pid 46075] [client 173.239.236.164:0] script '/domains/wsmith.enteract/makeasmtp.php' not found or unable to stat
[Wed Feb 18 00:49:52.249590 2026] [php:error] [pid 46094] [client 45.128.199.191:0] script '/domains/antiqueweb1/ini.php' not found or unable to stat
[Wed Feb 18 00:49:52.532560 2026] [php:error] [pid 46075] [client 173.239.236.164:0] script '/domains/wsmith.enteract/wp-sigunq.php' not found or unable to stat
[Wed Feb 18 00:49:52.542072 2026] [php:error] [pid 46094] [client 45.128.199.191:0] script '/domains/antiqueweb1/as.php' not found or unable to stat
[Wed Feb 18 00:49:52.807474 2026] [php:error] [pid 46075] [client 173.239.236.164:0] script '/domains/wsmith.enteract/wso112233.php' not found or unable to stat
[Wed Feb 18 00:49:52.808820 2026] [php:error] [pid 46094] [client 45.128.199.191:0] script '/domains/antiqueweb1/shell.php' not found or unable to stat
[Wed Feb 18 00:49:53.141018 2026] [php:error] [pid 46075] [client 173.239.236.164:0] script '/domains/wsmith.enteract/wp-atom.php' not found or unable to stat
[Wed Feb 18 00:49:53.148057 2026] [php:error] [pid 46094] [client 45.128.199.191:0] script '/domains/antiqueweb1/ws.php' not found or unable to stat
[Wed Feb 18 00:49:53.418877 2026] [php:error] [pid 46075] [client 173.239.236.164:0] script '/domains/wsmith.enteract/alfanew.php' not found or unable to stat
[Wed Feb 18 00:49:53.433806 2026] [php:error] [pid 46094] [client 45.128.199.191:0] script '/domains/antiqueweb1/makeasmtp.php' not found or unable to stat
[Wed Feb 18 00:49:53.721265 2026] [php:error] [pid 46094] [client 45.128.199.191:0] script '/domains/antiqueweb1/wp-sigunq.php' not found or unable to stat
[Wed Feb 18 00:49:53.886091 2026] [php:error] [pid 46075] [client 173.239.236.164:0] script '/domains/wsmith.enteract/fw.php' not found or unable to stat
[Wed Feb 18 00:49:54.038531 2026] [php:error] [pid 46094] [client 45.128.199.191:0] script '/domains/antiqueweb1/wso112233.php' not found or unable to stat
[Wed Feb 18 00:49:54.217118 2026] [php:error] [pid 46075] [client 173.239.236.164:0] script '/domains/wsmith.enteract/install.php' not found or unable to stat
[Wed Feb 18 00:49:54.318666 2026] [php:error] [pid 46094] [client 45.128.199.191:0] script '/domains/antiqueweb1/wp-atom.php' not found or unable to stat
[Wed Feb 18 00:49:54.628071 2026] [php:error] [pid 46094] [client 45.128.199.191:0] script '/domains/antiqueweb1/alfanew.php' not found or unable to stat
[Wed Feb 18 00:49:54.637339 2026] [php:error] [pid 46075] [client 173.239.236.164:0] script '/domains/wsmith.enteract/wp-login.php' not found or unable to stat
[Wed Feb 18 00:49:54.918947 2026] [php:error] [pid 46094] [client 45.128.199.191:0] script '/domains/antiqueweb1/fw.php' not found or unable to stat
[Wed Feb 18 00:49:55.218552 2026] [php:error] [pid 46094] [client 45.128.199.191:0] script '/domains/antiqueweb1/install.php' not found or unable to stat
[Wed Feb 18 00:49:55.247259 2026] [php:error] [pid 46075] [client 173.239.236.164:0] script '/domains/wsmith.enteract/XxX.php' not found or unable to stat
[Wed Feb 18 00:49:55.507613 2026] [php:error] [pid 46094] [client 45.128.199.191:0] script '/domains/antiqueweb1/wp-login.php' not found or unable to stat
[Wed Feb 18 00:49:55.514812 2026] [php:error] [pid 46075] [client 173.239.236.164:0] script '/domains/wsmith.enteract/Marvins.php' not found or unable to stat
[Wed Feb 18 00:49:56.107882 2026] [php:error] [pid 46094] [client 45.128.199.191:0] script '/domains/antiqueweb1/XxX.php' not found or unable to stat
[Wed Feb 18 00:49:56.188709 2026] [php:error] [pid 46075] [client 173.239.236.164:0] script '/domains/wsmith.enteract/olux.php' not found or unable to stat
[Wed Feb 18 00:49:56.406053 2026] [php:error] [pid 46094] [client 45.128.199.191:0] script '/domains/antiqueweb1/Marvins.php' not found or unable to stat
[Wed Feb 18 00:49:56.482975 2026] [php:error] [pid 46075] [client 173.239.236.164:0] script '/domains/wsmith.enteract/wso.php' not found or unable to stat
[Wed Feb 18 00:49:57.034925 2026] [php:error] [pid 46094] [client 45.128.199.191:0] script '/domains/antiqueweb1/olux.php' not found or unable to stat
[Wed Feb 18 00:49:57.325721 2026] [php:error] [pid 46075] [client 173.239.236.164:0] script '/domains/wsmith.enteract/uploader.php' not found or unable to stat
[Wed Feb 18 00:49:57.406974 2026] [php:error] [pid 46094] [client 45.128.199.191:0] script '/domains/antiqueweb1/wso.php' not found or unable to stat
[Wed Feb 18 00:49:57.918172 2026] [php:error] [pid 46075] [client 173.239.236.164:0] script '/domains/wsmith.enteract/1337.php' not found or unable to stat
[Wed Feb 18 00:49:58.230440 2026] [php:error] [pid 46094] [client 45.128.199.191:0] script '/domains/antiqueweb1/uploader.php' not found or unable to stat
[Wed Feb 18 00:49:58.302370 2026] [php:error] [pid 46075] [client 173.239.236.164:0] script '/domains/wsmith.enteract/user.php' not found or unable to stat
[Wed Feb 18 00:49:58.538055 2026] [php:error] [pid 46094] [client 45.128.199.191:0] script '/domains/antiqueweb1/1337.php' not found or unable to stat
[Wed Feb 18 00:49:58.619053 2026] [php:error] [pid 46075] [client 173.239.236.164:0] script '/domains/wsmith.enteract/wp-info.php' not found or unable to stat
[Wed Feb 18 00:49:58.835581 2026] [php:error] [pid 46094] [client 45.128.199.191:0] script '/domains/antiqueweb1/user.php' not found or unable to stat
[Wed Feb 18 00:49:58.996825 2026] [php:error] [pid 46075] [client 173.239.236.164:0] script '/domains/wsmith.enteract/wxo.php' not found or unable to stat
[Wed Feb 18 00:49:59.119830 2026] [php:error] [pid 46094] [client 45.128.199.191:0] script '/domains/antiqueweb1/wp-info.php' not found or unable to stat
[Wed Feb 18 00:49:59.294188 2026] [php:error] [pid 46075] [client 173.239.236.164:0] script '/domains/wsmith.enteract/amigo.php' not found or unable to stat
[Wed Feb 18 00:49:59.453585 2026] [php:error] [pid 46094] [client 45.128.199.191:0] script '/domains/antiqueweb1/wxo.php' not found or unable to stat
[Wed Feb 18 00:49:59.577424 2026] [php:error] [pid 46075] [client 173.239.236.164:0] script '/domains/wsmith.enteract/yoi.php' not found or unable to stat
[Wed Feb 18 00:49:59.830997 2026] [php:error] [pid 46094] [client 45.128.199.191:0] script '/domains/antiqueweb1/amigo.php' not found or unable to stat
[Wed Feb 18 00:50:00.117571 2026] [php:error] [pid 46094] [client 45.128.199.191:0] script '/domains/antiqueweb1/yoi.php' not found or unable to stat
[Wed Feb 18 00:50:00.677595 2026] [php:error] [pid 46075] [client 173.239.236.164:0] script '/domains/wsmith.enteract/wp-contentt.php' not found or unable to stat
[Wed Feb 18 00:50:01.025236 2026] [php:error] [pid 46094] [client 45.128.199.191:0] script '/domains/antiqueweb1/wp-contentt.php' not found or unable to stat
[Wed Feb 18 00:50:01.051168 2026] [php:error] [pid 46075] [client 173.239.236.164:0] script '/domains/wsmith.enteract/we1y8.php' not found or unable to stat
[Wed Feb 18 00:50:01.316404 2026] [php:error] [pid 46094] [client 45.128.199.191:0] script '/domains/antiqueweb1/we1y8.php' not found or unable to stat
[Wed Feb 18 00:50:02.908840 2026] [php:error] [pid 46094] [client 45.128.199.191:0] script '/domains/antiqueweb1/hehe.php' not found or unable to stat
[Wed Feb 18 00:50:03.148385 2026] [php:error] [pid 46075] [client 173.239.236.164:0] script '/domains/wsmith.enteract/hehe.php' not found or unable to stat
[Wed Feb 18 00:50:03.236289 2026] [php:error] [pid 46094] [client 45.128.199.191:0] script '/domains/antiqueweb1/post-data.php' not found or unable to stat
[Wed Feb 18 00:50:03.519096 2026] [php:error] [pid 46075] [client 173.239.236.164:0] script '/domains/wsmith.enteract/post-data.php' not found or unable to stat
[Wed Feb 18 00:50:03.557309 2026] [php:error] [pid 46094] [client 45.128.199.191:0] script '/domains/antiqueweb1/w0.php' not found or unable to stat
[Wed Feb 18 00:50:03.829837 2026] [php:error] [pid 46094] [client 45.128.199.191:0] script '/domains/antiqueweb1/old-index.php' not found or unable to stat
[Wed Feb 18 00:50:04.108208 2026] [php:error] [pid 46094] [client 45.128.199.191:0] script '/domains/antiqueweb1/wsanon.php' not found or unable to stat
[Wed Feb 18 00:50:04.555949 2026] [php:error] [pid 46075] [client 173.239.236.164:0] script '/domains/wsmith.enteract/w0.php' not found or unable to stat
[Wed Feb 18 00:50:05.023046 2026] [php:error] [pid 46075] [client 173.239.236.164:0] script '/domains/wsmith.enteract/old-index.php' not found or unable to stat
[Wed Feb 18 00:50:05.048985 2026] [php:error] [pid 46094] [client 45.128.199.191:0] script '/domains/antiqueweb1/indo.php' not found or unable to stat
[Wed Feb 18 00:50:05.364939 2026] [php:error] [pid 46075] [client 173.239.236.164:0] script '/domains/wsmith.enteract/wsanon.php' not found or unable to stat
[Wed Feb 18 00:50:05.753999 2026] [php:error] [pid 46094] [client 45.128.199.191:0] script '/domains/antiqueweb1/beence.php' not found or unable to stat
[Wed Feb 18 00:50:06.040363 2026] [php:error] [pid 46094] [client 45.128.199.191:0] script '/domains/antiqueweb1/indosec.php' not found or unable to stat
[Wed Feb 18 00:50:06.348143 2026] [php:error] [pid 46094] [client 45.128.199.191:0] script '/domains/antiqueweb1/archives.php' not found or unable to stat
[Wed Feb 18 00:50:06.601512 2026] [php:error] [pid 46075] [client 173.239.236.164:0] script '/domains/wsmith.enteract/indo.php' not found or unable to stat
[Wed Feb 18 00:50:06.621799 2026] [php:error] [pid 46094] [client 45.128.199.191:0] script '/domains/antiqueweb1/po8sa.php' not found or unable to stat
[Wed Feb 18 00:50:06.902986 2026] [php:error] [pid 46094] [client 45.128.199.191:0] script '/domains/antiqueweb1/thesmartestx.php' not found or unable to stat
[Wed Feb 18 00:50:06.937696 2026] [php:error] [pid 46075] [client 173.239.236.164:0] script '/domains/wsmith.enteract/beence.php' not found or unable to stat
[Wed Feb 18 00:50:07.206779 2026] [php:error] [pid 46094] [client 45.128.199.191:0] script '/domains/antiqueweb1/zcanp.php' not found or unable to stat
[Wed Feb 18 00:50:07.413480 2026] [php:error] [pid 46075] [client 173.239.236.164:0] script '/domains/wsmith.enteract/indosec.php' not found or unable to stat
[Wed Feb 18 00:50:07.923618 2026] [php:error] [pid 46075] [client 173.239.236.164:0] script '/domains/wsmith.enteract/archives.php' not found or unable to stat
[Wed Feb 18 00:50:08.231369 2026] [php:error] [pid 46075] [client 173.239.236.164:0] script '/domains/wsmith.enteract/po8sa.php' not found or unable to stat
[Wed Feb 18 00:50:08.562690 2026] [php:error] [pid 46075] [client 173.239.236.164:0] script '/domains/wsmith.enteract/thesmartestx.php' not found or unable to stat
[Wed Feb 18 00:50:09.326914 2026] [php:error] [pid 46075] [client 173.239.236.164:0] script '/domains/wsmith.enteract/zcanp.php' not found or unable to stat
[Wed Feb 18 00:50:09.421692 2026] [php:error] [pid 46106] [client 45.128.199.13:0] script '/domains/antiqueweb1/pvt.php' not found or unable to stat
[Wed Feb 18 00:50:09.701164 2026] [php:error] [pid 46106] [client 45.128.199.13:0] script '/domains/antiqueweb1/shell20211028.php' not found or unable to stat
[Wed Feb 18 00:50:09.946745 2026] [php:error] [pid 46106] [client 45.128.199.13:0] script '/domains/antiqueweb1/cgi-bin/wp-2019.php' not found or unable to stat
[Wed Feb 18 00:50:10.240953 2026] [php:error] [pid 46106] [client 45.128.199.13:0] script '/domains/antiqueweb1/crypted.php' not found or unable to stat
[Wed Feb 18 00:50:10.522689 2026] [php:error] [pid 46106] [client 45.128.199.13:0] script '/domains/antiqueweb1/h0110w4y.php' not found or unable to stat
[Wed Feb 18 00:50:10.815417 2026] [php:error] [pid 46106] [client 45.128.199.13:0] script '/domains/antiqueweb1/vesiw.php' not found or unable to stat
[Wed Feb 18 00:50:10.943198 2026] [php:error] [pid 46075] [client 173.239.236.59:0] script '/domains/wsmith.enteract/pvt.php' not found or unable to stat
[Wed Feb 18 00:50:11.056472 2026] [php:error] [pid 46106] [client 45.128.199.13:0] script '/domains/antiqueweb1/w.php' not found or unable to stat
[Wed Feb 18 00:50:11.231564 2026] [php:error] [pid 46075] [client 173.239.236.59:0] script '/domains/wsmith.enteract/shell20211028.php' not found or unable to stat
[Wed Feb 18 00:50:11.845769 2026] [php:error] [pid 46106] [client 45.128.199.13:0] script '/domains/antiqueweb1/wp-db.php' not found or unable to stat
[Wed Feb 18 00:50:11.903561 2026] [php:error] [pid 46075] [client 173.239.236.59:0] script '/domains/wsmith.enteract/crypted.php' not found or unable to stat
[Wed Feb 18 00:50:12.206265 2026] [php:error] [pid 46075] [client 173.239.236.59:0] script '/domains/wsmith.enteract/h0110w4y.php' not found or unable to stat
[Wed Feb 18 00:50:12.533546 2026] [php:error] [pid 46075] [client 173.239.236.59:0] script '/domains/wsmith.enteract/vesiw.php' not found or unable to stat
[Wed Feb 18 00:50:12.853302 2026] [php:error] [pid 46075] [client 173.239.236.59:0] script '/domains/wsmith.enteract/w.php' not found or unable to stat
[Wed Feb 18 00:50:13.010809 2026] [php:error] [pid 46106] [client 45.128.199.13:0] script '/domains/antiqueweb1/lx.php' not found or unable to stat
[Wed Feb 18 00:50:13.176581 2026] [php:error] [pid 46075] [client 173.239.236.59:0] script '/domains/wsmith.enteract/wp-db.php' not found or unable to stat
[Wed Feb 18 00:50:13.322123 2026] [php:error] [pid 46106] [client 45.128.199.13:0] script '/domains/antiqueweb1/tonant.php' not found or unable to stat
[Wed Feb 18 00:50:13.647485 2026] [php:error] [pid 46106] [client 45.128.199.13:0] script '/domains/antiqueweb1/f0x.php' not found or unable to stat
[Wed Feb 18 00:50:13.909917 2026] [php:error] [pid 46106] [client 45.128.199.13:0] script '/domains/antiqueweb1/config.bak.php' not found or unable to stat
[Wed Feb 18 00:50:14.233001 2026] [php:error] [pid 46106] [client 45.128.199.13:0] script '/domains/antiqueweb1/bypass403.php' not found or unable to stat
[Wed Feb 18 00:50:14.539229 2026] [php:error] [pid 46075] [client 173.239.236.59:0] script '/domains/wsmith.enteract/lx.php' not found or unable to stat
[Wed Feb 18 00:50:14.543666 2026] [php:error] [pid 46106] [client 45.128.199.13:0] script '/domains/antiqueweb1/adminer.php' not found or unable to stat
[Wed Feb 18 00:50:14.822868 2026] [php:error] [pid 46106] [client 45.128.199.13:0] script '/domains/antiqueweb1/allahnaber.php' not found or unable to stat
[Wed Feb 18 00:50:14.920878 2026] [php:error] [pid 46075] [client 173.239.236.59:0] script '/domains/wsmith.enteract/tonant.php' not found or unable to stat
[Wed Feb 18 00:50:15.215074 2026] [php:error] [pid 46106] [client 45.128.199.13:0] script '/domains/antiqueweb1/AK-74.php' not found or unable to stat
[Wed Feb 18 00:50:15.261702 2026] [php:error] [pid 46075] [client 173.239.236.59:0] script '/domains/wsmith.enteract/f0x.php' not found or unable to stat
[Wed Feb 18 00:50:15.505054 2026] [php:error] [pid 46106] [client 45.128.199.13:0] script '/domains/antiqueweb1/alfa3.php' not found or unable to stat
[Wed Feb 18 00:50:15.556241 2026] [php:error] [pid 46075] [client 173.239.236.59:0] script '/domains/wsmith.enteract/config.bak.php' not found or unable to stat
[Wed Feb 18 00:50:15.746286 2026] [php:error] [pid 46106] [client 45.128.199.13:0] script '/domains/antiqueweb1/alfaindex.php' not found or unable to stat
[Wed Feb 18 00:50:15.893856 2026] [php:error] [pid 46075] [client 173.239.236.59:0] script '/domains/wsmith.enteract/bypass403.php' not found or unable to stat
[Wed Feb 18 00:50:16.030873 2026] [php:error] [pid 46106] [client 45.128.199.13:0] script '/domains/antiqueweb1/alfa.php' not found or unable to stat
[Wed Feb 18 00:50:16.248773 2026] [php:error] [pid 46075] [client 173.239.236.59:0] script '/domains/wsmith.enteract/adminer.php' not found or unable to stat
[Wed Feb 18 00:50:16.336189 2026] [php:error] [pid 46106] [client 45.128.199.13:0] script '/domains/antiqueweb1/c99.php' not found or unable to stat
[Wed Feb 18 00:50:16.610574 2026] [php:error] [pid 46075] [client 173.239.236.59:0] script '/domains/wsmith.enteract/allahnaber.php' not found or unable to stat
[Wed Feb 18 00:50:16.617833 2026] [php:error] [pid 46106] [client 45.128.199.13:0] script '/domains/antiqueweb1/cmd.php' not found or unable to stat
[Wed Feb 18 00:50:16.946269 2026] [php:error] [pid 46106] [client 45.128.199.13:0] script '/domains/antiqueweb1/cw.php' not found or unable to stat
[Wed Feb 18 00:50:16.949381 2026] [php:error] [pid 46075] [client 173.239.236.59:0] script '/domains/wsmith.enteract/AK-74.php' not found or unable to stat
[Wed Feb 18 00:50:17.233445 2026] [php:error] [pid 46106] [client 45.128.199.13:0] script '/domains/antiqueweb1/date.php' not found or unable to stat
[Wed Feb 18 00:50:17.268489 2026] [php:error] [pid 46075] [client 173.239.236.59:0] script '/domains/wsmith.enteract/alfa3.php' not found or unable to stat
[Wed Feb 18 00:50:17.507549 2026] [php:error] [pid 46106] [client 45.128.199.13:0] script '/domains/antiqueweb1/haxor.php' not found or unable to stat
[Wed Feb 18 00:50:17.555951 2026] [php:error] [pid 46075] [client 173.239.236.59:0] script '/domains/wsmith.enteract/alfaindex.php' not found or unable to stat
[Wed Feb 18 00:50:17.824154 2026] [php:error] [pid 46106] [client 45.128.199.13:0] script '/domains/antiqueweb1/icomsium.php' not found or unable to stat
[Wed Feb 18 00:50:17.890054 2026] [php:error] [pid 46075] [client 173.239.236.59:0] script '/domains/wsmith.enteract/alfa.php' not found or unable to stat
[Wed Feb 18 00:50:18.149444 2026] [php:error] [pid 46106] [client 45.128.199.13:0] script '/domains/antiqueweb1/ico.php' not found or unable to stat
[Wed Feb 18 00:50:18.236313 2026] [php:error] [pid 46075] [client 173.239.236.59:0] script '/domains/wsmith.enteract/c99.php' not found or unable to stat
[Wed Feb 18 00:50:18.419272 2026] [php:error] [pid 46106] [client 45.128.199.13:0] script '/domains/antiqueweb1/leaf.php' not found or unable to stat
[Wed Feb 18 00:50:18.560037 2026] [php:error] [pid 46075] [client 173.239.236.59:0] script '/domains/wsmith.enteract/cmd.php' not found or unable to stat
[Wed Feb 18 00:50:18.735000 2026] [php:error] [pid 46106] [client 45.128.199.13:0] script '/domains/antiqueweb1/marijuana.php' not found or unable to stat
[Wed Feb 18 00:50:18.919278 2026] [php:error] [pid 46075] [client 173.239.236.59:0] script '/domains/wsmith.enteract/cw.php' not found or unable to stat
[Wed Feb 18 00:50:19.102332 2026] [php:error] [pid 46106] [client 45.128.199.13:0] script '/domains/antiqueweb1/mass.php' not found or unable to stat
[Wed Feb 18 00:50:19.415066 2026] [php:error] [pid 46106] [client 45.128.199.13:0] script '/domains/antiqueweb1/mini.php' not found or unable to stat
[Wed Feb 18 00:50:19.497061 2026] [php:error] [pid 46075] [client 173.239.236.59:0] script '/domains/wsmith.enteract/date.php' not found or unable to stat
[Wed Feb 18 00:50:19.702118 2026] [php:error] [pid 46106] [client 45.128.199.13:0] script '/domains/antiqueweb1/priv8.php' not found or unable to stat
[Wed Feb 18 00:50:19.824314 2026] [php:error] [pid 46075] [client 173.239.236.59:0] script '/domains/wsmith.enteract/haxor.php' not found or unable to stat
[Wed Feb 18 00:50:20.010949 2026] [php:error] [pid 46106] [client 45.128.199.13:0] script '/domains/antiqueweb1/pws.php' not found or unable to stat
[Wed Feb 18 00:50:20.237612 2026] [php:error] [pid 46075] [client 173.239.236.59:0] script '/domains/wsmith.enteract/icomsium.php' not found or unable to stat
[Wed Feb 18 00:50:20.635716 2026] [php:error] [pid 46075] [client 173.239.236.59:0] script '/domains/wsmith.enteract/ico.php' not found or unable to stat
[Wed Feb 18 00:50:20.970814 2026] [php:error] [pid 46075] [client 173.239.236.59:0] script '/domains/wsmith.enteract/leaf.php' not found or unable to stat
[Wed Feb 18 00:50:21.101974 2026] [php:error] [pid 46106] [client 45.128.199.13:0] script '/domains/antiqueweb1/r57.php' not found or unable to stat
[Wed Feb 18 00:50:21.289392 2026] [php:error] [pid 46075] [client 173.239.236.59:0] script '/domains/wsmith.enteract/marijuana.php' not found or unable to stat
[Wed Feb 18 00:50:21.354029 2026] [php:error] [pid 46106] [client 45.128.199.13:0] script '/domains/antiqueweb1/robots.php' not found or unable to stat
[Wed Feb 18 00:50:21.626299 2026] [php:error] [pid 46075] [client 173.239.236.59:0] script '/domains/wsmith.enteract/mass.php' not found or unable to stat
[Wed Feb 18 00:50:21.629627 2026] [php:error] [pid 46106] [client 45.128.199.13:0] script '/domains/antiqueweb1/snd.php' not found or unable to stat
[Wed Feb 18 00:50:21.932261 2026] [php:error] [pid 46075] [client 173.239.236.59:0] script '/domains/wsmith.enteract/mini.php' not found or unable to stat
[Wed Feb 18 00:50:21.934611 2026] [php:error] [pid 46106] [client 45.128.199.13:0] script '/domains/antiqueweb1/wp-class.php' not found or unable to stat
[Wed Feb 18 00:50:22.296651 2026] [php:error] [pid 46106] [client 45.128.199.13:0] script '/domains/antiqueweb1/new-index.php' not found or unable to stat
[Wed Feb 18 00:50:22.348600 2026] [php:error] [pid 46075] [client 173.239.236.59:0] script '/domains/wsmith.enteract/priv8.php' not found or unable to stat
[Wed Feb 18 00:50:22.792194 2026] [php:error] [pid 46075] [client 173.239.236.59:0] script '/domains/wsmith.enteract/pws.php' not found or unable to stat
[Wed Feb 18 00:50:23.136031 2026] [php:error] [pid 46075] [client 173.239.236.59:0] script '/domains/wsmith.enteract/r57.php' not found or unable to stat
[Wed Feb 18 00:50:23.573131 2026] [php:error] [pid 46075] [client 173.239.236.59:0] script '/domains/wsmith.enteract/robots.php' not found or unable to stat
[Wed Feb 18 00:50:23.917614 2026] [php:error] [pid 46075] [client 173.239.236.59:0] script '/domains/wsmith.enteract/snd.php' not found or unable to stat
[Wed Feb 18 00:50:24.231380 2026] [php:error] [pid 46075] [client 173.239.236.59:0] script '/domains/wsmith.enteract/wp-class.php' not found or unable to stat
[Wed Feb 18 00:50:24.597183 2026] [php:error] [pid 46075] [client 173.239.236.59:0] script '/domains/wsmith.enteract/new-index.php' not found or unable to stat
[Wed Feb 18 00:50:28.856942 2026] [php:error] [pid 46106] [client 45.128.199.13:0] script '/domains/antiqueweb1/class-wp-widget-archives.php' not found or unable to stat
[Wed Feb 18 00:50:32.434943 2026] [php:error] [pid 46106] [client 45.128.199.13:0] script '/domains/antiqueweb1/xleet-shell.php' not found or unable to stat
[Wed Feb 18 00:50:32.537767 2026] [php:error] [pid 46075] [client 173.239.236.59:0] script '/domains/wsmith.enteract/class-wp-widget-archives.php' not found or unable to stat
[Wed Feb 18 00:50:32.804951 2026] [php:error] [pid 46106] [client 45.128.199.13:0] script '/domains/antiqueweb1/xleet.php' not found or unable to stat
[Wed Feb 18 00:50:33.299000 2026] [php:error] [pid 46106] [client 45.128.199.13:0] script '/domains/antiqueweb1/xleetshell.php' not found or unable to stat
[Wed Feb 18 00:50:34.201331 2026] [php:error] [pid 46106] [client 45.128.199.13:0] script '/domains/antiqueweb1/xlt.php' not found or unable to stat
[Wed Feb 18 00:50:35.786040 2026] [php:error] [pid 46075] [client 173.239.236.59:0] script '/domains/wsmith.enteract/xleet-shell.php' not found or unable to stat
[Wed Feb 18 00:50:36.096526 2026] [php:error] [pid 46075] [client 173.239.236.59:0] script '/domains/wsmith.enteract/xleet.php' not found or unable to stat
[Wed Feb 18 00:50:36.136799 2026] [php:error] [pid 46106] [client 45.128.199.13:0] script '/domains/antiqueweb1/wp-apxupx.php' not found or unable to stat
[Wed Feb 18 00:50:36.438475 2026] [php:error] [pid 46075] [client 173.239.236.59:0] script '/domains/wsmith.enteract/xleetshell.php' not found or unable to stat
[Wed Feb 18 00:50:36.523156 2026] [php:error] [pid 46106] [client 45.128.199.13:0] script '/domains/antiqueweb1/nf_tracking.php' not found or unable to stat
[Wed Feb 18 00:50:36.808762 2026] [php:error] [pid 46106] [client 45.128.199.13:0] script '/domains/antiqueweb1/class.api.php' not found or unable to stat
[Wed Feb 18 00:50:37.121964 2026] [php:error] [pid 46106] [client 45.128.199.13:0] script '/domains/antiqueweb1/xl2023.php' not found or unable to stat
[Wed Feb 18 00:50:37.416898 2026] [php:error] [pid 46106] [client 45.128.199.13:0] script '/domains/antiqueweb1/wp-head.php' not found or unable to stat
[Wed Feb 18 00:50:37.618992 2026] [php:error] [pid 46075] [client 173.239.236.59:0] script '/domains/wsmith.enteract/xlt.php' not found or unable to stat
[Wed Feb 18 00:50:37.715344 2026] [php:error] [pid 46106] [client 45.128.199.13:0] script '/domains/antiqueweb1/wp-pano.php' not found or unable to stat
[Wed Feb 18 00:50:38.648204 2026] [php:error] [pid 46106] [client 45.128.199.13:0] script '/domains/antiqueweb1/xmlrpc.php' not found or unable to stat
[Wed Feb 18 00:50:39.566952 2026] [php:error] [pid 46106] [client 45.128.199.13:0] script '/domains/antiqueweb1/wp-admin.php' not found or unable to stat
[Wed Feb 18 00:50:40.468812 2026] [php:error] [pid 46075] [client 173.239.236.59:0] script '/domains/wsmith.enteract/wp-apxupx.php' not found or unable to stat
[Wed Feb 18 00:50:40.641572 2026] [php:error] [pid 46106] [client 45.128.199.13:0] script '/domains/antiqueweb1/WSOEnigma.php' not found or unable to stat
[Wed Feb 18 00:50:40.812032 2026] [php:error] [pid 46075] [client 173.239.236.59:0] script '/domains/wsmith.enteract/nf_tracking.php' not found or unable to stat
[Wed Feb 18 00:50:41.194780 2026] [php:error] [pid 46075] [client 173.239.236.59:0] script '/domains/wsmith.enteract/class.api.php' not found or unable to stat
[Wed Feb 18 00:50:41.530384 2026] [php:error] [pid 46075] [client 173.239.236.59:0] script '/domains/wsmith.enteract/xl2023.php' not found or unable to stat
[Wed Feb 18 00:50:41.837811 2026] [php:error] [pid 46075] [client 173.239.236.59:0] script '/domains/wsmith.enteract/wp-head.php' not found or unable to stat
[Wed Feb 18 00:50:42.192868 2026] [php:error] [pid 46075] [client 173.239.236.59:0] script '/domains/wsmith.enteract/wp-pano.php' not found or unable to stat
[Wed Feb 18 00:50:42.197677 2026] [php:error] [pid 46106] [client 45.128.199.13:0] script '/domains/antiqueweb1/mah.php' not found or unable to stat
[Wed Feb 18 00:50:43.122083 2026] [php:error] [pid 46113] [client 45.8.17.227:0] script '/domains/antiqueweb1/test.php' not found or unable to stat
[Wed Feb 18 00:50:43.233889 2026] [php:error] [pid 46075] [client 173.239.236.59:0] script '/domains/wsmith.enteract/xmlrpc.php' not found or unable to stat
[Wed Feb 18 00:50:43.538009 2026] [php:error] [pid 46075] [client 173.239.236.59:0] script '/domains/wsmith.enteract/wp-admin.php' not found or unable to stat
[Wed Feb 18 00:50:43.719497 2026] [php:error] [pid 46113] [client 45.8.17.227:0] script '/domains/antiqueweb1/gebase.php' not found or unable to stat
[Wed Feb 18 00:50:44.030501 2026] [php:error] [pid 46113] [client 45.8.17.227:0] script '/domains/antiqueweb1/defaults.php' not found or unable to stat
[Wed Feb 18 00:50:44.323333 2026] [php:error] [pid 46113] [client 45.8.17.227:0] script '/domains/antiqueweb1/asasx.php' not found or unable to stat
[Wed Feb 18 00:50:45.128755 2026] [php:error] [pid 46075] [client 173.239.236.59:0] script '/domains/wsmith.enteract/WSOEnigma.php' not found or unable to stat
