[Wed Feb 18 00:50:45.528000 2026] [php:error] [pid 46113] [client 45.8.17.227:0] script '/domains/antiqueweb1/contact.php' not found or unable to stat
[Wed Feb 18 00:50:45.811367 2026] [php:error] [pid 46113] [client 45.8.17.227:0] script '/domains/antiqueweb1/classwithtostring.php' not found or unable to stat
[Wed Feb 18 00:50:46.106931 2026] [php:error] [pid 46113] [client 45.8.17.227:0] script '/domains/antiqueweb1/mah.php' not found or unable to stat
[Wed Feb 18 00:50:46.415811 2026] [php:error] [pid 46113] [client 45.8.17.227:0] script '/domains/antiqueweb1/wp-add.php' not found or unable to stat
[Wed Feb 18 00:50:47.085522 2026] [php:error] [pid 46075] [client 173.239.236.59:0] script '/domains/wsmith.enteract/mah.php' not found or unable to stat
[Wed Feb 18 00:50:47.723291 2026] [php:error] [pid 46113] [client 45.8.17.227:0] script '/domains/antiqueweb1/403.php' not found or unable to stat
[Wed Feb 18 00:50:47.936328 2026] [php:error] [pid 46111] [client 173.239.236.212:0] script '/domains/wsmith.enteract/test.php' not found or unable to stat
[Wed Feb 18 00:50:48.883629 2026] [php:error] [pid 46111] [client 173.239.236.212:0] script '/domains/wsmith.enteract/gebase.php' not found or unable to stat
[Wed Feb 18 00:50:49.202958 2026] [php:error] [pid 46111] [client 173.239.236.212:0] script '/domains/wsmith.enteract/defaults.php' not found or unable to stat
[Wed Feb 18 00:50:49.529948 2026] [php:error] [pid 46111] [client 173.239.236.212:0] script '/domains/wsmith.enteract/asasx.php' not found or unable to stat
[Wed Feb 18 00:50:50.057928 2026] [php:error] [pid 46113] [client 45.8.17.227:0] script '/domains/antiqueweb1/text.php' not found or unable to stat
[Wed Feb 18 00:50:50.327170 2026] [php:error] [pid 46113] [client 45.8.17.227:0] script '/domains/antiqueweb1/xc.php' not found or unable to stat
[Wed Feb 18 00:50:50.834968 2026] [php:error] [pid 46075] [client 122.3.106.205:0] script '/domains/homesbyaudrey1/xmlrpc.php' not found or unable to stat
[Wed Feb 18 00:50:51.006235 2026] [php:error] [pid 46111] [client 173.239.236.212:0] script '/domains/wsmith.enteract/contact.php' not found or unable to stat
[Wed Feb 18 00:50:51.307556 2026] [php:error] [pid 46111] [client 173.239.236.212:0] script '/domains/wsmith.enteract/classwithtostring.php' not found or unable to stat
[Wed Feb 18 00:50:51.697893 2026] [php:error] [pid 46111] [client 173.239.236.212:0] script '/domains/wsmith.enteract/mah.php' not found or unable to stat
[Wed Feb 18 00:50:51.917283 2026] [php:error] [pid 46113] [client 45.8.17.227:0] script '/domains/antiqueweb1/cgi-bin/xmrlpc.php' not found or unable to stat
[Wed Feb 18 00:50:52.078640 2026] [php:error] [pid 46111] [client 173.239.236.212:0] script '/domains/wsmith.enteract/wp-add.php' not found or unable to stat
[Wed Feb 18 00:50:52.847957 2026] [php:error] [pid 46113] [client 45.8.17.227:0] script '/domains/antiqueweb1/go.php' not found or unable to stat
[Wed Feb 18 00:50:53.295007 2026] [php:error] [pid 46111] [client 173.239.236.212:0] script '/domains/wsmith.enteract/403.php' not found or unable to stat
[Wed Feb 18 00:50:53.506498 2026] [php:error] [pid 46113] [client 45.8.17.227:0] script '/domains/antiqueweb1/byp.php' not found or unable to stat
[Wed Feb 18 00:50:55.519199 2026] [php:error] [pid 46111] [client 173.239.236.212:0] script '/domains/wsmith.enteract/text.php' not found or unable to stat
[Wed Feb 18 00:50:55.815114 2026] [php:error] [pid 46113] [client 45.8.17.227:0] script '/domains/antiqueweb1/click.php' not found or unable to stat
[Wed Feb 18 00:50:55.892132 2026] [php:error] [pid 46111] [client 173.239.236.212:0] script '/domains/wsmith.enteract/xc.php' not found or unable to stat
[Wed Feb 18 00:50:57.611197 2026] [php:error] [pid 46120] [client 103.19.197.28:0] script '/domains/homesbyaudrey1/xmlrpc.php' not found or unable to stat
[Wed Feb 18 00:50:57.618275 2026] [php:error] [pid 46113] [client 45.8.17.227:0] script '/domains/antiqueweb1/baxa1.php' not found or unable to stat
[Wed Feb 18 00:50:58.219367 2026] [php:error] [pid 46113] [client 45.8.17.227:0] script '/domains/antiqueweb1/in.php' not found or unable to stat
[Wed Feb 18 00:50:58.249020 2026] [php:error] [pid 46109] [client 20.111.62.157:0] script '/domains/thewalshgroup/new4.php' not found or unable to stat
[Wed Feb 18 00:50:58.334132 2026] [php:error] [pid 46109] [client 20.111.62.157:0] script '/domains/thewalshgroup/xoot.php' not found or unable to stat
[Wed Feb 18 00:50:58.418801 2026] [php:error] [pid 46109] [client 20.111.62.157:0] script '/domains/thewalshgroup/er.php' not found or unable to stat
[Wed Feb 18 00:50:58.497999 2026] [php:error] [pid 46111] [client 173.239.236.212:0] script '/domains/wsmith.enteract/go.php' not found or unable to stat
[Wed Feb 18 00:50:58.507391 2026] [php:error] [pid 46109] [client 20.111.62.157:0] script '/domains/thewalshgroup/fault.php' not found or unable to stat
[Wed Feb 18 00:50:58.546025 2026] [php:error] [pid 46113] [client 45.8.17.227:0] script '/domains/antiqueweb1/geju.php' not found or unable to stat
[Wed Feb 18 00:50:58.597986 2026] [php:error] [pid 46109] [client 20.111.62.157:0] script '/domains/thewalshgroup/x2x.php' not found or unable to stat
[Wed Feb 18 00:50:58.683736 2026] [php:error] [pid 46109] [client 20.111.62.157:0] script '/domains/thewalshgroup/motu.php' not found or unable to stat
[Wed Feb 18 00:50:58.768977 2026] [php:error] [pid 46109] [client 20.111.62.157:0] script '/domains/thewalshgroup/66.php' not found or unable to stat
[Wed Feb 18 00:50:58.856171 2026] [php:error] [pid 46109] [client 20.111.62.157:0] script '/domains/thewalshgroup/leuk.php' not found or unable to stat
[Wed Feb 18 00:50:58.940969 2026] [php:error] [pid 46109] [client 20.111.62.157:0] script '/domains/thewalshgroup/bc-456.php' not found or unable to stat
[Wed Feb 18 00:50:59.027481 2026] [php:error] [pid 46109] [client 20.111.62.157:0] script '/domains/thewalshgroup/wo.php' not found or unable to stat
[Wed Feb 18 00:50:59.112834 2026] [php:error] [pid 46109] [client 20.111.62.157:0] script '/domains/thewalshgroup/bvb.php' not found or unable to stat
[Wed Feb 18 00:50:59.185341 2026] [php:error] [pid 46111] [client 173.239.236.212:0] script '/domains/wsmith.enteract/byp.php' not found or unable to stat
[Wed Feb 18 00:50:59.203636 2026] [php:error] [pid 46109] [client 20.111.62.157:0] script '/domains/thewalshgroup/xqq.php' not found or unable to stat
[Wed Feb 18 00:50:59.211839 2026] [php:error] [pid 46113] [client 45.8.17.227:0] script '/domains/antiqueweb1/wp-signup.php' not found or unable to stat
[Wed Feb 18 00:50:59.288521 2026] [php:error] [pid 46109] [client 20.111.62.157:0] script '/domains/thewalshgroup/kolda.php' not found or unable to stat
[Wed Feb 18 00:50:59.375818 2026] [php:error] [pid 46109] [client 20.111.62.157:0] script '/domains/thewalshgroup/nw.php' not found or unable to stat
[Wed Feb 18 00:50:59.460910 2026] [php:error] [pid 46109] [client 20.111.62.157:0] script '/domains/thewalshgroup/god.php' not found or unable to stat
[Wed Feb 18 00:50:59.499727 2026] [php:error] [pid 46113] [client 45.8.17.227:0] script '/domains/antiqueweb1/elp.php' not found or unable to stat
[Wed Feb 18 00:50:59.570479 2026] [php:error] [pid 46109] [client 20.111.62.157:0] script '/domains/thewalshgroup/666.php' not found or unable to stat
[Wed Feb 18 00:50:59.655013 2026] [php:error] [pid 46109] [client 20.111.62.157:0] script '/domains/thewalshgroup/kj.php' not found or unable to stat
[Wed Feb 18 00:50:59.741056 2026] [php:error] [pid 46109] [client 20.111.62.157:0] script '/domains/thewalshgroup/un.php' not found or unable to stat
[Wed Feb 18 00:50:59.936969 2026] [php:error] [pid 46109] [client 20.111.62.157:0] script '/domains/thewalshgroup/fs.php' not found or unable to stat
[Wed Feb 18 00:51:00.025893 2026] [php:error] [pid 46109] [client 20.111.62.157:0] script '/domains/thewalshgroup/lts.php' not found or unable to stat
[Wed Feb 18 00:51:00.110646 2026] [php:error] [pid 46109] [client 20.111.62.157:0] script '/domains/thewalshgroup/ms.php' not found or unable to stat
[Wed Feb 18 00:51:00.195179 2026] [php:error] [pid 46109] [client 20.111.62.157:0] script '/domains/thewalshgroup/login8.php' not found or unable to stat
[Wed Feb 18 00:51:00.308990 2026] [php:error] [pid 46109] [client 20.111.62.157:0] script '/domains/thewalshgroup/nnyvn.php' not found or unable to stat
[Wed Feb 18 00:51:00.342721 2026] [php:error] [pid 46113] [client 45.8.17.227:0] script '/domains/antiqueweb1/chosen-667.php' not found or unable to stat
[Wed Feb 18 00:51:00.394229 2026] [php:error] [pid 46109] [client 20.111.62.157:0] script '/domains/thewalshgroup/cu.php' not found or unable to stat
[Wed Feb 18 00:51:00.484435 2026] [php:error] [pid 46109] [client 20.111.62.157:0] script '/domains/thewalshgroup/lul.php' not found or unable to stat
[Wed Feb 18 00:51:00.592583 2026] [php:error] [pid 46109] [client 20.111.62.157:0] script '/domains/thewalshgroup/0.php' not found or unable to stat
[Wed Feb 18 00:51:00.636511 2026] [php:error] [pid 46113] [client 45.8.17.227:0] script '/domains/antiqueweb1/network.php' not found or unable to stat
[Wed Feb 18 00:51:00.735754 2026] [php:error] [pid 46109] [client 20.111.62.157:0] script '/domains/thewalshgroup/ms-edit.php' not found or unable to stat
[Wed Feb 18 00:51:00.823363 2026] [php:error] [pid 46109] [client 20.111.62.157:0] script '/domains/thewalshgroup/ya.php' not found or unable to stat
[Wed Feb 18 00:51:00.912705 2026] [php:error] [pid 46109] [client 20.111.62.157:0] script '/domains/thewalshgroup/grsiuk.php' not found or unable to stat
[Wed Feb 18 00:51:00.998663 2026] [php:error] [pid 46109] [client 20.111.62.157:0] script '/domains/thewalshgroup/wp-blog.php' not found or unable to stat
[Wed Feb 18 00:51:01.084218 2026] [php:error] [pid 46109] [client 20.111.62.157:0] script '/domains/thewalshgroup/ftem.php' not found or unable to stat
[Wed Feb 18 00:51:01.169239 2026] [php:error] [pid 46109] [client 20.111.62.157:0] script '/domains/thewalshgroup/7wom.php' not found or unable to stat
[Wed Feb 18 00:51:01.282533 2026] [php:error] [pid 46109] [client 20.111.62.157:0] script '/domains/thewalshgroup/wp-access.php' not found or unable to stat
[Wed Feb 18 00:51:01.368999 2026] [php:error] [pid 46109] [client 20.111.62.157:0] script '/domains/thewalshgroup/a1vx.php' not found or unable to stat
[Wed Feb 18 00:51:01.453886 2026] [php:error] [pid 46109] [client 20.111.62.157:0] script '/domains/thewalshgroup/sbhu.php' not found or unable to stat
[Wed Feb 18 00:51:01.588883 2026] [php:error] [pid 46109] [client 20.111.62.157:0] script '/domains/thewalshgroup/wp-the.php' not found or unable to stat
[Wed Feb 18 00:51:01.674322 2026] [php:error] [pid 46109] [client 20.111.62.157:0] script '/domains/thewalshgroup/06.php' not found or unable to stat
[Wed Feb 18 00:51:01.706238 2026] [php:error] [pid 46127] [client 45.128.199.251:0] script '/domains/antiqueweb1/wp-mail.php' not found or unable to stat
[Wed Feb 18 00:51:01.759037 2026] [php:error] [pid 46109] [client 20.111.62.157:0] script '/domains/thewalshgroup/wp5.php' not found or unable to stat
[Wed Feb 18 00:51:01.858292 2026] [php:error] [pid 46109] [client 20.111.62.157:0] script '/domains/thewalshgroup/fot.php' not found or unable to stat
[Wed Feb 18 00:51:01.945190 2026] [php:error] [pid 46111] [client 173.239.236.212:0] script '/domains/wsmith.enteract/click.php' not found or unable to stat
[Wed Feb 18 00:51:01.948897 2026] [php:error] [pid 46109] [client 20.111.62.157:0] script '/domains/thewalshgroup/ff1.php' not found or unable to stat
[Wed Feb 18 00:51:02.072854 2026] [php:error] [pid 46109] [client 20.111.62.157:0] script '/domains/thewalshgroup/forbidals.php' not found or unable to stat
[Wed Feb 18 00:51:02.157651 2026] [php:error] [pid 46109] [client 20.111.62.157:0] script '/domains/thewalshgroup/erty.php' not found or unable to stat
[Wed Feb 18 00:51:02.245330 2026] [php:error] [pid 46109] [client 20.111.62.157:0] script '/domains/thewalshgroup/dev1s.php' not found or unable to stat
[Wed Feb 18 00:51:02.297471 2026] [php:error] [pid 46127] [client 45.128.199.251:0] script '/domains/antiqueweb1/yanz.php' not found or unable to stat
[Wed Feb 18 00:51:02.330156 2026] [php:error] [pid 46109] [client 20.111.62.157:0] script '/domains/thewalshgroup/ffd.php' not found or unable to stat
[Wed Feb 18 00:51:02.423716 2026] [php:error] [pid 46109] [client 20.111.62.157:0] script '/domains/thewalshgroup/admiin.php' not found or unable to stat
[Wed Feb 18 00:51:02.508693 2026] [php:error] [pid 46109] [client 20.111.62.157:0] script '/domains/thewalshgroup/ol.php' not found or unable to stat
[Wed Feb 18 00:51:02.593630 2026] [php:error] [pid 46109] [client 20.111.62.157:0] script '/domains/thewalshgroup/Sanskrit.php' not found or unable to stat
[Wed Feb 18 00:51:02.689433 2026] [php:error] [pid 46109] [client 20.111.62.157:0] script '/domains/thewalshgroup/vxrl.php' not found or unable to stat
[Wed Feb 18 00:51:02.774485 2026] [php:error] [pid 46109] [client 20.111.62.157:0] script '/domains/thewalshgroup/re.php' not found or unable to stat
[Wed Feb 18 00:51:02.877007 2026] [php:error] [pid 46109] [client 20.111.62.157:0] script '/domains/thewalshgroup/num.php' not found or unable to stat
[Wed Feb 18 00:51:02.965086 2026] [php:error] [pid 46109] [client 20.111.62.157:0] script '/domains/thewalshgroup/axx.php' not found or unable to stat
[Wed Feb 18 00:51:03.049449 2026] [php:error] [pid 46109] [client 20.111.62.157:0] script '/domains/thewalshgroup/vxrl.php' not found or unable to stat
[Wed Feb 18 00:51:03.227210 2026] [php:error] [pid 46109] [client 20.111.62.157:0] script '/domains/thewalshgroup/in.php' not found or unable to stat
[Wed Feb 18 00:51:03.312896 2026] [php:error] [pid 46109] [client 20.111.62.157:0] script '/domains/thewalshgroup/style.php' not found or unable to stat
[Wed Feb 18 00:51:03.397488 2026] [php:error] [pid 46109] [client 20.111.62.157:0] script '/domains/thewalshgroup/we.php' not found or unable to stat
[Wed Feb 18 00:51:03.482800 2026] [php:error] [pid 46109] [client 20.111.62.157:0] script '/domains/thewalshgroup/zwso.php' not found or unable to stat
[Wed Feb 18 00:51:03.598130 2026] [php:error] [pid 46109] [client 20.111.62.157:0] script '/domains/thewalshgroup/karak.php' not found or unable to stat
[Wed Feb 18 00:51:03.685425 2026] [php:error] [pid 46109] [client 20.111.62.157:0] script '/domains/thewalshgroup/trd.php' not found or unable to stat
[Wed Feb 18 00:51:03.770615 2026] [php:error] [pid 46109] [client 20.111.62.157:0] script '/domains/thewalshgroup/past.php' not found or unable to stat
[Wed Feb 18 00:51:03.855447 2026] [php:error] [pid 46109] [client 20.111.62.157:0] script '/domains/thewalshgroup/prv8.php' not found or unable to stat
[Wed Feb 18 00:51:03.940870 2026] [php:error] [pid 46109] [client 20.111.62.157:0] script '/domains/thewalshgroup/i.php' not found or unable to stat
[Wed Feb 18 00:51:04.116156 2026] [php:error] [pid 46109] [client 20.111.62.157:0] script '/domains/thewalshgroup/xmlrpc.php' not found or unable to stat
[Wed Feb 18 00:51:04.201390 2026] [php:error] [pid 46109] [client 20.111.62.157:0] script '/domains/thewalshgroup/aw.php' not found or unable to stat
[Wed Feb 18 00:51:04.290470 2026] [php:error] [pid 46109] [client 20.111.62.157:0] script '/domains/thewalshgroup/dev.php' not found or unable to stat
[Wed Feb 18 00:51:04.375022 2026] [php:error] [pid 46109] [client 20.111.62.157:0] script '/domains/thewalshgroup/lock360.php' not found or unable to stat
[Wed Feb 18 00:51:04.460356 2026] [php:error] [pid 46109] [client 20.111.62.157:0] script '/domains/thewalshgroup/155.php' not found or unable to stat
[Wed Feb 18 00:51:04.545014 2026] [php:error] [pid 46109] [client 20.111.62.157:0] script '/domains/thewalshgroup/goat.php' not found or unable to stat
[Wed Feb 18 00:51:04.636312 2026] [php:error] [pid 46109] [client 20.111.62.157:0] script '/domains/thewalshgroup/tcp.php' not found or unable to stat
[Wed Feb 18 00:51:04.729855 2026] [php:error] [pid 46109] [client 20.111.62.157:0] script '/domains/thewalshgroup/ext.php' not found or unable to stat
[Wed Feb 18 00:51:04.832544 2026] [php:error] [pid 46109] [client 20.111.62.157:0] script '/domains/thewalshgroup/inputs.php' not found or unable to stat
[Wed Feb 18 00:51:04.917919 2026] [php:error] [pid 46109] [client 20.111.62.157:0] script '/domains/thewalshgroup/ioxi.php' not found or unable to stat
[Wed Feb 18 00:51:04.928749 2026] [php:error] [pid 46111] [client 173.239.236.212:0] script '/domains/wsmith.enteract/baxa1.php' not found or unable to stat
[Wed Feb 18 00:51:05.011907 2026] [php:error] [pid 46109] [client 20.111.62.157:0] script '/domains/thewalshgroup/fe5.php' not found or unable to stat
[Wed Feb 18 00:51:05.097074 2026] [php:error] [pid 46109] [client 20.111.62.157:0] script '/domains/thewalshgroup/ov.php' not found or unable to stat
[Wed Feb 18 00:51:05.244236 2026] [php:error] [pid 46109] [client 20.111.62.157:0] script '/domains/thewalshgroup/past1.php' not found or unable to stat
[Wed Feb 18 00:51:05.495679 2026] [php:error] [pid 46106] [client 40.115.138.121:0] script '/domains/mschmid/WSO.php' not found or unable to stat
[Wed Feb 18 00:51:05.513510 2026] [php:error] [pid 46109] [client 20.111.62.157:0] script '/domains/thewalshgroup/default.php' not found or unable to stat
[Wed Feb 18 00:51:05.624227 2026] [php:error] [pid 46109] [client 20.111.62.157:0] script '/domains/thewalshgroup/goods.php' not found or unable to stat
[Wed Feb 18 00:51:05.729561 2026] [php:error] [pid 46109] [client 20.111.62.157:0] script '/domains/thewalshgroup/abcd.php' not found or unable to stat
[Wed Feb 18 00:51:05.839668 2026] [php:error] [pid 46109] [client 20.111.62.157:0] script '/domains/thewalshgroup/yos.php' not found or unable to stat
[Wed Feb 18 00:51:05.924733 2026] [php:error] [pid 46109] [client 20.111.62.157:0] script '/domains/thewalshgroup/nope.php' not found or unable to stat
[Wed Feb 18 00:51:06.022376 2026] [php:error] [pid 46109] [client 20.111.62.157:0] script '/domains/thewalshgroup/class.1.php' not found or unable to stat
[Wed Feb 18 00:51:06.099399 2026] [php:error] [pid 46111] [client 173.239.236.212:0] script '/domains/wsmith.enteract/in.php' not found or unable to stat
[Wed Feb 18 00:51:06.134382 2026] [php:error] [pid 46109] [client 20.111.62.157:0] script '/domains/thewalshgroup/file5.php' not found or unable to stat
[Wed Feb 18 00:51:06.339418 2026] [php:error] [pid 46109] [client 20.111.62.157:0] script '/domains/thewalshgroup/async.php' not found or unable to stat
[Wed Feb 18 00:51:06.416548 2026] [php:error] [pid 46125] [client 45.128.199.7:0] script '/domains/antiqueweb1/tiny.php' not found or unable to stat
[Wed Feb 18 00:51:06.428328 2026] [php:error] [pid 46111] [client 173.239.236.212:0] script '/domains/wsmith.enteract/geju.php' not found or unable to stat
[Wed Feb 18 00:51:06.708467 2026] [php:error] [pid 46125] [client 45.128.199.7:0] script '/domains/antiqueweb1/edit.php' not found or unable to stat
[Wed Feb 18 00:51:06.759336 2026] [php:error] [pid 46109] [client 20.111.62.157:0] script '/domains/thewalshgroup/ff.php' not found or unable to stat
[Wed Feb 18 00:51:06.949416 2026] [php:error] [pid 46125] [client 45.128.199.7:0] script '/domains/antiqueweb1/first.php' not found or unable to stat
[Wed Feb 18 00:51:07.017093 2026] [php:error] [pid 46109] [client 20.111.62.157:0] script '/domains/thewalshgroup/ioxi-o.php' not found or unable to stat
[Wed Feb 18 00:51:07.081116 2026] [php:error] [pid 46111] [client 173.239.236.212:0] script '/domains/wsmith.enteract/wp-signup.php' not found or unable to stat
[Wed Feb 18 00:51:07.165214 2026] [php:error] [pid 46109] [client 20.111.62.157:0] script '/domains/thewalshgroup/manager.php' not found or unable to stat
[Wed Feb 18 00:51:07.250068 2026] [php:error] [pid 46109] [client 20.111.62.157:0] script '/domains/thewalshgroup/wp-update.php' not found or unable to stat
[Wed Feb 18 00:51:07.337013 2026] [php:error] [pid 46109] [client 20.111.62.157:0] script '/domains/thewalshgroup/file.php' not found or unable to stat
[Wed Feb 18 00:51:07.423023 2026] [php:error] [pid 46111] [client 173.239.236.212:0] script '/domains/wsmith.enteract/elp.php' not found or unable to stat
[Wed Feb 18 00:51:07.616857 2026] [php:error] [pid 46109] [client 20.111.62.157:0] script '/domains/thewalshgroup/lc.php' not found or unable to stat
[Wed Feb 18 00:51:07.703610 2026] [php:error] [pid 46109] [client 20.111.62.157:0] script '/domains/thewalshgroup/hexx.php' not found or unable to stat
[Wed Feb 18 00:51:07.945441 2026] [php:error] [pid 46109] [client 20.111.62.157:0] script '/domains/thewalshgroup/cbrfo.php' not found or unable to stat
[Wed Feb 18 00:51:08.273313 2026] [php:error] [pid 46109] [client 20.111.62.157:0] script '/domains/thewalshgroup/inc.php' not found or unable to stat
[Wed Feb 18 00:51:08.306889 2026] [php:error] [pid 46111] [client 173.239.236.212:0] script '/domains/wsmith.enteract/chosen-667.php' not found or unable to stat
[Wed Feb 18 00:51:08.358060 2026] [php:error] [pid 46109] [client 20.111.62.157:0] script '/domains/thewalshgroup/gifclass.php' not found or unable to stat
[Wed Feb 18 00:51:08.446793 2026] [php:error] [pid 46109] [client 20.111.62.157:0] script '/domains/thewalshgroup/miansha.php' not found or unable to stat
[Wed Feb 18 00:51:08.566388 2026] [php:error] [pid 46109] [client 20.111.62.157:0] script '/domains/thewalshgroup/tinyfilemanager.php' not found or unable to stat
[Wed Feb 18 00:51:08.599090 2026] [php:error] [pid 46111] [client 173.239.236.212:0] script '/domains/wsmith.enteract/network.php' not found or unable to stat
[Wed Feb 18 00:51:08.651527 2026] [php:error] [pid 46109] [client 20.111.62.157:0] script '/domains/thewalshgroup/xfile25.php' not found or unable to stat
[Wed Feb 18 00:51:08.736404 2026] [php:error] [pid 46109] [client 20.111.62.157:0] script '/domains/thewalshgroup/ok.php' not found or unable to stat
[Wed Feb 18 00:51:08.821629 2026] [php:error] [pid 46109] [client 20.111.62.157:0] script '/domains/thewalshgroup/fi.php' not found or unable to stat
[Wed Feb 18 00:51:09.158089 2026] [php:error] [pid 46120] [client 20.111.62.157:0] script '/domains/thewalshgroup/muzu.php' not found or unable to stat
[Wed Feb 18 00:51:09.261497 2026] [php:error] [pid 46120] [client 20.111.62.157:0] script '/domains/thewalshgroup/reze.php' not found or unable to stat
[Wed Feb 18 00:51:09.387429 2026] [php:error] [pid 46120] [client 20.111.62.157:0] script '/domains/thewalshgroup/styll.php' not found or unable to stat
[Wed Feb 18 00:51:09.474212 2026] [php:error] [pid 46120] [client 20.111.62.157:0] script '/domains/thewalshgroup/x7.php' not found or unable to stat
[Wed Feb 18 00:51:09.587352 2026] [php:error] [pid 46120] [client 20.111.62.157:0] script '/domains/thewalshgroup/thebe.php' not found or unable to stat
[Wed Feb 18 00:51:09.648461 2026] [php:error] [pid 46113] [client 173.239.236.59:0] script '/domains/wsmith.enteract/wp-mail.php' not found or unable to stat
[Wed Feb 18 00:51:09.673839 2026] [php:error] [pid 46120] [client 20.111.62.157:0] script '/domains/thewalshgroup/ddd.php' not found or unable to stat
[Wed Feb 18 00:51:09.786009 2026] [php:error] [pid 46120] [client 20.111.62.157:0] script '/domains/thewalshgroup/ccs.php' not found or unable to stat
[Wed Feb 18 00:51:09.897802 2026] [php:error] [pid 46120] [client 20.111.62.157:0] script '/domains/thewalshgroup/bgymj.php' not found or unable to stat
[Wed Feb 18 00:51:09.990210 2026] [php:error] [pid 46120] [client 20.111.62.157:0] script '/domains/thewalshgroup/8xyz.php' not found or unable to stat
[Wed Feb 18 00:51:10.077049 2026] [php:error] [pid 46120] [client 20.111.62.157:0] script '/domains/thewalshgroup/la.php' not found or unable to stat
[Wed Feb 18 00:51:10.163584 2026] [php:error] [pid 46120] [client 20.111.62.157:0] script '/domains/thewalshgroup/ioxi.php' not found or unable to stat
[Wed Feb 18 00:51:10.285536 2026] [php:error] [pid 46120] [client 20.111.62.157:0] script '/domains/thewalshgroup/xpwer1.php' not found or unable to stat
[Wed Feb 18 00:51:10.315114 2026] [php:error] [pid 46125] [client 45.128.199.7:0] script '/domains/antiqueweb1/bs1.php' not found or unable to stat
[Wed Feb 18 00:51:10.326520 2026] [php:error] [pid 46113] [client 173.239.236.59:0] script '/domains/wsmith.enteract/yanz.php' not found or unable to stat
[Wed Feb 18 00:51:10.398767 2026] [php:error] [pid 46120] [client 20.111.62.157:0] script '/domains/thewalshgroup/lala.php' not found or unable to stat
[Wed Feb 18 00:51:10.485346 2026] [php:error] [pid 46120] [client 20.111.62.157:0] script '/domains/thewalshgroup/about.php' not found or unable to stat
[Wed Feb 18 00:51:10.944475 2026] [php:error] [pid 46120] [client 20.111.62.157:0] script '/domains/thewalshgroup/info.php' not found or unable to stat
[Wed Feb 18 00:51:11.067671 2026] [php:error] [pid 46120] [client 20.111.62.157:0] script '/domains/thewalshgroup/about.php' not found or unable to stat
[Wed Feb 18 00:51:11.423048 2026] [php:error] [pid 46120] [client 20.111.62.157:0] script '/domains/thewalshgroup/222.php' not found or unable to stat
[Wed Feb 18 00:51:11.439320 2026] [php:error] [pid 46125] [client 45.128.199.7:0] script '/domains/antiqueweb1/cron.php' not found or unable to stat
[Wed Feb 18 00:51:11.597237 2026] [php:error] [pid 46120] [client 20.111.62.157:0] script '/domains/thewalshgroup/adminfuns.php' not found or unable to stat
[Wed Feb 18 00:51:11.790412 2026] [php:error] [pid 46120] [client 20.111.62.157:0] script '/domains/thewalshgroup/xx.php' not found or unable to stat
[Wed Feb 18 00:51:11.966255 2026] [php:error] [pid 46120] [client 20.111.62.157:0] script '/domains/thewalshgroup/f5.php' not found or unable to stat
[Wed Feb 18 00:51:12.105387 2026] [php:error] [pid 46120] [client 20.111.62.157:0] script '/domains/thewalshgroup/flower.php' not found or unable to stat
[Wed Feb 18 00:51:12.191998 2026] [php:error] [pid 46120] [client 20.111.62.157:0] script '/domains/thewalshgroup/f6.php' not found or unable to stat
[Wed Feb 18 00:51:12.302392 2026] [php:error] [pid 46120] [client 20.111.62.157:0] script '/domains/thewalshgroup/edit.php' not found or unable to stat
[Wed Feb 18 00:51:12.390547 2026] [php:error] [pid 46120] [client 20.111.62.157:0] script '/domains/thewalshgroup/aa.php' not found or unable to stat
[Wed Feb 18 00:51:12.556498 2026] [php:error] [pid 46125] [client 45.128.199.7:0] script '/domains/antiqueweb1/db.php' not found or unable to stat
[Wed Feb 18 00:51:12.663001 2026] [php:error] [pid 46120] [client 20.111.62.157:0] script '/domains/thewalshgroup/av.php' not found or unable to stat
[Wed Feb 18 00:51:12.842380 2026] [php:error] [pid 46125] [client 45.128.199.7:0] script '/domains/antiqueweb1/fm.php' not found or unable to stat
[Wed Feb 18 00:51:12.888809 2026] [php:error] [pid 46120] [client 20.111.62.157:0] script '/domains/thewalshgroup/wsd.php' not found or unable to stat
[Wed Feb 18 00:51:12.990746 2026] [php:error] [pid 46120] [client 20.111.62.157:0] script '/domains/thewalshgroup/jane.php' not found or unable to stat
[Wed Feb 18 00:51:13.221035 2026] [php:error] [pid 46120] [client 20.111.62.157:0] script '/domains/thewalshgroup/css.php' not found or unable to stat
[Wed Feb 18 00:51:13.404576 2026] [php:error] [pid 46120] [client 20.111.62.157:0] script '/domains/thewalshgroup/alfa.php' not found or unable to stat
[Wed Feb 18 00:51:13.491169 2026] [php:error] [pid 46120] [client 20.111.62.157:0] script '/domains/thewalshgroup/wen.php' not found or unable to stat
[Wed Feb 18 00:51:13.687265 2026] [php:error] [pid 46120] [client 20.111.62.157:0] script '/domains/thewalshgroup/x.php' not found or unable to stat
[Wed Feb 18 00:51:13.709970 2026] [php:error] [pid 46125] [client 45.128.199.7:0] script '/domains/antiqueweb1/a.php' not found or unable to stat
[Wed Feb 18 00:51:13.828165 2026] [php:error] [pid 46120] [client 20.111.62.157:0] script '/domains/thewalshgroup/xxxx.php' not found or unable to stat
[Wed Feb 18 00:51:13.919917 2026] [php:error] [pid 46120] [client 20.111.62.157:0] script '/domains/thewalshgroup/class.php' not found or unable to stat
[Wed Feb 18 00:51:14.095794 2026] [php:error] [pid 46120] [client 20.111.62.157:0] script '/domains/thewalshgroup/f35.php' not found or unable to stat
[Wed Feb 18 00:51:14.448673 2026] [php:error] [pid 46120] [client 20.111.62.157:0] script '/domains/thewalshgroup/class-t.api.php' not found or unable to stat
[Wed Feb 18 00:51:14.541665 2026] [php:error] [pid 46125] [client 45.128.199.7:0] script '/domains/antiqueweb1/chosen.php' not found or unable to stat
[Wed Feb 18 00:51:14.548661 2026] [php:error] [pid 46120] [client 20.111.62.157:0] script '/domains/thewalshgroup/blurbs18.php' not found or unable to stat
[Wed Feb 18 00:51:15.109735 2026] [php:error] [pid 46125] [client 45.128.199.7:0] script '/domains/antiqueweb1/back.php' not found or unable to stat
[Wed Feb 18 00:51:15.331725 2026] [php:error] [pid 46111] [client 173.239.236.213:0] script '/domains/wsmith.enteract/tiny.php' not found or unable to stat
[Wed Feb 18 00:51:15.565130 2026] [php:error] [pid 46120] [client 20.111.62.157:0] script '/domains/thewalshgroup/bless11.php' not found or unable to stat
[Wed Feb 18 00:51:15.625627 2026] [php:error] [pid 46111] [client 173.239.236.213:0] script '/domains/wsmith.enteract/edit.php' not found or unable to stat
[Wed Feb 18 00:51:15.651450 2026] [php:error] [pid 46120] [client 20.111.62.157:0] script '/domains/thewalshgroup/init.php' not found or unable to stat
[Wed Feb 18 00:51:15.823932 2026] [php:error] [pid 46120] [client 20.111.62.157:0] script '/domains/thewalshgroup/k.php' not found or unable to stat
[Wed Feb 18 00:51:15.910722 2026] [php:error] [pid 46120] [client 20.111.62.157:0] script '/domains/thewalshgroup/bless.php' not found or unable to stat
[Wed Feb 18 00:51:15.964467 2026] [php:error] [pid 46111] [client 173.239.236.213:0] script '/domains/wsmith.enteract/first.php' not found or unable to stat
[Wed Feb 18 00:51:15.997079 2026] [php:error] [pid 46120] [client 20.111.62.157:0] script '/domains/thewalshgroup/X7x.php' not found or unable to stat
[Wed Feb 18 00:51:16.093685 2026] [php:error] [pid 46120] [client 20.111.62.157:0] script '/domains/thewalshgroup/166.php' not found or unable to stat
[Wed Feb 18 00:51:16.180325 2026] [php:error] [pid 46120] [client 20.111.62.157:0] script '/domains/thewalshgroup/plss3.php' not found or unable to stat
[Wed Feb 18 00:51:16.353388 2026] [php:error] [pid 46120] [client 20.111.62.157:0] script '/domains/thewalshgroup/admins.php' not found or unable to stat
[Wed Feb 18 00:51:16.461424 2026] [php:error] [pid 46120] [client 20.111.62.157:0] script '/domains/thewalshgroup/wp.php' not found or unable to stat
[Wed Feb 18 00:51:16.547681 2026] [php:error] [pid 46120] [client 20.111.62.157:0] script '/domains/thewalshgroup/main.php' not found or unable to stat
[Wed Feb 18 00:51:16.666255 2026] [php:error] [pid 46120] [client 20.111.62.157:0] script '/domains/thewalshgroup/a1.php' not found or unable to stat
[Wed Feb 18 00:51:16.752927 2026] [php:error] [pid 46120] [client 20.111.62.157:0] script '/domains/thewalshgroup/lala.php' not found or unable to stat
[Wed Feb 18 00:51:16.842129 2026] [php:error] [pid 46120] [client 20.111.62.157:0] script '/domains/thewalshgroup/aaa.php' not found or unable to stat
[Wed Feb 18 00:51:16.899686 2026] [php:error] [pid 46125] [client 45.128.199.7:0] script '/domains/antiqueweb1/new.php' not found or unable to stat
[Wed Feb 18 00:51:16.928745 2026] [php:error] [pid 46120] [client 20.111.62.157:0] script '/domains/thewalshgroup/a2.php' not found or unable to stat
[Wed Feb 18 00:51:17.200821 2026] [php:error] [pid 46120] [client 20.111.62.157:0] script '/domains/thewalshgroup/nyan.php' not found or unable to stat
[Wed Feb 18 00:51:17.301734 2026] [php:error] [pid 46120] [client 20.111.62.157:0] script '/domains/thewalshgroup/jsond.php' not found or unable to stat
[Wed Feb 18 00:51:17.945965 2026] [php:error] [pid 46125] [client 45.128.199.7:0] script '/domains/antiqueweb1/phpfm3.php' not found or unable to stat
[Wed Feb 18 00:51:19.043034 2026] [php:error] [pid 46125] [client 45.128.199.7:0] script '/domains/antiqueweb1/post.php' not found or unable to stat
[Wed Feb 18 00:51:19.341058 2026] [php:error] [pid 46111] [client 173.239.236.213:0] script '/domains/wsmith.enteract/bs1.php' not found or unable to stat
[Wed Feb 18 00:51:19.409358 2026] [php:error] [pid 46106] [client 40.115.138.121:0] script '/domains/mschmid/goods.php' not found or unable to stat
[Wed Feb 18 00:51:20.793064 2026] [php:error] [pid 46111] [client 173.239.236.213:0] script '/domains/wsmith.enteract/cron.php' not found or unable to stat
[Wed Feb 18 00:51:21.188945 2026] [php:error] [pid 46109] [client 158.158.33.103:0] script '/domains/testregisgroup/wp-blog.php' not found or unable to stat
[Wed Feb 18 00:51:21.305458 2026] [php:error] [pid 46109] [client 158.158.33.103:0] script '/domains/testregisgroup/ge.php' not found or unable to stat
[Wed Feb 18 00:51:21.488925 2026] [php:error] [pid 46111] [client 173.239.236.213:0] script '/domains/wsmith.enteract/db.php' not found or unable to stat
[Wed Feb 18 00:51:21.518780 2026] [php:error] [pid 46109] [client 158.158.33.103:0] script '/domains/testregisgroup/class20.php' not found or unable to stat
[Wed Feb 18 00:51:21.661784 2026] [php:error] [pid 46109] [client 158.158.33.103:0] script '/domains/testregisgroup/ssxsl.php' not found or unable to stat
[Wed Feb 18 00:51:21.718770 2026] [php:error] [pid 46125] [client 45.128.199.7:0] script '/domains/antiqueweb1/randkeyword.php' not found or unable to stat
[Wed Feb 18 00:51:21.746670 2026] [php:error] [pid 46109] [client 158.158.33.103:0] script '/domains/testregisgroup/str.php' not found or unable to stat
[Wed Feb 18 00:51:21.805367 2026] [php:error] [pid 46111] [client 173.239.236.213:0] script '/domains/wsmith.enteract/fm.php' not found or unable to stat
[Wed Feb 18 00:51:21.904915 2026] [php:error] [pid 46109] [client 158.158.33.103:0] script '/domains/testregisgroup/xwpg.php' not found or unable to stat
[Wed Feb 18 00:51:21.993689 2026] [php:error] [pid 46109] [client 158.158.33.103:0] script '/domains/testregisgroup/zz.php' not found or unable to stat
[Wed Feb 18 00:51:22.173340 2026] [php:error] [pid 46109] [client 158.158.33.103:0] script '/domains/testregisgroup/tanjiro.php' not found or unable to stat
[Wed Feb 18 00:51:22.258750 2026] [php:error] [pid 46109] [client 158.158.33.103:0] script '/domains/testregisgroup/up.php' not found or unable to stat
[Wed Feb 18 00:51:22.344745 2026] [php:error] [pid 46109] [client 158.158.33.103:0] script '/domains/testregisgroup/class.php' not found or unable to stat
[Wed Feb 18 00:51:22.444565 2026] [php:error] [pid 46109] [client 158.158.33.103:0] script '/domains/testregisgroup/nope.php' not found or unable to stat
[Wed Feb 18 00:51:22.532880 2026] [php:error] [pid 46109] [client 158.158.33.103:0] script '/domains/testregisgroup/kwm4.php' not found or unable to stat
[Wed Feb 18 00:51:22.606181 2026] [php:error] [pid 46125] [client 45.128.199.7:0] script '/domains/antiqueweb1/xxx.php' not found or unable to stat
[Wed Feb 18 00:51:22.627238 2026] [php:error] [pid 46109] [client 158.158.33.103:0] script '/domains/testregisgroup/wp-aa.php' not found or unable to stat
[Wed Feb 18 00:51:22.712532 2026] [php:error] [pid 46109] [client 158.158.33.103:0] script '/domains/testregisgroup/byp.php' not found or unable to stat
[Wed Feb 18 00:51:22.815027 2026] [php:error] [pid 46109] [client 158.158.33.103:0] script '/domains/testregisgroup/0.php' not found or unable to stat
[Wed Feb 18 00:51:22.846680 2026] [php:error] [pid 46111] [client 173.239.236.213:0] script '/domains/wsmith.enteract/a.php' not found or unable to stat
[Wed Feb 18 00:51:23.002740 2026] [php:error] [pid 46109] [client 158.158.33.103:0] script '/domains/testregisgroup/F0x.php' not found or unable to stat
[Wed Feb 18 00:51:23.109679 2026] [php:error] [pid 46109] [client 158.158.33.103:0] script '/domains/testregisgroup/wp-mail.php' not found or unable to stat
[Wed Feb 18 00:51:23.201212 2026] [php:error] [pid 46109] [client 158.158.33.103:0] script '/domains/testregisgroup/fan.php' not found or unable to stat
[Wed Feb 18 00:51:23.219560 2026] [php:error] [pid 46125] [client 45.128.199.7:0] script '/domains/antiqueweb1/lv.php' not found or unable to stat
[Wed Feb 18 00:51:23.334185 2026] [php:error] [pid 46109] [client 158.158.33.103:0] script '/domains/testregisgroup/ztv.php' not found or unable to stat
[Wed Feb 18 00:51:23.424270 2026] [php:error] [pid 46109] [client 158.158.33.103:0] script '/domains/testregisgroup/bras.php' not found or unable to stat
[Wed Feb 18 00:51:23.507042 2026] [php:error] [pid 46125] [client 45.128.199.7:0] script '/domains/antiqueweb1/zip.php' not found or unable to stat
[Wed Feb 18 00:51:23.522147 2026] [php:error] [pid 46109] [client 158.158.33.103:0] script '/domains/testregisgroup/wziar.php' not found or unable to stat
[Wed Feb 18 00:51:23.682901 2026] [php:error] [pid 46109] [client 158.158.33.103:0] script '/domains/testregisgroup/wpup.php' not found or unable to stat
[Wed Feb 18 00:51:23.825632 2026] [php:error] [pid 46109] [client 158.158.33.103:0] script '/domains/testregisgroup/x50.php' not found or unable to stat
[Wed Feb 18 00:51:23.915882 2026] [php:error] [pid 46109] [client 158.158.33.103:0] script '/domains/testregisgroup/ee.php' not found or unable to stat
[Wed Feb 18 00:51:24.078913 2026] [php:error] [pid 46109] [client 158.158.33.103:0] script '/domains/testregisgroup/xz89.php' not found or unable to stat
[Wed Feb 18 00:51:24.114283 2026] [php:error] [pid 46111] [client 173.239.236.213:0] script '/domains/wsmith.enteract/chosen.php' not found or unable to stat
[Wed Feb 18 00:51:24.251226 2026] [php:error] [pid 46109] [client 158.158.33.103:0] script '/domains/testregisgroup/updates.php' not found or unable to stat
[Wed Feb 18 00:51:24.341241 2026] [php:error] [pid 46109] [client 158.158.33.103:0] script '/domains/testregisgroup/vxnxvgfw.php' not found or unable to stat
[Wed Feb 18 00:51:24.439592 2026] [php:error] [pid 46109] [client 158.158.33.103:0] script '/domains/testregisgroup/mapi.php' not found or unable to stat
[Wed Feb 18 00:51:24.527127 2026] [php:error] [pid 46109] [client 158.158.33.103:0] script '/domains/testregisgroup/f2r4.php' not found or unable to stat
[Wed Feb 18 00:51:24.622973 2026] [php:error] [pid 46109] [client 158.158.33.103:0] script '/domains/testregisgroup/item.php' not found or unable to stat
[Wed Feb 18 00:51:24.794898 2026] [php:error] [pid 46109] [client 158.158.33.103:0] script '/domains/testregisgroup/xse25.php' not found or unable to stat
[Wed Feb 18 00:51:24.835982 2026] [php:error] [pid 46111] [client 173.239.236.213:0] script '/domains/wsmith.enteract/back.php' not found or unable to stat
[Wed Feb 18 00:51:24.984281 2026] [php:error] [pid 46109] [client 158.158.33.103:0] script '/domains/testregisgroup/sf9.php' not found or unable to stat
[Wed Feb 18 00:51:25.084537 2026] [php:error] [pid 46109] [client 158.158.33.103:0] script '/domains/testregisgroup/5b9ac.php' not found or unable to stat
[Wed Feb 18 00:51:25.261309 2026] [php:error] [pid 46109] [client 158.158.33.103:0] script '/domains/testregisgroup/bolt.php' not found or unable to stat
[Wed Feb 18 00:51:25.354504 2026] [php:error] [pid 46109] [client 158.158.33.103:0] script '/domains/testregisgroup/dump.php' not found or unable to stat
[Wed Feb 18 00:51:25.453092 2026] [php:error] [pid 46109] [client 158.158.33.103:0] script '/domains/testregisgroup/xx.php' not found or unable to stat
[Wed Feb 18 00:51:25.538931 2026] [php:error] [pid 46109] [client 158.158.33.103:0] script '/domains/testregisgroup/Okxob.php' not found or unable to stat
[Wed Feb 18 00:51:25.625736 2026] [php:error] [pid 46109] [client 158.158.33.103:0] script '/domains/testregisgroup/a.php' not found or unable to stat
[Wed Feb 18 00:51:25.736700 2026] [php:error] [pid 46109] [client 158.158.33.103:0] script '/domains/testregisgroup/vx.php' not found or unable to stat
[Wed Feb 18 00:51:25.823061 2026] [php:error] [pid 46109] [client 158.158.33.103:0] script '/domains/testregisgroup/lock360.php' not found or unable to stat
[Wed Feb 18 00:51:25.969769 2026] [php:error] [pid 46109] [client 158.158.33.103:0] script '/domains/testregisgroup/np.php' not found or unable to stat
[Wed Feb 18 00:51:26.076867 2026] [php:error] [pid 46109] [client 158.158.33.103:0] script '/domains/testregisgroup/tx1.php' not found or unable to stat
[Wed Feb 18 00:51:26.181591 2026] [php:error] [pid 46109] [client 158.158.33.103:0] script '/domains/testregisgroup/bs.php' not found or unable to stat
[Wed Feb 18 00:51:26.727756 2026] [php:error] [pid 46111] [client 173.239.236.213:0] script '/domains/wsmith.enteract/new.php' not found or unable to stat
[Wed Feb 18 00:51:27.845875 2026] [php:error] [pid 46125] [client 45.128.199.7:0] script '/domains/antiqueweb1/wp-cron.php' not found or unable to stat
[Wed Feb 18 00:51:28.046929 2026] [php:error] [pid 46111] [client 173.239.236.213:0] script '/domains/wsmith.enteract/phpfm3.php' not found or unable to stat
[Wed Feb 18 00:51:28.438187 2026] [php:error] [pid 46125] [client 45.128.199.7:0] script '/domains/antiqueweb1/cgi-bin/about.php' not found or unable to stat
[Wed Feb 18 00:51:28.753737 2026] [php:error] [pid 46125] [client 45.128.199.7:0] script '/domains/antiqueweb1/jp.php' not found or unable to stat
[Wed Feb 18 00:51:29.021367 2026] [php:error] [pid 46125] [client 45.128.199.7:0] script '/domains/antiqueweb1/rcc.php' not found or unable to stat
[Wed Feb 18 00:51:29.428641 2026] [php:error] [pid 46111] [client 173.239.236.213:0] script '/domains/wsmith.enteract/post.php' not found or unable to stat
[Wed Feb 18 00:51:29.743345 2026] [php:error] [pid 46125] [client 45.128.199.7:0] script '/domains/antiqueweb1/class.api.php' not found or unable to stat
[Wed Feb 18 00:51:30.012305 2026] [php:error] [pid 46125] [client 45.128.199.7:0] script '/domains/antiqueweb1/layout.php' not found or unable to stat
[Wed Feb 18 00:51:30.647853 2026] [php:error] [pid 46125] [client 45.128.199.7:0] script '/domains/antiqueweb1/history.php' not found or unable to stat
[Wed Feb 18 00:51:31.562128 2026] [php:error] [pid 46106] [client 40.115.138.121:0] script '/domains/mschmid/edit.php' not found or unable to stat
[Wed Feb 18 00:51:31.805040 2026] [php:error] [pid 46125] [client 45.128.199.7:0] script '/domains/antiqueweb1/images/about.php' not found or unable to stat
[Wed Feb 18 00:51:32.570551 2026] [php:error] [pid 46111] [client 173.239.236.213:0] script '/domains/wsmith.enteract/randkeyword.php' not found or unable to stat
[Wed Feb 18 00:51:33.509844 2026] [php:error] [pid 46106] [client 40.115.138.121:0] script '/domains/mschmid/file5.php' not found or unable to stat
[Wed Feb 18 00:51:33.610267 2026] [php:error] [pid 46125] [client 45.128.199.7:0] script '/domains/antiqueweb1/about.php' not found or unable to stat
[Wed Feb 18 00:51:33.630957 2026] [php:error] [pid 46111] [client 173.239.236.213:0] script '/domains/wsmith.enteract/xxx.php' not found or unable to stat
[Wed Feb 18 00:51:34.310012 2026] [php:error] [pid 46125] [client 45.128.199.7:0] script '/domains/antiqueweb1/cong.php' not found or unable to stat
[Wed Feb 18 00:51:34.552703 2026] [php:error] [pid 46125] [client 45.128.199.7:0] script '/domains/antiqueweb1/cgi-bin/wp-login.php' not found or unable to stat
[Wed Feb 18 00:51:34.633791 2026] [php:error] [pid 46111] [client 173.239.236.213:0] script '/domains/wsmith.enteract/lv.php' not found or unable to stat
[Wed Feb 18 00:51:35.049839 2026] [php:error] [pid 46111] [client 173.239.236.213:0] script '/domains/wsmith.enteract/zip.php' not found or unable to stat
[Wed Feb 18 00:51:35.753859 2026] [php:error] [pid 46125] [client 45.128.199.7:0] script '/domains/antiqueweb1/wp-links.php' not found or unable to stat
[Wed Feb 18 00:51:35.859486 2026] [php:error] [pid 46106] [client 40.115.138.121:0] script '/domains/mschmid/aa.php' not found or unable to stat
[Wed Feb 18 00:51:36.307926 2026] [php:error] [pid 46113] [client 45.128.199.224:0] script '/domains/antiqueweb1/makeasmtp.php' not found or unable to stat
[Wed Feb 18 00:51:37.531163 2026] [php:error] [pid 46113] [client 45.128.199.224:0] script '/domains/antiqueweb1/login.php' not found or unable to stat
[Wed Feb 18 00:51:39.736211 2026] [php:error] [pid 46111] [client 173.239.236.213:0] script '/domains/wsmith.enteract/wp-cron.php' not found or unable to stat
[Wed Feb 18 00:51:40.325025 2026] [php:error] [pid 46113] [client 45.128.199.224:0] script '/domains/antiqueweb1/wander.php' not found or unable to stat
[Wed Feb 18 00:51:40.790383 2026] [php:error] [pid 46111] [client 173.239.236.213:0] script '/domains/wsmith.enteract/jp.php' not found or unable to stat
[Wed Feb 18 00:51:41.114723 2026] [php:error] [pid 46111] [client 173.239.236.213:0] script '/domains/wsmith.enteract/rcc.php' not found or unable to stat
[Wed Feb 18 00:51:41.217464 2026] [php:error] [pid 46113] [client 45.128.199.224:0] script '/domains/antiqueweb1/wp-config-sample.php' not found or unable to stat
[Wed Feb 18 00:51:41.752963 2026] [php:error] [pid 46111] [client 173.239.236.213:0] script '/domains/wsmith.enteract/class.api.php' not found or unable to stat
[Wed Feb 18 00:51:42.043232 2026] [php:error] [pid 46111] [client 173.239.236.213:0] script '/domains/wsmith.enteract/layout.php' not found or unable to stat
[Wed Feb 18 00:51:42.449209 2026] [php:error] [pid 46113] [client 45.128.199.224:0] script '/domains/antiqueweb1/images/autoload_classmap.php' not found or unable to stat
[Wed Feb 18 00:51:42.970727 2026] [php:error] [pid 46111] [client 173.239.236.213:0] script '/domains/wsmith.enteract/history.php' not found or unable to stat
[Wed Feb 18 00:51:43.319953 2026] [php:error] [pid 46113] [client 45.128.199.224:0] script '/domains/antiqueweb1/manager.php' not found or unable to stat
[Wed Feb 18 00:51:44.230809 2026] [php:error] [pid 46113] [client 45.128.199.224:0] script '/domains/antiqueweb1/users.php' not found or unable to stat
[Wed Feb 18 00:51:45.143573 2026] [php:error] [pid 46113] [client 45.128.199.224:0] script '/domains/antiqueweb1/sim.php' not found or unable to stat
[Wed Feb 18 00:51:46.008544 2026] [php:error] [pid 46111] [client 173.239.236.213:0] script '/domains/wsmith.enteract/about.php' not found or unable to stat
[Wed Feb 18 00:51:46.333895 2026] [php:error] [pid 46113] [client 45.128.199.224:0] script '/domains/antiqueweb1/function.php' not found or unable to stat
[Wed Feb 18 00:51:46.739564 2026] [php:error] [pid 46111] [client 173.239.236.213:0] script '/domains/wsmith.enteract/cong.php' not found or unable to stat
[Wed Feb 18 00:51:47.288894 2026] [php:error] [pid 46106] [client 40.115.138.121:0] script '/domains/mschmid/autoload_classmap.php' not found or unable to stat
[Wed Feb 18 00:51:48.504208 2026] [php:error] [pid 46111] [client 173.239.236.213:0] script '/domains/wsmith.enteract/wp-links.php' not found or unable to stat
[Wed Feb 18 00:51:49.245459 2026] [php:error] [pid 46131] [client 173.239.236.113:0] script '/domains/wsmith.enteract/makeasmtp.php' not found or unable to stat
[Wed Feb 18 00:51:50.897389 2026] [php:error] [pid 46113] [client 45.128.199.224:0] script '/domains/antiqueweb1/wp-mail.php' not found or unable to stat
[Wed Feb 18 00:51:51.234394 2026] [php:error] [pid 46131] [client 173.239.236.113:0] script '/domains/wsmith.enteract/login.php' not found or unable to stat
[Wed Feb 18 00:51:52.049614 2026] [php:error] [pid 46113] [client 45.128.199.224:0] script '/domains/antiqueweb1/admin-post.php' not found or unable to stat
[Wed Feb 18 00:51:52.322881 2026] [php:error] [pid 46113] [client 45.128.199.224:0] script '/domains/antiqueweb1/conf_upload.php' not found or unable to stat
[Wed Feb 18 00:51:53.923767 2026] [php:error] [pid 46113] [client 45.128.199.224:0] script '/domains/antiqueweb1/wp-configs.php' not found or unable to stat
[Wed Feb 18 00:51:54.921563 2026] [php:error] [pid 46131] [client 173.239.236.113:0] script '/domains/wsmith.enteract/wander.php' not found or unable to stat
[Wed Feb 18 00:51:55.115280 2026] [php:error] [pid 46127] [client 45.128.199.27:0] script '/domains/antiqueweb1/cgi-bin/file.php' not found or unable to stat
[Wed Feb 18 00:51:55.357406 2026] [php:error] [pid 46127] [client 45.128.199.27:0] script '/domains/antiqueweb1/f35.php' not found or unable to stat
[Wed Feb 18 00:51:56.013128 2026] [php:error] [pid 46131] [client 173.239.236.113:0] script '/domains/wsmith.enteract/wp-config-sample.php' not found or unable to stat
[Wed Feb 18 00:51:56.213475 2026] [php:error] [pid 46127] [client 45.128.199.27:0] script '/domains/antiqueweb1/edit.php' not found or unable to stat
[Wed Feb 18 00:51:57.117310 2026] [php:error] [pid 46127] [client 45.128.199.27:0] script '/domains/antiqueweb1/files.php' not found or unable to stat
[Wed Feb 18 00:51:57.431529 2026] [php:error] [pid 46127] [client 45.128.199.27:0] script '/domains/antiqueweb1/webadmin.php' not found or unable to stat
[Wed Feb 18 00:51:57.694228 2026] [php:error] [pid 46131] [client 173.239.236.113:0] script '/domains/wsmith.enteract/manager.php' not found or unable to stat
[Wed Feb 18 00:51:58.242908 2026] [php:error] [pid 46127] [client 45.128.199.27:0] script '/domains/antiqueweb1/wsa.php' not found or unable to stat
[Wed Feb 18 00:51:58.513775 2026] [php:error] [pid 46127] [client 45.128.199.27:0] script '/domains/antiqueweb1/tinyfilemanager.php' not found or unable to stat
[Wed Feb 18 00:51:58.832270 2026] [php:error] [pid 46131] [client 173.239.236.113:0] script '/domains/wsmith.enteract/users.php' not found or unable to stat
[Wed Feb 18 00:51:59.353305 2026] [php:error] [pid 46127] [client 45.128.199.27:0] script '/domains/antiqueweb1/cgi-bin/index.php' not found or unable to stat
