[Wed Feb 18 01:45:19.140257 2026] [php:error] [pid 52381] [client 20.111.62.157:0] script '/domains/carynm/Okxob.php' not found or unable to stat
[Wed Feb 18 01:45:19.398552 2026] [php:error] [pid 52381] [client 20.111.62.157:0] script '/domains/carynm/gi.php' not found or unable to stat
[Wed Feb 18 01:45:19.484609 2026] [php:error] [pid 52381] [client 20.111.62.157:0] script '/domains/carynm/Sanskrit.php' not found or unable to stat
[Wed Feb 18 01:45:19.700800 2026] [php:error] [pid 52381] [client 20.111.62.157:0] script '/domains/carynm/jok3r.php' not found or unable to stat
[Wed Feb 18 01:45:20.005481 2026] [php:error] [pid 52381] [client 20.111.62.157:0] script '/domains/carynm/mjq.php' not found or unable to stat
[Wed Feb 18 01:45:20.100811 2026] [php:error] [pid 52381] [client 20.111.62.157:0] script '/domains/carynm/snus.php' not found or unable to stat
[Wed Feb 18 01:45:20.186654 2026] [php:error] [pid 52381] [client 20.111.62.157:0] script '/domains/carynm/shlo.php' not found or unable to stat
[Wed Feb 18 01:45:20.314286 2026] [php:error] [pid 52381] [client 20.111.62.157:0] script '/domains/carynm/pass.php' not found or unable to stat
[Wed Feb 18 01:45:20.471720 2026] [php:error] [pid 52381] [client 20.111.62.157:0] script '/domains/carynm/clnfnjna.php' not found or unable to stat
[Wed Feb 18 01:45:20.559811 2026] [php:error] [pid 52381] [client 20.111.62.157:0] script '/domains/carynm/grsiuk.php' not found or unable to stat
[Wed Feb 18 01:45:20.646505 2026] [php:error] [pid 52381] [client 20.111.62.157:0] script '/domains/carynm/byp8.php' not found or unable to stat
[Wed Feb 18 01:45:20.732186 2026] [php:error] [pid 52381] [client 20.111.62.157:0] script '/domains/carynm/jvfsi.php' not found or unable to stat
[Wed Feb 18 01:45:20.827558 2026] [php:error] [pid 52381] [client 20.111.62.157:0] script '/domains/carynm/diyxm.php' not found or unable to stat
[Wed Feb 18 01:45:20.925151 2026] [php:error] [pid 52381] [client 20.111.62.157:0] script '/domains/carynm/vjkzu.php' not found or unable to stat
[Wed Feb 18 01:45:21.010757 2026] [php:error] [pid 52381] [client 20.111.62.157:0] script '/domains/carynm/8nyu1r.php' not found or unable to stat
[Wed Feb 18 01:45:21.097323 2026] [php:error] [pid 52381] [client 20.111.62.157:0] script '/domains/carynm/etmvr.php' not found or unable to stat
[Wed Feb 18 01:45:21.193458 2026] [php:error] [pid 52381] [client 20.111.62.157:0] script '/domains/carynm/fs6.php' not found or unable to stat
[Wed Feb 18 01:45:21.279237 2026] [php:error] [pid 52381] [client 20.111.62.157:0] script '/domains/carynm/njrzp.php' not found or unable to stat
[Wed Feb 18 01:45:21.365097 2026] [php:error] [pid 52381] [client 20.111.62.157:0] script '/domains/carynm/rcoti.php' not found or unable to stat
[Wed Feb 18 01:45:21.451264 2026] [php:error] [pid 52381] [client 20.111.62.157:0] script '/domains/carynm/www.php' not found or unable to stat
[Wed Feb 18 01:45:21.536950 2026] [php:error] [pid 52381] [client 20.111.62.157:0] script '/domains/carynm/992.php' not found or unable to stat
[Wed Feb 18 01:45:21.728913 2026] [php:error] [pid 52381] [client 20.111.62.157:0] script '/domains/carynm/tmpls.php' not found or unable to stat
[Wed Feb 18 01:46:15.373666 2026] [php:error] [pid 58054] [client 98.97.49.219:0] script '/domains/kandg-pc/xmlrpc.php' not found or unable to stat
[Wed Feb 18 01:46:26.507516 2026] [php:error] [pid 58064] [client 158.158.51.6:0] script '/domains/hans.interport/file7.php' not found or unable to stat
[Wed Feb 18 01:46:26.592367 2026] [php:error] [pid 58064] [client 158.158.51.6:0] script '/domains/hans.interport/e.php' not found or unable to stat
[Wed Feb 18 01:46:26.692670 2026] [php:error] [pid 58064] [client 158.158.51.6:0] script '/domains/hans.interport/lp6.php' not found or unable to stat
[Wed Feb 18 01:46:26.777544 2026] [php:error] [pid 58064] [client 158.158.51.6:0] script '/domains/hans.interport/a4.php' not found or unable to stat
[Wed Feb 18 01:46:26.862357 2026] [php:error] [pid 58064] [client 158.158.51.6:0] script '/domains/hans.interport/222.php' not found or unable to stat
[Wed Feb 18 01:46:27.520182 2026] [php:error] [pid 58064] [client 158.158.51.6:0] script '/domains/hans.interport/403.php' not found or unable to stat
[Wed Feb 18 01:46:27.605498 2026] [php:error] [pid 58064] [client 158.158.51.6:0] script '/domains/hans.interport/file5.php' not found or unable to stat
[Wed Feb 18 01:46:27.700674 2026] [php:error] [pid 58064] [client 158.158.51.6:0] script '/domains/hans.interport/file9.php' not found or unable to stat
[Wed Feb 18 01:46:27.785470 2026] [php:error] [pid 58064] [client 158.158.51.6:0] script '/domains/hans.interport/file8.php' not found or unable to stat
[Wed Feb 18 01:46:27.870606 2026] [php:error] [pid 58064] [client 158.158.51.6:0] script '/domains/hans.interport/file3.php' not found or unable to stat
[Wed Feb 18 01:46:27.958141 2026] [php:error] [pid 58064] [client 158.158.51.6:0] script '/domains/hans.interport/404.php' not found or unable to stat
[Wed Feb 18 01:46:28.043311 2026] [php:error] [pid 58064] [client 158.158.51.6:0] script '/domains/hans.interport/file6.php' not found or unable to stat
[Wed Feb 18 01:46:28.128245 2026] [php:error] [pid 58064] [client 158.158.51.6:0] script '/domains/hans.interport/file2.php' not found or unable to stat
[Wed Feb 18 01:46:28.227507 2026] [php:error] [pid 58064] [client 158.158.51.6:0] script '/domains/hans.interport/file.php' not found or unable to stat
[Wed Feb 18 01:47:18.030268 2026] [php:error] [pid 58080] [client 4.224.46.39:0] script '/domains/system_default/new4.php' not found or unable to stat
[Wed Feb 18 01:47:18.229425 2026] [php:error] [pid 58080] [client 4.224.46.39:0] script '/domains/system_default/sc.php' not found or unable to stat
[Wed Feb 18 01:47:18.427506 2026] [php:error] [pid 58080] [client 4.224.46.39:0] script '/domains/system_default/pouhg.php' not found or unable to stat
[Wed Feb 18 01:47:18.632083 2026] [php:error] [pid 58080] [client 4.224.46.39:0] script '/domains/system_default/vgtyu.php' not found or unable to stat
[Wed Feb 18 01:47:18.828422 2026] [php:error] [pid 58080] [client 4.224.46.39:0] script '/domains/system_default/aq.php' not found or unable to stat
[Wed Feb 18 01:47:19.025577 2026] [php:error] [pid 58080] [client 4.224.46.39:0] script '/domains/system_default/opts.php' not found or unable to stat
[Wed Feb 18 01:47:19.260516 2026] [php:error] [pid 58080] [client 4.224.46.39:0] script '/domains/system_default/x123.php' not found or unable to stat
[Wed Feb 18 01:47:19.583049 2026] [php:error] [pid 58080] [client 4.224.46.39:0] script '/domains/system_default/wp-act.php' not found or unable to stat
[Wed Feb 18 01:47:19.877185 2026] [php:error] [pid 58080] [client 4.224.46.39:0] script '/domains/system_default/moshou.php' not found or unable to stat
[Wed Feb 18 01:47:20.389220 2026] [php:error] [pid 58080] [client 4.224.46.39:0] script '/domains/system_default/seetox.php' not found or unable to stat
[Wed Feb 18 01:47:20.585499 2026] [php:error] [pid 58080] [client 4.224.46.39:0] script '/domains/system_default/dom.php' not found or unable to stat
[Wed Feb 18 01:47:20.783454 2026] [php:error] [pid 58080] [client 4.224.46.39:0] script '/domains/system_default/ws60.php' not found or unable to stat
[Wed Feb 18 01:47:20.982643 2026] [php:error] [pid 58080] [client 4.224.46.39:0] script '/domains/system_default/samiri.php' not found or unable to stat
[Wed Feb 18 01:47:21.205578 2026] [php:error] [pid 58080] [client 4.224.46.39:0] script '/domains/system_default/plugins.php' not found or unable to stat
[Wed Feb 18 01:47:21.382467 2026] [php:error] [pid 58072] [client 20.89.56.154:0] script '/domains/agribiz/tfm.php' not found or unable to stat
[Wed Feb 18 01:47:21.401946 2026] [php:error] [pid 58080] [client 4.224.46.39:0] script '/domains/system_default/xoot.php' not found or unable to stat
[Wed Feb 18 01:47:21.552103 2026] [php:error] [pid 58072] [client 20.89.56.154:0] script '/domains/agribiz/wp-blogs.php' not found or unable to stat
[Wed Feb 18 01:47:21.604943 2026] [php:error] [pid 58080] [client 4.224.46.39:0] script '/domains/system_default/X57.php' not found or unable to stat
[Wed Feb 18 01:47:21.718097 2026] [php:error] [pid 58072] [client 20.89.56.154:0] script '/domains/agribiz/amp.php' not found or unable to stat
[Wed Feb 18 01:47:21.802061 2026] [php:error] [pid 58080] [client 4.224.46.39:0] script '/domains/system_default/vx.php' not found or unable to stat
[Wed Feb 18 01:47:21.882384 2026] [php:error] [pid 58072] [client 20.89.56.154:0] script '/domains/agribiz/666.php' not found or unable to stat
[Wed Feb 18 01:47:22.010479 2026] [php:error] [pid 58080] [client 4.224.46.39:0] script '/domains/system_default/file59.php' not found or unable to stat
[Wed Feb 18 01:47:22.046524 2026] [php:error] [pid 58072] [client 20.89.56.154:0] script '/domains/agribiz/asax.php' not found or unable to stat
[Wed Feb 18 01:47:22.211768 2026] [php:error] [pid 58072] [client 20.89.56.154:0] script '/domains/agribiz/init.php' not found or unable to stat
[Wed Feb 18 01:47:22.376240 2026] [php:error] [pid 58072] [client 20.89.56.154:0] script '/domains/agribiz/bootstrap.php' not found or unable to stat
[Wed Feb 18 01:47:22.516479 2026] [php:error] [pid 58080] [client 4.224.46.39:0] script '/domains/system_default/shas.php' not found or unable to stat
[Wed Feb 18 01:47:22.540336 2026] [php:error] [pid 58072] [client 20.89.56.154:0] script '/domains/agribiz/sc.php' not found or unable to stat
[Wed Feb 18 01:47:22.704880 2026] [php:error] [pid 58072] [client 20.89.56.154:0] script '/domains/agribiz/term.php' not found or unable to stat
[Wed Feb 18 01:47:22.716247 2026] [php:error] [pid 58080] [client 4.224.46.39:0] script '/domains/system_default/xa.php' not found or unable to stat
[Wed Feb 18 01:47:22.869790 2026] [php:error] [pid 58072] [client 20.89.56.154:0] script '/domains/agribiz/global.php' not found or unable to stat
[Wed Feb 18 01:47:22.919097 2026] [php:error] [pid 58080] [client 4.224.46.39:0] script '/domains/system_default/xda.php' not found or unable to stat
[Wed Feb 18 01:47:23.033964 2026] [php:error] [pid 58072] [client 20.89.56.154:0] script '/domains/agribiz/black.php' not found or unable to stat
[Wed Feb 18 01:47:23.122098 2026] [php:error] [pid 58080] [client 4.224.46.39:0] script '/domains/system_default/er.php' not found or unable to stat
[Wed Feb 18 01:47:23.197949 2026] [php:error] [pid 58072] [client 20.89.56.154:0] script '/domains/agribiz/222.php' not found or unable to stat
[Wed Feb 18 01:47:23.324165 2026] [php:error] [pid 58080] [client 4.224.46.39:0] script '/domains/system_default/fault.php' not found or unable to stat
[Wed Feb 18 01:47:23.363173 2026] [php:error] [pid 58072] [client 20.89.56.154:0] script '/domains/agribiz/t.php' not found or unable to stat
[Wed Feb 18 01:47:23.520332 2026] [php:error] [pid 58080] [client 4.224.46.39:0] script '/domains/system_default/motu.php' not found or unable to stat
[Wed Feb 18 01:47:23.531897 2026] [php:error] [pid 58072] [client 20.89.56.154:0] script '/domains/agribiz/lib.php' not found or unable to stat
[Wed Feb 18 01:47:23.699380 2026] [php:error] [pid 58072] [client 20.89.56.154:0] script '/domains/agribiz/asus.php' not found or unable to stat
[Wed Feb 18 01:47:23.716311 2026] [php:error] [pid 58080] [client 4.224.46.39:0] script '/domains/system_default/66.php' not found or unable to stat
[Wed Feb 18 01:47:23.869325 2026] [php:error] [pid 58072] [client 20.89.56.154:0] script '/domains/agribiz/dox.php' not found or unable to stat
[Wed Feb 18 01:47:23.921622 2026] [php:error] [pid 58080] [client 4.224.46.39:0] script '/domains/system_default/leuk.php' not found or unable to stat
[Wed Feb 18 01:47:24.035656 2026] [php:error] [pid 58072] [client 20.89.56.154:0] script '/domains/agribiz/s.php' not found or unable to stat
[Wed Feb 18 01:47:24.126381 2026] [php:error] [pid 58080] [client 4.224.46.39:0] script '/domains/system_default/xqq.php' not found or unable to stat
[Wed Feb 18 01:47:24.200649 2026] [php:error] [pid 58072] [client 20.89.56.154:0] script '/domains/agribiz/file.php' not found or unable to stat
[Wed Feb 18 01:47:24.323771 2026] [php:error] [pid 58080] [client 4.224.46.39:0] script '/domains/system_default/kolda.php' not found or unable to stat
[Wed Feb 18 01:47:24.365182 2026] [php:error] [pid 58072] [client 20.89.56.154:0] script '/domains/agribiz/bolt.php' not found or unable to stat
[Wed Feb 18 01:47:24.526322 2026] [php:error] [pid 58080] [client 4.224.46.39:0] script '/domains/system_default/nw.php' not found or unable to stat
[Wed Feb 18 01:47:24.529245 2026] [php:error] [pid 58072] [client 20.89.56.154:0] script '/domains/agribiz/166.php' not found or unable to stat
[Wed Feb 18 01:47:24.693717 2026] [php:error] [pid 58072] [client 20.89.56.154:0] script '/domains/agribiz/wen.php' not found or unable to stat
[Wed Feb 18 01:47:24.727767 2026] [php:error] [pid 58080] [client 4.224.46.39:0] script '/domains/system_default/god.php' not found or unable to stat
[Wed Feb 18 01:47:24.858185 2026] [php:error] [pid 58072] [client 20.89.56.154:0] script '/domains/agribiz/wp-act.php' not found or unable to stat
[Wed Feb 18 01:47:24.930236 2026] [php:error] [pid 58080] [client 4.224.46.39:0] script '/domains/system_default/666.php' not found or unable to stat
[Wed Feb 18 01:47:25.022253 2026] [php:error] [pid 58072] [client 20.89.56.154:0] script '/domains/agribiz/ff1.php' not found or unable to stat
[Wed Feb 18 01:47:25.126199 2026] [php:error] [pid 58080] [client 4.224.46.39:0] script '/domains/system_default/kj.php' not found or unable to stat
[Wed Feb 18 01:47:25.188030 2026] [php:error] [pid 58072] [client 20.89.56.154:0] script '/domains/agribiz/66.php' not found or unable to stat
[Wed Feb 18 01:47:25.346637 2026] [php:error] [pid 58080] [client 4.224.46.39:0] script '/domains/system_default/un.php' not found or unable to stat
[Wed Feb 18 01:47:25.351842 2026] [php:error] [pid 58072] [client 20.89.56.154:0] script '/domains/agribiz/ws66.php' not found or unable to stat
[Wed Feb 18 01:47:25.533326 2026] [php:error] [pid 58072] [client 20.89.56.154:0] script '/domains/agribiz/bgymj.php' not found or unable to stat
[Wed Feb 18 01:47:25.542830 2026] [php:error] [pid 58080] [client 4.224.46.39:0] script '/domains/system_default/fs.php' not found or unable to stat
[Wed Feb 18 01:47:25.697951 2026] [php:error] [pid 58072] [client 20.89.56.154:0] script '/domains/agribiz/24.php' not found or unable to stat
[Wed Feb 18 01:47:25.741431 2026] [php:error] [pid 58080] [client 4.224.46.39:0] script '/domains/system_default/ms.php' not found or unable to stat
[Wed Feb 18 01:47:25.871777 2026] [php:error] [pid 58072] [client 20.89.56.154:0] script '/domains/agribiz/h02ugyh.php' not found or unable to stat
[Wed Feb 18 01:47:25.937609 2026] [php:error] [pid 58080] [client 4.224.46.39:0] script '/domains/system_default/login8.php' not found or unable to stat
[Wed Feb 18 01:47:26.035836 2026] [php:error] [pid 58072] [client 20.89.56.154:0] script '/domains/agribiz/a4.php' not found or unable to stat
[Wed Feb 18 01:47:26.205273 2026] [php:error] [pid 58072] [client 20.89.56.154:0] script '/domains/agribiz/inputs.php' not found or unable to stat
[Wed Feb 18 01:47:26.237341 2026] [php:error] [pid 58080] [client 4.224.46.39:0] script '/domains/system_default/nnyvn.php' not found or unable to stat
[Wed Feb 18 01:47:26.369829 2026] [php:error] [pid 58072] [client 20.89.56.154:0] script '/domains/agribiz/gfd.php' not found or unable to stat
[Wed Feb 18 01:47:26.434651 2026] [php:error] [pid 58080] [client 4.224.46.39:0] script '/domains/system_default/cu.php' not found or unable to stat
[Wed Feb 18 01:47:26.631500 2026] [php:error] [pid 58080] [client 4.224.46.39:0] script '/domains/system_default/lul.php' not found or unable to stat
[Wed Feb 18 01:47:26.698004 2026] [php:error] [pid 58072] [client 20.89.56.154:0] script '/domains/agribiz/wefile.php' not found or unable to stat
[Wed Feb 18 01:47:26.827612 2026] [php:error] [pid 58080] [client 4.224.46.39:0] script '/domains/system_default/0.php' not found or unable to stat
[Wed Feb 18 01:47:26.862350 2026] [php:error] [pid 58072] [client 20.89.56.154:0] script '/domains/agribiz/55.php' not found or unable to stat
[Wed Feb 18 01:47:27.025943 2026] [php:error] [pid 58080] [client 4.224.46.39:0] script '/domains/system_default/ms-edit.php' not found or unable to stat
[Wed Feb 18 01:47:27.028018 2026] [php:error] [pid 58072] [client 20.89.56.154:0] script '/domains/agribiz/vx.php' not found or unable to stat
[Wed Feb 18 01:47:27.192252 2026] [php:error] [pid 58072] [client 20.89.56.154:0] script '/domains/agribiz/edit-tags.php' not found or unable to stat
[Wed Feb 18 01:47:27.228163 2026] [php:error] [pid 58080] [client 4.224.46.39:0] script '/domains/system_default/ya.php' not found or unable to stat
[Wed Feb 18 01:47:27.356512 2026] [php:error] [pid 58072] [client 20.89.56.154:0] script '/domains/agribiz/ioxi-o.php' not found or unable to stat
[Wed Feb 18 01:47:27.424703 2026] [php:error] [pid 58080] [client 4.224.46.39:0] script '/domains/system_default/grsiuk.php' not found or unable to stat
[Wed Feb 18 01:47:27.522915 2026] [php:error] [pid 58072] [client 20.89.56.154:0] script '/domains/agribiz/155.php' not found or unable to stat
[Wed Feb 18 01:47:27.638653 2026] [php:error] [pid 58080] [client 4.224.46.39:0] script '/domains/system_default/wp-blog.php' not found or unable to stat
[Wed Feb 18 01:47:27.688874 2026] [php:error] [pid 58072] [client 20.89.56.154:0] script '/domains/agribiz/core.php' not found or unable to stat
[Wed Feb 18 01:47:27.838551 2026] [php:error] [pid 58080] [client 4.224.46.39:0] script '/domains/system_default/wp-access.php' not found or unable to stat
[Wed Feb 18 01:47:27.854883 2026] [php:error] [pid 58072] [client 20.89.56.154:0] script '/domains/agribiz/ccs.php' not found or unable to stat
[Wed Feb 18 01:47:28.020246 2026] [php:error] [pid 58072] [client 20.89.56.154:0] script '/domains/agribiz/apk.php' not found or unable to stat
[Wed Feb 18 01:47:28.042070 2026] [php:error] [pid 58080] [client 4.224.46.39:0] script '/domains/system_default/a1vx.php' not found or unable to stat
[Wed Feb 18 01:47:28.184681 2026] [php:error] [pid 58072] [client 20.89.56.154:0] script '/domains/agribiz/bnm.php' not found or unable to stat
[Wed Feb 18 01:47:28.238480 2026] [php:error] [pid 58080] [client 4.224.46.39:0] script '/domains/system_default/sbhu.php' not found or unable to stat
[Wed Feb 18 01:47:28.348991 2026] [php:error] [pid 58072] [client 20.89.56.154:0] script '/domains/agribiz/gettest.php' not found or unable to stat
[Wed Feb 18 01:47:28.439913 2026] [php:error] [pid 58080] [client 4.224.46.39:0] script '/domains/system_default/wp-the.php' not found or unable to stat
[Wed Feb 18 01:47:28.514522 2026] [php:error] [pid 58072] [client 20.89.56.154:0] script '/domains/agribiz/edit.php' not found or unable to stat
[Wed Feb 18 01:47:28.636059 2026] [php:error] [pid 58080] [client 4.224.46.39:0] script '/domains/system_default/06.php' not found or unable to stat
[Wed Feb 18 01:47:28.678634 2026] [php:error] [pid 58072] [client 20.89.56.154:0] script '/domains/agribiz/sid3.php' not found or unable to stat
[Wed Feb 18 01:47:28.832746 2026] [php:error] [pid 58080] [client 4.224.46.39:0] script '/domains/system_default/wp5.php' not found or unable to stat
[Wed Feb 18 01:47:28.844466 2026] [php:error] [pid 58072] [client 20.89.56.154:0] script '/domains/agribiz/abc.php' not found or unable to stat
[Wed Feb 18 01:47:29.009432 2026] [php:error] [pid 58072] [client 20.89.56.154:0] script '/domains/agribiz/admin-footer.php' not found or unable to stat
[Wed Feb 18 01:47:29.028511 2026] [php:error] [pid 58080] [client 4.224.46.39:0] script '/domains/system_default/fot.php' not found or unable to stat
[Wed Feb 18 01:47:29.177396 2026] [php:error] [pid 58072] [client 20.89.56.154:0] script '/domains/agribiz/wp-p2r3q9c8k4.php' not found or unable to stat
[Wed Feb 18 01:47:29.228899 2026] [php:error] [pid 58080] [client 4.224.46.39:0] script '/domains/system_default/ff1.php' not found or unable to stat
[Wed Feb 18 01:47:29.342301 2026] [php:error] [pid 58072] [client 20.89.56.154:0] script '/domains/agribiz/jga.php' not found or unable to stat
[Wed Feb 18 01:47:29.425245 2026] [php:error] [pid 58080] [client 4.224.46.39:0] script '/domains/system_default/forbidals.php' not found or unable to stat
[Wed Feb 18 01:47:29.506741 2026] [php:error] [pid 58072] [client 20.89.56.154:0] script '/domains/agribiz/tool.php' not found or unable to stat
[Wed Feb 18 01:47:29.630891 2026] [php:error] [pid 58080] [client 4.224.46.39:0] script '/domains/system_default/erty.php' not found or unable to stat
[Wed Feb 18 01:47:29.672857 2026] [php:error] [pid 58072] [client 20.89.56.154:0] script '/domains/agribiz/ms.php' not found or unable to stat
[Wed Feb 18 01:47:29.834381 2026] [php:error] [pid 58080] [client 4.224.46.39:0] script '/domains/system_default/dev1s.php' not found or unable to stat
[Wed Feb 18 01:47:29.836832 2026] [php:error] [pid 58072] [client 20.89.56.154:0] script '/domains/agribiz/xxw.php' not found or unable to stat
[Wed Feb 18 01:47:30.001103 2026] [php:error] [pid 58072] [client 20.89.56.154:0] script '/domains/agribiz/callback.php' not found or unable to stat
[Wed Feb 18 01:47:30.030877 2026] [php:error] [pid 58080] [client 4.224.46.39:0] script '/domains/system_default/ffd.php' not found or unable to stat
[Wed Feb 18 01:47:30.166275 2026] [php:error] [pid 58072] [client 20.89.56.154:0] script '/domains/agribiz/logs.php' not found or unable to stat
[Wed Feb 18 01:47:30.230484 2026] [php:error] [pid 58080] [client 4.224.46.39:0] script '/domains/system_default/admiin.php' not found or unable to stat
[Wed Feb 18 01:47:30.332585 2026] [php:error] [pid 58072] [client 20.89.56.154:0] script '/domains/agribiz/aboutc.php' not found or unable to stat
[Wed Feb 18 01:47:30.437690 2026] [php:error] [pid 58080] [client 4.224.46.39:0] script '/domains/system_default/ol.php' not found or unable to stat
[Wed Feb 18 01:47:30.498129 2026] [php:error] [pid 58072] [client 20.89.56.154:0] script '/domains/agribiz/ajax.php' not found or unable to stat
[Wed Feb 18 01:47:30.633957 2026] [php:error] [pid 58080] [client 4.224.46.39:0] script '/domains/system_default/Sanskrit.php' not found or unable to stat
[Wed Feb 18 01:47:30.662099 2026] [php:error] [pid 58072] [client 20.89.56.154:0] script '/domains/agribiz/xr.php' not found or unable to stat
[Wed Feb 18 01:47:30.826463 2026] [php:error] [pid 58072] [client 20.89.56.154:0] script '/domains/agribiz/ff.php' not found or unable to stat
[Wed Feb 18 01:47:30.830011 2026] [php:error] [pid 58080] [client 4.224.46.39:0] script '/domains/system_default/vxrl.php' not found or unable to stat
[Wed Feb 18 01:47:30.990665 2026] [php:error] [pid 58072] [client 20.89.56.154:0] script '/domains/agribiz/aaa.php' not found or unable to stat
[Wed Feb 18 01:47:31.035496 2026] [php:error] [pid 58080] [client 4.224.46.39:0] script '/domains/system_default/re.php' not found or unable to stat
[Wed Feb 18 01:47:31.155257 2026] [php:error] [pid 58072] [client 20.89.56.154:0] script '/domains/agribiz/RIP.php' not found or unable to stat
[Wed Feb 18 01:47:31.239415 2026] [php:error] [pid 58080] [client 4.224.46.39:0] script '/domains/system_default/num.php' not found or unable to stat
[Wed Feb 18 01:47:31.328369 2026] [php:error] [pid 58072] [client 20.89.56.154:0] script '/domains/agribiz/knme.php' not found or unable to stat
[Wed Feb 18 01:47:31.438060 2026] [php:error] [pid 58080] [client 4.224.46.39:0] script '/domains/system_default/axx.php' not found or unable to stat
[Wed Feb 18 01:47:31.492901 2026] [php:error] [pid 58072] [client 20.89.56.154:0] script '/domains/agribiz/ws71.php' not found or unable to stat
[Wed Feb 18 01:47:31.650031 2026] [php:error] [pid 58080] [client 4.224.46.39:0] script '/domains/system_default/vxrl.php' not found or unable to stat
[Wed Feb 18 01:47:31.657261 2026] [php:error] [pid 58072] [client 20.89.56.154:0] script '/domains/agribiz/ws67.php' not found or unable to stat
[Wed Feb 18 01:47:31.821479 2026] [php:error] [pid 58072] [client 20.89.56.154:0] script '/domains/agribiz/momo.php' not found or unable to stat
[Wed Feb 18 01:47:31.846318 2026] [php:error] [pid 58080] [client 4.224.46.39:0] script '/domains/system_default/in.php' not found or unable to stat
[Wed Feb 18 01:47:32.046845 2026] [php:error] [pid 58080] [client 4.224.46.39:0] script '/domains/system_default/style.php' not found or unable to stat
[Wed Feb 18 01:47:32.245583 2026] [php:error] [pid 58080] [client 4.224.46.39:0] script '/domains/system_default/we.php' not found or unable to stat
[Wed Feb 18 01:47:32.441765 2026] [php:error] [pid 58080] [client 4.224.46.39:0] script '/domains/system_default/zwso.php' not found or unable to stat
[Wed Feb 18 01:47:32.637963 2026] [php:error] [pid 58080] [client 4.224.46.39:0] script '/domains/system_default/karak.php' not found or unable to stat
[Wed Feb 18 01:47:32.855041 2026] [php:error] [pid 58080] [client 4.224.46.39:0] script '/domains/system_default/prv8.php' not found or unable to stat
[Wed Feb 18 01:47:33.071722 2026] [php:error] [pid 58080] [client 4.224.46.39:0] script '/domains/system_default/i.php' not found or unable to stat
[Wed Feb 18 01:47:33.875552 2026] [php:error] [pid 58080] [client 4.224.46.39:0] script '/domains/system_default/xmlrpc.php' not found or unable to stat
[Wed Feb 18 01:47:34.073597 2026] [php:error] [pid 58080] [client 4.224.46.39:0] script '/domains/system_default/aw.php' not found or unable to stat
[Wed Feb 18 01:47:34.271060 2026] [php:error] [pid 58080] [client 4.224.46.39:0] script '/domains/system_default/dev.php' not found or unable to stat
[Wed Feb 18 01:47:34.467492 2026] [php:error] [pid 58080] [client 4.224.46.39:0] script '/domains/system_default/lock360.php' not found or unable to stat
[Wed Feb 18 01:47:34.678112 2026] [php:error] [pid 58080] [client 4.224.46.39:0] script '/domains/system_default/155.php' not found or unable to stat
[Wed Feb 18 01:47:34.912348 2026] [php:error] [pid 58080] [client 4.224.46.39:0] script '/domains/system_default/goat.php' not found or unable to stat
[Wed Feb 18 01:47:35.108889 2026] [php:error] [pid 58080] [client 4.224.46.39:0] script '/domains/system_default/tcp.php' not found or unable to stat
[Wed Feb 18 01:47:35.307563 2026] [php:error] [pid 58080] [client 4.224.46.39:0] script '/domains/system_default/ext.php' not found or unable to stat
[Wed Feb 18 01:47:35.503528 2026] [php:error] [pid 58080] [client 4.224.46.39:0] script '/domains/system_default/inputs.php' not found or unable to stat
[Wed Feb 18 01:47:35.699735 2026] [php:error] [pid 58080] [client 4.224.46.39:0] script '/domains/system_default/ioxi.php' not found or unable to stat
[Wed Feb 18 01:47:35.898343 2026] [php:error] [pid 58080] [client 4.224.46.39:0] script '/domains/system_default/fe5.php' not found or unable to stat
[Wed Feb 18 01:47:36.094434 2026] [php:error] [pid 58080] [client 4.224.46.39:0] script '/domains/system_default/ov.php' not found or unable to stat
[Wed Feb 18 01:47:36.493734 2026] [php:error] [pid 58080] [client 4.224.46.39:0] script '/domains/system_default/default.php' not found or unable to stat
[Wed Feb 18 01:47:36.696119 2026] [php:error] [pid 58080] [client 4.224.46.39:0] script '/domains/system_default/goods.php' not found or unable to stat
[Wed Feb 18 01:47:36.894201 2026] [php:error] [pid 58080] [client 4.224.46.39:0] script '/domains/system_default/abcd.php' not found or unable to stat
[Wed Feb 18 01:47:37.103006 2026] [php:error] [pid 58080] [client 4.224.46.39:0] script '/domains/system_default/class.1.php' not found or unable to stat
[Wed Feb 18 01:47:37.299359 2026] [php:error] [pid 58080] [client 4.224.46.39:0] script '/domains/system_default/async.php' not found or unable to stat
[Wed Feb 18 01:47:37.549925 2026] [php:error] [pid 58080] [client 4.224.46.39:0] script '/domains/system_default/ff.php' not found or unable to stat
[Wed Feb 18 01:47:37.748107 2026] [php:error] [pid 58080] [client 4.224.46.39:0] script '/domains/system_default/ioxi-o.php' not found or unable to stat
[Wed Feb 18 01:47:37.954969 2026] [php:error] [pid 58080] [client 4.224.46.39:0] script '/domains/system_default/manager.php' not found or unable to stat
[Wed Feb 18 01:47:38.151474 2026] [php:error] [pid 58080] [client 4.224.46.39:0] script '/domains/system_default/wp-update.php' not found or unable to stat
[Wed Feb 18 01:47:38.349446 2026] [php:error] [pid 58080] [client 4.224.46.39:0] script '/domains/system_default/file.php' not found or unable to stat
[Wed Feb 18 01:47:38.753698 2026] [php:error] [pid 58080] [client 4.224.46.39:0] script '/domains/system_default/lc.php' not found or unable to stat
[Wed Feb 18 01:47:39.019438 2026] [php:error] [pid 58080] [client 4.224.46.39:0] script '/domains/system_default/cbrfo.php' not found or unable to stat
[Wed Feb 18 01:47:39.216726 2026] [php:error] [pid 58080] [client 4.224.46.39:0] script '/domains/system_default/inc.php' not found or unable to stat
[Wed Feb 18 01:47:39.744213 2026] [php:error] [pid 58082] [client 4.224.46.39:0] script '/domains/system_default/gifclass.php' not found or unable to stat
[Wed Feb 18 01:47:39.970516 2026] [php:error] [pid 58082] [client 4.224.46.39:0] script '/domains/system_default/miansha.php' not found or unable to stat
[Wed Feb 18 01:47:40.297543 2026] [php:error] [pid 58082] [client 4.224.46.39:0] script '/domains/system_default/tinyfilemanager.php' not found or unable to stat
[Wed Feb 18 01:47:40.507605 2026] [php:error] [pid 58082] [client 4.224.46.39:0] script '/domains/system_default/admin.php' not found or unable to stat
[Wed Feb 18 01:47:40.716798 2026] [php:error] [pid 58082] [client 4.224.46.39:0] script '/domains/system_default/ok.php' not found or unable to stat
[Wed Feb 18 01:47:40.927502 2026] [php:error] [pid 58082] [client 4.224.46.39:0] script '/domains/system_default/fi.php' not found or unable to stat
[Wed Feb 18 01:47:41.137534 2026] [php:error] [pid 58082] [client 4.224.46.39:0] script '/domains/system_default/muzu.php' not found or unable to stat
[Wed Feb 18 01:47:41.347180 2026] [php:error] [pid 58082] [client 4.224.46.39:0] script '/domains/system_default/reze.php' not found or unable to stat
[Wed Feb 18 01:47:41.557146 2026] [php:error] [pid 58082] [client 4.224.46.39:0] script '/domains/system_default/styll.php' not found or unable to stat
[Wed Feb 18 01:47:41.767350 2026] [php:error] [pid 58082] [client 4.224.46.39:0] script '/domains/system_default/x7.php' not found or unable to stat
[Wed Feb 18 01:47:41.982815 2026] [php:error] [pid 58082] [client 4.224.46.39:0] script '/domains/system_default/thebe.php' not found or unable to stat
[Wed Feb 18 01:47:42.201636 2026] [php:error] [pid 58082] [client 4.224.46.39:0] script '/domains/system_default/ddd.php' not found or unable to stat
[Wed Feb 18 01:47:42.415025 2026] [php:error] [pid 58082] [client 4.224.46.39:0] script '/domains/system_default/bgymj.php' not found or unable to stat
[Wed Feb 18 01:47:42.624192 2026] [php:error] [pid 58082] [client 4.224.46.39:0] script '/domains/system_default/8xyz.php' not found or unable to stat
[Wed Feb 18 01:47:42.848788 2026] [php:error] [pid 58082] [client 4.224.46.39:0] script '/domains/system_default/ioxi.php' not found or unable to stat
[Wed Feb 18 01:47:43.063499 2026] [php:error] [pid 58082] [client 4.224.46.39:0] script '/domains/system_default/xpwer1.php' not found or unable to stat
[Wed Feb 18 01:47:43.272761 2026] [php:error] [pid 58082] [client 4.224.46.39:0] script '/domains/system_default/lala.php' not found or unable to stat
[Wed Feb 18 01:47:43.632230 2026] [php:error] [pid 58082] [client 4.224.46.39:0] script '/domains/system_default/about.php' not found or unable to stat
[Wed Feb 18 01:47:44.717506 2026] [php:error] [pid 58082] [client 4.224.46.39:0] script '/domains/system_default/info.php' not found or unable to stat
[Wed Feb 18 01:47:44.930878 2026] [php:error] [pid 58082] [client 4.224.46.39:0] script '/domains/system_default/about.php' not found or unable to stat
[Wed Feb 18 01:47:45.421686 2026] [php:error] [pid 58082] [client 4.224.46.39:0] script '/domains/system_default/222.php' not found or unable to stat
[Wed Feb 18 01:47:45.631856 2026] [php:error] [pid 58082] [client 4.224.46.39:0] script '/domains/system_default/adminfuns.php' not found or unable to stat
[Wed Feb 18 01:47:46.076722 2026] [php:error] [pid 58082] [client 4.224.46.39:0] script '/domains/system_default/xx.php' not found or unable to stat
[Wed Feb 18 01:47:46.503683 2026] [php:error] [pid 58082] [client 4.224.46.39:0] script '/domains/system_default/f5.php' not found or unable to stat
[Wed Feb 18 01:47:46.720956 2026] [php:error] [pid 58082] [client 4.224.46.39:0] script '/domains/system_default/flower.php' not found or unable to stat
[Wed Feb 18 01:47:46.996762 2026] [php:error] [pid 58072] [client 20.100.193.95:0] script '/domains/system_suspended/wp-blog.php' not found or unable to stat
[Wed Feb 18 01:47:47.093600 2026] [php:error] [pid 58072] [client 20.100.193.95:0] script '/domains/system_suspended/ge.php' not found or unable to stat
[Wed Feb 18 01:47:47.145974 2026] [php:error] [pid 58082] [client 4.224.46.39:0] script '/domains/system_default/f6.php' not found or unable to stat
[Wed Feb 18 01:47:47.201881 2026] [php:error] [pid 58072] [client 20.100.193.95:0] script '/domains/system_suspended/class20.php' not found or unable to stat
[Wed Feb 18 01:47:47.352297 2026] [php:error] [pid 58072] [client 20.100.193.95:0] script '/domains/system_suspended/ssxsl.php' not found or unable to stat
[Wed Feb 18 01:47:47.391364 2026] [php:error] [pid 58082] [client 4.224.46.39:0] script '/domains/system_default/edit.php' not found or unable to stat
[Wed Feb 18 01:47:47.462826 2026] [php:error] [pid 58072] [client 20.100.193.95:0] script '/domains/system_suspended/str.php' not found or unable to stat
[Wed Feb 18 01:47:47.559306 2026] [php:error] [pid 58072] [client 20.100.193.95:0] script '/domains/system_suspended/xwpg.php' not found or unable to stat
[Wed Feb 18 01:47:47.655531 2026] [php:error] [pid 58072] [client 20.100.193.95:0] script '/domains/system_suspended/zz.php' not found or unable to stat
[Wed Feb 18 01:47:47.904019 2026] [php:error] [pid 58072] [client 20.100.193.95:0] script '/domains/system_suspended/tanjiro.php' not found or unable to stat
[Wed Feb 18 01:47:48.000656 2026] [php:error] [pid 58072] [client 20.100.193.95:0] script '/domains/system_suspended/up.php' not found or unable to stat
[Wed Feb 18 01:47:48.026604 2026] [php:error] [pid 58082] [client 4.224.46.39:0] script '/domains/system_default/av.php' not found or unable to stat
[Wed Feb 18 01:47:48.109724 2026] [php:error] [pid 58072] [client 20.100.193.95:0] script '/domains/system_suspended/class.php' not found or unable to stat
[Wed Feb 18 01:47:48.205955 2026] [php:error] [pid 58072] [client 20.100.193.95:0] script '/domains/system_suspended/nope.php' not found or unable to stat
[Wed Feb 18 01:47:48.302507 2026] [php:error] [pid 58072] [client 20.100.193.95:0] script '/domains/system_suspended/kwm4.php' not found or unable to stat
[Wed Feb 18 01:47:48.401174 2026] [php:error] [pid 58072] [client 20.100.193.95:0] script '/domains/system_suspended/wp-aa.php' not found or unable to stat
[Wed Feb 18 01:47:48.497533 2026] [php:error] [pid 58072] [client 20.100.193.95:0] script '/domains/system_suspended/byp.php' not found or unable to stat
[Wed Feb 18 01:47:48.543674 2026] [php:error] [pid 58082] [client 4.224.46.39:0] script '/domains/system_default/wsd.php' not found or unable to stat
[Wed Feb 18 01:47:48.593928 2026] [php:error] [pid 58072] [client 20.100.193.95:0] script '/domains/system_suspended/0.php' not found or unable to stat
[Wed Feb 18 01:47:48.690220 2026] [php:error] [pid 58072] [client 20.100.193.95:0] script '/domains/system_suspended/F0x.php' not found or unable to stat
[Wed Feb 18 01:47:48.756612 2026] [php:error] [pid 58082] [client 4.224.46.39:0] script '/domains/system_default/jane.php' not found or unable to stat
[Wed Feb 18 01:47:48.789121 2026] [php:error] [pid 58072] [client 20.100.193.95:0] script '/domains/system_suspended/wp-mail.php' not found or unable to stat
[Wed Feb 18 01:47:48.885702 2026] [php:error] [pid 58072] [client 20.100.193.95:0] script '/domains/system_suspended/fan.php' not found or unable to stat
[Wed Feb 18 01:47:48.966281 2026] [php:error] [pid 58082] [client 4.224.46.39:0] script '/domains/system_default/css.php' not found or unable to stat
[Wed Feb 18 01:47:49.067468 2026] [php:error] [pid 58072] [client 20.100.193.95:0] script '/domains/system_suspended/ztv.php' not found or unable to stat
[Wed Feb 18 01:47:49.164100 2026] [php:error] [pid 58072] [client 20.100.193.95:0] script '/domains/system_suspended/bras.php' not found or unable to stat
[Wed Feb 18 01:47:49.176672 2026] [php:error] [pid 58082] [client 4.224.46.39:0] script '/domains/system_default/alfa.php' not found or unable to stat
[Wed Feb 18 01:47:49.261729 2026] [php:error] [pid 58072] [client 20.100.193.95:0] script '/domains/system_suspended/wziar.php' not found or unable to stat
[Wed Feb 18 01:47:49.362049 2026] [php:error] [pid 58072] [client 20.100.193.95:0] script '/domains/system_suspended/wpup.php' not found or unable to stat
[Wed Feb 18 01:47:49.385470 2026] [php:error] [pid 58082] [client 4.224.46.39:0] script '/domains/system_default/wen.php' not found or unable to stat
[Wed Feb 18 01:47:49.469051 2026] [php:error] [pid 58072] [client 20.100.193.95:0] script '/domains/system_suspended/x50.php' not found or unable to stat
[Wed Feb 18 01:47:49.565459 2026] [php:error] [pid 58072] [client 20.100.193.95:0] script '/domains/system_suspended/ee.php' not found or unable to stat
[Wed Feb 18 01:47:49.595573 2026] [php:error] [pid 58082] [client 4.224.46.39:0] script '/domains/system_default/x.php' not found or unable to stat
[Wed Feb 18 01:47:49.665780 2026] [php:error] [pid 58072] [client 20.100.193.95:0] script '/domains/system_suspended/xz89.php' not found or unable to stat
[Wed Feb 18 01:47:49.858143 2026] [php:error] [pid 58082] [client 4.224.46.39:0] script '/domains/system_default/xxxx.php' not found or unable to stat
[Wed Feb 18 01:47:49.933099 2026] [php:error] [pid 58072] [client 20.100.193.95:0] script '/domains/system_suspended/updates.php' not found or unable to stat
[Wed Feb 18 01:47:50.031111 2026] [php:error] [pid 58072] [client 20.100.193.95:0] script '/domains/system_suspended/vxnxvgfw.php' not found or unable to stat
[Wed Feb 18 01:47:50.067054 2026] [php:error] [pid 58082] [client 4.224.46.39:0] script '/domains/system_default/class.php' not found or unable to stat
[Wed Feb 18 01:47:50.129188 2026] [php:error] [pid 58072] [client 20.100.193.95:0] script '/domains/system_suspended/mapi.php' not found or unable to stat
[Wed Feb 18 01:47:50.237011 2026] [php:error] [pid 58072] [client 20.100.193.95:0] script '/domains/system_suspended/f2r4.php' not found or unable to stat
[Wed Feb 18 01:47:50.277302 2026] [php:error] [pid 58082] [client 4.224.46.39:0] script '/domains/system_default/f35.php' not found or unable to stat
[Wed Feb 18 01:47:50.364390 2026] [php:error] [pid 58072] [client 20.100.193.95:0] script '/domains/system_suspended/item.php' not found or unable to stat
[Wed Feb 18 01:47:50.587825 2026] [php:error] [pid 58072] [client 20.100.193.95:0] script '/domains/system_suspended/xse25.php' not found or unable to stat
[Wed Feb 18 01:47:50.684185 2026] [php:error] [pid 58072] [client 20.100.193.95:0] script '/domains/system_suspended/sf9.php' not found or unable to stat
[Wed Feb 18 01:47:50.780346 2026] [php:error] [pid 58072] [client 20.100.193.95:0] script '/domains/system_suspended/5b9ac.php' not found or unable to stat
[Wed Feb 18 01:47:50.983842 2026] [php:error] [pid 58072] [client 20.100.193.95:0] script '/domains/system_suspended/bolt.php' not found or unable to stat
[Wed Feb 18 01:47:51.092854 2026] [php:error] [pid 58072] [client 20.100.193.95:0] script '/domains/system_suspended/dump.php' not found or unable to stat
[Wed Feb 18 01:47:51.160923 2026] [php:error] [pid 58082] [client 4.224.46.39:0] script '/domains/system_default/class-t.api.php' not found or unable to stat
[Wed Feb 18 01:47:51.190083 2026] [php:error] [pid 58072] [client 20.100.193.95:0] script '/domains/system_suspended/xx.php' not found or unable to stat
[Wed Feb 18 01:47:51.309759 2026] [php:error] [pid 58072] [client 20.100.193.95:0] script '/domains/system_suspended/Okxob.php' not found or unable to stat
[Wed Feb 18 01:47:51.370318 2026] [php:error] [pid 58082] [client 4.224.46.39:0] script '/domains/system_default/blurbs18.php' not found or unable to stat
[Wed Feb 18 01:47:51.903293 2026] [php:error] [pid 58072] [client 20.100.193.95:0] script '/domains/system_suspended/vx.php' not found or unable to stat
[Wed Feb 18 01:47:52.094217 2026] [php:error] [pid 58072] [client 20.100.193.95:0] script '/domains/system_suspended/lock360.php' not found or unable to stat
[Wed Feb 18 01:47:52.190627 2026] [php:error] [pid 58072] [client 20.100.193.95:0] script '/domains/system_suspended/np.php' not found or unable to stat
[Wed Feb 18 01:47:52.287237 2026] [php:error] [pid 58072] [client 20.100.193.95:0] script '/domains/system_suspended/tx1.php' not found or unable to stat
[Wed Feb 18 01:47:52.383930 2026] [php:error] [pid 58072] [client 20.100.193.95:0] script '/domains/system_suspended/bs.php' not found or unable to stat
[Wed Feb 18 01:47:52.916570 2026] [php:error] [pid 58082] [client 4.224.46.39:0] script '/domains/system_default/bless11.php' not found or unable to stat
[Wed Feb 18 01:47:53.125776 2026] [php:error] [pid 58082] [client 4.224.46.39:0] script '/domains/system_default/init.php' not found or unable to stat
[Wed Feb 18 01:47:53.558115 2026] [php:error] [pid 58082] [client 4.224.46.39:0] script '/domains/system_default/k.php' not found or unable to stat
[Wed Feb 18 01:47:53.795917 2026] [php:error] [pid 58082] [client 4.224.46.39:0] script '/domains/system_default/bless.php' not found or unable to stat
[Wed Feb 18 01:47:54.005120 2026] [php:error] [pid 58082] [client 4.224.46.39:0] script '/domains/system_default/X7x.php' not found or unable to stat
[Wed Feb 18 01:47:54.221262 2026] [php:error] [pid 58082] [client 4.224.46.39:0] script '/domains/system_default/166.php' not found or unable to stat
[Wed Feb 18 01:47:54.430843 2026] [php:error] [pid 58082] [client 4.224.46.39:0] script '/domains/system_default/plss3.php' not found or unable to stat
[Wed Feb 18 01:47:54.862577 2026] [php:error] [pid 58082] [client 4.224.46.39:0] script '/domains/system_default/admins.php' not found or unable to stat
[Wed Feb 18 01:47:55.072254 2026] [php:error] [pid 58082] [client 4.224.46.39:0] script '/domains/system_default/wp.php' not found or unable to stat
[Wed Feb 18 01:47:55.291973 2026] [php:error] [pid 58082] [client 4.224.46.39:0] script '/domains/system_default/main.php' not found or unable to stat
[Wed Feb 18 01:47:55.515004 2026] [php:error] [pid 58082] [client 4.224.46.39:0] script '/domains/system_default/a1.php' not found or unable to stat
[Wed Feb 18 01:47:55.724427 2026] [php:error] [pid 58082] [client 4.224.46.39:0] script '/domains/system_default/lala.php' not found or unable to stat
[Wed Feb 18 01:47:55.939119 2026] [php:error] [pid 58082] [client 4.224.46.39:0] script '/domains/system_default/aaa.php' not found or unable to stat
[Wed Feb 18 01:47:56.156311 2026] [php:error] [pid 58082] [client 4.224.46.39:0] script '/domains/system_default/a2.php' not found or unable to stat
[Wed Feb 18 01:47:56.540792 2026] [php:error] [pid 58051] [client 45.149.173.209:0] script '/domains/jeffbell/xmlrpc.php' not found or unable to stat
[Wed Feb 18 01:47:56.593332 2026] [php:error] [pid 58082] [client 4.224.46.39:0] script '/domains/system_default/jsond.php' not found or unable to stat
[Wed Feb 18 01:49:46.431326 2026] [php:error] [pid 58083] [client 104.28.203.60:0] script '/domains/druckrey/style.php' not found or unable to stat
[Wed Feb 18 01:49:46.831420 2026] [php:error] [pid 58083] [client 104.28.203.60:0] script '/domains/druckrey/chosen.php' not found or unable to stat
[Wed Feb 18 01:49:46.898332 2026] [php:error] [pid 58083] [client 104.28.203.60:0] script '/domains/druckrey/file.php' not found or unable to stat
[Wed Feb 18 01:49:46.965714 2026] [php:error] [pid 58083] [client 104.28.203.60:0] script '/domains/druckrey/flower.php' not found or unable to stat
[Wed Feb 18 01:49:47.034443 2026] [php:error] [pid 58083] [client 104.28.203.60:0] script '/domains/druckrey/gifclass.php' not found or unable to stat
[Wed Feb 18 01:49:47.101879 2026] [php:error] [pid 58083] [client 104.28.203.60:0] script '/domains/druckrey/bless.php' not found or unable to stat
[Wed Feb 18 01:49:47.184468 2026] [php:error] [pid 58083] [client 104.28.203.60:0] script '/domains/druckrey/class-t.api.php' not found or unable to stat
[Wed Feb 18 01:49:47.253654 2026] [php:error] [pid 58083] [client 104.28.203.60:0] script '/domains/druckrey/blurbs.php' not found or unable to stat
[Wed Feb 18 01:49:47.320646 2026] [php:error] [pid 58083] [client 104.28.203.60:0] script '/domains/druckrey/akcc.php' not found or unable to stat
[Wed Feb 18 01:49:47.414544 2026] [php:error] [pid 58083] [client 104.28.203.60:0] script '/domains/druckrey/abcd.php' not found or unable to stat
[Wed Feb 18 01:49:47.482366 2026] [php:error] [pid 58083] [client 104.28.203.60:0] script '/domains/druckrey/shelp.php' not found or unable to stat
[Wed Feb 18 01:49:47.549954 2026] [php:error] [pid 58083] [client 104.28.203.60:0] script '/domains/druckrey/cord.php' not found or unable to stat
[Wed Feb 18 01:49:47.617870 2026] [php:error] [pid 58083] [client 104.28.203.60:0] script '/domains/druckrey/dex.php' not found or unable to stat
[Wed Feb 18 01:49:47.769813 2026] [php:error] [pid 58083] [client 104.28.203.60:0] script '/domains/druckrey/file2.php' not found or unable to stat
[Wed Feb 18 01:49:47.837456 2026] [php:error] [pid 58083] [client 104.28.203.60:0] script '/domains/druckrey/zwso.php' not found or unable to stat
[Wed Feb 18 01:49:48.078414 2026] [php:error] [pid 58083] [client 104.28.203.60:0] script '/domains/druckrey/bolt.php' not found or unable to stat
[Wed Feb 18 01:49:48.172382 2026] [php:error] [pid 58083] [client 104.28.203.60:0] script '/domains/druckrey/shlo.php' not found or unable to stat
[Wed Feb 18 01:49:48.239526 2026] [php:error] [pid 58083] [client 104.28.203.60:0] script '/domains/druckrey/133.php' not found or unable to stat
[Wed Feb 18 01:49:48.306270 2026] [php:error] [pid 58083] [client 104.28.203.60:0] script '/domains/druckrey/ahax.php' not found or unable to stat
[Wed Feb 18 01:49:48.387818 2026] [php:error] [pid 58083] [client 104.28.203.60:0] script '/domains/druckrey/php8.php' not found or unable to stat
[Wed Feb 18 01:49:48.486113 2026] [php:error] [pid 58083] [client 104.28.203.60:0] script '/domains/druckrey/lufix1.php' not found or unable to stat
[Wed Feb 18 01:49:48.554654 2026] [php:error] [pid 58083] [client 104.28.203.60:0] script '/domains/druckrey/witmm.php' not found or unable to stat
[Wed Feb 18 01:49:48.907496 2026] [php:error] [pid 58083] [client 104.28.203.60:0] script '/domains/druckrey/ioxi-o.php' not found or unable to stat
[Wed Feb 18 01:49:48.974566 2026] [php:error] [pid 58083] [client 104.28.203.60:0] script '/domains/druckrey/222.php' not found or unable to stat
[Wed Feb 18 01:49:49.068411 2026] [php:error] [pid 58083] [client 104.28.203.60:0] script '/domains/druckrey/files.php' not found or unable to stat
[Wed Feb 18 01:49:49.139487 2026] [php:error] [pid 58083] [client 104.28.203.60:0] script '/domains/druckrey/wp-editor.php' not found or unable to stat
[Wed Feb 18 01:49:49.208291 2026] [php:error] [pid 58083] [client 104.28.203.60:0] script '/domains/druckrey/txets.php' not found or unable to stat
[Wed Feb 18 01:49:49.428574 2026] [php:error] [pid 58083] [client 104.28.203.60:0] script '/domains/druckrey/postnews.php' not found or unable to stat
[Wed Feb 18 01:50:21.260744 2026] [php:error] [pid 58083] [client 145.239.10.137:0] script '/domains/wsmith.enteract/p.php' not found or unable to stat, referer: http://etc.com/p.php
[Wed Feb 18 01:50:35.523212 2026] [php:error] [pid 58109] [client 37.27.59.176:0] script '/domains/hdickens.enteract/kmnj.php' not found or unable to stat
[Wed Feb 18 01:50:48.616856 2026] [php:error] [pid 58127] [client 20.194.153.120:0] script '/domains/system_default/new4.php' not found or unable to stat
[Wed Feb 18 01:50:48.785432 2026] [php:error] [pid 58127] [client 20.194.153.120:0] script '/domains/system_default/sc.php' not found or unable to stat
[Wed Feb 18 01:50:48.953495 2026] [php:error] [pid 58127] [client 20.194.153.120:0] script '/domains/system_default/pouhg.php' not found or unable to stat
[Wed Feb 18 01:50:49.130288 2026] [php:error] [pid 58127] [client 20.194.153.120:0] script '/domains/system_default/vgtyu.php' not found or unable to stat
[Wed Feb 18 01:50:49.298353 2026] [php:error] [pid 58127] [client 20.194.153.120:0] script '/domains/system_default/aq.php' not found or unable to stat
[Wed Feb 18 01:50:49.466547 2026] [php:error] [pid 58127] [client 20.194.153.120:0] script '/domains/system_default/opts.php' not found or unable to stat
[Wed Feb 18 01:50:49.635351 2026] [php:error] [pid 58127] [client 20.194.153.120:0] script '/domains/system_default/x123.php' not found or unable to stat
[Wed Feb 18 01:50:49.805056 2026] [php:error] [pid 58127] [client 20.194.153.120:0] script '/domains/system_default/wp-act.php' not found or unable to stat
[Wed Feb 18 01:50:49.982049 2026] [php:error] [pid 58127] [client 20.194.153.120:0] script '/domains/system_default/moshou.php' not found or unable to stat
[Wed Feb 18 01:50:50.150461 2026] [php:error] [pid 58127] [client 20.194.153.120:0] script '/domains/system_default/seetox.php' not found or unable to stat
