[Wed Feb 18 01:50:50.318549 2026] [php:error] [pid 58127] [client 20.194.153.120:0] script '/domains/system_default/dom.php' not found or unable to stat
[Wed Feb 18 01:50:50.487119 2026] [php:error] [pid 58127] [client 20.194.153.120:0] script '/domains/system_default/ws60.php' not found or unable to stat
[Wed Feb 18 01:50:50.657059 2026] [php:error] [pid 58127] [client 20.194.153.120:0] script '/domains/system_default/samiri.php' not found or unable to stat
[Wed Feb 18 01:50:50.826170 2026] [php:error] [pid 58127] [client 20.194.153.120:0] script '/domains/system_default/plugins.php' not found or unable to stat
[Wed Feb 18 01:50:50.994974 2026] [php:error] [pid 58127] [client 20.194.153.120:0] script '/domains/system_default/xoot.php' not found or unable to stat
[Wed Feb 18 01:50:51.187269 2026] [php:error] [pid 58127] [client 20.194.153.120:0] script '/domains/system_default/X57.php' not found or unable to stat
[Wed Feb 18 01:50:51.363860 2026] [php:error] [pid 58127] [client 20.194.153.120:0] script '/domains/system_default/vx.php' not found or unable to stat
[Wed Feb 18 01:50:51.542941 2026] [php:error] [pid 58127] [client 20.194.153.120:0] script '/domains/system_default/file59.php' not found or unable to stat
[Wed Feb 18 01:50:51.879676 2026] [php:error] [pid 58127] [client 20.194.153.120:0] script '/domains/system_default/shas.php' not found or unable to stat
[Wed Feb 18 01:50:52.100056 2026] [php:error] [pid 58127] [client 20.194.153.120:0] script '/domains/system_default/xa.php' not found or unable to stat
[Wed Feb 18 01:50:52.280030 2026] [php:error] [pid 58127] [client 20.194.153.120:0] script '/domains/system_default/xda.php' not found or unable to stat
[Wed Feb 18 01:50:52.456995 2026] [php:error] [pid 58127] [client 20.194.153.120:0] script '/domains/system_default/er.php' not found or unable to stat
[Wed Feb 18 01:50:52.631803 2026] [php:error] [pid 58127] [client 20.194.153.120:0] script '/domains/system_default/fault.php' not found or unable to stat
[Wed Feb 18 01:50:52.802585 2026] [php:error] [pid 58127] [client 20.194.153.120:0] script '/domains/system_default/motu.php' not found or unable to stat
[Wed Feb 18 01:50:52.971095 2026] [php:error] [pid 58127] [client 20.194.153.120:0] script '/domains/system_default/66.php' not found or unable to stat
[Wed Feb 18 01:50:53.139809 2026] [php:error] [pid 58127] [client 20.194.153.120:0] script '/domains/system_default/leuk.php' not found or unable to stat
[Wed Feb 18 01:50:53.323224 2026] [php:error] [pid 58127] [client 20.194.153.120:0] script '/domains/system_default/xqq.php' not found or unable to stat
[Wed Feb 18 01:50:53.492177 2026] [php:error] [pid 58127] [client 20.194.153.120:0] script '/domains/system_default/kolda.php' not found or unable to stat
[Wed Feb 18 01:50:53.664948 2026] [php:error] [pid 58127] [client 20.194.153.120:0] script '/domains/system_default/nw.php' not found or unable to stat
[Wed Feb 18 01:50:53.847750 2026] [php:error] [pid 58127] [client 20.194.153.120:0] script '/domains/system_default/god.php' not found or unable to stat
[Wed Feb 18 01:50:54.035045 2026] [php:error] [pid 58127] [client 20.194.153.120:0] script '/domains/system_default/666.php' not found or unable to stat
[Wed Feb 18 01:50:54.272603 2026] [php:error] [pid 58127] [client 20.194.153.120:0] script '/domains/system_default/kj.php' not found or unable to stat
[Wed Feb 18 01:50:54.447896 2026] [php:error] [pid 58127] [client 20.194.153.120:0] script '/domains/system_default/un.php' not found or unable to stat
[Wed Feb 18 01:50:54.616175 2026] [php:error] [pid 58127] [client 20.194.153.120:0] script '/domains/system_default/fs.php' not found or unable to stat
[Wed Feb 18 01:50:54.784327 2026] [php:error] [pid 58127] [client 20.194.153.120:0] script '/domains/system_default/ms.php' not found or unable to stat
[Wed Feb 18 01:50:54.963972 2026] [php:error] [pid 58127] [client 20.194.153.120:0] script '/domains/system_default/login8.php' not found or unable to stat
[Wed Feb 18 01:50:55.159995 2026] [php:error] [pid 58127] [client 20.194.153.120:0] script '/domains/system_default/nnyvn.php' not found or unable to stat
[Wed Feb 18 01:50:55.330370 2026] [php:error] [pid 58127] [client 20.194.153.120:0] script '/domains/system_default/cu.php' not found or unable to stat
[Wed Feb 18 01:50:55.499856 2026] [php:error] [pid 58127] [client 20.194.153.120:0] script '/domains/system_default/lul.php' not found or unable to stat
[Wed Feb 18 01:50:55.668293 2026] [php:error] [pid 58127] [client 20.194.153.120:0] script '/domains/system_default/0.php' not found or unable to stat
[Wed Feb 18 01:50:55.836831 2026] [php:error] [pid 58127] [client 20.194.153.120:0] script '/domains/system_default/ms-edit.php' not found or unable to stat
[Wed Feb 18 01:50:56.007764 2026] [php:error] [pid 58127] [client 20.194.153.120:0] script '/domains/system_default/ya.php' not found or unable to stat
[Wed Feb 18 01:50:56.186237 2026] [php:error] [pid 58127] [client 20.194.153.120:0] script '/domains/system_default/grsiuk.php' not found or unable to stat
[Wed Feb 18 01:50:56.354484 2026] [php:error] [pid 58127] [client 20.194.153.120:0] script '/domains/system_default/wp-blog.php' not found or unable to stat
[Wed Feb 18 01:50:56.523594 2026] [php:error] [pid 58127] [client 20.194.153.120:0] script '/domains/system_default/wp-access.php' not found or unable to stat
[Wed Feb 18 01:50:56.693161 2026] [php:error] [pid 58127] [client 20.194.153.120:0] script '/domains/system_default/a1vx.php' not found or unable to stat
[Wed Feb 18 01:50:56.861269 2026] [php:error] [pid 58127] [client 20.194.153.120:0] script '/domains/system_default/sbhu.php' not found or unable to stat
[Wed Feb 18 01:50:57.036148 2026] [php:error] [pid 58127] [client 20.194.153.120:0] script '/domains/system_default/wp-the.php' not found or unable to stat
[Wed Feb 18 01:50:57.204716 2026] [php:error] [pid 58127] [client 20.194.153.120:0] script '/domains/system_default/06.php' not found or unable to stat
[Wed Feb 18 01:50:57.382423 2026] [php:error] [pid 58127] [client 20.194.153.120:0] script '/domains/system_default/wp5.php' not found or unable to stat
[Wed Feb 18 01:50:57.551466 2026] [php:error] [pid 58127] [client 20.194.153.120:0] script '/domains/system_default/fot.php' not found or unable to stat
[Wed Feb 18 01:50:57.727200 2026] [php:error] [pid 58127] [client 20.194.153.120:0] script '/domains/system_default/ff1.php' not found or unable to stat
[Wed Feb 18 01:50:57.901780 2026] [php:error] [pid 58127] [client 20.194.153.120:0] script '/domains/system_default/forbidals.php' not found or unable to stat
[Wed Feb 18 01:50:58.077014 2026] [php:error] [pid 58127] [client 20.194.153.120:0] script '/domains/system_default/erty.php' not found or unable to stat
[Wed Feb 18 01:50:58.266156 2026] [php:error] [pid 58127] [client 20.194.153.120:0] script '/domains/system_default/dev1s.php' not found or unable to stat
[Wed Feb 18 01:50:58.434888 2026] [php:error] [pid 58127] [client 20.194.153.120:0] script '/domains/system_default/ffd.php' not found or unable to stat
[Wed Feb 18 01:50:58.603784 2026] [php:error] [pid 58127] [client 20.194.153.120:0] script '/domains/system_default/admiin.php' not found or unable to stat
[Wed Feb 18 01:50:58.772902 2026] [php:error] [pid 58127] [client 20.194.153.120:0] script '/domains/system_default/ol.php' not found or unable to stat
[Wed Feb 18 01:50:58.959609 2026] [php:error] [pid 58127] [client 20.194.153.120:0] script '/domains/system_default/Sanskrit.php' not found or unable to stat
[Wed Feb 18 01:50:59.132739 2026] [php:error] [pid 58127] [client 20.194.153.120:0] script '/domains/system_default/vxrl.php' not found or unable to stat
[Wed Feb 18 01:50:59.303943 2026] [php:error] [pid 58127] [client 20.194.153.120:0] script '/domains/system_default/re.php' not found or unable to stat
[Wed Feb 18 01:50:59.472392 2026] [php:error] [pid 58127] [client 20.194.153.120:0] script '/domains/system_default/num.php' not found or unable to stat
[Wed Feb 18 01:50:59.650753 2026] [php:error] [pid 58127] [client 20.194.153.120:0] script '/domains/system_default/axx.php' not found or unable to stat
[Wed Feb 18 01:50:59.819896 2026] [php:error] [pid 58127] [client 20.194.153.120:0] script '/domains/system_default/vxrl.php' not found or unable to stat
[Wed Feb 18 01:50:59.988389 2026] [php:error] [pid 58127] [client 20.194.153.120:0] script '/domains/system_default/in.php' not found or unable to stat
[Wed Feb 18 01:51:00.185248 2026] [php:error] [pid 58127] [client 20.194.153.120:0] script '/domains/system_default/style.php' not found or unable to stat
[Wed Feb 18 01:51:00.359815 2026] [php:error] [pid 58127] [client 20.194.153.120:0] script '/domains/system_default/we.php' not found or unable to stat
[Wed Feb 18 01:51:00.528630 2026] [php:error] [pid 58127] [client 20.194.153.120:0] script '/domains/system_default/zwso.php' not found or unable to stat
[Wed Feb 18 01:51:00.696938 2026] [php:error] [pid 58127] [client 20.194.153.120:0] script '/domains/system_default/karak.php' not found or unable to stat
[Wed Feb 18 01:51:00.871132 2026] [php:error] [pid 58127] [client 20.194.153.120:0] script '/domains/system_default/prv8.php' not found or unable to stat
[Wed Feb 18 01:51:01.057972 2026] [php:error] [pid 58127] [client 20.194.153.120:0] script '/domains/system_default/i.php' not found or unable to stat
[Wed Feb 18 01:51:01.602988 2026] [php:error] [pid 58127] [client 20.194.153.120:0] script '/domains/system_default/xmlrpc.php' not found or unable to stat
[Wed Feb 18 01:51:01.770935 2026] [php:error] [pid 58127] [client 20.194.153.120:0] script '/domains/system_default/aw.php' not found or unable to stat
[Wed Feb 18 01:51:01.940747 2026] [php:error] [pid 58127] [client 20.194.153.120:0] script '/domains/system_default/dev.php' not found or unable to stat
[Wed Feb 18 01:51:02.114383 2026] [php:error] [pid 58127] [client 20.194.153.120:0] script '/domains/system_default/lock360.php' not found or unable to stat
[Wed Feb 18 01:51:02.288418 2026] [php:error] [pid 58127] [client 20.194.153.120:0] script '/domains/system_default/155.php' not found or unable to stat
[Wed Feb 18 01:51:02.456946 2026] [php:error] [pid 58127] [client 20.194.153.120:0] script '/domains/system_default/goat.php' not found or unable to stat
[Wed Feb 18 01:51:02.625467 2026] [php:error] [pid 58127] [client 20.194.153.120:0] script '/domains/system_default/tcp.php' not found or unable to stat
[Wed Feb 18 01:51:02.813597 2026] [php:error] [pid 58127] [client 20.194.153.120:0] script '/domains/system_default/ext.php' not found or unable to stat
[Wed Feb 18 01:51:02.982202 2026] [php:error] [pid 58127] [client 20.194.153.120:0] script '/domains/system_default/inputs.php' not found or unable to stat
[Wed Feb 18 01:51:03.151114 2026] [php:error] [pid 58127] [client 20.194.153.120:0] script '/domains/system_default/ioxi.php' not found or unable to stat
[Wed Feb 18 01:51:03.337181 2026] [php:error] [pid 58127] [client 20.194.153.120:0] script '/domains/system_default/fe5.php' not found or unable to stat
[Wed Feb 18 01:51:03.511117 2026] [php:error] [pid 58127] [client 20.194.153.120:0] script '/domains/system_default/ov.php' not found or unable to stat
[Wed Feb 18 01:51:03.854520 2026] [php:error] [pid 58127] [client 20.194.153.120:0] script '/domains/system_default/default.php' not found or unable to stat
[Wed Feb 18 01:51:04.037258 2026] [php:error] [pid 58127] [client 20.194.153.120:0] script '/domains/system_default/goods.php' not found or unable to stat
[Wed Feb 18 01:51:04.220968 2026] [php:error] [pid 58127] [client 20.194.153.120:0] script '/domains/system_default/abcd.php' not found or unable to stat
[Wed Feb 18 01:51:04.388864 2026] [php:error] [pid 58127] [client 20.194.153.120:0] script '/domains/system_default/class.1.php' not found or unable to stat
[Wed Feb 18 01:51:04.557607 2026] [php:error] [pid 58127] [client 20.194.153.120:0] script '/domains/system_default/async.php' not found or unable to stat
[Wed Feb 18 01:51:04.728334 2026] [php:error] [pid 58127] [client 20.194.153.120:0] script '/domains/system_default/ff.php' not found or unable to stat
[Wed Feb 18 01:51:04.904419 2026] [php:error] [pid 58127] [client 20.194.153.120:0] script '/domains/system_default/ioxi-o.php' not found or unable to stat
[Wed Feb 18 01:51:05.072869 2026] [php:error] [pid 58127] [client 20.194.153.120:0] script '/domains/system_default/manager.php' not found or unable to stat
[Wed Feb 18 01:51:05.245495 2026] [php:error] [pid 58127] [client 20.194.153.120:0] script '/domains/system_default/wp-update.php' not found or unable to stat
[Wed Feb 18 01:51:05.420171 2026] [php:error] [pid 58127] [client 20.194.153.120:0] script '/domains/system_default/file.php' not found or unable to stat
[Wed Feb 18 01:51:05.762938 2026] [php:error] [pid 58127] [client 20.194.153.120:0] script '/domains/system_default/lc.php' not found or unable to stat
[Wed Feb 18 01:51:05.957652 2026] [php:error] [pid 58127] [client 20.194.153.120:0] script '/domains/system_default/cbrfo.php' not found or unable to stat
[Wed Feb 18 01:51:06.135700 2026] [php:error] [pid 58127] [client 20.194.153.120:0] script '/domains/system_default/inc.php' not found or unable to stat
[Wed Feb 18 01:51:06.556311 2026] [php:error] [pid 58129] [client 20.194.153.120:0] script '/domains/system_default/gifclass.php' not found or unable to stat
[Wed Feb 18 01:51:06.725017 2026] [php:error] [pid 58129] [client 20.194.153.120:0] script '/domains/system_default/miansha.php' not found or unable to stat
[Wed Feb 18 01:51:06.893654 2026] [php:error] [pid 58129] [client 20.194.153.120:0] script '/domains/system_default/tinyfilemanager.php' not found or unable to stat
[Wed Feb 18 01:51:07.061864 2026] [php:error] [pid 58129] [client 20.194.153.120:0] script '/domains/system_default/admin.php' not found or unable to stat
[Wed Feb 18 01:51:07.232668 2026] [php:error] [pid 58129] [client 20.194.153.120:0] script '/domains/system_default/ok.php' not found or unable to stat
[Wed Feb 18 01:51:07.404467 2026] [php:error] [pid 58129] [client 20.194.153.120:0] script '/domains/system_default/fi.php' not found or unable to stat
[Wed Feb 18 01:51:07.583609 2026] [php:error] [pid 58129] [client 20.194.153.120:0] script '/domains/system_default/muzu.php' not found or unable to stat
[Wed Feb 18 01:51:07.765658 2026] [php:error] [pid 58129] [client 20.194.153.120:0] script '/domains/system_default/reze.php' not found or unable to stat
[Wed Feb 18 01:51:07.935241 2026] [php:error] [pid 58129] [client 20.194.153.120:0] script '/domains/system_default/styll.php' not found or unable to stat
[Wed Feb 18 01:51:08.103793 2026] [php:error] [pid 58129] [client 20.194.153.120:0] script '/domains/system_default/x7.php' not found or unable to stat
[Wed Feb 18 01:51:08.278138 2026] [php:error] [pid 58129] [client 20.194.153.120:0] script '/domains/system_default/thebe.php' not found or unable to stat
[Wed Feb 18 01:51:08.446665 2026] [php:error] [pid 58129] [client 20.194.153.120:0] script '/domains/system_default/ddd.php' not found or unable to stat
[Wed Feb 18 01:51:08.615427 2026] [php:error] [pid 58129] [client 20.194.153.120:0] script '/domains/system_default/bgymj.php' not found or unable to stat
[Wed Feb 18 01:51:08.787726 2026] [php:error] [pid 58129] [client 20.194.153.120:0] script '/domains/system_default/8xyz.php' not found or unable to stat
[Wed Feb 18 01:51:08.956330 2026] [php:error] [pid 58129] [client 20.194.153.120:0] script '/domains/system_default/ioxi.php' not found or unable to stat
[Wed Feb 18 01:51:09.125717 2026] [php:error] [pid 58129] [client 20.194.153.120:0] script '/domains/system_default/xpwer1.php' not found or unable to stat
[Wed Feb 18 01:51:09.299249 2026] [php:error] [pid 58129] [client 20.194.153.120:0] script '/domains/system_default/lala.php' not found or unable to stat
[Wed Feb 18 01:51:09.476412 2026] [php:error] [pid 58129] [client 20.194.153.120:0] script '/domains/system_default/about.php' not found or unable to stat
[Wed Feb 18 01:51:10.347481 2026] [php:error] [pid 58129] [client 20.194.153.120:0] script '/domains/system_default/info.php' not found or unable to stat
[Wed Feb 18 01:51:10.515775 2026] [php:error] [pid 58129] [client 20.194.153.120:0] script '/domains/system_default/about.php' not found or unable to stat
[Wed Feb 18 01:51:10.873781 2026] [php:error] [pid 58129] [client 20.194.153.120:0] script '/domains/system_default/222.php' not found or unable to stat
[Wed Feb 18 01:51:11.104569 2026] [php:error] [pid 58129] [client 20.194.153.120:0] script '/domains/system_default/adminfuns.php' not found or unable to stat
[Wed Feb 18 01:51:11.461855 2026] [php:error] [pid 58129] [client 20.194.153.120:0] script '/domains/system_default/xx.php' not found or unable to stat
[Wed Feb 18 01:51:11.798298 2026] [php:error] [pid 58129] [client 20.194.153.120:0] script '/domains/system_default/f5.php' not found or unable to stat
[Wed Feb 18 01:51:11.974047 2026] [php:error] [pid 58129] [client 20.194.153.120:0] script '/domains/system_default/flower.php' not found or unable to stat
[Wed Feb 18 01:51:12.148978 2026] [php:error] [pid 58129] [client 20.194.153.120:0] script '/domains/system_default/f6.php' not found or unable to stat
[Wed Feb 18 01:51:12.317713 2026] [php:error] [pid 58129] [client 20.194.153.120:0] script '/domains/system_default/edit.php' not found or unable to stat
[Wed Feb 18 01:51:12.871874 2026] [php:error] [pid 58129] [client 20.194.153.120:0] script '/domains/system_default/av.php' not found or unable to stat
[Wed Feb 18 01:51:13.208743 2026] [php:error] [pid 58129] [client 20.194.153.120:0] script '/domains/system_default/wsd.php' not found or unable to stat
[Wed Feb 18 01:51:13.376867 2026] [php:error] [pid 58129] [client 20.194.153.120:0] script '/domains/system_default/jane.php' not found or unable to stat
[Wed Feb 18 01:51:13.549156 2026] [php:error] [pid 58129] [client 20.194.153.120:0] script '/domains/system_default/css.php' not found or unable to stat
[Wed Feb 18 01:51:13.717285 2026] [php:error] [pid 58129] [client 20.194.153.120:0] script '/domains/system_default/alfa.php' not found or unable to stat
[Wed Feb 18 01:51:13.885684 2026] [php:error] [pid 58129] [client 20.194.153.120:0] script '/domains/system_default/wen.php' not found or unable to stat
[Wed Feb 18 01:51:14.057415 2026] [php:error] [pid 58129] [client 20.194.153.120:0] script '/domains/system_default/x.php' not found or unable to stat
[Wed Feb 18 01:51:14.237736 2026] [php:error] [pid 58129] [client 20.194.153.120:0] script '/domains/system_default/xxxx.php' not found or unable to stat
[Wed Feb 18 01:51:14.416786 2026] [php:error] [pid 58129] [client 20.194.153.120:0] script '/domains/system_default/class.php' not found or unable to stat
[Wed Feb 18 01:51:14.585482 2026] [php:error] [pid 58129] [client 20.194.153.120:0] script '/domains/system_default/f35.php' not found or unable to stat
[Wed Feb 18 01:51:15.261192 2026] [php:error] [pid 58129] [client 20.194.153.120:0] script '/domains/system_default/class-t.api.php' not found or unable to stat
[Wed Feb 18 01:51:15.454977 2026] [php:error] [pid 58129] [client 20.194.153.120:0] script '/domains/system_default/blurbs18.php' not found or unable to stat
[Wed Feb 18 01:51:16.693070 2026] [php:error] [pid 58129] [client 20.194.153.120:0] script '/domains/system_default/bless11.php' not found or unable to stat
[Wed Feb 18 01:51:16.861691 2026] [php:error] [pid 58129] [client 20.194.153.120:0] script '/domains/system_default/init.php' not found or unable to stat
[Wed Feb 18 01:51:17.218873 2026] [php:error] [pid 58129] [client 20.194.153.120:0] script '/domains/system_default/k.php' not found or unable to stat
[Wed Feb 18 01:51:17.397346 2026] [php:error] [pid 58129] [client 20.194.153.120:0] script '/domains/system_default/bless.php' not found or unable to stat
[Wed Feb 18 01:51:17.565634 2026] [php:error] [pid 58129] [client 20.194.153.120:0] script '/domains/system_default/X7x.php' not found or unable to stat
[Wed Feb 18 01:51:17.733793 2026] [php:error] [pid 58129] [client 20.194.153.120:0] script '/domains/system_default/166.php' not found or unable to stat
[Wed Feb 18 01:51:17.915055 2026] [php:error] [pid 58129] [client 20.194.153.120:0] script '/domains/system_default/plss3.php' not found or unable to stat
[Wed Feb 18 01:51:18.260933 2026] [php:error] [pid 58129] [client 20.194.153.120:0] script '/domains/system_default/admins.php' not found or unable to stat
[Wed Feb 18 01:51:18.432072 2026] [php:error] [pid 58129] [client 20.194.153.120:0] script '/domains/system_default/wp.php' not found or unable to stat
[Wed Feb 18 01:51:18.606653 2026] [php:error] [pid 58129] [client 20.194.153.120:0] script '/domains/system_default/main.php' not found or unable to stat
[Wed Feb 18 01:51:18.781454 2026] [php:error] [pid 58129] [client 20.194.153.120:0] script '/domains/system_default/a1.php' not found or unable to stat
[Wed Feb 18 01:51:18.951704 2026] [php:error] [pid 58129] [client 20.194.153.120:0] script '/domains/system_default/lala.php' not found or unable to stat
[Wed Feb 18 01:51:19.121470 2026] [php:error] [pid 58129] [client 20.194.153.120:0] script '/domains/system_default/aaa.php' not found or unable to stat
[Wed Feb 18 01:51:19.290196 2026] [php:error] [pid 58129] [client 20.194.153.120:0] script '/domains/system_default/a2.php' not found or unable to stat
[Wed Feb 18 01:51:19.626738 2026] [php:error] [pid 58129] [client 20.194.153.120:0] script '/domains/system_default/jsond.php' not found or unable to stat
[Wed Feb 18 01:52:22.884203 2026] [php:error] [pid 58127] [client 47.247.94.96:0] script '/domains/takie/xmlrpc.php' not found or unable to stat
[Wed Feb 18 01:53:07.432106 2026] [php:error] [pid 58147] [client 125.122.15.200:0] script '/domains/ebon/s.php' not found or unable to stat, referer: http://NERVEPOOL.net/s.php
[Wed Feb 18 01:56:15.605903 2026] [php:error] [pid 58171] [client 103.125.146.75:0] script '/domains/memanuel/simple.php' not found or unable to stat
[Wed Feb 18 01:56:16.842945 2026] [php:error] [pid 58171] [client 103.125.146.75:0] script '/domains/memanuel/inputs.php' not found or unable to stat
[Wed Feb 18 01:56:18.135665 2026] [php:error] [pid 58171] [client 103.125.146.75:0] script '/domains/memanuel/autoload_classmap.php' not found or unable to stat
[Wed Feb 18 01:56:19.112540 2026] [php:error] [pid 58171] [client 103.125.146.75:0] script '/domains/memanuel/file2.php' not found or unable to stat
[Wed Feb 18 01:56:19.618539 2026] [php:error] [pid 58134] [client 20.194.29.45:0] script '/domains/ecernstelectric/WSO.php' not found or unable to stat
[Wed Feb 18 01:56:20.933546 2026] [php:error] [pid 58171] [client 103.125.146.75:0] script '/domains/memanuel/file.php' not found or unable to stat
[Wed Feb 18 01:56:21.363120 2026] [php:error] [pid 58171] [client 103.125.146.75:0] script '/domains/memanuel/chosen.php' not found or unable to stat
[Wed Feb 18 01:56:21.860365 2026] [php:error] [pid 58171] [client 103.125.146.75:0] script '/domains/memanuel/item.php' not found or unable to stat
[Wed Feb 18 01:56:22.781177 2026] [php:error] [pid 58171] [client 103.125.146.75:0] script '/domains/memanuel/zwso.php' not found or unable to stat
[Wed Feb 18 01:56:23.251616 2026] [php:error] [pid 58171] [client 103.125.146.75:0] script '/domains/memanuel/wp-conflg.php' not found or unable to stat
[Wed Feb 18 01:56:31.417475 2026] [php:error] [pid 58134] [client 20.194.29.45:0] script '/domains/ecernstelectric/goods.php' not found or unable to stat
[Wed Feb 18 01:56:36.167623 2026] [php:error] [pid 58171] [client 103.125.146.75:0] script '/domains/memanuel/cong.php' not found or unable to stat
[Wed Feb 18 01:56:37.455416 2026] [php:error] [pid 58171] [client 103.125.146.75:0] script '/domains/memanuel/dropdown.php' not found or unable to stat
[Wed Feb 18 01:56:38.044570 2026] [php:error] [pid 58134] [client 20.194.29.45:0] script '/domains/ecernstelectric/edit.php' not found or unable to stat
[Wed Feb 18 01:56:39.201293 2026] [php:error] [pid 58134] [client 20.194.29.45:0] script '/domains/ecernstelectric/file5.php' not found or unable to stat
[Wed Feb 18 01:56:41.485016 2026] [php:error] [pid 58171] [client 103.125.146.75:0] script '/domains/memanuel/repeater.php' not found or unable to stat
[Wed Feb 18 01:56:41.967685 2026] [php:error] [pid 58171] [client 103.125.146.75:0] script '/domains/memanuel/wp-2019.php' not found or unable to stat
[Wed Feb 18 01:56:42.391483 2026] [php:error] [pid 58171] [client 103.125.146.75:0] script '/domains/memanuel/atomlib.php' not found or unable to stat
[Wed Feb 18 01:56:42.469567 2026] [php:error] [pid 58134] [client 20.194.29.45:0] script '/domains/ecernstelectric/aa.php' not found or unable to stat
[Wed Feb 18 01:56:43.715288 2026] [php:error] [pid 58171] [client 103.125.146.75:0] script '/domains/memanuel/css.php' not found or unable to stat
[Wed Feb 18 01:56:44.086992 2026] [php:error] [pid 58171] [client 103.125.146.75:0] script '/domains/memanuel/log.php' not found or unable to stat
[Wed Feb 18 01:56:46.557016 2026] [php:error] [pid 58171] [client 103.125.146.75:0] script '/domains/memanuel/mail.php' not found or unable to stat
[Wed Feb 18 01:56:47.163539 2026] [php:error] [pid 58171] [client 103.125.146.75:0] script '/domains/memanuel/lufix.php' not found or unable to stat
[Wed Feb 18 01:56:47.490264 2026] [php:error] [pid 58171] [client 103.125.146.75:0] script '/domains/memanuel/doc.php' not found or unable to stat
[Wed Feb 18 01:56:47.551457 2026] [php:error] [pid 58134] [client 20.194.29.45:0] script '/domains/ecernstelectric/autoload_classmap.php' not found or unable to stat
[Wed Feb 18 01:56:47.782279 2026] [php:error] [pid 58171] [client 103.125.146.75:0] script '/domains/memanuel/bak.php' not found or unable to stat
[Wed Feb 18 01:56:48.042105 2026] [php:error] [pid 58171] [client 103.125.146.75:0] script '/domains/memanuel/content.php' not found or unable to stat
[Wed Feb 18 01:56:48.531343 2026] [php:error] [pid 58171] [client 103.125.146.75:0] script '/domains/memanuel/upfile.php' not found or unable to stat
[Wed Feb 18 01:56:50.569041 2026] [php:error] [pid 58171] [client 103.125.146.75:0] script '/domains/memanuel/wp.php' not found or unable to stat
[Wed Feb 18 01:56:51.635306 2026] [php:error] [pid 58171] [client 103.125.146.75:0] script '/domains/memanuel/bypass.php' not found or unable to stat
[Wed Feb 18 01:56:52.047383 2026] [php:error] [pid 58171] [client 103.125.146.75:0] script '/domains/memanuel/wp-activate.php' not found or unable to stat
[Wed Feb 18 01:56:52.354940 2026] [php:error] [pid 58171] [client 103.125.146.75:0] script '/domains/memanuel/updates.php' not found or unable to stat
[Wed Feb 18 01:56:52.652704 2026] [php:error] [pid 58171] [client 103.125.146.75:0] script '/domains/memanuel/radio.php' not found or unable to stat
[Wed Feb 18 01:56:53.076220 2026] [php:error] [pid 58171] [client 103.125.146.75:0] script '/domains/memanuel/plugins.php' not found or unable to stat
[Wed Feb 18 01:56:53.385402 2026] [php:error] [pid 58171] [client 103.125.146.75:0] script '/domains/memanuel/xmrlpc.php' not found or unable to stat
[Wed Feb 18 01:56:53.663308 2026] [php:error] [pid 58171] [client 103.125.146.75:0] script '/domains/memanuel/ae.php' not found or unable to stat
[Wed Feb 18 01:56:53.964577 2026] [php:error] [pid 58171] [client 103.125.146.75:0] script '/domains/memanuel/moon.php' not found or unable to stat
[Wed Feb 18 01:56:54.585813 2026] [php:error] [pid 58171] [client 103.125.146.75:0] script '/domains/memanuel/blog.php' not found or unable to stat
[Wed Feb 18 01:56:55.027303 2026] [php:error] [pid 58171] [client 103.125.146.75:0] script '/domains/memanuel/themes.php' not found or unable to stat
[Wed Feb 18 01:56:55.535458 2026] [php:error] [pid 58134] [client 20.194.29.45:0] script '/domains/ecernstelectric/file.php' not found or unable to stat
[Wed Feb 18 01:56:56.044705 2026] [php:error] [pid 58171] [client 103.125.146.75:0] script '/domains/memanuel/ini.php' not found or unable to stat
[Wed Feb 18 01:56:56.392916 2026] [php:error] [pid 58171] [client 103.125.146.75:0] script '/domains/memanuel/as.php' not found or unable to stat
[Wed Feb 18 01:56:57.118706 2026] [php:error] [pid 58171] [client 103.125.146.75:0] script '/domains/memanuel/shell.php' not found or unable to stat
[Wed Feb 18 01:56:57.553861 2026] [php:error] [pid 58171] [client 103.125.146.75:0] script '/domains/memanuel/ws.php' not found or unable to stat
[Wed Feb 18 01:56:57.988572 2026] [php:error] [pid 58171] [client 103.125.146.75:0] script '/domains/memanuel/makeasmtp.php' not found or unable to stat
[Wed Feb 18 01:56:58.404773 2026] [php:error] [pid 58171] [client 103.125.146.75:0] script '/domains/memanuel/wp-sigunq.php' not found or unable to stat
[Wed Feb 18 01:56:59.865267 2026] [php:error] [pid 58171] [client 103.125.146.75:0] script '/domains/memanuel/wso112233.php' not found or unable to stat
[Wed Feb 18 01:56:59.982482 2026] [php:error] [pid 58134] [client 20.194.29.45:0] script '/domains/ecernstelectric/inputs.php' not found or unable to stat
[Wed Feb 18 01:57:00.259343 2026] [php:error] [pid 58171] [client 103.125.146.75:0] script '/domains/memanuel/wp-atom.php' not found or unable to stat
[Wed Feb 18 01:57:00.649110 2026] [php:error] [pid 58171] [client 103.125.146.75:0] script '/domains/memanuel/alfanew.php' not found or unable to stat
[Wed Feb 18 01:57:01.137315 2026] [php:error] [pid 58171] [client 103.125.146.75:0] script '/domains/memanuel/fw.php' not found or unable to stat
[Wed Feb 18 01:57:01.619113 2026] [php:error] [pid 58171] [client 103.125.146.75:0] script '/domains/memanuel/install.php' not found or unable to stat
[Wed Feb 18 01:57:02.465921 2026] [php:error] [pid 58171] [client 103.125.146.75:0] script '/domains/memanuel/wp-login.php' not found or unable to stat
[Wed Feb 18 01:57:03.465483 2026] [php:error] [pid 58171] [client 103.125.146.75:0] script '/domains/memanuel/XxX.php' not found or unable to stat
[Wed Feb 18 01:57:03.498965 2026] [php:error] [pid 58134] [client 20.194.29.45:0] script '/domains/ecernstelectric/1.php' not found or unable to stat
[Wed Feb 18 01:57:04.112221 2026] [php:error] [pid 58171] [client 103.125.146.75:0] script '/domains/memanuel/Marvins.php' not found or unable to stat
[Wed Feb 18 01:57:05.216544 2026] [php:error] [pid 58171] [client 103.125.146.75:0] script '/domains/memanuel/olux.php' not found or unable to stat
[Wed Feb 18 01:57:05.493058 2026] [php:error] [pid 58171] [client 103.125.146.75:0] script '/domains/memanuel/wso.php' not found or unable to stat
[Wed Feb 18 01:57:06.358219 2026] [php:error] [pid 58171] [client 103.125.146.75:0] script '/domains/memanuel/uploader.php' not found or unable to stat
[Wed Feb 18 01:57:07.935865 2026] [php:error] [pid 58171] [client 103.125.146.75:0] script '/domains/memanuel/1337.php' not found or unable to stat
[Wed Feb 18 01:57:08.276362 2026] [php:error] [pid 58171] [client 103.125.146.75:0] script '/domains/memanuel/user.php' not found or unable to stat
[Wed Feb 18 01:57:08.830867 2026] [php:error] [pid 58171] [client 103.125.146.75:0] script '/domains/memanuel/wp-info.php' not found or unable to stat
[Wed Feb 18 01:57:09.147537 2026] [php:error] [pid 58171] [client 103.125.146.75:0] script '/domains/memanuel/wxo.php' not found or unable to stat
[Wed Feb 18 01:57:09.572155 2026] [php:error] [pid 58171] [client 103.125.146.75:0] script '/domains/memanuel/amigo.php' not found or unable to stat
[Wed Feb 18 01:57:10.814503 2026] [php:error] [pid 58171] [client 103.125.146.75:0] script '/domains/memanuel/yoi.php' not found or unable to stat
[Wed Feb 18 01:57:11.893491 2026] [php:error] [pid 58171] [client 103.125.146.75:0] script '/domains/memanuel/wp-contentt.php' not found or unable to stat
[Wed Feb 18 01:57:12.176315 2026] [php:error] [pid 58157] [client 89.187.162.212:0] script '/domains/agribiz/wp-login.php' not found or unable to stat
[Wed Feb 18 01:57:12.211918 2026] [php:error] [pid 58171] [client 103.125.146.75:0] script '/domains/memanuel/we1y8.php' not found or unable to stat
[Wed Feb 18 01:57:14.359690 2026] [php:error] [pid 58171] [client 103.125.146.75:0] script '/domains/memanuel/hehe.php' not found or unable to stat
[Wed Feb 18 01:57:15.640724 2026] [php:error] [pid 58171] [client 103.125.146.75:0] script '/domains/memanuel/post-data.php' not found or unable to stat
[Wed Feb 18 01:57:16.066248 2026] [php:error] [pid 58171] [client 103.125.146.75:0] script '/domains/memanuel/w0.php' not found or unable to stat
[Wed Feb 18 01:57:16.426292 2026] [php:error] [pid 58171] [client 103.125.146.75:0] script '/domains/memanuel/old-index.php' not found or unable to stat
[Wed Feb 18 01:57:16.941477 2026] [php:error] [pid 58171] [client 103.125.146.75:0] script '/domains/memanuel/wsanon.php' not found or unable to stat
[Wed Feb 18 01:57:18.588321 2026] [php:error] [pid 58171] [client 103.125.146.75:0] script '/domains/memanuel/indo.php' not found or unable to stat
[Wed Feb 18 01:57:18.886034 2026] [php:error] [pid 58171] [client 103.125.146.75:0] script '/domains/memanuel/beence.php' not found or unable to stat
[Wed Feb 18 01:57:19.166072 2026] [php:error] [pid 58134] [client 20.194.29.45:0] script '/domains/ecernstelectric/flower.php' not found or unable to stat
[Wed Feb 18 01:57:19.620493 2026] [php:error] [pid 58171] [client 103.125.146.75:0] script '/domains/memanuel/indosec.php' not found or unable to stat
[Wed Feb 18 01:57:21.025261 2026] [php:error] [pid 58171] [client 103.125.146.75:0] script '/domains/memanuel/archives.php' not found or unable to stat
[Wed Feb 18 01:57:21.514484 2026] [php:error] [pid 58171] [client 103.125.146.75:0] script '/domains/memanuel/po8sa.php' not found or unable to stat
[Wed Feb 18 01:57:22.022552 2026] [php:error] [pid 58171] [client 103.125.146.75:0] script '/domains/memanuel/thesmartestx.php' not found or unable to stat
[Wed Feb 18 01:57:24.884949 2026] [php:error] [pid 58171] [client 103.125.146.75:0] script '/domains/memanuel/zcanp.php' not found or unable to stat
[Wed Feb 18 01:57:28.308196 2026] [php:error] [pid 58175] [client 103.125.146.31:0] script '/domains/memanuel/pvt.php' not found or unable to stat
[Wed Feb 18 01:57:28.336251 2026] [php:error] [pid 58134] [client 20.194.29.45:0] script '/domains/ecernstelectric/ioxi-o.php' not found or unable to stat
[Wed Feb 18 01:57:28.618740 2026] [php:error] [pid 58175] [client 103.125.146.31:0] script '/domains/memanuel/shell20211028.php' not found or unable to stat
[Wed Feb 18 01:57:29.873780 2026] [php:error] [pid 58175] [client 103.125.146.31:0] script '/domains/memanuel/crypted.php' not found or unable to stat
[Wed Feb 18 01:57:30.074500 2026] [php:error] [pid 58134] [client 20.194.29.45:0] script '/domains/ecernstelectric/radio.php' not found or unable to stat
[Wed Feb 18 01:57:31.974773 2026] [php:error] [pid 58175] [client 103.125.146.31:0] script '/domains/memanuel/h0110w4y.php' not found or unable to stat
[Wed Feb 18 01:57:32.539365 2026] [php:error] [pid 58134] [client 20.194.29.45:0] script '/domains/ecernstelectric/admin.php' not found or unable to stat
[Wed Feb 18 01:57:32.856027 2026] [php:error] [pid 58175] [client 103.125.146.31:0] script '/domains/memanuel/vesiw.php' not found or unable to stat
[Wed Feb 18 01:57:33.199958 2026] [php:error] [pid 58175] [client 103.125.146.31:0] script '/domains/memanuel/w.php' not found or unable to stat
[Wed Feb 18 01:57:33.571637 2026] [php:error] [pid 58175] [client 103.125.146.31:0] script '/domains/memanuel/wp-db.php' not found or unable to stat
[Wed Feb 18 01:57:34.152551 2026] [php:error] [pid 58134] [client 20.194.29.45:0] script '/domains/ecernstelectric/functions.php' not found or unable to stat
[Wed Feb 18 01:57:37.343086 2026] [php:error] [pid 58175] [client 103.125.146.31:0] script '/domains/memanuel/lx.php' not found or unable to stat
[Wed Feb 18 01:57:37.916587 2026] [php:error] [pid 58175] [client 103.125.146.31:0] script '/domains/memanuel/tonant.php' not found or unable to stat
[Wed Feb 18 01:57:40.399051 2026] [php:error] [pid 58134] [client 20.194.29.45:0] script '/domains/ecernstelectric/autoload_classmap.php' not found or unable to stat
[Wed Feb 18 01:57:40.536961 2026] [php:error] [pid 58175] [client 103.125.146.31:0] script '/domains/memanuel/f0x.php' not found or unable to stat
[Wed Feb 18 01:57:41.013414 2026] [php:error] [pid 58175] [client 103.125.146.31:0] script '/domains/memanuel/config.bak.php' not found or unable to stat
[Wed Feb 18 01:57:41.158620 2026] [php:error] [pid 58134] [client 20.194.29.45:0] script '/domains/ecernstelectric/post.php' not found or unable to stat
[Wed Feb 18 01:57:41.282867 2026] [php:error] [pid 58175] [client 103.125.146.31:0] script '/domains/memanuel/bypass403.php' not found or unable to stat
[Wed Feb 18 01:57:41.575036 2026] [php:error] [pid 58175] [client 103.125.146.31:0] script '/domains/memanuel/adminer.php' not found or unable to stat
[Wed Feb 18 01:57:42.157395 2026] [php:error] [pid 58175] [client 103.125.146.31:0] script '/domains/memanuel/allahnaber.php' not found or unable to stat
[Wed Feb 18 01:57:42.344221 2026] [php:error] [pid 58134] [client 20.194.29.45:0] script '/domains/ecernstelectric/1.php' not found or unable to stat
[Wed Feb 18 01:57:42.943533 2026] [php:error] [pid 58175] [client 103.125.146.31:0] script '/domains/memanuel/AK-74.php' not found or unable to stat
[Wed Feb 18 01:57:43.491727 2026] [php:error] [pid 58175] [client 103.125.146.31:0] script '/domains/memanuel/alfa3.php' not found or unable to stat
[Wed Feb 18 01:57:44.011907 2026] [php:error] [pid 58134] [client 20.194.29.45:0] script '/domains/ecernstelectric/flower.php' not found or unable to stat
[Wed Feb 18 01:57:44.232525 2026] [php:error] [pid 58134] [client 20.194.29.45:0] script '/domains/ecernstelectric/admin.php' not found or unable to stat
[Wed Feb 18 01:57:44.988989 2026] [php:error] [pid 58175] [client 103.125.146.31:0] script '/domains/memanuel/alfaindex.php' not found or unable to stat
[Wed Feb 18 01:57:46.342660 2026] [php:error] [pid 58134] [client 20.194.29.45:0] script '/domains/ecernstelectric/file.php' not found or unable to stat
[Wed Feb 18 01:57:46.546665 2026] [php:error] [pid 58134] [client 20.194.29.45:0] script '/domains/ecernstelectric/meta.php' not found or unable to stat
[Wed Feb 18 01:57:46.767073 2026] [php:error] [pid 58134] [client 20.194.29.45:0] script '/domains/ecernstelectric/index.php' not found or unable to stat
[Wed Feb 18 01:57:46.999800 2026] [php:error] [pid 58134] [client 20.194.29.45:0] script '/domains/ecernstelectric/abcd.php' not found or unable to stat
[Wed Feb 18 01:57:47.274910 2026] [php:error] [pid 58134] [client 20.194.29.45:0] script '/domains/ecernstelectric/about.php' not found or unable to stat
[Wed Feb 18 01:57:47.485567 2026] [php:error] [pid 58134] [client 20.194.29.45:0] script '/domains/ecernstelectric/randkeyword.php' not found or unable to stat
[Wed Feb 18 01:57:47.717341 2026] [php:error] [pid 58134] [client 20.194.29.45:0] script '/domains/ecernstelectric/goods.php' not found or unable to stat
[Wed Feb 18 01:57:48.608663 2026] [php:error] [pid 58134] [client 20.194.29.45:0] script '/domains/ecernstelectric/hehe.php' not found or unable to stat
[Wed Feb 18 01:57:49.593242 2026] [php:error] [pid 58134] [client 20.194.29.45:0] script '/domains/ecernstelectric/user.php' not found or unable to stat
[Wed Feb 18 01:57:49.784856 2026] [php:error] [pid 58175] [client 103.125.146.31:0] script '/domains/memanuel/alfa.php' not found or unable to stat
[Wed Feb 18 01:57:49.806787 2026] [php:error] [pid 58134] [client 20.194.29.45:0] script '/domains/ecernstelectric/wp-2019.php' not found or unable to stat
[Wed Feb 18 01:57:50.029780 2026] [php:error] [pid 58134] [client 20.194.29.45:0] script '/domains/ecernstelectric/chosen.php' not found or unable to stat
[Wed Feb 18 01:57:50.505702 2026] [php:error] [pid 58175] [client 103.125.146.31:0] script '/domains/memanuel/c99.php' not found or unable to stat
[Wed Feb 18 01:57:50.906630 2026] [php:error] [pid 58134] [client 20.194.29.45:0] script '/domains/ecernstelectric/functions.php' not found or unable to stat
[Wed Feb 18 01:57:51.644834 2026] [php:error] [pid 58175] [client 103.125.146.31:0] script '/domains/memanuel/cmd.php' not found or unable to stat
[Wed Feb 18 01:57:52.583538 2026] [php:error] [pid 58175] [client 103.125.146.31:0] script '/domains/memanuel/cw.php' not found or unable to stat
[Wed Feb 18 01:57:52.785568 2026] [php:error] [pid 58134] [client 20.194.29.45:0] script '/domains/ecernstelectric/cron.php' not found or unable to stat
[Wed Feb 18 01:57:52.976648 2026] [php:error] [pid 58175] [client 103.125.146.31:0] script '/domains/memanuel/date.php' not found or unable to stat
[Wed Feb 18 01:57:52.993323 2026] [php:error] [pid 58134] [client 20.194.29.45:0] script '/domains/ecernstelectric/edit.php' not found or unable to stat
[Wed Feb 18 01:57:53.221916 2026] [php:error] [pid 58134] [client 20.194.29.45:0] script '/domains/ecernstelectric/gecko-new.php' not found or unable to stat
[Wed Feb 18 01:57:53.276694 2026] [php:error] [pid 58175] [client 103.125.146.31:0] script '/domains/memanuel/haxor.php' not found or unable to stat
[Wed Feb 18 01:57:53.423249 2026] [php:error] [pid 58134] [client 20.194.29.45:0] script '/domains/ecernstelectric/cookie.php' not found or unable to stat
[Wed Feb 18 01:57:53.625619 2026] [php:error] [pid 58134] [client 20.194.29.45:0] script '/domains/ecernstelectric/xleet.php' not found or unable to stat
[Wed Feb 18 01:57:53.626471 2026] [php:error] [pid 58175] [client 103.125.146.31:0] script '/domains/memanuel/icomsium.php' not found or unable to stat
[Wed Feb 18 01:57:54.009216 2026] [php:error] [pid 58175] [client 103.125.146.31:0] script '/domains/memanuel/ico.php' not found or unable to stat
[Wed Feb 18 01:57:54.647581 2026] [php:error] [pid 58175] [client 103.125.146.31:0] script '/domains/memanuel/leaf.php' not found or unable to stat
[Wed Feb 18 01:57:55.407199 2026] [php:error] [pid 58134] [client 20.194.29.45:0] script '/domains/ecernstelectric/spip.php' not found or unable to stat
[Wed Feb 18 01:57:55.620269 2026] [php:error] [pid 58134] [client 20.194.29.45:0] script '/domains/ecernstelectric/22.php' not found or unable to stat
[Wed Feb 18 01:57:55.838816 2026] [php:error] [pid 58134] [client 20.194.29.45:0] script '/domains/ecernstelectric/room.php' not found or unable to stat
[Wed Feb 18 01:57:56.623590 2026] [php:error] [pid 58175] [client 103.125.146.31:0] script '/domains/memanuel/marijuana.php' not found or unable to stat
[Wed Feb 18 01:57:56.992363 2026] [php:error] [pid 58184] [client 145.239.10.137:0] script '/domains/apunderkofler/tcb.php' not found or unable to stat, referer: http://apunderkofler.com/tcb.php
[Wed Feb 18 01:57:57.180238 2026] [php:error] [pid 58134] [client 20.194.29.45:0] script '/domains/ecernstelectric/disagreed.php' not found or unable to stat
[Wed Feb 18 01:57:57.381141 2026] [php:error] [pid 58134] [client 20.194.29.45:0] script '/domains/ecernstelectric/text.php' not found or unable to stat
[Wed Feb 18 01:57:57.489911 2026] [php:error] [pid 58175] [client 103.125.146.31:0] script '/domains/memanuel/mass.php' not found or unable to stat
[Wed Feb 18 01:57:58.143437 2026] [php:error] [pid 58175] [client 103.125.146.31:0] script '/domains/memanuel/mini.php' not found or unable to stat
[Wed Feb 18 01:57:58.420730 2026] [php:error] [pid 58175] [client 103.125.146.31:0] script '/domains/memanuel/priv8.php' not found or unable to stat
[Wed Feb 18 01:57:58.933340 2026] [php:error] [pid 58134] [client 20.194.29.45:0] script '/domains/ecernstelectric/alfa-rex.php' not found or unable to stat
[Wed Feb 18 01:57:59.026765 2026] [php:error] [pid 58171] [client 172.213.16.18:0] script '/domains/pmglobal/tfm.php' not found or unable to stat
[Wed Feb 18 01:57:59.275013 2026] [php:error] [pid 58171] [client 172.213.16.18:0] script '/domains/pmglobal/wp-blogs.php' not found or unable to stat
[Wed Feb 18 01:57:59.366939 2026] [php:error] [pid 58171] [client 172.213.16.18:0] script '/domains/pmglobal/amp.php' not found or unable to stat
[Wed Feb 18 01:57:59.384774 2026] [php:error] [pid 58175] [client 103.125.146.31:0] script '/domains/memanuel/pws.php' not found or unable to stat
[Wed Feb 18 01:57:59.766981 2026] [php:error] [pid 58171] [client 172.213.16.18:0] script '/domains/pmglobal/666.php' not found or unable to stat
[Wed Feb 18 01:57:59.892539 2026] [php:error] [pid 58171] [client 172.213.16.18:0] script '/domains/pmglobal/asax.php' not found or unable to stat
[Wed Feb 18 01:57:59.984060 2026] [php:error] [pid 58171] [client 172.213.16.18:0] script '/domains/pmglobal/init.php' not found or unable to stat
[Wed Feb 18 01:58:00.075730 2026] [php:error] [pid 58171] [client 172.213.16.18:0] script '/domains/pmglobal/bootstrap.php' not found or unable to stat
[Wed Feb 18 01:58:00.167236 2026] [php:error] [pid 58171] [client 172.213.16.18:0] script '/domains/pmglobal/sc.php' not found or unable to stat
[Wed Feb 18 01:58:00.260367 2026] [php:error] [pid 58171] [client 172.213.16.18:0] script '/domains/pmglobal/term.php' not found or unable to stat
[Wed Feb 18 01:58:00.352011 2026] [php:error] [pid 58171] [client 172.213.16.18:0] script '/domains/pmglobal/global.php' not found or unable to stat
[Wed Feb 18 01:58:00.443569 2026] [php:error] [pid 58171] [client 172.213.16.18:0] script '/domains/pmglobal/black.php' not found or unable to stat
[Wed Feb 18 01:58:00.559558 2026] [php:error] [pid 58171] [client 172.213.16.18:0] script '/domains/pmglobal/222.php' not found or unable to stat
[Wed Feb 18 01:58:00.651399 2026] [php:error] [pid 58171] [client 172.213.16.18:0] script '/domains/pmglobal/t.php' not found or unable to stat
[Wed Feb 18 01:58:00.742842 2026] [php:error] [pid 58171] [client 172.213.16.18:0] script '/domains/pmglobal/lib.php' not found or unable to stat
[Wed Feb 18 01:58:00.834372 2026] [php:error] [pid 58171] [client 172.213.16.18:0] script '/domains/pmglobal/asus.php' not found or unable to stat
[Wed Feb 18 01:58:00.926008 2026] [php:error] [pid 58171] [client 172.213.16.18:0] script '/domains/pmglobal/dox.php' not found or unable to stat
[Wed Feb 18 01:58:00.928674 2026] [php:error] [pid 58175] [client 103.125.146.31:0] script '/domains/memanuel/r57.php' not found or unable to stat
[Wed Feb 18 01:58:01.035341 2026] [php:error] [pid 58171] [client 172.213.16.18:0] script '/domains/pmglobal/s.php' not found or unable to stat
[Wed Feb 18 01:58:01.137553 2026] [php:error] [pid 58171] [client 172.213.16.18:0] script '/domains/pmglobal/file.php' not found or unable to stat
[Wed Feb 18 01:58:01.229264 2026] [php:error] [pid 58171] [client 172.213.16.18:0] script '/domains/pmglobal/bolt.php' not found or unable to stat
[Wed Feb 18 01:58:01.333784 2026] [php:error] [pid 58171] [client 172.213.16.18:0] script '/domains/pmglobal/166.php' not found or unable to stat
[Wed Feb 18 01:58:01.425610 2026] [php:error] [pid 58171] [client 172.213.16.18:0] script '/domains/pmglobal/wen.php' not found or unable to stat
[Wed Feb 18 01:58:01.530345 2026] [php:error] [pid 58171] [client 172.213.16.18:0] script '/domains/pmglobal/wp-act.php' not found or unable to stat
[Wed Feb 18 01:58:01.622180 2026] [php:error] [pid 58171] [client 172.213.16.18:0] script '/domains/pmglobal/ff1.php' not found or unable to stat
[Wed Feb 18 01:58:01.797347 2026] [php:error] [pid 58171] [client 172.213.16.18:0] script '/domains/pmglobal/66.php' not found or unable to stat
[Wed Feb 18 01:58:01.889297 2026] [php:error] [pid 58171] [client 172.213.16.18:0] script '/domains/pmglobal/ws66.php' not found or unable to stat
[Wed Feb 18 01:58:02.000472 2026] [php:error] [pid 58171] [client 172.213.16.18:0] script '/domains/pmglobal/bgymj.php' not found or unable to stat
[Wed Feb 18 01:58:02.099514 2026] [php:error] [pid 58171] [client 172.213.16.18:0] script '/domains/pmglobal/24.php' not found or unable to stat
[Wed Feb 18 01:58:02.151464 2026] [php:error] [pid 58134] [client 20.194.29.45:0] script '/domains/ecernstelectric/feeds.php' not found or unable to stat
[Wed Feb 18 01:58:02.200712 2026] [php:error] [pid 58171] [client 172.213.16.18:0] script '/domains/pmglobal/h02ugyh.php' not found or unable to stat
[Wed Feb 18 01:58:02.292725 2026] [php:error] [pid 58171] [client 172.213.16.18:0] script '/domains/pmglobal/a4.php' not found or unable to stat
[Wed Feb 18 01:58:02.359837 2026] [php:error] [pid 58134] [client 20.194.29.45:0] script '/domains/ecernstelectric/radio.php' not found or unable to stat
[Wed Feb 18 01:58:02.384799 2026] [php:error] [pid 58171] [client 172.213.16.18:0] script '/domains/pmglobal/inputs.php' not found or unable to stat
[Wed Feb 18 01:58:02.477545 2026] [php:error] [pid 58171] [client 172.213.16.18:0] script '/domains/pmglobal/gfd.php' not found or unable to stat
[Wed Feb 18 01:58:02.671156 2026] [php:error] [pid 58171] [client 172.213.16.18:0] script '/domains/pmglobal/wefile.php' not found or unable to stat
[Wed Feb 18 01:58:02.763107 2026] [php:error] [pid 58171] [client 172.213.16.18:0] script '/domains/pmglobal/55.php' not found or unable to stat
[Wed Feb 18 01:58:02.866258 2026] [php:error] [pid 58171] [client 172.213.16.18:0] script '/domains/pmglobal/vx.php' not found or unable to stat
[Wed Feb 18 01:58:02.958264 2026] [php:error] [pid 58171] [client 172.213.16.18:0] script '/domains/pmglobal/edit-tags.php' not found or unable to stat
[Wed Feb 18 01:58:03.050287 2026] [php:error] [pid 58171] [client 172.213.16.18:0] script '/domains/pmglobal/ioxi-o.php' not found or unable to stat
[Wed Feb 18 01:58:03.146075 2026] [php:error] [pid 58171] [client 172.213.16.18:0] script '/domains/pmglobal/155.php' not found or unable to stat
[Wed Feb 18 01:58:03.238936 2026] [php:error] [pid 58171] [client 172.213.16.18:0] script '/domains/pmglobal/core.php' not found or unable to stat
