[Wed Feb 18 00:51:59.638913 2026] [php:error] [pid 46127] [client 45.128.199.27:0] script '/domains/antiqueweb1/woh.php' not found or unable to stat
[Wed Feb 18 00:52:00.116895 2026] [php:error] [pid 46131] [client 173.239.236.113:0] script '/domains/wsmith.enteract/sim.php' not found or unable to stat
[Wed Feb 18 00:52:00.535675 2026] [php:error] [pid 46127] [client 45.128.199.27:0] script '/domains/antiqueweb1/bless.php' not found or unable to stat
[Wed Feb 18 00:52:00.811387 2026] [php:error] [pid 46127] [client 45.128.199.27:0] script '/domains/antiqueweb1/wp-trackback.php' not found or unable to stat
[Wed Feb 18 00:52:01.053695 2026] [php:error] [pid 46127] [client 45.128.199.27:0] script '/domains/antiqueweb1/info.php' not found or unable to stat
[Wed Feb 18 00:52:01.418503 2026] [php:error] [pid 46131] [client 173.239.236.113:0] script '/domains/wsmith.enteract/function.php' not found or unable to stat
[Wed Feb 18 00:52:01.923266 2026] [php:error] [pid 46127] [client 45.128.199.27:0] script '/domains/antiqueweb1/buy.php' not found or unable to stat
[Wed Feb 18 00:52:02.500953 2026] [php:error] [pid 46127] [client 45.128.199.27:0] script '/domains/antiqueweb1/readme.php' not found or unable to stat
[Wed Feb 18 00:52:02.804753 2026] [php:error] [pid 46127] [client 45.128.199.27:0] script '/domains/antiqueweb1/sck.php' not found or unable to stat
[Wed Feb 18 00:52:03.118645 2026] [php:error] [pid 46127] [client 45.128.199.27:0] script '/domains/antiqueweb1/fm.php' not found or unable to stat
[Wed Feb 18 00:52:03.698071 2026] [php:error] [pid 46127] [client 45.128.199.27:0] script '/domains/antiqueweb1/packed.php' not found or unable to stat
[Wed Feb 18 00:52:03.938973 2026] [php:error] [pid 46127] [client 45.128.199.27:0] script '/domains/antiqueweb1/about.php' not found or unable to stat
[Wed Feb 18 00:52:05.114759 2026] [php:error] [pid 46127] [client 45.128.199.27:0] script '/domains/antiqueweb1/plugin.php' not found or unable to stat
[Wed Feb 18 00:52:06.229835 2026] [php:error] [pid 46127] [client 45.128.199.27:0] script '/domains/antiqueweb1/chosen.php' not found or unable to stat
[Wed Feb 18 00:52:06.520244 2026] [php:error] [pid 46127] [client 45.128.199.27:0] script '/domains/antiqueweb1/load.php' not found or unable to stat
[Wed Feb 18 00:52:06.768955 2026] [php:error] [pid 46106] [client 40.115.138.121:0] script '/domains/mschmid/file.php' not found or unable to stat
[Wed Feb 18 00:52:07.038489 2026] [php:error] [pid 46127] [client 45.128.199.27:0] script '/domains/antiqueweb1/edit-tags.php' not found or unable to stat
[Wed Feb 18 00:52:07.933859 2026] [php:error] [pid 46127] [client 45.128.199.27:0] script '/domains/antiqueweb1/autoload_classmap.php' not found or unable to stat
[Wed Feb 18 00:52:08.217429 2026] [php:error] [pid 46127] [client 45.128.199.27:0] script '/domains/antiqueweb1/lock.php' not found or unable to stat
[Wed Feb 18 00:52:08.403418 2026] [php:error] [pid 46131] [client 173.239.236.113:0] script '/domains/wsmith.enteract/wp-mail.php' not found or unable to stat
[Wed Feb 18 00:52:09.670895 2026] [php:error] [pid 46131] [client 173.239.236.113:0] script '/domains/wsmith.enteract/admin-post.php' not found or unable to stat
[Wed Feb 18 00:52:09.934645 2026] [php:error] [pid 46131] [client 173.239.236.113:0] script '/domains/wsmith.enteract/conf_upload.php' not found or unable to stat
[Wed Feb 18 00:52:10.338827 2026] [php:error] [pid 46139] [client 45.8.17.227:0] script '/domains/antiqueweb1/product.php' not found or unable to stat
[Wed Feb 18 00:52:11.576139 2026] [php:error] [pid 46131] [client 173.239.236.113:0] script '/domains/wsmith.enteract/wp-configs.php' not found or unable to stat
[Wed Feb 18 00:52:11.808601 2026] [php:error] [pid 46127] [client 45.128.199.225:0] script '/domains/antiqueweb1/base.php' not found or unable to stat
[Wed Feb 18 00:52:12.529238 2026] [php:error] [pid 46127] [client 45.128.199.225:0] script '/domains/antiqueweb1/zero.php' not found or unable to stat
[Wed Feb 18 00:52:13.392918 2026] [php:error] [pid 46133] [client 173.239.236.230:0] script '/domains/wsmith.enteract/f35.php' not found or unable to stat
[Wed Feb 18 00:52:13.405579 2026] [php:error] [pid 46127] [client 45.128.199.225:0] script '/domains/antiqueweb1/style.php' not found or unable to stat
[Wed Feb 18 00:52:13.717004 2026] [php:error] [pid 46127] [client 45.128.199.225:0] script '/domains/antiqueweb1/db.php' not found or unable to stat
[Wed Feb 18 00:52:14.912250 2026] [php:error] [pid 46133] [client 173.239.236.230:0] script '/domains/wsmith.enteract/edit.php' not found or unable to stat
[Wed Feb 18 00:52:15.136727 2026] [php:error] [pid 46131] [client 45.128.199.251:0] script '/domains/antiqueweb1/wp-set.php' not found or unable to stat
[Wed Feb 18 00:52:15.531150 2026] [php:error] [pid 46131] [client 45.128.199.251:0] script '/domains/antiqueweb1/file.php' not found or unable to stat
[Wed Feb 18 00:52:16.084457 2026] [php:error] [pid 46133] [client 173.239.236.230:0] script '/domains/wsmith.enteract/files.php' not found or unable to stat
[Wed Feb 18 00:52:16.388795 2026] [php:error] [pid 46133] [client 173.239.236.230:0] script '/domains/wsmith.enteract/webadmin.php' not found or unable to stat
[Wed Feb 18 00:52:17.401366 2026] [php:error] [pid 46133] [client 173.239.236.230:0] script '/domains/wsmith.enteract/wsa.php' not found or unable to stat
[Wed Feb 18 00:52:17.485994 2026] [php:error] [pid 46106] [client 40.115.138.121:0] script '/domains/mschmid/inputs.php' not found or unable to stat
[Wed Feb 18 00:52:17.713941 2026] [php:error] [pid 46133] [client 173.239.236.230:0] script '/domains/wsmith.enteract/tinyfilemanager.php' not found or unable to stat
[Wed Feb 18 00:52:19.139350 2026] [php:error] [pid 46133] [client 173.239.236.230:0] script '/domains/wsmith.enteract/woh.php' not found or unable to stat
[Wed Feb 18 00:52:20.114334 2026] [php:error] [pid 46133] [client 173.239.236.230:0] script '/domains/wsmith.enteract/bless.php' not found or unable to stat
[Wed Feb 18 00:52:20.401266 2026] [php:error] [pid 46133] [client 173.239.236.230:0] script '/domains/wsmith.enteract/wp-trackback.php' not found or unable to stat
[Wed Feb 18 00:52:20.605110 2026] [php:error] [pid 46143] [client 45.128.199.15:0] script '/domains/antiqueweb1/moon.php' not found or unable to stat
[Wed Feb 18 00:52:20.726704 2026] [php:error] [pid 46133] [client 173.239.236.230:0] script '/domains/wsmith.enteract/info.php' not found or unable to stat
[Wed Feb 18 00:52:21.645178 2026] [php:error] [pid 46133] [client 173.239.236.230:0] script '/domains/wsmith.enteract/buy.php' not found or unable to stat
[Wed Feb 18 00:52:22.372319 2026] [php:error] [pid 46133] [client 173.239.236.230:0] script '/domains/wsmith.enteract/readme.php' not found or unable to stat
[Wed Feb 18 00:52:22.449724 2026] [php:error] [pid 46106] [client 40.115.138.121:0] script '/domains/mschmid/1.php' not found or unable to stat
[Wed Feb 18 00:52:22.554380 2026] [php:error] [pid 46143] [client 45.128.199.15:0] script '/domains/antiqueweb1/pages.php' not found or unable to stat
[Wed Feb 18 00:52:22.610280 2026] [php:error] [pid 46133] [client 173.239.236.230:0] script '/domains/wsmith.enteract/sck.php' not found or unable to stat
[Wed Feb 18 00:52:22.832433 2026] [php:error] [pid 46143] [client 45.128.199.15:0] script '/domains/antiqueweb1/bulk.php' not found or unable to stat
[Wed Feb 18 00:52:22.956552 2026] [php:error] [pid 46133] [client 173.239.236.230:0] script '/domains/wsmith.enteract/fm.php' not found or unable to stat
[Wed Feb 18 00:52:23.125246 2026] [php:error] [pid 46143] [client 45.128.199.15:0] script '/domains/antiqueweb1/kk.php' not found or unable to stat
[Wed Feb 18 00:52:23.519803 2026] [php:error] [pid 46133] [client 173.239.236.230:0] script '/domains/wsmith.enteract/packed.php' not found or unable to stat
[Wed Feb 18 00:52:23.714200 2026] [php:error] [pid 46143] [client 45.128.199.15:0] script '/domains/antiqueweb1/wp-logout.php' not found or unable to stat
[Wed Feb 18 00:52:23.853539 2026] [php:error] [pid 46133] [client 173.239.236.230:0] script '/domains/wsmith.enteract/about.php' not found or unable to stat
[Wed Feb 18 00:52:24.845735 2026] [php:error] [pid 46143] [client 45.128.199.15:0] script '/domains/antiqueweb1/classwithtostring.php' not found or unable to stat
[Wed Feb 18 00:52:25.106808 2026] [php:error] [pid 46133] [client 173.239.236.230:0] script '/domains/wsmith.enteract/plugin.php' not found or unable to stat
[Wed Feb 18 00:52:25.115570 2026] [php:error] [pid 46143] [client 45.128.199.15:0] script '/domains/antiqueweb1/wp-setup.php' not found or unable to stat
[Wed Feb 18 00:52:25.957840 2026] [php:error] [pid 46143] [client 45.128.199.15:0] script '/domains/antiqueweb1/wp-editor.php' not found or unable to stat
[Wed Feb 18 00:52:26.223878 2026] [php:error] [pid 46143] [client 45.128.199.15:0] script '/domains/antiqueweb1/wp-simple.php' not found or unable to stat
[Wed Feb 18 00:52:26.494924 2026] [php:error] [pid 46133] [client 173.239.236.230:0] script '/domains/wsmith.enteract/chosen.php' not found or unable to stat
[Wed Feb 18 00:52:26.811463 2026] [php:error] [pid 46133] [client 173.239.236.230:0] script '/domains/wsmith.enteract/load.php' not found or unable to stat
[Wed Feb 18 00:52:27.415785 2026] [php:error] [pid 46133] [client 173.239.236.230:0] script '/domains/wsmith.enteract/edit-tags.php' not found or unable to stat
[Wed Feb 18 00:52:28.329394 2026] [php:error] [pid 46133] [client 173.239.236.230:0] script '/domains/wsmith.enteract/autoload_classmap.php' not found or unable to stat
[Wed Feb 18 00:52:28.443936 2026] [php:error] [pid 46143] [client 45.128.199.15:0] script '/domains/antiqueweb1/hehehehe.php' not found or unable to stat
[Wed Feb 18 00:52:28.630345 2026] [php:error] [pid 46133] [client 173.239.236.230:0] script '/domains/wsmith.enteract/lock.php' not found or unable to stat
[Wed Feb 18 00:52:31.512498 2026] [php:error] [pid 46120] [client 173.239.236.210:0] script '/domains/wsmith.enteract/product.php' not found or unable to stat
[Wed Feb 18 00:52:32.213098 2026] [php:error] [pid 46143] [client 45.128.199.15:0] script '/domains/antiqueweb1/header.php' not found or unable to stat
[Wed Feb 18 00:52:32.528997 2026] [php:error] [pid 46143] [client 45.128.199.15:0] script '/domains/antiqueweb1/gecko.php' not found or unable to stat
[Wed Feb 18 00:52:33.436286 2026] [php:error] [pid 46120] [client 173.239.236.150:0] script '/domains/wsmith.enteract/base.php' not found or unable to stat
[Wed Feb 18 00:52:33.630057 2026] [php:error] [pid 46143] [client 45.128.199.15:0] script '/domains/antiqueweb1/bk.php' not found or unable to stat
[Wed Feb 18 00:52:34.042261 2026] [php:error] [pid 46120] [client 173.239.236.150:0] script '/domains/wsmith.enteract/zero.php' not found or unable to stat
[Wed Feb 18 00:52:35.100843 2026] [php:error] [pid 46120] [client 173.239.236.150:0] script '/domains/wsmith.enteract/style.php' not found or unable to stat
[Wed Feb 18 00:52:35.402849 2026] [php:error] [pid 46120] [client 173.239.236.150:0] script '/domains/wsmith.enteract/db.php' not found or unable to stat
[Wed Feb 18 00:52:36.451144 2026] [php:error] [pid 46106] [client 40.115.138.121:0] script '/domains/mschmid/flower.php' not found or unable to stat
[Wed Feb 18 00:52:36.952678 2026] [php:error] [pid 46111] [client 45.128.199.23:0] script '/domains/antiqueweb1/about.php' not found or unable to stat
[Wed Feb 18 00:52:37.269474 2026] [php:error] [pid 46133] [client 173.239.236.187:0] script '/domains/wsmith.enteract/wp-set.php' not found or unable to stat
[Wed Feb 18 00:52:37.271929 2026] [php:error] [pid 46111] [client 45.128.199.23:0] script '/domains/antiqueweb1/sym.php' not found or unable to stat
[Wed Feb 18 00:52:37.563669 2026] [php:error] [pid 46133] [client 173.239.236.187:0] script '/domains/wsmith.enteract/file.php' not found or unable to stat
[Wed Feb 18 00:52:39.110610 2026] [php:error] [pid 46111] [client 45.128.199.23:0] script '/domains/antiqueweb1/sk.php' not found or unable to stat
[Wed Feb 18 00:52:40.841401 2026] [php:error] [pid 46152] [client 45.128.199.223:0] script '/domains/antiqueweb1/images/Marvins.php' not found or unable to stat
[Wed Feb 18 00:52:41.731129 2026] [php:error] [pid 46152] [client 45.128.199.223:0] script '/domains/antiqueweb1/images/index.php' not found or unable to stat
[Wed Feb 18 00:52:43.113434 2026] [php:error] [pid 46152] [client 45.128.199.223:0] script '/domains/antiqueweb1/sys.php' not found or unable to stat
[Wed Feb 18 00:52:43.741644 2026] [php:error] [pid 46133] [client 173.239.236.52:0] script '/domains/wsmith.enteract/moon.php' not found or unable to stat
[Wed Feb 18 00:52:44.009987 2026] [php:error] [pid 46152] [client 45.128.199.223:0] script '/domains/antiqueweb1/wp-user.php' not found or unable to stat
[Wed Feb 18 00:52:44.361331 2026] [php:error] [pid 46152] [client 45.128.199.223:0] script '/domains/antiqueweb1/customize.php' not found or unable to stat
[Wed Feb 18 00:52:45.991353 2026] [php:error] [pid 46145] [client 45.128.199.29:0] script '/domains/antiqueweb1/fm1.php' not found or unable to stat
[Wed Feb 18 00:52:46.211017 2026] [php:error] [pid 46133] [client 173.239.236.52:0] script '/domains/wsmith.enteract/pages.php' not found or unable to stat
[Wed Feb 18 00:52:46.519040 2026] [php:error] [pid 46133] [client 173.239.236.52:0] script '/domains/wsmith.enteract/bulk.php' not found or unable to stat
[Wed Feb 18 00:52:46.808096 2026] [php:error] [pid 46133] [client 173.239.236.52:0] script '/domains/wsmith.enteract/kk.php' not found or unable to stat
[Wed Feb 18 00:52:46.832871 2026] [php:error] [pid 46145] [client 45.128.199.29:0] script '/domains/antiqueweb1/wp-settings.php' not found or unable to stat
[Wed Feb 18 00:52:47.398144 2026] [php:error] [pid 46145] [client 45.128.199.29:0] script '/domains/antiqueweb1/wp-file.php' not found or unable to stat
[Wed Feb 18 00:52:47.642845 2026] [php:error] [pid 46145] [client 45.128.199.29:0] script '/domains/antiqueweb1/wp-content.php' not found or unable to stat
[Wed Feb 18 00:52:47.933964 2026] [php:error] [pid 46133] [client 173.239.236.52:0] script '/domains/wsmith.enteract/wp-logout.php' not found or unable to stat
[Wed Feb 18 00:52:48.160306 2026] [php:error] [pid 46145] [client 45.128.199.29:0] script '/domains/antiqueweb1/log.php' not found or unable to stat
[Wed Feb 18 00:52:48.702359 2026] [php:error] [pid 46145] [client 45.128.199.29:0] script '/domains/antiqueweb1/ioxi01.php' not found or unable to stat
[Wed Feb 18 00:52:49.407326 2026] [php:error] [pid 46133] [client 173.239.236.52:0] script '/domains/wsmith.enteract/classwithtostring.php' not found or unable to stat
[Wed Feb 18 00:52:49.714682 2026] [php:error] [pid 46133] [client 173.239.236.52:0] script '/domains/wsmith.enteract/wp-setup.php' not found or unable to stat
[Wed Feb 18 00:52:50.613801 2026] [php:error] [pid 46133] [client 173.239.236.52:0] script '/domains/wsmith.enteract/wp-editor.php' not found or unable to stat
[Wed Feb 18 00:52:50.950687 2026] [php:error] [pid 46133] [client 173.239.236.52:0] script '/domains/wsmith.enteract/wp-simple.php' not found or unable to stat
[Wed Feb 18 00:52:52.419372 2026] [php:error] [pid 46145] [client 45.128.199.29:0] script '/domains/antiqueweb1/xx.php' not found or unable to stat
[Wed Feb 18 00:52:53.002868 2026] [php:error] [pid 46145] [client 45.128.199.29:0] script '/domains/antiqueweb1/cgi-bin/cyohbodf.php' not found or unable to stat
[Wed Feb 18 00:52:54.435047 2026] [php:error] [pid 46133] [client 173.239.236.52:0] script '/domains/wsmith.enteract/hehehehe.php' not found or unable to stat
[Wed Feb 18 00:52:54.933227 2026] [php:error] [pid 46145] [client 45.128.199.29:0] script '/domains/antiqueweb1/images.php' not found or unable to stat
[Wed Feb 18 00:52:55.234805 2026] [php:error] [pid 46145] [client 45.128.199.29:0] script '/domains/antiqueweb1/wp-aespa.php' not found or unable to stat
[Wed Feb 18 00:52:55.804963 2026] [php:error] [pid 46145] [client 45.128.199.29:0] script '/domains/antiqueweb1/cgi-bin/install.php' not found or unable to stat
[Wed Feb 18 00:52:56.066287 2026] [php:error] [pid 46106] [client 40.115.138.121:0] script '/domains/mschmid/ioxi-o.php' not found or unable to stat
[Wed Feb 18 00:52:57.518459 2026] [php:error] [pid 46133] [client 173.239.236.52:0] script '/domains/wsmith.enteract/header.php' not found or unable to stat
[Wed Feb 18 00:52:57.825584 2026] [php:error] [pid 46133] [client 173.239.236.52:0] script '/domains/wsmith.enteract/gecko.php' not found or unable to stat
[Wed Feb 18 00:52:58.861846 2026] [php:error] [pid 46106] [client 40.115.138.121:0] script '/domains/mschmid/radio.php' not found or unable to stat
[Wed Feb 18 00:52:59.243370 2026] [php:error] [pid 46133] [client 173.239.236.52:0] script '/domains/wsmith.enteract/bk.php' not found or unable to stat
[Wed Feb 18 00:52:59.905965 2026] [php:error] [pid 46145] [client 45.128.199.178:0] script '/domains/antiqueweb1/wp-l0gin.php' not found or unable to stat
[Wed Feb 18 00:53:02.295999 2026] [php:error] [pid 46145] [client 45.128.199.178:0] script '/domains/antiqueweb1/wp-conflg.php' not found or unable to stat
[Wed Feb 18 00:53:03.478264 2026] [php:error] [pid 46146] [client 173.239.236.10:0] script '/domains/wsmith.enteract/about.php' not found or unable to stat
[Wed Feb 18 00:53:03.766489 2026] [php:error] [pid 46145] [client 45.128.199.178:0] script '/domains/antiqueweb1/images/worksec.php' not found or unable to stat
[Wed Feb 18 00:53:04.171865 2026] [php:error] [pid 46146] [client 173.239.236.10:0] script '/domains/wsmith.enteract/sym.php' not found or unable to stat
[Wed Feb 18 00:53:04.239937 2026] [php:error] [pid 46145] [client 45.128.199.178:0] script '/domains/antiqueweb1/images/rest.php' not found or unable to stat
[Wed Feb 18 00:53:06.410021 2026] [php:error] [pid 46106] [client 40.115.138.121:0] script '/domains/mschmid/admin.php' not found or unable to stat
[Wed Feb 18 00:53:06.598576 2026] [php:error] [pid 46106] [client 40.115.138.121:0] script '/domains/mschmid/functions.php' not found or unable to stat
[Wed Feb 18 00:53:06.608597 2026] [php:error] [pid 46146] [client 173.239.236.10:0] script '/domains/wsmith.enteract/sk.php' not found or unable to stat
[Wed Feb 18 00:53:07.310127 2026] [php:error] [pid 46148] [client 45.128.199.254:0] script '/domains/antiqueweb1/0x.php' not found or unable to stat
[Wed Feb 18 00:53:08.406737 2026] [php:error] [pid 46148] [client 45.128.199.254:0] script '/domains/antiqueweb1/wpn.php' not found or unable to stat
[Wed Feb 18 00:53:08.698450 2026] [php:error] [pid 46148] [client 45.128.199.254:0] script '/domains/antiqueweb1/cloud.php' not found or unable to stat
[Wed Feb 18 00:53:08.945181 2026] [php:error] [pid 46148] [client 45.128.199.254:0] script '/domains/antiqueweb1/upload.php' not found or unable to stat
[Wed Feb 18 00:53:09.247756 2026] [php:error] [pid 46148] [client 45.128.199.254:0] script '/domains/antiqueweb1/init.php' not found or unable to stat
[Wed Feb 18 00:53:09.837869 2026] [php:error] [pid 46148] [client 45.128.199.254:0] script '/domains/antiqueweb1/wp-blog.php' not found or unable to stat
[Wed Feb 18 00:53:11.216677 2026] [php:error] [pid 46148] [client 45.128.199.254:0] script '/domains/antiqueweb1/payout.php' not found or unable to stat
[Wed Feb 18 00:53:11.389440 2026] [php:error] [pid 46145] [client 173.239.236.37:0] script '/domains/wsmith.enteract/sys.php' not found or unable to stat
[Wed Feb 18 00:53:11.512636 2026] [php:error] [pid 46148] [client 45.128.199.254:0] script '/domains/antiqueweb1/lock360.php' not found or unable to stat
[Wed Feb 18 00:53:11.816716 2026] [php:error] [pid 46148] [client 45.128.199.254:0] script '/domains/antiqueweb1/x.php' not found or unable to stat
[Wed Feb 18 00:53:12.116096 2026] [php:error] [pid 46148] [client 45.128.199.254:0] script '/domains/antiqueweb1/wp_info.php' not found or unable to stat
[Wed Feb 18 00:53:12.653060 2026] [php:error] [pid 46106] [client 40.115.138.121:0] script '/domains/mschmid/autoload_classmap.php' not found or unable to stat
[Wed Feb 18 00:53:12.718751 2026] [php:error] [pid 46148] [client 45.128.199.254:0] script '/domains/antiqueweb1/xml.php' not found or unable to stat
[Wed Feb 18 00:53:12.781008 2026] [php:error] [pid 46145] [client 173.239.236.37:0] script '/domains/wsmith.enteract/wp-user.php' not found or unable to stat
[Wed Feb 18 00:53:13.044391 2026] [php:error] [pid 46148] [client 45.128.199.254:0] script '/domains/antiqueweb1/by.php' not found or unable to stat
[Wed Feb 18 00:53:13.088457 2026] [php:error] [pid 46145] [client 173.239.236.37:0] script '/domains/wsmith.enteract/customize.php' not found or unable to stat
[Wed Feb 18 00:53:13.405740 2026] [php:error] [pid 46106] [client 40.115.138.121:0] script '/domains/mschmid/post.php' not found or unable to stat
[Wed Feb 18 00:53:14.700461 2026] [php:error] [pid 46106] [client 40.115.138.121:0] script '/domains/mschmid/1.php' not found or unable to stat
[Wed Feb 18 00:53:15.243377 2026] [php:error] [pid 46146] [client 173.239.236.82:0] script '/domains/wsmith.enteract/fm1.php' not found or unable to stat
[Wed Feb 18 00:53:16.196444 2026] [php:error] [pid 46106] [client 40.115.138.121:0] script '/domains/mschmid/flower.php' not found or unable to stat
[Wed Feb 18 00:53:16.332538 2026] [php:error] [pid 46148] [client 45.128.199.254:0] script '/domains/antiqueweb1/default.php' not found or unable to stat
[Wed Feb 18 00:53:16.375281 2026] [php:error] [pid 46146] [client 173.239.236.82:0] script '/domains/wsmith.enteract/wp-settings.php' not found or unable to stat
[Wed Feb 18 00:53:16.617946 2026] [php:error] [pid 46148] [client 45.128.199.254:0] script '/domains/antiqueweb1/fox.php' not found or unable to stat
[Wed Feb 18 00:53:16.907291 2026] [php:error] [pid 46148] [client 45.128.199.254:0] script '/domains/antiqueweb1/google.php' not found or unable to stat
[Wed Feb 18 00:53:16.935222 2026] [php:error] [pid 46146] [client 173.239.236.82:0] script '/domains/wsmith.enteract/wp-file.php' not found or unable to stat
[Wed Feb 18 00:53:17.199627 2026] [php:error] [pid 46146] [client 173.239.236.82:0] script '/domains/wsmith.enteract/wp-content.php' not found or unable to stat
[Wed Feb 18 00:53:17.519982 2026] [php:error] [pid 46148] [client 45.128.199.254:0] script '/domains/antiqueweb1/ovatools.php' not found or unable to stat
[Wed Feb 18 00:53:17.743357 2026] [php:error] [pid 46146] [client 173.239.236.82:0] script '/domains/wsmith.enteract/log.php' not found or unable to stat
[Wed Feb 18 00:53:17.828833 2026] [php:error] [pid 46148] [client 45.128.199.254:0] script '/domains/antiqueweb1/sidwso.php' not found or unable to stat
[Wed Feb 18 00:53:18.087570 2026] [php:error] [pid 46106] [client 40.115.138.121:0] script '/domains/mschmid/admin.php' not found or unable to stat
[Wed Feb 18 00:53:18.144043 2026] [php:error] [pid 46148] [client 45.128.199.254:0] script '/domains/antiqueweb1/worksec.php' not found or unable to stat
[Wed Feb 18 00:53:18.275292 2026] [php:error] [pid 46106] [client 40.115.138.121:0] script '/domains/mschmid/file.php' not found or unable to stat
[Wed Feb 18 00:53:18.352537 2026] [php:error] [pid 46146] [client 173.239.236.82:0] script '/domains/wsmith.enteract/ioxi01.php' not found or unable to stat
[Wed Feb 18 00:53:18.454329 2026] [php:error] [pid 46106] [client 40.115.138.121:0] script '/domains/mschmid/meta.php' not found or unable to stat
[Wed Feb 18 00:53:18.629485 2026] [php:error] [pid 46106] [client 40.115.138.121:0] script '/domains/mschmid/index.php' not found or unable to stat
[Wed Feb 18 00:53:18.810664 2026] [php:error] [pid 46106] [client 40.115.138.121:0] script '/domains/mschmid/abcd.php' not found or unable to stat
[Wed Feb 18 00:53:20.222842 2026] [php:error] [pid 46148] [client 45.128.199.254:0] script '/domains/antiqueweb1/Simple.php' not found or unable to stat
[Wed Feb 18 00:53:20.513740 2026] [php:error] [pid 46148] [client 45.128.199.254:0] script '/domains/antiqueweb1/wp-blog-header.php' not found or unable to stat
[Wed Feb 18 00:53:20.764173 2026] [php:error] [pid 46148] [client 45.128.199.254:0] script '/domains/antiqueweb1/style2.php' not found or unable to stat
[Wed Feb 18 00:53:20.846848 2026] [php:error] [pid 46106] [client 40.115.138.121:0] script '/domains/mschmid/about.php' not found or unable to stat
[Wed Feb 18 00:53:21.045110 2026] [php:error] [pid 46148] [client 45.128.199.254:0] script '/domains/antiqueweb1/wp-scripts.php' not found or unable to stat
[Wed Feb 18 00:53:21.338608 2026] [php:error] [pid 46148] [client 45.128.199.254:0] script '/domains/antiqueweb1/adminfuns.php' not found or unable to stat
[Wed Feb 18 00:53:21.619737 2026] [php:error] [pid 46148] [client 45.128.199.254:0] script '/domains/antiqueweb1/cjfuns.php' not found or unable to stat
[Wed Feb 18 00:53:21.909830 2026] [php:error] [pid 46148] [client 45.128.199.254:0] script '/domains/antiqueweb1/comfunctions.php' not found or unable to stat
[Wed Feb 18 00:53:22.220900 2026] [php:error] [pid 46148] [client 45.128.199.254:0] script '/domains/antiqueweb1/delpaths.php' not found or unable to stat
[Wed Feb 18 00:53:22.391748 2026] [php:error] [pid 46106] [client 40.115.138.121:0] script '/domains/mschmid/randkeyword.php' not found or unable to stat
[Wed Feb 18 00:53:22.588280 2026] [php:error] [pid 46106] [client 40.115.138.121:0] script '/domains/mschmid/goods.php' not found or unable to stat
[Wed Feb 18 00:53:22.753004 2026] [php:error] [pid 46146] [client 173.239.236.82:0] script '/domains/wsmith.enteract/xx.php' not found or unable to stat
[Wed Feb 18 00:53:22.774301 2026] [php:error] [pid 46106] [client 40.115.138.121:0] script '/domains/mschmid/hehe.php' not found or unable to stat
[Wed Feb 18 00:53:23.121302 2026] [php:error] [pid 46148] [client 45.128.199.254:0] script '/domains/antiqueweb1/epinyins.php' not found or unable to stat
[Wed Feb 18 00:53:23.368565 2026] [php:error] [pid 46148] [client 45.128.199.254:0] script '/domains/antiqueweb1/filefuns.php' not found or unable to stat
[Wed Feb 18 00:53:23.623244 2026] [php:error] [pid 46148] [client 45.128.199.254:0] script '/domains/antiqueweb1/hinfofuns.php' not found or unable to stat
[Wed Feb 18 00:53:23.945326 2026] [php:error] [pid 46148] [client 45.128.199.254:0] script '/domains/antiqueweb1/qfunctions.php' not found or unable to stat
[Wed Feb 18 00:53:24.252376 2026] [php:error] [pid 46148] [client 45.128.199.254:0] script '/domains/antiqueweb1/qinfofuns.php' not found or unable to stat
[Wed Feb 18 00:53:24.520542 2026] [php:error] [pid 46148] [client 45.128.199.254:0] script '/domains/antiqueweb1/thoms.php' not found or unable to stat
[Wed Feb 18 00:53:24.814554 2026] [php:error] [pid 46148] [client 45.128.199.254:0] script '/domains/antiqueweb1/postnews.php' not found or unable to stat
[Wed Feb 18 00:53:24.945779 2026] [php:error] [pid 46106] [client 40.115.138.121:0] script '/domains/mschmid/user.php' not found or unable to stat
[Wed Feb 18 00:53:25.115796 2026] [php:error] [pid 46148] [client 45.128.199.254:0] script '/domains/antiqueweb1/admin-ajax.php' not found or unable to stat
[Wed Feb 18 00:53:25.437808 2026] [php:error] [pid 46148] [client 45.128.199.254:0] script '/domains/antiqueweb1/link.php' not found or unable to stat
[Wed Feb 18 00:53:25.709778 2026] [php:error] [pid 46148] [client 45.128.199.254:0] script '/domains/antiqueweb1/ms-themes.php' not found or unable to stat
[Wed Feb 18 00:53:25.954960 2026] [php:error] [pid 46148] [client 45.128.199.254:0] script '/domains/antiqueweb1/my-sites.php' not found or unable to stat
[Wed Feb 18 00:53:26.097457 2026] [php:error] [pid 46146] [client 173.239.236.82:0] script '/domains/wsmith.enteract/images.php' not found or unable to stat
[Wed Feb 18 00:53:26.413319 2026] [php:error] [pid 46146] [client 173.239.236.82:0] script '/domains/wsmith.enteract/wp-aespa.php' not found or unable to stat
[Wed Feb 18 00:53:26.809005 2026] [php:error] [pid 46148] [client 45.128.199.254:0] script '/domains/antiqueweb1/media.php' not found or unable to stat
[Wed Feb 18 00:53:27.128065 2026] [php:error] [pid 46148] [client 45.128.199.254:0] script '/domains/antiqueweb1/nav-menus.php' not found or unable to stat
[Wed Feb 18 00:53:27.176671 2026] [php:error] [pid 46106] [client 40.115.138.121:0] script '/domains/mschmid/wp-2019.php' not found or unable to stat
[Wed Feb 18 00:53:27.416482 2026] [php:error] [pid 46148] [client 45.128.199.254:0] script '/domains/antiqueweb1/menu.php' not found or unable to stat
[Wed Feb 18 00:53:27.727271 2026] [php:error] [pid 46148] [client 45.128.199.254:0] script '/domains/antiqueweb1/options-head.php' not found or unable to stat
[Wed Feb 18 00:53:28.005753 2026] [php:error] [pid 46148] [client 45.128.199.254:0] script '/domains/antiqueweb1/revision.php' not found or unable to stat
[Wed Feb 18 00:53:28.305545 2026] [php:error] [pid 46148] [client 45.128.199.254:0] script '/domains/antiqueweb1/widgets.php' not found or unable to stat
[Wed Feb 18 00:53:28.553645 2026] [php:error] [pid 46148] [client 45.128.199.254:0] script '/domains/antiqueweb1/term.php' not found or unable to stat
[Wed Feb 18 00:53:28.745057 2026] [php:error] [pid 46106] [client 40.115.138.121:0] script '/domains/mschmid/chosen.php' not found or unable to stat
[Wed Feb 18 00:53:28.823651 2026] [php:error] [pid 46148] [client 45.128.199.254:0] script '/domains/antiqueweb1/system_log.php' not found or unable to stat
[Wed Feb 18 00:53:28.924378 2026] [php:error] [pid 46106] [client 40.115.138.121:0] script '/domains/mschmid/functions.php' not found or unable to stat
[Wed Feb 18 00:53:29.716529 2026] [php:error] [pid 46156] [client 45.128.199.5:0] script '/domains/antiqueweb1/moded.php' not found or unable to stat
[Wed Feb 18 00:53:30.249564 2026] [php:error] [pid 46156] [client 45.128.199.5:0] script '/domains/antiqueweb1/upgrade.php' not found or unable to stat
[Wed Feb 18 00:53:30.508484 2026] [php:error] [pid 46156] [client 45.128.199.5:0] script '/domains/antiqueweb1/gh.php' not found or unable to stat
[Wed Feb 18 00:53:30.811167 2026] [php:error] [pid 46156] [client 45.128.199.5:0] script '/domains/antiqueweb1/version.php' not found or unable to stat
[Wed Feb 18 00:53:31.051930 2026] [php:error] [pid 46156] [client 45.128.199.5:0] script '/domains/antiqueweb1/head.php' not found or unable to stat
[Wed Feb 18 00:53:31.236209 2026] [php:error] [pid 46106] [client 40.115.138.121:0] script '/domains/mschmid/cron.php' not found or unable to stat
[Wed Feb 18 00:53:31.321479 2026] [php:error] [pid 46156] [client 45.128.199.5:0] script '/domains/antiqueweb1/index1.php' not found or unable to stat
[Wed Feb 18 00:53:31.647709 2026] [php:error] [pid 46156] [client 45.128.199.5:0] script '/domains/antiqueweb1/theme-insqbzk.php' not found or unable to stat
[Wed Feb 18 00:53:31.938422 2026] [php:error] [pid 46156] [client 45.128.199.5:0] script '/domains/antiqueweb1/good.php' not found or unable to stat
[Wed Feb 18 00:53:32.216774 2026] [php:error] [pid 46156] [client 45.128.199.5:0] script '/domains/antiqueweb1/main.php' not found or unable to stat
[Wed Feb 18 00:53:32.831692 2026] [php:error] [pid 46156] [client 45.128.199.5:0] script '/domains/antiqueweb1/wsoyanz.php' not found or unable to stat
[Wed Feb 18 00:53:33.176111 2026] [php:error] [pid 46148] [client 173.239.236.198:0] script '/domains/wsmith.enteract/wp-l0gin.php' not found or unable to stat
[Wed Feb 18 00:53:33.286059 2026] [php:error] [pid 46106] [client 40.115.138.121:0] script '/domains/mschmid/edit.php' not found or unable to stat
[Wed Feb 18 00:53:34.215189 2026] [php:error] [pid 46156] [client 45.128.199.5:0] script '/domains/antiqueweb1/alfa-rex.php' not found or unable to stat
[Wed Feb 18 00:53:34.817674 2026] [php:error] [pid 46156] [client 45.128.199.5:0] script '/domains/antiqueweb1/cgi-bin/cloud.php' not found or unable to stat
[Wed Feb 18 00:53:35.292263 2026] [php:error] [pid 46106] [client 40.115.138.121:0] script '/domains/mschmid/gecko-new.php' not found or unable to stat
[Wed Feb 18 00:53:36.007402 2026] [php:error] [pid 46148] [client 173.239.236.198:0] script '/domains/wsmith.enteract/wp-conflg.php' not found or unable to stat
[Wed Feb 18 00:53:40.115709 2026] [php:error] [pid 46156] [client 45.128.199.5:0] script '/domains/antiqueweb1/cache-compat.php' not found or unable to stat
[Wed Feb 18 00:53:40.355671 2026] [php:error] [pid 46156] [client 45.128.199.5:0] script '/domains/antiqueweb1/ajax-actions.php' not found or unable to stat
[Wed Feb 18 00:53:40.947522 2026] [php:error] [pid 46156] [client 45.128.199.5:0] script '/domains/antiqueweb1/wp-consar.php' not found or unable to stat
[Wed Feb 18 00:53:41.009172 2026] [php:error] [pid 46146] [client 40.115.138.121:0] script '/domains/mschmid/cookie.php' not found or unable to stat
[Wed Feb 18 00:53:41.181799 2026] [php:error] [pid 46146] [client 40.115.138.121:0] script '/domains/mschmid/xleet.php' not found or unable to stat
[Wed Feb 18 00:53:41.608150 2026] [php:error] [pid 46153] [client 173.239.236.115:0] script '/domains/wsmith.enteract/0x.php' not found or unable to stat
[Wed Feb 18 00:53:43.119681 2026] [php:error] [pid 46153] [client 173.239.236.115:0] script '/domains/wsmith.enteract/wpn.php' not found or unable to stat
[Wed Feb 18 00:53:43.412352 2026] [php:error] [pid 46153] [client 173.239.236.115:0] script '/domains/wsmith.enteract/cloud.php' not found or unable to stat
[Wed Feb 18 00:53:43.770958 2026] [php:error] [pid 46153] [client 173.239.236.115:0] script '/domains/wsmith.enteract/upload.php' not found or unable to stat
[Wed Feb 18 00:53:43.861617 2026] [php:error] [pid 46156] [client 45.128.199.5:0] script '/domains/antiqueweb1/cgi-bin/mariju.php' not found or unable to stat
[Wed Feb 18 00:53:44.043710 2026] [php:error] [pid 46153] [client 173.239.236.115:0] script '/domains/wsmith.enteract/init.php' not found or unable to stat
[Wed Feb 18 00:53:44.296241 2026] [php:error] [pid 46146] [client 40.115.138.121:0] script '/domains/mschmid/spip.php' not found or unable to stat
[Wed Feb 18 00:53:44.418408 2026] [php:error] [pid 46156] [client 45.128.199.5:0] script '/domains/antiqueweb1/sx.php' not found or unable to stat
[Wed Feb 18 00:53:44.477843 2026] [php:error] [pid 46146] [client 40.115.138.121:0] script '/domains/mschmid/22.php' not found or unable to stat
[Wed Feb 18 00:53:44.622341 2026] [php:error] [pid 46153] [client 173.239.236.115:0] script '/domains/wsmith.enteract/wp-blog.php' not found or unable to stat
[Wed Feb 18 00:53:44.663625 2026] [php:error] [pid 46146] [client 40.115.138.121:0] script '/domains/mschmid/room.php' not found or unable to stat
[Wed Feb 18 00:53:44.845962 2026] [php:error] [pid 46146] [client 40.115.138.121:0] script '/domains/mschmid/disagreed.php' not found or unable to stat
[Wed Feb 18 00:53:46.053784 2026] [php:error] [pid 46156] [client 45.128.199.5:0] script '/domains/antiqueweb1/images/wp-login.php' not found or unable to stat
[Wed Feb 18 00:53:46.074294 2026] [php:error] [pid 46153] [client 173.239.236.115:0] script '/domains/wsmith.enteract/payout.php' not found or unable to stat
[Wed Feb 18 00:53:46.332972 2026] [php:error] [pid 46156] [client 45.128.199.5:0] script '/domains/antiqueweb1/web.php' not found or unable to stat
[Wed Feb 18 00:53:46.371780 2026] [php:error] [pid 46153] [client 173.239.236.115:0] script '/domains/wsmith.enteract/lock360.php' not found or unable to stat
[Wed Feb 18 00:53:46.732625 2026] [php:error] [pid 46153] [client 173.239.236.115:0] script '/domains/wsmith.enteract/x.php' not found or unable to stat
[Wed Feb 18 00:53:47.037721 2026] [php:error] [pid 46153] [client 173.239.236.115:0] script '/domains/wsmith.enteract/wp_info.php' not found or unable to stat
[Wed Feb 18 00:53:47.064973 2026] [php:error] [pid 46146] [client 40.115.138.121:0] script '/domains/mschmid/text.php' not found or unable to stat
[Wed Feb 18 00:53:47.234991 2026] [php:error] [pid 46146] [client 40.115.138.121:0] script '/domains/mschmid/alfa-rex.php' not found or unable to stat
[Wed Feb 18 00:53:47.607719 2026] [php:error] [pid 46156] [client 45.128.199.5:0] script '/domains/antiqueweb1/wp-uploads-config.php' not found or unable to stat
[Wed Feb 18 00:53:47.625632 2026] [php:error] [pid 46153] [client 173.239.236.115:0] script '/domains/wsmith.enteract/xml.php' not found or unable to stat
[Wed Feb 18 00:53:47.908480 2026] [php:error] [pid 46153] [client 173.239.236.115:0] script '/domains/wsmith.enteract/by.php' not found or unable to stat
[Wed Feb 18 00:53:49.247590 2026] [php:error] [pid 46146] [client 40.115.138.121:0] script '/domains/mschmid/feeds.php' not found or unable to stat
[Wed Feb 18 00:53:49.442003 2026] [php:error] [pid 46146] [client 40.115.138.121:0] script '/domains/mschmid/radio.php' not found or unable to stat
[Wed Feb 18 00:53:49.620404 2026] [php:error] [pid 46146] [client 40.115.138.121:0] script '/domains/mschmid/dropdown.php' not found or unable to stat
[Wed Feb 18 00:53:49.805458 2026] [php:error] [pid 46146] [client 40.115.138.121:0] script '/domains/mschmid/defaults.php' not found or unable to stat
[Wed Feb 18 00:53:49.994241 2026] [php:error] [pid 46146] [client 40.115.138.121:0] script '/domains/mschmid/system.php' not found or unable to stat
[Wed Feb 18 00:53:50.098664 2026] [php:error] [pid 46145] [client 45.128.199.253:0] script '/domains/antiqueweb1/upload.php' not found or unable to stat
[Wed Feb 18 00:53:50.216080 2026] [php:error] [pid 46146] [client 40.115.138.121:0] script '/domains/mschmid/xmlrpc.php' not found or unable to stat
[Wed Feb 18 00:53:50.656859 2026] [php:error] [pid 46145] [client 45.128.199.253:0] script '/domains/antiqueweb1/indeex.php' not found or unable to stat
[Wed Feb 18 00:53:51.517106 2026] [php:error] [pid 46145] [client 45.128.199.253:0] script '/domains/antiqueweb1/dropdown.php' not found or unable to stat
[Wed Feb 18 00:53:51.677671 2026] [php:error] [pid 46153] [client 173.239.236.115:0] script '/domains/wsmith.enteract/default.php' not found or unable to stat
[Wed Feb 18 00:53:51.919314 2026] [php:error] [pid 46153] [client 173.239.236.115:0] script '/domains/wsmith.enteract/fox.php' not found or unable to stat
[Wed Feb 18 00:53:52.225002 2026] [php:error] [pid 46153] [client 173.239.236.115:0] script '/domains/wsmith.enteract/google.php' not found or unable to stat
[Wed Feb 18 00:53:52.741409 2026] [php:error] [pid 46145] [client 45.128.199.253:0] script '/domains/antiqueweb1/bs.php' not found or unable to stat
[Wed Feb 18 00:53:52.832546 2026] [php:error] [pid 46153] [client 173.239.236.115:0] script '/domains/wsmith.enteract/ovatools.php' not found or unable to stat
[Wed Feb 18 00:53:53.137842 2026] [php:error] [pid 46153] [client 173.239.236.115:0] script '/domains/wsmith.enteract/sidwso.php' not found or unable to stat
[Wed Feb 18 00:53:53.442934 2026] [php:error] [pid 46153] [client 173.239.236.115:0] script '/domains/wsmith.enteract/worksec.php' not found or unable to stat
[Wed Feb 18 00:53:54.143201 2026] [php:error] [pid 46145] [client 45.128.199.253:0] script '/domains/antiqueweb1/credits.php' not found or unable to stat
[Wed Feb 18 00:53:54.186100 2026] [php:error] [pid 46146] [client 40.115.138.121:0] script '/domains/mschmid/colors.php' not found or unable to stat
[Wed Feb 18 00:53:54.381504 2026] [php:error] [pid 46146] [client 40.115.138.121:0] script '/domains/mschmid/updates.php' not found or unable to stat
[Wed Feb 18 00:53:54.429145 2026] [php:error] [pid 46145] [client 45.128.199.253:0] script '/domains/antiqueweb1/edit-comments.php' not found or unable to stat
[Wed Feb 18 00:53:54.554517 2026] [php:error] [pid 46146] [client 40.115.138.121:0] script '/domains/mschmid/alfa-rex1.php' not found or unable to stat
[Wed Feb 18 00:53:54.714769 2026] [php:error] [pid 46145] [client 45.128.199.253:0] script '/domains/antiqueweb1/checkbox.php' not found or unable to stat
[Wed Feb 18 00:53:54.735683 2026] [php:error] [pid 46146] [client 40.115.138.121:0] script '/domains/mschmid/wp-index.php' not found or unable to stat
[Wed Feb 18 00:53:55.015683 2026] [php:error] [pid 46145] [client 45.128.199.253:0] script '/domains/antiqueweb1/export.php' not found or unable to stat
[Wed Feb 18 00:53:55.308561 2026] [php:error] [pid 46145] [client 45.128.199.253:0] script '/domains/antiqueweb1/input.php' not found or unable to stat
[Wed Feb 18 00:53:55.548295 2026] [php:error] [pid 46145] [client 45.128.199.253:0] script '/domains/antiqueweb1/load-scripts.php' not found or unable to stat
[Wed Feb 18 00:53:55.810578 2026] [php:error] [pid 46145] [client 45.128.199.253:0] script '/domains/antiqueweb1/load-styles.php' not found or unable to stat
[Wed Feb 18 00:53:55.985236 2026] [php:error] [pid 46153] [client 173.239.236.115:0] script '/domains/wsmith.enteract/Simple.php' not found or unable to stat
[Wed Feb 18 00:53:56.109186 2026] [php:error] [pid 46145] [client 45.128.199.253:0] script '/domains/antiqueweb1/options-discussion.php' not found or unable to stat
[Wed Feb 18 00:53:56.291990 2026] [php:error] [pid 46153] [client 173.239.236.115:0] script '/domains/wsmith.enteract/wp-blog-header.php' not found or unable to stat
[Wed Feb 18 00:53:56.356201 2026] [php:error] [pid 46145] [client 45.128.199.253:0] script '/domains/antiqueweb1/options-general.php' not found or unable to stat
[Wed Feb 18 00:53:56.622835 2026] [php:error] [pid 46145] [client 45.128.199.253:0] script '/domains/antiqueweb1/options-permalink.php' not found or unable to stat
[Wed Feb 18 00:53:56.634205 2026] [php:error] [pid 46153] [client 173.239.236.115:0] script '/domains/wsmith.enteract/style2.php' not found or unable to stat
[Wed Feb 18 00:53:56.910891 2026] [php:error] [pid 46145] [client 45.128.199.253:0] script '/domains/antiqueweb1/options-privacy.php' not found or unable to stat
[Wed Feb 18 00:53:57.035974 2026] [php:error] [pid 46153] [client 173.239.236.115:0] script '/domains/wsmith.enteract/wp-scripts.php' not found or unable to stat
[Wed Feb 18 00:53:57.223646 2026] [php:error] [pid 46145] [client 45.128.199.253:0] script '/domains/antiqueweb1/options-reading.php' not found or unable to stat
[Wed Feb 18 00:53:57.223658 2026] [php:error] [pid 46146] [client 40.115.138.121:0] script '/domains/mschmid/wp-admin.php' not found or unable to stat
[Wed Feb 18 00:53:57.309682 2026] [php:error] [pid 46153] [client 173.239.236.115:0] script '/domains/wsmith.enteract/adminfuns.php' not found or unable to stat
[Wed Feb 18 00:53:57.519175 2026] [php:error] [pid 46145] [client 45.128.199.253:0] script '/domains/antiqueweb1/options-writing.php' not found or unable to stat
[Wed Feb 18 00:53:57.613775 2026] [php:error] [pid 46153] [client 173.239.236.115:0] script '/domains/wsmith.enteract/cjfuns.php' not found or unable to stat
[Wed Feb 18 00:53:57.808453 2026] [php:error] [pid 46145] [client 45.128.199.253:0] script '/domains/antiqueweb1/post-new.php' not found or unable to stat
[Wed Feb 18 00:53:57.917357 2026] [php:error] [pid 46153] [client 173.239.236.115:0] script '/domains/wsmith.enteract/comfunctions.php' not found or unable to stat
[Wed Feb 18 00:53:58.050183 2026] [php:error] [pid 46145] [client 45.128.199.253:0] script '/domains/antiqueweb1/privacy.php' not found or unable to stat
[Wed Feb 18 00:53:58.246071 2026] [php:error] [pid 46153] [client 173.239.236.115:0] script '/domains/wsmith.enteract/delpaths.php' not found or unable to stat
[Wed Feb 18 00:53:58.420148 2026] [php:error] [pid 46145] [client 45.128.199.253:0] script '/domains/antiqueweb1/profile.php' not found or unable to stat
[Wed Feb 18 00:53:58.567362 2026] [php:error] [pid 46153] [client 173.239.236.115:0] script '/domains/wsmith.enteract/epinyins.php' not found or unable to stat
[Wed Feb 18 00:53:58.699958 2026] [php:error] [pid 46145] [client 45.128.199.253:0] script '/domains/antiqueweb1/site-health.php' not found or unable to stat
[Wed Feb 18 00:53:58.838912 2026] [php:error] [pid 46153] [client 173.239.236.115:0] script '/domains/wsmith.enteract/filefuns.php' not found or unable to stat
[Wed Feb 18 00:53:58.996287 2026] [php:error] [pid 46145] [client 45.128.199.253:0] script '/domains/antiqueweb1/tools.php' not found or unable to stat
[Wed Feb 18 00:53:59.073377 2026] [php:error] [pid 46146] [client 40.115.138.121:0] script '/domains/mschmid/alfa.php' not found or unable to stat
[Wed Feb 18 00:53:59.103227 2026] [php:error] [pid 46153] [client 173.239.236.115:0] script '/domains/wsmith.enteract/hinfofuns.php' not found or unable to stat
[Wed Feb 18 00:53:59.251010 2026] [php:error] [pid 46145] [client 45.128.199.253:0] script '/domains/antiqueweb1/update-core.php' not found or unable to stat
[Wed Feb 18 00:53:59.432438 2026] [php:error] [pid 46153] [client 173.239.236.115:0] script '/domains/wsmith.enteract/qfunctions.php' not found or unable to stat
[Wed Feb 18 00:53:59.549622 2026] [php:error] [pid 46145] [client 45.128.199.253:0] script '/domains/antiqueweb1/user-edit.php' not found or unable to stat
[Wed Feb 18 00:53:59.693745 2026] [php:error] [pid 46153] [client 173.239.236.115:0] script '/domains/wsmith.enteract/qinfofuns.php' not found or unable to stat
[Wed Feb 18 00:53:59.824728 2026] [php:error] [pid 46145] [client 45.128.199.253:0] script '/domains/antiqueweb1/user-new.php' not found or unable to stat
[Wed Feb 18 00:54:00.036685 2026] [php:error] [pid 46153] [client 173.239.236.115:0] script '/domains/wsmith.enteract/thoms.php' not found or unable to stat
[Wed Feb 18 00:54:00.103311 2026] [php:error] [pid 46145] [client 45.128.199.253:0] script '/domains/antiqueweb1/wp-cron.php' not found or unable to stat
[Wed Feb 18 00:54:00.396909 2026] [php:error] [pid 46145] [client 45.128.199.253:0] script '/domains/antiqueweb1/bar.php' not found or unable to stat
[Wed Feb 18 00:54:00.490223 2026] [php:error] [pid 46153] [client 173.239.236.115:0] script '/domains/wsmith.enteract/postnews.php' not found or unable to stat
[Wed Feb 18 00:54:00.642205 2026] [php:error] [pid 46145] [client 45.128.199.253:0] script '/domains/antiqueweb1/samll.php' not found or unable to stat
[Wed Feb 18 00:54:00.776359 2026] [php:error] [pid 46153] [client 173.239.236.115:0] script '/domains/wsmith.enteract/admin-ajax.php' not found or unable to stat
[Wed Feb 18 00:54:00.998714 2026] [php:error] [pid 46145] [client 45.128.199.253:0] script '/domains/antiqueweb1/webdb.php' not found or unable to stat
[Wed Feb 18 00:54:01.306449 2026] [php:error] [pid 46145] [client 45.128.199.253:0] script '/domains/antiqueweb1/100.php' not found or unable to stat
[Wed Feb 18 00:54:01.360573 2026] [php:error] [pid 46153] [client 173.239.236.115:0] script '/domains/wsmith.enteract/link.php' not found or unable to stat
[Wed Feb 18 00:54:01.551616 2026] [php:error] [pid 46145] [client 45.128.199.253:0] script '/domains/antiqueweb1/plugin-install.php' not found or unable to stat
[Wed Feb 18 00:54:01.630241 2026] [php:error] [pid 46153] [client 173.239.236.115:0] script '/domains/wsmith.enteract/ms-themes.php' not found or unable to stat
[Wed Feb 18 00:54:01.826988 2026] [php:error] [pid 46145] [client 45.128.199.253:0] script '/domains/antiqueweb1/km.php' not found or unable to stat
[Wed Feb 18 00:54:01.944416 2026] [php:error] [pid 46146] [client 40.115.138.121:0] script '/domains/mschmid/locale.php' not found or unable to stat
[Wed Feb 18 00:54:02.117593 2026] [php:error] [pid 46146] [client 40.115.138.121:0] script '/domains/mschmid/wxo.php' not found or unable to stat
[Wed Feb 18 00:54:02.122609 2026] [php:error] [pid 46145] [client 45.128.199.253:0] script '/domains/antiqueweb1/LA.php' not found or unable to stat
[Wed Feb 18 00:54:02.159401 2026] [php:error] [pid 46153] [client 173.239.236.115:0] script '/domains/wsmith.enteract/my-sites.php' not found or unable to stat
[Wed Feb 18 00:54:02.398451 2026] [php:error] [pid 46145] [client 45.128.199.253:0] script '/domains/antiqueweb1/wp-good.php' not found or unable to stat
[Wed Feb 18 00:54:02.647776 2026] [php:error] [pid 46145] [client 45.128.199.253:0] script '/domains/antiqueweb1/wp-ldd.php' not found or unable to stat
[Wed Feb 18 00:54:02.911327 2026] [php:error] [pid 46145] [client 45.128.199.253:0] script '/domains/antiqueweb1/sgd.php' not found or unable to stat
[Wed Feb 18 00:54:03.194554 2026] [php:error] [pid 46153] [client 173.239.236.115:0] script '/domains/wsmith.enteract/media.php' not found or unable to stat
[Wed Feb 18 00:54:03.256873 2026] [php:error] [pid 46145] [client 45.128.199.253:0] script '/domains/antiqueweb1/wzy.php' not found or unable to stat
[Wed Feb 18 00:54:03.877526 2026] [php:error] [pid 46153] [client 173.239.236.115:0] script '/domains/wsmith.enteract/nav-menus.php' not found or unable to stat
[Wed Feb 18 00:54:04.056908 2026] [php:error] [pid 46145] [client 45.128.199.253:0] script '/domains/antiqueweb1/chosen.php' not found or unable to stat
[Wed Feb 18 00:54:04.478663 2026] [php:error] [pid 46146] [client 40.115.138.121:0] script '/domains/mschmid/colour.php' not found or unable to stat
[Wed Feb 18 00:54:04.579890 2026] [php:error] [pid 46145] [client 45.128.199.253:0] script '/domains/antiqueweb1/wp-signup.php' not found or unable to stat
[Wed Feb 18 00:54:04.638118 2026] [php:error] [pid 46153] [client 173.239.236.115:0] script '/domains/wsmith.enteract/menu.php' not found or unable to stat
[Wed Feb 18 00:54:04.660171 2026] [php:error] [pid 46146] [client 40.115.138.121:0] script '/domains/mschmid/files.php' not found or unable to stat
[Wed Feb 18 00:54:04.831739 2026] [php:error] [pid 46146] [client 40.115.138.121:0] script '/domains/mschmid/install.php' not found or unable to stat
[Wed Feb 18 00:54:04.956226 2026] [php:error] [pid 46153] [client 173.239.236.115:0] script '/domains/wsmith.enteract/options-head.php' not found or unable to stat
[Wed Feb 18 00:54:05.004069 2026] [php:error] [pid 46146] [client 40.115.138.121:0] script '/domains/mschmid/wp-contentt.php' not found or unable to stat
