[Wed Feb 18 02:08:18.474840 2026] [php:error] [pid 58284] [client 158.158.105.51:0] script '/domains/carynm/wefile.php' not found or unable to stat
[Wed Feb 18 02:08:18.565539 2026] [php:error] [pid 58284] [client 158.158.105.51:0] script '/domains/carynm/55.php' not found or unable to stat
[Wed Feb 18 02:08:18.652336 2026] [php:error] [pid 58284] [client 158.158.105.51:0] script '/domains/carynm/vx.php' not found or unable to stat
[Wed Feb 18 02:08:18.736700 2026] [php:error] [pid 58284] [client 158.158.105.51:0] script '/domains/carynm/edit-tags.php' not found or unable to stat
[Wed Feb 18 02:08:18.819495 2026] [php:error] [pid 58284] [client 158.158.105.51:0] script '/domains/carynm/ioxi-o.php' not found or unable to stat
[Wed Feb 18 02:08:18.821865 2026] [php:error] [pid 58279] [client 45.8.17.107:0] script '/domains/egmaweb/aa.php' not found or unable to stat
[Wed Feb 18 02:08:18.902773 2026] [php:error] [pid 58284] [client 158.158.105.51:0] script '/domains/carynm/155.php' not found or unable to stat
[Wed Feb 18 02:08:18.985999 2026] [php:error] [pid 58284] [client 158.158.105.51:0] script '/domains/carynm/core.php' not found or unable to stat
[Wed Feb 18 02:08:19.088003 2026] [php:error] [pid 58284] [client 158.158.105.51:0] script '/domains/carynm/ccs.php' not found or unable to stat
[Wed Feb 18 02:08:19.176131 2026] [php:error] [pid 58284] [client 158.158.105.51:0] script '/domains/carynm/apk.php' not found or unable to stat
[Wed Feb 18 02:08:19.259035 2026] [php:error] [pid 58284] [client 158.158.105.51:0] script '/domains/carynm/bnm.php' not found or unable to stat
[Wed Feb 18 02:08:19.342323 2026] [php:error] [pid 58284] [client 158.158.105.51:0] script '/domains/carynm/gettest.php' not found or unable to stat
[Wed Feb 18 02:08:19.434708 2026] [php:error] [pid 58284] [client 158.158.105.51:0] script '/domains/carynm/edit.php' not found or unable to stat
[Wed Feb 18 02:08:19.517857 2026] [php:error] [pid 58284] [client 158.158.105.51:0] script '/domains/carynm/sid3.php' not found or unable to stat
[Wed Feb 18 02:08:19.605474 2026] [php:error] [pid 58284] [client 158.158.105.51:0] script '/domains/carynm/abc.php' not found or unable to stat
[Wed Feb 18 02:08:19.694734 2026] [php:error] [pid 58279] [client 45.8.17.107:0] script '/domains/egmaweb/shellv3.php' not found or unable to stat
[Wed Feb 18 02:08:19.708365 2026] [php:error] [pid 58284] [client 158.158.105.51:0] script '/domains/carynm/admin-footer.php' not found or unable to stat
[Wed Feb 18 02:08:19.791212 2026] [php:error] [pid 58284] [client 158.158.105.51:0] script '/domains/carynm/wp-p2r3q9c8k4.php' not found or unable to stat
[Wed Feb 18 02:08:19.874212 2026] [php:error] [pid 58284] [client 158.158.105.51:0] script '/domains/carynm/jga.php' not found or unable to stat
[Wed Feb 18 02:08:19.957684 2026] [php:error] [pid 58284] [client 158.158.105.51:0] script '/domains/carynm/tool.php' not found or unable to stat
[Wed Feb 18 02:08:19.984953 2026] [php:error] [pid 58279] [client 45.8.17.107:0] script '/domains/egmaweb/sh.php' not found or unable to stat
[Wed Feb 18 02:08:20.041703 2026] [php:error] [pid 58284] [client 158.158.105.51:0] script '/domains/carynm/ms.php' not found or unable to stat
[Wed Feb 18 02:08:20.136463 2026] [php:error] [pid 58284] [client 158.158.105.51:0] script '/domains/carynm/xxw.php' not found or unable to stat
[Wed Feb 18 02:08:20.219787 2026] [php:error] [pid 58284] [client 158.158.105.51:0] script '/domains/carynm/callback.php' not found or unable to stat
[Wed Feb 18 02:08:20.303745 2026] [php:error] [pid 58284] [client 158.158.105.51:0] script '/domains/carynm/logs.php' not found or unable to stat
[Wed Feb 18 02:08:20.438327 2026] [php:error] [pid 58284] [client 158.158.105.51:0] script '/domains/carynm/aboutc.php' not found or unable to stat
[Wed Feb 18 02:08:20.522404 2026] [php:error] [pid 58284] [client 158.158.105.51:0] script '/domains/carynm/ajax.php' not found or unable to stat
[Wed Feb 18 02:08:20.606137 2026] [php:error] [pid 58284] [client 158.158.105.51:0] script '/domains/carynm/xr.php' not found or unable to stat
[Wed Feb 18 02:08:20.689985 2026] [php:error] [pid 58284] [client 158.158.105.51:0] script '/domains/carynm/ff.php' not found or unable to stat
[Wed Feb 18 02:08:20.781229 2026] [php:error] [pid 58284] [client 158.158.105.51:0] script '/domains/carynm/aaa.php' not found or unable to stat
[Wed Feb 18 02:08:20.864423 2026] [php:error] [pid 58284] [client 158.158.105.51:0] script '/domains/carynm/RIP.php' not found or unable to stat
[Wed Feb 18 02:08:20.893731 2026] [php:error] [pid 58279] [client 45.8.17.107:0] script '/domains/egmaweb/function.php' not found or unable to stat
[Wed Feb 18 02:08:20.950804 2026] [php:error] [pid 58284] [client 158.158.105.51:0] script '/domains/carynm/knme.php' not found or unable to stat
[Wed Feb 18 02:08:21.034609 2026] [php:error] [pid 58284] [client 158.158.105.51:0] script '/domains/carynm/ws71.php' not found or unable to stat
[Wed Feb 18 02:08:21.117784 2026] [php:error] [pid 58284] [client 158.158.105.51:0] script '/domains/carynm/ws67.php' not found or unable to stat
[Wed Feb 18 02:08:21.198669 2026] [php:error] [pid 58279] [client 45.8.17.107:0] script '/domains/egmaweb/m.php' not found or unable to stat
[Wed Feb 18 02:08:21.212092 2026] [php:error] [pid 58284] [client 158.158.105.51:0] script '/domains/carynm/momo.php' not found or unable to stat
[Wed Feb 18 02:08:21.474103 2026] [php:error] [pid 58279] [client 45.8.17.107:0] script '/domains/egmaweb/delete3.php' not found or unable to stat
[Wed Feb 18 02:08:22.160665 2026] [php:error] [pid 58279] [client 45.8.17.107:0] script '/domains/egmaweb/mm.php' not found or unable to stat
[Wed Feb 18 02:08:23.064784 2026] [php:error] [pid 58279] [client 45.8.17.107:0] script '/domains/egmaweb/server.php' not found or unable to stat
[Wed Feb 18 02:08:23.584994 2026] [php:error] [pid 58279] [client 45.8.17.107:0] script '/domains/egmaweb/mailer.php' not found or unable to stat
[Wed Feb 18 02:08:23.866325 2026] [php:error] [pid 58279] [client 45.8.17.107:0] script '/domains/egmaweb/www.php' not found or unable to stat
[Wed Feb 18 02:08:24.418170 2026] [php:error] [pid 58279] [client 45.8.17.107:0] script '/domains/egmaweb/cache.php' not found or unable to stat
[Wed Feb 18 02:08:25.285884 2026] [php:error] [pid 58279] [client 45.8.17.107:0] script '/domains/egmaweb/wp-header.php' not found or unable to stat
[Wed Feb 18 02:08:25.575396 2026] [php:error] [pid 58279] [client 45.8.17.107:0] script '/domains/egmaweb/shop.php' not found or unable to stat
[Wed Feb 18 02:08:33.672268 2026] [core:crit] [pid 58286] (13)Permission denied: [client 17.22.245.124:0] AH00529: /domains/performancepartsinc/graphics/psd/.htaccess pcfg_openfile: unable to check htaccess file, ensure it is readable and that '/domains/performancepartsinc/graphics/psd/' is executable
[Wed Feb 18 02:10:34.827716 2026] [php:error] [pid 58296] [client 20.111.44.121:0] script '/domains/fayemoran/wp-blog.php' not found or unable to stat
[Wed Feb 18 02:10:34.911688 2026] [php:error] [pid 58296] [client 20.111.44.121:0] script '/domains/fayemoran/ge.php' not found or unable to stat
[Wed Feb 18 02:10:35.031952 2026] [php:error] [pid 58296] [client 20.111.44.121:0] script '/domains/fayemoran/class20.php' not found or unable to stat
[Wed Feb 18 02:10:35.123396 2026] [php:error] [pid 58296] [client 20.111.44.121:0] script '/domains/fayemoran/ssxsl.php' not found or unable to stat
[Wed Feb 18 02:10:35.208309 2026] [php:error] [pid 58296] [client 20.111.44.121:0] script '/domains/fayemoran/str.php' not found or unable to stat
[Wed Feb 18 02:10:35.292388 2026] [php:error] [pid 58296] [client 20.111.44.121:0] script '/domains/fayemoran/xwpg.php' not found or unable to stat
[Wed Feb 18 02:10:35.377934 2026] [php:error] [pid 58296] [client 20.111.44.121:0] script '/domains/fayemoran/zz.php' not found or unable to stat
[Wed Feb 18 02:10:35.693398 2026] [php:error] [pid 58296] [client 20.111.44.121:0] script '/domains/fayemoran/tanjiro.php' not found or unable to stat
[Wed Feb 18 02:10:35.776781 2026] [php:error] [pid 58296] [client 20.111.44.121:0] script '/domains/fayemoran/up.php' not found or unable to stat
[Wed Feb 18 02:10:35.860197 2026] [php:error] [pid 58296] [client 20.111.44.121:0] script '/domains/fayemoran/class.php' not found or unable to stat
[Wed Feb 18 02:10:36.051280 2026] [php:error] [pid 58296] [client 20.111.44.121:0] script '/domains/fayemoran/nope.php' not found or unable to stat
[Wed Feb 18 02:10:36.135069 2026] [php:error] [pid 58296] [client 20.111.44.121:0] script '/domains/fayemoran/kwm4.php' not found or unable to stat
[Wed Feb 18 02:10:36.222410 2026] [php:error] [pid 58296] [client 20.111.44.121:0] script '/domains/fayemoran/wp-aa.php' not found or unable to stat
[Wed Feb 18 02:10:36.338365 2026] [php:error] [pid 58296] [client 20.111.44.121:0] script '/domains/fayemoran/byp.php' not found or unable to stat
[Wed Feb 18 02:10:36.479059 2026] [php:error] [pid 58296] [client 20.111.44.121:0] script '/domains/fayemoran/0.php' not found or unable to stat
[Wed Feb 18 02:10:36.567844 2026] [php:error] [pid 58296] [client 20.111.44.121:0] script '/domains/fayemoran/F0x.php' not found or unable to stat
[Wed Feb 18 02:10:36.694828 2026] [php:error] [pid 58296] [client 20.111.44.121:0] script '/domains/fayemoran/wp-mail.php' not found or unable to stat
[Wed Feb 18 02:10:36.778562 2026] [php:error] [pid 58296] [client 20.111.44.121:0] script '/domains/fayemoran/fan.php' not found or unable to stat
[Wed Feb 18 02:10:36.953108 2026] [php:error] [pid 58296] [client 20.111.44.121:0] script '/domains/fayemoran/ztv.php' not found or unable to stat
[Wed Feb 18 02:10:37.051009 2026] [php:error] [pid 58296] [client 20.111.44.121:0] script '/domains/fayemoran/bras.php' not found or unable to stat
[Wed Feb 18 02:10:37.134517 2026] [php:error] [pid 58296] [client 20.111.44.121:0] script '/domains/fayemoran/wziar.php' not found or unable to stat
[Wed Feb 18 02:10:37.232051 2026] [php:error] [pid 58296] [client 20.111.44.121:0] script '/domains/fayemoran/wpup.php' not found or unable to stat
[Wed Feb 18 02:10:37.372272 2026] [php:error] [pid 58296] [client 20.111.44.121:0] script '/domains/fayemoran/x50.php' not found or unable to stat
[Wed Feb 18 02:10:37.485157 2026] [php:error] [pid 58296] [client 20.111.44.121:0] script '/domains/fayemoran/ee.php' not found or unable to stat
[Wed Feb 18 02:10:37.568580 2026] [php:error] [pid 58296] [client 20.111.44.121:0] script '/domains/fayemoran/xz89.php' not found or unable to stat
[Wed Feb 18 02:10:37.752368 2026] [php:error] [pid 58296] [client 20.111.44.121:0] script '/domains/fayemoran/updates.php' not found or unable to stat
[Wed Feb 18 02:10:37.986339 2026] [php:error] [pid 58296] [client 20.111.44.121:0] script '/domains/fayemoran/vxnxvgfw.php' not found or unable to stat
[Wed Feb 18 02:10:38.210702 2026] [php:error] [pid 58296] [client 20.111.44.121:0] script '/domains/fayemoran/mapi.php' not found or unable to stat
[Wed Feb 18 02:10:38.308324 2026] [php:error] [pid 58296] [client 20.111.44.121:0] script '/domains/fayemoran/f2r4.php' not found or unable to stat
[Wed Feb 18 02:10:38.391973 2026] [php:error] [pid 58296] [client 20.111.44.121:0] script '/domains/fayemoran/item.php' not found or unable to stat
[Wed Feb 18 02:10:38.573715 2026] [php:error] [pid 58296] [client 20.111.44.121:0] script '/domains/fayemoran/xse25.php' not found or unable to stat
[Wed Feb 18 02:10:38.657183 2026] [php:error] [pid 58296] [client 20.111.44.121:0] script '/domains/fayemoran/sf9.php' not found or unable to stat
[Wed Feb 18 02:10:38.776199 2026] [php:error] [pid 58296] [client 20.111.44.121:0] script '/domains/fayemoran/5b9ac.php' not found or unable to stat
[Wed Feb 18 02:10:38.943091 2026] [php:error] [pid 58296] [client 20.111.44.121:0] script '/domains/fayemoran/bolt.php' not found or unable to stat
[Wed Feb 18 02:10:39.026318 2026] [php:error] [pid 58296] [client 20.111.44.121:0] script '/domains/fayemoran/dump.php' not found or unable to stat
[Wed Feb 18 02:10:39.159512 2026] [php:error] [pid 58296] [client 20.111.44.121:0] script '/domains/fayemoran/xx.php' not found or unable to stat
[Wed Feb 18 02:10:39.244681 2026] [php:error] [pid 58296] [client 20.111.44.121:0] script '/domains/fayemoran/Okxob.php' not found or unable to stat
[Wed Feb 18 02:10:39.328570 2026] [php:error] [pid 58296] [client 20.111.44.121:0] script '/domains/fayemoran/a.php' not found or unable to stat
[Wed Feb 18 02:10:39.412456 2026] [php:error] [pid 58296] [client 20.111.44.121:0] script '/domains/fayemoran/vx.php' not found or unable to stat
[Wed Feb 18 02:10:39.501593 2026] [php:error] [pid 58296] [client 20.111.44.121:0] script '/domains/fayemoran/lock360.php' not found or unable to stat
[Wed Feb 18 02:10:39.584996 2026] [php:error] [pid 58296] [client 20.111.44.121:0] script '/domains/fayemoran/np.php' not found or unable to stat
[Wed Feb 18 02:10:39.739572 2026] [php:error] [pid 58296] [client 20.111.44.121:0] script '/domains/fayemoran/tx1.php' not found or unable to stat
[Wed Feb 18 02:10:39.879885 2026] [php:error] [pid 58296] [client 20.111.44.121:0] script '/domains/fayemoran/bs.php' not found or unable to stat
[Wed Feb 18 02:10:41.482850 2026] [php:error] [pid 58305] [client 157.230.241.188:0] script '/domains/piltdweb1/wp-login.php' not found or unable to stat
[Wed Feb 18 02:12:19.791347 2026] [php:error] [pid 58335] [client 52.178.176.146:0] script '/domains/system_suspended/checkbex.php' not found or unable to stat
[Wed Feb 18 02:12:19.865407 2026] [php:error] [pid 58335] [client 52.178.176.146:0] script '/domains/system_suspended/reyna.php' not found or unable to stat
[Wed Feb 18 02:12:19.939506 2026] [php:error] [pid 58335] [client 52.178.176.146:0] script '/domains/system_suspended/meew.php' not found or unable to stat
[Wed Feb 18 02:12:20.019209 2026] [php:error] [pid 58335] [client 52.178.176.146:0] script '/domains/system_suspended/71.php' not found or unable to stat
[Wed Feb 18 02:12:20.094265 2026] [php:error] [pid 58335] [client 52.178.176.146:0] script '/domains/system_suspended/Timing.php' not found or unable to stat
[Wed Feb 18 02:12:20.182185 2026] [php:error] [pid 58335] [client 52.178.176.146:0] script '/domains/system_suspended/extract.php' not found or unable to stat
[Wed Feb 18 02:12:20.257590 2026] [php:error] [pid 58335] [client 52.178.176.146:0] script '/domains/system_suspended/comp.php' not found or unable to stat
[Wed Feb 18 02:12:20.332105 2026] [php:error] [pid 58335] [client 52.178.176.146:0] script '/domains/system_suspended/C1.php' not found or unable to stat
[Wed Feb 18 02:12:20.406349 2026] [php:error] [pid 58335] [client 52.178.176.146:0] script '/domains/system_suspended/core.php' not found or unable to stat
[Wed Feb 18 02:12:20.481472 2026] [php:error] [pid 58335] [client 52.178.176.146:0] script '/domains/system_suspended/pass4.php' not found or unable to stat
[Wed Feb 18 02:12:20.557418 2026] [php:error] [pid 58335] [client 52.178.176.146:0] script '/domains/system_suspended/admina.php' not found or unable to stat
[Wed Feb 18 02:12:20.642524 2026] [php:error] [pid 58335] [client 52.178.176.146:0] script '/domains/system_suspended/acp.php' not found or unable to stat
[Wed Feb 18 02:12:20.716763 2026] [php:error] [pid 58335] [client 52.178.176.146:0] script '/domains/system_suspended/Okxob.php' not found or unable to stat
[Wed Feb 18 02:12:20.790651 2026] [php:error] [pid 58335] [client 52.178.176.146:0] script '/domains/system_suspended/theme-install.php' not found or unable to stat
[Wed Feb 18 02:12:20.865554 2026] [php:error] [pid 58335] [client 52.178.176.146:0] script '/domains/system_suspended/widgets-form-blocks.php' not found or unable to stat
[Wed Feb 18 02:12:21.258359 2026] [php:error] [pid 58335] [client 52.178.176.146:0] script '/domains/system_suspended/media.php' not found or unable to stat
[Wed Feb 18 02:12:21.332326 2026] [php:error] [pid 58335] [client 52.178.176.146:0] script '/domains/system_suspended/freedoms.php' not found or unable to stat
[Wed Feb 18 02:12:21.480672 2026] [php:error] [pid 58335] [client 52.178.176.146:0] script '/domains/system_suspended/admin-ajax.php' not found or unable to stat
[Wed Feb 18 02:12:21.628836 2026] [php:error] [pid 58335] [client 52.178.176.146:0] script '/domains/system_suspended/Jcrop.php' not found or unable to stat
[Wed Feb 18 02:12:21.702705 2026] [php:error] [pid 58335] [client 52.178.176.146:0] script '/domains/system_suspended/koiy.php' not found or unable to stat
[Wed Feb 18 02:12:21.776706 2026] [php:error] [pid 58335] [client 52.178.176.146:0] script '/domains/system_suspended/pouhg.php' not found or unable to stat
[Wed Feb 18 02:12:21.850653 2026] [php:error] [pid 58335] [client 52.178.176.146:0] script '/domains/system_suspended/cc13.php' not found or unable to stat
[Wed Feb 18 02:12:21.924656 2026] [php:error] [pid 58335] [client 52.178.176.146:0] script '/domains/system_suspended/wp-22.php' not found or unable to stat
[Wed Feb 18 02:12:22.011851 2026] [php:error] [pid 58335] [client 52.178.176.146:0] script '/domains/system_suspended/fz.php' not found or unable to stat
[Wed Feb 18 02:12:22.107144 2026] [php:error] [pid 58335] [client 52.178.176.146:0] script '/domains/system_suspended/v2.php' not found or unable to stat
[Wed Feb 18 02:12:22.181423 2026] [php:error] [pid 58335] [client 52.178.176.146:0] script '/domains/system_suspended/ty.php' not found or unable to stat
[Wed Feb 18 02:12:22.267951 2026] [php:error] [pid 58335] [client 52.178.176.146:0] script '/domains/system_suspended/g84.php' not found or unable to stat
[Wed Feb 18 02:12:22.355444 2026] [php:error] [pid 58335] [client 52.178.176.146:0] script '/domains/system_suspended/106.php' not found or unable to stat
[Wed Feb 18 02:12:22.445066 2026] [php:error] [pid 58335] [client 52.178.176.146:0] script '/domains/system_suspended/file2.php' not found or unable to stat
[Wed Feb 18 02:12:22.520425 2026] [php:error] [pid 58335] [client 52.178.176.146:0] script '/domains/system_suspended/mmm.php' not found or unable to stat
[Wed Feb 18 02:12:22.597008 2026] [php:error] [pid 58335] [client 52.178.176.146:0] script '/domains/system_suspended/R57.php' not found or unable to stat
[Wed Feb 18 02:12:22.670896 2026] [php:error] [pid 58335] [client 52.178.176.146:0] script '/domains/system_suspended/ws66.php' not found or unable to stat
[Wed Feb 18 02:12:22.756578 2026] [php:error] [pid 58335] [client 52.178.176.146:0] script '/domains/system_suspended/666.php' not found or unable to stat
[Wed Feb 18 02:12:22.831024 2026] [php:error] [pid 58335] [client 52.178.176.146:0] script '/domains/system_suspended/V2_xml.php' not found or unable to stat
[Wed Feb 18 02:12:22.905085 2026] [php:error] [pid 58335] [client 52.178.176.146:0] script '/domains/system_suspended/xy.php' not found or unable to stat
[Wed Feb 18 02:12:22.982014 2026] [php:error] [pid 58335] [client 52.178.176.146:0] script '/domains/system_suspended/salam.php' not found or unable to stat
[Wed Feb 18 02:12:23.067933 2026] [php:error] [pid 58335] [client 52.178.176.146:0] script '/domains/system_suspended/8.php' not found or unable to stat
[Wed Feb 18 02:12:23.150668 2026] [php:error] [pid 58335] [client 52.178.176.146:0] script '/domains/system_suspended/whm-cp.php' not found or unable to stat
[Wed Feb 18 02:12:23.224792 2026] [php:error] [pid 58335] [client 52.178.176.146:0] script '/domains/system_suspended/zing.php' not found or unable to stat
[Wed Feb 18 02:12:23.300150 2026] [php:error] [pid 58335] [client 52.178.176.146:0] script '/domains/system_suspended/nes.php' not found or unable to stat
[Wed Feb 18 02:12:23.375448 2026] [php:error] [pid 58335] [client 52.178.176.146:0] script '/domains/system_suspended/wp-pass.php' not found or unable to stat
[Wed Feb 18 02:12:23.449708 2026] [php:error] [pid 58335] [client 52.178.176.146:0] script '/domains/system_suspended/eew.php' not found or unable to stat
[Wed Feb 18 02:12:23.524385 2026] [php:error] [pid 58335] [client 52.178.176.146:0] script '/domains/system_suspended/rendi59.php' not found or unable to stat
[Wed Feb 18 02:12:23.598917 2026] [php:error] [pid 58335] [client 52.178.176.146:0] script '/domains/system_suspended/iov.php' not found or unable to stat
[Wed Feb 18 02:12:23.672972 2026] [php:error] [pid 58335] [client 52.178.176.146:0] script '/domains/system_suspended/xinder.php' not found or unable to stat
[Wed Feb 18 02:12:23.747516 2026] [php:error] [pid 58335] [client 52.178.176.146:0] script '/domains/system_suspended/rivasqup.php' not found or unable to stat
[Wed Feb 18 02:12:23.821600 2026] [php:error] [pid 58335] [client 52.178.176.146:0] script '/domains/system_suspended/R57.php' not found or unable to stat
[Wed Feb 18 02:12:23.895419 2026] [php:error] [pid 58335] [client 52.178.176.146:0] script '/domains/system_suspended/baixy.php' not found or unable to stat
[Wed Feb 18 02:12:23.970200 2026] [php:error] [pid 58335] [client 52.178.176.146:0] script '/domains/system_suspended/out.php' not found or unable to stat
[Wed Feb 18 02:12:24.196776 2026] [php:error] [pid 58335] [client 52.178.176.146:0] script '/domains/system_suspended/sbhu.php' not found or unable to stat
[Wed Feb 18 02:12:24.270804 2026] [php:error] [pid 58335] [client 52.178.176.146:0] script '/domains/system_suspended/zz8.php' not found or unable to stat
[Wed Feb 18 02:12:24.347891 2026] [php:error] [pid 58335] [client 52.178.176.146:0] script '/domains/system_suspended/acfdr.php' not found or unable to stat
[Wed Feb 18 02:12:24.558997 2026] [php:error] [pid 58335] [client 52.178.176.146:0] script '/domains/system_suspended/wp-k3w6g9s4h2.php' not found or unable to stat
[Wed Feb 18 02:12:24.633555 2026] [php:error] [pid 58335] [client 52.178.176.146:0] script '/domains/system_suspended/we.php' not found or unable to stat
[Wed Feb 18 02:12:24.708667 2026] [php:error] [pid 58335] [client 52.178.176.146:0] script '/domains/system_suspended/bjfl.php' not found or unable to stat
[Wed Feb 18 02:12:24.783292 2026] [php:error] [pid 58335] [client 52.178.176.146:0] script '/domains/system_suspended/init.php' not found or unable to stat
[Wed Feb 18 02:12:24.869247 2026] [php:error] [pid 58335] [client 52.178.176.146:0] script '/domains/system_suspended/co.php' not found or unable to stat
[Wed Feb 18 02:12:48.162578 2026] [php:error] [pid 58337] [client 52.178.176.146:0] script '/domains/pauljbrock/checkbex.php' not found or unable to stat
[Wed Feb 18 02:12:48.237270 2026] [php:error] [pid 58337] [client 52.178.176.146:0] script '/domains/pauljbrock/reyna.php' not found or unable to stat
[Wed Feb 18 02:12:48.315724 2026] [php:error] [pid 58337] [client 52.178.176.146:0] script '/domains/pauljbrock/meew.php' not found or unable to stat
[Wed Feb 18 02:12:48.389829 2026] [php:error] [pid 58337] [client 52.178.176.146:0] script '/domains/pauljbrock/71.php' not found or unable to stat
[Wed Feb 18 02:12:48.463465 2026] [php:error] [pid 58337] [client 52.178.176.146:0] script '/domains/pauljbrock/Timing.php' not found or unable to stat
[Wed Feb 18 02:12:48.537460 2026] [php:error] [pid 58337] [client 52.178.176.146:0] script '/domains/pauljbrock/extract.php' not found or unable to stat
[Wed Feb 18 02:12:48.949876 2026] [php:error] [pid 58337] [client 52.178.176.146:0] script '/domains/pauljbrock/comp.php' not found or unable to stat
[Wed Feb 18 02:12:49.038589 2026] [php:error] [pid 58337] [client 52.178.176.146:0] script '/domains/pauljbrock/C1.php' not found or unable to stat
[Wed Feb 18 02:12:49.113592 2026] [php:error] [pid 58337] [client 52.178.176.146:0] script '/domains/pauljbrock/core.php' not found or unable to stat
[Wed Feb 18 02:12:49.188482 2026] [php:error] [pid 58337] [client 52.178.176.146:0] script '/domains/pauljbrock/pass4.php' not found or unable to stat
[Wed Feb 18 02:12:49.263495 2026] [php:error] [pid 58337] [client 52.178.176.146:0] script '/domains/pauljbrock/admina.php' not found or unable to stat
[Wed Feb 18 02:12:49.349100 2026] [php:error] [pid 58337] [client 52.178.176.146:0] script '/domains/pauljbrock/acp.php' not found or unable to stat
[Wed Feb 18 02:12:49.431311 2026] [php:error] [pid 58337] [client 52.178.176.146:0] script '/domains/pauljbrock/Okxob.php' not found or unable to stat
[Wed Feb 18 02:12:49.510996 2026] [php:error] [pid 58337] [client 52.178.176.146:0] script '/domains/pauljbrock/theme-install.php' not found or unable to stat
[Wed Feb 18 02:12:49.590334 2026] [php:error] [pid 58337] [client 52.178.176.146:0] script '/domains/pauljbrock/widgets-form-blocks.php' not found or unable to stat
[Wed Feb 18 02:12:49.989881 2026] [php:error] [pid 58337] [client 52.178.176.146:0] script '/domains/pauljbrock/media.php' not found or unable to stat
[Wed Feb 18 02:12:50.170876 2026] [php:error] [pid 58337] [client 52.178.176.146:0] script '/domains/pauljbrock/freedoms.php' not found or unable to stat
[Wed Feb 18 02:12:50.331704 2026] [php:error] [pid 58337] [client 52.178.176.146:0] script '/domains/pauljbrock/admin-ajax.php' not found or unable to stat
[Wed Feb 18 02:12:50.540074 2026] [php:error] [pid 58337] [client 52.178.176.146:0] script '/domains/pauljbrock/Jcrop.php' not found or unable to stat
[Wed Feb 18 02:12:50.614430 2026] [php:error] [pid 58337] [client 52.178.176.146:0] script '/domains/pauljbrock/koiy.php' not found or unable to stat
[Wed Feb 18 02:12:50.745482 2026] [php:error] [pid 58337] [client 52.178.176.146:0] script '/domains/pauljbrock/pouhg.php' not found or unable to stat
[Wed Feb 18 02:12:50.819183 2026] [php:error] [pid 58337] [client 52.178.176.146:0] script '/domains/pauljbrock/cc13.php' not found or unable to stat
[Wed Feb 18 02:12:50.893991 2026] [php:error] [pid 58337] [client 52.178.176.146:0] script '/domains/pauljbrock/wp-22.php' not found or unable to stat
[Wed Feb 18 02:12:50.967820 2026] [php:error] [pid 58337] [client 52.178.176.146:0] script '/domains/pauljbrock/fz.php' not found or unable to stat
[Wed Feb 18 02:12:51.052462 2026] [php:error] [pid 58337] [client 52.178.176.146:0] script '/domains/pauljbrock/v2.php' not found or unable to stat
[Wed Feb 18 02:12:51.177035 2026] [php:error] [pid 58337] [client 52.178.176.146:0] script '/domains/pauljbrock/ty.php' not found or unable to stat
[Wed Feb 18 02:12:51.251721 2026] [php:error] [pid 58337] [client 52.178.176.146:0] script '/domains/pauljbrock/g84.php' not found or unable to stat
[Wed Feb 18 02:12:51.325908 2026] [php:error] [pid 58337] [client 52.178.176.146:0] script '/domains/pauljbrock/106.php' not found or unable to stat
[Wed Feb 18 02:12:51.399576 2026] [php:error] [pid 58337] [client 52.178.176.146:0] script '/domains/pauljbrock/file2.php' not found or unable to stat
[Wed Feb 18 02:12:51.511445 2026] [php:error] [pid 58337] [client 52.178.176.146:0] script '/domains/pauljbrock/mmm.php' not found or unable to stat
[Wed Feb 18 02:12:51.597751 2026] [php:error] [pid 58337] [client 52.178.176.146:0] script '/domains/pauljbrock/R57.php' not found or unable to stat
[Wed Feb 18 02:12:51.682125 2026] [php:error] [pid 58337] [client 52.178.176.146:0] script '/domains/pauljbrock/ws66.php' not found or unable to stat
[Wed Feb 18 02:12:51.792557 2026] [php:error] [pid 58337] [client 52.178.176.146:0] script '/domains/pauljbrock/666.php' not found or unable to stat
[Wed Feb 18 02:12:52.041792 2026] [php:error] [pid 58337] [client 52.178.176.146:0] script '/domains/pauljbrock/V2_xml.php' not found or unable to stat
[Wed Feb 18 02:12:52.130458 2026] [php:error] [pid 58337] [client 52.178.176.146:0] script '/domains/pauljbrock/xy.php' not found or unable to stat
[Wed Feb 18 02:12:52.204581 2026] [php:error] [pid 58337] [client 52.178.176.146:0] script '/domains/pauljbrock/salam.php' not found or unable to stat
[Wed Feb 18 02:12:52.315265 2026] [php:error] [pid 58337] [client 52.178.176.146:0] script '/domains/pauljbrock/8.php' not found or unable to stat
[Wed Feb 18 02:12:52.410678 2026] [php:error] [pid 58337] [client 52.178.176.146:0] script '/domains/pauljbrock/whm-cp.php' not found or unable to stat
[Wed Feb 18 02:12:52.514683 2026] [php:error] [pid 58337] [client 52.178.176.146:0] script '/domains/pauljbrock/zing.php' not found or unable to stat
[Wed Feb 18 02:12:52.637846 2026] [php:error] [pid 58337] [client 52.178.176.146:0] script '/domains/pauljbrock/nes.php' not found or unable to stat
[Wed Feb 18 02:12:52.721409 2026] [php:error] [pid 58337] [client 52.178.176.146:0] script '/domains/pauljbrock/wp-pass.php' not found or unable to stat
[Wed Feb 18 02:12:52.807581 2026] [php:error] [pid 58337] [client 52.178.176.146:0] script '/domains/pauljbrock/eew.php' not found or unable to stat
[Wed Feb 18 02:12:52.881443 2026] [php:error] [pid 58337] [client 52.178.176.146:0] script '/domains/pauljbrock/rendi59.php' not found or unable to stat
[Wed Feb 18 02:12:52.955593 2026] [php:error] [pid 58337] [client 52.178.176.146:0] script '/domains/pauljbrock/iov.php' not found or unable to stat
[Wed Feb 18 02:12:53.036325 2026] [php:error] [pid 58337] [client 52.178.176.146:0] script '/domains/pauljbrock/xinder.php' not found or unable to stat
[Wed Feb 18 02:12:53.111189 2026] [php:error] [pid 58337] [client 52.178.176.146:0] script '/domains/pauljbrock/rivasqup.php' not found or unable to stat
[Wed Feb 18 02:12:53.185448 2026] [php:error] [pid 58337] [client 52.178.176.146:0] script '/domains/pauljbrock/R57.php' not found or unable to stat
[Wed Feb 18 02:12:53.286875 2026] [php:error] [pid 58337] [client 52.178.176.146:0] script '/domains/pauljbrock/baixy.php' not found or unable to stat
[Wed Feb 18 02:12:53.385170 2026] [php:error] [pid 58337] [client 52.178.176.146:0] script '/domains/pauljbrock/out.php' not found or unable to stat
[Wed Feb 18 02:12:53.646640 2026] [php:error] [pid 58337] [client 52.178.176.146:0] script '/domains/pauljbrock/sbhu.php' not found or unable to stat
[Wed Feb 18 02:12:53.720436 2026] [php:error] [pid 58337] [client 52.178.176.146:0] script '/domains/pauljbrock/zz8.php' not found or unable to stat
[Wed Feb 18 02:12:53.795054 2026] [php:error] [pid 58337] [client 52.178.176.146:0] script '/domains/pauljbrock/acfdr.php' not found or unable to stat
[Wed Feb 18 02:12:53.943719 2026] [php:error] [pid 58337] [client 52.178.176.146:0] script '/domains/pauljbrock/wp-k3w6g9s4h2.php' not found or unable to stat
[Wed Feb 18 02:12:54.093887 2026] [php:error] [pid 58337] [client 52.178.176.146:0] script '/domains/pauljbrock/we.php' not found or unable to stat
[Wed Feb 18 02:12:54.168186 2026] [php:error] [pid 58337] [client 52.178.176.146:0] script '/domains/pauljbrock/bjfl.php' not found or unable to stat
[Wed Feb 18 02:12:54.284906 2026] [php:error] [pid 58337] [client 52.178.176.146:0] script '/domains/pauljbrock/init.php' not found or unable to stat
[Wed Feb 18 02:12:54.358910 2026] [php:error] [pid 58337] [client 52.178.176.146:0] script '/domains/pauljbrock/co.php' not found or unable to stat
[Wed Feb 18 02:13:45.322512 2026] [php:error] [pid 58314] [client 103.82.21.232:0] script '/domains/micra/wp-login.php' not found or unable to stat, referer: https://micradc.com/wp-admin/
[Wed Feb 18 02:15:07.531943 2026] [php:error] [pid 63991] [client 20.219.8.79:0] script '/domains/ecernstelectric/autoload_classmap.php' not found or unable to stat
[Wed Feb 18 02:15:07.855919 2026] [php:error] [pid 63991] [client 20.219.8.79:0] script '/domains/ecernstelectric/post.php' not found or unable to stat
[Wed Feb 18 02:15:09.096382 2026] [php:error] [pid 63991] [client 20.219.8.79:0] script '/domains/ecernstelectric/1.php' not found or unable to stat
[Wed Feb 18 02:15:09.432649 2026] [php:error] [pid 63991] [client 20.219.8.79:0] script '/domains/ecernstelectric/flower.php' not found or unable to stat
[Wed Feb 18 02:15:10.784699 2026] [php:error] [pid 63991] [client 20.219.8.79:0] script '/domains/ecernstelectric/admin.php' not found or unable to stat
[Wed Feb 18 02:15:11.219064 2026] [php:error] [pid 63991] [client 20.219.8.79:0] script '/domains/ecernstelectric/file.php' not found or unable to stat
[Wed Feb 18 02:15:11.555224 2026] [php:error] [pid 63991] [client 20.219.8.79:0] script '/domains/ecernstelectric/meta.php' not found or unable to stat
[Wed Feb 18 02:15:11.888456 2026] [php:error] [pid 63991] [client 20.219.8.79:0] script '/domains/ecernstelectric/index.php' not found or unable to stat
[Wed Feb 18 02:15:12.431021 2026] [php:error] [pid 63991] [client 20.219.8.79:0] script '/domains/ecernstelectric/about.php' not found or unable to stat
[Wed Feb 18 02:15:13.153233 2026] [php:error] [pid 63991] [client 20.219.8.79:0] script '/domains/ecernstelectric/randkeyword.php' not found or unable to stat
[Wed Feb 18 02:15:13.474865 2026] [php:error] [pid 63985] [client 145.239.10.137:0] script '/domains/dcoffman/op.php' not found or unable to stat, referer: http://guardenia.com/op.php
[Wed Feb 18 02:15:13.474865 2026] [php:error] [pid 63993] [client 145.239.10.137:0] script '/domains/dcoffman/o.php' not found or unable to stat, referer: http://guardenia.com/o.php
[Wed Feb 18 02:15:13.506185 2026] [php:error] [pid 63991] [client 20.219.8.79:0] script '/domains/ecernstelectric/hehe.php' not found or unable to stat
[Wed Feb 18 02:15:14.586641 2026] [php:error] [pid 63991] [client 20.219.8.79:0] script '/domains/ecernstelectric/yindu.php' not found or unable to stat
[Wed Feb 18 02:15:16.190599 2026] [php:error] [pid 63991] [client 20.219.8.79:0] script '/domains/ecernstelectric/baxa1.php' not found or unable to stat
[Wed Feb 18 02:15:27.198781 2026] [php:error] [pid 63991] [client 20.219.8.79:0] script '/domains/ecernstelectric/user.php' not found or unable to stat
[Wed Feb 18 02:15:27.524945 2026] [php:error] [pid 63991] [client 20.219.8.79:0] script '/domains/ecernstelectric/wp-2019.php' not found or unable to stat
[Wed Feb 18 02:15:27.850640 2026] [php:error] [pid 63991] [client 20.219.8.79:0] script '/domains/ecernstelectric/chosen.php' not found or unable to stat
[Wed Feb 18 02:15:28.192739 2026] [php:error] [pid 63991] [client 20.219.8.79:0] script '/domains/ecernstelectric/functions.php' not found or unable to stat
[Wed Feb 18 02:15:28.658947 2026] [php:error] [pid 63991] [client 20.219.8.79:0] script '/domains/ecernstelectric/cron.php' not found or unable to stat
[Wed Feb 18 02:15:29.660163 2026] [php:error] [pid 63991] [client 20.219.8.79:0] script '/domains/ecernstelectric/edit.php' not found or unable to stat
[Wed Feb 18 02:15:29.987714 2026] [php:error] [pid 63991] [client 20.219.8.79:0] script '/domains/ecernstelectric/gecko-new.php' not found or unable to stat
[Wed Feb 18 02:15:30.316025 2026] [php:error] [pid 63991] [client 20.219.8.79:0] script '/domains/ecernstelectric/cookie.php' not found or unable to stat
[Wed Feb 18 02:15:30.938012 2026] [php:error] [pid 63991] [client 20.219.8.79:0] script '/domains/ecernstelectric/xleet.php' not found or unable to stat
[Wed Feb 18 02:15:31.280127 2026] [php:error] [pid 63991] [client 20.219.8.79:0] script '/domains/ecernstelectric/spip.php' not found or unable to stat
[Wed Feb 18 02:15:31.618229 2026] [php:error] [pid 63991] [client 20.219.8.79:0] script '/domains/ecernstelectric/22.php' not found or unable to stat
[Wed Feb 18 02:15:31.948788 2026] [php:error] [pid 63991] [client 20.219.8.79:0] script '/domains/ecernstelectric/room.php' not found or unable to stat
[Wed Feb 18 02:15:32.694370 2026] [php:error] [pid 63991] [client 20.219.8.79:0] script '/domains/ecernstelectric/disagreed.php' not found or unable to stat
[Wed Feb 18 02:15:33.037508 2026] [php:error] [pid 63991] [client 20.219.8.79:0] script '/domains/ecernstelectric/text.php' not found or unable to stat
[Wed Feb 18 02:15:33.364275 2026] [php:error] [pid 63991] [client 20.219.8.79:0] script '/domains/ecernstelectric/alfa-rex.php' not found or unable to stat
[Wed Feb 18 02:15:35.054877 2026] [php:error] [pid 63991] [client 20.219.8.79:0] script '/domains/ecernstelectric/feeds.php' not found or unable to stat
[Wed Feb 18 02:15:35.595251 2026] [php:error] [pid 63994] [client 20.219.8.79:0] script '/domains/ecernstelectric/autoload_classmap.php' not found or unable to stat
[Wed Feb 18 02:15:36.508772 2026] [php:error] [pid 63991] [client 20.219.8.79:0] script '/domains/ecernstelectric/radio.php' not found or unable to stat
[Wed Feb 18 02:15:36.585280 2026] [php:error] [pid 63996] [client 20.219.8.79:0] script '/domains/ecernstelectric/post.php' not found or unable to stat
[Wed Feb 18 02:15:36.921372 2026] [php:error] [pid 63994] [client 20.219.8.79:0] script '/domains/ecernstelectric/1.php' not found or unable to stat
[Wed Feb 18 02:15:37.262656 2026] [php:error] [pid 63994] [client 20.219.8.79:0] script '/domains/ecernstelectric/flower.php' not found or unable to stat
[Wed Feb 18 02:15:37.504205 2026] [php:error] [pid 63991] [client 20.219.8.79:0] script '/domains/ecernstelectric/dropdown.php' not found or unable to stat
[Wed Feb 18 02:15:37.623257 2026] [php:error] [pid 63994] [client 20.219.8.79:0] script '/domains/ecernstelectric/admin.php' not found or unable to stat
[Wed Feb 18 02:15:37.856377 2026] [php:error] [pid 63991] [client 20.219.8.79:0] script '/domains/ecernstelectric/defaults.php' not found or unable to stat
[Wed Feb 18 02:15:37.971842 2026] [php:error] [pid 63994] [client 20.219.8.79:0] script '/domains/ecernstelectric/file.php' not found or unable to stat
[Wed Feb 18 02:15:38.311086 2026] [php:error] [pid 63994] [client 20.219.8.79:0] script '/domains/ecernstelectric/meta.php' not found or unable to stat
[Wed Feb 18 02:15:38.652805 2026] [php:error] [pid 63991] [client 20.219.8.79:0] script '/domains/ecernstelectric/system.php' not found or unable to stat
[Wed Feb 18 02:15:38.884975 2026] [php:error] [pid 63994] [client 20.219.8.79:0] script '/domains/ecernstelectric/index.php' not found or unable to stat
[Wed Feb 18 02:15:39.024293 2026] [php:error] [pid 63991] [client 20.219.8.79:0] script '/domains/ecernstelectric/xmlrpc.php' not found or unable to stat
[Wed Feb 18 02:15:39.232177 2026] [php:error] [pid 63994] [client 20.219.8.79:0] script '/domains/ecernstelectric/about.php' not found or unable to stat
[Wed Feb 18 02:15:39.571672 2026] [php:error] [pid 63994] [client 20.219.8.79:0] script '/domains/ecernstelectric/randkeyword.php' not found or unable to stat
[Wed Feb 18 02:15:39.712237 2026] [php:error] [pid 63991] [client 20.219.8.79:0] script '/domains/ecernstelectric/colors.php' not found or unable to stat
[Wed Feb 18 02:15:39.902539 2026] [php:error] [pid 63994] [client 20.219.8.79:0] script '/domains/ecernstelectric/hehe.php' not found or unable to stat
[Wed Feb 18 02:15:40.237503 2026] [php:error] [pid 63994] [client 20.219.8.79:0] script '/domains/ecernstelectric/yindu.php' not found or unable to stat
[Wed Feb 18 02:15:40.856477 2026] [php:error] [pid 63991] [client 20.219.8.79:0] script '/domains/ecernstelectric/updates.php' not found or unable to stat
[Wed Feb 18 02:15:41.956722 2026] [php:error] [pid 63991] [client 20.219.8.79:0] script '/domains/ecernstelectric/alfa-rex1.php' not found or unable to stat
[Wed Feb 18 02:15:42.233643 2026] [php:error] [pid 63994] [client 20.219.8.79:0] script '/domains/ecernstelectric/baxa1.php' not found or unable to stat
[Wed Feb 18 02:15:43.237001 2026] [php:error] [pid 63991] [client 20.219.8.79:0] script '/domains/ecernstelectric/wp-index.php' not found or unable to stat
[Wed Feb 18 02:15:44.405678 2026] [php:error] [pid 63991] [client 20.219.8.79:0] script '/domains/ecernstelectric/wp-admin.php' not found or unable to stat
[Wed Feb 18 02:15:45.248790 2026] [php:error] [pid 63991] [client 20.219.8.79:0] script '/domains/ecernstelectric/alfa.php' not found or unable to stat
[Wed Feb 18 02:15:46.619985 2026] [php:error] [pid 63991] [client 20.219.8.79:0] script '/domains/ecernstelectric/locale.php' not found or unable to stat
[Wed Feb 18 02:15:47.436324 2026] [php:error] [pid 63991] [client 20.219.8.79:0] script '/domains/ecernstelectric/wxo.php' not found or unable to stat
[Wed Feb 18 02:15:48.072665 2026] [php:error] [pid 63991] [client 20.219.8.79:0] script '/domains/ecernstelectric/colour.php' not found or unable to stat
[Wed Feb 18 02:15:48.925758 2026] [php:error] [pid 63991] [client 20.219.8.79:0] script '/domains/ecernstelectric/files.php' not found or unable to stat
[Wed Feb 18 02:15:49.257956 2026] [php:error] [pid 63991] [client 20.219.8.79:0] script '/domains/ecernstelectric/install.php' not found or unable to stat
[Wed Feb 18 02:15:49.582556 2026] [php:error] [pid 63991] [client 20.219.8.79:0] script '/domains/ecernstelectric/wp-contentt.php' not found or unable to stat
[Wed Feb 18 02:15:50.870816 2026] [php:error] [pid 63991] [client 20.219.8.79:0] script '/domains/ecernstelectric/config.php' not found or unable to stat
[Wed Feb 18 02:15:51.204009 2026] [php:error] [pid 63991] [client 20.219.8.79:0] script '/domains/ecernstelectric/theme.php' not found or unable to stat
[Wed Feb 18 02:15:51.772355 2026] [php:error] [pid 63991] [client 20.219.8.79:0] script '/domains/ecernstelectric/block-bindings.php' not found or unable to stat
[Wed Feb 18 02:15:52.113322 2026] [php:error] [pid 63991] [client 20.219.8.79:0] script '/domains/ecernstelectric/class_api.php' not found or unable to stat
[Wed Feb 18 02:15:53.004261 2026] [php:error] [pid 63991] [client 20.219.8.79:0] script '/domains/ecernstelectric/inputs.php' not found or unable to stat
[Wed Feb 18 02:15:53.891937 2026] [php:error] [pid 63991] [client 20.219.8.79:0] script '/domains/ecernstelectric/root.php' not found or unable to stat
[Wed Feb 18 02:15:54.479905 2026] [php:error] [pid 63994] [client 20.219.8.79:0] script '/domains/ecernstelectric/user.php' not found or unable to stat
[Wed Feb 18 02:15:54.490313 2026] [php:error] [pid 63991] [client 20.219.8.79:0] script '/domains/ecernstelectric/menu.php' not found or unable to stat
[Wed Feb 18 02:15:54.823847 2026] [php:error] [pid 63991] [client 20.219.8.79:0] script '/domains/ecernstelectric/goods.php' not found or unable to stat
[Wed Feb 18 02:15:55.772119 2026] [php:error] [pid 63994] [client 20.219.8.79:0] script '/domains/ecernstelectric/wp-2019.php' not found or unable to stat
[Wed Feb 18 02:15:56.123264 2026] [php:error] [pid 63994] [client 20.219.8.79:0] script '/domains/ecernstelectric/chosen.php' not found or unable to stat
[Wed Feb 18 02:15:56.327650 2026] [php:error] [pid 63991] [client 20.219.8.79:0] script '/domains/ecernstelectric/plugin.php' not found or unable to stat
[Wed Feb 18 02:15:56.458676 2026] [php:error] [pid 63994] [client 20.219.8.79:0] script '/domains/ecernstelectric/functions.php' not found or unable to stat
[Wed Feb 18 02:15:56.698548 2026] [php:error] [pid 63991] [client 20.219.8.79:0] script '/domains/ecernstelectric/cloud.php' not found or unable to stat
[Wed Feb 18 02:15:56.825767 2026] [php:error] [pid 63994] [client 20.219.8.79:0] script '/domains/ecernstelectric/cron.php' not found or unable to stat
[Wed Feb 18 02:15:57.155378 2026] [php:error] [pid 63991] [client 20.219.8.79:0] script '/domains/ecernstelectric/configs.php' not found or unable to stat
[Wed Feb 18 02:15:57.184032 2026] [php:error] [pid 63994] [client 20.219.8.79:0] script '/domains/ecernstelectric/edit.php' not found or unable to stat
[Wed Feb 18 02:15:57.483572 2026] [php:error] [pid 63991] [client 20.219.8.79:0] script '/domains/ecernstelectric/wp-configs.php' not found or unable to stat
[Wed Feb 18 02:15:58.073676 2026] [php:error] [pid 63994] [client 20.219.8.79:0] script '/domains/ecernstelectric/gecko-new.php' not found or unable to stat
[Wed Feb 18 02:15:58.631229 2026] [php:error] [pid 63991] [client 20.219.8.79:0] script '/domains/ecernstelectric/update.php' not found or unable to stat
[Wed Feb 18 02:15:58.830790 2026] [php:error] [pid 63994] [client 20.219.8.79:0] script '/domains/ecernstelectric/cookie.php' not found or unable to stat
[Wed Feb 18 02:15:58.955622 2026] [php:error] [pid 63991] [client 20.219.8.79:0] script '/domains/ecernstelectric/2.php' not found or unable to stat
[Wed Feb 18 02:15:59.156140 2026] [php:error] [pid 63994] [client 20.219.8.79:0] script '/domains/ecernstelectric/xleet.php' not found or unable to stat
[Wed Feb 18 02:15:59.994412 2026] [php:error] [pid 63991] [client 20.219.8.79:0] script '/domains/ecernstelectric/input.php' not found or unable to stat
[Wed Feb 18 02:15:59.995772 2026] [php:error] [pid 63994] [client 20.219.8.79:0] script '/domains/ecernstelectric/spip.php' not found or unable to stat
[Wed Feb 18 02:16:00.320042 2026] [php:error] [pid 63994] [client 20.219.8.79:0] script '/domains/ecernstelectric/22.php' not found or unable to stat
[Wed Feb 18 02:16:00.328209 2026] [php:error] [pid 63991] [client 20.219.8.79:0] script '/domains/ecernstelectric/aaa.php' not found or unable to stat
[Wed Feb 18 02:16:00.657174 2026] [php:error] [pid 63994] [client 20.219.8.79:0] script '/domains/ecernstelectric/room.php' not found or unable to stat
[Wed Feb 18 02:16:00.990206 2026] [php:error] [pid 63994] [client 20.219.8.79:0] script '/domains/ecernstelectric/disagreed.php' not found or unable to stat
[Wed Feb 18 02:16:02.111761 2026] [php:error] [pid 63994] [client 20.219.8.79:0] script '/domains/ecernstelectric/text.php' not found or unable to stat
[Wed Feb 18 02:16:02.445727 2026] [php:error] [pid 63994] [client 20.219.8.79:0] script '/domains/ecernstelectric/alfa-rex.php' not found or unable to stat
[Wed Feb 18 02:16:03.929553 2026] [php:error] [pid 63994] [client 20.219.8.79:0] script '/domains/ecernstelectric/feeds.php' not found or unable to stat
[Wed Feb 18 02:16:05.074976 2026] [php:error] [pid 63994] [client 20.219.8.79:0] script '/domains/ecernstelectric/radio.php' not found or unable to stat
[Wed Feb 18 02:16:05.419290 2026] [php:error] [pid 63994] [client 20.219.8.79:0] script '/domains/ecernstelectric/dropdown.php' not found or unable to stat
[Wed Feb 18 02:16:06.908807 2026] [php:error] [pid 63994] [client 20.219.8.79:0] script '/domains/ecernstelectric/defaults.php' not found or unable to stat
[Wed Feb 18 02:16:07.994883 2026] [php:error] [pid 63994] [client 20.219.8.79:0] script '/domains/ecernstelectric/system.php' not found or unable to stat
[Wed Feb 18 02:16:09.180621 2026] [php:error] [pid 63994] [client 20.219.8.79:0] script '/domains/ecernstelectric/xmlrpc.php' not found or unable to stat
[Wed Feb 18 02:16:09.862792 2026] [php:error] [pid 63994] [client 20.219.8.79:0] script '/domains/ecernstelectric/colors.php' not found or unable to stat
[Wed Feb 18 02:16:10.251057 2026] [php:error] [pid 63994] [client 20.219.8.79:0] script '/domains/ecernstelectric/updates.php' not found or unable to stat
[Wed Feb 18 02:16:10.602077 2026] [php:error] [pid 63994] [client 20.219.8.79:0] script '/domains/ecernstelectric/alfa-rex1.php' not found or unable to stat
[Wed Feb 18 02:16:11.899631 2026] [php:error] [pid 63994] [client 20.219.8.79:0] script '/domains/ecernstelectric/wp-index.php' not found or unable to stat
[Wed Feb 18 02:16:12.236292 2026] [php:error] [pid 63994] [client 20.219.8.79:0] script '/domains/ecernstelectric/wp-admin.php' not found or unable to stat
[Wed Feb 18 02:16:12.583950 2026] [php:error] [pid 63994] [client 20.219.8.79:0] script '/domains/ecernstelectric/alfa.php' not found or unable to stat
[Wed Feb 18 02:16:13.308646 2026] [php:error] [pid 63994] [client 20.219.8.79:0] script '/domains/ecernstelectric/locale.php' not found or unable to stat
[Wed Feb 18 02:16:13.676440 2026] [php:error] [pid 63994] [client 20.219.8.79:0] script '/domains/ecernstelectric/wxo.php' not found or unable to stat
[Wed Feb 18 02:16:14.027743 2026] [php:error] [pid 63994] [client 20.219.8.79:0] script '/domains/ecernstelectric/colour.php' not found or unable to stat
[Wed Feb 18 02:16:15.427542 2026] [php:error] [pid 63994] [client 20.219.8.79:0] script '/domains/ecernstelectric/files.php' not found or unable to stat
[Wed Feb 18 02:16:15.778723 2026] [php:error] [pid 63994] [client 20.219.8.79:0] script '/domains/ecernstelectric/install.php' not found or unable to stat
[Wed Feb 18 02:16:16.126381 2026] [php:error] [pid 63994] [client 20.219.8.79:0] script '/domains/ecernstelectric/wp-contentt.php' not found or unable to stat
[Wed Feb 18 02:16:16.320399 2026] [php:error] [pid 63991] [client 20.111.44.121:0] script '/domains/system_default/wp-blog.php' not found or unable to stat
[Wed Feb 18 02:16:16.494782 2026] [php:error] [pid 63991] [client 20.111.44.121:0] script '/domains/system_default/ge.php' not found or unable to stat
[Wed Feb 18 02:16:16.653977 2026] [php:error] [pid 63991] [client 20.111.44.121:0] script '/domains/system_default/class20.php' not found or unable to stat
[Wed Feb 18 02:16:16.742029 2026] [php:error] [pid 63991] [client 20.111.44.121:0] script '/domains/system_default/ssxsl.php' not found or unable to stat
[Wed Feb 18 02:16:16.829799 2026] [php:error] [pid 63991] [client 20.111.44.121:0] script '/domains/system_default/str.php' not found or unable to stat
[Wed Feb 18 02:16:16.850730 2026] [php:error] [pid 63994] [client 20.219.8.79:0] script '/domains/ecernstelectric/config.php' not found or unable to stat
[Wed Feb 18 02:16:17.112407 2026] [php:error] [pid 63991] [client 20.111.44.121:0] script '/domains/system_default/xwpg.php' not found or unable to stat
[Wed Feb 18 02:16:17.191728 2026] [php:error] [pid 63994] [client 20.219.8.79:0] script '/domains/ecernstelectric/theme.php' not found or unable to stat
[Wed Feb 18 02:16:17.199971 2026] [php:error] [pid 63991] [client 20.111.44.121:0] script '/domains/system_default/zz.php' not found or unable to stat
[Wed Feb 18 02:16:17.375017 2026] [php:error] [pid 63991] [client 20.111.44.121:0] script '/domains/system_default/tanjiro.php' not found or unable to stat
[Wed Feb 18 02:16:17.472309 2026] [php:error] [pid 63991] [client 20.111.44.121:0] script '/domains/system_default/up.php' not found or unable to stat
[Wed Feb 18 02:16:17.567525 2026] [php:error] [pid 63991] [client 20.111.44.121:0] script '/domains/system_default/class.php' not found or unable to stat
