[Wed Feb 18 03:00:00.999497 2026] [php:error] [pid 70230] [client 74.248.34.156:0] script '/domains/nsmd2/Okxob.php' not found or unable to stat
[Wed Feb 18 03:00:01.122503 2026] [php:error] [pid 70230] [client 74.248.34.156:0] script '/domains/nsmd2/a.php' not found or unable to stat
[Wed Feb 18 03:00:01.262839 2026] [php:error] [pid 70230] [client 74.248.34.156:0] script '/domains/nsmd2/vx.php' not found or unable to stat
[Wed Feb 18 03:00:01.372892 2026] [php:error] [pid 70230] [client 74.248.34.156:0] script '/domains/nsmd2/lock360.php' not found or unable to stat
[Wed Feb 18 03:00:01.481037 2026] [php:error] [pid 70230] [client 74.248.34.156:0] script '/domains/nsmd2/np.php' not found or unable to stat
[Wed Feb 18 03:00:01.632334 2026] [php:error] [pid 70230] [client 74.248.34.156:0] script '/domains/nsmd2/tx1.php' not found or unable to stat
[Wed Feb 18 03:00:01.736838 2026] [php:error] [pid 70230] [client 74.248.34.156:0] script '/domains/nsmd2/bs.php' not found or unable to stat
[Wed Feb 18 03:00:14.110752 2026] [php:error] [pid 70216] [client 40.115.138.121:0] script '/domains/wsmith.enteract/WSO.php' not found or unable to stat
[Wed Feb 18 03:00:24.561469 2026] [php:error] [pid 70216] [client 40.115.138.121:0] script '/domains/wsmith.enteract/goods.php' not found or unable to stat
[Wed Feb 18 03:00:28.604568 2026] [php:error] [pid 70216] [client 40.115.138.121:0] script '/domains/wsmith.enteract/edit.php' not found or unable to stat
[Wed Feb 18 03:00:30.029393 2026] [php:error] [pid 70216] [client 40.115.138.121:0] script '/domains/wsmith.enteract/file5.php' not found or unable to stat
[Wed Feb 18 03:00:33.194348 2026] [php:error] [pid 70216] [client 40.115.138.121:0] script '/domains/wsmith.enteract/aa.php' not found or unable to stat
[Wed Feb 18 03:00:39.477787 2026] [php:error] [pid 70262] [client 20.43.58.61:0] script '/domains/memanuel/file7.php' not found or unable to stat
[Wed Feb 18 03:00:39.585930 2026] [php:error] [pid 70262] [client 20.43.58.61:0] script '/domains/memanuel/e.php' not found or unable to stat
[Wed Feb 18 03:00:39.674416 2026] [php:error] [pid 70262] [client 20.43.58.61:0] script '/domains/memanuel/lp6.php' not found or unable to stat
[Wed Feb 18 03:00:39.763076 2026] [php:error] [pid 70262] [client 20.43.58.61:0] script '/domains/memanuel/a4.php' not found or unable to stat
[Wed Feb 18 03:00:39.852019 2026] [php:error] [pid 70262] [client 20.43.58.61:0] script '/domains/memanuel/222.php' not found or unable to stat
[Wed Feb 18 03:00:40.413543 2026] [php:error] [pid 70262] [client 20.43.58.61:0] script '/domains/memanuel/403.php' not found or unable to stat
[Wed Feb 18 03:00:40.478394 2026] [php:error] [pid 70216] [client 40.115.138.121:0] script '/domains/wsmith.enteract/autoload_classmap.php' not found or unable to stat
[Wed Feb 18 03:00:40.501882 2026] [php:error] [pid 70262] [client 20.43.58.61:0] script '/domains/memanuel/file5.php' not found or unable to stat
[Wed Feb 18 03:00:40.598200 2026] [php:error] [pid 70262] [client 20.43.58.61:0] script '/domains/memanuel/file9.php' not found or unable to stat
[Wed Feb 18 03:00:40.686691 2026] [php:error] [pid 70262] [client 20.43.58.61:0] script '/domains/memanuel/file8.php' not found or unable to stat
[Wed Feb 18 03:00:40.775332 2026] [php:error] [pid 70262] [client 20.43.58.61:0] script '/domains/memanuel/file3.php' not found or unable to stat
[Wed Feb 18 03:00:40.863873 2026] [php:error] [pid 70262] [client 20.43.58.61:0] script '/domains/memanuel/404.php' not found or unable to stat
[Wed Feb 18 03:00:40.952707 2026] [php:error] [pid 70262] [client 20.43.58.61:0] script '/domains/memanuel/file6.php' not found or unable to stat
[Wed Feb 18 03:00:41.057483 2026] [php:error] [pid 70262] [client 20.43.58.61:0] script '/domains/memanuel/file2.php' not found or unable to stat
[Wed Feb 18 03:00:41.146365 2026] [php:error] [pid 70262] [client 20.43.58.61:0] script '/domains/memanuel/file.php' not found or unable to stat
[Wed Feb 18 03:00:46.528403 2026] [php:error] [pid 70216] [client 40.115.138.121:0] script '/domains/wsmith.enteract/file.php' not found or unable to stat
[Wed Feb 18 03:00:48.916090 2026] [php:error] [pid 70216] [client 40.115.138.121:0] script '/domains/wsmith.enteract/inputs.php' not found or unable to stat
[Wed Feb 18 03:00:50.304213 2026] [php:error] [pid 70216] [client 40.115.138.121:0] script '/domains/wsmith.enteract/1.php' not found or unable to stat
[Wed Feb 18 03:00:58.853231 2026] [php:error] [pid 70263] [client 20.42.209.0:0] script '/domains/system_default/tfm.php' not found or unable to stat
[Wed Feb 18 03:00:59.060825 2026] [php:error] [pid 70263] [client 20.42.209.0:0] script '/domains/system_default/wp-blogs.php' not found or unable to stat
[Wed Feb 18 03:00:59.266253 2026] [php:error] [pid 70263] [client 20.42.209.0:0] script '/domains/system_default/amp.php' not found or unable to stat
[Wed Feb 18 03:00:59.466809 2026] [php:error] [pid 70263] [client 20.42.209.0:0] script '/domains/system_default/666.php' not found or unable to stat
[Wed Feb 18 03:00:59.665964 2026] [php:error] [pid 70263] [client 20.42.209.0:0] script '/domains/system_default/asax.php' not found or unable to stat
[Wed Feb 18 03:00:59.866692 2026] [php:error] [pid 70263] [client 20.42.209.0:0] script '/domains/system_default/init.php' not found or unable to stat
[Wed Feb 18 03:01:00.066175 2026] [php:error] [pid 70263] [client 20.42.209.0:0] script '/domains/system_default/bootstrap.php' not found or unable to stat
[Wed Feb 18 03:01:00.265310 2026] [php:error] [pid 70263] [client 20.42.209.0:0] script '/domains/system_default/sc.php' not found or unable to stat
[Wed Feb 18 03:01:00.472896 2026] [php:error] [pid 70263] [client 20.42.209.0:0] script '/domains/system_default/term.php' not found or unable to stat
[Wed Feb 18 03:01:00.672134 2026] [php:error] [pid 70263] [client 20.42.209.0:0] script '/domains/system_default/global.php' not found or unable to stat
[Wed Feb 18 03:01:00.871833 2026] [php:error] [pid 70263] [client 20.42.209.0:0] script '/domains/system_default/black.php' not found or unable to stat
[Wed Feb 18 03:01:01.071200 2026] [php:error] [pid 70263] [client 20.42.209.0:0] script '/domains/system_default/222.php' not found or unable to stat
[Wed Feb 18 03:01:01.294136 2026] [php:error] [pid 70263] [client 20.42.209.0:0] script '/domains/system_default/t.php' not found or unable to stat
[Wed Feb 18 03:01:01.375608 2026] [php:error] [pid 70216] [client 40.115.138.121:0] script '/domains/wsmith.enteract/flower.php' not found or unable to stat
[Wed Feb 18 03:01:01.495768 2026] [php:error] [pid 70263] [client 20.42.209.0:0] script '/domains/system_default/lib.php' not found or unable to stat
[Wed Feb 18 03:01:01.728997 2026] [php:error] [pid 70263] [client 20.42.209.0:0] script '/domains/system_default/asus.php' not found or unable to stat
[Wed Feb 18 03:01:01.928395 2026] [php:error] [pid 70263] [client 20.42.209.0:0] script '/domains/system_default/dox.php' not found or unable to stat
[Wed Feb 18 03:01:02.130108 2026] [php:error] [pid 70263] [client 20.42.209.0:0] script '/domains/system_default/s.php' not found or unable to stat
[Wed Feb 18 03:01:02.329588 2026] [php:error] [pid 70263] [client 20.42.209.0:0] script '/domains/system_default/file.php' not found or unable to stat
[Wed Feb 18 03:01:02.529407 2026] [php:error] [pid 70263] [client 20.42.209.0:0] script '/domains/system_default/bolt.php' not found or unable to stat
[Wed Feb 18 03:01:02.728533 2026] [php:error] [pid 70263] [client 20.42.209.0:0] script '/domains/system_default/166.php' not found or unable to stat
[Wed Feb 18 03:01:02.825965 2026] [php:error] [pid 70256] [client 145.239.10.137:0] script '/domains/mjbradley/n.php' not found or unable to stat, referer: http://bradleyfloors.com/n.php
[Wed Feb 18 03:01:02.941171 2026] [php:error] [pid 70263] [client 20.42.209.0:0] script '/domains/system_default/wen.php' not found or unable to stat
[Wed Feb 18 03:01:03.149392 2026] [php:error] [pid 70263] [client 20.42.209.0:0] script '/domains/system_default/wp-act.php' not found or unable to stat
[Wed Feb 18 03:01:03.348808 2026] [php:error] [pid 70263] [client 20.42.209.0:0] script '/domains/system_default/ff1.php' not found or unable to stat
[Wed Feb 18 03:01:03.548938 2026] [php:error] [pid 70263] [client 20.42.209.0:0] script '/domains/system_default/66.php' not found or unable to stat
[Wed Feb 18 03:01:03.748962 2026] [php:error] [pid 70263] [client 20.42.209.0:0] script '/domains/system_default/ws66.php' not found or unable to stat
[Wed Feb 18 03:01:03.949001 2026] [php:error] [pid 70263] [client 20.42.209.0:0] script '/domains/system_default/bgymj.php' not found or unable to stat
[Wed Feb 18 03:01:04.148112 2026] [php:error] [pid 70263] [client 20.42.209.0:0] script '/domains/system_default/24.php' not found or unable to stat
[Wed Feb 18 03:01:04.350182 2026] [php:error] [pid 70263] [client 20.42.209.0:0] script '/domains/system_default/h02ugyh.php' not found or unable to stat
[Wed Feb 18 03:01:04.549634 2026] [php:error] [pid 70263] [client 20.42.209.0:0] script '/domains/system_default/a4.php' not found or unable to stat
[Wed Feb 18 03:01:04.748703 2026] [php:error] [pid 70263] [client 20.42.209.0:0] script '/domains/system_default/inputs.php' not found or unable to stat
[Wed Feb 18 03:01:04.948258 2026] [php:error] [pid 70263] [client 20.42.209.0:0] script '/domains/system_default/gfd.php' not found or unable to stat
[Wed Feb 18 03:01:05.354378 2026] [php:error] [pid 70263] [client 20.42.209.0:0] script '/domains/system_default/wefile.php' not found or unable to stat
[Wed Feb 18 03:01:05.558193 2026] [php:error] [pid 70263] [client 20.42.209.0:0] script '/domains/system_default/55.php' not found or unable to stat
[Wed Feb 18 03:01:05.757860 2026] [php:error] [pid 70263] [client 20.42.209.0:0] script '/domains/system_default/vx.php' not found or unable to stat
[Wed Feb 18 03:01:05.957531 2026] [php:error] [pid 70263] [client 20.42.209.0:0] script '/domains/system_default/edit-tags.php' not found or unable to stat
[Wed Feb 18 03:01:06.156520 2026] [php:error] [pid 70263] [client 20.42.209.0:0] script '/domains/system_default/ioxi-o.php' not found or unable to stat
[Wed Feb 18 03:01:06.356663 2026] [php:error] [pid 70263] [client 20.42.209.0:0] script '/domains/system_default/155.php' not found or unable to stat
[Wed Feb 18 03:01:06.559861 2026] [php:error] [pid 70263] [client 20.42.209.0:0] script '/domains/system_default/core.php' not found or unable to stat
[Wed Feb 18 03:01:06.770014 2026] [php:error] [pid 70263] [client 20.42.209.0:0] script '/domains/system_default/ccs.php' not found or unable to stat
[Wed Feb 18 03:01:06.974883 2026] [php:error] [pid 70263] [client 20.42.209.0:0] script '/domains/system_default/apk.php' not found or unable to stat
[Wed Feb 18 03:01:07.178002 2026] [php:error] [pid 70263] [client 20.42.209.0:0] script '/domains/system_default/bnm.php' not found or unable to stat
[Wed Feb 18 03:01:07.377827 2026] [php:error] [pid 70263] [client 20.42.209.0:0] script '/domains/system_default/gettest.php' not found or unable to stat
[Wed Feb 18 03:01:07.580802 2026] [php:error] [pid 70263] [client 20.42.209.0:0] script '/domains/system_default/edit.php' not found or unable to stat
[Wed Feb 18 03:01:07.792920 2026] [php:error] [pid 70263] [client 20.42.209.0:0] script '/domains/system_default/sid3.php' not found or unable to stat
[Wed Feb 18 03:01:07.992084 2026] [php:error] [pid 70263] [client 20.42.209.0:0] script '/domains/system_default/abc.php' not found or unable to stat
[Wed Feb 18 03:01:08.196243 2026] [php:error] [pid 70263] [client 20.42.209.0:0] script '/domains/system_default/admin-footer.php' not found or unable to stat
[Wed Feb 18 03:01:08.395610 2026] [php:error] [pid 70263] [client 20.42.209.0:0] script '/domains/system_default/wp-p2r3q9c8k4.php' not found or unable to stat
[Wed Feb 18 03:01:08.595147 2026] [php:error] [pid 70263] [client 20.42.209.0:0] script '/domains/system_default/jga.php' not found or unable to stat
[Wed Feb 18 03:01:08.794300 2026] [php:error] [pid 70263] [client 20.42.209.0:0] script '/domains/system_default/tool.php' not found or unable to stat
[Wed Feb 18 03:01:08.994813 2026] [php:error] [pid 70263] [client 20.42.209.0:0] script '/domains/system_default/ms.php' not found or unable to stat
[Wed Feb 18 03:01:09.194933 2026] [php:error] [pid 70263] [client 20.42.209.0:0] script '/domains/system_default/xxw.php' not found or unable to stat
[Wed Feb 18 03:01:09.400587 2026] [php:error] [pid 70263] [client 20.42.209.0:0] script '/domains/system_default/callback.php' not found or unable to stat
[Wed Feb 18 03:01:09.599823 2026] [php:error] [pid 70263] [client 20.42.209.0:0] script '/domains/system_default/logs.php' not found or unable to stat
[Wed Feb 18 03:01:09.799127 2026] [php:error] [pid 70263] [client 20.42.209.0:0] script '/domains/system_default/aboutc.php' not found or unable to stat
[Wed Feb 18 03:01:10.000678 2026] [php:error] [pid 70263] [client 20.42.209.0:0] script '/domains/system_default/ajax.php' not found or unable to stat
[Wed Feb 18 03:01:10.201045 2026] [php:error] [pid 70263] [client 20.42.209.0:0] script '/domains/system_default/xr.php' not found or unable to stat
[Wed Feb 18 03:01:10.400280 2026] [php:error] [pid 70263] [client 20.42.209.0:0] script '/domains/system_default/ff.php' not found or unable to stat
[Wed Feb 18 03:01:10.605861 2026] [php:error] [pid 70263] [client 20.42.209.0:0] script '/domains/system_default/aaa.php' not found or unable to stat
[Wed Feb 18 03:01:10.805223 2026] [php:error] [pid 70263] [client 20.42.209.0:0] script '/domains/system_default/RIP.php' not found or unable to stat
[Wed Feb 18 03:01:11.004542 2026] [php:error] [pid 70263] [client 20.42.209.0:0] script '/domains/system_default/knme.php' not found or unable to stat
[Wed Feb 18 03:01:11.208669 2026] [php:error] [pid 70263] [client 20.42.209.0:0] script '/domains/system_default/ws71.php' not found or unable to stat
[Wed Feb 18 03:01:11.407958 2026] [php:error] [pid 70263] [client 20.42.209.0:0] script '/domains/system_default/ws67.php' not found or unable to stat
[Wed Feb 18 03:01:11.607320 2026] [php:error] [pid 70263] [client 20.42.209.0:0] script '/domains/system_default/momo.php' not found or unable to stat
[Wed Feb 18 03:01:14.795918 2026] [php:error] [pid 70256] [client 40.115.138.121:0] script '/domains/wsmith.enteract/ioxi-o.php' not found or unable to stat
[Wed Feb 18 03:01:14.970943 2026] [php:error] [pid 70256] [client 40.115.138.121:0] script '/domains/wsmith.enteract/radio.php' not found or unable to stat
[Wed Feb 18 03:01:19.538816 2026] [php:error] [pid 70256] [client 40.115.138.121:0] script '/domains/wsmith.enteract/admin.php' not found or unable to stat
[Wed Feb 18 03:01:20.968136 2026] [php:error] [pid 70256] [client 40.115.138.121:0] script '/domains/wsmith.enteract/functions.php' not found or unable to stat
[Wed Feb 18 03:01:22.979252 2026] [php:error] [pid 70227] [client 74.248.34.156:0] script '/domains/quintet/wp-blog.php' not found or unable to stat
[Wed Feb 18 03:01:23.155688 2026] [php:error] [pid 70227] [client 74.248.34.156:0] script '/domains/quintet/ge.php' not found or unable to stat
[Wed Feb 18 03:01:23.336352 2026] [php:error] [pid 70227] [client 74.248.34.156:0] script '/domains/quintet/class20.php' not found or unable to stat
[Wed Feb 18 03:01:23.465880 2026] [php:error] [pid 70227] [client 74.248.34.156:0] script '/domains/quintet/ssxsl.php' not found or unable to stat
[Wed Feb 18 03:01:23.678275 2026] [php:error] [pid 70227] [client 74.248.34.156:0] script '/domains/quintet/str.php' not found or unable to stat
[Wed Feb 18 03:01:23.784543 2026] [php:error] [pid 70227] [client 74.248.34.156:0] script '/domains/quintet/xwpg.php' not found or unable to stat
[Wed Feb 18 03:01:23.898726 2026] [php:error] [pid 70227] [client 74.248.34.156:0] script '/domains/quintet/zz.php' not found or unable to stat
[Wed Feb 18 03:01:24.120537 2026] [php:error] [pid 70227] [client 74.248.34.156:0] script '/domains/quintet/tanjiro.php' not found or unable to stat
[Wed Feb 18 03:01:24.228265 2026] [php:error] [pid 70227] [client 74.248.34.156:0] script '/domains/quintet/up.php' not found or unable to stat
[Wed Feb 18 03:01:24.363224 2026] [php:error] [pid 70227] [client 74.248.34.156:0] script '/domains/quintet/class.php' not found or unable to stat
[Wed Feb 18 03:01:24.469164 2026] [php:error] [pid 70227] [client 74.248.34.156:0] script '/domains/quintet/nope.php' not found or unable to stat
[Wed Feb 18 03:01:24.581720 2026] [php:error] [pid 70227] [client 74.248.34.156:0] script '/domains/quintet/kwm4.php' not found or unable to stat
[Wed Feb 18 03:01:24.691044 2026] [php:error] [pid 70227] [client 74.248.34.156:0] script '/domains/quintet/wp-aa.php' not found or unable to stat
[Wed Feb 18 03:01:24.797302 2026] [php:error] [pid 70227] [client 74.248.34.156:0] script '/domains/quintet/byp.php' not found or unable to stat
[Wed Feb 18 03:01:24.903856 2026] [php:error] [pid 70227] [client 74.248.34.156:0] script '/domains/quintet/0.php' not found or unable to stat
[Wed Feb 18 03:01:25.027043 2026] [php:error] [pid 70227] [client 74.248.34.156:0] script '/domains/quintet/F0x.php' not found or unable to stat
[Wed Feb 18 03:01:25.135248 2026] [php:error] [pid 70227] [client 74.248.34.156:0] script '/domains/quintet/wp-mail.php' not found or unable to stat
[Wed Feb 18 03:01:25.227442 2026] [php:error] [pid 70256] [client 40.115.138.121:0] script '/domains/wsmith.enteract/autoload_classmap.php' not found or unable to stat
[Wed Feb 18 03:01:25.247300 2026] [php:error] [pid 70227] [client 74.248.34.156:0] script '/domains/quintet/fan.php' not found or unable to stat
[Wed Feb 18 03:01:25.453166 2026] [php:error] [pid 70227] [client 74.248.34.156:0] script '/domains/quintet/ztv.php' not found or unable to stat
[Wed Feb 18 03:01:25.558958 2026] [php:error] [pid 70227] [client 74.248.34.156:0] script '/domains/quintet/bras.php' not found or unable to stat
[Wed Feb 18 03:01:25.690002 2026] [php:error] [pid 70227] [client 74.248.34.156:0] script '/domains/quintet/wziar.php' not found or unable to stat
[Wed Feb 18 03:01:25.797661 2026] [php:error] [pid 70227] [client 74.248.34.156:0] script '/domains/quintet/wpup.php' not found or unable to stat
[Wed Feb 18 03:01:25.905078 2026] [php:error] [pid 70227] [client 74.248.34.156:0] script '/domains/quintet/x50.php' not found or unable to stat
[Wed Feb 18 03:01:26.031663 2026] [php:error] [pid 70227] [client 74.248.34.156:0] script '/domains/quintet/ee.php' not found or unable to stat
[Wed Feb 18 03:01:26.149762 2026] [php:error] [pid 70227] [client 74.248.34.156:0] script '/domains/quintet/xz89.php' not found or unable to stat
[Wed Feb 18 03:01:26.362914 2026] [php:error] [pid 70227] [client 74.248.34.156:0] script '/domains/quintet/updates.php' not found or unable to stat
[Wed Feb 18 03:01:26.392005 2026] [php:error] [pid 70256] [client 40.115.138.121:0] script '/domains/wsmith.enteract/post.php' not found or unable to stat
[Wed Feb 18 03:01:26.482189 2026] [php:error] [pid 70227] [client 74.248.34.156:0] script '/domains/quintet/vxnxvgfw.php' not found or unable to stat
[Wed Feb 18 03:01:26.646402 2026] [php:error] [pid 70227] [client 74.248.34.156:0] script '/domains/quintet/mapi.php' not found or unable to stat
[Wed Feb 18 03:01:26.752383 2026] [php:error] [pid 70227] [client 74.248.34.156:0] script '/domains/quintet/f2r4.php' not found or unable to stat
[Wed Feb 18 03:01:26.858555 2026] [php:error] [pid 70227] [client 74.248.34.156:0] script '/domains/quintet/item.php' not found or unable to stat
[Wed Feb 18 03:01:27.277828 2026] [php:error] [pid 70227] [client 74.248.34.156:0] script '/domains/quintet/xse25.php' not found or unable to stat
[Wed Feb 18 03:01:27.388193 2026] [php:error] [pid 70227] [client 74.248.34.156:0] script '/domains/quintet/sf9.php' not found or unable to stat
[Wed Feb 18 03:01:27.494522 2026] [php:error] [pid 70227] [client 74.248.34.156:0] script '/domains/quintet/5b9ac.php' not found or unable to stat
[Wed Feb 18 03:01:27.503425 2026] [php:error] [pid 70256] [client 40.115.138.121:0] script '/domains/wsmith.enteract/1.php' not found or unable to stat
[Wed Feb 18 03:01:27.701964 2026] [php:error] [pid 70256] [client 40.115.138.121:0] script '/domains/wsmith.enteract/flower.php' not found or unable to stat
[Wed Feb 18 03:01:27.706386 2026] [php:error] [pid 70227] [client 74.248.34.156:0] script '/domains/quintet/bolt.php' not found or unable to stat
[Wed Feb 18 03:01:27.883218 2026] [php:error] [pid 70227] [client 74.248.34.156:0] script '/domains/quintet/dump.php' not found or unable to stat
[Wed Feb 18 03:01:27.886220 2026] [php:error] [pid 70256] [client 40.115.138.121:0] script '/domains/wsmith.enteract/admin.php' not found or unable to stat
[Wed Feb 18 03:01:27.998504 2026] [php:error] [pid 70227] [client 74.248.34.156:0] script '/domains/quintet/xx.php' not found or unable to stat
[Wed Feb 18 03:01:28.094931 2026] [php:error] [pid 70256] [client 40.115.138.121:0] script '/domains/wsmith.enteract/file.php' not found or unable to stat
[Wed Feb 18 03:01:28.104244 2026] [php:error] [pid 70227] [client 74.248.34.156:0] script '/domains/quintet/Okxob.php' not found or unable to stat
[Wed Feb 18 03:01:28.215534 2026] [php:error] [pid 70227] [client 74.248.34.156:0] script '/domains/quintet/a.php' not found or unable to stat
[Wed Feb 18 03:01:28.298455 2026] [php:error] [pid 70256] [client 40.115.138.121:0] script '/domains/wsmith.enteract/meta.php' not found or unable to stat
[Wed Feb 18 03:01:28.377525 2026] [php:error] [pid 70227] [client 74.248.34.156:0] script '/domains/quintet/vx.php' not found or unable to stat
[Wed Feb 18 03:01:28.484554 2026] [php:error] [pid 70227] [client 74.248.34.156:0] script '/domains/quintet/lock360.php' not found or unable to stat
[Wed Feb 18 03:01:28.492311 2026] [php:error] [pid 70256] [client 40.115.138.121:0] script '/domains/wsmith.enteract/index.php' not found or unable to stat
[Wed Feb 18 03:01:28.595803 2026] [php:error] [pid 70227] [client 74.248.34.156:0] script '/domains/quintet/np.php' not found or unable to stat
[Wed Feb 18 03:01:28.671056 2026] [php:error] [pid 70256] [client 40.115.138.121:0] script '/domains/wsmith.enteract/abcd.php' not found or unable to stat
[Wed Feb 18 03:01:28.809284 2026] [php:error] [pid 70227] [client 74.248.34.156:0] script '/domains/quintet/tx1.php' not found or unable to stat
[Wed Feb 18 03:01:28.848239 2026] [php:error] [pid 70256] [client 40.115.138.121:0] script '/domains/wsmith.enteract/about.php' not found or unable to stat
[Wed Feb 18 03:01:28.915514 2026] [php:error] [pid 70227] [client 74.248.34.156:0] script '/domains/quintet/bs.php' not found or unable to stat
[Wed Feb 18 03:01:29.990249 2026] [php:error] [pid 70256] [client 40.115.138.121:0] script '/domains/wsmith.enteract/randkeyword.php' not found or unable to stat
[Wed Feb 18 03:01:30.163983 2026] [php:error] [pid 70256] [client 40.115.138.121:0] script '/domains/wsmith.enteract/goods.php' not found or unable to stat
[Wed Feb 18 03:01:30.342778 2026] [php:error] [pid 70256] [client 40.115.138.121:0] script '/domains/wsmith.enteract/hehe.php' not found or unable to stat
[Wed Feb 18 03:01:31.758650 2026] [php:error] [pid 70256] [client 40.115.138.121:0] script '/domains/wsmith.enteract/user.php' not found or unable to stat
[Wed Feb 18 03:01:33.213641 2026] [php:error] [pid 70256] [client 40.115.138.121:0] script '/domains/wsmith.enteract/wp-2019.php' not found or unable to stat
[Wed Feb 18 03:01:34.502815 2026] [php:error] [pid 70256] [client 40.115.138.121:0] script '/domains/wsmith.enteract/chosen.php' not found or unable to stat
[Wed Feb 18 03:01:35.349406 2026] [php:error] [pid 70256] [client 40.115.138.121:0] script '/domains/wsmith.enteract/functions.php' not found or unable to stat
[Wed Feb 18 03:01:35.585141 2026] [php:error] [pid 70256] [client 40.115.138.121:0] script '/domains/wsmith.enteract/cron.php' not found or unable to stat
[Wed Feb 18 03:01:35.775913 2026] [php:error] [pid 70256] [client 40.115.138.121:0] script '/domains/wsmith.enteract/edit.php' not found or unable to stat
[Wed Feb 18 03:01:36.700694 2026] [php:error] [pid 70256] [client 40.115.138.121:0] script '/domains/wsmith.enteract/gecko-new.php' not found or unable to stat
[Wed Feb 18 03:01:36.920672 2026] [php:error] [pid 70256] [client 40.115.138.121:0] script '/domains/wsmith.enteract/cookie.php' not found or unable to stat
[Wed Feb 18 03:01:38.179595 2026] [php:error] [pid 70256] [client 40.115.138.121:0] script '/domains/wsmith.enteract/xleet.php' not found or unable to stat
[Wed Feb 18 03:01:38.379410 2026] [php:error] [pid 70256] [client 40.115.138.121:0] script '/domains/wsmith.enteract/spip.php' not found or unable to stat
[Wed Feb 18 03:01:38.578151 2026] [php:error] [pid 70256] [client 40.115.138.121:0] script '/domains/wsmith.enteract/22.php' not found or unable to stat
[Wed Feb 18 03:01:39.439712 2026] [php:error] [pid 70256] [client 40.115.138.121:0] script '/domains/wsmith.enteract/room.php' not found or unable to stat
[Wed Feb 18 03:01:40.542379 2026] [php:error] [pid 70256] [client 40.115.138.121:0] script '/domains/wsmith.enteract/disagreed.php' not found or unable to stat
[Wed Feb 18 03:01:41.729102 2026] [php:error] [pid 70256] [client 40.115.138.121:0] script '/domains/wsmith.enteract/text.php' not found or unable to stat
[Wed Feb 18 03:01:42.211534 2026] [php:error] [pid 70256] [client 40.115.138.121:0] script '/domains/wsmith.enteract/alfa-rex.php' not found or unable to stat
[Wed Feb 18 03:01:43.570566 2026] [php:error] [pid 70256] [client 40.115.138.121:0] script '/domains/wsmith.enteract/feeds.php' not found or unable to stat
[Wed Feb 18 03:01:45.152016 2026] [php:error] [pid 70256] [client 40.115.138.121:0] script '/domains/wsmith.enteract/radio.php' not found or unable to stat
[Wed Feb 18 03:01:45.795975 2026] [php:error] [pid 70256] [client 40.115.138.121:0] script '/domains/wsmith.enteract/dropdown.php' not found or unable to stat
[Wed Feb 18 03:01:46.973735 2026] [php:error] [pid 70256] [client 40.115.138.121:0] script '/domains/wsmith.enteract/defaults.php' not found or unable to stat
[Wed Feb 18 03:01:48.272123 2026] [php:error] [pid 70256] [client 40.115.138.121:0] script '/domains/wsmith.enteract/system.php' not found or unable to stat
[Wed Feb 18 03:01:49.192168 2026] [php:error] [pid 70256] [client 40.115.138.121:0] script '/domains/wsmith.enteract/xmlrpc.php' not found or unable to stat
[Wed Feb 18 03:01:50.654524 2026] [php:error] [pid 70256] [client 40.115.138.121:0] script '/domains/wsmith.enteract/colors.php' not found or unable to stat
[Wed Feb 18 03:01:50.841623 2026] [php:error] [pid 70256] [client 40.115.138.121:0] script '/domains/wsmith.enteract/updates.php' not found or unable to stat
[Wed Feb 18 03:01:52.257119 2026] [php:error] [pid 70256] [client 40.115.138.121:0] script '/domains/wsmith.enteract/alfa-rex1.php' not found or unable to stat
[Wed Feb 18 03:01:53.324703 2026] [php:error] [pid 70256] [client 40.115.138.121:0] script '/domains/wsmith.enteract/wp-index.php' not found or unable to stat
[Wed Feb 18 03:01:54.392648 2026] [php:error] [pid 70256] [client 40.115.138.121:0] script '/domains/wsmith.enteract/wp-admin.php' not found or unable to stat
[Wed Feb 18 03:01:54.644335 2026] [php:error] [pid 70256] [client 40.115.138.121:0] script '/domains/wsmith.enteract/alfa.php' not found or unable to stat
[Wed Feb 18 03:01:56.010492 2026] [php:error] [pid 70256] [client 40.115.138.121:0] script '/domains/wsmith.enteract/locale.php' not found or unable to stat
[Wed Feb 18 03:01:56.221775 2026] [php:error] [pid 70256] [client 40.115.138.121:0] script '/domains/wsmith.enteract/wxo.php' not found or unable to stat
[Wed Feb 18 03:01:57.471065 2026] [php:error] [pid 70256] [client 40.115.138.121:0] script '/domains/wsmith.enteract/colour.php' not found or unable to stat
[Wed Feb 18 03:01:57.645336 2026] [php:error] [pid 70256] [client 40.115.138.121:0] script '/domains/wsmith.enteract/files.php' not found or unable to stat
[Wed Feb 18 03:01:58.677005 2026] [php:error] [pid 70256] [client 40.115.138.121:0] script '/domains/wsmith.enteract/install.php' not found or unable to stat
[Wed Feb 18 03:01:59.672370 2026] [php:error] [pid 70256] [client 40.115.138.121:0] script '/domains/wsmith.enteract/wp-contentt.php' not found or unable to stat
[Wed Feb 18 03:02:00.692429 2026] [php:error] [pid 70256] [client 40.115.138.121:0] script '/domains/wsmith.enteract/config.php' not found or unable to stat
[Wed Feb 18 03:02:01.328805 2026] [php:error] [pid 70256] [client 40.115.138.121:0] script '/domains/wsmith.enteract/theme.php' not found or unable to stat
[Wed Feb 18 03:02:01.535754 2026] [php:error] [pid 70256] [client 40.115.138.121:0] script '/domains/wsmith.enteract/block-bindings.php' not found or unable to stat
[Wed Feb 18 03:02:01.772458 2026] [php:error] [pid 70256] [client 40.115.138.121:0] script '/domains/wsmith.enteract/class_api.php' not found or unable to stat
[Wed Feb 18 03:02:01.974435 2026] [php:error] [pid 70256] [client 40.115.138.121:0] script '/domains/wsmith.enteract/inputs.php' not found or unable to stat
[Wed Feb 18 03:02:02.166065 2026] [php:error] [pid 70256] [client 40.115.138.121:0] script '/domains/wsmith.enteract/root.php' not found or unable to stat
[Wed Feb 18 03:02:02.930432 2026] [php:error] [pid 70256] [client 40.115.138.121:0] script '/domains/wsmith.enteract/menu.php' not found or unable to stat
[Wed Feb 18 03:02:03.538830 2026] [php:error] [pid 70256] [client 40.115.138.121:0] script '/domains/wsmith.enteract/plugin.php' not found or unable to stat
[Wed Feb 18 03:02:03.713338 2026] [php:error] [pid 70256] [client 40.115.138.121:0] script '/domains/wsmith.enteract/cloud.php' not found or unable to stat
[Wed Feb 18 03:02:04.731051 2026] [php:error] [pid 70256] [client 40.115.138.121:0] script '/domains/wsmith.enteract/configs.php' not found or unable to stat
[Wed Feb 18 03:02:04.905690 2026] [php:error] [pid 70256] [client 40.115.138.121:0] script '/domains/wsmith.enteract/wp-configs.php' not found or unable to stat
[Wed Feb 18 03:02:05.080156 2026] [php:error] [pid 70256] [client 40.115.138.121:0] script '/domains/wsmith.enteract/update.php' not found or unable to stat
[Wed Feb 18 03:02:05.272228 2026] [php:error] [pid 70256] [client 40.115.138.121:0] script '/domains/wsmith.enteract/2.php' not found or unable to stat
[Wed Feb 18 03:02:06.031965 2026] [php:error] [pid 70256] [client 40.115.138.121:0] script '/domains/wsmith.enteract/input.php' not found or unable to stat
[Wed Feb 18 03:02:06.216506 2026] [php:error] [pid 70256] [client 40.115.138.121:0] script '/domains/wsmith.enteract/aaa.php' not found or unable to stat
[Wed Feb 18 03:02:09.440161 2026] [php:error] [pid 70257] [client 4.224.46.39:0] script '/domains/king1969/new4.php' not found or unable to stat
[Wed Feb 18 03:02:09.650340 2026] [php:error] [pid 70257] [client 4.224.46.39:0] script '/domains/king1969/sc.php' not found or unable to stat
[Wed Feb 18 03:02:09.864896 2026] [php:error] [pid 70257] [client 4.224.46.39:0] script '/domains/king1969/pouhg.php' not found or unable to stat
[Wed Feb 18 03:02:10.207277 2026] [php:error] [pid 70250] [client 20.100.195.34:0] script '/domains/fairlane1/C1.php' not found or unable to stat
[Wed Feb 18 03:02:10.281834 2026] [php:error] [pid 70257] [client 4.224.46.39:0] script '/domains/king1969/vgtyu.php' not found or unable to stat
[Wed Feb 18 03:02:10.319349 2026] [php:error] [pid 70250] [client 20.100.195.34:0] script '/domains/fairlane1/ava.php' not found or unable to stat
[Wed Feb 18 03:02:10.417296 2026] [php:error] [pid 70250] [client 20.100.195.34:0] script '/domains/fairlane1/priv.php' not found or unable to stat
[Wed Feb 18 03:02:10.492589 2026] [php:error] [pid 70257] [client 4.224.46.39:0] script '/domains/king1969/aq.php' not found or unable to stat
[Wed Feb 18 03:02:10.563403 2026] [php:error] [pid 70250] [client 20.100.195.34:0] script '/domains/fairlane1/Okxob.php' not found or unable to stat
[Wed Feb 18 03:02:10.764737 2026] [php:error] [pid 70257] [client 4.224.46.39:0] script '/domains/king1969/opts.php' not found or unable to stat
[Wed Feb 18 03:02:10.775235 2026] [php:error] [pid 70250] [client 20.100.195.34:0] script '/domains/fairlane1/gi.php' not found or unable to stat
[Wed Feb 18 03:02:10.885029 2026] [php:error] [pid 70250] [client 20.100.195.34:0] script '/domains/fairlane1/Sanskrit.php' not found or unable to stat
[Wed Feb 18 03:02:10.974776 2026] [php:error] [pid 70257] [client 4.224.46.39:0] script '/domains/king1969/x123.php' not found or unable to stat
[Wed Feb 18 03:02:11.138218 2026] [php:error] [pid 70250] [client 20.100.195.34:0] script '/domains/fairlane1/jok3r.php' not found or unable to stat
[Wed Feb 18 03:02:11.192782 2026] [php:error] [pid 70257] [client 4.224.46.39:0] script '/domains/king1969/wp-act.php' not found or unable to stat
[Wed Feb 18 03:02:11.248465 2026] [php:error] [pid 70250] [client 20.100.195.34:0] script '/domains/fairlane1/mjq.php' not found or unable to stat
[Wed Feb 18 03:02:11.403068 2026] [php:error] [pid 70257] [client 4.224.46.39:0] script '/domains/king1969/moshou.php' not found or unable to stat
[Wed Feb 18 03:02:11.491258 2026] [php:error] [pid 70250] [client 20.100.195.34:0] script '/domains/fairlane1/snus.php' not found or unable to stat
[Wed Feb 18 03:02:11.590088 2026] [php:error] [pid 70250] [client 20.100.195.34:0] script '/domains/fairlane1/shlo.php' not found or unable to stat
[Wed Feb 18 03:02:11.707953 2026] [php:error] [pid 70250] [client 20.100.195.34:0] script '/domains/fairlane1/pass.php' not found or unable to stat
[Wed Feb 18 03:02:11.806170 2026] [php:error] [pid 70250] [client 20.100.195.34:0] script '/domains/fairlane1/clnfnjna.php' not found or unable to stat
[Wed Feb 18 03:02:11.820567 2026] [php:error] [pid 70257] [client 4.224.46.39:0] script '/domains/king1969/seetox.php' not found or unable to stat
[Wed Feb 18 03:02:11.904391 2026] [php:error] [pid 70250] [client 20.100.195.34:0] script '/domains/fairlane1/grsiuk.php' not found or unable to stat
[Wed Feb 18 03:02:12.008967 2026] [php:error] [pid 70250] [client 20.100.195.34:0] script '/domains/fairlane1/byp8.php' not found or unable to stat
[Wed Feb 18 03:02:12.030580 2026] [php:error] [pid 70257] [client 4.224.46.39:0] script '/domains/king1969/dom.php' not found or unable to stat
[Wed Feb 18 03:02:12.107621 2026] [php:error] [pid 70250] [client 20.100.195.34:0] script '/domains/fairlane1/jvfsi.php' not found or unable to stat
[Wed Feb 18 03:02:12.205759 2026] [php:error] [pid 70250] [client 20.100.195.34:0] script '/domains/fairlane1/diyxm.php' not found or unable to stat
[Wed Feb 18 03:02:12.311955 2026] [php:error] [pid 70250] [client 20.100.195.34:0] script '/domains/fairlane1/vjkzu.php' not found or unable to stat
[Wed Feb 18 03:02:12.332232 2026] [php:error] [pid 70257] [client 4.224.46.39:0] script '/domains/king1969/ws60.php' not found or unable to stat
[Wed Feb 18 03:02:12.417688 2026] [php:error] [pid 70250] [client 20.100.195.34:0] script '/domains/fairlane1/8nyu1r.php' not found or unable to stat
[Wed Feb 18 03:02:12.525034 2026] [php:error] [pid 70250] [client 20.100.195.34:0] script '/domains/fairlane1/etmvr.php' not found or unable to stat
[Wed Feb 18 03:02:12.568346 2026] [php:error] [pid 70257] [client 4.224.46.39:0] script '/domains/king1969/samiri.php' not found or unable to stat
[Wed Feb 18 03:02:12.623321 2026] [php:error] [pid 70250] [client 20.100.195.34:0] script '/domains/fairlane1/fs6.php' not found or unable to stat
[Wed Feb 18 03:02:12.721887 2026] [php:error] [pid 70250] [client 20.100.195.34:0] script '/domains/fairlane1/njrzp.php' not found or unable to stat
[Wed Feb 18 03:02:12.778840 2026] [php:error] [pid 70257] [client 4.224.46.39:0] script '/domains/king1969/plugins.php' not found or unable to stat
[Wed Feb 18 03:02:12.825994 2026] [php:error] [pid 70250] [client 20.100.195.34:0] script '/domains/fairlane1/rcoti.php' not found or unable to stat
[Wed Feb 18 03:02:12.988709 2026] [php:error] [pid 70257] [client 4.224.46.39:0] script '/domains/king1969/xoot.php' not found or unable to stat
[Wed Feb 18 03:02:13.009999 2026] [php:error] [pid 70250] [client 20.100.195.34:0] script '/domains/fairlane1/www.php' not found or unable to stat
[Wed Feb 18 03:02:13.109686 2026] [php:error] [pid 70250] [client 20.100.195.34:0] script '/domains/fairlane1/992.php' not found or unable to stat
[Wed Feb 18 03:02:13.202652 2026] [php:error] [pid 70257] [client 4.224.46.39:0] script '/domains/king1969/X57.php' not found or unable to stat
[Wed Feb 18 03:02:13.492377 2026] [php:error] [pid 70250] [client 20.100.195.34:0] script '/domains/fairlane1/tmpls.php' not found or unable to stat
[Wed Feb 18 03:02:13.526169 2026] [php:error] [pid 70257] [client 4.224.46.39:0] script '/domains/king1969/vx.php' not found or unable to stat
[Wed Feb 18 03:02:13.737530 2026] [php:error] [pid 70257] [client 4.224.46.39:0] script '/domains/king1969/file59.php' not found or unable to stat
[Wed Feb 18 03:02:14.314842 2026] [php:error] [pid 70257] [client 4.224.46.39:0] script '/domains/king1969/shas.php' not found or unable to stat
[Wed Feb 18 03:02:14.528945 2026] [php:error] [pid 70257] [client 4.224.46.39:0] script '/domains/king1969/xa.php' not found or unable to stat
[Wed Feb 18 03:02:14.749721 2026] [php:error] [pid 70257] [client 4.224.46.39:0] script '/domains/king1969/xda.php' not found or unable to stat
[Wed Feb 18 03:02:14.980846 2026] [php:error] [pid 70257] [client 4.224.46.39:0] script '/domains/king1969/er.php' not found or unable to stat
[Wed Feb 18 03:02:15.191050 2026] [php:error] [pid 70257] [client 4.224.46.39:0] script '/domains/king1969/fault.php' not found or unable to stat
[Wed Feb 18 03:02:15.519280 2026] [php:error] [pid 70257] [client 4.224.46.39:0] script '/domains/king1969/motu.php' not found or unable to stat
[Wed Feb 18 03:02:15.890905 2026] [php:error] [pid 70257] [client 4.224.46.39:0] script '/domains/king1969/66.php' not found or unable to stat
[Wed Feb 18 03:02:16.119701 2026] [php:error] [pid 70257] [client 4.224.46.39:0] script '/domains/king1969/leuk.php' not found or unable to stat
[Wed Feb 18 03:02:16.338701 2026] [php:error] [pid 70257] [client 4.224.46.39:0] script '/domains/king1969/xqq.php' not found or unable to stat
[Wed Feb 18 03:02:16.554088 2026] [php:error] [pid 70257] [client 4.224.46.39:0] script '/domains/king1969/kolda.php' not found or unable to stat
[Wed Feb 18 03:02:16.807810 2026] [php:error] [pid 70257] [client 4.224.46.39:0] script '/domains/king1969/nw.php' not found or unable to stat
[Wed Feb 18 03:02:17.017957 2026] [php:error] [pid 70257] [client 4.224.46.39:0] script '/domains/king1969/god.php' not found or unable to stat
[Wed Feb 18 03:02:17.228799 2026] [php:error] [pid 70257] [client 4.224.46.39:0] script '/domains/king1969/666.php' not found or unable to stat
[Wed Feb 18 03:02:17.440016 2026] [php:error] [pid 70257] [client 4.224.46.39:0] script '/domains/king1969/kj.php' not found or unable to stat
[Wed Feb 18 03:02:17.663726 2026] [php:error] [pid 70257] [client 4.224.46.39:0] script '/domains/king1969/un.php' not found or unable to stat
[Wed Feb 18 03:02:17.937715 2026] [php:error] [pid 70257] [client 4.224.46.39:0] script '/domains/king1969/fs.php' not found or unable to stat
[Wed Feb 18 03:02:18.147923 2026] [php:error] [pid 70257] [client 4.224.46.39:0] script '/domains/king1969/ms.php' not found or unable to stat
[Wed Feb 18 03:02:18.550747 2026] [php:error] [pid 70257] [client 4.224.46.39:0] script '/domains/king1969/login8.php' not found or unable to stat
[Wed Feb 18 03:02:18.760710 2026] [php:error] [pid 70257] [client 4.224.46.39:0] script '/domains/king1969/nnyvn.php' not found or unable to stat
[Wed Feb 18 03:02:18.987433 2026] [php:error] [pid 70257] [client 4.224.46.39:0] script '/domains/king1969/cu.php' not found or unable to stat
[Wed Feb 18 03:02:19.207706 2026] [php:error] [pid 70257] [client 4.224.46.39:0] script '/domains/king1969/lul.php' not found or unable to stat
[Wed Feb 18 03:02:19.418888 2026] [php:error] [pid 70257] [client 4.224.46.39:0] script '/domains/king1969/0.php' not found or unable to stat
[Wed Feb 18 03:02:19.630983 2026] [php:error] [pid 70257] [client 4.224.46.39:0] script '/domains/king1969/ms-edit.php' not found or unable to stat
[Wed Feb 18 03:02:19.862973 2026] [php:error] [pid 70257] [client 4.224.46.39:0] script '/domains/king1969/ya.php' not found or unable to stat
[Wed Feb 18 03:02:20.094728 2026] [php:error] [pid 70257] [client 4.224.46.39:0] script '/domains/king1969/grsiuk.php' not found or unable to stat
[Wed Feb 18 03:02:20.349323 2026] [php:error] [pid 70257] [client 4.224.46.39:0] script '/domains/king1969/wp-blog.php' not found or unable to stat
[Wed Feb 18 03:02:20.576237 2026] [php:error] [pid 70257] [client 4.224.46.39:0] script '/domains/king1969/wp-access.php' not found or unable to stat
[Wed Feb 18 03:02:20.786374 2026] [php:error] [pid 70257] [client 4.224.46.39:0] script '/domains/king1969/a1vx.php' not found or unable to stat
[Wed Feb 18 03:02:21.008881 2026] [php:error] [pid 70257] [client 4.224.46.39:0] script '/domains/king1969/sbhu.php' not found or unable to stat
[Wed Feb 18 03:02:21.219147 2026] [php:error] [pid 70257] [client 4.224.46.39:0] script '/domains/king1969/wp-the.php' not found or unable to stat
[Wed Feb 18 03:02:21.429362 2026] [php:error] [pid 70257] [client 4.224.46.39:0] script '/domains/king1969/06.php' not found or unable to stat
[Wed Feb 18 03:02:21.640462 2026] [php:error] [pid 70257] [client 4.224.46.39:0] script '/domains/king1969/wp5.php' not found or unable to stat
[Wed Feb 18 03:02:21.889436 2026] [php:error] [pid 70257] [client 4.224.46.39:0] script '/domains/king1969/fot.php' not found or unable to stat
[Wed Feb 18 03:02:22.124858 2026] [php:error] [pid 70257] [client 4.224.46.39:0] script '/domains/king1969/ff1.php' not found or unable to stat
[Wed Feb 18 03:02:22.345017 2026] [php:error] [pid 70257] [client 4.224.46.39:0] script '/domains/king1969/forbidals.php' not found or unable to stat
[Wed Feb 18 03:02:22.558308 2026] [php:error] [pid 70257] [client 4.224.46.39:0] script '/domains/king1969/erty.php' not found or unable to stat
[Wed Feb 18 03:02:22.788196 2026] [php:error] [pid 70257] [client 4.224.46.39:0] script '/domains/king1969/dev1s.php' not found or unable to stat
[Wed Feb 18 03:02:22.998979 2026] [php:error] [pid 70257] [client 4.224.46.39:0] script '/domains/king1969/ffd.php' not found or unable to stat
[Wed Feb 18 03:02:23.213287 2026] [php:error] [pid 70257] [client 4.224.46.39:0] script '/domains/king1969/admiin.php' not found or unable to stat
[Wed Feb 18 03:02:23.424818 2026] [php:error] [pid 70257] [client 4.224.46.39:0] script '/domains/king1969/ol.php' not found or unable to stat
[Wed Feb 18 03:02:23.635269 2026] [php:error] [pid 70257] [client 4.224.46.39:0] script '/domains/king1969/Sanskrit.php' not found or unable to stat
[Wed Feb 18 03:02:23.862854 2026] [php:error] [pid 70257] [client 4.224.46.39:0] script '/domains/king1969/vxrl.php' not found or unable to stat
[Wed Feb 18 03:02:24.072745 2026] [php:error] [pid 70257] [client 4.224.46.39:0] script '/domains/king1969/re.php' not found or unable to stat
[Wed Feb 18 03:02:24.283608 2026] [php:error] [pid 70257] [client 4.224.46.39:0] script '/domains/king1969/num.php' not found or unable to stat
[Wed Feb 18 03:02:24.497294 2026] [php:error] [pid 70257] [client 4.224.46.39:0] script '/domains/king1969/axx.php' not found or unable to stat
[Wed Feb 18 03:02:24.707340 2026] [php:error] [pid 70257] [client 4.224.46.39:0] script '/domains/king1969/vxrl.php' not found or unable to stat
[Wed Feb 18 03:02:24.919368 2026] [php:error] [pid 70257] [client 4.224.46.39:0] script '/domains/king1969/in.php' not found or unable to stat
[Wed Feb 18 03:02:25.176861 2026] [php:error] [pid 70257] [client 4.224.46.39:0] script '/domains/king1969/style.php' not found or unable to stat
[Wed Feb 18 03:02:25.396027 2026] [php:error] [pid 70257] [client 4.224.46.39:0] script '/domains/king1969/we.php' not found or unable to stat
[Wed Feb 18 03:02:25.611835 2026] [php:error] [pid 70257] [client 4.224.46.39:0] script '/domains/king1969/zwso.php' not found or unable to stat
[Wed Feb 18 03:02:25.821956 2026] [php:error] [pid 70257] [client 4.224.46.39:0] script '/domains/king1969/karak.php' not found or unable to stat
[Wed Feb 18 03:02:26.033125 2026] [php:error] [pid 70257] [client 4.224.46.39:0] script '/domains/king1969/prv8.php' not found or unable to stat
[Wed Feb 18 03:02:26.264050 2026] [php:error] [pid 70257] [client 4.224.46.39:0] script '/domains/king1969/i.php' not found or unable to stat
[Wed Feb 18 03:02:26.479108 2026] [php:error] [pid 70257] [client 4.224.46.39:0] script '/domains/king1969/a.php' not found or unable to stat
[Wed Feb 18 03:02:26.718502 2026] [php:error] [pid 70257] [client 4.224.46.39:0] script '/domains/king1969/xmlrpc.php' not found or unable to stat
[Wed Feb 18 03:02:26.928498 2026] [php:error] [pid 70257] [client 4.224.46.39:0] script '/domains/king1969/aw.php' not found or unable to stat
[Wed Feb 18 03:02:27.159956 2026] [php:error] [pid 70257] [client 4.224.46.39:0] script '/domains/king1969/dev.php' not found or unable to stat
[Wed Feb 18 03:02:27.370460 2026] [php:error] [pid 70257] [client 4.224.46.39:0] script '/domains/king1969/lock360.php' not found or unable to stat
[Wed Feb 18 03:02:27.612383 2026] [php:error] [pid 70257] [client 4.224.46.39:0] script '/domains/king1969/155.php' not found or unable to stat
[Wed Feb 18 03:02:27.822378 2026] [php:error] [pid 70257] [client 4.224.46.39:0] script '/domains/king1969/goat.php' not found or unable to stat
[Wed Feb 18 03:02:28.214846 2026] [php:error] [pid 70257] [client 4.224.46.39:0] script '/domains/king1969/tcp.php' not found or unable to stat
[Wed Feb 18 03:02:28.437223 2026] [php:error] [pid 70257] [client 4.224.46.39:0] script '/domains/king1969/ext.php' not found or unable to stat
[Wed Feb 18 03:02:28.647158 2026] [php:error] [pid 70257] [client 4.224.46.39:0] script '/domains/king1969/inputs.php' not found or unable to stat
[Wed Feb 18 03:02:28.871836 2026] [php:error] [pid 70257] [client 4.224.46.39:0] script '/domains/king1969/ioxi.php' not found or unable to stat
[Wed Feb 18 03:02:29.179094 2026] [php:error] [pid 70257] [client 4.224.46.39:0] script '/domains/king1969/fe5.php' not found or unable to stat
[Wed Feb 18 03:02:29.392587 2026] [php:error] [pid 70257] [client 4.224.46.39:0] script '/domains/king1969/ov.php' not found or unable to stat
[Wed Feb 18 03:02:29.882554 2026] [php:error] [pid 70257] [client 4.224.46.39:0] script '/domains/king1969/default.php' not found or unable to stat
[Wed Feb 18 03:02:30.168920 2026] [php:error] [pid 70257] [client 4.224.46.39:0] script '/domains/king1969/goods.php' not found or unable to stat
[Wed Feb 18 03:02:30.408406 2026] [php:error] [pid 70257] [client 4.224.46.39:0] script '/domains/king1969/abcd.php' not found or unable to stat
[Wed Feb 18 03:02:30.618648 2026] [php:error] [pid 70257] [client 4.224.46.39:0] script '/domains/king1969/class.1.php' not found or unable to stat
[Wed Feb 18 03:02:30.854109 2026] [php:error] [pid 70257] [client 4.224.46.39:0] script '/domains/king1969/async.php' not found or unable to stat
[Wed Feb 18 03:02:31.064271 2026] [php:error] [pid 70257] [client 4.224.46.39:0] script '/domains/king1969/ff.php' not found or unable to stat
[Wed Feb 18 03:02:31.274495 2026] [php:error] [pid 70257] [client 4.224.46.39:0] script '/domains/king1969/ioxi-o.php' not found or unable to stat
[Wed Feb 18 03:02:31.501927 2026] [php:error] [pid 70257] [client 4.224.46.39:0] script '/domains/king1969/manager.php' not found or unable to stat
[Wed Feb 18 03:02:31.714589 2026] [php:error] [pid 70257] [client 4.224.46.39:0] script '/domains/king1969/wp-update.php' not found or unable to stat
[Wed Feb 18 03:02:31.924650 2026] [php:error] [pid 70257] [client 4.224.46.39:0] script '/domains/king1969/file.php' not found or unable to stat
[Wed Feb 18 03:02:32.361603 2026] [php:error] [pid 70257] [client 4.224.46.39:0] script '/domains/king1969/lc.php' not found or unable to stat
[Wed Feb 18 03:02:32.571653 2026] [php:error] [pid 70257] [client 4.224.46.39:0] script '/domains/king1969/cbrfo.php' not found or unable to stat
[Wed Feb 18 03:02:32.781716 2026] [php:error] [pid 70257] [client 4.224.46.39:0] script '/domains/king1969/inc.php' not found or unable to stat
[Wed Feb 18 03:02:33.282247 2026] [php:error] [pid 70745] [client 4.224.46.39:0] script '/domains/king1969/gifclass.php' not found or unable to stat
[Wed Feb 18 03:02:33.496080 2026] [php:error] [pid 70745] [client 4.224.46.39:0] script '/domains/king1969/miansha.php' not found or unable to stat
[Wed Feb 18 03:02:33.707444 2026] [php:error] [pid 70745] [client 4.224.46.39:0] script '/domains/king1969/tinyfilemanager.php' not found or unable to stat
[Wed Feb 18 03:02:33.929787 2026] [php:error] [pid 70745] [client 4.224.46.39:0] script '/domains/king1969/admin.php' not found or unable to stat
[Wed Feb 18 03:02:34.143527 2026] [php:error] [pid 70745] [client 4.224.46.39:0] script '/domains/king1969/ok.php' not found or unable to stat
[Wed Feb 18 03:02:34.387387 2026] [php:error] [pid 70745] [client 4.224.46.39:0] script '/domains/king1969/fi.php' not found or unable to stat
[Wed Feb 18 03:02:34.612730 2026] [php:error] [pid 70745] [client 4.224.46.39:0] script '/domains/king1969/muzu.php' not found or unable to stat
[Wed Feb 18 03:02:34.824618 2026] [php:error] [pid 70745] [client 4.224.46.39:0] script '/domains/king1969/reze.php' not found or unable to stat
[Wed Feb 18 03:02:35.034923 2026] [php:error] [pid 70745] [client 4.224.46.39:0] script '/domains/king1969/styll.php' not found or unable to stat
