[Wed Feb 18 00:13:34.282058 2026] [php:error] [pid 34321] [client 20.24.204.137:0] script '/domains/trodine/bless11.php' not found or unable to stat
[Wed Feb 18 00:13:34.485145 2026] [php:error] [pid 34321] [client 20.24.204.137:0] script '/domains/trodine/init.php' not found or unable to stat
[Wed Feb 18 00:13:34.893642 2026] [php:error] [pid 34321] [client 20.24.204.137:0] script '/domains/trodine/k.php' not found or unable to stat
[Wed Feb 18 00:13:35.099412 2026] [php:error] [pid 34321] [client 20.24.204.137:0] script '/domains/trodine/bless.php' not found or unable to stat
[Wed Feb 18 00:13:35.302627 2026] [php:error] [pid 34321] [client 20.24.204.137:0] script '/domains/trodine/X7x.php' not found or unable to stat
[Wed Feb 18 00:13:35.505351 2026] [php:error] [pid 34321] [client 20.24.204.137:0] script '/domains/trodine/166.php' not found or unable to stat
[Wed Feb 18 00:13:35.708352 2026] [php:error] [pid 34321] [client 20.24.204.137:0] script '/domains/trodine/plss3.php' not found or unable to stat
[Wed Feb 18 00:13:36.114673 2026] [php:error] [pid 34321] [client 20.24.204.137:0] script '/domains/trodine/admins.php' not found or unable to stat
[Wed Feb 18 00:13:36.317951 2026] [php:error] [pid 34321] [client 20.24.204.137:0] script '/domains/trodine/wp.php' not found or unable to stat
[Wed Feb 18 00:13:36.521541 2026] [php:error] [pid 34321] [client 20.24.204.137:0] script '/domains/trodine/main.php' not found or unable to stat
[Wed Feb 18 00:13:36.729057 2026] [php:error] [pid 34321] [client 20.24.204.137:0] script '/domains/trodine/a1.php' not found or unable to stat
[Wed Feb 18 00:13:36.935157 2026] [php:error] [pid 34321] [client 20.24.204.137:0] script '/domains/trodine/lala.php' not found or unable to stat
[Wed Feb 18 00:13:37.145024 2026] [php:error] [pid 34321] [client 20.24.204.137:0] script '/domains/trodine/aaa.php' not found or unable to stat
[Wed Feb 18 00:13:37.354915 2026] [php:error] [pid 34321] [client 20.24.204.137:0] script '/domains/trodine/a2.php' not found or unable to stat
[Wed Feb 18 00:13:37.762270 2026] [php:error] [pid 34321] [client 20.24.204.137:0] script '/domains/trodine/jsond.php' not found or unable to stat
[Wed Feb 18 00:14:19.247426 2026] [authz_core:error] [pid 39968] [client 20.245.52.25:0] AH01630: client denied by server configuration: /domains/markrose/board/messages/.html
[Wed Feb 18 00:15:57.924375 2026] [php:error] [pid 34316] [client 104.28.214.112:0] script '/domains/brenties/style.php' not found or unable to stat
[Wed Feb 18 00:15:59.249385 2026] [php:error] [pid 34316] [client 104.28.214.112:0] script '/domains/brenties/chosen.php' not found or unable to stat
[Wed Feb 18 00:15:59.425968 2026] [php:error] [pid 34316] [client 104.28.214.112:0] script '/domains/brenties/file.php' not found or unable to stat
[Wed Feb 18 00:15:59.633141 2026] [php:error] [pid 34316] [client 104.28.214.112:0] script '/domains/brenties/flower.php' not found or unable to stat
[Wed Feb 18 00:15:59.894132 2026] [php:error] [pid 34316] [client 104.28.214.112:0] script '/domains/brenties/gifclass.php' not found or unable to stat
[Wed Feb 18 00:16:00.355276 2026] [php:error] [pid 34316] [client 104.28.214.112:0] script '/domains/brenties/bless.php' not found or unable to stat
[Wed Feb 18 00:16:00.738050 2026] [php:error] [pid 34316] [client 104.28.214.112:0] script '/domains/brenties/class-t.api.php' not found or unable to stat
[Wed Feb 18 00:16:01.051369 2026] [php:error] [pid 34316] [client 104.28.214.112:0] script '/domains/brenties/blurbs.php' not found or unable to stat
[Wed Feb 18 00:16:01.810266 2026] [php:error] [pid 34316] [client 104.28.214.112:0] script '/domains/brenties/akcc.php' not found or unable to stat
[Wed Feb 18 00:16:01.972962 2026] [php:error] [pid 34316] [client 104.28.214.112:0] script '/domains/brenties/abcd.php' not found or unable to stat
[Wed Feb 18 00:16:02.305433 2026] [php:error] [pid 34316] [client 104.28.214.112:0] script '/domains/brenties/shelp.php' not found or unable to stat
[Wed Feb 18 00:16:02.922275 2026] [php:error] [pid 34316] [client 104.28.214.112:0] script '/domains/brenties/cord.php' not found or unable to stat
[Wed Feb 18 00:16:03.384006 2026] [php:error] [pid 34316] [client 104.28.214.112:0] script '/domains/brenties/dex.php' not found or unable to stat
[Wed Feb 18 00:16:04.190325 2026] [php:error] [pid 34316] [client 104.28.214.112:0] script '/domains/brenties/file2.php' not found or unable to stat
[Wed Feb 18 00:16:04.597971 2026] [php:error] [pid 34316] [client 104.28.214.112:0] script '/domains/brenties/zwso.php' not found or unable to stat
[Wed Feb 18 00:16:05.048621 2026] [php:error] [pid 39973] [client 74.248.96.218:0] script '/domains/rextrav/wp-blog.php' not found or unable to stat
[Wed Feb 18 00:16:05.153382 2026] [php:error] [pid 39973] [client 74.248.96.218:0] script '/domains/rextrav/ge.php' not found or unable to stat
[Wed Feb 18 00:16:05.315068 2026] [php:error] [pid 39973] [client 74.248.96.218:0] script '/domains/rextrav/class20.php' not found or unable to stat
[Wed Feb 18 00:16:05.400311 2026] [php:error] [pid 34316] [client 104.28.214.112:0] script '/domains/brenties/bolt.php' not found or unable to stat
[Wed Feb 18 00:16:05.480382 2026] [php:error] [pid 39973] [client 74.248.96.218:0] script '/domains/rextrav/ssxsl.php' not found or unable to stat
[Wed Feb 18 00:16:05.586843 2026] [php:error] [pid 34316] [client 104.28.214.112:0] script '/domains/brenties/shlo.php' not found or unable to stat
[Wed Feb 18 00:16:05.637154 2026] [php:error] [pid 39973] [client 74.248.96.218:0] script '/domains/rextrav/str.php' not found or unable to stat
[Wed Feb 18 00:16:05.741760 2026] [php:error] [pid 39973] [client 74.248.96.218:0] script '/domains/rextrav/xwpg.php' not found or unable to stat
[Wed Feb 18 00:16:05.768612 2026] [php:error] [pid 34316] [client 104.28.214.112:0] script '/domains/brenties/133.php' not found or unable to stat
[Wed Feb 18 00:16:05.905178 2026] [php:error] [pid 39973] [client 74.248.96.218:0] script '/domains/rextrav/zz.php' not found or unable to stat
[Wed Feb 18 00:16:05.962984 2026] [php:error] [pid 34316] [client 104.28.214.112:0] script '/domains/brenties/ahax.php' not found or unable to stat
[Wed Feb 18 00:16:06.165976 2026] [php:error] [pid 39973] [client 74.248.96.218:0] script '/domains/rextrav/tanjiro.php' not found or unable to stat
[Wed Feb 18 00:16:06.226020 2026] [php:error] [pid 34316] [client 104.28.214.112:0] script '/domains/brenties/php8.php' not found or unable to stat
[Wed Feb 18 00:16:06.270660 2026] [php:error] [pid 39973] [client 74.248.96.218:0] script '/domains/rextrav/up.php' not found or unable to stat
[Wed Feb 18 00:16:06.375821 2026] [php:error] [pid 39973] [client 74.248.96.218:0] script '/domains/rextrav/class.php' not found or unable to stat
[Wed Feb 18 00:16:06.444128 2026] [php:error] [pid 34316] [client 104.28.214.112:0] script '/domains/brenties/lufix1.php' not found or unable to stat
[Wed Feb 18 00:16:06.485007 2026] [php:error] [pid 39973] [client 74.248.96.218:0] script '/domains/rextrav/nope.php' not found or unable to stat
[Wed Feb 18 00:16:06.831280 2026] [php:error] [pid 39973] [client 74.248.96.218:0] script '/domains/rextrav/kwm4.php' not found or unable to stat
[Wed Feb 18 00:16:07.002273 2026] [php:error] [pid 39973] [client 74.248.96.218:0] script '/domains/rextrav/wp-aa.php' not found or unable to stat
[Wed Feb 18 00:16:07.047254 2026] [php:error] [pid 34316] [client 104.28.214.112:0] script '/domains/brenties/witmm.php' not found or unable to stat
[Wed Feb 18 00:16:07.109801 2026] [php:error] [pid 39973] [client 74.248.96.218:0] script '/domains/rextrav/byp.php' not found or unable to stat
[Wed Feb 18 00:16:07.216902 2026] [php:error] [pid 39973] [client 74.248.96.218:0] script '/domains/rextrav/0.php' not found or unable to stat
[Wed Feb 18 00:16:07.336847 2026] [php:error] [pid 39973] [client 74.248.96.218:0] script '/domains/rextrav/F0x.php' not found or unable to stat
[Wed Feb 18 00:16:07.506258 2026] [php:error] [pid 39973] [client 74.248.96.218:0] script '/domains/rextrav/wp-mail.php' not found or unable to stat
[Wed Feb 18 00:16:07.629352 2026] [php:error] [pid 39973] [client 74.248.96.218:0] script '/domains/rextrav/fan.php' not found or unable to stat
[Wed Feb 18 00:16:07.832889 2026] [php:error] [pid 39973] [client 74.248.96.218:0] script '/domains/rextrav/ztv.php' not found or unable to stat
[Wed Feb 18 00:16:07.978653 2026] [php:error] [pid 39973] [client 74.248.96.218:0] script '/domains/rextrav/bras.php' not found or unable to stat
[Wed Feb 18 00:16:08.103720 2026] [php:error] [pid 39973] [client 74.248.96.218:0] script '/domains/rextrav/wziar.php' not found or unable to stat
[Wed Feb 18 00:16:08.208062 2026] [php:error] [pid 39973] [client 74.248.96.218:0] script '/domains/rextrav/wpup.php' not found or unable to stat
[Wed Feb 18 00:16:08.312265 2026] [php:error] [pid 39973] [client 74.248.96.218:0] script '/domains/rextrav/x50.php' not found or unable to stat
[Wed Feb 18 00:16:08.416682 2026] [php:error] [pid 39973] [client 74.248.96.218:0] script '/domains/rextrav/ee.php' not found or unable to stat
[Wed Feb 18 00:16:08.606052 2026] [php:error] [pid 39973] [client 74.248.96.218:0] script '/domains/rextrav/xz89.php' not found or unable to stat
[Wed Feb 18 00:16:08.815758 2026] [php:error] [pid 39973] [client 74.248.96.218:0] script '/domains/rextrav/updates.php' not found or unable to stat
[Wed Feb 18 00:16:08.868132 2026] [php:error] [pid 34316] [client 104.28.214.112:0] script '/domains/brenties/ioxi-o.php' not found or unable to stat
[Wed Feb 18 00:16:08.921306 2026] [php:error] [pid 39973] [client 74.248.96.218:0] script '/domains/rextrav/vxnxvgfw.php' not found or unable to stat
[Wed Feb 18 00:16:09.027809 2026] [php:error] [pid 39973] [client 74.248.96.218:0] script '/domains/rextrav/mapi.php' not found or unable to stat
[Wed Feb 18 00:16:09.147159 2026] [php:error] [pid 39973] [client 74.248.96.218:0] script '/domains/rextrav/f2r4.php' not found or unable to stat
[Wed Feb 18 00:16:09.268839 2026] [php:error] [pid 39973] [client 74.248.96.218:0] script '/domains/rextrav/item.php' not found or unable to stat
[Wed Feb 18 00:16:09.487801 2026] [php:error] [pid 39973] [client 74.248.96.218:0] script '/domains/rextrav/xse25.php' not found or unable to stat
[Wed Feb 18 00:16:09.592062 2026] [php:error] [pid 39973] [client 74.248.96.218:0] script '/domains/rextrav/sf9.php' not found or unable to stat
[Wed Feb 18 00:16:09.607086 2026] [php:error] [pid 34316] [client 104.28.214.112:0] script '/domains/brenties/222.php' not found or unable to stat
[Wed Feb 18 00:16:09.754030 2026] [php:error] [pid 39973] [client 74.248.96.218:0] script '/domains/rextrav/5b9ac.php' not found or unable to stat
[Wed Feb 18 00:16:10.019480 2026] [php:error] [pid 39973] [client 74.248.96.218:0] script '/domains/rextrav/bolt.php' not found or unable to stat
[Wed Feb 18 00:16:10.124437 2026] [php:error] [pid 39973] [client 74.248.96.218:0] script '/domains/rextrav/dump.php' not found or unable to stat
[Wed Feb 18 00:16:10.229267 2026] [php:error] [pid 39973] [client 74.248.96.218:0] script '/domains/rextrav/xx.php' not found or unable to stat
[Wed Feb 18 00:16:10.305804 2026] [php:error] [pid 34316] [client 104.28.214.112:0] script '/domains/brenties/files.php' not found or unable to stat
[Wed Feb 18 00:16:10.335645 2026] [php:error] [pid 39973] [client 74.248.96.218:0] script '/domains/rextrav/Okxob.php' not found or unable to stat
[Wed Feb 18 00:16:10.536460 2026] [php:error] [pid 39973] [client 74.248.96.218:0] script '/domains/rextrav/a.php' not found or unable to stat
[Wed Feb 18 00:16:10.667432 2026] [php:error] [pid 39973] [client 74.248.96.218:0] script '/domains/rextrav/vx.php' not found or unable to stat
[Wed Feb 18 00:16:10.771742 2026] [php:error] [pid 39973] [client 74.248.96.218:0] script '/domains/rextrav/lock360.php' not found or unable to stat
[Wed Feb 18 00:16:10.854419 2026] [php:error] [pid 34316] [client 104.28.214.112:0] script '/domains/brenties/wp-editor.php' not found or unable to stat
[Wed Feb 18 00:16:10.905978 2026] [php:error] [pid 39974] [client 4.193.177.110:0] script '/domains/king1969/WSO.php' not found or unable to stat
[Wed Feb 18 00:16:10.940999 2026] [php:error] [pid 39973] [client 74.248.96.218:0] script '/domains/rextrav/np.php' not found or unable to stat
[Wed Feb 18 00:16:11.181538 2026] [php:error] [pid 39973] [client 74.248.96.218:0] script '/domains/rextrav/tx1.php' not found or unable to stat
[Wed Feb 18 00:16:11.306381 2026] [php:error] [pid 39973] [client 74.248.96.218:0] script '/domains/rextrav/bs.php' not found or unable to stat
[Wed Feb 18 00:16:11.486994 2026] [php:error] [pid 34316] [client 104.28.214.112:0] script '/domains/brenties/txets.php' not found or unable to stat
[Wed Feb 18 00:16:12.095075 2026] [php:error] [pid 34316] [client 104.28.214.112:0] script '/domains/brenties/postnews.php' not found or unable to stat
[Wed Feb 18 00:16:26.714255 2026] [php:error] [pid 39974] [client 4.193.177.110:0] script '/domains/king1969/goods.php' not found or unable to stat
[Wed Feb 18 00:16:31.933070 2026] [php:error] [pid 39974] [client 4.193.177.110:0] script '/domains/king1969/edit.php' not found or unable to stat
[Wed Feb 18 00:16:32.230586 2026] [php:error] [pid 39974] [client 4.193.177.110:0] script '/domains/king1969/file5.php' not found or unable to stat
[Wed Feb 18 00:16:34.257339 2026] [php:error] [pid 39974] [client 4.193.177.110:0] script '/domains/king1969/aa.php' not found or unable to stat
[Wed Feb 18 00:16:40.093872 2026] [php:error] [pid 39974] [client 4.193.177.110:0] script '/domains/king1969/autoload_classmap.php' not found or unable to stat
[Wed Feb 18 00:16:41.550369 2026] [php:error] [pid 39989] [client 185.223.152.92:0] script '/domains/perless2web/simple.php' not found or unable to stat
[Wed Feb 18 00:16:42.043552 2026] [php:error] [pid 39989] [client 185.223.152.92:0] script '/domains/perless2web/inputs.php' not found or unable to stat
[Wed Feb 18 00:16:42.535208 2026] [php:error] [pid 39989] [client 185.223.152.92:0] script '/domains/perless2web/autoload_classmap.php' not found or unable to stat
[Wed Feb 18 00:16:43.019565 2026] [php:error] [pid 39989] [client 185.223.152.92:0] script '/domains/perless2web/file2.php' not found or unable to stat
[Wed Feb 18 00:16:43.478039 2026] [php:error] [pid 39989] [client 185.223.152.92:0] script '/domains/perless2web/file.php' not found or unable to stat
[Wed Feb 18 00:16:43.711266 2026] [php:error] [pid 39989] [client 185.223.152.92:0] script '/domains/perless2web/chosen.php' not found or unable to stat
[Wed Feb 18 00:16:43.987059 2026] [php:error] [pid 39989] [client 185.223.152.92:0] script '/domains/perless2web/item.php' not found or unable to stat
[Wed Feb 18 00:16:44.637845 2026] [php:error] [pid 39981] [client 160.30.137.9:0] script '/domains/brenties/wp-login.php' not found or unable to stat, referer: https://t.co/
[Wed Feb 18 00:16:44.740348 2026] [php:error] [pid 39989] [client 185.223.152.92:0] script '/domains/perless2web/zwso.php' not found or unable to stat
[Wed Feb 18 00:16:44.971581 2026] [php:error] [pid 39989] [client 185.223.152.92:0] script '/domains/perless2web/wp-conflg.php' not found or unable to stat
[Wed Feb 18 00:16:45.160159 2026] [php:error] [pid 39973] [client 160.30.137.9:0] script '/domains/brenties/wp-login.php' not found or unable to stat, referer: https://duckduckgo.com/
[Wed Feb 18 00:16:47.373905 2026] [php:error] [pid 39989] [client 185.223.152.92:0] script '/domains/perless2web/cong.php' not found or unable to stat
[Wed Feb 18 00:16:48.133925 2026] [php:error] [pid 39989] [client 185.223.152.92:0] script '/domains/perless2web/dropdown.php' not found or unable to stat
[Wed Feb 18 00:16:48.325973 2026] [php:error] [pid 39974] [client 4.193.177.110:0] script '/domains/king1969/file.php' not found or unable to stat
[Wed Feb 18 00:16:48.680282 2026] [php:error] [pid 39981] [client 117.250.7.188:0] script '/domains/telacomp/wp-login.php' not found or unable to stat
[Wed Feb 18 00:16:49.090715 2026] [php:error] [pid 39989] [client 185.223.152.92:0] script '/domains/perless2web/repeater.php' not found or unable to stat
[Wed Feb 18 00:16:49.329413 2026] [php:error] [pid 39989] [client 185.223.152.92:0] script '/domains/perless2web/wp-2019.php' not found or unable to stat
[Wed Feb 18 00:16:49.558921 2026] [php:error] [pid 39989] [client 185.223.152.92:0] script '/domains/perless2web/atomlib.php' not found or unable to stat
[Wed Feb 18 00:16:49.790651 2026] [php:error] [pid 39988] [client 117.250.7.188:0] script '/domains/telacomp/admin.php' not found or unable to stat
[Wed Feb 18 00:16:49.801874 2026] [php:error] [pid 39989] [client 185.223.152.92:0] script '/domains/perless2web/css.php' not found or unable to stat
[Wed Feb 18 00:16:50.040107 2026] [php:error] [pid 39989] [client 185.223.152.92:0] script '/domains/perless2web/log.php' not found or unable to stat
[Wed Feb 18 00:16:50.270679 2026] [php:error] [pid 39989] [client 185.223.152.92:0] script '/domains/perless2web/mail.php' not found or unable to stat
[Wed Feb 18 00:16:50.508000 2026] [php:error] [pid 39989] [client 185.223.152.92:0] script '/domains/perless2web/lufix.php' not found or unable to stat
[Wed Feb 18 00:16:50.555134 2026] [php:error] [pid 39974] [client 4.193.177.110:0] script '/domains/king1969/inputs.php' not found or unable to stat
[Wed Feb 18 00:16:50.786986 2026] [php:error] [pid 39989] [client 185.223.152.92:0] script '/domains/perless2web/doc.php' not found or unable to stat
[Wed Feb 18 00:16:51.016782 2026] [php:error] [pid 39989] [client 185.223.152.92:0] script '/domains/perless2web/bak.php' not found or unable to stat
[Wed Feb 18 00:16:51.267035 2026] [php:error] [pid 39989] [client 185.223.152.92:0] script '/domains/perless2web/content.php' not found or unable to stat
[Wed Feb 18 00:16:51.498121 2026] [php:error] [pid 39989] [client 185.223.152.92:0] script '/domains/perless2web/upfile.php' not found or unable to stat
[Wed Feb 18 00:16:51.738217 2026] [php:error] [pid 39989] [client 185.223.152.92:0] script '/domains/perless2web/wp.php' not found or unable to stat
[Wed Feb 18 00:16:51.970153 2026] [php:error] [pid 39989] [client 185.223.152.92:0] script '/domains/perless2web/bypass.php' not found or unable to stat
[Wed Feb 18 00:16:52.197821 2026] [php:error] [pid 39989] [client 185.223.152.92:0] script '/domains/perless2web/wp-activate.php' not found or unable to stat
[Wed Feb 18 00:16:52.428211 2026] [php:error] [pid 39989] [client 185.223.152.92:0] script '/domains/perless2web/updates.php' not found or unable to stat
[Wed Feb 18 00:16:52.655562 2026] [php:error] [pid 39989] [client 185.223.152.92:0] script '/domains/perless2web/radio.php' not found or unable to stat
[Wed Feb 18 00:16:52.926757 2026] [php:error] [pid 39989] [client 185.223.152.92:0] script '/domains/perless2web/plugins.php' not found or unable to stat
[Wed Feb 18 00:16:53.177595 2026] [php:error] [pid 39989] [client 185.223.152.92:0] script '/domains/perless2web/xmrlpc.php' not found or unable to stat
[Wed Feb 18 00:16:53.365311 2026] [php:error] [pid 39974] [client 4.193.177.110:0] script '/domains/king1969/1.php' not found or unable to stat
[Wed Feb 18 00:16:53.443610 2026] [php:error] [pid 39989] [client 185.223.152.92:0] script '/domains/perless2web/ae.php' not found or unable to stat
[Wed Feb 18 00:16:53.674980 2026] [php:error] [pid 39989] [client 185.223.152.92:0] script '/domains/perless2web/moon.php' not found or unable to stat
[Wed Feb 18 00:16:53.919377 2026] [php:error] [pid 39989] [client 185.223.152.92:0] script '/domains/perless2web/blog.php' not found or unable to stat
[Wed Feb 18 00:16:54.230688 2026] [php:error] [pid 39989] [client 185.223.152.92:0] script '/domains/perless2web/themes.php' not found or unable to stat
[Wed Feb 18 00:16:54.481949 2026] [php:error] [pid 39989] [client 185.223.152.92:0] script '/domains/perless2web/ini.php' not found or unable to stat
[Wed Feb 18 00:16:54.714479 2026] [php:error] [pid 39989] [client 185.223.152.92:0] script '/domains/perless2web/as.php' not found or unable to stat
[Wed Feb 18 00:16:54.948783 2026] [php:error] [pid 39989] [client 185.223.152.92:0] script '/domains/perless2web/shell.php' not found or unable to stat
[Wed Feb 18 00:16:55.187194 2026] [php:error] [pid 39989] [client 185.223.152.92:0] script '/domains/perless2web/ws.php' not found or unable to stat
[Wed Feb 18 00:16:55.447792 2026] [php:error] [pid 39989] [client 185.223.152.92:0] script '/domains/perless2web/makeasmtp.php' not found or unable to stat
[Wed Feb 18 00:16:55.681503 2026] [php:error] [pid 39989] [client 185.223.152.92:0] script '/domains/perless2web/wp-sigunq.php' not found or unable to stat
[Wed Feb 18 00:16:55.936555 2026] [php:error] [pid 39989] [client 185.223.152.92:0] script '/domains/perless2web/wso112233.php' not found or unable to stat
[Wed Feb 18 00:16:56.165600 2026] [php:error] [pid 39989] [client 185.223.152.92:0] script '/domains/perless2web/wp-atom.php' not found or unable to stat
[Wed Feb 18 00:16:56.413334 2026] [php:error] [pid 39989] [client 185.223.152.92:0] script '/domains/perless2web/alfanew.php' not found or unable to stat
[Wed Feb 18 00:16:56.643759 2026] [php:error] [pid 39989] [client 185.223.152.92:0] script '/domains/perless2web/fw.php' not found or unable to stat
[Wed Feb 18 00:16:56.874449 2026] [php:error] [pid 39989] [client 185.223.152.92:0] script '/domains/perless2web/install.php' not found or unable to stat
[Wed Feb 18 00:16:57.128850 2026] [php:error] [pid 39989] [client 185.223.152.92:0] script '/domains/perless2web/wp-login.php' not found or unable to stat
[Wed Feb 18 00:16:57.594815 2026] [php:error] [pid 39989] [client 185.223.152.92:0] script '/domains/perless2web/XxX.php' not found or unable to stat
[Wed Feb 18 00:16:57.824421 2026] [php:error] [pid 39989] [client 185.223.152.92:0] script '/domains/perless2web/Marvins.php' not found or unable to stat
[Wed Feb 18 00:16:58.290281 2026] [php:error] [pid 39989] [client 185.223.152.92:0] script '/domains/perless2web/olux.php' not found or unable to stat
[Wed Feb 18 00:16:58.542521 2026] [php:error] [pid 39989] [client 185.223.152.92:0] script '/domains/perless2web/wso.php' not found or unable to stat
[Wed Feb 18 00:16:59.016792 2026] [php:error] [pid 39989] [client 185.223.152.92:0] script '/domains/perless2web/uploader.php' not found or unable to stat
[Wed Feb 18 00:16:59.262096 2026] [php:error] [pid 39989] [client 185.223.152.92:0] script '/domains/perless2web/1337.php' not found or unable to stat
[Wed Feb 18 00:16:59.499383 2026] [php:error] [pid 39989] [client 185.223.152.92:0] script '/domains/perless2web/user.php' not found or unable to stat
[Wed Feb 18 00:16:59.729083 2026] [php:error] [pid 39989] [client 185.223.152.92:0] script '/domains/perless2web/wp-info.php' not found or unable to stat
[Wed Feb 18 00:17:00.040360 2026] [php:error] [pid 39989] [client 185.223.152.92:0] script '/domains/perless2web/wxo.php' not found or unable to stat
[Wed Feb 18 00:17:00.292226 2026] [php:error] [pid 39989] [client 185.223.152.92:0] script '/domains/perless2web/amigo.php' not found or unable to stat
[Wed Feb 18 00:17:00.539977 2026] [php:error] [pid 39989] [client 185.223.152.92:0] script '/domains/perless2web/yoi.php' not found or unable to stat
[Wed Feb 18 00:17:01.518471 2026] [php:error] [pid 39989] [client 185.223.152.92:0] script '/domains/perless2web/wp-contentt.php' not found or unable to stat
[Wed Feb 18 00:17:01.843600 2026] [php:error] [pid 39989] [client 185.223.152.92:0] script '/domains/perless2web/we1y8.php' not found or unable to stat
[Wed Feb 18 00:17:03.860037 2026] [php:error] [pid 39989] [client 185.223.152.92:0] script '/domains/perless2web/hehe.php' not found or unable to stat
[Wed Feb 18 00:17:04.104778 2026] [php:error] [pid 39989] [client 185.223.152.92:0] script '/domains/perless2web/post-data.php' not found or unable to stat
[Wed Feb 18 00:17:04.456969 2026] [php:error] [pid 39974] [client 4.193.177.110:0] script '/domains/king1969/flower.php' not found or unable to stat
[Wed Feb 18 00:17:04.513959 2026] [php:error] [pid 39989] [client 185.223.152.92:0] script '/domains/perless2web/w0.php' not found or unable to stat
[Wed Feb 18 00:17:04.949990 2026] [php:error] [pid 39989] [client 185.223.152.92:0] script '/domains/perless2web/old-index.php' not found or unable to stat
[Wed Feb 18 00:17:05.428350 2026] [php:error] [pid 39989] [client 185.223.152.92:0] script '/domains/perless2web/wsanon.php' not found or unable to stat
[Wed Feb 18 00:17:06.262362 2026] [php:error] [pid 39989] [client 185.223.152.92:0] script '/domains/perless2web/indo.php' not found or unable to stat
[Wed Feb 18 00:17:06.599129 2026] [php:error] [pid 39989] [client 185.223.152.92:0] script '/domains/perless2web/beence.php' not found or unable to stat
[Wed Feb 18 00:17:06.856174 2026] [php:error] [pid 39989] [client 185.223.152.92:0] script '/domains/perless2web/indosec.php' not found or unable to stat
[Wed Feb 18 00:17:07.116152 2026] [php:error] [pid 39989] [client 185.223.152.92:0] script '/domains/perless2web/archives.php' not found or unable to stat
[Wed Feb 18 00:17:07.379385 2026] [php:error] [pid 39989] [client 185.223.152.92:0] script '/domains/perless2web/po8sa.php' not found or unable to stat
[Wed Feb 18 00:17:07.620997 2026] [php:error] [pid 39989] [client 185.223.152.92:0] script '/domains/perless2web/thesmartestx.php' not found or unable to stat
[Wed Feb 18 00:17:07.854682 2026] [php:error] [pid 39989] [client 185.223.152.92:0] script '/domains/perless2web/zcanp.php' not found or unable to stat
[Wed Feb 18 00:17:08.549694 2026] [php:error] [pid 39998] [client 185.223.152.115:0] script '/domains/perless2web/pvt.php' not found or unable to stat
[Wed Feb 18 00:17:08.785410 2026] [php:error] [pid 39998] [client 185.223.152.115:0] script '/domains/perless2web/shell20211028.php' not found or unable to stat
[Wed Feb 18 00:17:09.365312 2026] [php:error] [pid 39998] [client 185.223.152.115:0] script '/domains/perless2web/crypted.php' not found or unable to stat
[Wed Feb 18 00:17:09.613508 2026] [php:error] [pid 39998] [client 185.223.152.115:0] script '/domains/perless2web/h0110w4y.php' not found or unable to stat
[Wed Feb 18 00:17:09.844516 2026] [php:error] [pid 39998] [client 185.223.152.115:0] script '/domains/perless2web/vesiw.php' not found or unable to stat
[Wed Feb 18 00:17:10.083881 2026] [php:error] [pid 39998] [client 185.223.152.115:0] script '/domains/perless2web/w.php' not found or unable to stat
[Wed Feb 18 00:17:10.353512 2026] [php:error] [pid 39998] [client 185.223.152.115:0] script '/domains/perless2web/wp-db.php' not found or unable to stat
[Wed Feb 18 00:17:11.296746 2026] [php:error] [pid 39998] [client 185.223.152.115:0] script '/domains/perless2web/lx.php' not found or unable to stat
[Wed Feb 18 00:17:11.591190 2026] [php:error] [pid 39998] [client 185.223.152.115:0] script '/domains/perless2web/tonant.php' not found or unable to stat
[Wed Feb 18 00:17:11.823267 2026] [php:error] [pid 39998] [client 185.223.152.115:0] script '/domains/perless2web/f0x.php' not found or unable to stat
[Wed Feb 18 00:17:12.079700 2026] [php:error] [pid 39998] [client 185.223.152.115:0] script '/domains/perless2web/config.bak.php' not found or unable to stat
[Wed Feb 18 00:17:12.404275 2026] [php:error] [pid 39998] [client 185.223.152.115:0] script '/domains/perless2web/bypass403.php' not found or unable to stat
[Wed Feb 18 00:17:12.746364 2026] [php:error] [pid 39998] [client 185.223.152.115:0] script '/domains/perless2web/adminer.php' not found or unable to stat
[Wed Feb 18 00:17:12.980587 2026] [php:error] [pid 39998] [client 185.223.152.115:0] script '/domains/perless2web/allahnaber.php' not found or unable to stat
[Wed Feb 18 00:17:13.233186 2026] [php:error] [pid 39998] [client 185.223.152.115:0] script '/domains/perless2web/AK-74.php' not found or unable to stat
[Wed Feb 18 00:17:13.508689 2026] [php:error] [pid 39998] [client 185.223.152.115:0] script '/domains/perless2web/alfa3.php' not found or unable to stat
[Wed Feb 18 00:17:13.751199 2026] [php:error] [pid 39998] [client 185.223.152.115:0] script '/domains/perless2web/alfaindex.php' not found or unable to stat
[Wed Feb 18 00:17:14.011370 2026] [php:error] [pid 39998] [client 185.223.152.115:0] script '/domains/perless2web/alfa.php' not found or unable to stat
[Wed Feb 18 00:17:14.290050 2026] [php:error] [pid 39998] [client 185.223.152.115:0] script '/domains/perless2web/c99.php' not found or unable to stat
[Wed Feb 18 00:17:14.589621 2026] [php:error] [pid 39998] [client 185.223.152.115:0] script '/domains/perless2web/cmd.php' not found or unable to stat
[Wed Feb 18 00:17:14.828451 2026] [php:error] [pid 39998] [client 185.223.152.115:0] script '/domains/perless2web/cw.php' not found or unable to stat
[Wed Feb 18 00:17:15.062096 2026] [php:error] [pid 39998] [client 185.223.152.115:0] script '/domains/perless2web/date.php' not found or unable to stat
[Wed Feb 18 00:17:15.309651 2026] [php:error] [pid 39998] [client 185.223.152.115:0] script '/domains/perless2web/haxor.php' not found or unable to stat
[Wed Feb 18 00:17:15.553734 2026] [php:error] [pid 39998] [client 185.223.152.115:0] script '/domains/perless2web/icomsium.php' not found or unable to stat
[Wed Feb 18 00:17:15.798207 2026] [php:error] [pid 39998] [client 185.223.152.115:0] script '/domains/perless2web/ico.php' not found or unable to stat
[Wed Feb 18 00:17:16.146517 2026] [php:error] [pid 39998] [client 185.223.152.115:0] script '/domains/perless2web/leaf.php' not found or unable to stat
[Wed Feb 18 00:17:16.204291 2026] [php:error] [pid 39997] [client 162.220.14.54:0] script '/domains/telacomp/wp-login.php' not found or unable to stat
[Wed Feb 18 00:17:16.397316 2026] [php:error] [pid 39998] [client 185.223.152.115:0] script '/domains/perless2web/marijuana.php' not found or unable to stat
[Wed Feb 18 00:17:16.631689 2026] [php:error] [pid 39998] [client 185.223.152.115:0] script '/domains/perless2web/mass.php' not found or unable to stat
[Wed Feb 18 00:17:16.636016 2026] [php:error] [pid 39974] [client 4.193.177.110:0] script '/domains/king1969/ioxi-o.php' not found or unable to stat
[Wed Feb 18 00:17:16.865408 2026] [php:error] [pid 39998] [client 185.223.152.115:0] script '/domains/perless2web/mini.php' not found or unable to stat
[Wed Feb 18 00:17:17.099629 2026] [php:error] [pid 39998] [client 185.223.152.115:0] script '/domains/perless2web/priv8.php' not found or unable to stat
[Wed Feb 18 00:17:17.401402 2026] [php:error] [pid 39998] [client 185.223.152.115:0] script '/domains/perless2web/pws.php' not found or unable to stat
[Wed Feb 18 00:17:17.520596 2026] [php:error] [pid 39974] [client 4.193.177.110:0] script '/domains/king1969/radio.php' not found or unable to stat
[Wed Feb 18 00:17:17.710622 2026] [php:error] [pid 39998] [client 185.223.152.115:0] script '/domains/perless2web/r57.php' not found or unable to stat
[Wed Feb 18 00:17:18.007920 2026] [php:error] [pid 39998] [client 185.223.152.115:0] script '/domains/perless2web/robots.php' not found or unable to stat
[Wed Feb 18 00:17:18.245183 2026] [php:error] [pid 39998] [client 185.223.152.115:0] script '/domains/perless2web/snd.php' not found or unable to stat
[Wed Feb 18 00:17:18.506573 2026] [php:error] [pid 39998] [client 185.223.152.115:0] script '/domains/perless2web/wp-class.php' not found or unable to stat
[Wed Feb 18 00:17:18.750765 2026] [php:error] [pid 39998] [client 185.223.152.115:0] script '/domains/perless2web/new-index.php' not found or unable to stat
[Wed Feb 18 00:17:19.269216 2026] [php:error] [pid 39996] [client 45.66.35.10:0] script '/domains/telacomp/admin.php' not found or unable to stat
[Wed Feb 18 00:17:20.842648 2026] [php:error] [pid 39974] [client 4.193.177.110:0] script '/domains/king1969/admin.php' not found or unable to stat
[Wed Feb 18 00:17:22.005390 2026] [php:error] [pid 39974] [client 4.193.177.110:0] script '/domains/king1969/functions.php' not found or unable to stat
[Wed Feb 18 00:17:24.857630 2026] [php:error] [pid 39998] [client 185.223.152.115:0] script '/domains/perless2web/class-wp-widget-archives.php' not found or unable to stat
[Wed Feb 18 00:17:26.223411 2026] [php:error] [pid 39974] [client 4.193.177.110:0] script '/domains/king1969/autoload_classmap.php' not found or unable to stat
[Wed Feb 18 00:17:26.868524 2026] [php:error] [pid 39974] [client 4.193.177.110:0] script '/domains/king1969/post.php' not found or unable to stat
[Wed Feb 18 00:17:27.262407 2026] [php:error] [pid 39998] [client 185.223.152.115:0] script '/domains/perless2web/xleet-shell.php' not found or unable to stat
[Wed Feb 18 00:17:27.647394 2026] [php:error] [pid 39998] [client 185.223.152.115:0] script '/domains/perless2web/xleet.php' not found or unable to stat
[Wed Feb 18 00:17:27.802038 2026] [php:error] [pid 39974] [client 4.193.177.110:0] script '/domains/king1969/1.php' not found or unable to stat
[Wed Feb 18 00:17:27.896319 2026] [php:error] [pid 39998] [client 185.223.152.115:0] script '/domains/perless2web/xleetshell.php' not found or unable to stat
[Wed Feb 18 00:17:28.035808 2026] [php:error] [pid 39974] [client 4.193.177.110:0] script '/domains/king1969/flower.php' not found or unable to stat
[Wed Feb 18 00:17:28.624842 2026] [php:error] [pid 39998] [client 185.223.152.115:0] script '/domains/perless2web/xlt.php' not found or unable to stat
[Wed Feb 18 00:17:28.917857 2026] [php:error] [pid 39974] [client 4.193.177.110:0] script '/domains/king1969/admin.php' not found or unable to stat
[Wed Feb 18 00:17:29.148324 2026] [php:error] [pid 39974] [client 4.193.177.110:0] script '/domains/king1969/file.php' not found or unable to stat
[Wed Feb 18 00:17:29.385028 2026] [php:error] [pid 39974] [client 4.193.177.110:0] script '/domains/king1969/meta.php' not found or unable to stat
[Wed Feb 18 00:17:29.623970 2026] [php:error] [pid 39974] [client 4.193.177.110:0] script '/domains/king1969/index.php' not found or unable to stat
[Wed Feb 18 00:17:29.868417 2026] [php:error] [pid 39974] [client 4.193.177.110:0] script '/domains/king1969/abcd.php' not found or unable to stat
[Wed Feb 18 00:17:30.142643 2026] [php:error] [pid 39974] [client 4.193.177.110:0] script '/domains/king1969/about.php' not found or unable to stat
[Wed Feb 18 00:17:30.269108 2026] [php:error] [pid 39998] [client 185.223.152.115:0] script '/domains/perless2web/wp-apxupx.php' not found or unable to stat
[Wed Feb 18 00:17:30.449864 2026] [php:error] [pid 39974] [client 4.193.177.110:0] script '/domains/king1969/randkeyword.php' not found or unable to stat
[Wed Feb 18 00:17:30.545008 2026] [php:error] [pid 39998] [client 185.223.152.115:0] script '/domains/perless2web/nf_tracking.php' not found or unable to stat
[Wed Feb 18 00:17:30.822808 2026] [php:error] [pid 39998] [client 185.223.152.115:0] script '/domains/perless2web/class.api.php' not found or unable to stat
[Wed Feb 18 00:17:31.128161 2026] [php:error] [pid 39998] [client 185.223.152.115:0] script '/domains/perless2web/xl2023.php' not found or unable to stat
[Wed Feb 18 00:17:31.160121 2026] [php:error] [pid 39974] [client 4.193.177.110:0] script '/domains/king1969/goods.php' not found or unable to stat
[Wed Feb 18 00:17:31.430829 2026] [php:error] [pid 39974] [client 4.193.177.110:0] script '/domains/king1969/hehe.php' not found or unable to stat
[Wed Feb 18 00:17:31.477930 2026] [php:error] [pid 39998] [client 185.223.152.115:0] script '/domains/perless2web/wp-head.php' not found or unable to stat
[Wed Feb 18 00:17:31.779522 2026] [php:error] [pid 39998] [client 185.223.152.115:0] script '/domains/perless2web/wp-pano.php' not found or unable to stat
[Wed Feb 18 00:17:32.490495 2026] [php:error] [pid 39974] [client 4.193.177.110:0] script '/domains/king1969/user.php' not found or unable to stat
[Wed Feb 18 00:17:32.595798 2026] [php:error] [pid 39998] [client 185.223.152.115:0] script '/domains/perless2web/xmlrpc.php' not found or unable to stat
[Wed Feb 18 00:17:32.869258 2026] [php:error] [pid 39998] [client 185.223.152.115:0] script '/domains/perless2web/wp-admin.php' not found or unable to stat
[Wed Feb 18 00:17:33.340497 2026] [php:error] [pid 39974] [client 4.193.177.110:0] script '/domains/king1969/wp-2019.php' not found or unable to stat
[Wed Feb 18 00:17:33.908024 2026] [php:error] [pid 39998] [client 185.223.152.115:0] script '/domains/perless2web/WSOEnigma.php' not found or unable to stat
[Wed Feb 18 00:17:33.995897 2026] [php:error] [pid 39974] [client 4.193.177.110:0] script '/domains/king1969/chosen.php' not found or unable to stat
[Wed Feb 18 00:17:34.233674 2026] [php:error] [pid 39974] [client 4.193.177.110:0] script '/domains/king1969/functions.php' not found or unable to stat
[Wed Feb 18 00:17:34.476600 2026] [php:error] [pid 39974] [client 4.193.177.110:0] script '/domains/king1969/cron.php' not found or unable to stat
[Wed Feb 18 00:17:34.711986 2026] [php:error] [pid 39974] [client 4.193.177.110:0] script '/domains/king1969/edit.php' not found or unable to stat
[Wed Feb 18 00:17:35.102061 2026] [php:error] [pid 39998] [client 185.223.152.115:0] script '/domains/perless2web/mah.php' not found or unable to stat
[Wed Feb 18 00:17:35.426093 2026] [php:error] [pid 39974] [client 4.193.177.110:0] script '/domains/king1969/gecko-new.php' not found or unable to stat
[Wed Feb 18 00:17:35.672341 2026] [php:error] [pid 39974] [client 4.193.177.110:0] script '/domains/king1969/cookie.php' not found or unable to stat
[Wed Feb 18 00:17:35.884343 2026] [php:error] [pid 39990] [client 185.223.152.104:0] script '/domains/perless2web/test.php' not found or unable to stat
[Wed Feb 18 00:17:35.916914 2026] [php:error] [pid 39974] [client 4.193.177.110:0] script '/domains/king1969/xleet.php' not found or unable to stat
[Wed Feb 18 00:17:36.145921 2026] [php:error] [pid 39974] [client 4.193.177.110:0] script '/domains/king1969/spip.php' not found or unable to stat
[Wed Feb 18 00:17:36.370140 2026] [php:error] [pid 39990] [client 185.223.152.104:0] script '/domains/perless2web/gebase.php' not found or unable to stat
[Wed Feb 18 00:17:36.459027 2026] [php:error] [pid 39974] [client 4.193.177.110:0] script '/domains/king1969/22.php' not found or unable to stat
[Wed Feb 18 00:17:36.631093 2026] [php:error] [pid 39990] [client 185.223.152.104:0] script '/domains/perless2web/defaults.php' not found or unable to stat
[Wed Feb 18 00:17:36.687119 2026] [php:error] [pid 39974] [client 4.193.177.110:0] script '/domains/king1969/room.php' not found or unable to stat
[Wed Feb 18 00:17:36.862228 2026] [php:error] [pid 39990] [client 185.223.152.104:0] script '/domains/perless2web/asasx.php' not found or unable to stat
[Wed Feb 18 00:17:36.938211 2026] [php:error] [pid 39974] [client 4.193.177.110:0] script '/domains/king1969/disagreed.php' not found or unable to stat
[Wed Feb 18 00:17:37.220622 2026] [php:error] [pid 39974] [client 4.193.177.110:0] script '/domains/king1969/text.php' not found or unable to stat
[Wed Feb 18 00:17:37.449433 2026] [php:error] [pid 39974] [client 4.193.177.110:0] script '/domains/king1969/alfa-rex.php' not found or unable to stat
[Wed Feb 18 00:17:37.921501 2026] [php:error] [pid 39990] [client 185.223.152.104:0] script '/domains/perless2web/contact.php' not found or unable to stat
[Wed Feb 18 00:17:38.271482 2026] [php:error] [pid 39990] [client 185.223.152.104:0] script '/domains/perless2web/classwithtostring.php' not found or unable to stat
[Wed Feb 18 00:17:38.445940 2026] [php:error] [pid 39974] [client 4.193.177.110:0] script '/domains/king1969/feeds.php' not found or unable to stat
[Wed Feb 18 00:17:38.513624 2026] [php:error] [pid 39990] [client 185.223.152.104:0] script '/domains/perless2web/mah.php' not found or unable to stat
[Wed Feb 18 00:17:38.684018 2026] [php:error] [pid 39974] [client 4.193.177.110:0] script '/domains/king1969/radio.php' not found or unable to stat
[Wed Feb 18 00:17:38.761105 2026] [php:error] [pid 39990] [client 185.223.152.104:0] script '/domains/perless2web/wp-add.php' not found or unable to stat
[Wed Feb 18 00:17:38.939349 2026] [php:error] [pid 39974] [client 4.193.177.110:0] script '/domains/king1969/dropdown.php' not found or unable to stat
[Wed Feb 18 00:17:39.181261 2026] [php:error] [pid 39974] [client 4.193.177.110:0] script '/domains/king1969/defaults.php' not found or unable to stat
[Wed Feb 18 00:17:39.409061 2026] [php:error] [pid 39974] [client 4.193.177.110:0] script '/domains/king1969/system.php' not found or unable to stat
[Wed Feb 18 00:17:39.779104 2026] [php:error] [pid 39974] [client 4.193.177.110:0] script '/domains/king1969/xmlrpc.php' not found or unable to stat
[Wed Feb 18 00:17:39.860598 2026] [php:error] [pid 39990] [client 185.223.152.104:0] script '/domains/perless2web/403.php' not found or unable to stat
[Wed Feb 18 00:17:41.103929 2026] [php:error] [pid 39974] [client 4.193.177.110:0] script '/domains/king1969/colors.php' not found or unable to stat
[Wed Feb 18 00:17:41.388497 2026] [php:error] [pid 39990] [client 185.223.152.104:0] script '/domains/perless2web/text.php' not found or unable to stat
[Wed Feb 18 00:17:41.637670 2026] [php:error] [pid 39990] [client 185.223.152.104:0] script '/domains/perless2web/xc.php' not found or unable to stat
[Wed Feb 18 00:17:41.948790 2026] [php:error] [pid 39974] [client 4.193.177.110:0] script '/domains/king1969/updates.php' not found or unable to stat
[Wed Feb 18 00:17:42.944978 2026] [php:error] [pid 39974] [client 4.193.177.110:0] script '/domains/king1969/alfa-rex1.php' not found or unable to stat
[Wed Feb 18 00:17:43.753511 2026] [php:error] [pid 39990] [client 185.223.152.104:0] script '/domains/perless2web/go.php' not found or unable to stat
[Wed Feb 18 00:17:43.811158 2026] [php:error] [pid 39974] [client 4.193.177.110:0] script '/domains/king1969/wp-index.php' not found or unable to stat
[Wed Feb 18 00:17:44.056520 2026] [php:error] [pid 39974] [client 4.193.177.110:0] script '/domains/king1969/wp-admin.php' not found or unable to stat
[Wed Feb 18 00:17:44.288257 2026] [php:error] [pid 39990] [client 185.223.152.104:0] script '/domains/perless2web/byp.php' not found or unable to stat
[Wed Feb 18 00:17:44.325229 2026] [php:error] [pid 39974] [client 4.193.177.110:0] script '/domains/king1969/alfa.php' not found or unable to stat
[Wed Feb 18 00:17:45.520297 2026] [php:error] [pid 39974] [client 4.193.177.110:0] script '/domains/king1969/locale.php' not found or unable to stat
[Wed Feb 18 00:17:45.771911 2026] [php:error] [pid 39974] [client 4.193.177.110:0] script '/domains/king1969/wxo.php' not found or unable to stat
[Wed Feb 18 00:17:45.999287 2026] [php:error] [pid 39974] [client 4.193.177.110:0] script '/domains/king1969/colour.php' not found or unable to stat
[Wed Feb 18 00:17:46.295905 2026] [php:error] [pid 39990] [client 185.223.152.104:0] script '/domains/perless2web/click.php' not found or unable to stat
[Wed Feb 18 00:17:47.081465 2026] [php:error] [pid 39974] [client 4.193.177.110:0] script '/domains/king1969/files.php' not found or unable to stat
[Wed Feb 18 00:17:47.311370 2026] [php:error] [pid 39974] [client 4.193.177.110:0] script '/domains/king1969/install.php' not found or unable to stat
[Wed Feb 18 00:17:47.358682 2026] [php:error] [pid 39990] [client 185.223.152.104:0] script '/domains/perless2web/baxa1.php' not found or unable to stat
[Wed Feb 18 00:17:47.868063 2026] [php:error] [pid 39990] [client 185.223.152.104:0] script '/domains/perless2web/in.php' not found or unable to stat
[Wed Feb 18 00:17:48.190649 2026] [php:error] [pid 39990] [client 185.223.152.104:0] script '/domains/perless2web/geju.php' not found or unable to stat
[Wed Feb 18 00:17:48.196309 2026] [php:error] [pid 39974] [client 4.193.177.110:0] script '/domains/king1969/wp-contentt.php' not found or unable to stat
[Wed Feb 18 00:17:48.657564 2026] [php:error] [pid 39974] [client 4.193.177.110:0] script '/domains/king1969/config.php' not found or unable to stat
[Wed Feb 18 00:17:48.800752 2026] [php:error] [pid 39990] [client 185.223.152.104:0] script '/domains/perless2web/wp-signup.php' not found or unable to stat
[Wed Feb 18 00:17:49.121823 2026] [php:error] [pid 39990] [client 185.223.152.104:0] script '/domains/perless2web/elp.php' not found or unable to stat
[Wed Feb 18 00:17:49.639307 2026] [php:error] [pid 39974] [client 4.193.177.110:0] script '/domains/king1969/theme.php' not found or unable to stat
[Wed Feb 18 00:17:49.875938 2026] [php:error] [pid 39990] [client 185.223.152.104:0] script '/domains/perless2web/chosen-667.php' not found or unable to stat
[Wed Feb 18 00:17:50.106259 2026] [php:error] [pid 39990] [client 185.223.152.104:0] script '/domains/perless2web/network.php' not found or unable to stat
[Wed Feb 18 00:17:50.968390 2026] [php:error] [pid 39998] [client 185.223.152.99:0] script '/domains/perless2web/wp-mail.php' not found or unable to stat
[Wed Feb 18 00:17:51.001633 2026] [php:error] [pid 39974] [client 4.193.177.110:0] script '/domains/king1969/block-bindings.php' not found or unable to stat
[Wed Feb 18 00:17:51.554936 2026] [php:error] [pid 39998] [client 185.223.152.99:0] script '/domains/perless2web/yanz.php' not found or unable to stat
[Wed Feb 18 00:17:51.965010 2026] [php:error] [pid 39974] [client 4.193.177.110:0] script '/domains/king1969/class_api.php' not found or unable to stat
[Wed Feb 18 00:17:52.235743 2026] [php:error] [pid 39974] [client 4.193.177.110:0] script '/domains/king1969/inputs.php' not found or unable to stat
[Wed Feb 18 00:17:53.165581 2026] [php:error] [pid 39974] [client 4.193.177.110:0] script '/domains/king1969/root.php' not found or unable to stat
[Wed Feb 18 00:17:54.146168 2026] [php:error] [pid 39974] [client 4.193.177.110:0] script '/domains/king1969/menu.php' not found or unable to stat
[Wed Feb 18 00:17:55.091945 2026] [php:error] [pid 39974] [client 4.193.177.110:0] script '/domains/king1969/plugin.php' not found or unable to stat
[Wed Feb 18 00:17:55.237771 2026] [php:error] [pid 39990] [client 185.223.152.116:0] script '/domains/perless2web/tiny.php' not found or unable to stat
[Wed Feb 18 00:17:55.966307 2026] [php:error] [pid 39974] [client 4.193.177.110:0] script '/domains/king1969/cloud.php' not found or unable to stat
[Wed Feb 18 00:17:56.534358 2026] [php:error] [pid 39990] [client 185.223.152.116:0] script '/domains/perless2web/edit.php' not found or unable to stat
[Wed Feb 18 00:17:56.739885 2026] [php:error] [pid 39974] [client 4.193.177.110:0] script '/domains/king1969/configs.php' not found or unable to stat
[Wed Feb 18 00:17:56.777385 2026] [php:error] [pid 39990] [client 185.223.152.116:0] script '/domains/perless2web/first.php' not found or unable to stat
[Wed Feb 18 00:17:56.969209 2026] [php:error] [pid 39974] [client 4.193.177.110:0] script '/domains/king1969/wp-configs.php' not found or unable to stat
[Wed Feb 18 00:17:58.541764 2026] [php:error] [pid 39974] [client 4.193.177.110:0] script '/domains/king1969/update.php' not found or unable to stat
[Wed Feb 18 00:17:58.870426 2026] [php:error] [pid 39990] [client 185.223.152.116:0] script '/domains/perless2web/bs1.php' not found or unable to stat
[Wed Feb 18 00:17:59.388244 2026] [php:error] [pid 39974] [client 4.193.177.110:0] script '/domains/king1969/2.php' not found or unable to stat
[Wed Feb 18 00:17:59.999400 2026] [php:error] [pid 39990] [client 185.223.152.116:0] script '/domains/perless2web/cron.php' not found or unable to stat
[Wed Feb 18 00:18:00.631672 2026] [php:error] [pid 39990] [client 185.223.152.116:0] script '/domains/perless2web/db.php' not found or unable to stat
[Wed Feb 18 00:18:00.655713 2026] [php:error] [pid 39974] [client 4.193.177.110:0] script '/domains/king1969/input.php' not found or unable to stat
[Wed Feb 18 00:18:00.890510 2026] [php:error] [pid 39974] [client 4.193.177.110:0] script '/domains/king1969/aaa.php' not found or unable to stat
[Wed Feb 18 00:18:00.970056 2026] [php:error] [pid 39990] [client 185.223.152.116:0] script '/domains/perless2web/fm.php' not found or unable to stat
[Wed Feb 18 00:18:01.717170 2026] [php:error] [pid 39990] [client 185.223.152.116:0] script '/domains/perless2web/a.php' not found or unable to stat
[Wed Feb 18 00:18:02.589895 2026] [php:error] [pid 39990] [client 185.223.152.116:0] script '/domains/perless2web/chosen.php' not found or unable to stat
[Wed Feb 18 00:18:03.305145 2026] [php:error] [pid 39990] [client 185.223.152.116:0] script '/domains/perless2web/back.php' not found or unable to stat
[Wed Feb 18 00:18:05.107579 2026] [php:error] [pid 39990] [client 185.223.152.116:0] script '/domains/perless2web/new.php' not found or unable to stat
[Wed Feb 18 00:18:06.268710 2026] [php:error] [pid 39990] [client 185.223.152.116:0] script '/domains/perless2web/phpfm3.php' not found or unable to stat
[Wed Feb 18 00:18:07.235289 2026] [php:error] [pid 39990] [client 185.223.152.116:0] script '/domains/perless2web/post.php' not found or unable to stat
[Wed Feb 18 00:18:09.454447 2026] [php:error] [pid 39990] [client 185.223.152.116:0] script '/domains/perless2web/randkeyword.php' not found or unable to stat
[Wed Feb 18 00:18:10.172448 2026] [php:error] [pid 39990] [client 185.223.152.116:0] script '/domains/perless2web/xxx.php' not found or unable to stat
[Wed Feb 18 00:18:10.658630 2026] [php:error] [pid 39990] [client 185.223.152.116:0] script '/domains/perless2web/lv.php' not found or unable to stat
[Wed Feb 18 00:18:10.912269 2026] [php:error] [pid 39990] [client 185.223.152.116:0] script '/domains/perless2web/zip.php' not found or unable to stat
[Wed Feb 18 00:18:14.004657 2026] [php:error] [pid 39990] [client 185.223.152.116:0] script '/domains/perless2web/wp-cron.php' not found or unable to stat
[Wed Feb 18 00:18:14.709066 2026] [php:error] [pid 39990] [client 185.223.152.116:0] script '/domains/perless2web/jp.php' not found or unable to stat
