[Wed Feb 18 00:18:14.943810 2026] [php:error] [pid 39990] [client 185.223.152.116:0] script '/domains/perless2web/rcc.php' not found or unable to stat
[Wed Feb 18 00:18:15.404771 2026] [php:error] [pid 39990] [client 185.223.152.116:0] script '/domains/perless2web/class.api.php' not found or unable to stat
[Wed Feb 18 00:18:15.704808 2026] [php:error] [pid 39990] [client 185.223.152.116:0] script '/domains/perless2web/layout.php' not found or unable to stat
[Wed Feb 18 00:18:16.189429 2026] [php:error] [pid 39990] [client 185.223.152.116:0] script '/domains/perless2web/history.php' not found or unable to stat
[Wed Feb 18 00:18:17.240454 2026] [php:error] [pid 39990] [client 185.223.152.116:0] script '/domains/perless2web/images/about.php' not found or unable to stat
[Wed Feb 18 00:18:18.455554 2026] [php:error] [pid 39990] [client 185.223.152.116:0] script '/domains/perless2web/about.php' not found or unable to stat
[Wed Feb 18 00:18:18.978016 2026] [php:error] [pid 39990] [client 185.223.152.116:0] script '/domains/perless2web/cong.php' not found or unable to stat
[Wed Feb 18 00:18:20.224120 2026] [php:error] [pid 39990] [client 185.223.152.116:0] script '/domains/perless2web/wp-links.php' not found or unable to stat
[Wed Feb 18 00:18:20.719229 2026] [php:error] [pid 40013] [client 185.223.152.102:0] script '/domains/perless2web/makeasmtp.php' not found or unable to stat
[Wed Feb 18 00:18:21.669832 2026] [php:error] [pid 40013] [client 185.223.152.102:0] script '/domains/perless2web/login.php' not found or unable to stat
[Wed Feb 18 00:18:24.249498 2026] [php:error] [pid 40013] [client 185.223.152.102:0] script '/domains/perless2web/wander.php' not found or unable to stat
[Wed Feb 18 00:18:25.038042 2026] [php:error] [pid 40013] [client 185.223.152.102:0] script '/domains/perless2web/wp-config-sample.php' not found or unable to stat
[Wed Feb 18 00:18:26.011812 2026] [php:error] [pid 40013] [client 185.223.152.102:0] script '/domains/perless2web/images/autoload_classmap.php' not found or unable to stat
[Wed Feb 18 00:18:26.289836 2026] [php:error] [pid 40013] [client 185.223.152.102:0] script '/domains/perless2web/manager.php' not found or unable to stat
[Wed Feb 18 00:18:27.025800 2026] [php:error] [pid 40013] [client 185.223.152.102:0] script '/domains/perless2web/users.php' not found or unable to stat
[Wed Feb 18 00:18:27.778590 2026] [php:error] [pid 40013] [client 185.223.152.102:0] script '/domains/perless2web/sim.php' not found or unable to stat
[Wed Feb 18 00:18:28.800698 2026] [php:error] [pid 40013] [client 185.223.152.102:0] script '/domains/perless2web/function.php' not found or unable to stat
[Wed Feb 18 00:18:33.123612 2026] [php:error] [pid 40013] [client 185.223.152.102:0] script '/domains/perless2web/wp-mail.php' not found or unable to stat
[Wed Feb 18 00:18:33.607176 2026] [php:error] [pid 40007] [client 20.42.209.0:0] script '/domains/sjsachs/checkbex.php' not found or unable to stat
[Wed Feb 18 00:18:33.809906 2026] [php:error] [pid 40007] [client 20.42.209.0:0] script '/domains/sjsachs/reyna.php' not found or unable to stat
[Wed Feb 18 00:18:34.022192 2026] [php:error] [pid 40007] [client 20.42.209.0:0] script '/domains/sjsachs/meew.php' not found or unable to stat
[Wed Feb 18 00:18:34.195937 2026] [php:error] [pid 40013] [client 185.223.152.102:0] script '/domains/perless2web/admin-post.php' not found or unable to stat
[Wed Feb 18 00:18:34.264203 2026] [php:error] [pid 40007] [client 20.42.209.0:0] script '/domains/sjsachs/71.php' not found or unable to stat
[Wed Feb 18 00:18:34.459474 2026] [php:error] [pid 40013] [client 185.223.152.102:0] script '/domains/perless2web/conf_upload.php' not found or unable to stat
[Wed Feb 18 00:18:34.479178 2026] [php:error] [pid 40007] [client 20.42.209.0:0] script '/domains/sjsachs/Timing.php' not found or unable to stat
[Wed Feb 18 00:18:34.709210 2026] [php:error] [pid 40007] [client 20.42.209.0:0] script '/domains/sjsachs/extract.php' not found or unable to stat
[Wed Feb 18 00:18:34.917692 2026] [php:error] [pid 40007] [client 20.42.209.0:0] script '/domains/sjsachs/comp.php' not found or unable to stat
[Wed Feb 18 00:18:35.129321 2026] [php:error] [pid 40007] [client 20.42.209.0:0] script '/domains/sjsachs/C1.php' not found or unable to stat
[Wed Feb 18 00:18:35.352382 2026] [php:error] [pid 40007] [client 20.42.209.0:0] script '/domains/sjsachs/core.php' not found or unable to stat
[Wed Feb 18 00:18:35.555420 2026] [php:error] [pid 40007] [client 20.42.209.0:0] script '/domains/sjsachs/pass4.php' not found or unable to stat
[Wed Feb 18 00:18:35.725245 2026] [php:error] [pid 40013] [client 185.223.152.102:0] script '/domains/perless2web/wp-configs.php' not found or unable to stat
[Wed Feb 18 00:18:35.766604 2026] [php:error] [pid 40007] [client 20.42.209.0:0] script '/domains/sjsachs/X57.php' not found or unable to stat
[Wed Feb 18 00:18:35.969666 2026] [php:error] [pid 40007] [client 20.42.209.0:0] script '/domains/sjsachs/admina.php' not found or unable to stat
[Wed Feb 18 00:18:36.178342 2026] [php:error] [pid 40007] [client 20.42.209.0:0] script '/domains/sjsachs/acp.php' not found or unable to stat
[Wed Feb 18 00:18:36.382552 2026] [php:error] [pid 40007] [client 20.42.209.0:0] script '/domains/sjsachs/Okxob.php' not found or unable to stat
[Wed Feb 18 00:18:36.585462 2026] [php:error] [pid 40007] [client 20.42.209.0:0] script '/domains/sjsachs/widgets.php' not found or unable to stat
[Wed Feb 18 00:18:36.790148 2026] [php:error] [pid 40007] [client 20.42.209.0:0] script '/domains/sjsachs/theme-install.php' not found or unable to stat
[Wed Feb 18 00:18:37.009487 2026] [php:error] [pid 40007] [client 20.42.209.0:0] script '/domains/sjsachs/widgets-form-blocks.php' not found or unable to stat
[Wed Feb 18 00:18:37.101324 2026] [php:error] [pid 35041] [client 185.223.152.108:0] script '/domains/perless2web/f35.php' not found or unable to stat
[Wed Feb 18 00:18:37.934881 2026] [php:error] [pid 35041] [client 185.223.152.108:0] script '/domains/perless2web/edit.php' not found or unable to stat
[Wed Feb 18 00:18:38.064919 2026] [php:error] [pid 40007] [client 20.42.209.0:0] script '/domains/sjsachs/media.php' not found or unable to stat
[Wed Feb 18 00:18:38.269776 2026] [php:error] [pid 40007] [client 20.42.209.0:0] script '/domains/sjsachs/freedoms.php' not found or unable to stat
[Wed Feb 18 00:18:38.675564 2026] [php:error] [pid 40007] [client 20.42.209.0:0] script '/domains/sjsachs/admin-ajax.php' not found or unable to stat
[Wed Feb 18 00:18:38.721316 2026] [php:error] [pid 35041] [client 185.223.152.108:0] script '/domains/perless2web/files.php' not found or unable to stat
[Wed Feb 18 00:18:38.955494 2026] [php:error] [pid 35041] [client 185.223.152.108:0] script '/domains/perless2web/webadmin.php' not found or unable to stat
[Wed Feb 18 00:18:39.080635 2026] [php:error] [pid 40007] [client 20.42.209.0:0] script '/domains/sjsachs/Jcrop.php' not found or unable to stat
[Wed Feb 18 00:18:39.283638 2026] [php:error] [pid 40007] [client 20.42.209.0:0] script '/domains/sjsachs/koiy.php' not found or unable to stat
[Wed Feb 18 00:18:39.486349 2026] [php:error] [pid 40007] [client 20.42.209.0:0] script '/domains/sjsachs/pouhg.php' not found or unable to stat
[Wed Feb 18 00:18:39.689225 2026] [php:error] [pid 40007] [client 20.42.209.0:0] script '/domains/sjsachs/cc13.php' not found or unable to stat
[Wed Feb 18 00:18:39.754704 2026] [php:error] [pid 35041] [client 185.223.152.108:0] script '/domains/perless2web/wsa.php' not found or unable to stat
[Wed Feb 18 00:18:39.892695 2026] [php:error] [pid 40007] [client 20.42.209.0:0] script '/domains/sjsachs/wp-22.php' not found or unable to stat
[Wed Feb 18 00:18:40.001000 2026] [php:error] [pid 35041] [client 185.223.152.108:0] script '/domains/perless2web/tinyfilemanager.php' not found or unable to stat
[Wed Feb 18 00:18:40.095569 2026] [php:error] [pid 40007] [client 20.42.209.0:0] script '/domains/sjsachs/fz.php' not found or unable to stat
[Wed Feb 18 00:18:40.298568 2026] [php:error] [pid 40007] [client 20.42.209.0:0] script '/domains/sjsachs/v2.php' not found or unable to stat
[Wed Feb 18 00:18:40.501675 2026] [php:error] [pid 40007] [client 20.42.209.0:0] script '/domains/sjsachs/ty.php' not found or unable to stat
[Wed Feb 18 00:18:40.704256 2026] [php:error] [pid 40007] [client 20.42.209.0:0] script '/domains/sjsachs/g84.php' not found or unable to stat
[Wed Feb 18 00:18:40.907648 2026] [php:error] [pid 40007] [client 20.42.209.0:0] script '/domains/sjsachs/106.php' not found or unable to stat
[Wed Feb 18 00:18:41.110080 2026] [php:error] [pid 40007] [client 20.42.209.0:0] script '/domains/sjsachs/file2.php' not found or unable to stat
[Wed Feb 18 00:18:41.118609 2026] [php:error] [pid 35041] [client 185.223.152.108:0] script '/domains/perless2web/woh.php' not found or unable to stat
[Wed Feb 18 00:18:41.312649 2026] [php:error] [pid 40007] [client 20.42.209.0:0] script '/domains/sjsachs/mmm.php' not found or unable to stat
[Wed Feb 18 00:18:41.519349 2026] [php:error] [pid 40007] [client 20.42.209.0:0] script '/domains/sjsachs/R57.php' not found or unable to stat
[Wed Feb 18 00:18:41.721992 2026] [php:error] [pid 40007] [client 20.42.209.0:0] script '/domains/sjsachs/ws66.php' not found or unable to stat
[Wed Feb 18 00:18:41.925535 2026] [php:error] [pid 40007] [client 20.42.209.0:0] script '/domains/sjsachs/666.php' not found or unable to stat
[Wed Feb 18 00:18:41.999898 2026] [php:error] [pid 35041] [client 185.223.152.108:0] script '/domains/perless2web/bless.php' not found or unable to stat
[Wed Feb 18 00:18:42.128401 2026] [php:error] [pid 40007] [client 20.42.209.0:0] script '/domains/sjsachs/V2_xml.php' not found or unable to stat
[Wed Feb 18 00:18:42.271950 2026] [php:error] [pid 35041] [client 185.223.152.108:0] script '/domains/perless2web/wp-trackback.php' not found or unable to stat
[Wed Feb 18 00:18:42.331069 2026] [php:error] [pid 40007] [client 20.42.209.0:0] script '/domains/sjsachs/xy.php' not found or unable to stat
[Wed Feb 18 00:18:42.531643 2026] [php:error] [pid 35041] [client 185.223.152.108:0] script '/domains/perless2web/info.php' not found or unable to stat
[Wed Feb 18 00:18:42.533777 2026] [php:error] [pid 40007] [client 20.42.209.0:0] script '/domains/sjsachs/salam.php' not found or unable to stat
[Wed Feb 18 00:18:42.736497 2026] [php:error] [pid 40007] [client 20.42.209.0:0] script '/domains/sjsachs/8.php' not found or unable to stat
[Wed Feb 18 00:18:42.941079 2026] [php:error] [pid 40007] [client 20.42.209.0:0] script '/domains/sjsachs/whm-cp.php' not found or unable to stat
[Wed Feb 18 00:18:43.144150 2026] [php:error] [pid 40007] [client 20.42.209.0:0] script '/domains/sjsachs/zing.php' not found or unable to stat
[Wed Feb 18 00:18:43.275116 2026] [php:error] [pid 35041] [client 185.223.152.108:0] script '/domains/perless2web/buy.php' not found or unable to stat
[Wed Feb 18 00:18:43.347308 2026] [php:error] [pid 40007] [client 20.42.209.0:0] script '/domains/sjsachs/nes.php' not found or unable to stat
[Wed Feb 18 00:18:43.549723 2026] [php:error] [pid 40007] [client 20.42.209.0:0] script '/domains/sjsachs/wp-pass.php' not found or unable to stat
[Wed Feb 18 00:18:43.752348 2026] [php:error] [pid 40007] [client 20.42.209.0:0] script '/domains/sjsachs/wp-feed.php' not found or unable to stat
[Wed Feb 18 00:18:43.765102 2026] [php:error] [pid 35041] [client 185.223.152.108:0] script '/domains/perless2web/readme.php' not found or unable to stat
[Wed Feb 18 00:18:43.955316 2026] [php:error] [pid 40007] [client 20.42.209.0:0] script '/domains/sjsachs/eew.php' not found or unable to stat
[Wed Feb 18 00:18:44.019135 2026] [php:error] [pid 35041] [client 185.223.152.108:0] script '/domains/perless2web/sck.php' not found or unable to stat
[Wed Feb 18 00:18:44.158290 2026] [php:error] [pid 40007] [client 20.42.209.0:0] script '/domains/sjsachs/rendi59.php' not found or unable to stat
[Wed Feb 18 00:18:44.270565 2026] [php:error] [pid 35041] [client 185.223.152.108:0] script '/domains/perless2web/fm.php' not found or unable to stat
[Wed Feb 18 00:18:44.360976 2026] [php:error] [pid 40007] [client 20.42.209.0:0] script '/domains/sjsachs/iov.php' not found or unable to stat
[Wed Feb 18 00:18:44.563359 2026] [php:error] [pid 40007] [client 20.42.209.0:0] script '/domains/sjsachs/xinder.php' not found or unable to stat
[Wed Feb 18 00:18:44.766462 2026] [php:error] [pid 40007] [client 20.42.209.0:0] script '/domains/sjsachs/rivasqup.php' not found or unable to stat
[Wed Feb 18 00:18:44.807202 2026] [php:error] [pid 35041] [client 185.223.152.108:0] script '/domains/perless2web/packed.php' not found or unable to stat
[Wed Feb 18 00:18:44.968916 2026] [php:error] [pid 40007] [client 20.42.209.0:0] script '/domains/sjsachs/R57.php' not found or unable to stat
[Wed Feb 18 00:18:45.056609 2026] [php:error] [pid 35041] [client 185.223.152.108:0] script '/domains/perless2web/about.php' not found or unable to stat
[Wed Feb 18 00:18:45.171846 2026] [php:error] [pid 40007] [client 20.42.209.0:0] script '/domains/sjsachs/baixy.php' not found or unable to stat
[Wed Feb 18 00:18:45.602618 2026] [php:error] [pid 40007] [client 20.42.209.0:0] script '/domains/sjsachs/out.php' not found or unable to stat
[Wed Feb 18 00:18:45.806208 2026] [php:error] [pid 40007] [client 20.42.209.0:0] script '/domains/sjsachs/cgi-bin/lsd.php' not found or unable to stat
[Wed Feb 18 00:18:46.076077 2026] [php:error] [pid 35041] [client 185.223.152.108:0] script '/domains/perless2web/plugin.php' not found or unable to stat
[Wed Feb 18 00:18:46.211001 2026] [php:error] [pid 40007] [client 20.42.209.0:0] script '/domains/sjsachs/sbhu.php' not found or unable to stat
[Wed Feb 18 00:18:46.413811 2026] [php:error] [pid 40007] [client 20.42.209.0:0] script '/domains/sjsachs/zz8.php' not found or unable to stat
[Wed Feb 18 00:18:46.616563 2026] [php:error] [pid 40007] [client 20.42.209.0:0] script '/domains/sjsachs/acfdr.php' not found or unable to stat
[Wed Feb 18 00:18:47.025503 2026] [php:error] [pid 40007] [client 20.42.209.0:0] script '/domains/sjsachs/lp6.php' not found or unable to stat
[Wed Feb 18 00:18:47.135535 2026] [php:error] [pid 35041] [client 185.223.152.108:0] script '/domains/perless2web/chosen.php' not found or unable to stat
[Wed Feb 18 00:18:47.228492 2026] [php:error] [pid 40007] [client 20.42.209.0:0] script '/domains/sjsachs/wp-k3w6g9s4h2.php' not found or unable to stat
[Wed Feb 18 00:18:47.415761 2026] [php:error] [pid 35041] [client 185.223.152.108:0] script '/domains/perless2web/load.php' not found or unable to stat
[Wed Feb 18 00:18:47.431110 2026] [php:error] [pid 40007] [client 20.42.209.0:0] script '/domains/sjsachs/we.php' not found or unable to stat
[Wed Feb 18 00:18:47.633783 2026] [php:error] [pid 40007] [client 20.42.209.0:0] script '/domains/sjsachs/bjfl.php' not found or unable to stat
[Wed Feb 18 00:18:47.837264 2026] [php:error] [pid 40007] [client 20.42.209.0:0] script '/domains/sjsachs/init.php' not found or unable to stat
[Wed Feb 18 00:18:47.916316 2026] [php:error] [pid 35041] [client 185.223.152.108:0] script '/domains/perless2web/edit-tags.php' not found or unable to stat
[Wed Feb 18 00:18:48.041960 2026] [php:error] [pid 40007] [client 20.42.209.0:0] script '/domains/sjsachs/co.php' not found or unable to stat
[Wed Feb 18 00:18:48.721088 2026] [php:error] [pid 35041] [client 185.223.152.108:0] script '/domains/perless2web/autoload_classmap.php' not found or unable to stat
[Wed Feb 18 00:18:48.979584 2026] [php:error] [pid 35041] [client 185.223.152.108:0] script '/domains/perless2web/lock.php' not found or unable to stat
[Wed Feb 18 00:18:50.801343 2026] [php:error] [pid 40011] [client 185.223.152.115:0] script '/domains/perless2web/product.php' not found or unable to stat
[Wed Feb 18 00:18:52.119195 2026] [php:error] [pid 40008] [client 185.223.152.98:0] script '/domains/perless2web/base.php' not found or unable to stat
[Wed Feb 18 00:18:52.605340 2026] [php:error] [pid 40008] [client 185.223.152.98:0] script '/domains/perless2web/zero.php' not found or unable to stat
[Wed Feb 18 00:18:53.366935 2026] [php:error] [pid 40008] [client 185.223.152.98:0] script '/domains/perless2web/style.php' not found or unable to stat
[Wed Feb 18 00:18:53.624313 2026] [php:error] [pid 40008] [client 185.223.152.98:0] script '/domains/perless2web/db.php' not found or unable to stat
[Wed Feb 18 00:18:54.947526 2026] [php:error] [pid 40012] [client 185.223.152.95:0] script '/domains/perless2web/wp-set.php' not found or unable to stat
[Wed Feb 18 00:18:55.181827 2026] [php:error] [pid 40012] [client 185.223.152.95:0] script '/domains/perless2web/file.php' not found or unable to stat
[Wed Feb 18 00:18:59.251504 2026] [php:error] [pid 40013] [client 185.223.152.101:0] script '/domains/perless2web/moon.php' not found or unable to stat
[Wed Feb 18 00:19:01.384378 2026] [php:error] [pid 40013] [client 185.223.152.101:0] script '/domains/perless2web/pages.php' not found or unable to stat
[Wed Feb 18 00:19:01.729082 2026] [php:error] [pid 40013] [client 185.223.152.101:0] script '/domains/perless2web/bulk.php' not found or unable to stat
[Wed Feb 18 00:19:01.977049 2026] [php:error] [pid 40013] [client 185.223.152.101:0] script '/domains/perless2web/kk.php' not found or unable to stat
[Wed Feb 18 00:19:03.079958 2026] [php:error] [pid 40013] [client 185.223.152.101:0] script '/domains/perless2web/wp-logout.php' not found or unable to stat
[Wed Feb 18 00:19:04.141323 2026] [php:error] [pid 40013] [client 185.223.152.101:0] script '/domains/perless2web/classwithtostring.php' not found or unable to stat
[Wed Feb 18 00:19:04.409126 2026] [php:error] [pid 40013] [client 185.223.152.101:0] script '/domains/perless2web/wp-setup.php' not found or unable to stat
[Wed Feb 18 00:19:05.203764 2026] [php:error] [pid 40013] [client 185.223.152.101:0] script '/domains/perless2web/wp-editor.php' not found or unable to stat
[Wed Feb 18 00:19:05.499602 2026] [php:error] [pid 40013] [client 185.223.152.101:0] script '/domains/perless2web/wp-simple.php' not found or unable to stat
[Wed Feb 18 00:19:07.559075 2026] [php:error] [pid 40013] [client 185.223.152.101:0] script '/domains/perless2web/hehehehe.php' not found or unable to stat
[Wed Feb 18 00:19:09.796511 2026] [php:error] [pid 40013] [client 185.223.152.101:0] script '/domains/perless2web/header.php' not found or unable to stat
[Wed Feb 18 00:19:10.033324 2026] [php:error] [pid 40013] [client 185.223.152.101:0] script '/domains/perless2web/gecko.php' not found or unable to stat
[Wed Feb 18 00:19:11.020563 2026] [php:error] [pid 40013] [client 185.223.152.101:0] script '/domains/perless2web/bk.php' not found or unable to stat
[Wed Feb 18 00:19:13.866480 2026] [php:error] [pid 40007] [client 185.223.152.105:0] script '/domains/perless2web/about.php' not found or unable to stat
[Wed Feb 18 00:19:14.115894 2026] [php:error] [pid 40007] [client 185.223.152.105:0] script '/domains/perless2web/sym.php' not found or unable to stat
[Wed Feb 18 00:19:15.791865 2026] [php:error] [pid 40007] [client 185.223.152.105:0] script '/domains/perless2web/sk.php' not found or unable to stat
[Wed Feb 18 00:19:17.285734 2026] [php:error] [pid 40019] [client 185.223.152.110:0] script '/domains/perless2web/images/Marvins.php' not found or unable to stat
[Wed Feb 18 00:19:18.024604 2026] [php:error] [pid 40019] [client 185.223.152.110:0] script '/domains/perless2web/images/index.php' not found or unable to stat
[Wed Feb 18 00:19:19.297298 2026] [php:error] [pid 40019] [client 185.223.152.110:0] script '/domains/perless2web/sys.php' not found or unable to stat
[Wed Feb 18 00:19:20.046847 2026] [php:error] [pid 40019] [client 185.223.152.110:0] script '/domains/perless2web/wp-user.php' not found or unable to stat
[Wed Feb 18 00:19:20.284812 2026] [php:error] [pid 40019] [client 185.223.152.110:0] script '/domains/perless2web/customize.php' not found or unable to stat
[Wed Feb 18 00:19:21.861561 2026] [php:error] [pid 40011] [client 185.223.152.109:0] script '/domains/perless2web/fm1.php' not found or unable to stat
[Wed Feb 18 00:19:22.731349 2026] [php:error] [pid 40011] [client 185.223.152.109:0] script '/domains/perless2web/wp-settings.php' not found or unable to stat
[Wed Feb 18 00:19:23.266259 2026] [php:error] [pid 40011] [client 185.223.152.109:0] script '/domains/perless2web/wp-file.php' not found or unable to stat
[Wed Feb 18 00:19:23.513739 2026] [php:error] [pid 40011] [client 185.223.152.109:0] script '/domains/perless2web/wp-content.php' not found or unable to stat
[Wed Feb 18 00:19:24.075333 2026] [php:error] [pid 40011] [client 185.223.152.109:0] script '/domains/perless2web/log.php' not found or unable to stat
[Wed Feb 18 00:19:24.592322 2026] [php:error] [pid 40011] [client 185.223.152.109:0] script '/domains/perless2web/ioxi01.php' not found or unable to stat
[Wed Feb 18 00:19:27.857988 2026] [php:error] [pid 40011] [client 185.223.152.109:0] script '/domains/perless2web/xx.php' not found or unable to stat
[Wed Feb 18 00:19:30.246051 2026] [php:error] [pid 40011] [client 185.223.152.109:0] script '/domains/perless2web/images.php' not found or unable to stat
[Wed Feb 18 00:19:30.503794 2026] [php:error] [pid 40011] [client 185.223.152.109:0] script '/domains/perless2web/wp-aespa.php' not found or unable to stat
[Wed Feb 18 00:19:31.687483 2026] [php:error] [pid 40016] [client 20.89.56.154:0] script '/domains/system_default/checkbex.php' not found or unable to stat
[Wed Feb 18 00:19:31.853247 2026] [php:error] [pid 40016] [client 20.89.56.154:0] script '/domains/system_default/reyna.php' not found or unable to stat
[Wed Feb 18 00:19:32.022358 2026] [php:error] [pid 40016] [client 20.89.56.154:0] script '/domains/system_default/meew.php' not found or unable to stat
[Wed Feb 18 00:19:32.194205 2026] [php:error] [pid 40016] [client 20.89.56.154:0] script '/domains/system_default/71.php' not found or unable to stat
[Wed Feb 18 00:19:32.368346 2026] [php:error] [pid 40016] [client 20.89.56.154:0] script '/domains/system_default/Timing.php' not found or unable to stat
[Wed Feb 18 00:19:32.543352 2026] [php:error] [pid 40016] [client 20.89.56.154:0] script '/domains/system_default/extract.php' not found or unable to stat
[Wed Feb 18 00:19:32.708884 2026] [php:error] [pid 40016] [client 20.89.56.154:0] script '/domains/system_default/comp.php' not found or unable to stat
[Wed Feb 18 00:19:32.874634 2026] [php:error] [pid 40016] [client 20.89.56.154:0] script '/domains/system_default/C1.php' not found or unable to stat
[Wed Feb 18 00:19:33.040230 2026] [php:error] [pid 40016] [client 20.89.56.154:0] script '/domains/system_default/core.php' not found or unable to stat
[Wed Feb 18 00:19:33.205463 2026] [php:error] [pid 40016] [client 20.89.56.154:0] script '/domains/system_default/pass4.php' not found or unable to stat
[Wed Feb 18 00:19:33.370376 2026] [php:error] [pid 40016] [client 20.89.56.154:0] script '/domains/system_default/X57.php' not found or unable to stat
[Wed Feb 18 00:19:33.539866 2026] [php:error] [pid 40016] [client 20.89.56.154:0] script '/domains/system_default/admina.php' not found or unable to stat
[Wed Feb 18 00:19:33.705689 2026] [php:error] [pid 40016] [client 20.89.56.154:0] script '/domains/system_default/acp.php' not found or unable to stat
[Wed Feb 18 00:19:33.892803 2026] [php:error] [pid 40016] [client 20.89.56.154:0] script '/domains/system_default/Okxob.php' not found or unable to stat
[Wed Feb 18 00:19:34.058340 2026] [php:error] [pid 40016] [client 20.89.56.154:0] script '/domains/system_default/widgets.php' not found or unable to stat
[Wed Feb 18 00:19:34.238858 2026] [php:error] [pid 40016] [client 20.89.56.154:0] script '/domains/system_default/theme-install.php' not found or unable to stat
[Wed Feb 18 00:19:34.404076 2026] [php:error] [pid 40016] [client 20.89.56.154:0] script '/domains/system_default/widgets-form-blocks.php' not found or unable to stat
[Wed Feb 18 00:19:34.921903 2026] [php:error] [pid 40011] [client 185.223.152.106:0] script '/domains/perless2web/wp-l0gin.php' not found or unable to stat
[Wed Feb 18 00:19:35.256742 2026] [php:error] [pid 40016] [client 20.89.56.154:0] script '/domains/system_default/media.php' not found or unable to stat
[Wed Feb 18 00:19:35.421994 2026] [php:error] [pid 40016] [client 20.89.56.154:0] script '/domains/system_default/freedoms.php' not found or unable to stat
[Wed Feb 18 00:19:35.781618 2026] [php:error] [pid 40016] [client 20.89.56.154:0] script '/domains/system_default/admin-ajax.php' not found or unable to stat
[Wed Feb 18 00:19:36.114232 2026] [php:error] [pid 40016] [client 20.89.56.154:0] script '/domains/system_default/Jcrop.php' not found or unable to stat
[Wed Feb 18 00:19:36.295151 2026] [php:error] [pid 40016] [client 20.89.56.154:0] script '/domains/system_default/koiy.php' not found or unable to stat
[Wed Feb 18 00:19:36.460367 2026] [php:error] [pid 40016] [client 20.89.56.154:0] script '/domains/system_default/pouhg.php' not found or unable to stat
[Wed Feb 18 00:19:36.634771 2026] [php:error] [pid 40016] [client 20.89.56.154:0] script '/domains/system_default/cc13.php' not found or unable to stat
[Wed Feb 18 00:19:36.800509 2026] [php:error] [pid 40016] [client 20.89.56.154:0] script '/domains/system_default/wp-22.php' not found or unable to stat
[Wed Feb 18 00:19:36.921225 2026] [php:error] [pid 40011] [client 185.223.152.106:0] script '/domains/perless2web/wp-conflg.php' not found or unable to stat
[Wed Feb 18 00:19:36.965727 2026] [php:error] [pid 40016] [client 20.89.56.154:0] script '/domains/system_default/fz.php' not found or unable to stat
[Wed Feb 18 00:19:37.146681 2026] [php:error] [pid 40016] [client 20.89.56.154:0] script '/domains/system_default/v2.php' not found or unable to stat
[Wed Feb 18 00:19:37.322615 2026] [php:error] [pid 40016] [client 20.89.56.154:0] script '/domains/system_default/ty.php' not found or unable to stat
[Wed Feb 18 00:19:37.492191 2026] [php:error] [pid 40016] [client 20.89.56.154:0] script '/domains/system_default/g84.php' not found or unable to stat
[Wed Feb 18 00:19:37.665067 2026] [php:error] [pid 40016] [client 20.89.56.154:0] script '/domains/system_default/106.php' not found or unable to stat
[Wed Feb 18 00:19:37.838611 2026] [php:error] [pid 40016] [client 20.89.56.154:0] script '/domains/system_default/file2.php' not found or unable to stat
[Wed Feb 18 00:19:38.006214 2026] [php:error] [pid 40016] [client 20.89.56.154:0] script '/domains/system_default/mmm.php' not found or unable to stat
[Wed Feb 18 00:19:38.174777 2026] [php:error] [pid 40016] [client 20.89.56.154:0] script '/domains/system_default/R57.php' not found or unable to stat
[Wed Feb 18 00:19:38.225710 2026] [php:error] [pid 40011] [client 185.223.152.106:0] script '/domains/perless2web/images/worksec.php' not found or unable to stat
[Wed Feb 18 00:19:38.340127 2026] [php:error] [pid 40016] [client 20.89.56.154:0] script '/domains/system_default/ws66.php' not found or unable to stat
[Wed Feb 18 00:19:38.457742 2026] [php:error] [pid 40011] [client 185.223.152.106:0] script '/domains/perless2web/images/rest.php' not found or unable to stat
[Wed Feb 18 00:19:38.507174 2026] [php:error] [pid 40016] [client 20.89.56.154:0] script '/domains/system_default/666.php' not found or unable to stat
[Wed Feb 18 00:19:38.678431 2026] [php:error] [pid 40016] [client 20.89.56.154:0] script '/domains/system_default/V2_xml.php' not found or unable to stat
[Wed Feb 18 00:19:38.843848 2026] [php:error] [pid 40016] [client 20.89.56.154:0] script '/domains/system_default/xy.php' not found or unable to stat
[Wed Feb 18 00:19:39.009966 2026] [php:error] [pid 40016] [client 20.89.56.154:0] script '/domains/system_default/salam.php' not found or unable to stat
[Wed Feb 18 00:19:39.181408 2026] [php:error] [pid 40016] [client 20.89.56.154:0] script '/domains/system_default/8.php' not found or unable to stat
[Wed Feb 18 00:19:39.346931 2026] [php:error] [pid 40016] [client 20.89.56.154:0] script '/domains/system_default/whm-cp.php' not found or unable to stat
[Wed Feb 18 00:19:39.512178 2026] [php:error] [pid 40016] [client 20.89.56.154:0] script '/domains/system_default/zing.php' not found or unable to stat
[Wed Feb 18 00:19:39.677549 2026] [php:error] [pid 40016] [client 20.89.56.154:0] script '/domains/system_default/nes.php' not found or unable to stat
[Wed Feb 18 00:19:39.844187 2026] [php:error] [pid 40016] [client 20.89.56.154:0] script '/domains/system_default/wp-pass.php' not found or unable to stat
[Wed Feb 18 00:19:40.009402 2026] [php:error] [pid 40016] [client 20.89.56.154:0] script '/domains/system_default/wp-feed.php' not found or unable to stat
[Wed Feb 18 00:19:40.175461 2026] [php:error] [pid 40016] [client 20.89.56.154:0] script '/domains/system_default/eew.php' not found or unable to stat
[Wed Feb 18 00:19:40.340401 2026] [php:error] [pid 40016] [client 20.89.56.154:0] script '/domains/system_default/rendi59.php' not found or unable to stat
[Wed Feb 18 00:19:40.505388 2026] [php:error] [pid 40016] [client 20.89.56.154:0] script '/domains/system_default/iov.php' not found or unable to stat
[Wed Feb 18 00:19:40.671806 2026] [php:error] [pid 40016] [client 20.89.56.154:0] script '/domains/system_default/xinder.php' not found or unable to stat
[Wed Feb 18 00:19:40.837638 2026] [php:error] [pid 40016] [client 20.89.56.154:0] script '/domains/system_default/rivasqup.php' not found or unable to stat
[Wed Feb 18 00:19:41.004284 2026] [php:error] [pid 40016] [client 20.89.56.154:0] script '/domains/system_default/R57.php' not found or unable to stat
[Wed Feb 18 00:19:41.170370 2026] [php:error] [pid 40016] [client 20.89.56.154:0] script '/domains/system_default/baixy.php' not found or unable to stat
[Wed Feb 18 00:19:41.233336 2026] [php:error] [pid 40007] [client 185.223.152.108:0] script '/domains/perless2web/0x.php' not found or unable to stat
[Wed Feb 18 00:19:41.501527 2026] [php:error] [pid 40016] [client 20.89.56.154:0] script '/domains/system_default/out.php' not found or unable to stat
[Wed Feb 18 00:19:42.008752 2026] [php:error] [pid 40016] [client 20.89.56.154:0] script '/domains/system_default/sbhu.php' not found or unable to stat
[Wed Feb 18 00:19:42.174326 2026] [php:error] [pid 40016] [client 20.89.56.154:0] script '/domains/system_default/zz8.php' not found or unable to stat
[Wed Feb 18 00:19:42.237305 2026] [php:error] [pid 40007] [client 185.223.152.108:0] script '/domains/perless2web/wpn.php' not found or unable to stat
[Wed Feb 18 00:19:42.339301 2026] [php:error] [pid 40016] [client 20.89.56.154:0] script '/domains/system_default/acfdr.php' not found or unable to stat
[Wed Feb 18 00:19:42.474050 2026] [php:error] [pid 40007] [client 185.223.152.108:0] script '/domains/perless2web/cloud.php' not found or unable to stat
[Wed Feb 18 00:19:42.669013 2026] [php:error] [pid 40016] [client 20.89.56.154:0] script '/domains/system_default/lp6.php' not found or unable to stat
[Wed Feb 18 00:19:42.732374 2026] [php:error] [pid 40007] [client 185.223.152.108:0] script '/domains/perless2web/upload.php' not found or unable to stat
[Wed Feb 18 00:19:42.837404 2026] [php:error] [pid 40016] [client 20.89.56.154:0] script '/domains/system_default/wp-k3w6g9s4h2.php' not found or unable to stat
[Wed Feb 18 00:19:43.012299 2026] [php:error] [pid 40016] [client 20.89.56.154:0] script '/domains/system_default/we.php' not found or unable to stat
[Wed Feb 18 00:19:43.017863 2026] [php:error] [pid 40007] [client 185.223.152.108:0] script '/domains/perless2web/init.php' not found or unable to stat
[Wed Feb 18 00:19:43.186847 2026] [php:error] [pid 40016] [client 20.89.56.154:0] script '/domains/system_default/bjfl.php' not found or unable to stat
[Wed Feb 18 00:19:43.351939 2026] [php:error] [pid 40016] [client 20.89.56.154:0] script '/domains/system_default/init.php' not found or unable to stat
[Wed Feb 18 00:19:43.533898 2026] [php:error] [pid 40016] [client 20.89.56.154:0] script '/domains/system_default/co.php' not found or unable to stat
[Wed Feb 18 00:19:43.608383 2026] [php:error] [pid 40007] [client 185.223.152.108:0] script '/domains/perless2web/wp-blog.php' not found or unable to stat
[Wed Feb 18 00:19:44.811341 2026] [php:error] [pid 40007] [client 185.223.152.108:0] script '/domains/perless2web/payout.php' not found or unable to stat
[Wed Feb 18 00:19:45.072098 2026] [php:error] [pid 40007] [client 185.223.152.108:0] script '/domains/perless2web/lock360.php' not found or unable to stat
[Wed Feb 18 00:19:45.315396 2026] [php:error] [pid 40007] [client 185.223.152.108:0] script '/domains/perless2web/x.php' not found or unable to stat
[Wed Feb 18 00:19:45.629079 2026] [php:error] [pid 40007] [client 185.223.152.108:0] script '/domains/perless2web/wp_info.php' not found or unable to stat
[Wed Feb 18 00:19:46.136763 2026] [php:error] [pid 40007] [client 185.223.152.108:0] script '/domains/perless2web/xml.php' not found or unable to stat
[Wed Feb 18 00:19:46.376785 2026] [php:error] [pid 40007] [client 185.223.152.108:0] script '/domains/perless2web/by.php' not found or unable to stat
[Wed Feb 18 00:19:49.080638 2026] [php:error] [pid 40007] [client 185.223.152.108:0] script '/domains/perless2web/default.php' not found or unable to stat
[Wed Feb 18 00:19:49.359697 2026] [php:error] [pid 40007] [client 185.223.152.108:0] script '/domains/perless2web/fox.php' not found or unable to stat
[Wed Feb 18 00:19:49.598801 2026] [php:error] [pid 40007] [client 185.223.152.108:0] script '/domains/perless2web/google.php' not found or unable to stat
[Wed Feb 18 00:19:50.111293 2026] [php:error] [pid 40007] [client 185.223.152.108:0] script '/domains/perless2web/ovatools.php' not found or unable to stat
[Wed Feb 18 00:19:50.375861 2026] [php:error] [pid 40007] [client 185.223.152.108:0] script '/domains/perless2web/sidwso.php' not found or unable to stat
[Wed Feb 18 00:19:50.748474 2026] [php:error] [pid 40007] [client 185.223.152.108:0] script '/domains/perless2web/worksec.php' not found or unable to stat
[Wed Feb 18 00:19:52.614350 2026] [php:error] [pid 40007] [client 185.223.152.108:0] script '/domains/perless2web/Simple.php' not found or unable to stat
[Wed Feb 18 00:19:52.860222 2026] [php:error] [pid 40007] [client 185.223.152.108:0] script '/domains/perless2web/wp-blog-header.php' not found or unable to stat
[Wed Feb 18 00:19:53.183433 2026] [php:error] [pid 40007] [client 185.223.152.108:0] script '/domains/perless2web/style2.php' not found or unable to stat
[Wed Feb 18 00:19:53.423731 2026] [php:error] [pid 40007] [client 185.223.152.108:0] script '/domains/perless2web/wp-scripts.php' not found or unable to stat
[Wed Feb 18 00:19:53.742016 2026] [php:error] [pid 40007] [client 185.223.152.108:0] script '/domains/perless2web/adminfuns.php' not found or unable to stat
[Wed Feb 18 00:19:54.038928 2026] [php:error] [pid 40007] [client 185.223.152.108:0] script '/domains/perless2web/cjfuns.php' not found or unable to stat
[Wed Feb 18 00:19:54.271911 2026] [php:error] [pid 40007] [client 185.223.152.108:0] script '/domains/perless2web/comfunctions.php' not found or unable to stat
[Wed Feb 18 00:19:54.518980 2026] [php:error] [pid 40007] [client 185.223.152.108:0] script '/domains/perless2web/delpaths.php' not found or unable to stat
[Wed Feb 18 00:19:54.797397 2026] [php:error] [pid 40007] [client 185.223.152.108:0] script '/domains/perless2web/epinyins.php' not found or unable to stat
[Wed Feb 18 00:19:55.092894 2026] [php:error] [pid 40007] [client 185.223.152.108:0] script '/domains/perless2web/filefuns.php' not found or unable to stat
[Wed Feb 18 00:19:55.335539 2026] [php:error] [pid 40007] [client 185.223.152.108:0] script '/domains/perless2web/hinfofuns.php' not found or unable to stat
[Wed Feb 18 00:19:55.569115 2026] [php:error] [pid 40007] [client 185.223.152.108:0] script '/domains/perless2web/qfunctions.php' not found or unable to stat
[Wed Feb 18 00:19:55.908130 2026] [php:error] [pid 40007] [client 185.223.152.108:0] script '/domains/perless2web/qinfofuns.php' not found or unable to stat
[Wed Feb 18 00:19:56.187459 2026] [php:error] [pid 40007] [client 185.223.152.108:0] script '/domains/perless2web/thoms.php' not found or unable to stat
[Wed Feb 18 00:19:56.428108 2026] [php:error] [pid 40007] [client 185.223.152.108:0] script '/domains/perless2web/postnews.php' not found or unable to stat
[Wed Feb 18 00:19:56.707228 2026] [php:error] [pid 40007] [client 185.223.152.108:0] script '/domains/perless2web/admin-ajax.php' not found or unable to stat
[Wed Feb 18 00:19:56.943432 2026] [php:error] [pid 40007] [client 185.223.152.108:0] script '/domains/perless2web/link.php' not found or unable to stat
[Wed Feb 18 00:19:57.238162 2026] [php:error] [pid 40007] [client 185.223.152.108:0] script '/domains/perless2web/ms-themes.php' not found or unable to stat
[Wed Feb 18 00:19:57.500908 2026] [php:error] [pid 40007] [client 185.223.152.108:0] script '/domains/perless2web/my-sites.php' not found or unable to stat
[Wed Feb 18 00:19:57.780826 2026] [php:error] [pid 40007] [client 185.223.152.108:0] script '/domains/perless2web/media.php' not found or unable to stat
[Wed Feb 18 00:19:58.021975 2026] [php:error] [pid 40007] [client 185.223.152.108:0] script '/domains/perless2web/nav-menus.php' not found or unable to stat
[Wed Feb 18 00:19:58.257115 2026] [php:error] [pid 40007] [client 185.223.152.108:0] script '/domains/perless2web/menu.php' not found or unable to stat
[Wed Feb 18 00:19:58.510295 2026] [php:error] [pid 40007] [client 185.223.152.108:0] script '/domains/perless2web/options-head.php' not found or unable to stat
[Wed Feb 18 00:19:58.795621 2026] [php:error] [pid 40007] [client 185.223.152.108:0] script '/domains/perless2web/revision.php' not found or unable to stat
[Wed Feb 18 00:19:59.045521 2026] [php:error] [pid 40007] [client 185.223.152.108:0] script '/domains/perless2web/widgets.php' not found or unable to stat
[Wed Feb 18 00:19:59.322234 2026] [php:error] [pid 40007] [client 185.223.152.108:0] script '/domains/perless2web/term.php' not found or unable to stat
[Wed Feb 18 00:19:59.581687 2026] [php:error] [pid 40007] [client 185.223.152.108:0] script '/domains/perless2web/system_log.php' not found or unable to stat
[Wed Feb 18 00:20:00.377818 2026] [php:error] [pid 40022] [client 185.223.152.92:0] script '/domains/perless2web/moded.php' not found or unable to stat
[Wed Feb 18 00:20:01.018091 2026] [php:error] [pid 40022] [client 185.223.152.92:0] script '/domains/perless2web/upgrade.php' not found or unable to stat
[Wed Feb 18 00:20:01.428265 2026] [php:error] [pid 40022] [client 185.223.152.92:0] script '/domains/perless2web/gh.php' not found or unable to stat
[Wed Feb 18 00:20:02.650701 2026] [php:error] [pid 40022] [client 185.223.152.92:0] script '/domains/perless2web/version.php' not found or unable to stat
[Wed Feb 18 00:20:02.937896 2026] [php:error] [pid 40022] [client 185.223.152.92:0] script '/domains/perless2web/head.php' not found or unable to stat
[Wed Feb 18 00:20:03.189855 2026] [php:error] [pid 40022] [client 185.223.152.92:0] script '/domains/perless2web/index1.php' not found or unable to stat
[Wed Feb 18 00:20:03.472676 2026] [php:error] [pid 40022] [client 185.223.152.92:0] script '/domains/perless2web/theme-insqbzk.php' not found or unable to stat
[Wed Feb 18 00:20:03.706743 2026] [php:error] [pid 40022] [client 185.223.152.92:0] script '/domains/perless2web/good.php' not found or unable to stat
[Wed Feb 18 00:20:03.956928 2026] [php:error] [pid 40022] [client 185.223.152.92:0] script '/domains/perless2web/main.php' not found or unable to stat
[Wed Feb 18 00:20:04.605401 2026] [php:error] [pid 40022] [client 185.223.152.92:0] script '/domains/perless2web/wsoyanz.php' not found or unable to stat
[Wed Feb 18 00:20:05.966249 2026] [php:error] [pid 40022] [client 185.223.152.92:0] script '/domains/perless2web/alfa-rex.php' not found or unable to stat
[Wed Feb 18 00:20:11.198814 2026] [php:error] [pid 40015] [client 20.111.44.121:0] script '/domains/aatweb/wp-blog.php' not found or unable to stat
[Wed Feb 18 00:20:11.291603 2026] [php:error] [pid 40015] [client 20.111.44.121:0] script '/domains/aatweb/ge.php' not found or unable to stat
[Wed Feb 18 00:20:11.291944 2026] [php:error] [pid 40022] [client 185.223.152.92:0] script '/domains/perless2web/cache-compat.php' not found or unable to stat
[Wed Feb 18 00:20:11.391469 2026] [php:error] [pid 40015] [client 20.111.44.121:0] script '/domains/aatweb/class20.php' not found or unable to stat
[Wed Feb 18 00:20:11.486884 2026] [php:error] [pid 40015] [client 20.111.44.121:0] script '/domains/aatweb/ssxsl.php' not found or unable to stat
[Wed Feb 18 00:20:11.526085 2026] [php:error] [pid 40022] [client 185.223.152.92:0] script '/domains/perless2web/ajax-actions.php' not found or unable to stat
[Wed Feb 18 00:20:11.577152 2026] [php:error] [pid 40015] [client 20.111.44.121:0] script '/domains/aatweb/str.php' not found or unable to stat
[Wed Feb 18 00:20:11.665994 2026] [php:error] [pid 40015] [client 20.111.44.121:0] script '/domains/aatweb/xwpg.php' not found or unable to stat
[Wed Feb 18 00:20:11.800318 2026] [php:error] [pid 40015] [client 20.111.44.121:0] script '/domains/aatweb/zz.php' not found or unable to stat
[Wed Feb 18 00:20:11.978770 2026] [php:error] [pid 40015] [client 20.111.44.121:0] script '/domains/aatweb/tanjiro.php' not found or unable to stat
[Wed Feb 18 00:20:11.986072 2026] [php:error] [pid 40022] [client 185.223.152.92:0] script '/domains/perless2web/wp-consar.php' not found or unable to stat
[Wed Feb 18 00:20:12.067416 2026] [php:error] [pid 40015] [client 20.111.44.121:0] script '/domains/aatweb/up.php' not found or unable to stat
[Wed Feb 18 00:20:12.156206 2026] [php:error] [pid 40015] [client 20.111.44.121:0] script '/domains/aatweb/class.php' not found or unable to stat
[Wed Feb 18 00:20:12.254280 2026] [php:error] [pid 40015] [client 20.111.44.121:0] script '/domains/aatweb/nope.php' not found or unable to stat
[Wed Feb 18 00:20:12.392997 2026] [php:error] [pid 40015] [client 20.111.44.121:0] script '/domains/aatweb/kwm4.php' not found or unable to stat
[Wed Feb 18 00:20:12.482008 2026] [php:error] [pid 40015] [client 20.111.44.121:0] script '/domains/aatweb/wp-aa.php' not found or unable to stat
[Wed Feb 18 00:20:12.570970 2026] [php:error] [pid 40015] [client 20.111.44.121:0] script '/domains/aatweb/byp.php' not found or unable to stat
[Wed Feb 18 00:20:12.691866 2026] [php:error] [pid 40015] [client 20.111.44.121:0] script '/domains/aatweb/0.php' not found or unable to stat
[Wed Feb 18 00:20:12.782296 2026] [php:error] [pid 40015] [client 20.111.44.121:0] script '/domains/aatweb/F0x.php' not found or unable to stat
[Wed Feb 18 00:20:12.871369 2026] [php:error] [pid 40015] [client 20.111.44.121:0] script '/domains/aatweb/wp-mail.php' not found or unable to stat
[Wed Feb 18 00:20:12.967459 2026] [php:error] [pid 40015] [client 20.111.44.121:0] script '/domains/aatweb/fan.php' not found or unable to stat
[Wed Feb 18 00:20:13.315408 2026] [php:error] [pid 40015] [client 20.111.44.121:0] script '/domains/aatweb/ztv.php' not found or unable to stat
[Wed Feb 18 00:20:13.417968 2026] [php:error] [pid 40015] [client 20.111.44.121:0] script '/domains/aatweb/bras.php' not found or unable to stat
[Wed Feb 18 00:20:13.516306 2026] [php:error] [pid 40015] [client 20.111.44.121:0] script '/domains/aatweb/wziar.php' not found or unable to stat
[Wed Feb 18 00:20:13.608004 2026] [php:error] [pid 40015] [client 20.111.44.121:0] script '/domains/aatweb/wpup.php' not found or unable to stat
[Wed Feb 18 00:20:13.699388 2026] [php:error] [pid 40015] [client 20.111.44.121:0] script '/domains/aatweb/x50.php' not found or unable to stat
[Wed Feb 18 00:20:13.788083 2026] [php:error] [pid 40015] [client 20.111.44.121:0] script '/domains/aatweb/ee.php' not found or unable to stat
[Wed Feb 18 00:20:13.886848 2026] [php:error] [pid 40015] [client 20.111.44.121:0] script '/domains/aatweb/xz89.php' not found or unable to stat
[Wed Feb 18 00:20:14.157721 2026] [php:error] [pid 40015] [client 20.111.44.121:0] script '/domains/aatweb/updates.php' not found or unable to stat
[Wed Feb 18 00:20:14.246453 2026] [php:error] [pid 40015] [client 20.111.44.121:0] script '/domains/aatweb/vxnxvgfw.php' not found or unable to stat
[Wed Feb 18 00:20:14.335397 2026] [php:error] [pid 40015] [client 20.111.44.121:0] script '/domains/aatweb/mapi.php' not found or unable to stat
[Wed Feb 18 00:20:14.439509 2026] [php:error] [pid 40015] [client 20.111.44.121:0] script '/domains/aatweb/f2r4.php' not found or unable to stat
[Wed Feb 18 00:20:14.623183 2026] [php:error] [pid 40015] [client 20.111.44.121:0] script '/domains/aatweb/item.php' not found or unable to stat
[Wed Feb 18 00:20:14.836541 2026] [php:error] [pid 40015] [client 20.111.44.121:0] script '/domains/aatweb/xse25.php' not found or unable to stat
[Wed Feb 18 00:20:14.933808 2026] [php:error] [pid 40015] [client 20.111.44.121:0] script '/domains/aatweb/sf9.php' not found or unable to stat
[Wed Feb 18 00:20:14.985393 2026] [php:error] [pid 40022] [client 185.223.152.92:0] script '/domains/perless2web/sx.php' not found or unable to stat
[Wed Feb 18 00:20:15.022558 2026] [php:error] [pid 40015] [client 20.111.44.121:0] script '/domains/aatweb/5b9ac.php' not found or unable to stat
[Wed Feb 18 00:20:15.216522 2026] [php:error] [pid 40015] [client 20.111.44.121:0] script '/domains/aatweb/bolt.php' not found or unable to stat
[Wed Feb 18 00:20:15.320477 2026] [php:error] [pid 40015] [client 20.111.44.121:0] script '/domains/aatweb/dump.php' not found or unable to stat
[Wed Feb 18 00:20:15.420101 2026] [php:error] [pid 40015] [client 20.111.44.121:0] script '/domains/aatweb/xx.php' not found or unable to stat
[Wed Feb 18 00:20:15.509518 2026] [php:error] [pid 40015] [client 20.111.44.121:0] script '/domains/aatweb/Okxob.php' not found or unable to stat
[Wed Feb 18 00:20:15.604881 2026] [php:error] [pid 40015] [client 20.111.44.121:0] script '/domains/aatweb/a.php' not found or unable to stat
[Wed Feb 18 00:20:15.754138 2026] [php:error] [pid 40015] [client 20.111.44.121:0] script '/domains/aatweb/vx.php' not found or unable to stat
[Wed Feb 18 00:20:15.842817 2026] [php:error] [pid 40015] [client 20.111.44.121:0] script '/domains/aatweb/lock360.php' not found or unable to stat
[Wed Feb 18 00:20:15.970672 2026] [php:error] [pid 40015] [client 20.111.44.121:0] script '/domains/aatweb/np.php' not found or unable to stat
[Wed Feb 18 00:20:16.108056 2026] [php:error] [pid 40015] [client 20.111.44.121:0] script '/domains/aatweb/tx1.php' not found or unable to stat
[Wed Feb 18 00:20:16.212421 2026] [php:error] [pid 40015] [client 20.111.44.121:0] script '/domains/aatweb/bs.php' not found or unable to stat
[Wed Feb 18 00:20:17.072822 2026] [php:error] [pid 40022] [client 185.223.152.92:0] script '/domains/perless2web/images/wp-login.php' not found or unable to stat
[Wed Feb 18 00:20:17.322647 2026] [php:error] [pid 40022] [client 185.223.152.92:0] script '/domains/perless2web/web.php' not found or unable to stat
[Wed Feb 18 00:20:18.314303 2026] [php:error] [pid 40022] [client 185.223.152.92:0] script '/domains/perless2web/wp-uploads-config.php' not found or unable to stat
[Wed Feb 18 00:20:20.520435 2026] [php:error] [pid 40024] [client 185.223.152.98:0] script '/domains/perless2web/upload.php' not found or unable to stat
[Wed Feb 18 00:20:21.064379 2026] [php:error] [pid 40024] [client 185.223.152.98:0] script '/domains/perless2web/indeex.php' not found or unable to stat
[Wed Feb 18 00:20:21.294055 2026] [php:error] [pid 40024] [client 185.223.152.98:0] script '/domains/perless2web/dropdown.php' not found or unable to stat
[Wed Feb 18 00:20:22.957477 2026] [php:error] [pid 40024] [client 185.223.152.98:0] script '/domains/perless2web/bs.php' not found or unable to stat
[Wed Feb 18 00:20:23.438294 2026] [php:error] [pid 40024] [client 185.223.152.98:0] script '/domains/perless2web/credits.php' not found or unable to stat
[Wed Feb 18 00:20:23.677102 2026] [php:error] [pid 40024] [client 185.223.152.98:0] script '/domains/perless2web/edit-comments.php' not found or unable to stat
[Wed Feb 18 00:20:23.930274 2026] [php:error] [pid 40024] [client 185.223.152.98:0] script '/domains/perless2web/checkbox.php' not found or unable to stat
[Wed Feb 18 00:20:24.266932 2026] [php:error] [pid 40024] [client 185.223.152.98:0] script '/domains/perless2web/export.php' not found or unable to stat
[Wed Feb 18 00:20:24.507594 2026] [php:error] [pid 40024] [client 185.223.152.98:0] script '/domains/perless2web/input.php' not found or unable to stat
[Wed Feb 18 00:20:24.786432 2026] [php:error] [pid 40024] [client 185.223.152.98:0] script '/domains/perless2web/load-scripts.php' not found or unable to stat
[Wed Feb 18 00:20:25.019085 2026] [php:error] [pid 40024] [client 185.223.152.98:0] script '/domains/perless2web/load-styles.php' not found or unable to stat
[Wed Feb 18 00:20:25.262039 2026] [php:error] [pid 40024] [client 185.223.152.98:0] script '/domains/perless2web/options-discussion.php' not found or unable to stat
[Wed Feb 18 00:20:25.496061 2026] [php:error] [pid 40024] [client 185.223.152.98:0] script '/domains/perless2web/options-general.php' not found or unable to stat
[Wed Feb 18 00:20:25.774258 2026] [php:error] [pid 40024] [client 185.223.152.98:0] script '/domains/perless2web/options-permalink.php' not found or unable to stat
[Wed Feb 18 00:20:26.012800 2026] [php:error] [pid 40024] [client 185.223.152.98:0] script '/domains/perless2web/options-privacy.php' not found or unable to stat
[Wed Feb 18 00:20:26.258347 2026] [php:error] [pid 40024] [client 185.223.152.98:0] script '/domains/perless2web/options-reading.php' not found or unable to stat
[Wed Feb 18 00:20:26.492558 2026] [php:error] [pid 40024] [client 185.223.152.98:0] script '/domains/perless2web/options-writing.php' not found or unable to stat
