[Tue Feb 17 00:02:48.553236 2026] [php:error] [pid 42188] [client 194.5.82.91:0] script '/domains/hdickens.enteract/wp-configs.php' not found or unable to stat
[Tue Feb 17 00:02:49.039175 2026] [php:error] [pid 42148] [client 34.96.162.60:0] script '/domains/piltdweb1/adminer-4.8.1-mysql-en.php' not found or unable to stat
[Tue Feb 17 00:02:49.595468 2026] [php:error] [pid 42194] [client 74.248.96.218:0] script '/domains/awciii/pass4.php' not found or unable to stat
[Tue Feb 17 00:02:49.699059 2026] [php:error] [pid 42194] [client 74.248.96.218:0] script '/domains/awciii/term.php' not found or unable to stat
[Tue Feb 17 00:02:49.817806 2026] [php:error] [pid 42194] [client 74.248.96.218:0] script '/domains/awciii/lp6.php' not found or unable to stat
[Tue Feb 17 00:02:49.984540 2026] [php:error] [pid 42194] [client 74.248.96.218:0] script '/domains/awciii/we.php' not found or unable to stat
[Tue Feb 17 00:02:50.149076 2026] [php:error] [pid 42194] [client 74.248.96.218:0] script '/domains/awciii/asax.php' not found or unable to stat
[Tue Feb 17 00:02:50.249932 2026] [php:error] [pid 42194] [client 74.248.96.218:0] script '/domains/awciii/co.php' not found or unable to stat
[Tue Feb 17 00:02:50.359794 2026] [php:error] [pid 42194] [client 74.248.96.218:0] script '/domains/awciii/wp-k3w6g9s4h2.php' not found or unable to stat
[Tue Feb 17 00:02:50.501773 2026] [php:error] [pid 42194] [client 74.248.96.218:0] script '/domains/awciii/ahax.php' not found or unable to stat
[Tue Feb 17 00:02:50.603067 2026] [php:error] [pid 42194] [client 74.248.96.218:0] script '/domains/awciii/Okxob.php' not found or unable to stat
[Tue Feb 17 00:02:50.704381 2026] [php:error] [pid 42194] [client 74.248.96.218:0] script '/domains/awciii/acfdr.php' not found or unable to stat
[Tue Feb 17 00:02:50.898242 2026] [php:error] [pid 42195] [client 194.5.82.93:0] script '/domains/hdickens.enteract/f35.php' not found or unable to stat
[Tue Feb 17 00:02:51.075316 2026] [php:error] [pid 42194] [client 74.248.96.218:0] script '/domains/awciii/init.php' not found or unable to stat
[Tue Feb 17 00:02:51.407594 2026] [php:error] [pid 42194] [client 74.248.96.218:0] script '/domains/awciii/themes.php' not found or unable to stat
[Tue Feb 17 00:02:51.515139 2026] [php:error] [pid 42194] [client 74.248.96.218:0] script '/domains/awciii/ff.php' not found or unable to stat
[Tue Feb 17 00:02:51.693098 2026] [php:error] [pid 42194] [client 74.248.96.218:0] script '/domains/awciii/ak.php' not found or unable to stat
[Tue Feb 17 00:02:51.841000 2026] [php:error] [pid 42194] [client 74.248.96.218:0] script '/domains/awciii/bjfl.php' not found or unable to stat
[Tue Feb 17 00:02:51.941954 2026] [php:error] [pid 42194] [client 74.248.96.218:0] script '/domains/awciii/vx.php' not found or unable to stat
[Tue Feb 17 00:02:52.038406 2026] [php:error] [pid 42195] [client 194.5.82.93:0] script '/domains/hdickens.enteract/edit.php' not found or unable to stat
[Tue Feb 17 00:02:52.042762 2026] [php:error] [pid 42194] [client 74.248.96.218:0] script '/domains/awciii/jga.php' not found or unable to stat
[Tue Feb 17 00:02:52.143846 2026] [php:error] [pid 42194] [client 74.248.96.218:0] script '/domains/awciii/a4.php' not found or unable to stat
[Tue Feb 17 00:02:52.354581 2026] [php:error] [pid 42194] [client 74.248.96.218:0] script '/domains/awciii/inege.php' not found or unable to stat
[Tue Feb 17 00:02:53.160431 2026] [php:error] [pid 42195] [client 194.5.82.93:0] script '/domains/hdickens.enteract/files.php' not found or unable to stat
[Tue Feb 17 00:02:53.558870 2026] [php:error] [pid 42195] [client 194.5.82.93:0] script '/domains/hdickens.enteract/webadmin.php' not found or unable to stat
[Tue Feb 17 00:02:55.239086 2026] [php:error] [pid 42195] [client 194.5.82.93:0] script '/domains/hdickens.enteract/wsa.php' not found or unable to stat
[Tue Feb 17 00:02:55.456947 2026] [php:error] [pid 42195] [client 194.5.82.93:0] script '/domains/hdickens.enteract/tinyfilemanager.php' not found or unable to stat
[Tue Feb 17 00:02:56.908664 2026] [php:error] [pid 42195] [client 194.5.82.93:0] script '/domains/hdickens.enteract/woh.php' not found or unable to stat
[Tue Feb 17 00:02:57.723839 2026] [php:error] [pid 42195] [client 194.5.82.93:0] script '/domains/hdickens.enteract/bless.php' not found or unable to stat
[Tue Feb 17 00:02:58.366658 2026] [php:error] [pid 42195] [client 194.5.82.93:0] script '/domains/hdickens.enteract/wp-trackback.php' not found or unable to stat
[Tue Feb 17 00:02:58.758931 2026] [php:error] [pid 42195] [client 194.5.82.93:0] script '/domains/hdickens.enteract/info.php' not found or unable to stat
[Tue Feb 17 00:02:59.658756 2026] [php:error] [pid 42195] [client 194.5.82.93:0] script '/domains/hdickens.enteract/buy.php' not found or unable to stat
[Tue Feb 17 00:03:00.867051 2026] [php:error] [pid 42195] [client 194.5.82.93:0] script '/domains/hdickens.enteract/readme.php' not found or unable to stat
[Tue Feb 17 00:03:01.473974 2026] [php:error] [pid 42195] [client 194.5.82.93:0] script '/domains/hdickens.enteract/sck.php' not found or unable to stat
[Tue Feb 17 00:03:02.257835 2026] [php:error] [pid 42195] [client 194.5.82.93:0] script '/domains/hdickens.enteract/fm.php' not found or unable to stat
[Tue Feb 17 00:03:02.974007 2026] [php:error] [pid 42195] [client 194.5.82.93:0] script '/domains/hdickens.enteract/packed.php' not found or unable to stat
[Tue Feb 17 00:03:03.358274 2026] [php:error] [pid 42195] [client 194.5.82.93:0] script '/domains/hdickens.enteract/about.php' not found or unable to stat
[Tue Feb 17 00:03:06.621910 2026] [php:error] [pid 42195] [client 194.5.82.93:0] script '/domains/hdickens.enteract/plugin.php' not found or unable to stat
[Tue Feb 17 00:03:08.146512 2026] [php:error] [pid 42195] [client 194.5.82.93:0] script '/domains/hdickens.enteract/chosen.php' not found or unable to stat
[Tue Feb 17 00:03:08.639298 2026] [php:error] [pid 42195] [client 194.5.82.93:0] script '/domains/hdickens.enteract/load.php' not found or unable to stat
[Tue Feb 17 00:03:09.349510 2026] [php:error] [pid 42195] [client 194.5.82.93:0] script '/domains/hdickens.enteract/edit-tags.php' not found or unable to stat
[Tue Feb 17 00:03:10.509312 2026] [php:error] [pid 42195] [client 194.5.82.93:0] script '/domains/hdickens.enteract/autoload_classmap.php' not found or unable to stat
[Tue Feb 17 00:03:10.953062 2026] [php:error] [pid 42195] [client 194.5.82.93:0] script '/domains/hdickens.enteract/lock.php' not found or unable to stat
[Tue Feb 17 00:03:15.639209 2026] [php:error] [pid 42148] [client 194.5.82.60:0] script '/domains/hdickens.enteract/product.php' not found or unable to stat
[Tue Feb 17 00:03:17.052719 2026] [php:error] [pid 42194] [client 194.5.82.64:0] script '/domains/hdickens.enteract/base.php' not found or unable to stat
[Tue Feb 17 00:03:17.824523 2026] [php:error] [pid 42194] [client 194.5.82.64:0] script '/domains/hdickens.enteract/zero.php' not found or unable to stat
[Tue Feb 17 00:03:19.177155 2026] [php:error] [pid 42194] [client 194.5.82.64:0] script '/domains/hdickens.enteract/style.php' not found or unable to stat
[Tue Feb 17 00:03:19.448944 2026] [php:error] [pid 42194] [client 194.5.82.64:0] script '/domains/hdickens.enteract/db.php' not found or unable to stat
[Tue Feb 17 00:03:21.142263 2026] [php:error] [pid 42191] [client 194.5.82.68:0] script '/domains/hdickens.enteract/wp-set.php' not found or unable to stat
[Tue Feb 17 00:03:21.418451 2026] [php:error] [pid 42191] [client 194.5.82.68:0] script '/domains/hdickens.enteract/file.php' not found or unable to stat
[Tue Feb 17 00:03:24.405097 2026] [php:error] [pid 42194] [client 35.247.243.245:0] script '/domains/piltdweb1/adminer-5.0.3.php' not found or unable to stat
[Tue Feb 17 00:03:28.613229 2026] [php:error] [pid 42201] [client 35.247.243.249:0] script '/domains/piltdweb1/adminer-5.0.3-mysql.php' not found or unable to stat
[Tue Feb 17 00:03:28.679773 2026] [php:error] [pid 42200] [client 194.5.82.64:0] script '/domains/hdickens.enteract/moon.php' not found or unable to stat
[Tue Feb 17 00:03:30.934348 2026] [php:error] [pid 42200] [client 194.5.82.64:0] script '/domains/hdickens.enteract/pages.php' not found or unable to stat
[Tue Feb 17 00:03:31.590711 2026] [php:error] [pid 42200] [client 194.5.82.64:0] script '/domains/hdickens.enteract/bulk.php' not found or unable to stat
[Tue Feb 17 00:03:32.140531 2026] [php:error] [pid 42200] [client 194.5.82.64:0] script '/domains/hdickens.enteract/kk.php' not found or unable to stat
[Tue Feb 17 00:03:32.901391 2026] [php:error] [pid 42200] [client 194.5.82.64:0] script '/domains/hdickens.enteract/wp-logout.php' not found or unable to stat
[Tue Feb 17 00:03:34.198042 2026] [php:error] [pid 42200] [client 194.5.82.64:0] script '/domains/hdickens.enteract/img/about.php' not found or unable to stat
[Tue Feb 17 00:03:34.813469 2026] [php:error] [pid 42200] [client 194.5.82.64:0] script '/domains/hdickens.enteract/classwithtostring.php' not found or unable to stat
[Tue Feb 17 00:03:35.781287 2026] [php:error] [pid 42200] [client 194.5.82.64:0] script '/domains/hdickens.enteract/wp-setup.php' not found or unable to stat
[Tue Feb 17 00:03:37.116441 2026] [php:error] [pid 42200] [client 194.5.82.64:0] script '/domains/hdickens.enteract/wp-editor.php' not found or unable to stat
[Tue Feb 17 00:03:37.459075 2026] [php:error] [pid 42200] [client 194.5.82.64:0] script '/domains/hdickens.enteract/wp-simple.php' not found or unable to stat
[Tue Feb 17 00:03:41.443506 2026] [php:error] [pid 42200] [client 194.5.82.64:0] script '/domains/hdickens.enteract/hehehehe.php' not found or unable to stat
[Tue Feb 17 00:03:41.786295 2026] [php:error] [pid 42209] [client 20.205.120.43:0] script '/domains/trodine/wp-trackback.php' not found or unable to stat
[Tue Feb 17 00:03:42.008431 2026] [php:error] [pid 42209] [client 20.205.120.43:0] script '/domains/trodine/about.php' not found or unable to stat
[Tue Feb 17 00:03:42.259120 2026] [php:error] [pid 42209] [client 20.205.120.43:0] script '/domains/trodine/file.php' not found or unable to stat
[Tue Feb 17 00:03:43.557464 2026] [php:error] [pid 42209] [client 20.205.120.43:0] script '/domains/trodine/wp-good.php' not found or unable to stat
[Tue Feb 17 00:03:44.573489 2026] [php:error] [pid 42209] [client 20.205.120.43:0] script '/domains/trodine/xmlrpc.php' not found or unable to stat
[Tue Feb 17 00:03:44.823821 2026] [php:error] [pid 42209] [client 20.205.120.43:0] script '/domains/trodine/goods.php' not found or unable to stat
[Tue Feb 17 00:03:45.511365 2026] [php:error] [pid 42200] [client 194.5.82.64:0] script '/domains/hdickens.enteract/header.php' not found or unable to stat
[Tue Feb 17 00:03:45.545043 2026] [php:error] [pid 42209] [client 20.205.120.43:0] script '/domains/trodine/ioxi-o.php' not found or unable to stat
[Tue Feb 17 00:03:45.758813 2026] [php:error] [pid 42200] [client 194.5.82.64:0] script '/domains/hdickens.enteract/gecko.php' not found or unable to stat
[Tue Feb 17 00:03:46.691629 2026] [php:error] [pid 42209] [client 20.205.120.43:0] script '/domains/trodine/class-t.api.php' not found or unable to stat
[Tue Feb 17 00:03:46.913637 2026] [php:error] [pid 42209] [client 20.205.120.43:0] script '/domains/trodine/admin.php' not found or unable to stat
[Tue Feb 17 00:03:46.936539 2026] [php:error] [pid 42200] [client 194.5.82.64:0] script '/domains/hdickens.enteract/bk.php' not found or unable to stat
[Tue Feb 17 00:03:47.178581 2026] [php:error] [pid 42209] [client 20.205.120.43:0] script '/domains/trodine/sf.php' not found or unable to stat
[Tue Feb 17 00:03:47.397853 2026] [php:error] [pid 42209] [client 20.205.120.43:0] script '/domains/trodine/rip.php' not found or unable to stat
[Tue Feb 17 00:03:48.481861 2026] [php:error] [pid 42209] [client 20.205.120.43:0] script '/domains/trodine/autoload_classmap.php' not found or unable to stat
[Tue Feb 17 00:03:48.710933 2026] [php:error] [pid 42209] [client 20.205.120.43:0] script '/domains/trodine/chosen.php' not found or unable to stat
[Tue Feb 17 00:03:50.893442 2026] [php:error] [pid 42209] [client 20.205.120.43:0] script '/domains/trodine/classwithtostring.php' not found or unable to stat
[Tue Feb 17 00:03:51.119203 2026] [php:error] [pid 42148] [client 194.5.82.67:0] script '/domains/hdickens.enteract/about.php' not found or unable to stat
[Tue Feb 17 00:03:51.128958 2026] [php:error] [pid 42209] [client 20.205.120.43:0] script '/domains/trodine/defaults.php' not found or unable to stat
[Tue Feb 17 00:03:51.341750 2026] [php:error] [pid 42148] [client 194.5.82.67:0] script '/domains/hdickens.enteract/sym.php' not found or unable to stat
[Tue Feb 17 00:03:53.174450 2026] [php:error] [pid 42209] [client 20.205.120.43:0] script '/domains/trodine/info.php' not found or unable to stat
[Tue Feb 17 00:03:54.988963 2026] [php:error] [pid 42148] [client 194.5.82.67:0] script '/domains/hdickens.enteract/sk.php' not found or unable to stat
[Tue Feb 17 00:03:57.095347 2026] [php:error] [pid 42212] [client 194.5.82.59:0] script '/domains/hdickens.enteract/images/Marvins.php' not found or unable to stat
[Tue Feb 17 00:03:58.151043 2026] [php:error] [pid 42212] [client 194.5.82.59:0] script '/domains/hdickens.enteract/images/index.php' not found or unable to stat
[Tue Feb 17 00:03:58.791893 2026] [php:error] [pid 42209] [client 20.205.120.43:0] script '/domains/trodine/adminfuns.php' not found or unable to stat
[Tue Feb 17 00:03:59.687654 2026] [php:error] [pid 42212] [client 194.5.82.59:0] script '/domains/hdickens.enteract/sys.php' not found or unable to stat
[Tue Feb 17 00:04:01.241013 2026] [php:error] [pid 42212] [client 194.5.82.59:0] script '/domains/hdickens.enteract/wp-user.php' not found or unable to stat
[Tue Feb 17 00:04:01.617876 2026] [php:error] [pid 42212] [client 194.5.82.59:0] script '/domains/hdickens.enteract/customize.php' not found or unable to stat
[Tue Feb 17 00:04:05.426771 2026] [php:error] [pid 42223] [client 194.5.82.68:0] script '/domains/hdickens.enteract/fm1.php' not found or unable to stat
[Tue Feb 17 00:04:07.539573 2026] [php:error] [pid 42223] [client 194.5.82.68:0] script '/domains/hdickens.enteract/wp-settings.php' not found or unable to stat
[Tue Feb 17 00:04:08.548486 2026] [php:error] [pid 42223] [client 194.5.82.68:0] script '/domains/hdickens.enteract/wp-file.php' not found or unable to stat
[Tue Feb 17 00:04:09.025788 2026] [php:error] [pid 42223] [client 194.5.82.68:0] script '/domains/hdickens.enteract/wp-content.php' not found or unable to stat
[Tue Feb 17 00:04:09.737488 2026] [php:error] [pid 42223] [client 194.5.82.68:0] script '/domains/hdickens.enteract/log.php' not found or unable to stat
[Tue Feb 17 00:04:10.377114 2026] [php:error] [pid 42223] [client 194.5.82.68:0] script '/domains/hdickens.enteract/ioxi01.php' not found or unable to stat
[Tue Feb 17 00:04:15.694292 2026] [php:error] [pid 42223] [client 194.5.82.68:0] script '/domains/hdickens.enteract/xx.php' not found or unable to stat
[Tue Feb 17 00:04:17.033309 2026] [php:error] [pid 42223] [client 194.5.82.68:0] script '/domains/hdickens.enteract/css/content.php' not found or unable to stat
[Tue Feb 17 00:04:18.983276 2026] [php:error] [pid 42223] [client 194.5.82.68:0] script '/domains/hdickens.enteract/images.php' not found or unable to stat
[Tue Feb 17 00:04:19.695957 2026] [php:error] [pid 42223] [client 194.5.82.68:0] script '/domains/hdickens.enteract/wp-aespa.php' not found or unable to stat
[Tue Feb 17 00:04:25.860166 2026] [php:error] [pid 42209] [client 194.5.82.104:0] script '/domains/hdickens.enteract/wp-l0gin.php' not found or unable to stat
[Tue Feb 17 00:04:29.264946 2026] [php:error] [pid 42209] [client 194.5.82.104:0] script '/domains/hdickens.enteract/wp-conflg.php' not found or unable to stat
[Tue Feb 17 00:04:31.011958 2026] [php:error] [pid 42209] [client 194.5.82.104:0] script '/domains/hdickens.enteract/images/worksec.php' not found or unable to stat
[Tue Feb 17 00:04:31.439703 2026] [php:error] [pid 42209] [client 194.5.82.104:0] script '/domains/hdickens.enteract/images/rest.php' not found or unable to stat
[Tue Feb 17 00:04:35.725358 2026] [php:error] [pid 42184] [client 194.5.82.68:0] script '/domains/hdickens.enteract/0x.php' not found or unable to stat
[Tue Feb 17 00:04:37.079975 2026] [php:error] [pid 42184] [client 194.5.82.68:0] script '/domains/hdickens.enteract/wpn.php' not found or unable to stat
[Tue Feb 17 00:04:37.564562 2026] [php:error] [pid 42184] [client 194.5.82.68:0] script '/domains/hdickens.enteract/cloud.php' not found or unable to stat
[Tue Feb 17 00:04:38.019899 2026] [php:error] [pid 42184] [client 194.5.82.68:0] script '/domains/hdickens.enteract/upload.php' not found or unable to stat
[Tue Feb 17 00:04:38.413668 2026] [php:error] [pid 42184] [client 194.5.82.68:0] script '/domains/hdickens.enteract/init.php' not found or unable to stat
[Tue Feb 17 00:04:39.033596 2026] [php:error] [pid 42184] [client 194.5.82.68:0] script '/domains/hdickens.enteract/wp-blog.php' not found or unable to stat
[Tue Feb 17 00:04:40.767954 2026] [php:error] [pid 42184] [client 194.5.82.68:0] script '/domains/hdickens.enteract/payout.php' not found or unable to stat
[Tue Feb 17 00:04:42.304116 2026] [php:error] [pid 42184] [client 194.5.82.68:0] script '/domains/hdickens.enteract/lock360.php' not found or unable to stat
[Tue Feb 17 00:04:42.806884 2026] [php:error] [pid 42184] [client 194.5.82.68:0] script '/domains/hdickens.enteract/x.php' not found or unable to stat
[Tue Feb 17 00:04:43.344185 2026] [php:error] [pid 42184] [client 194.5.82.68:0] script '/domains/hdickens.enteract/wp_info.php' not found or unable to stat
[Tue Feb 17 00:04:43.927827 2026] [php:error] [pid 42184] [client 194.5.82.68:0] script '/domains/hdickens.enteract/xml.php' not found or unable to stat
[Tue Feb 17 00:04:44.282240 2026] [php:error] [pid 42184] [client 194.5.82.68:0] script '/domains/hdickens.enteract/by.php' not found or unable to stat
[Tue Feb 17 00:04:49.104103 2026] [php:error] [pid 42184] [client 194.5.82.68:0] script '/domains/hdickens.enteract/default.php' not found or unable to stat
[Tue Feb 17 00:04:49.493777 2026] [php:error] [pid 42184] [client 194.5.82.68:0] script '/domains/hdickens.enteract/fox.php' not found or unable to stat
[Tue Feb 17 00:04:49.774775 2026] [php:error] [pid 42184] [client 194.5.82.68:0] script '/domains/hdickens.enteract/google.php' not found or unable to stat
[Tue Feb 17 00:04:50.696101 2026] [php:error] [pid 42184] [client 194.5.82.68:0] script '/domains/hdickens.enteract/ovatools.php' not found or unable to stat
[Tue Feb 17 00:04:51.516249 2026] [php:error] [pid 42184] [client 194.5.82.68:0] script '/domains/hdickens.enteract/sidwso.php' not found or unable to stat
[Tue Feb 17 00:04:52.300317 2026] [php:error] [pid 42184] [client 194.5.82.68:0] script '/domains/hdickens.enteract/worksec.php' not found or unable to stat
[Tue Feb 17 00:04:54.747414 2026] [php:error] [pid 42184] [client 194.5.82.68:0] script '/domains/hdickens.enteract/Simple.php' not found or unable to stat
[Tue Feb 17 00:04:55.021138 2026] [php:error] [pid 42184] [client 194.5.82.68:0] script '/domains/hdickens.enteract/wp-blog-header.php' not found or unable to stat
[Tue Feb 17 00:04:55.825913 2026] [php:error] [pid 42184] [client 194.5.82.68:0] script '/domains/hdickens.enteract/style2.php' not found or unable to stat
[Tue Feb 17 00:04:56.131741 2026] [php:error] [pid 42184] [client 194.5.82.68:0] script '/domains/hdickens.enteract/wp-scripts.php' not found or unable to stat
[Tue Feb 17 00:04:56.761724 2026] [php:error] [pid 42184] [client 194.5.82.68:0] script '/domains/hdickens.enteract/adminfuns.php' not found or unable to stat
[Tue Feb 17 00:04:57.103945 2026] [php:error] [pid 42184] [client 194.5.82.68:0] script '/domains/hdickens.enteract/cjfuns.php' not found or unable to stat
[Tue Feb 17 00:04:57.421838 2026] [php:error] [pid 42184] [client 194.5.82.68:0] script '/domains/hdickens.enteract/comfunctions.php' not found or unable to stat
[Tue Feb 17 00:04:58.609670 2026] [php:error] [pid 42184] [client 194.5.82.68:0] script '/domains/hdickens.enteract/delpaths.php' not found or unable to stat
[Tue Feb 17 00:04:58.841118 2026] [php:error] [pid 42184] [client 194.5.82.68:0] script '/domains/hdickens.enteract/epinyins.php' not found or unable to stat
[Tue Feb 17 00:04:59.141492 2026] [php:error] [pid 42184] [client 194.5.82.68:0] script '/domains/hdickens.enteract/filefuns.php' not found or unable to stat
[Tue Feb 17 00:04:59.616545 2026] [php:error] [pid 42184] [client 194.5.82.68:0] script '/domains/hdickens.enteract/hinfofuns.php' not found or unable to stat
[Tue Feb 17 00:05:00.124940 2026] [php:error] [pid 42184] [client 194.5.82.68:0] script '/domains/hdickens.enteract/qfunctions.php' not found or unable to stat
[Tue Feb 17 00:05:00.776018 2026] [php:error] [pid 42184] [client 194.5.82.68:0] script '/domains/hdickens.enteract/qinfofuns.php' not found or unable to stat
[Tue Feb 17 00:05:01.260784 2026] [php:error] [pid 42184] [client 194.5.82.68:0] script '/domains/hdickens.enteract/thoms.php' not found or unable to stat
[Tue Feb 17 00:05:01.780043 2026] [php:error] [pid 42184] [client 194.5.82.68:0] script '/domains/hdickens.enteract/postnews.php' not found or unable to stat
[Tue Feb 17 00:05:02.749653 2026] [php:error] [pid 42184] [client 194.5.82.68:0] script '/domains/hdickens.enteract/admin-ajax.php' not found or unable to stat
[Tue Feb 17 00:05:04.091104 2026] [php:error] [pid 42184] [client 194.5.82.68:0] script '/domains/hdickens.enteract/link.php' not found or unable to stat
[Tue Feb 17 00:05:04.327383 2026] [php:error] [pid 42184] [client 194.5.82.68:0] script '/domains/hdickens.enteract/ms-themes.php' not found or unable to stat
[Tue Feb 17 00:05:04.695367 2026] [php:error] [pid 42184] [client 194.5.82.68:0] script '/domains/hdickens.enteract/my-sites.php' not found or unable to stat
[Tue Feb 17 00:05:05.041151 2026] [php:error] [pid 42184] [client 194.5.82.68:0] script '/domains/hdickens.enteract/media.php' not found or unable to stat
[Tue Feb 17 00:05:05.274911 2026] [php:error] [pid 42184] [client 194.5.82.68:0] script '/domains/hdickens.enteract/nav-menus.php' not found or unable to stat
[Tue Feb 17 00:05:05.625762 2026] [php:error] [pid 42184] [client 194.5.82.68:0] script '/domains/hdickens.enteract/menu.php' not found or unable to stat
[Tue Feb 17 00:05:05.917527 2026] [php:error] [pid 42184] [client 194.5.82.68:0] script '/domains/hdickens.enteract/options-head.php' not found or unable to stat
[Tue Feb 17 00:05:06.259620 2026] [php:error] [pid 42184] [client 194.5.82.68:0] script '/domains/hdickens.enteract/revision.php' not found or unable to stat
[Tue Feb 17 00:05:06.733444 2026] [php:error] [pid 42184] [client 194.5.82.68:0] script '/domains/hdickens.enteract/widgets.php' not found or unable to stat
[Tue Feb 17 00:05:07.204135 2026] [php:error] [pid 42184] [client 194.5.82.68:0] script '/domains/hdickens.enteract/term.php' not found or unable to stat
[Tue Feb 17 00:05:07.546942 2026] [php:error] [pid 42184] [client 194.5.82.68:0] script '/domains/hdickens.enteract/system_log.php' not found or unable to stat
[Tue Feb 17 00:05:09.058844 2026] [php:error] [pid 42236] [client 194.5.82.73:0] script '/domains/hdickens.enteract/moded.php' not found or unable to stat
[Tue Feb 17 00:05:10.451463 2026] [php:error] [pid 42236] [client 194.5.82.73:0] script '/domains/hdickens.enteract/upgrade.php' not found or unable to stat
[Tue Feb 17 00:05:11.012972 2026] [php:error] [pid 42236] [client 194.5.82.73:0] script '/domains/hdickens.enteract/gh.php' not found or unable to stat
[Tue Feb 17 00:05:11.329122 2026] [php:error] [pid 42236] [client 194.5.82.73:0] script '/domains/hdickens.enteract/version.php' not found or unable to stat
[Tue Feb 17 00:05:11.861154 2026] [php:error] [pid 42236] [client 194.5.82.73:0] script '/domains/hdickens.enteract/head.php' not found or unable to stat
[Tue Feb 17 00:05:12.734521 2026] [php:error] [pid 42236] [client 194.5.82.73:0] script '/domains/hdickens.enteract/index1.php' not found or unable to stat
[Tue Feb 17 00:05:13.042798 2026] [php:error] [pid 42236] [client 194.5.82.73:0] script '/domains/hdickens.enteract/theme-insqbzk.php' not found or unable to stat
[Tue Feb 17 00:05:13.448337 2026] [php:error] [pid 42236] [client 194.5.82.73:0] script '/domains/hdickens.enteract/good.php' not found or unable to stat
[Tue Feb 17 00:05:13.760613 2026] [php:error] [pid 42236] [client 194.5.82.73:0] script '/domains/hdickens.enteract/main.php' not found or unable to stat
[Tue Feb 17 00:05:14.873099 2026] [php:error] [pid 42236] [client 194.5.82.73:0] script '/domains/hdickens.enteract/wsoyanz.php' not found or unable to stat
[Tue Feb 17 00:05:18.054915 2026] [php:error] [pid 42236] [client 194.5.82.73:0] script '/domains/hdickens.enteract/alfa-rex.php' not found or unable to stat
[Tue Feb 17 00:05:19.376038 2026] [php:error] [pid 42236] [client 194.5.82.73:0] script '/domains/hdickens.enteract/css/cloud.php' not found or unable to stat
[Tue Feb 17 00:05:27.549862 2026] [php:error] [pid 42236] [client 194.5.82.73:0] script '/domains/hdickens.enteract/cache-compat.php' not found or unable to stat
[Tue Feb 17 00:05:27.992718 2026] [php:error] [pid 42236] [client 194.5.82.73:0] script '/domains/hdickens.enteract/ajax-actions.php' not found or unable to stat
[Tue Feb 17 00:05:29.721740 2026] [php:error] [pid 42236] [client 194.5.82.73:0] script '/domains/hdickens.enteract/wp-consar.php' not found or unable to stat
[Tue Feb 17 00:05:37.135406 2026] [php:error] [pid 42236] [client 194.5.82.73:0] script '/domains/hdickens.enteract/sx.php' not found or unable to stat
[Tue Feb 17 00:05:40.131015 2026] [php:error] [pid 42236] [client 194.5.82.73:0] script '/domains/hdickens.enteract/images/wp-login.php' not found or unable to stat
[Tue Feb 17 00:05:40.417440 2026] [php:error] [pid 42236] [client 194.5.82.73:0] script '/domains/hdickens.enteract/web.php' not found or unable to stat
[Tue Feb 17 00:05:42.975044 2026] [php:error] [pid 42236] [client 194.5.82.73:0] script '/domains/hdickens.enteract/wp-uploads-config.php' not found or unable to stat
[Tue Feb 17 00:05:46.735944 2026] [php:error] [pid 42226] [client 194.5.82.60:0] script '/domains/hdickens.enteract/upload.php' not found or unable to stat
[Tue Feb 17 00:05:47.502907 2026] [php:error] [pid 42226] [client 194.5.82.60:0] script '/domains/hdickens.enteract/indeex.php' not found or unable to stat
[Tue Feb 17 00:05:48.035528 2026] [php:error] [pid 42226] [client 194.5.82.60:0] script '/domains/hdickens.enteract/dropdown.php' not found or unable to stat
[Tue Feb 17 00:05:49.630669 2026] [php:error] [pid 42226] [client 194.5.82.60:0] script '/domains/hdickens.enteract/bs.php' not found or unable to stat
[Tue Feb 17 00:05:50.227518 2026] [php:error] [pid 42226] [client 194.5.82.60:0] script '/domains/hdickens.enteract/credits.php' not found or unable to stat
[Tue Feb 17 00:05:50.629651 2026] [php:error] [pid 42226] [client 194.5.82.60:0] script '/domains/hdickens.enteract/edit-comments.php' not found or unable to stat
[Tue Feb 17 00:05:51.441735 2026] [php:error] [pid 42226] [client 194.5.82.60:0] script '/domains/hdickens.enteract/checkbox.php' not found or unable to stat
[Tue Feb 17 00:05:51.901540 2026] [php:error] [pid 42226] [client 194.5.82.60:0] script '/domains/hdickens.enteract/export.php' not found or unable to stat
[Tue Feb 17 00:05:52.174132 2026] [php:error] [pid 42226] [client 194.5.82.60:0] script '/domains/hdickens.enteract/input.php' not found or unable to stat
[Tue Feb 17 00:05:53.931665 2026] [php:error] [pid 42226] [client 194.5.82.60:0] script '/domains/hdickens.enteract/load-scripts.php' not found or unable to stat
[Tue Feb 17 00:05:54.328329 2026] [php:error] [pid 42226] [client 194.5.82.60:0] script '/domains/hdickens.enteract/load-styles.php' not found or unable to stat
[Tue Feb 17 00:05:54.978269 2026] [php:error] [pid 42226] [client 194.5.82.60:0] script '/domains/hdickens.enteract/options-discussion.php' not found or unable to stat
[Tue Feb 17 00:05:55.529889 2026] [php:error] [pid 42226] [client 194.5.82.60:0] script '/domains/hdickens.enteract/options-general.php' not found or unable to stat
[Tue Feb 17 00:05:56.999644 2026] [php:error] [pid 42226] [client 194.5.82.60:0] script '/domains/hdickens.enteract/options-permalink.php' not found or unable to stat
[Tue Feb 17 00:05:57.843397 2026] [php:error] [pid 42226] [client 194.5.82.60:0] script '/domains/hdickens.enteract/options-privacy.php' not found or unable to stat
[Tue Feb 17 00:05:58.405723 2026] [php:error] [pid 42226] [client 194.5.82.60:0] script '/domains/hdickens.enteract/options-reading.php' not found or unable to stat
[Tue Feb 17 00:05:59.240519 2026] [php:error] [pid 42226] [client 194.5.82.60:0] script '/domains/hdickens.enteract/options-writing.php' not found or unable to stat
[Tue Feb 17 00:05:59.678259 2026] [php:error] [pid 42226] [client 194.5.82.60:0] script '/domains/hdickens.enteract/post-new.php' not found or unable to stat
[Tue Feb 17 00:06:01.750208 2026] [php:error] [pid 42226] [client 194.5.82.60:0] script '/domains/hdickens.enteract/privacy.php' not found or unable to stat
[Tue Feb 17 00:06:02.045729 2026] [php:error] [pid 42226] [client 194.5.82.60:0] script '/domains/hdickens.enteract/profile.php' not found or unable to stat
[Tue Feb 17 00:06:02.377902 2026] [php:error] [pid 42226] [client 194.5.82.60:0] script '/domains/hdickens.enteract/site-health.php' not found or unable to stat
[Tue Feb 17 00:06:02.721227 2026] [php:error] [pid 42226] [client 194.5.82.60:0] script '/domains/hdickens.enteract/tools.php' not found or unable to stat
[Tue Feb 17 00:06:03.334602 2026] [php:error] [pid 42226] [client 194.5.82.60:0] script '/domains/hdickens.enteract/update-core.php' not found or unable to stat
[Tue Feb 17 00:06:03.603768 2026] [php:error] [pid 42226] [client 194.5.82.60:0] script '/domains/hdickens.enteract/user-edit.php' not found or unable to stat
[Tue Feb 17 00:06:03.841573 2026] [php:error] [pid 42226] [client 194.5.82.60:0] script '/domains/hdickens.enteract/user-new.php' not found or unable to stat
[Tue Feb 17 00:06:04.182263 2026] [php:error] [pid 42226] [client 194.5.82.60:0] script '/domains/hdickens.enteract/wp-cron.php' not found or unable to stat
[Tue Feb 17 00:06:04.629219 2026] [php:error] [pid 42226] [client 194.5.82.60:0] script '/domains/hdickens.enteract/bar.php' not found or unable to stat
[Tue Feb 17 00:06:05.024390 2026] [php:error] [pid 42226] [client 194.5.82.60:0] script '/domains/hdickens.enteract/samll.php' not found or unable to stat
[Tue Feb 17 00:06:05.318661 2026] [php:error] [pid 42226] [client 194.5.82.60:0] script '/domains/hdickens.enteract/webdb.php' not found or unable to stat
[Tue Feb 17 00:06:06.089298 2026] [php:error] [pid 42226] [client 194.5.82.60:0] script '/domains/hdickens.enteract/100.php' not found or unable to stat
[Tue Feb 17 00:06:06.436661 2026] [php:error] [pid 42226] [client 194.5.82.60:0] script '/domains/hdickens.enteract/plugin-install.php' not found or unable to stat
[Tue Feb 17 00:06:07.586193 2026] [php:error] [pid 42226] [client 194.5.82.60:0] script '/domains/hdickens.enteract/km.php' not found or unable to stat
[Tue Feb 17 00:06:07.992777 2026] [php:error] [pid 42226] [client 194.5.82.60:0] script '/domains/hdickens.enteract/LA.php' not found or unable to stat
[Tue Feb 17 00:06:08.349029 2026] [php:error] [pid 42226] [client 194.5.82.60:0] script '/domains/hdickens.enteract/wp-good.php' not found or unable to stat
[Tue Feb 17 00:06:08.696784 2026] [php:error] [pid 42226] [client 194.5.82.60:0] script '/domains/hdickens.enteract/wp-ldd.php' not found or unable to stat
[Tue Feb 17 00:06:08.954834 2026] [php:error] [pid 42226] [client 194.5.82.60:0] script '/domains/hdickens.enteract/sgd.php' not found or unable to stat
[Tue Feb 17 00:06:09.262453 2026] [php:error] [pid 42226] [client 194.5.82.60:0] script '/domains/hdickens.enteract/wzy.php' not found or unable to stat
[Tue Feb 17 00:06:10.818817 2026] [php:error] [pid 42226] [client 194.5.82.60:0] script '/domains/hdickens.enteract/chosen.php' not found or unable to stat
[Tue Feb 17 00:06:11.778278 2026] [php:error] [pid 42226] [client 194.5.82.60:0] script '/domains/hdickens.enteract/wp-signup.php' not found or unable to stat
[Tue Feb 17 00:06:12.203255 2026] [php:error] [pid 42232] [client 20.78.169.245:0] script '/domains/navarrospring/wp-trackback.php' not found or unable to stat
[Tue Feb 17 00:06:13.632217 2026] [php:error] [pid 42232] [client 20.78.169.245:0] script '/domains/navarrospring/about.php' not found or unable to stat
[Tue Feb 17 00:06:13.737541 2026] [php:error] [pid 42226] [client 194.5.82.60:0] script '/domains/hdickens.enteract/class.php' not found or unable to stat
[Tue Feb 17 00:06:13.835832 2026] [php:error] [pid 42232] [client 20.78.169.245:0] script '/domains/navarrospring/file.php' not found or unable to stat
[Tue Feb 17 00:06:14.328751 2026] [php:error] [pid 42226] [client 194.5.82.60:0] script '/domains/hdickens.enteract/Njima.php' not found or unable to stat
[Tue Feb 17 00:06:15.005637 2026] [php:error] [pid 42232] [client 20.78.169.245:0] script '/domains/navarrospring/wp-good.php' not found or unable to stat
[Tue Feb 17 00:06:15.177907 2026] [php:error] [pid 42232] [client 20.78.169.245:0] script '/domains/navarrospring/xmlrpc.php' not found or unable to stat
[Tue Feb 17 00:06:15.364101 2026] [php:error] [pid 42232] [client 20.78.169.245:0] script '/domains/navarrospring/goods.php' not found or unable to stat
[Tue Feb 17 00:06:15.558196 2026] [php:error] [pid 42232] [client 20.78.169.245:0] script '/domains/navarrospring/ioxi-o.php' not found or unable to stat
[Tue Feb 17 00:06:15.752776 2026] [php:error] [pid 42232] [client 20.78.169.245:0] script '/domains/navarrospring/class-t.api.php' not found or unable to stat
[Tue Feb 17 00:06:15.965949 2026] [php:error] [pid 42232] [client 20.78.169.245:0] script '/domains/navarrospring/admin.php' not found or unable to stat
[Tue Feb 17 00:06:16.150545 2026] [php:error] [pid 42232] [client 20.78.169.245:0] script '/domains/navarrospring/sf.php' not found or unable to stat
[Tue Feb 17 00:06:16.335791 2026] [php:error] [pid 42232] [client 20.78.169.245:0] script '/domains/navarrospring/rip.php' not found or unable to stat
[Tue Feb 17 00:06:16.405479 2026] [php:error] [pid 42226] [client 194.5.82.60:0] script '/domains/hdickens.enteract/FroggBaba.php' not found or unable to stat
[Tue Feb 17 00:06:16.532694 2026] [php:error] [pid 42232] [client 20.78.169.245:0] script '/domains/navarrospring/autoload_classmap.php' not found or unable to stat
[Tue Feb 17 00:06:17.838746 2026] [php:error] [pid 42232] [client 20.78.169.245:0] script '/domains/navarrospring/chosen.php' not found or unable to stat
[Tue Feb 17 00:06:18.033092 2026] [php:error] [pid 42232] [client 20.78.169.245:0] script '/domains/navarrospring/classwithtostring.php' not found or unable to stat
[Tue Feb 17 00:06:18.737154 2026] [php:error] [pid 42226] [client 194.5.82.60:0] script '/domains/hdickens.enteract/sts.php' not found or unable to stat
[Tue Feb 17 00:06:19.128716 2026] [php:error] [pid 42232] [client 20.78.169.245:0] script '/domains/navarrospring/defaults.php' not found or unable to stat
[Tue Feb 17 00:06:20.680241 2026] [php:error] [pid 42226] [client 194.5.82.60:0] script '/domains/hdickens.enteract/st.php' not found or unable to stat
[Tue Feb 17 00:06:21.019720 2026] [php:error] [pid 42226] [client 194.5.82.60:0] script '/domains/hdickens.enteract/GA13.php' not found or unable to stat
[Tue Feb 17 00:06:22.029865 2026] [php:error] [pid 42232] [client 20.78.169.245:0] script '/domains/navarrospring/info.php' not found or unable to stat
[Tue Feb 17 00:06:24.145690 2026] [php:error] [pid 42226] [client 194.5.82.60:0] script '/domains/hdickens.enteract/crop.php' not found or unable to stat
[Tue Feb 17 00:06:25.503238 2026] [php:error] [pid 42226] [client 194.5.82.60:0] script '/domains/hdickens.enteract/gali.php' not found or unable to stat
[Tue Feb 17 00:06:26.450429 2026] [php:error] [pid 42226] [client 194.5.82.60:0] script '/domains/hdickens.enteract/dir.php' not found or unable to stat
[Tue Feb 17 00:06:27.160392 2026] [php:error] [pid 42226] [client 194.5.82.60:0] script '/domains/hdickens.enteract/dirs.php' not found or unable to stat
[Tue Feb 17 00:06:27.923499 2026] [php:error] [pid 42226] [client 194.5.82.60:0] script '/domains/hdickens.enteract/abouts.php' not found or unable to stat
[Tue Feb 17 00:06:28.169394 2026] [php:error] [pid 42226] [client 194.5.82.60:0] script '/domains/hdickens.enteract/malls.php' not found or unable to stat
[Tue Feb 17 00:06:28.626805 2026] [php:error] [pid 42226] [client 194.5.82.60:0] script '/domains/hdickens.enteract/liefs.php' not found or unable to stat
[Tue Feb 17 00:06:29.088567 2026] [php:error] [pid 42226] [client 194.5.82.60:0] script '/domains/hdickens.enteract/uc.php' not found or unable to stat
[Tue Feb 17 00:06:29.458256 2026] [php:error] [pid 42226] [client 194.5.82.60:0] script '/domains/hdickens.enteract/locks.php' not found or unable to stat
[Tue Feb 17 00:06:29.611694 2026] [php:error] [pid 42232] [client 20.78.169.245:0] script '/domains/navarrospring/adminfuns.php' not found or unable to stat
[Tue Feb 17 00:06:29.708380 2026] [php:error] [pid 42226] [client 194.5.82.60:0] script '/domains/hdickens.enteract/wp-dsdd.php' not found or unable to stat
[Tue Feb 17 00:06:30.249845 2026] [php:error] [pid 42226] [client 194.5.82.60:0] script '/domains/hdickens.enteract/css/bun.php' not found or unable to stat
[Tue Feb 17 00:06:30.501333 2026] [php:error] [pid 42226] [client 194.5.82.60:0] script '/domains/hdickens.enteract/js/edit.php' not found or unable to stat
[Tue Feb 17 00:06:31.825483 2026] [php:error] [pid 42226] [client 194.5.82.60:0] script '/domains/hdickens.enteract/wp-themes.php' not found or unable to stat
[Tue Feb 17 00:06:32.470128 2026] [php:error] [pid 42226] [client 194.5.82.60:0] script '/domains/hdickens.enteract/wp-uploads.php' not found or unable to stat
[Tue Feb 17 00:06:32.816261 2026] [php:error] [pid 42226] [client 194.5.82.60:0] script '/domains/hdickens.enteract/wp-files.php' not found or unable to stat
[Tue Feb 17 00:06:33.149137 2026] [php:error] [pid 42226] [client 194.5.82.60:0] script '/domains/hdickens.enteract/t.php' not found or unable to stat
[Tue Feb 17 00:06:33.410344 2026] [php:error] [pid 42226] [client 194.5.82.60:0] script '/domains/hdickens.enteract/stindex.php' not found or unable to stat
[Tue Feb 17 00:06:33.764239 2026] [php:error] [pid 42226] [client 194.5.82.60:0] script '/domains/hdickens.enteract/shop.php' not found or unable to stat
[Tue Feb 17 00:06:35.605734 2026] [php:error] [pid 42240] [client 194.5.82.64:0] script '/domains/hdickens.enteract/exit.php' not found or unable to stat
[Tue Feb 17 00:06:35.886804 2026] [php:error] [pid 42229] [client 194.61.40.40:0] script '/domains/tennex/simple.php' not found or unable to stat
[Tue Feb 17 00:06:36.069137 2026] [php:error] [pid 42240] [client 194.5.82.64:0] script '/domains/hdickens.enteract/install.php' not found or unable to stat
[Tue Feb 17 00:06:36.358429 2026] [php:error] [pid 42229] [client 194.61.40.40:0] script '/domains/tennex/inputs.php' not found or unable to stat
[Tue Feb 17 00:06:36.645382 2026] [php:error] [pid 42240] [client 194.5.82.64:0] script '/domains/hdickens.enteract/max.php' not found or unable to stat
[Tue Feb 17 00:06:36.888042 2026] [php:error] [pid 42229] [client 194.61.40.40:0] script '/domains/tennex/autoload_classmap.php' not found or unable to stat
[Tue Feb 17 00:06:36.951941 2026] [php:error] [pid 42240] [client 194.5.82.64:0] script '/domains/hdickens.enteract/wp-load.php' not found or unable to stat
[Tue Feb 17 00:06:37.344481 2026] [php:error] [pid 42229] [client 194.61.40.40:0] script '/domains/tennex/file2.php' not found or unable to stat
[Tue Feb 17 00:06:37.621727 2026] [php:error] [pid 42240] [client 194.5.82.64:0] script '/domains/hdickens.enteract/aa.php' not found or unable to stat
[Tue Feb 17 00:06:37.804762 2026] [php:error] [pid 42229] [client 194.61.40.40:0] script '/domains/tennex/file.php' not found or unable to stat
[Tue Feb 17 00:06:38.068095 2026] [php:error] [pid 42229] [client 194.61.40.40:0] script '/domains/tennex/chosen.php' not found or unable to stat
[Tue Feb 17 00:06:38.367622 2026] [php:error] [pid 42229] [client 194.61.40.40:0] script '/domains/tennex/item.php' not found or unable to stat
[Tue Feb 17 00:06:38.839383 2026] [php:error] [pid 42240] [client 194.5.82.64:0] script '/domains/hdickens.enteract/shellv3.php' not found or unable to stat
[Tue Feb 17 00:06:39.142371 2026] [php:error] [pid 42229] [client 194.61.40.40:0] script '/domains/tennex/zwso.php' not found or unable to stat
[Tue Feb 17 00:06:39.281323 2026] [php:error] [pid 42240] [client 194.5.82.64:0] script '/domains/hdickens.enteract/sh.php' not found or unable to stat
[Tue Feb 17 00:06:39.385455 2026] [php:error] [pid 42229] [client 194.61.40.40:0] script '/domains/tennex/wp-conflg.php' not found or unable to stat
[Tue Feb 17 00:06:40.838723 2026] [php:error] [pid 42240] [client 194.5.82.64:0] script '/domains/hdickens.enteract/function.php' not found or unable to stat
[Tue Feb 17 00:06:41.147106 2026] [php:error] [pid 42240] [client 194.5.82.64:0] script '/domains/hdickens.enteract/m.php' not found or unable to stat
[Tue Feb 17 00:06:41.709871 2026] [php:error] [pid 42240] [client 194.5.82.64:0] script '/domains/hdickens.enteract/delete3.php' not found or unable to stat
[Tue Feb 17 00:06:41.997392 2026] [php:error] [pid 42229] [client 194.61.40.40:0] script '/domains/tennex/cong.php' not found or unable to stat
[Tue Feb 17 00:06:42.420347 2026] [php:error] [pid 42240] [client 194.5.82.64:0] script '/domains/hdickens.enteract/mm.php' not found or unable to stat
[Tue Feb 17 00:06:42.728433 2026] [php:error] [pid 42229] [client 194.61.40.40:0] script '/domains/tennex/dropdown.php' not found or unable to stat
[Tue Feb 17 00:06:43.673993 2026] [php:error] [pid 42240] [client 194.5.82.64:0] script '/domains/hdickens.enteract/server.php' not found or unable to stat
[Tue Feb 17 00:06:43.843577 2026] [php:error] [pid 42229] [client 194.61.40.40:0] script '/domains/tennex/repeater.php' not found or unable to stat
[Tue Feb 17 00:06:44.082101 2026] [php:error] [pid 42229] [client 194.61.40.40:0] script '/domains/tennex/wp-2019.php' not found or unable to stat
[Tue Feb 17 00:06:44.331509 2026] [php:error] [pid 42229] [client 194.61.40.40:0] script '/domains/tennex/atomlib.php' not found or unable to stat
[Tue Feb 17 00:06:44.359178 2026] [php:error] [pid 42240] [client 194.5.82.64:0] script '/domains/hdickens.enteract/mailer.php' not found or unable to stat
[Tue Feb 17 00:06:44.614421 2026] [php:error] [pid 42229] [client 194.61.40.40:0] script '/domains/tennex/css.php' not found or unable to stat
[Tue Feb 17 00:06:44.814338 2026] [php:error] [pid 42240] [client 194.5.82.64:0] script '/domains/hdickens.enteract/www.php' not found or unable to stat
[Tue Feb 17 00:06:44.851502 2026] [php:error] [pid 42229] [client 194.61.40.40:0] script '/domains/tennex/log.php' not found or unable to stat
[Tue Feb 17 00:06:45.121546 2026] [php:error] [pid 42240] [client 194.5.82.64:0] script '/domains/hdickens.enteract/css/wp-casper.php' not found or unable to stat
[Tue Feb 17 00:06:45.125145 2026] [php:error] [pid 42229] [client 194.61.40.40:0] script '/domains/tennex/mail.php' not found or unable to stat
[Tue Feb 17 00:06:45.392991 2026] [php:error] [pid 42229] [client 194.61.40.40:0] script '/domains/tennex/lufix.php' not found or unable to stat
[Tue Feb 17 00:06:45.461559 2026] [php:error] [pid 42240] [client 194.5.82.64:0] script '/domains/hdickens.enteract/cache.php' not found or unable to stat
[Tue Feb 17 00:06:45.646192 2026] [php:error] [pid 42229] [client 194.61.40.40:0] script '/domains/tennex/doc.php' not found or unable to stat
[Tue Feb 17 00:06:45.866090 2026] [php:error] [pid 42229] [client 194.61.40.40:0] script '/domains/tennex/bak.php' not found or unable to stat
[Tue Feb 17 00:06:46.140571 2026] [php:error] [pid 42229] [client 194.61.40.40:0] script '/domains/tennex/content.php' not found or unable to stat
[Tue Feb 17 00:06:46.409938 2026] [php:error] [pid 42229] [client 194.61.40.40:0] script '/domains/tennex/upfile.php' not found or unable to stat
[Tue Feb 17 00:06:46.447948 2026] [php:error] [pid 42240] [client 194.5.82.64:0] script '/domains/hdickens.enteract/wp-header.php' not found or unable to stat
[Tue Feb 17 00:06:46.676415 2026] [php:error] [pid 42229] [client 194.61.40.40:0] script '/domains/tennex/wp.php' not found or unable to stat
[Tue Feb 17 00:06:46.826479 2026] [php:error] [pid 42240] [client 194.5.82.64:0] script '/domains/hdickens.enteract/shop.php' not found or unable to stat
[Tue Feb 17 00:06:46.975775 2026] [php:error] [pid 42229] [client 194.61.40.40:0] script '/domains/tennex/bypass.php' not found or unable to stat
[Tue Feb 17 00:06:47.223818 2026] [php:error] [pid 42229] [client 194.61.40.40:0] script '/domains/tennex/wp-activate.php' not found or unable to stat
[Tue Feb 17 00:06:47.471061 2026] [php:error] [pid 42229] [client 194.61.40.40:0] script '/domains/tennex/updates.php' not found or unable to stat
[Tue Feb 17 00:06:47.698310 2026] [php:error] [pid 42229] [client 194.61.40.40:0] script '/domains/tennex/radio.php' not found or unable to stat
[Tue Feb 17 00:06:47.933694 2026] [php:error] [pid 42229] [client 194.61.40.40:0] script '/domains/tennex/plugins.php' not found or unable to stat
[Tue Feb 17 00:06:48.213244 2026] [php:error] [pid 42229] [client 194.61.40.40:0] script '/domains/tennex/xmrlpc.php' not found or unable to stat
[Tue Feb 17 00:06:48.475567 2026] [php:error] [pid 42229] [client 194.61.40.40:0] script '/domains/tennex/ae.php' not found or unable to stat
[Tue Feb 17 00:06:48.766466 2026] [php:error] [pid 42229] [client 194.61.40.40:0] script '/domains/tennex/moon.php' not found or unable to stat
[Tue Feb 17 00:06:49.018985 2026] [php:error] [pid 42229] [client 194.61.40.40:0] script '/domains/tennex/blog.php' not found or unable to stat
[Tue Feb 17 00:06:49.242432 2026] [php:error] [pid 42229] [client 194.61.40.40:0] script '/domains/tennex/themes.php' not found or unable to stat
[Tue Feb 17 00:06:49.519238 2026] [php:error] [pid 42229] [client 194.61.40.40:0] script '/domains/tennex/ini.php' not found or unable to stat
[Tue Feb 17 00:06:49.764274 2026] [php:error] [pid 42229] [client 194.61.40.40:0] script '/domains/tennex/as.php' not found or unable to stat
[Tue Feb 17 00:06:49.997565 2026] [php:error] [pid 42229] [client 194.61.40.40:0] script '/domains/tennex/shell.php' not found or unable to stat
[Tue Feb 17 00:06:50.243488 2026] [php:error] [pid 42229] [client 194.61.40.40:0] script '/domains/tennex/ws.php' not found or unable to stat
[Tue Feb 17 00:06:50.487785 2026] [php:error] [pid 42229] [client 194.61.40.40:0] script '/domains/tennex/makeasmtp.php' not found or unable to stat
[Tue Feb 17 00:06:50.748534 2026] [php:error] [pid 42229] [client 194.61.40.40:0] script '/domains/tennex/wp-sigunq.php' not found or unable to stat
[Tue Feb 17 00:06:51.082056 2026] [php:error] [pid 42229] [client 194.61.40.40:0] script '/domains/tennex/wso112233.php' not found or unable to stat
[Tue Feb 17 00:06:51.366449 2026] [php:error] [pid 42229] [client 194.61.40.40:0] script '/domains/tennex/wp-atom.php' not found or unable to stat
[Tue Feb 17 00:06:51.659040 2026] [php:error] [pid 42229] [client 194.61.40.40:0] script '/domains/tennex/alfanew.php' not found or unable to stat
[Tue Feb 17 00:06:51.922092 2026] [php:error] [pid 42229] [client 194.61.40.40:0] script '/domains/tennex/fw.php' not found or unable to stat
[Tue Feb 17 00:06:52.200600 2026] [php:error] [pid 42229] [client 194.61.40.40:0] script '/domains/tennex/install.php' not found or unable to stat
[Tue Feb 17 00:06:52.432930 2026] [php:error] [pid 42229] [client 194.61.40.40:0] script '/domains/tennex/wp-login.php' not found or unable to stat
[Tue Feb 17 00:06:52.915729 2026] [php:error] [pid 42229] [client 194.61.40.40:0] script '/domains/tennex/XxX.php' not found or unable to stat
[Tue Feb 17 00:06:53.165232 2026] [php:error] [pid 42229] [client 194.61.40.40:0] script '/domains/tennex/Marvins.php' not found or unable to stat
[Tue Feb 17 00:06:53.726992 2026] [php:error] [pid 42229] [client 194.61.40.40:0] script '/domains/tennex/olux.php' not found or unable to stat
[Tue Feb 17 00:06:54.239877 2026] [php:error] [pid 42229] [client 194.61.40.40:0] script '/domains/tennex/wso.php' not found or unable to stat
[Tue Feb 17 00:06:54.744261 2026] [php:error] [pid 42229] [client 194.61.40.40:0] script '/domains/tennex/uploader.php' not found or unable to stat
[Tue Feb 17 00:06:55.031663 2026] [php:error] [pid 42229] [client 194.61.40.40:0] script '/domains/tennex/1337.php' not found or unable to stat
[Tue Feb 17 00:06:55.317688 2026] [php:error] [pid 42229] [client 194.61.40.40:0] script '/domains/tennex/user.php' not found or unable to stat
[Tue Feb 17 00:06:55.644656 2026] [php:error] [pid 42229] [client 194.61.40.40:0] script '/domains/tennex/wp-info.php' not found or unable to stat
[Tue Feb 17 00:06:55.943111 2026] [php:error] [pid 42229] [client 194.61.40.40:0] script '/domains/tennex/wxo.php' not found or unable to stat
[Tue Feb 17 00:06:56.203997 2026] [php:error] [pid 42229] [client 194.61.40.40:0] script '/domains/tennex/amigo.php' not found or unable to stat
[Tue Feb 17 00:06:56.434834 2026] [php:error] [pid 42229] [client 194.61.40.40:0] script '/domains/tennex/yoi.php' not found or unable to stat
[Tue Feb 17 00:06:57.153725 2026] [php:error] [pid 42229] [client 194.61.40.40:0] script '/domains/tennex/wp-contentt.php' not found or unable to stat
[Tue Feb 17 00:06:57.381296 2026] [php:error] [pid 42229] [client 194.61.40.40:0] script '/domains/tennex/we1y8.php' not found or unable to stat
