[Tue Feb 17 02:27:11.581374 2026] [php:error] [pid 71755] [client 20.214.155.242:0] script '/domains/antiqueweb1/kolda.php' not found or unable to stat
[Tue Feb 17 02:27:11.789680 2026] [php:error] [pid 71755] [client 20.214.155.242:0] script '/domains/antiqueweb1/nw.php' not found or unable to stat
[Tue Feb 17 02:27:11.968426 2026] [php:error] [pid 71755] [client 20.214.155.242:0] script '/domains/antiqueweb1/god.php' not found or unable to stat
[Tue Feb 17 02:27:12.170886 2026] [php:error] [pid 71755] [client 20.214.155.242:0] script '/domains/antiqueweb1/666.php' not found or unable to stat
[Tue Feb 17 02:27:12.349851 2026] [php:error] [pid 71755] [client 20.214.155.242:0] script '/domains/antiqueweb1/kj.php' not found or unable to stat
[Tue Feb 17 02:27:12.540772 2026] [php:error] [pid 71755] [client 20.214.155.242:0] script '/domains/antiqueweb1/un.php' not found or unable to stat
[Tue Feb 17 02:27:12.737090 2026] [php:error] [pid 71755] [client 20.214.155.242:0] script '/domains/antiqueweb1/fs.php' not found or unable to stat
[Tue Feb 17 02:27:12.916020 2026] [php:error] [pid 71755] [client 20.214.155.242:0] script '/domains/antiqueweb1/ms.php' not found or unable to stat
[Tue Feb 17 02:27:13.095254 2026] [php:error] [pid 71755] [client 20.214.155.242:0] script '/domains/antiqueweb1/login8.php' not found or unable to stat
[Tue Feb 17 02:27:13.288285 2026] [php:error] [pid 71755] [client 20.214.155.242:0] script '/domains/antiqueweb1/nnyvn.php' not found or unable to stat
[Tue Feb 17 02:27:13.470984 2026] [php:error] [pid 71755] [client 20.214.155.242:0] script '/domains/antiqueweb1/cu.php' not found or unable to stat
[Tue Feb 17 02:27:13.654074 2026] [php:error] [pid 71755] [client 20.214.155.242:0] script '/domains/antiqueweb1/lul.php' not found or unable to stat
[Tue Feb 17 02:27:13.846088 2026] [php:error] [pid 71755] [client 20.214.155.242:0] script '/domains/antiqueweb1/0.php' not found or unable to stat
[Tue Feb 17 02:27:14.028348 2026] [php:error] [pid 71755] [client 20.214.155.242:0] script '/domains/antiqueweb1/ms-edit.php' not found or unable to stat
[Tue Feb 17 02:27:14.222408 2026] [php:error] [pid 71755] [client 20.214.155.242:0] script '/domains/antiqueweb1/ya.php' not found or unable to stat
[Tue Feb 17 02:27:14.417197 2026] [php:error] [pid 71755] [client 20.214.155.242:0] script '/domains/antiqueweb1/grsiuk.php' not found or unable to stat
[Tue Feb 17 02:27:14.596700 2026] [php:error] [pid 71755] [client 20.214.155.242:0] script '/domains/antiqueweb1/wp-blog.php' not found or unable to stat
[Tue Feb 17 02:27:14.775944 2026] [php:error] [pid 71755] [client 20.214.155.242:0] script '/domains/antiqueweb1/wp-access.php' not found or unable to stat
[Tue Feb 17 02:27:14.955543 2026] [php:error] [pid 71755] [client 20.214.155.242:0] script '/domains/antiqueweb1/a1vx.php' not found or unable to stat
[Tue Feb 17 02:27:15.143361 2026] [php:error] [pid 71755] [client 20.214.155.242:0] script '/domains/antiqueweb1/sbhu.php' not found or unable to stat
[Tue Feb 17 02:27:15.341132 2026] [php:error] [pid 71755] [client 20.214.155.242:0] script '/domains/antiqueweb1/wp-the.php' not found or unable to stat
[Tue Feb 17 02:27:15.577758 2026] [php:error] [pid 71755] [client 20.214.155.242:0] script '/domains/antiqueweb1/06.php' not found or unable to stat
[Tue Feb 17 02:27:15.757254 2026] [php:error] [pid 71755] [client 20.214.155.242:0] script '/domains/antiqueweb1/wp5.php' not found or unable to stat
[Tue Feb 17 02:27:15.936350 2026] [php:error] [pid 71755] [client 20.214.155.242:0] script '/domains/antiqueweb1/fot.php' not found or unable to stat
[Tue Feb 17 02:27:16.115609 2026] [php:error] [pid 71755] [client 20.214.155.242:0] script '/domains/antiqueweb1/ff1.php' not found or unable to stat
[Tue Feb 17 02:27:16.332349 2026] [php:error] [pid 71755] [client 20.214.155.242:0] script '/domains/antiqueweb1/forbidals.php' not found or unable to stat
[Tue Feb 17 02:27:16.511609 2026] [php:error] [pid 71755] [client 20.214.155.242:0] script '/domains/antiqueweb1/erty.php' not found or unable to stat
[Tue Feb 17 02:27:16.694798 2026] [php:error] [pid 71755] [client 20.214.155.242:0] script '/domains/antiqueweb1/dev1s.php' not found or unable to stat
[Tue Feb 17 02:27:16.874126 2026] [php:error] [pid 71755] [client 20.214.155.242:0] script '/domains/antiqueweb1/ffd.php' not found or unable to stat
[Tue Feb 17 02:27:17.053001 2026] [php:error] [pid 71755] [client 20.214.155.242:0] script '/domains/antiqueweb1/admiin.php' not found or unable to stat
[Tue Feb 17 02:27:17.232503 2026] [php:error] [pid 71755] [client 20.214.155.242:0] script '/domains/antiqueweb1/ol.php' not found or unable to stat
[Tue Feb 17 02:27:17.414890 2026] [php:error] [pid 71755] [client 20.214.155.242:0] script '/domains/antiqueweb1/Sanskrit.php' not found or unable to stat
[Tue Feb 17 02:27:17.594032 2026] [php:error] [pid 71755] [client 20.214.155.242:0] script '/domains/antiqueweb1/vxrl.php' not found or unable to stat
[Tue Feb 17 02:27:17.786370 2026] [php:error] [pid 71755] [client 20.214.155.242:0] script '/domains/antiqueweb1/re.php' not found or unable to stat
[Tue Feb 17 02:27:17.978023 2026] [php:error] [pid 71755] [client 20.214.155.242:0] script '/domains/antiqueweb1/num.php' not found or unable to stat
[Tue Feb 17 02:27:18.217104 2026] [php:error] [pid 71755] [client 20.214.155.242:0] script '/domains/antiqueweb1/axx.php' not found or unable to stat
[Tue Feb 17 02:27:18.437755 2026] [php:error] [pid 71755] [client 20.214.155.242:0] script '/domains/antiqueweb1/vxrl.php' not found or unable to stat
[Tue Feb 17 02:27:18.636688 2026] [php:error] [pid 71755] [client 20.214.155.242:0] script '/domains/antiqueweb1/in.php' not found or unable to stat
[Tue Feb 17 02:27:18.815582 2026] [php:error] [pid 71755] [client 20.214.155.242:0] script '/domains/antiqueweb1/style.php' not found or unable to stat
[Tue Feb 17 02:27:19.090468 2026] [php:error] [pid 71755] [client 20.214.155.242:0] script '/domains/antiqueweb1/we.php' not found or unable to stat
[Tue Feb 17 02:27:19.422344 2026] [php:error] [pid 71755] [client 20.214.155.242:0] script '/domains/antiqueweb1/zwso.php' not found or unable to stat
[Tue Feb 17 02:27:19.675715 2026] [php:error] [pid 71755] [client 20.214.155.242:0] script '/domains/antiqueweb1/karak.php' not found or unable to stat
[Tue Feb 17 02:27:19.897113 2026] [php:error] [pid 71755] [client 20.214.155.242:0] script '/domains/antiqueweb1/prv8.php' not found or unable to stat
[Tue Feb 17 02:27:20.085983 2026] [php:error] [pid 71755] [client 20.214.155.242:0] script '/domains/antiqueweb1/i.php' not found or unable to stat
[Tue Feb 17 02:27:20.306037 2026] [php:error] [pid 71755] [client 20.214.155.242:0] script '/domains/antiqueweb1/a.php' not found or unable to stat
[Tue Feb 17 02:27:20.485128 2026] [php:error] [pid 71755] [client 20.214.155.242:0] script '/domains/antiqueweb1/xmlrpc.php' not found or unable to stat
[Tue Feb 17 02:27:20.665337 2026] [php:error] [pid 71755] [client 20.214.155.242:0] script '/domains/antiqueweb1/aw.php' not found or unable to stat
[Tue Feb 17 02:27:20.844783 2026] [php:error] [pid 71755] [client 20.214.155.242:0] script '/domains/antiqueweb1/dev.php' not found or unable to stat
[Tue Feb 17 02:27:21.023889 2026] [php:error] [pid 71755] [client 20.214.155.242:0] script '/domains/antiqueweb1/lock360.php' not found or unable to stat
[Tue Feb 17 02:27:21.233108 2026] [php:error] [pid 71755] [client 20.214.155.242:0] script '/domains/antiqueweb1/155.php' not found or unable to stat
[Tue Feb 17 02:27:21.412753 2026] [php:error] [pid 71755] [client 20.214.155.242:0] script '/domains/antiqueweb1/goat.php' not found or unable to stat
[Tue Feb 17 02:27:21.614840 2026] [php:error] [pid 71755] [client 20.214.155.242:0] script '/domains/antiqueweb1/tcp.php' not found or unable to stat
[Tue Feb 17 02:27:21.794099 2026] [php:error] [pid 71755] [client 20.214.155.242:0] script '/domains/antiqueweb1/ext.php' not found or unable to stat
[Tue Feb 17 02:27:21.808090 2026] [php:error] [pid 71772] [client 20.111.62.157:0] script '/domains/system_default/new4.php' not found or unable to stat
[Tue Feb 17 02:27:21.898107 2026] [php:error] [pid 71772] [client 20.111.62.157:0] script '/domains/system_default/xoot.php' not found or unable to stat
[Tue Feb 17 02:27:21.973821 2026] [php:error] [pid 71755] [client 20.214.155.242:0] script '/domains/antiqueweb1/inputs.php' not found or unable to stat
[Tue Feb 17 02:27:22.016605 2026] [php:error] [pid 71772] [client 20.111.62.157:0] script '/domains/system_default/er.php' not found or unable to stat
[Tue Feb 17 02:27:22.105014 2026] [php:error] [pid 71772] [client 20.111.62.157:0] script '/domains/system_default/fault.php' not found or unable to stat
[Tue Feb 17 02:27:22.174496 2026] [php:error] [pid 71755] [client 20.214.155.242:0] script '/domains/antiqueweb1/ioxi.php' not found or unable to stat
[Tue Feb 17 02:27:22.193591 2026] [php:error] [pid 71772] [client 20.111.62.157:0] script '/domains/system_default/x2x.php' not found or unable to stat
[Tue Feb 17 02:27:22.284459 2026] [php:error] [pid 71772] [client 20.111.62.157:0] script '/domains/system_default/motu.php' not found or unable to stat
[Tue Feb 17 02:27:22.353890 2026] [php:error] [pid 71755] [client 20.214.155.242:0] script '/domains/antiqueweb1/fe5.php' not found or unable to stat
[Tue Feb 17 02:27:22.383878 2026] [php:error] [pid 71772] [client 20.111.62.157:0] script '/domains/system_default/66.php' not found or unable to stat
[Tue Feb 17 02:27:22.490631 2026] [php:error] [pid 71772] [client 20.111.62.157:0] script '/domains/system_default/leuk.php' not found or unable to stat
[Tue Feb 17 02:27:22.591710 2026] [php:error] [pid 71772] [client 20.111.62.157:0] script '/domains/system_default/bc-456.php' not found or unable to stat
[Tue Feb 17 02:27:22.615103 2026] [php:error] [pid 71755] [client 20.214.155.242:0] script '/domains/antiqueweb1/ov.php' not found or unable to stat
[Tue Feb 17 02:27:22.689685 2026] [php:error] [pid 71772] [client 20.111.62.157:0] script '/domains/system_default/wo.php' not found or unable to stat
[Tue Feb 17 02:27:22.778288 2026] [php:error] [pid 71772] [client 20.111.62.157:0] script '/domains/system_default/bvb.php' not found or unable to stat
[Tue Feb 17 02:27:22.878331 2026] [php:error] [pid 71772] [client 20.111.62.157:0] script '/domains/system_default/xqq.php' not found or unable to stat
[Tue Feb 17 02:27:23.000348 2026] [php:error] [pid 71772] [client 20.111.62.157:0] script '/domains/system_default/kolda.php' not found or unable to stat
[Tue Feb 17 02:27:23.092975 2026] [php:error] [pid 71772] [client 20.111.62.157:0] script '/domains/system_default/nw.php' not found or unable to stat
[Tue Feb 17 02:27:23.200452 2026] [php:error] [pid 71772] [client 20.111.62.157:0] script '/domains/system_default/god.php' not found or unable to stat
[Tue Feb 17 02:27:23.201315 2026] [php:error] [pid 71755] [client 20.214.155.242:0] script '/domains/antiqueweb1/default.php' not found or unable to stat
[Tue Feb 17 02:27:23.295340 2026] [php:error] [pid 71772] [client 20.111.62.157:0] script '/domains/system_default/666.php' not found or unable to stat
[Tue Feb 17 02:27:23.383817 2026] [php:error] [pid 71772] [client 20.111.62.157:0] script '/domains/system_default/kj.php' not found or unable to stat
[Tue Feb 17 02:27:23.437047 2026] [php:error] [pid 71755] [client 20.214.155.242:0] script '/domains/antiqueweb1/goods.php' not found or unable to stat
[Tue Feb 17 02:27:23.507312 2026] [php:error] [pid 71772] [client 20.111.62.157:0] script '/domains/system_default/un.php' not found or unable to stat
[Tue Feb 17 02:27:23.623030 2026] [php:error] [pid 71772] [client 20.111.62.157:0] script '/domains/system_default/fs.php' not found or unable to stat
[Tue Feb 17 02:27:23.640573 2026] [php:error] [pid 71755] [client 20.214.155.242:0] script '/domains/antiqueweb1/abcd.php' not found or unable to stat
[Tue Feb 17 02:27:23.714462 2026] [php:error] [pid 71772] [client 20.111.62.157:0] script '/domains/system_default/lts.php' not found or unable to stat
[Tue Feb 17 02:27:23.852392 2026] [php:error] [pid 71772] [client 20.111.62.157:0] script '/domains/system_default/ms.php' not found or unable to stat
[Tue Feb 17 02:27:23.854978 2026] [php:error] [pid 71755] [client 20.214.155.242:0] script '/domains/antiqueweb1/class.1.php' not found or unable to stat
[Tue Feb 17 02:27:23.944596 2026] [php:error] [pid 71772] [client 20.111.62.157:0] script '/domains/system_default/login8.php' not found or unable to stat
[Tue Feb 17 02:27:24.049547 2026] [php:error] [pid 71772] [client 20.111.62.157:0] script '/domains/system_default/nnyvn.php' not found or unable to stat
[Tue Feb 17 02:27:24.055172 2026] [php:error] [pid 71755] [client 20.214.155.242:0] script '/domains/antiqueweb1/async.php' not found or unable to stat
[Tue Feb 17 02:27:24.138449 2026] [php:error] [pid 71772] [client 20.111.62.157:0] script '/domains/system_default/cu.php' not found or unable to stat
[Tue Feb 17 02:27:24.227142 2026] [php:error] [pid 71772] [client 20.111.62.157:0] script '/domains/system_default/lul.php' not found or unable to stat
[Tue Feb 17 02:27:24.234221 2026] [php:error] [pid 71755] [client 20.214.155.242:0] script '/domains/antiqueweb1/ff.php' not found or unable to stat
[Tue Feb 17 02:27:24.319067 2026] [php:error] [pid 71772] [client 20.111.62.157:0] script '/domains/system_default/0.php' not found or unable to stat
[Tue Feb 17 02:27:24.390571 2026] [core:crit] [pid 71748] (13)Permission denied: [client 114.119.134.230:0] AH00529: /domains/performancepartsinc/graphics/psd/.htaccess pcfg_openfile: unable to check htaccess file, ensure it is readable and that '/domains/performancepartsinc/graphics/psd/' is executable, referer: http://www.performancepartsinc.com/graphics/psd/q.php?%2Fsingle-dating-in-clayton-le-woods%2F
[Tue Feb 17 02:27:24.410911 2026] [php:error] [pid 71772] [client 20.111.62.157:0] script '/domains/system_default/ms-edit.php' not found or unable to stat
[Tue Feb 17 02:27:24.499619 2026] [php:error] [pid 71772] [client 20.111.62.157:0] script '/domains/system_default/ya.php' not found or unable to stat
[Tue Feb 17 02:27:24.549331 2026] [php:error] [pid 71755] [client 20.214.155.242:0] script '/domains/antiqueweb1/ioxi-o.php' not found or unable to stat
[Tue Feb 17 02:27:24.588633 2026] [php:error] [pid 71772] [client 20.111.62.157:0] script '/domains/system_default/grsiuk.php' not found or unable to stat
[Tue Feb 17 02:27:24.683393 2026] [php:error] [pid 71772] [client 20.111.62.157:0] script '/domains/system_default/wp-blog.php' not found or unable to stat
[Tue Feb 17 02:27:24.728373 2026] [php:error] [pid 71755] [client 20.214.155.242:0] script '/domains/antiqueweb1/manager.php' not found or unable to stat
[Tue Feb 17 02:27:24.771889 2026] [php:error] [pid 71772] [client 20.111.62.157:0] script '/domains/system_default/ftem.php' not found or unable to stat
[Tue Feb 17 02:27:24.902084 2026] [php:error] [pid 71772] [client 20.111.62.157:0] script '/domains/system_default/7wom.php' not found or unable to stat
[Tue Feb 17 02:27:24.960148 2026] [php:error] [pid 71755] [client 20.214.155.242:0] script '/domains/antiqueweb1/wp-update.php' not found or unable to stat
[Tue Feb 17 02:27:24.990443 2026] [php:error] [pid 71772] [client 20.111.62.157:0] script '/domains/system_default/wp-access.php' not found or unable to stat
[Tue Feb 17 02:27:25.100696 2026] [php:error] [pid 71772] [client 20.111.62.157:0] script '/domains/system_default/a1vx.php' not found or unable to stat
[Tue Feb 17 02:27:25.213341 2026] [php:error] [pid 71755] [client 20.214.155.242:0] script '/domains/antiqueweb1/file.php' not found or unable to stat
[Tue Feb 17 02:27:25.219228 2026] [php:error] [pid 71772] [client 20.111.62.157:0] script '/domains/system_default/sbhu.php' not found or unable to stat
[Tue Feb 17 02:27:25.307626 2026] [php:error] [pid 71772] [client 20.111.62.157:0] script '/domains/system_default/wp-the.php' not found or unable to stat
[Tue Feb 17 02:27:25.396335 2026] [php:error] [pid 71772] [client 20.111.62.157:0] script '/domains/system_default/06.php' not found or unable to stat
[Tue Feb 17 02:27:25.485142 2026] [php:error] [pid 71772] [client 20.111.62.157:0] script '/domains/system_default/wp5.php' not found or unable to stat
[Tue Feb 17 02:27:25.573021 2026] [php:error] [pid 71755] [client 20.214.155.242:0] script '/domains/antiqueweb1/lc.php' not found or unable to stat
[Tue Feb 17 02:27:25.584402 2026] [php:error] [pid 71772] [client 20.111.62.157:0] script '/domains/system_default/fot.php' not found or unable to stat
[Tue Feb 17 02:27:25.673077 2026] [php:error] [pid 71772] [client 20.111.62.157:0] script '/domains/system_default/ff1.php' not found or unable to stat
[Tue Feb 17 02:27:25.752201 2026] [php:error] [pid 71755] [client 20.214.155.242:0] script '/domains/antiqueweb1/cbrfo.php' not found or unable to stat
[Tue Feb 17 02:27:25.780961 2026] [php:error] [pid 71772] [client 20.111.62.157:0] script '/domains/system_default/forbidals.php' not found or unable to stat
[Tue Feb 17 02:27:25.883141 2026] [php:error] [pid 71772] [client 20.111.62.157:0] script '/domains/system_default/erty.php' not found or unable to stat
[Tue Feb 17 02:27:25.949272 2026] [php:error] [pid 71755] [client 20.214.155.242:0] script '/domains/antiqueweb1/inc.php' not found or unable to stat
[Tue Feb 17 02:27:25.988394 2026] [php:error] [pid 71772] [client 20.111.62.157:0] script '/domains/system_default/dev1s.php' not found or unable to stat
[Tue Feb 17 02:27:26.076785 2026] [php:error] [pid 71772] [client 20.111.62.157:0] script '/domains/system_default/ffd.php' not found or unable to stat
[Tue Feb 17 02:27:26.165560 2026] [php:error] [pid 71772] [client 20.111.62.157:0] script '/domains/system_default/admiin.php' not found or unable to stat
[Tue Feb 17 02:27:26.254354 2026] [php:error] [pid 71772] [client 20.111.62.157:0] script '/domains/system_default/ol.php' not found or unable to stat
[Tue Feb 17 02:27:26.339624 2026] [php:error] [pid 71780] [client 20.214.155.242:0] script '/domains/antiqueweb1/gifclass.php' not found or unable to stat
[Tue Feb 17 02:27:26.350877 2026] [php:error] [pid 71772] [client 20.111.62.157:0] script '/domains/system_default/Sanskrit.php' not found or unable to stat
[Tue Feb 17 02:27:26.439345 2026] [php:error] [pid 71772] [client 20.111.62.157:0] script '/domains/system_default/vxrl.php' not found or unable to stat
[Tue Feb 17 02:27:26.519390 2026] [php:error] [pid 71780] [client 20.214.155.242:0] script '/domains/antiqueweb1/miansha.php' not found or unable to stat
[Tue Feb 17 02:27:26.527676 2026] [php:error] [pid 71772] [client 20.111.62.157:0] script '/domains/system_default/re.php' not found or unable to stat
[Tue Feb 17 02:27:26.681616 2026] [php:error] [pid 71772] [client 20.111.62.157:0] script '/domains/system_default/num.php' not found or unable to stat
[Tue Feb 17 02:27:26.697760 2026] [php:error] [pid 71780] [client 20.214.155.242:0] script '/domains/antiqueweb1/tinyfilemanager.php' not found or unable to stat
[Tue Feb 17 02:27:26.770297 2026] [php:error] [pid 71772] [client 20.111.62.157:0] script '/domains/system_default/axx.php' not found or unable to stat
[Tue Feb 17 02:27:26.882234 2026] [php:error] [pid 71780] [client 20.214.155.242:0] script '/domains/antiqueweb1/admin.php' not found or unable to stat
[Tue Feb 17 02:27:26.938579 2026] [php:error] [pid 71772] [client 20.111.62.157:0] script '/domains/system_default/vxrl.php' not found or unable to stat
[Tue Feb 17 02:27:27.051788 2026] [php:error] [pid 71772] [client 20.111.62.157:0] script '/domains/system_default/in.php' not found or unable to stat
[Tue Feb 17 02:27:27.079589 2026] [php:error] [pid 71780] [client 20.214.155.242:0] script '/domains/antiqueweb1/ok.php' not found or unable to stat
[Tue Feb 17 02:27:27.145837 2026] [php:error] [pid 71772] [client 20.111.62.157:0] script '/domains/system_default/style.php' not found or unable to stat
[Tue Feb 17 02:27:27.272936 2026] [php:error] [pid 71780] [client 20.214.155.242:0] script '/domains/antiqueweb1/fi.php' not found or unable to stat
[Tue Feb 17 02:27:27.275248 2026] [php:error] [pid 71772] [client 20.111.62.157:0] script '/domains/system_default/we.php' not found or unable to stat
[Tue Feb 17 02:27:27.363460 2026] [php:error] [pid 71772] [client 20.111.62.157:0] script '/domains/system_default/zwso.php' not found or unable to stat
[Tue Feb 17 02:27:27.451620 2026] [php:error] [pid 71780] [client 20.214.155.242:0] script '/domains/antiqueweb1/muzu.php' not found or unable to stat
[Tue Feb 17 02:27:27.451912 2026] [php:error] [pid 71772] [client 20.111.62.157:0] script '/domains/system_default/karak.php' not found or unable to stat
[Tue Feb 17 02:27:27.540486 2026] [php:error] [pid 71772] [client 20.111.62.157:0] script '/domains/system_default/trd.php' not found or unable to stat
[Tue Feb 17 02:27:27.629001 2026] [php:error] [pid 71772] [client 20.111.62.157:0] script '/domains/system_default/past.php' not found or unable to stat
[Tue Feb 17 02:27:27.645723 2026] [php:error] [pid 71780] [client 20.214.155.242:0] script '/domains/antiqueweb1/reze.php' not found or unable to stat
[Tue Feb 17 02:27:27.821226 2026] [php:error] [pid 71772] [client 20.111.62.157:0] script '/domains/system_default/prv8.php' not found or unable to stat
[Tue Feb 17 02:27:27.823970 2026] [php:error] [pid 71780] [client 20.214.155.242:0] script '/domains/antiqueweb1/styll.php' not found or unable to stat
[Tue Feb 17 02:27:27.909660 2026] [php:error] [pid 71772] [client 20.111.62.157:0] script '/domains/system_default/i.php' not found or unable to stat
[Tue Feb 17 02:27:28.025325 2026] [php:error] [pid 71780] [client 20.214.155.242:0] script '/domains/antiqueweb1/x7.php' not found or unable to stat
[Tue Feb 17 02:27:28.099600 2026] [php:error] [pid 71772] [client 20.111.62.157:0] script '/domains/system_default/xmlrpc.php' not found or unable to stat
[Tue Feb 17 02:27:28.189396 2026] [php:error] [pid 71772] [client 20.111.62.157:0] script '/domains/system_default/aw.php' not found or unable to stat
[Tue Feb 17 02:27:28.203790 2026] [php:error] [pid 71780] [client 20.214.155.242:0] script '/domains/antiqueweb1/thebe.php' not found or unable to stat
[Tue Feb 17 02:27:28.284739 2026] [php:error] [pid 71772] [client 20.111.62.157:0] script '/domains/system_default/dev.php' not found or unable to stat
[Tue Feb 17 02:27:28.373106 2026] [php:error] [pid 71772] [client 20.111.62.157:0] script '/domains/system_default/lock360.php' not found or unable to stat
[Tue Feb 17 02:27:28.404079 2026] [php:error] [pid 71780] [client 20.214.155.242:0] script '/domains/antiqueweb1/ddd.php' not found or unable to stat
[Tue Feb 17 02:27:28.479482 2026] [php:error] [pid 71772] [client 20.111.62.157:0] script '/domains/system_default/155.php' not found or unable to stat
[Tue Feb 17 02:27:28.569221 2026] [php:error] [pid 71772] [client 20.111.62.157:0] script '/domains/system_default/goat.php' not found or unable to stat
[Tue Feb 17 02:27:28.583115 2026] [php:error] [pid 71780] [client 20.214.155.242:0] script '/domains/antiqueweb1/bgymj.php' not found or unable to stat
[Tue Feb 17 02:27:28.668523 2026] [php:error] [pid 71772] [client 20.111.62.157:0] script '/domains/system_default/tcp.php' not found or unable to stat
[Tue Feb 17 02:27:28.770487 2026] [php:error] [pid 71772] [client 20.111.62.157:0] script '/domains/system_default/ext.php' not found or unable to stat
[Tue Feb 17 02:27:28.853387 2026] [php:error] [pid 71780] [client 20.214.155.242:0] script '/domains/antiqueweb1/8xyz.php' not found or unable to stat
[Tue Feb 17 02:27:28.879288 2026] [php:error] [pid 71772] [client 20.111.62.157:0] script '/domains/system_default/inputs.php' not found or unable to stat
[Tue Feb 17 02:27:28.969684 2026] [php:error] [pid 71772] [client 20.111.62.157:0] script '/domains/system_default/ioxi.php' not found or unable to stat
[Tue Feb 17 02:27:29.031701 2026] [php:error] [pid 71780] [client 20.214.155.242:0] script '/domains/antiqueweb1/ioxi.php' not found or unable to stat
[Tue Feb 17 02:27:29.058300 2026] [php:error] [pid 71772] [client 20.111.62.157:0] script '/domains/system_default/fe5.php' not found or unable to stat
[Tue Feb 17 02:27:29.146779 2026] [php:error] [pid 71772] [client 20.111.62.157:0] script '/domains/system_default/ov.php' not found or unable to stat
[Tue Feb 17 02:27:29.237650 2026] [php:error] [pid 71772] [client 20.111.62.157:0] script '/domains/system_default/past1.php' not found or unable to stat
[Tue Feb 17 02:27:29.250866 2026] [php:error] [pid 71775] [client 34.96.162.49:0] script '/domains/machinadynamica/adminer-5.0.3.php' not found or unable to stat
[Tue Feb 17 02:27:29.318407 2026] [php:error] [pid 71780] [client 20.214.155.242:0] script '/domains/antiqueweb1/xpwer1.php' not found or unable to stat
[Tue Feb 17 02:27:29.423233 2026] [php:error] [pid 71772] [client 20.111.62.157:0] script '/domains/system_default/default.php' not found or unable to stat
[Tue Feb 17 02:27:29.504888 2026] [php:error] [pid 71780] [client 20.214.155.242:0] script '/domains/antiqueweb1/lala.php' not found or unable to stat
[Tue Feb 17 02:27:29.530910 2026] [php:error] [pid 71772] [client 20.111.62.157:0] script '/domains/system_default/goods.php' not found or unable to stat
[Tue Feb 17 02:27:29.637765 2026] [php:error] [pid 71772] [client 20.111.62.157:0] script '/domains/system_default/abcd.php' not found or unable to stat
[Tue Feb 17 02:27:29.742280 2026] [php:error] [pid 71772] [client 20.111.62.157:0] script '/domains/system_default/yos.php' not found or unable to stat
[Tue Feb 17 02:27:29.799639 2026] [php:error] [pid 71780] [client 20.214.155.242:0] script '/domains/antiqueweb1/about.php' not found or unable to stat
[Tue Feb 17 02:27:29.840919 2026] [php:error] [pid 71772] [client 20.111.62.157:0] script '/domains/system_default/nope.php' not found or unable to stat
[Tue Feb 17 02:27:29.929016 2026] [php:error] [pid 71772] [client 20.111.62.157:0] script '/domains/system_default/class.1.php' not found or unable to stat
[Tue Feb 17 02:27:30.062631 2026] [php:error] [pid 71772] [client 20.111.62.157:0] script '/domains/system_default/file5.php' not found or unable to stat
[Tue Feb 17 02:27:30.151438 2026] [php:error] [pid 71772] [client 20.111.62.157:0] script '/domains/system_default/async.php' not found or unable to stat
[Tue Feb 17 02:27:30.163756 2026] [php:error] [pid 71780] [client 20.214.155.242:0] script '/domains/antiqueweb1/cgi-bin/index.php' not found or unable to stat
[Tue Feb 17 02:27:30.240556 2026] [php:error] [pid 71772] [client 20.111.62.157:0] script '/domains/system_default/ff.php' not found or unable to stat
[Tue Feb 17 02:27:30.328982 2026] [php:error] [pid 71772] [client 20.111.62.157:0] script '/domains/system_default/ioxi-o.php' not found or unable to stat
[Tue Feb 17 02:27:30.367793 2026] [php:error] [pid 71775] [client 194.61.40.3:0] script '/domains/magicjim/simple.php' not found or unable to stat
[Tue Feb 17 02:27:30.419424 2026] [php:error] [pid 71772] [client 20.111.62.157:0] script '/domains/system_default/manager.php' not found or unable to stat
[Tue Feb 17 02:27:30.520333 2026] [php:error] [pid 71772] [client 20.111.62.157:0] script '/domains/system_default/wp-update.php' not found or unable to stat
[Tue Feb 17 02:27:30.609599 2026] [php:error] [pid 71772] [client 20.111.62.157:0] script '/domains/system_default/file.php' not found or unable to stat
[Tue Feb 17 02:27:30.794301 2026] [php:error] [pid 71772] [client 20.111.62.157:0] script '/domains/system_default/lc.php' not found or unable to stat
[Tue Feb 17 02:27:30.883047 2026] [php:error] [pid 71772] [client 20.111.62.157:0] script '/domains/system_default/hexx.php' not found or unable to stat
[Tue Feb 17 02:27:30.950848 2026] [php:error] [pid 71780] [client 20.214.155.242:0] script '/domains/antiqueweb1/info.php' not found or unable to stat
[Tue Feb 17 02:27:30.955405 2026] [php:error] [pid 71775] [client 194.61.40.3:0] script '/domains/magicjim/inputs.php' not found or unable to stat
[Tue Feb 17 02:27:30.971634 2026] [php:error] [pid 71772] [client 20.111.62.157:0] script '/domains/system_default/cbrfo.php' not found or unable to stat
[Tue Feb 17 02:27:31.060091 2026] [php:error] [pid 71772] [client 20.111.62.157:0] script '/domains/system_default/inc.php' not found or unable to stat
[Tue Feb 17 02:27:31.128980 2026] [php:error] [pid 71780] [client 20.214.155.242:0] script '/domains/antiqueweb1/about.php' not found or unable to stat
[Tue Feb 17 02:27:31.148799 2026] [php:error] [pid 71772] [client 20.111.62.157:0] script '/domains/system_default/gifclass.php' not found or unable to stat
[Tue Feb 17 02:27:31.237588 2026] [php:error] [pid 71772] [client 20.111.62.157:0] script '/domains/system_default/miansha.php' not found or unable to stat
[Tue Feb 17 02:27:31.369536 2026] [php:error] [pid 71772] [client 20.111.62.157:0] script '/domains/system_default/tinyfilemanager.php' not found or unable to stat
[Tue Feb 17 02:27:31.458119 2026] [php:error] [pid 71772] [client 20.111.62.157:0] script '/domains/system_default/xfile25.php' not found or unable to stat
[Tue Feb 17 02:27:31.487960 2026] [php:error] [pid 71780] [client 20.214.155.242:0] script '/domains/antiqueweb1/222.php' not found or unable to stat
[Tue Feb 17 02:27:31.548064 2026] [php:error] [pid 71772] [client 20.111.62.157:0] script '/domains/system_default/ok.php' not found or unable to stat
[Tue Feb 17 02:27:31.601852 2026] [php:error] [pid 71775] [client 194.61.40.3:0] script '/domains/magicjim/autoload_classmap.php' not found or unable to stat
[Tue Feb 17 02:27:31.637599 2026] [php:error] [pid 71772] [client 20.111.62.157:0] script '/domains/system_default/fi.php' not found or unable to stat
[Tue Feb 17 02:27:31.682307 2026] [php:error] [pid 71780] [client 20.214.155.242:0] script '/domains/antiqueweb1/adminfuns.php' not found or unable to stat
[Tue Feb 17 02:27:31.915300 2026] [php:error] [pid 71784] [client 20.111.62.157:0] script '/domains/system_default/muzu.php' not found or unable to stat
[Tue Feb 17 02:27:32.001897 2026] [php:error] [pid 71784] [client 20.111.62.157:0] script '/domains/system_default/reze.php' not found or unable to stat
[Tue Feb 17 02:27:32.114389 2026] [php:error] [pid 71784] [client 20.111.62.157:0] script '/domains/system_default/styll.php' not found or unable to stat
[Tue Feb 17 02:27:32.125786 2026] [php:error] [pid 71785] [client 46.161.27.150:0] script '/domains/wsmith.enteract/xmlrpc.php' not found or unable to stat
[Tue Feb 17 02:27:32.163465 2026] [php:error] [pid 71780] [client 20.214.155.242:0] script '/domains/antiqueweb1/xx.php' not found or unable to stat
[Tue Feb 17 02:27:32.202949 2026] [php:error] [pid 71784] [client 20.111.62.157:0] script '/domains/system_default/x7.php' not found or unable to stat
[Tue Feb 17 02:27:32.217733 2026] [php:error] [pid 71775] [client 194.61.40.3:0] script '/domains/magicjim/file2.php' not found or unable to stat
[Tue Feb 17 02:27:32.304790 2026] [php:error] [pid 71784] [client 20.111.62.157:0] script '/domains/system_default/thebe.php' not found or unable to stat
[Tue Feb 17 02:27:32.395326 2026] [php:error] [pid 71784] [client 20.111.62.157:0] script '/domains/system_default/ddd.php' not found or unable to stat
[Tue Feb 17 02:27:32.481203 2026] [php:error] [pid 71784] [client 20.111.62.157:0] script '/domains/system_default/ccs.php' not found or unable to stat
[Tue Feb 17 02:27:32.525020 2026] [php:error] [pid 71780] [client 20.214.155.242:0] script '/domains/antiqueweb1/f5.php' not found or unable to stat
[Tue Feb 17 02:27:32.593244 2026] [php:error] [pid 71784] [client 20.111.62.157:0] script '/domains/system_default/bgymj.php' not found or unable to stat
[Tue Feb 17 02:27:32.679522 2026] [php:error] [pid 71784] [client 20.111.62.157:0] script '/domains/system_default/8xyz.php' not found or unable to stat
[Tue Feb 17 02:27:32.715523 2026] [php:error] [pid 71780] [client 20.214.155.242:0] script '/domains/antiqueweb1/flower.php' not found or unable to stat
[Tue Feb 17 02:27:32.769119 2026] [php:error] [pid 71784] [client 20.111.62.157:0] script '/domains/system_default/la.php' not found or unable to stat
[Tue Feb 17 02:27:32.807841 2026] [php:error] [pid 71775] [client 194.61.40.3:0] script '/domains/magicjim/file.php' not found or unable to stat
[Tue Feb 17 02:27:32.878036 2026] [php:error] [pid 71784] [client 20.111.62.157:0] script '/domains/system_default/ioxi.php' not found or unable to stat
[Tue Feb 17 02:27:32.897607 2026] [php:error] [pid 71780] [client 20.214.155.242:0] script '/domains/antiqueweb1/f6.php' not found or unable to stat
[Tue Feb 17 02:27:32.964755 2026] [php:error] [pid 71784] [client 20.111.62.157:0] script '/domains/system_default/xpwer1.php' not found or unable to stat
[Tue Feb 17 02:27:33.057072 2026] [php:error] [pid 71784] [client 20.111.62.157:0] script '/domains/system_default/lala.php' not found or unable to stat
[Tue Feb 17 02:27:33.076194 2026] [php:error] [pid 71780] [client 20.214.155.242:0] script '/domains/antiqueweb1/edit.php' not found or unable to stat
[Tue Feb 17 02:27:33.106511 2026] [php:error] [pid 71775] [client 194.61.40.3:0] script '/domains/magicjim/chosen.php' not found or unable to stat
[Tue Feb 17 02:27:33.152430 2026] [php:error] [pid 71784] [client 20.111.62.157:0] script '/domains/system_default/about.php' not found or unable to stat
[Tue Feb 17 02:27:33.617650 2026] [php:error] [pid 71780] [client 20.214.155.242:0] script '/domains/antiqueweb1/av.php' not found or unable to stat
[Tue Feb 17 02:27:33.676731 2026] [php:error] [pid 71784] [client 20.111.62.157:0] script '/domains/system_default/info.php' not found or unable to stat
[Tue Feb 17 02:27:33.762804 2026] [php:error] [pid 71784] [client 20.111.62.157:0] script '/domains/system_default/about.php' not found or unable to stat
[Tue Feb 17 02:27:33.854916 2026] [php:error] [pid 71783] [client 34.96.162.58:0] script '/domains/machinadynamica/adminer-5.0.1-mysql-en.php' not found or unable to stat
[Tue Feb 17 02:27:33.941189 2026] [php:error] [pid 71784] [client 20.111.62.157:0] script '/domains/system_default/222.php' not found or unable to stat
[Tue Feb 17 02:27:33.962220 2026] [php:error] [pid 71775] [client 194.61.40.3:0] script '/domains/magicjim/item.php' not found or unable to stat
[Tue Feb 17 02:27:33.983507 2026] [php:error] [pid 71780] [client 20.214.155.242:0] script '/domains/antiqueweb1/wsd.php' not found or unable to stat
[Tue Feb 17 02:27:34.154624 2026] [php:error] [pid 71784] [client 20.111.62.157:0] script '/domains/system_default/adminfuns.php' not found or unable to stat
[Tue Feb 17 02:27:34.179568 2026] [php:error] [pid 71780] [client 20.214.155.242:0] script '/domains/antiqueweb1/jane.php' not found or unable to stat
[Tue Feb 17 02:27:34.345628 2026] [php:error] [pid 71784] [client 20.111.62.157:0] script '/domains/system_default/xx.php' not found or unable to stat
[Tue Feb 17 02:27:34.358442 2026] [php:error] [pid 71780] [client 20.214.155.242:0] script '/domains/antiqueweb1/css.php' not found or unable to stat
[Tue Feb 17 02:27:34.521044 2026] [php:error] [pid 71784] [client 20.111.62.157:0] script '/domains/system_default/f5.php' not found or unable to stat
[Tue Feb 17 02:27:34.539175 2026] [php:error] [pid 71780] [client 20.214.155.242:0] script '/domains/antiqueweb1/alfa.php' not found or unable to stat
[Tue Feb 17 02:27:34.688879 2026] [php:error] [pid 71784] [client 20.111.62.157:0] script '/domains/system_default/flower.php' not found or unable to stat
[Tue Feb 17 02:27:34.774894 2026] [php:error] [pid 71784] [client 20.111.62.157:0] script '/domains/system_default/f6.php' not found or unable to stat
[Tue Feb 17 02:27:34.857759 2026] [php:error] [pid 71780] [client 20.214.155.242:0] script '/domains/antiqueweb1/wen.php' not found or unable to stat
[Tue Feb 17 02:27:34.880536 2026] [php:error] [pid 71784] [client 20.111.62.157:0] script '/domains/system_default/edit.php' not found or unable to stat
[Tue Feb 17 02:27:34.966887 2026] [php:error] [pid 71784] [client 20.111.62.157:0] script '/domains/system_default/aa.php' not found or unable to stat
[Tue Feb 17 02:27:35.006861 2026] [php:error] [pid 71775] [client 194.61.40.3:0] script '/domains/magicjim/zwso.php' not found or unable to stat
[Tue Feb 17 02:27:35.041714 2026] [php:error] [pid 71780] [client 20.214.155.242:0] script '/domains/antiqueweb1/x.php' not found or unable to stat
[Tue Feb 17 02:27:35.221622 2026] [php:error] [pid 71780] [client 20.214.155.242:0] script '/domains/antiqueweb1/xxxx.php' not found or unable to stat
[Tue Feb 17 02:27:35.241964 2026] [php:error] [pid 71784] [client 20.111.62.157:0] script '/domains/system_default/av.php' not found or unable to stat
[Tue Feb 17 02:27:35.402405 2026] [php:error] [pid 71780] [client 20.214.155.242:0] script '/domains/antiqueweb1/class.php' not found or unable to stat
[Tue Feb 17 02:27:35.533679 2026] [php:error] [pid 71784] [client 20.111.62.157:0] script '/domains/system_default/wsd.php' not found or unable to stat
[Tue Feb 17 02:27:35.591820 2026] [php:error] [pid 71780] [client 20.214.155.242:0] script '/domains/antiqueweb1/f35.php' not found or unable to stat
[Tue Feb 17 02:27:35.620114 2026] [php:error] [pid 71784] [client 20.111.62.157:0] script '/domains/system_default/jane.php' not found or unable to stat
[Tue Feb 17 02:27:35.655455 2026] [php:error] [pid 71775] [client 194.61.40.3:0] script '/domains/magicjim/wp-conflg.php' not found or unable to stat
[Tue Feb 17 02:27:35.706844 2026] [php:error] [pid 71784] [client 20.111.62.157:0] script '/domains/system_default/css.php' not found or unable to stat
[Tue Feb 17 02:27:35.793184 2026] [php:error] [pid 71784] [client 20.111.62.157:0] script '/domains/system_default/alfa.php' not found or unable to stat
[Tue Feb 17 02:27:35.916110 2026] [php:error] [pid 71784] [client 20.111.62.157:0] script '/domains/system_default/wen.php' not found or unable to stat
[Tue Feb 17 02:27:36.001972 2026] [php:error] [pid 71784] [client 20.111.62.157:0] script '/domains/system_default/x.php' not found or unable to stat
[Tue Feb 17 02:27:36.088138 2026] [php:error] [pid 71784] [client 20.111.62.157:0] script '/domains/system_default/xxxx.php' not found or unable to stat
[Tue Feb 17 02:27:36.204850 2026] [php:error] [pid 71784] [client 20.111.62.157:0] script '/domains/system_default/class.php' not found or unable to stat
[Tue Feb 17 02:27:36.314391 2026] [php:error] [pid 71780] [client 20.214.155.242:0] script '/domains/antiqueweb1/class-t.api.php' not found or unable to stat
[Tue Feb 17 02:27:36.334548 2026] [php:error] [pid 71784] [client 20.111.62.157:0] script '/domains/system_default/f35.php' not found or unable to stat
[Tue Feb 17 02:27:36.492851 2026] [php:error] [pid 71780] [client 20.214.155.242:0] script '/domains/antiqueweb1/blurbs18.php' not found or unable to stat
[Tue Feb 17 02:27:36.687838 2026] [php:error] [pid 71784] [client 20.111.62.157:0] script '/domains/system_default/class-t.api.php' not found or unable to stat
[Tue Feb 17 02:27:36.783760 2026] [php:error] [pid 71784] [client 20.111.62.157:0] script '/domains/system_default/blurbs18.php' not found or unable to stat
[Tue Feb 17 02:27:36.907930 2026] [php:error] [pid 71786] [client 35.247.243.244:0] script '/domains/machinadynamica/adminer-4.8.1.php' not found or unable to stat
[Tue Feb 17 02:27:37.512001 2026] [php:error] [pid 71784] [client 20.111.62.157:0] script '/domains/system_default/bless11.php' not found or unable to stat
[Tue Feb 17 02:27:37.599840 2026] [php:error] [pid 71784] [client 20.111.62.157:0] script '/domains/system_default/init.php' not found or unable to stat
[Tue Feb 17 02:27:37.813560 2026] [php:error] [pid 71784] [client 20.111.62.157:0] script '/domains/system_default/k.php' not found or unable to stat
[Tue Feb 17 02:27:37.887766 2026] [php:error] [pid 71780] [client 20.214.155.242:0] script '/domains/antiqueweb1/bless11.php' not found or unable to stat
[Tue Feb 17 02:27:37.913100 2026] [php:error] [pid 71784] [client 20.111.62.157:0] script '/domains/system_default/bless.php' not found or unable to stat
[Tue Feb 17 02:27:38.088222 2026] [php:error] [pid 71780] [client 20.214.155.242:0] script '/domains/antiqueweb1/init.php' not found or unable to stat
[Tue Feb 17 02:27:38.089061 2026] [php:error] [pid 71784] [client 20.111.62.157:0] script '/domains/system_default/X7x.php' not found or unable to stat
[Tue Feb 17 02:27:38.178101 2026] [php:error] [pid 71784] [client 20.111.62.157:0] script '/domains/system_default/166.php' not found or unable to stat
[Tue Feb 17 02:27:38.264183 2026] [php:error] [pid 71784] [client 20.111.62.157:0] script '/domains/system_default/plss3.php' not found or unable to stat
[Tue Feb 17 02:27:38.446543 2026] [php:error] [pid 71780] [client 20.214.155.242:0] script '/domains/antiqueweb1/k.php' not found or unable to stat
[Tue Feb 17 02:27:38.460672 2026] [php:error] [pid 71784] [client 20.111.62.157:0] script '/domains/system_default/admins.php' not found or unable to stat
[Tue Feb 17 02:27:38.546923 2026] [php:error] [pid 71784] [client 20.111.62.157:0] script '/domains/system_default/wp.php' not found or unable to stat
[Tue Feb 17 02:27:38.626913 2026] [php:error] [pid 71780] [client 20.214.155.242:0] script '/domains/antiqueweb1/bless.php' not found or unable to stat
[Tue Feb 17 02:27:38.655843 2026] [php:error] [pid 71784] [client 20.111.62.157:0] script '/domains/system_default/main.php' not found or unable to stat
[Tue Feb 17 02:27:38.742036 2026] [php:error] [pid 71784] [client 20.111.62.157:0] script '/domains/system_default/a1.php' not found or unable to stat
[Tue Feb 17 02:27:38.838160 2026] [php:error] [pid 71784] [client 20.111.62.157:0] script '/domains/system_default/lala.php' not found or unable to stat
[Tue Feb 17 02:27:38.964393 2026] [php:error] [pid 71784] [client 20.111.62.157:0] script '/domains/system_default/aaa.php' not found or unable to stat
[Tue Feb 17 02:27:38.994661 2026] [php:error] [pid 71780] [client 20.214.155.242:0] script '/domains/antiqueweb1/X7x.php' not found or unable to stat
[Tue Feb 17 02:27:39.050381 2026] [php:error] [pid 71784] [client 20.111.62.157:0] script '/domains/system_default/a2.php' not found or unable to stat
[Tue Feb 17 02:27:39.177207 2026] [php:error] [pid 71780] [client 20.214.155.242:0] script '/domains/antiqueweb1/166.php' not found or unable to stat
[Tue Feb 17 02:27:39.316111 2026] [php:error] [pid 71784] [client 20.111.62.157:0] script '/domains/system_default/nyan.php' not found or unable to stat
[Tue Feb 17 02:27:39.404281 2026] [php:error] [pid 71784] [client 20.111.62.157:0] script '/domains/system_default/jsond.php' not found or unable to stat
[Tue Feb 17 02:27:39.530101 2026] [php:error] [pid 71780] [client 20.214.155.242:0] script '/domains/antiqueweb1/plss3.php' not found or unable to stat
[Tue Feb 17 02:27:39.892800 2026] [php:error] [pid 71780] [client 20.214.155.242:0] script '/domains/antiqueweb1/admins.php' not found or unable to stat
[Tue Feb 17 02:27:40.221814 2026] [php:error] [pid 71780] [client 20.214.155.242:0] script '/domains/antiqueweb1/wp.php' not found or unable to stat
[Tue Feb 17 02:27:40.411945 2026] [php:error] [pid 71780] [client 20.214.155.242:0] script '/domains/antiqueweb1/main.php' not found or unable to stat
[Tue Feb 17 02:27:40.590930 2026] [php:error] [pid 71780] [client 20.214.155.242:0] script '/domains/antiqueweb1/a1.php' not found or unable to stat
[Tue Feb 17 02:27:40.769139 2026] [php:error] [pid 71780] [client 20.214.155.242:0] script '/domains/antiqueweb1/lala.php' not found or unable to stat
[Tue Feb 17 02:27:40.950729 2026] [php:error] [pid 71780] [client 20.214.155.242:0] script '/domains/antiqueweb1/aaa.php' not found or unable to stat
[Tue Feb 17 02:27:41.129121 2026] [php:error] [pid 71780] [client 20.214.155.242:0] script '/domains/antiqueweb1/a2.php' not found or unable to stat
[Tue Feb 17 02:27:41.139945 2026] [php:error] [pid 71775] [client 194.61.40.3:0] script '/domains/magicjim/cong.php' not found or unable to stat
[Tue Feb 17 02:27:41.652946 2026] [php:error] [pid 71780] [client 20.214.155.242:0] script '/domains/antiqueweb1/jsond.php' not found or unable to stat
[Tue Feb 17 02:27:42.086350 2026] [php:error] [pid 71785] [client 35.247.243.245:0] script '/domains/machinadynamica/adminer-5.0.0.php' not found or unable to stat
[Tue Feb 17 02:27:42.158230 2026] [php:error] [pid 71775] [client 194.61.40.3:0] script '/domains/magicjim/dropdown.php' not found or unable to stat
[Tue Feb 17 02:27:44.319687 2026] [php:error] [pid 71775] [client 194.61.40.3:0] script '/domains/magicjim/repeater.php' not found or unable to stat
[Tue Feb 17 02:27:44.575250 2026] [php:error] [pid 71775] [client 194.61.40.3:0] script '/domains/magicjim/wp-2019.php' not found or unable to stat
[Tue Feb 17 02:27:44.825246 2026] [php:error] [pid 71775] [client 194.61.40.3:0] script '/domains/magicjim/atomlib.php' not found or unable to stat
[Tue Feb 17 02:27:44.896127 2026] [php:error] [pid 71788] [client 35.247.243.241:0] script '/domains/machinadynamica/adminer-5.1.1-mysql.php' not found or unable to stat
[Tue Feb 17 02:27:45.180218 2026] [php:error] [pid 71775] [client 194.61.40.3:0] script '/domains/magicjim/css.php' not found or unable to stat
[Tue Feb 17 02:27:45.583045 2026] [php:error] [pid 71775] [client 194.61.40.3:0] script '/domains/magicjim/log.php' not found or unable to stat
[Tue Feb 17 02:27:46.053232 2026] [php:error] [pid 71775] [client 194.61.40.3:0] script '/domains/magicjim/mail.php' not found or unable to stat
[Tue Feb 17 02:27:46.880207 2026] [php:error] [pid 71775] [client 194.61.40.3:0] script '/domains/magicjim/lufix.php' not found or unable to stat
[Tue Feb 17 02:27:47.870910 2026] [php:error] [pid 71775] [client 194.61.40.3:0] script '/domains/magicjim/doc.php' not found or unable to stat
[Tue Feb 17 02:27:48.225108 2026] [php:error] [pid 71775] [client 194.61.40.3:0] script '/domains/magicjim/bak.php' not found or unable to stat
[Tue Feb 17 02:27:48.680663 2026] [php:error] [pid 71775] [client 194.61.40.3:0] script '/domains/magicjim/content.php' not found or unable to stat
[Tue Feb 17 02:27:48.995390 2026] [php:error] [pid 71775] [client 194.61.40.3:0] script '/domains/magicjim/upfile.php' not found or unable to stat
[Tue Feb 17 02:27:49.377077 2026] [php:error] [pid 71775] [client 194.61.40.3:0] script '/domains/magicjim/wp.php' not found or unable to stat
[Tue Feb 17 02:27:49.667153 2026] [php:error] [pid 71775] [client 194.61.40.3:0] script '/domains/magicjim/bypass.php' not found or unable to stat
[Tue Feb 17 02:27:50.000269 2026] [php:error] [pid 71775] [client 194.61.40.3:0] script '/domains/magicjim/wp-activate.php' not found or unable to stat
[Tue Feb 17 02:27:50.277708 2026] [php:error] [pid 71775] [client 194.61.40.3:0] script '/domains/magicjim/updates.php' not found or unable to stat
[Tue Feb 17 02:27:50.619033 2026] [php:error] [pid 71775] [client 194.61.40.3:0] script '/domains/magicjim/radio.php' not found or unable to stat
[Tue Feb 17 02:27:51.345517 2026] [php:error] [pid 71775] [client 194.61.40.3:0] script '/domains/magicjim/plugins.php' not found or unable to stat
[Tue Feb 17 02:27:51.670084 2026] [php:error] [pid 71775] [client 194.61.40.3:0] script '/domains/magicjim/xmrlpc.php' not found or unable to stat
[Tue Feb 17 02:27:51.938662 2026] [php:error] [pid 71775] [client 194.61.40.3:0] script '/domains/magicjim/ae.php' not found or unable to stat
[Tue Feb 17 02:27:52.200781 2026] [php:error] [pid 71781] [client 35.247.243.252:0] script '/domains/machinadynamica/adminer-5.0.2-en.php' not found or unable to stat
[Tue Feb 17 02:27:52.202537 2026] [php:error] [pid 71775] [client 194.61.40.3:0] script '/domains/magicjim/moon.php' not found or unable to stat
[Tue Feb 17 02:27:52.479443 2026] [php:error] [pid 71775] [client 194.61.40.3:0] script '/domains/magicjim/blog.php' not found or unable to stat
[Tue Feb 17 02:27:52.741311 2026] [php:error] [pid 71775] [client 194.61.40.3:0] script '/domains/magicjim/themes.php' not found or unable to stat
[Tue Feb 17 02:27:53.030697 2026] [php:error] [pid 71775] [client 194.61.40.3:0] script '/domains/magicjim/ini.php' not found or unable to stat
[Tue Feb 17 02:27:53.276559 2026] [php:error] [pid 71775] [client 194.61.40.3:0] script '/domains/magicjim/as.php' not found or unable to stat
[Tue Feb 17 02:27:54.320009 2026] [php:error] [pid 71775] [client 194.61.40.3:0] script '/domains/magicjim/shell.php' not found or unable to stat
[Tue Feb 17 02:27:54.622581 2026] [php:error] [pid 71775] [client 194.61.40.3:0] script '/domains/magicjim/ws.php' not found or unable to stat
[Tue Feb 17 02:27:55.010048 2026] [php:error] [pid 71775] [client 194.61.40.3:0] script '/domains/magicjim/makeasmtp.php' not found or unable to stat
[Tue Feb 17 02:27:55.503617 2026] [php:error] [pid 71775] [client 194.61.40.3:0] script '/domains/magicjim/wp-sigunq.php' not found or unable to stat
[Tue Feb 17 02:27:55.872194 2026] [php:error] [pid 71775] [client 194.61.40.3:0] script '/domains/magicjim/wso112233.php' not found or unable to stat
[Tue Feb 17 02:27:56.146352 2026] [php:error] [pid 71748] [client 34.96.162.48:0] script '/domains/machinadynamica/adminer-5.2.0-en.php' not found or unable to stat
[Tue Feb 17 02:27:56.335163 2026] [php:error] [pid 71775] [client 194.61.40.3:0] script '/domains/magicjim/wp-atom.php' not found or unable to stat
[Tue Feb 17 02:27:56.702210 2026] [php:error] [pid 71775] [client 194.61.40.3:0] script '/domains/magicjim/alfanew.php' not found or unable to stat
[Tue Feb 17 02:27:56.927693 2026] [php:error] [pid 71775] [client 194.61.40.3:0] script '/domains/magicjim/fw.php' not found or unable to stat
[Tue Feb 17 02:27:57.061008 2026] [php:error] [pid 71787] [client 34.96.162.61:0] script '/domains/machinadynamica/adminer-4.8.1.php' not found or unable to stat
