[Tue Feb 17 02:27:57.105291 2026] [php:error] [pid 71755] [client 34.96.162.59:0] script '/domains/machinadynamica/adminer-5.1.0-mysql-en.php' not found or unable to stat
[Tue Feb 17 02:27:57.314007 2026] [php:error] [pid 71775] [client 194.61.40.3:0] script '/domains/magicjim/install.php' not found or unable to stat
[Tue Feb 17 02:27:57.608229 2026] [php:error] [pid 71775] [client 194.61.40.3:0] script '/domains/magicjim/wp-login.php' not found or unable to stat
[Tue Feb 17 02:27:58.608412 2026] [php:error] [pid 71775] [client 194.61.40.3:0] script '/domains/magicjim/XxX.php' not found or unable to stat
[Tue Feb 17 02:27:58.863131 2026] [php:error] [pid 71775] [client 194.61.40.3:0] script '/domains/magicjim/Marvins.php' not found or unable to stat
[Tue Feb 17 02:27:59.491466 2026] [php:error] [pid 71775] [client 194.61.40.3:0] script '/domains/magicjim/olux.php' not found or unable to stat
[Tue Feb 17 02:27:59.751402 2026] [php:error] [pid 71775] [client 194.61.40.3:0] script '/domains/magicjim/wso.php' not found or unable to stat
[Tue Feb 17 02:28:01.086438 2026] [php:error] [pid 71775] [client 194.61.40.3:0] script '/domains/magicjim/uploader.php' not found or unable to stat
[Tue Feb 17 02:28:01.714917 2026] [php:error] [pid 71775] [client 194.61.40.3:0] script '/domains/magicjim/1337.php' not found or unable to stat
[Tue Feb 17 02:28:02.473433 2026] [php:error] [pid 71775] [client 194.61.40.3:0] script '/domains/magicjim/user.php' not found or unable to stat
[Tue Feb 17 02:28:02.870523 2026] [php:error] [pid 71775] [client 194.61.40.3:0] script '/domains/magicjim/wp-info.php' not found or unable to stat
[Tue Feb 17 02:28:03.163401 2026] [php:error] [pid 71775] [client 194.61.40.3:0] script '/domains/magicjim/wxo.php' not found or unable to stat
[Tue Feb 17 02:28:03.581887 2026] [php:error] [pid 71775] [client 194.61.40.3:0] script '/domains/magicjim/amigo.php' not found or unable to stat
[Tue Feb 17 02:28:03.896603 2026] [php:error] [pid 71775] [client 194.61.40.3:0] script '/domains/magicjim/yoi.php' not found or unable to stat
[Tue Feb 17 02:28:05.061228 2026] [php:error] [pid 71775] [client 194.61.40.3:0] script '/domains/magicjim/wp-contentt.php' not found or unable to stat
[Tue Feb 17 02:28:05.255509 2026] [php:error] [pid 71748] [client 35.247.243.245:0] script '/domains/machinadynamica/adminer-5.0.2-mysql-en.php' not found or unable to stat
[Tue Feb 17 02:28:05.576035 2026] [php:error] [pid 71775] [client 194.61.40.3:0] script '/domains/magicjim/we1y8.php' not found or unable to stat
[Tue Feb 17 02:28:07.599778 2026] [php:error] [pid 71775] [client 194.61.40.3:0] script '/domains/magicjim/hehe.php' not found or unable to stat
[Tue Feb 17 02:28:07.904080 2026] [php:error] [pid 71775] [client 194.61.40.3:0] script '/domains/magicjim/post-data.php' not found or unable to stat
[Tue Feb 17 02:28:08.367677 2026] [php:error] [pid 71775] [client 194.61.40.3:0] script '/domains/magicjim/w0.php' not found or unable to stat
[Tue Feb 17 02:28:08.629412 2026] [php:error] [pid 71775] [client 194.61.40.3:0] script '/domains/magicjim/old-index.php' not found or unable to stat
[Tue Feb 17 02:28:09.020175 2026] [php:error] [pid 71775] [client 194.61.40.3:0] script '/domains/magicjim/wsanon.php' not found or unable to stat
[Tue Feb 17 02:28:09.908471 2026] [php:error] [pid 71775] [client 194.61.40.3:0] script '/domains/magicjim/indo.php' not found or unable to stat
[Tue Feb 17 02:28:10.235328 2026] [php:error] [pid 71775] [client 194.61.40.3:0] script '/domains/magicjim/beence.php' not found or unable to stat
[Tue Feb 17 02:28:10.543936 2026] [php:error] [pid 71775] [client 194.61.40.3:0] script '/domains/magicjim/indosec.php' not found or unable to stat
[Tue Feb 17 02:28:11.227615 2026] [php:error] [pid 71775] [client 194.61.40.3:0] script '/domains/magicjim/archives.php' not found or unable to stat
[Tue Feb 17 02:28:11.520712 2026] [php:error] [pid 71775] [client 194.61.40.3:0] script '/domains/magicjim/po8sa.php' not found or unable to stat
[Tue Feb 17 02:28:11.820683 2026] [php:error] [pid 71775] [client 194.61.40.3:0] script '/domains/magicjim/thesmartestx.php' not found or unable to stat
[Tue Feb 17 02:28:12.169858 2026] [php:error] [pid 71775] [client 194.61.40.3:0] script '/domains/magicjim/zcanp.php' not found or unable to stat
[Tue Feb 17 02:28:13.562930 2026] [php:error] [pid 71780] [client 194.61.40.43:0] script '/domains/magicjim/pvt.php' not found or unable to stat
[Tue Feb 17 02:28:14.049603 2026] [php:error] [pid 71780] [client 194.61.40.43:0] script '/domains/magicjim/shell20211028.php' not found or unable to stat
[Tue Feb 17 02:28:14.656003 2026] [php:error] [pid 71780] [client 194.61.40.43:0] script '/domains/magicjim/crypted.php' not found or unable to stat
[Tue Feb 17 02:28:14.887878 2026] [php:error] [pid 71780] [client 194.61.40.43:0] script '/domains/magicjim/h0110w4y.php' not found or unable to stat
[Tue Feb 17 02:28:15.267257 2026] [php:error] [pid 71748] [client 35.247.243.250:0] script '/domains/machinadynamica/adminer-5.0.3-mysql.php' not found or unable to stat
[Tue Feb 17 02:28:15.562790 2026] [php:error] [pid 71781] [client 35.247.243.244:0] script '/domains/machinadynamica/adminer-4.8.1-en.php' not found or unable to stat
[Tue Feb 17 02:28:15.568002 2026] [php:error] [pid 71780] [client 194.61.40.43:0] script '/domains/magicjim/vesiw.php' not found or unable to stat
[Tue Feb 17 02:28:15.640994 2026] [php:error] [pid 71748] [client 34.96.162.60:0] script '/domains/machinadynamica/adminer-5.0.3-mysql-en.php' not found or unable to stat
[Tue Feb 17 02:28:15.802824 2026] [php:error] [pid 71780] [client 194.61.40.43:0] script '/domains/magicjim/w.php' not found or unable to stat
[Tue Feb 17 02:28:16.044563 2026] [php:error] [pid 71780] [client 194.61.40.43:0] script '/domains/magicjim/wp-db.php' not found or unable to stat
[Tue Feb 17 02:28:16.886765 2026] [php:error] [pid 71781] [client 34.96.162.62:0] script '/domains/machinadynamica/__adm.php' not found or unable to stat
[Tue Feb 17 02:28:17.664457 2026] [php:error] [pid 71780] [client 194.61.40.43:0] script '/domains/magicjim/lx.php' not found or unable to stat
[Tue Feb 17 02:28:17.886509 2026] [php:error] [pid 71781] [client 35.247.243.251:0] script '/domains/machinadynamica/adminer-5.0.0-mysql.php' not found or unable to stat
[Tue Feb 17 02:28:17.907153 2026] [php:error] [pid 71780] [client 194.61.40.43:0] script '/domains/magicjim/tonant.php' not found or unable to stat
[Tue Feb 17 02:28:18.157684 2026] [php:error] [pid 71780] [client 194.61.40.43:0] script '/domains/magicjim/f0x.php' not found or unable to stat
[Tue Feb 17 02:28:18.432874 2026] [php:error] [pid 71780] [client 194.61.40.43:0] script '/domains/magicjim/config.bak.php' not found or unable to stat
[Tue Feb 17 02:28:19.026182 2026] [php:error] [pid 71780] [client 194.61.40.43:0] script '/domains/magicjim/bypass403.php' not found or unable to stat
[Tue Feb 17 02:28:20.108677 2026] [php:error] [pid 71780] [client 194.61.40.43:0] script '/domains/magicjim/adminer.php' not found or unable to stat
[Tue Feb 17 02:28:20.658401 2026] [php:error] [pid 71780] [client 194.61.40.43:0] script '/domains/magicjim/allahnaber.php' not found or unable to stat
[Tue Feb 17 02:28:21.000922 2026] [php:error] [pid 71780] [client 194.61.40.43:0] script '/domains/magicjim/AK-74.php' not found or unable to stat
[Tue Feb 17 02:28:21.234548 2026] [php:error] [pid 71780] [client 194.61.40.43:0] script '/domains/magicjim/alfa3.php' not found or unable to stat
[Tue Feb 17 02:28:21.460619 2026] [php:error] [pid 71780] [client 194.61.40.43:0] script '/domains/magicjim/alfaindex.php' not found or unable to stat
[Tue Feb 17 02:28:21.746735 2026] [php:error] [pid 71780] [client 194.61.40.43:0] script '/domains/magicjim/alfa.php' not found or unable to stat
[Tue Feb 17 02:28:22.192199 2026] [php:error] [pid 71780] [client 194.61.40.43:0] script '/domains/magicjim/c99.php' not found or unable to stat
[Tue Feb 17 02:28:22.446240 2026] [php:error] [pid 71780] [client 194.61.40.43:0] script '/domains/magicjim/cmd.php' not found or unable to stat
[Tue Feb 17 02:28:22.809316 2026] [php:error] [pid 71780] [client 194.61.40.43:0] script '/domains/magicjim/cw.php' not found or unable to stat
[Tue Feb 17 02:28:23.102900 2026] [php:error] [pid 71780] [client 194.61.40.43:0] script '/domains/magicjim/date.php' not found or unable to stat
[Tue Feb 17 02:28:23.357421 2026] [php:error] [pid 71780] [client 194.61.40.43:0] script '/domains/magicjim/haxor.php' not found or unable to stat
[Tue Feb 17 02:28:23.620517 2026] [php:error] [pid 71780] [client 194.61.40.43:0] script '/domains/magicjim/icomsium.php' not found or unable to stat
[Tue Feb 17 02:28:23.913774 2026] [php:error] [pid 71780] [client 194.61.40.43:0] script '/domains/magicjim/ico.php' not found or unable to stat
[Tue Feb 17 02:28:24.163289 2026] [php:error] [pid 71780] [client 194.61.40.43:0] script '/domains/magicjim/leaf.php' not found or unable to stat
[Tue Feb 17 02:28:24.464304 2026] [php:error] [pid 71780] [client 194.61.40.43:0] script '/domains/magicjim/marijuana.php' not found or unable to stat
[Tue Feb 17 02:28:25.086031 2026] [php:error] [pid 71780] [client 194.61.40.43:0] script '/domains/magicjim/mass.php' not found or unable to stat
[Tue Feb 17 02:28:25.531630 2026] [php:error] [pid 71780] [client 194.61.40.43:0] script '/domains/magicjim/mini.php' not found or unable to stat
[Tue Feb 17 02:28:25.771609 2026] [php:error] [pid 71780] [client 194.61.40.43:0] script '/domains/magicjim/priv8.php' not found or unable to stat
[Tue Feb 17 02:28:26.110580 2026] [php:error] [pid 71780] [client 194.61.40.43:0] script '/domains/magicjim/pws.php' not found or unable to stat
[Tue Feb 17 02:28:26.371285 2026] [php:error] [pid 71787] [client 35.247.243.245:0] script '/domains/machinadynamica/SQL.php' not found or unable to stat
[Tue Feb 17 02:28:27.096909 2026] [php:error] [pid 71780] [client 194.61.40.43:0] script '/domains/magicjim/r57.php' not found or unable to stat
[Tue Feb 17 02:28:27.325634 2026] [php:error] [pid 71780] [client 194.61.40.43:0] script '/domains/magicjim/robots.php' not found or unable to stat
[Tue Feb 17 02:28:27.812392 2026] [php:error] [pid 71780] [client 194.61.40.43:0] script '/domains/magicjim/snd.php' not found or unable to stat
[Tue Feb 17 02:28:28.368897 2026] [php:error] [pid 71780] [client 194.61.40.43:0] script '/domains/magicjim/wp-class.php' not found or unable to stat
[Tue Feb 17 02:28:28.705618 2026] [php:error] [pid 71780] [client 194.61.40.43:0] script '/domains/magicjim/new-index.php' not found or unable to stat
[Tue Feb 17 02:28:28.953546 2026] [php:error] [pid 71755] [client 20.78.169.245:0] script '/domains/druckrey/wp-trackback.php' not found or unable to stat
[Tue Feb 17 02:28:29.137799 2026] [php:error] [pid 71755] [client 20.78.169.245:0] script '/domains/druckrey/about.php' not found or unable to stat
[Tue Feb 17 02:28:29.364628 2026] [php:error] [pid 71755] [client 20.78.169.245:0] script '/domains/druckrey/file.php' not found or unable to stat
[Tue Feb 17 02:28:31.933106 2026] [php:error] [pid 71755] [client 20.78.169.245:0] script '/domains/druckrey/wp-good.php' not found or unable to stat
[Tue Feb 17 02:28:34.385663 2026] [php:error] [pid 71755] [client 20.78.169.245:0] script '/domains/druckrey/xmlrpc.php' not found or unable to stat
[Tue Feb 17 02:28:34.530670 2026] [php:error] [pid 71748] [client 34.96.162.56:0] script '/domains/machinadynamica/adminer-5.0.1.php' not found or unable to stat
[Tue Feb 17 02:28:35.851589 2026] [php:error] [pid 71755] [client 20.78.169.245:0] script '/domains/druckrey/goods.php' not found or unable to stat
[Tue Feb 17 02:28:37.080819 2026] [php:error] [pid 71781] [client 34.96.162.49:0] script '/domains/machinadynamica/adminer-5.0.3.php' not found or unable to stat
[Tue Feb 17 02:28:39.224926 2026] [php:error] [pid 71780] [client 194.61.40.43:0] script '/domains/magicjim/class-wp-widget-archives.php' not found or unable to stat
[Tue Feb 17 02:28:39.506324 2026] [php:error] [pid 71755] [client 20.78.169.245:0] script '/domains/druckrey/ioxi-o.php' not found or unable to stat
[Tue Feb 17 02:28:41.564070 2026] [php:error] [pid 71755] [client 20.78.169.245:0] script '/domains/druckrey/class-t.api.php' not found or unable to stat
[Tue Feb 17 02:28:43.716875 2026] [php:error] [pid 71780] [client 194.61.40.43:0] script '/domains/magicjim/xleet-shell.php' not found or unable to stat
[Tue Feb 17 02:28:43.719974 2026] [php:error] [pid 71755] [client 20.78.169.245:0] script '/domains/druckrey/admin.php' not found or unable to stat
[Tue Feb 17 02:28:43.896662 2026] [php:error] [pid 71755] [client 20.78.169.245:0] script '/domains/druckrey/sf.php' not found or unable to stat
[Tue Feb 17 02:28:44.084383 2026] [php:error] [pid 71755] [client 20.78.169.245:0] script '/domains/druckrey/rip.php' not found or unable to stat
[Tue Feb 17 02:28:44.134542 2026] [php:error] [pid 71780] [client 194.61.40.43:0] script '/domains/magicjim/xleet.php' not found or unable to stat
[Tue Feb 17 02:28:44.227149 2026] [php:error] [pid 71775] [client 35.247.243.243:0] script '/domains/machinadynamica/adminer-4.7.7.php' not found or unable to stat
[Tue Feb 17 02:28:44.311540 2026] [php:error] [pid 71755] [client 20.78.169.245:0] script '/domains/druckrey/autoload_classmap.php' not found or unable to stat
[Tue Feb 17 02:28:44.667584 2026] [php:error] [pid 71780] [client 194.61.40.43:0] script '/domains/magicjim/xleetshell.php' not found or unable to stat
[Tue Feb 17 02:28:45.801206 2026] [php:error] [pid 71755] [client 20.78.169.245:0] script '/domains/druckrey/chosen.php' not found or unable to stat
[Tue Feb 17 02:28:45.967586 2026] [php:error] [pid 71755] [client 20.78.169.245:0] script '/domains/druckrey/classwithtostring.php' not found or unable to stat
[Tue Feb 17 02:28:46.217531 2026] [php:error] [pid 71755] [client 20.78.169.245:0] script '/domains/druckrey/defaults.php' not found or unable to stat
[Tue Feb 17 02:28:47.313779 2026] [php:error] [pid 71780] [client 194.61.40.43:0] script '/domains/magicjim/xlt.php' not found or unable to stat
[Tue Feb 17 02:28:48.173260 2026] [php:error] [pid 71791] [client 34.96.162.59:0] script '/domains/machinadynamica/adminer-5.4.0-en.php' not found or unable to stat
[Tue Feb 17 02:28:49.690097 2026] [php:error] [pid 71780] [client 194.61.40.43:0] script '/domains/magicjim/wp-apxupx.php' not found or unable to stat
[Tue Feb 17 02:28:50.711290 2026] [php:error] [pid 71787] [client 35.247.243.249:0] script '/domains/machinadynamica/adminer-5.2.1-mysql-en.php' not found or unable to stat
[Tue Feb 17 02:28:50.726243 2026] [php:error] [pid 71780] [client 194.61.40.43:0] script '/domains/magicjim/nf_tracking.php' not found or unable to stat
[Tue Feb 17 02:28:50.818011 2026] [php:error] [pid 71787] [client 35.247.243.251:0] script '/domains/machinadynamica/adminer-4.4.0.php' not found or unable to stat
[Tue Feb 17 02:28:51.310439 2026] [php:error] [pid 71780] [client 194.61.40.43:0] script '/domains/magicjim/class.api.php' not found or unable to stat
[Tue Feb 17 02:28:51.696911 2026] [php:error] [pid 71780] [client 194.61.40.43:0] script '/domains/magicjim/xl2023.php' not found or unable to stat
[Tue Feb 17 02:28:52.014907 2026] [php:error] [pid 71755] [client 20.78.169.245:0] script '/domains/druckrey/info.php' not found or unable to stat
[Tue Feb 17 02:28:52.777249 2026] [php:error] [pid 71780] [client 194.61.40.43:0] script '/domains/magicjim/wp-head.php' not found or unable to stat
[Tue Feb 17 02:28:52.808892 2026] [php:error] [pid 71794] [client 35.247.243.241:0] script '/domains/machinadynamica/phpminiadmin.php' not found or unable to stat
[Tue Feb 17 02:28:53.144859 2026] [php:error] [pid 71780] [client 194.61.40.43:0] script '/domains/magicjim/wp-pano.php' not found or unable to stat
[Tue Feb 17 02:28:53.692365 2026] [php:error] [pid 71794] [client 35.247.243.243:0] script '/domains/machinadynamica/adminer-5.2.1.php' not found or unable to stat
[Tue Feb 17 02:28:54.428295 2026] [php:error] [pid 71780] [client 194.61.40.43:0] script '/domains/magicjim/xmlrpc.php' not found or unable to stat
[Tue Feb 17 02:28:54.856147 2026] [php:error] [pid 71780] [client 194.61.40.43:0] script '/domains/magicjim/wp-admin.php' not found or unable to stat
[Tue Feb 17 02:28:56.238271 2026] [php:error] [pid 71780] [client 194.61.40.43:0] script '/domains/magicjim/WSOEnigma.php' not found or unable to stat
[Tue Feb 17 02:28:56.256390 2026] [php:error] [pid 71755] [client 20.78.169.245:0] script '/domains/druckrey/adminfuns.php' not found or unable to stat
[Tue Feb 17 02:28:58.029537 2026] [php:error] [pid 71797] [client 34.96.162.59:0] script '/domains/machinadynamica/adminer-5.2.0-en.php' not found or unable to stat
[Tue Feb 17 02:28:58.672175 2026] [php:error] [pid 71799] [client 35.247.243.243:0] script '/domains/machinadynamica/adminer-5.0.6-mysql-en.php' not found or unable to stat
[Tue Feb 17 02:28:58.739780 2026] [php:error] [pid 71780] [client 194.61.40.43:0] script '/domains/magicjim/mah.php' not found or unable to stat
[Tue Feb 17 02:28:59.912580 2026] [php:error] [pid 71796] [client 194.61.40.29:0] script '/domains/magicjim/test.php' not found or unable to stat
[Tue Feb 17 02:29:00.454037 2026] [php:error] [pid 71787] [client 35.247.243.250:0] script '/domains/machinadynamica/adminer-5.3.0-mysql.php' not found or unable to stat
[Tue Feb 17 02:29:00.534294 2026] [php:error] [pid 71796] [client 194.61.40.29:0] script '/domains/magicjim/gebase.php' not found or unable to stat
[Tue Feb 17 02:29:00.605309 2026] [php:error] [pid 71791] [client 34.96.162.54:0] script '/domains/machinadynamica/adminer-5.1.0-en.php' not found or unable to stat
[Tue Feb 17 02:29:00.940001 2026] [php:error] [pid 71796] [client 194.61.40.29:0] script '/domains/magicjim/defaults.php' not found or unable to stat
[Tue Feb 17 02:29:01.221767 2026] [php:error] [pid 71796] [client 194.61.40.29:0] script '/domains/magicjim/asasx.php' not found or unable to stat
[Tue Feb 17 02:29:02.948067 2026] [php:error] [pid 71796] [client 194.61.40.29:0] script '/domains/magicjim/contact.php' not found or unable to stat
[Tue Feb 17 02:29:04.016618 2026] [php:error] [pid 71796] [client 194.61.40.29:0] script '/domains/magicjim/classwithtostring.php' not found or unable to stat
[Tue Feb 17 02:29:04.510867 2026] [php:error] [pid 71796] [client 194.61.40.29:0] script '/domains/magicjim/mah.php' not found or unable to stat
[Tue Feb 17 02:29:05.082468 2026] [php:error] [pid 71796] [client 194.61.40.29:0] script '/domains/magicjim/wp-add.php' not found or unable to stat
[Tue Feb 17 02:29:07.125521 2026] [php:error] [pid 71796] [client 194.61.40.29:0] script '/domains/magicjim/403.php' not found or unable to stat
[Tue Feb 17 02:29:08.849392 2026] [php:error] [pid 71796] [client 194.61.40.29:0] script '/domains/magicjim/text.php' not found or unable to stat
[Tue Feb 17 02:29:09.200100 2026] [php:error] [pid 71796] [client 194.61.40.29:0] script '/domains/magicjim/xc.php' not found or unable to stat
[Tue Feb 17 02:29:10.519829 2026] [php:error] [pid 71793] [client 62.164.177.252:0] script '/domains/wsmith.enteract/xmlrpc.php' not found or unable to stat
[Tue Feb 17 02:29:11.584325 2026] [php:error] [pid 71780] [client 35.247.243.248:0] script '/domains/machinadynamica/adminer-5.0.5.php' not found or unable to stat
[Tue Feb 17 02:29:12.358784 2026] [php:error] [pid 71796] [client 194.61.40.29:0] script '/domains/magicjim/go.php' not found or unable to stat
[Tue Feb 17 02:29:13.075138 2026] [php:error] [pid 71796] [client 194.61.40.29:0] script '/domains/magicjim/byp.php' not found or unable to stat
[Tue Feb 17 02:29:16.965682 2026] [php:error] [pid 71796] [client 194.61.40.29:0] script '/domains/magicjim/click.php' not found or unable to stat
[Tue Feb 17 02:29:17.947350 2026] [php:error] [pid 71796] [client 194.61.40.29:0] script '/domains/magicjim/baxa1.php' not found or unable to stat
[Tue Feb 17 02:29:18.502950 2026] [php:error] [pid 71796] [client 194.61.40.29:0] script '/domains/magicjim/in.php' not found or unable to stat
[Tue Feb 17 02:29:19.006328 2026] [php:error] [pid 71796] [client 194.61.40.29:0] script '/domains/magicjim/geju.php' not found or unable to stat
[Tue Feb 17 02:29:19.115121 2026] [php:error] [pid 71793] [client 74.248.96.218:0] script '/domains/system_default/pass4.php' not found or unable to stat
[Tue Feb 17 02:29:19.216569 2026] [php:error] [pid 71793] [client 74.248.96.218:0] script '/domains/system_default/term.php' not found or unable to stat
[Tue Feb 17 02:29:19.318396 2026] [php:error] [pid 71793] [client 74.248.96.218:0] script '/domains/system_default/lp6.php' not found or unable to stat
[Tue Feb 17 02:29:19.419767 2026] [php:error] [pid 71793] [client 74.248.96.218:0] script '/domains/system_default/we.php' not found or unable to stat
[Tue Feb 17 02:29:19.521450 2026] [php:error] [pid 71793] [client 74.248.96.218:0] script '/domains/system_default/asax.php' not found or unable to stat
[Tue Feb 17 02:29:19.622674 2026] [php:error] [pid 71793] [client 74.248.96.218:0] script '/domains/system_default/co.php' not found or unable to stat
[Tue Feb 17 02:29:19.746105 2026] [php:error] [pid 71793] [client 74.248.96.218:0] script '/domains/system_default/wp-k3w6g9s4h2.php' not found or unable to stat
[Tue Feb 17 02:29:19.747157 2026] [php:error] [pid 71796] [client 194.61.40.29:0] script '/domains/magicjim/wp-signup.php' not found or unable to stat
[Tue Feb 17 02:29:19.878827 2026] [php:error] [pid 71793] [client 74.248.96.218:0] script '/domains/system_default/ahax.php' not found or unable to stat
[Tue Feb 17 02:29:19.986238 2026] [php:error] [pid 71793] [client 74.248.96.218:0] script '/domains/system_default/Okxob.php' not found or unable to stat
[Tue Feb 17 02:29:20.005144 2026] [php:error] [pid 71796] [client 194.61.40.29:0] script '/domains/magicjim/elp.php' not found or unable to stat
[Tue Feb 17 02:29:20.251183 2026] [php:error] [pid 71793] [client 74.248.96.218:0] script '/domains/system_default/acfdr.php' not found or unable to stat
[Tue Feb 17 02:29:20.358879 2026] [php:error] [pid 71793] [client 74.248.96.218:0] script '/domains/system_default/init.php' not found or unable to stat
[Tue Feb 17 02:29:20.468113 2026] [php:error] [pid 71793] [client 74.248.96.218:0] script '/domains/system_default/themes.php' not found or unable to stat
[Tue Feb 17 02:29:20.569412 2026] [php:error] [pid 71793] [client 74.248.96.218:0] script '/domains/system_default/ff.php' not found or unable to stat
[Tue Feb 17 02:29:20.670892 2026] [php:error] [pid 71793] [client 74.248.96.218:0] script '/domains/system_default/ak.php' not found or unable to stat
[Tue Feb 17 02:29:20.777960 2026] [php:error] [pid 71793] [client 74.248.96.218:0] script '/domains/system_default/bjfl.php' not found or unable to stat
[Tue Feb 17 02:29:20.829153 2026] [php:error] [pid 71796] [client 194.61.40.29:0] script '/domains/magicjim/chosen-667.php' not found or unable to stat
[Tue Feb 17 02:29:20.881219 2026] [php:error] [pid 71793] [client 74.248.96.218:0] script '/domains/system_default/vx.php' not found or unable to stat
[Tue Feb 17 02:29:20.988258 2026] [php:error] [pid 71793] [client 74.248.96.218:0] script '/domains/system_default/jga.php' not found or unable to stat
[Tue Feb 17 02:29:21.097416 2026] [php:error] [pid 71793] [client 74.248.96.218:0] script '/domains/system_default/a4.php' not found or unable to stat
[Tue Feb 17 02:29:21.122602 2026] [php:error] [pid 71796] [client 194.61.40.29:0] script '/domains/magicjim/network.php' not found or unable to stat
[Tue Feb 17 02:29:21.300590 2026] [php:error] [pid 71793] [client 74.248.96.218:0] script '/domains/system_default/inege.php' not found or unable to stat
[Tue Feb 17 02:29:21.883726 2026] [php:error] [pid 71780] [client 34.96.162.53:0] script '/domains/machinadynamica/adminer-5.4.1-mysql.php' not found or unable to stat
[Tue Feb 17 02:29:21.936301 2026] [php:error] [pid 71781] [client 194.61.40.45:0] script '/domains/magicjim/wp-mail.php' not found or unable to stat
[Tue Feb 17 02:29:22.712644 2026] [php:error] [pid 71781] [client 194.61.40.45:0] script '/domains/magicjim/yanz.php' not found or unable to stat
[Tue Feb 17 02:29:24.545964 2026] [php:error] [pid 71787] [client 35.247.243.247:0] script '/domains/machinadynamica/adminer-5.4.1-en.php' not found or unable to stat
[Tue Feb 17 02:29:30.849192 2026] [php:error] [pid 71787] [client 20.203.180.135:0] script '/domains/system_cancel/term.php' not found or unable to stat
[Tue Feb 17 02:29:30.954008 2026] [php:error] [pid 71787] [client 20.203.180.135:0] script '/domains/system_cancel/lp6.php' not found or unable to stat
[Tue Feb 17 02:29:30.958303 2026] [php:error] [pid 71780] [client 194.61.40.11:0] script '/domains/magicjim/tiny.php' not found or unable to stat
[Tue Feb 17 02:29:31.238904 2026] [php:error] [pid 71780] [client 194.61.40.11:0] script '/domains/magicjim/edit.php' not found or unable to stat
[Tue Feb 17 02:29:31.239575 2026] [php:error] [pid 71787] [client 20.203.180.135:0] script '/domains/system_cancel/asax.php' not found or unable to stat
[Tue Feb 17 02:29:31.381926 2026] [php:error] [pid 71787] [client 20.203.180.135:0] script '/domains/system_cancel/co.php' not found or unable to stat
[Tue Feb 17 02:29:31.474978 2026] [php:error] [pid 71796] [client 35.247.243.247:0] script '/domains/machinadynamica/db.php' not found or unable to stat
[Tue Feb 17 02:29:31.692075 2026] [php:error] [pid 71787] [client 20.203.180.135:0] script '/domains/system_cancel/ahax.php' not found or unable to stat
[Tue Feb 17 02:29:31.701875 2026] [php:error] [pid 71780] [client 194.61.40.11:0] script '/domains/magicjim/first.php' not found or unable to stat
[Tue Feb 17 02:29:32.183112 2026] [php:error] [pid 71787] [client 20.203.180.135:0] script '/domains/system_cancel/acfdr.php' not found or unable to stat
[Tue Feb 17 02:29:32.279690 2026] [php:error] [pid 71787] [client 20.203.180.135:0] script '/domains/system_cancel/init.php' not found or unable to stat
[Tue Feb 17 02:29:32.380070 2026] [php:error] [pid 71787] [client 20.203.180.135:0] script '/domains/system_cancel/themes.php' not found or unable to stat
[Tue Feb 17 02:29:32.848847 2026] [php:error] [pid 71787] [client 20.203.180.135:0] script '/domains/system_cancel/ak.php' not found or unable to stat
[Tue Feb 17 02:29:33.798171 2026] [php:error] [pid 71787] [client 20.203.180.135:0] script '/domains/system_cancel/a4.php' not found or unable to stat
[Tue Feb 17 02:29:34.098183 2026] [php:error] [pid 71787] [client 20.203.180.135:0] script '/domains/system_cancel/inege.php' not found or unable to stat
[Tue Feb 17 02:29:35.206951 2026] [php:error] [pid 71780] [client 194.61.40.11:0] script '/domains/magicjim/bs1.php' not found or unable to stat
[Tue Feb 17 02:29:37.879215 2026] [php:error] [pid 71780] [client 194.61.40.11:0] script '/domains/magicjim/cron.php' not found or unable to stat
[Tue Feb 17 02:29:38.352627 2026] [php:error] [pid 71780] [client 194.61.40.11:0] script '/domains/magicjim/db.php' not found or unable to stat
[Tue Feb 17 02:29:38.631036 2026] [php:error] [pid 71780] [client 194.61.40.11:0] script '/domains/magicjim/fm.php' not found or unable to stat
[Tue Feb 17 02:29:39.411161 2026] [php:error] [pid 71780] [client 194.61.40.11:0] script '/domains/magicjim/a.php' not found or unable to stat
[Tue Feb 17 02:29:40.131850 2026] [php:error] [pid 71780] [client 194.61.40.11:0] script '/domains/magicjim/chosen.php' not found or unable to stat
[Tue Feb 17 02:29:40.311686 2026] [core:crit] [pid 71800] (13)Permission denied: [client 52.0.41.164:0] AH00529: /domains/performancepartsinc/graphics/psd/.htaccess pcfg_openfile: unable to check htaccess file, ensure it is readable and that '/domains/performancepartsinc/graphics/psd/' is executable
[Tue Feb 17 02:29:40.811382 2026] [php:error] [pid 71780] [client 194.61.40.11:0] script '/domains/magicjim/back.php' not found or unable to stat
[Tue Feb 17 02:29:43.315772 2026] [php:error] [pid 71780] [client 194.61.40.11:0] script '/domains/magicjim/new.php' not found or unable to stat
[Tue Feb 17 02:29:45.122439 2026] [php:error] [pid 71780] [client 194.61.40.11:0] script '/domains/magicjim/phpfm3.php' not found or unable to stat
[Tue Feb 17 02:29:46.171407 2026] [php:error] [pid 71780] [client 194.61.40.11:0] script '/domains/magicjim/post.php' not found or unable to stat
[Tue Feb 17 02:29:49.003542 2026] [php:error] [pid 71780] [client 194.61.40.11:0] script '/domains/magicjim/randkeyword.php' not found or unable to stat
[Tue Feb 17 02:29:50.640872 2026] [php:error] [pid 71780] [client 194.61.40.11:0] script '/domains/magicjim/xxx.php' not found or unable to stat
[Tue Feb 17 02:29:51.140167 2026] [php:error] [pid 71780] [client 194.61.40.11:0] script '/domains/magicjim/lv.php' not found or unable to stat
[Tue Feb 17 02:29:51.376036 2026] [php:error] [pid 71780] [client 194.61.40.11:0] script '/domains/magicjim/zip.php' not found or unable to stat
[Tue Feb 17 02:29:54.881087 2026] [php:error] [pid 71803] [client 35.247.243.249:0] script '/domains/machinadynamica/adminer-4.7.2.php' not found or unable to stat
[Tue Feb 17 02:29:57.100436 2026] [php:error] [pid 71808] [client 35.247.243.241:0] script '/domains/machinadynamica/adminer-4.1.0.php' not found or unable to stat
[Tue Feb 17 02:29:57.353600 2026] [php:error] [pid 71780] [client 194.61.40.11:0] script '/domains/magicjim/wp-cron.php' not found or unable to stat
[Tue Feb 17 02:29:58.174021 2026] [php:error] [pid 71780] [client 194.61.40.11:0] script '/domains/magicjim/jp.php' not found or unable to stat
[Tue Feb 17 02:29:58.693324 2026] [php:error] [pid 71780] [client 194.61.40.11:0] script '/domains/magicjim/rcc.php' not found or unable to stat
[Tue Feb 17 02:29:59.585883 2026] [php:error] [pid 71780] [client 194.61.40.11:0] script '/domains/magicjim/class.api.php' not found or unable to stat
[Tue Feb 17 02:29:59.987233 2026] [php:error] [pid 71780] [client 194.61.40.11:0] script '/domains/magicjim/layout.php' not found or unable to stat
[Tue Feb 17 02:30:00.250193 2026] [php:error] [pid 71802] [client 20.78.169.245:0] script '/domains/system_suspended/wp-trackback.php' not found or unable to stat
[Tue Feb 17 02:30:00.428972 2026] [php:error] [pid 71802] [client 20.78.169.245:0] script '/domains/system_suspended/about.php' not found or unable to stat
[Tue Feb 17 02:30:00.617227 2026] [php:error] [pid 71802] [client 20.78.169.245:0] script '/domains/system_suspended/file.php' not found or unable to stat
[Tue Feb 17 02:30:01.262769 2026] [php:error] [pid 71802] [client 20.78.169.245:0] script '/domains/system_suspended/wp-good.php' not found or unable to stat
[Tue Feb 17 02:30:01.355733 2026] [php:error] [pid 71780] [client 194.61.40.11:0] script '/domains/magicjim/history.php' not found or unable to stat
[Tue Feb 17 02:30:01.479316 2026] [php:error] [pid 71802] [client 20.78.169.245:0] script '/domains/system_suspended/xmlrpc.php' not found or unable to stat
[Tue Feb 17 02:30:01.703217 2026] [php:error] [pid 71802] [client 20.78.169.245:0] script '/domains/system_suspended/goods.php' not found or unable to stat
[Tue Feb 17 02:30:01.899331 2026] [php:error] [pid 71802] [client 20.78.169.245:0] script '/domains/system_suspended/ioxi-o.php' not found or unable to stat
[Tue Feb 17 02:30:02.963384 2026] [php:error] [pid 71802] [client 20.78.169.245:0] script '/domains/system_suspended/class-t.api.php' not found or unable to stat
[Tue Feb 17 02:30:03.165588 2026] [php:error] [pid 71802] [client 20.78.169.245:0] script '/domains/system_suspended/admin.php' not found or unable to stat
[Tue Feb 17 02:30:03.928804 2026] [php:error] [pid 71802] [client 20.78.169.245:0] script '/domains/system_suspended/sf.php' not found or unable to stat
[Tue Feb 17 02:30:03.967660 2026] [php:error] [pid 71800] [client 34.96.162.52:0] script '/domains/machinadynamica/adminer-5.0.6.php' not found or unable to stat
[Tue Feb 17 02:30:03.968146 2026] [php:error] [pid 71812] [client 35.247.243.250:0] script '/domains/machinadynamica/adminer-5.1.0-en.php' not found or unable to stat
[Tue Feb 17 02:30:04.675867 2026] [php:error] [pid 71802] [client 20.78.169.245:0] script '/domains/system_suspended/rip.php' not found or unable to stat
[Tue Feb 17 02:30:04.863222 2026] [php:error] [pid 71802] [client 20.78.169.245:0] script '/domains/system_suspended/autoload_classmap.php' not found or unable to stat
[Tue Feb 17 02:30:05.035422 2026] [php:error] [pid 71802] [client 20.78.169.245:0] script '/domains/system_suspended/chosen.php' not found or unable to stat
[Tue Feb 17 02:30:05.791321 2026] [php:error] [pid 71802] [client 20.78.169.245:0] script '/domains/system_suspended/classwithtostring.php' not found or unable to stat
[Tue Feb 17 02:30:07.602799 2026] [php:error] [pid 71802] [client 20.78.169.245:0] script '/domains/system_suspended/defaults.php' not found or unable to stat
[Tue Feb 17 02:30:08.267455 2026] [php:error] [pid 71796] [client 35.247.243.255:0] script '/domains/machinadynamica/adminer-5.0.5-mysql.php' not found or unable to stat
[Tue Feb 17 02:30:10.552039 2026] [php:error] [pid 71815] [client 134.199.156.239:0] script '/domains/markrose/wp-login.php' not found or unable to stat
[Tue Feb 17 02:30:10.747672 2026] [php:error] [pid 71802] [client 20.78.169.245:0] script '/domains/system_suspended/info.php' not found or unable to stat
[Tue Feb 17 02:30:11.000495 2026] [php:error] [pid 71808] [client 134.199.156.239:0] script '/domains/markrose/wp-login.php' not found or unable to stat, referer: https://www.facebook.com/
[Tue Feb 17 02:30:15.673404 2026] [php:error] [pid 71802] [client 20.78.169.245:0] script '/domains/system_suspended/adminfuns.php' not found or unable to stat
[Tue Feb 17 02:30:25.204005 2026] [php:error] [pid 71787] [client 194.61.40.9:0] script '/domains/magicjim/about.php' not found or unable to stat
[Tue Feb 17 02:30:26.010618 2026] [php:error] [pid 71787] [client 194.61.40.9:0] script '/domains/magicjim/cong.php' not found or unable to stat
[Tue Feb 17 02:30:26.256667 2026] [php:error] [pid 71800] [client 34.96.162.49:0] script '/domains/machinadynamica/adminer-4.7.0.php' not found or unable to stat
[Tue Feb 17 02:30:29.654131 2026] [php:error] [pid 71787] [client 194.61.40.9:0] script '/domains/magicjim/wp-links.php' not found or unable to stat
[Tue Feb 17 02:30:29.986770 2026] [php:error] [pid 71787] [client 194.61.40.9:0] script '/domains/magicjim/makeasmtp.php' not found or unable to stat
[Tue Feb 17 02:30:32.731480 2026] [php:error] [pid 71815] [client 35.247.243.247:0] script '/domains/machinadynamica/adminer-5.0.3-en.php' not found or unable to stat
[Tue Feb 17 02:30:32.989488 2026] [php:error] [pid 71787] [client 194.61.40.9:0] script '/domains/magicjim/login.php' not found or unable to stat
[Tue Feb 17 02:30:37.195980 2026] [php:error] [pid 71787] [client 194.61.40.9:0] script '/domains/magicjim/wander.php' not found or unable to stat
[Tue Feb 17 02:30:38.367530 2026] [php:error] [pid 71787] [client 194.61.40.9:0] script '/domains/magicjim/wp-config-sample.php' not found or unable to stat
[Tue Feb 17 02:30:40.283963 2026] [php:error] [pid 71814] [client 35.247.243.248:0] script '/domains/machinadynamica/adminer-4.7.6.php' not found or unable to stat
[Tue Feb 17 02:30:40.621216 2026] [php:error] [pid 71787] [client 194.61.40.9:0] script '/domains/magicjim/manager.php' not found or unable to stat
[Tue Feb 17 02:30:42.041168 2026] [php:error] [pid 71787] [client 194.61.40.9:0] script '/domains/magicjim/users.php' not found or unable to stat
[Tue Feb 17 02:30:43.605448 2026] [php:error] [pid 71787] [client 194.61.40.9:0] script '/domains/magicjim/sim.php' not found or unable to stat
[Tue Feb 17 02:30:45.378062 2026] [php:error] [pid 71787] [client 194.61.40.9:0] script '/domains/magicjim/function.php' not found or unable to stat
[Tue Feb 17 02:30:45.501220 2026] [php:error] [pid 71802] [client 34.96.162.53:0] script '/domains/machinadynamica/adminer-5.0.1-en.php' not found or unable to stat
[Tue Feb 17 02:30:51.105892 2026] [php:error] [pid 71815] [client 35.247.243.247:0] script '/domains/machinadynamica/adminer-5.0.1-mysql-en.php' not found or unable to stat
[Tue Feb 17 02:30:51.681822 2026] [php:error] [pid 71787] [client 194.61.40.9:0] script '/domains/magicjim/wp-mail.php' not found or unable to stat
[Tue Feb 17 02:30:53.039915 2026] [php:error] [pid 71787] [client 194.61.40.9:0] script '/domains/magicjim/admin-post.php' not found or unable to stat
[Tue Feb 17 02:30:53.307089 2026] [php:error] [pid 71787] [client 194.61.40.9:0] script '/domains/magicjim/conf_upload.php' not found or unable to stat
[Tue Feb 17 02:30:55.028194 2026] [php:error] [pid 71787] [client 194.61.40.9:0] script '/domains/magicjim/wp-configs.php' not found or unable to stat
[Tue Feb 17 02:30:57.920270 2026] [php:error] [pid 71793] [client 194.61.40.16:0] script '/domains/magicjim/f35.php' not found or unable to stat
[Tue Feb 17 02:31:00.298712 2026] [php:error] [pid 71802] [client 34.96.162.48:0] script '/domains/machinadynamica/adminer-5.4.0.php' not found or unable to stat
[Tue Feb 17 02:31:01.642115 2026] [php:error] [pid 71787] [client 20.219.8.79:0] script '/domains/apunderkofler/wp-trackback.php' not found or unable to stat
[Tue Feb 17 02:31:03.164540 2026] [php:error] [pid 71787] [client 20.219.8.79:0] script '/domains/apunderkofler/about.php' not found or unable to stat
[Tue Feb 17 02:31:03.242110 2026] [php:error] [pid 71793] [client 194.61.40.16:0] script '/domains/magicjim/edit.php' not found or unable to stat
[Tue Feb 17 02:31:04.657602 2026] [php:error] [pid 71787] [client 20.219.8.79:0] script '/domains/apunderkofler/file.php' not found or unable to stat
[Tue Feb 17 02:31:04.885126 2026] [php:error] [pid 71787] [client 20.219.8.79:0] script '/domains/apunderkofler/wp-good.php' not found or unable to stat
[Tue Feb 17 02:31:05.097765 2026] [php:error] [pid 71787] [client 20.219.8.79:0] script '/domains/apunderkofler/xmlrpc.php' not found or unable to stat
[Tue Feb 17 02:31:05.307322 2026] [php:error] [pid 71787] [client 20.219.8.79:0] script '/domains/apunderkofler/goods.php' not found or unable to stat
[Tue Feb 17 02:31:05.546958 2026] [php:error] [pid 71787] [client 20.219.8.79:0] script '/domains/apunderkofler/ioxi-o.php' not found or unable to stat
[Tue Feb 17 02:31:05.806690 2026] [php:error] [pid 71793] [client 194.61.40.16:0] script '/domains/magicjim/files.php' not found or unable to stat
[Tue Feb 17 02:31:06.508666 2026] [php:error] [pid 71793] [client 194.61.40.16:0] script '/domains/magicjim/webadmin.php' not found or unable to stat
[Tue Feb 17 02:31:07.225463 2026] [php:error] [pid 71787] [client 20.219.8.79:0] script '/domains/apunderkofler/class-t.api.php' not found or unable to stat
[Tue Feb 17 02:31:07.537764 2026] [php:error] [pid 71802] [client 34.96.162.50:0] script '/domains/machinadynamica/adminer-5.0.1-mysql.php' not found or unable to stat
[Tue Feb 17 02:31:07.912801 2026] [php:error] [pid 71818] [client 35.247.243.248:0] script '/domains/machinadynamica/adminer-4.7.7.php' not found or unable to stat
[Tue Feb 17 02:31:07.993624 2026] [php:error] [pid 71793] [client 194.61.40.16:0] script '/domains/magicjim/wsa.php' not found or unable to stat
[Tue Feb 17 02:31:08.500216 2026] [php:error] [pid 71793] [client 194.61.40.16:0] script '/domains/magicjim/tinyfilemanager.php' not found or unable to stat
[Tue Feb 17 02:31:08.782445 2026] [php:error] [pid 71787] [client 20.219.8.79:0] script '/domains/apunderkofler/admin.php' not found or unable to stat
[Tue Feb 17 02:31:10.462544 2026] [php:error] [pid 71787] [client 20.219.8.79:0] script '/domains/apunderkofler/sf.php' not found or unable to stat
[Tue Feb 17 02:31:10.678921 2026] [php:error] [pid 71787] [client 20.219.8.79:0] script '/domains/apunderkofler/rip.php' not found or unable to stat
[Tue Feb 17 02:31:12.233903 2026] [php:error] [pid 71787] [client 20.219.8.79:0] script '/domains/apunderkofler/autoload_classmap.php' not found or unable to stat
[Tue Feb 17 02:31:12.455710 2026] [php:error] [pid 71787] [client 20.219.8.79:0] script '/domains/apunderkofler/chosen.php' not found or unable to stat
[Tue Feb 17 02:31:14.520325 2026] [php:error] [pid 71787] [client 20.219.8.79:0] script '/domains/apunderkofler/classwithtostring.php' not found or unable to stat
[Tue Feb 17 02:31:14.730218 2026] [php:error] [pid 71787] [client 20.219.8.79:0] script '/domains/apunderkofler/defaults.php' not found or unable to stat
[Tue Feb 17 02:31:17.071737 2026] [php:error] [pid 71815] [client 20.238.121.35:0] script '/domains/rnachum/pass4.php' not found or unable to stat
[Tue Feb 17 02:31:17.119599 2026] [php:error] [pid 71818] [client 194.61.40.16:0] script '/domains/magicjim/woh.php' not found or unable to stat
[Tue Feb 17 02:31:17.142006 2026] [php:error] [pid 71815] [client 20.238.121.35:0] script '/domains/rnachum/term.php' not found or unable to stat
[Tue Feb 17 02:31:17.216307 2026] [php:error] [pid 71815] [client 20.238.121.35:0] script '/domains/rnachum/lp6.php' not found or unable to stat
[Tue Feb 17 02:31:17.601169 2026] [php:error] [pid 71815] [client 20.238.121.35:0] script '/domains/rnachum/we.php' not found or unable to stat
[Tue Feb 17 02:31:17.681336 2026] [php:error] [pid 71815] [client 20.238.121.35:0] script '/domains/rnachum/asax.php' not found or unable to stat
[Tue Feb 17 02:31:17.761761 2026] [php:error] [pid 71815] [client 20.238.121.35:0] script '/domains/rnachum/co.php' not found or unable to stat
[Tue Feb 17 02:31:17.840239 2026] [php:error] [pid 71815] [client 20.238.121.35:0] script '/domains/rnachum/wp-k3w6g9s4h2.php' not found or unable to stat
[Tue Feb 17 02:31:17.927861 2026] [php:error] [pid 71815] [client 20.238.121.35:0] script '/domains/rnachum/ahax.php' not found or unable to stat
[Tue Feb 17 02:31:17.998691 2026] [php:error] [pid 71815] [client 20.238.121.35:0] script '/domains/rnachum/Okxob.php' not found or unable to stat
[Tue Feb 17 02:31:18.155786 2026] [php:error] [pid 71815] [client 20.238.121.35:0] script '/domains/rnachum/acfdr.php' not found or unable to stat
[Tue Feb 17 02:31:18.226238 2026] [php:error] [pid 71815] [client 20.238.121.35:0] script '/domains/rnachum/init.php' not found or unable to stat
[Tue Feb 17 02:31:18.296328 2026] [php:error] [pid 71815] [client 20.238.121.35:0] script '/domains/rnachum/themes.php' not found or unable to stat
[Tue Feb 17 02:31:18.359263 2026] [php:error] [pid 71793] [client 34.96.162.51:0] script '/domains/machinadynamica/adminer-5.0.5.php' not found or unable to stat
[Tue Feb 17 02:31:18.366428 2026] [php:error] [pid 71815] [client 20.238.121.35:0] script '/domains/rnachum/ff.php' not found or unable to stat
[Tue Feb 17 02:31:18.436544 2026] [php:error] [pid 71815] [client 20.238.121.35:0] script '/domains/rnachum/ak.php' not found or unable to stat
[Tue Feb 17 02:31:18.672205 2026] [php:error] [pid 71815] [client 20.238.121.35:0] script '/domains/rnachum/bjfl.php' not found or unable to stat
[Tue Feb 17 02:31:18.742215 2026] [php:error] [pid 71815] [client 20.238.121.35:0] script '/domains/rnachum/vx.php' not found or unable to stat
[Tue Feb 17 02:31:18.819900 2026] [php:error] [pid 71815] [client 20.238.121.35:0] script '/domains/rnachum/jga.php' not found or unable to stat
[Tue Feb 17 02:31:18.890755 2026] [php:error] [pid 71815] [client 20.238.121.35:0] script '/domains/rnachum/a4.php' not found or unable to stat
[Tue Feb 17 02:31:18.963201 2026] [php:error] [pid 71818] [client 194.61.40.16:0] script '/domains/magicjim/bless.php' not found or unable to stat
[Tue Feb 17 02:31:19.043042 2026] [php:error] [pid 71815] [client 20.238.121.35:0] script '/domains/rnachum/inege.php' not found or unable to stat
[Tue Feb 17 02:31:20.185502 2026] [php:error] [pid 71787] [client 20.219.8.79:0] script '/domains/apunderkofler/info.php' not found or unable to stat
[Tue Feb 17 02:31:21.467043 2026] [php:error] [pid 71818] [client 194.61.40.16:0] script '/domains/magicjim/wp-trackback.php' not found or unable to stat
[Tue Feb 17 02:31:22.613829 2026] [php:error] [pid 71818] [client 194.61.40.16:0] script '/domains/magicjim/info.php' not found or unable to stat
[Tue Feb 17 02:31:24.365655 2026] [php:error] [pid 71818] [client 194.61.40.16:0] script '/domains/magicjim/buy.php' not found or unable to stat
[Tue Feb 17 02:31:24.938031 2026] [php:error] [pid 71787] [client 20.219.8.79:0] script '/domains/apunderkofler/adminfuns.php' not found or unable to stat
[Tue Feb 17 02:31:24.975611 2026] [php:error] [pid 71818] [client 194.61.40.16:0] script '/domains/magicjim/readme.php' not found or unable to stat
[Tue Feb 17 02:31:25.388167 2026] [php:error] [pid 71818] [client 194.61.40.16:0] script '/domains/magicjim/sck.php' not found or unable to stat
[Tue Feb 17 02:31:25.519457 2026] [php:error] [pid 71793] [client 35.247.243.254:0] script '/domains/machinadynamica/adminer-5.4.1-en.php' not found or unable to stat
[Tue Feb 17 02:31:26.107245 2026] [php:error] [pid 71818] [client 194.61.40.16:0] script '/domains/magicjim/fm.php' not found or unable to stat
[Tue Feb 17 02:31:26.816072 2026] [php:error] [pid 71818] [client 194.61.40.16:0] script '/domains/magicjim/packed.php' not found or unable to stat
[Tue Feb 17 02:31:27.090455 2026] [php:error] [pid 71818] [client 194.61.40.16:0] script '/domains/magicjim/about.php' not found or unable to stat
[Tue Feb 17 02:31:29.121189 2026] [php:error] [pid 71818] [client 194.61.40.16:0] script '/domains/magicjim/plugin.php' not found or unable to stat
[Tue Feb 17 02:31:31.077713 2026] [php:error] [pid 71818] [client 194.61.40.16:0] script '/domains/magicjim/chosen.php' not found or unable to stat
[Tue Feb 17 02:31:31.654082 2026] [php:error] [pid 71818] [client 194.61.40.16:0] script '/domains/magicjim/load.php' not found or unable to stat
[Tue Feb 17 02:31:33.436902 2026] [php:error] [pid 71818] [client 194.61.40.16:0] script '/domains/magicjim/edit-tags.php' not found or unable to stat
[Tue Feb 17 02:31:35.114180 2026] [php:error] [pid 71818] [client 194.61.40.16:0] script '/domains/magicjim/autoload_classmap.php' not found or unable to stat
[Tue Feb 17 02:31:35.493399 2026] [php:error] [pid 71823] [client 35.247.243.253:0] script '/domains/machinadynamica/adminer-5.4.1-mysql.php' not found or unable to stat
[Tue Feb 17 02:31:35.934154 2026] [php:error] [pid 71818] [client 194.61.40.16:0] script '/domains/magicjim/lock.php' not found or unable to stat
[Tue Feb 17 02:31:39.487379 2026] [php:error] [pid 71819] [client 194.61.40.46:0] script '/domains/magicjim/product.php' not found or unable to stat
[Tue Feb 17 02:31:41.465418 2026] [php:error] [pid 71780] [client 35.247.243.243:0] script '/domains/machinadynamica/adminer-4.7.3.php' not found or unable to stat
[Tue Feb 17 02:31:41.875304 2026] [php:error] [pid 71815] [client 194.61.40.13:0] script '/domains/magicjim/base.php' not found or unable to stat
[Tue Feb 17 02:31:41.913691 2026] [php:error] [pid 71823] [client 34.96.162.51:0] script '/domains/machinadynamica/adminer-db.php' not found or unable to stat
[Tue Feb 17 02:31:43.492390 2026] [php:error] [pid 71815] [client 194.61.40.13:0] script '/domains/magicjim/zero.php' not found or unable to stat
[Tue Feb 17 02:31:45.062216 2026] [php:error] [pid 71815] [client 194.61.40.13:0] script '/domains/magicjim/style.php' not found or unable to stat
[Tue Feb 17 02:31:45.408687 2026] [php:error] [pid 71815] [client 194.61.40.13:0] script '/domains/magicjim/db.php' not found or unable to stat
[Tue Feb 17 02:31:47.460173 2026] [php:error] [pid 71814] [client 194.61.40.46:0] script '/domains/magicjim/wp-set.php' not found or unable to stat
[Tue Feb 17 02:31:47.836470 2026] [php:error] [pid 71814] [client 194.61.40.46:0] script '/domains/magicjim/file.php' not found or unable to stat
[Tue Feb 17 02:31:49.526073 2026] [php:error] [pid 71780] [client 35.247.243.250:0] script '/domains/machinadynamica/adminer-4.7.5.php' not found or unable to stat
[Tue Feb 17 02:31:53.130035 2026] [php:error] [pid 71815] [client 194.61.40.12:0] script '/domains/magicjim/moon.php' not found or unable to stat
[Tue Feb 17 02:31:56.037952 2026] [php:error] [pid 71815] [client 194.61.40.12:0] script '/domains/magicjim/pages.php' not found or unable to stat
[Tue Feb 17 02:31:56.377620 2026] [php:error] [pid 71815] [client 194.61.40.12:0] script '/domains/magicjim/bulk.php' not found or unable to stat
[Tue Feb 17 02:31:56.644683 2026] [php:error] [pid 71815] [client 194.61.40.12:0] script '/domains/magicjim/kk.php' not found or unable to stat
[Tue Feb 17 02:31:58.381531 2026] [php:error] [pid 71815] [client 194.61.40.12:0] script '/domains/magicjim/wp-logout.php' not found or unable to stat
[Tue Feb 17 02:32:01.206586 2026] [php:error] [pid 71815] [client 194.61.40.12:0] script '/domains/magicjim/classwithtostring.php' not found or unable to stat
[Tue Feb 17 02:32:01.460556 2026] [php:error] [pid 71824] [client 34.96.162.61:0] script '/domains/machinadynamica/adminer-4.7.6.php' not found or unable to stat
[Tue Feb 17 02:32:01.547593 2026] [php:error] [pid 71815] [client 194.61.40.12:0] script '/domains/magicjim/wp-setup.php' not found or unable to stat
[Tue Feb 17 02:32:05.831842 2026] [php:error] [pid 71815] [client 194.61.40.12:0] script '/domains/magicjim/wp-editor.php' not found or unable to stat
[Tue Feb 17 02:32:06.304026 2026] [php:error] [pid 71815] [client 194.61.40.12:0] script '/domains/magicjim/wp-simple.php' not found or unable to stat
[Tue Feb 17 02:32:10.303643 2026] [php:error] [pid 71815] [client 194.61.40.12:0] script '/domains/magicjim/hehehehe.php' not found or unable to stat
[Tue Feb 17 02:32:11.429154 2026] [php:error] [pid 71780] [client 35.247.243.249:0] script '/domains/machinadynamica/db.php' not found or unable to stat
[Tue Feb 17 02:32:11.631561 2026] [php:error] [pid 71830] [client 34.96.162.51:0] script '/domains/machinadynamica/adminer-5.0.4-mysql.php' not found or unable to stat
