[Tue Feb 17 02:35:38.359147 2026] [php:error] [pid 71878] [client 34.96.162.60:0] script '/domains/machinadynamica/adminer-5.4.1-mysql-en.php' not found or unable to stat
[Tue Feb 17 02:35:38.962256 2026] [php:error] [pid 71878] [client 35.247.243.243:0] script '/domains/machinadynamica/adminer-5.0.6-mysql.php' not found or unable to stat
[Tue Feb 17 02:35:39.274020 2026] [php:error] [pid 71860] [client 98.159.43.112:0] script '/domains/rnachum/xx.php' not found or unable to stat
[Tue Feb 17 02:35:40.795443 2026] [php:error] [pid 71877] [client 34.96.162.55:0] script '/domains/machinadynamica/adminer-5.0.6.php' not found or unable to stat
[Tue Feb 17 02:35:42.881325 2026] [php:error] [pid 71860] [client 98.159.43.112:0] script '/domains/rnachum/images.php' not found or unable to stat
[Tue Feb 17 02:35:43.185278 2026] [php:error] [pid 71860] [client 98.159.43.112:0] script '/domains/rnachum/wp-aespa.php' not found or unable to stat
[Tue Feb 17 02:35:44.720309 2026] [php:error] [pid 71877] [client 34.96.162.62:0] script '/domains/machinadynamica/adminer-5.0.3.php' not found or unable to stat
[Tue Feb 17 02:35:44.916248 2026] [php:error] [pid 71878] [client 35.247.243.254:0] script '/domains/machinadynamica/__adm.php' not found or unable to stat
[Tue Feb 17 02:35:45.023455 2026] [php:error] [pid 71876] [client 20.100.191.215:0] script '/domains/mjbradley/pass4.php' not found or unable to stat
[Tue Feb 17 02:35:45.138188 2026] [php:error] [pid 71876] [client 20.100.191.215:0] script '/domains/mjbradley/term.php' not found or unable to stat
[Tue Feb 17 02:35:45.234168 2026] [php:error] [pid 71876] [client 20.100.191.215:0] script '/domains/mjbradley/lp6.php' not found or unable to stat
[Tue Feb 17 02:35:45.329239 2026] [php:error] [pid 71876] [client 20.100.191.215:0] script '/domains/mjbradley/we.php' not found or unable to stat
[Tue Feb 17 02:35:45.424327 2026] [php:error] [pid 71876] [client 20.100.191.215:0] script '/domains/mjbradley/asax.php' not found or unable to stat
[Tue Feb 17 02:35:45.633054 2026] [php:error] [pid 71876] [client 20.100.191.215:0] script '/domains/mjbradley/co.php' not found or unable to stat
[Tue Feb 17 02:35:45.727851 2026] [php:error] [pid 71876] [client 20.100.191.215:0] script '/domains/mjbradley/wp-k3w6g9s4h2.php' not found or unable to stat
[Tue Feb 17 02:35:45.832402 2026] [php:error] [pid 71876] [client 20.100.191.215:0] script '/domains/mjbradley/ahax.php' not found or unable to stat
[Tue Feb 17 02:35:45.927296 2026] [php:error] [pid 71876] [client 20.100.191.215:0] script '/domains/mjbradley/Okxob.php' not found or unable to stat
[Tue Feb 17 02:35:46.040387 2026] [php:error] [pid 71876] [client 20.100.191.215:0] script '/domains/mjbradley/acfdr.php' not found or unable to stat
[Tue Feb 17 02:35:46.135312 2026] [php:error] [pid 71876] [client 20.100.191.215:0] script '/domains/mjbradley/init.php' not found or unable to stat
[Tue Feb 17 02:35:46.230024 2026] [php:error] [pid 71876] [client 20.100.191.215:0] script '/domains/mjbradley/themes.php' not found or unable to stat
[Tue Feb 17 02:35:46.324720 2026] [php:error] [pid 71876] [client 20.100.191.215:0] script '/domains/mjbradley/ff.php' not found or unable to stat
[Tue Feb 17 02:35:46.419263 2026] [php:error] [pid 71876] [client 20.100.191.215:0] script '/domains/mjbradley/ak.php' not found or unable to stat
[Tue Feb 17 02:35:46.515017 2026] [php:error] [pid 71876] [client 20.100.191.215:0] script '/domains/mjbradley/bjfl.php' not found or unable to stat
[Tue Feb 17 02:35:46.609825 2026] [php:error] [pid 71876] [client 20.100.191.215:0] script '/domains/mjbradley/vx.php' not found or unable to stat
[Tue Feb 17 02:35:46.811010 2026] [php:error] [pid 71876] [client 20.100.191.215:0] script '/domains/mjbradley/jga.php' not found or unable to stat
[Tue Feb 17 02:35:46.905542 2026] [php:error] [pid 71876] [client 20.100.191.215:0] script '/domains/mjbradley/a4.php' not found or unable to stat
[Tue Feb 17 02:35:47.096034 2026] [php:error] [pid 71876] [client 20.100.191.215:0] script '/domains/mjbradley/inege.php' not found or unable to stat
[Tue Feb 17 02:35:48.255710 2026] [php:error] [pid 71869] [client 34.96.162.56:0] script '/domains/machinadynamica/adminer-4.7.3.php' not found or unable to stat
[Tue Feb 17 02:35:50.172727 2026] [php:error] [pid 71877] [client 98.159.43.114:0] script '/domains/rnachum/wp-l0gin.php' not found or unable to stat
[Tue Feb 17 02:35:52.674150 2026] [php:error] [pid 71877] [client 98.159.43.114:0] script '/domains/rnachum/wp-conflg.php' not found or unable to stat
[Tue Feb 17 02:35:58.789989 2026] [php:error] [pid 71872] [client 98.159.43.141:0] script '/domains/rnachum/0x.php' not found or unable to stat
[Tue Feb 17 02:35:59.945715 2026] [php:error] [pid 71877] [client 35.247.243.251:0] script '/domains/machinadynamica/__adm.php' not found or unable to stat
[Tue Feb 17 02:36:00.032782 2026] [php:error] [pid 71878] [client 20.238.121.35:0] script '/domains/mschmid/pass4.php' not found or unable to stat
[Tue Feb 17 02:36:00.070623 2026] [php:error] [pid 71872] [client 98.159.43.141:0] script '/domains/rnachum/wpn.php' not found or unable to stat
[Tue Feb 17 02:36:00.124196 2026] [php:error] [pid 71878] [client 20.238.121.35:0] script '/domains/mschmid/term.php' not found or unable to stat
[Tue Feb 17 02:36:00.194650 2026] [php:error] [pid 71878] [client 20.238.121.35:0] script '/domains/mschmid/lp6.php' not found or unable to stat
[Tue Feb 17 02:36:00.265043 2026] [php:error] [pid 71878] [client 20.238.121.35:0] script '/domains/mschmid/we.php' not found or unable to stat
[Tue Feb 17 02:36:00.335006 2026] [php:error] [pid 71878] [client 20.238.121.35:0] script '/domains/mschmid/asax.php' not found or unable to stat
[Tue Feb 17 02:36:00.405082 2026] [php:error] [pid 71878] [client 20.238.121.35:0] script '/domains/mschmid/co.php' not found or unable to stat
[Tue Feb 17 02:36:00.541681 2026] [php:error] [pid 71878] [client 20.238.121.35:0] script '/domains/mschmid/wp-k3w6g9s4h2.php' not found or unable to stat
[Tue Feb 17 02:36:00.555797 2026] [php:error] [pid 71872] [client 98.159.43.141:0] script '/domains/rnachum/cloud.php' not found or unable to stat
[Tue Feb 17 02:36:00.622866 2026] [php:error] [pid 71878] [client 20.238.121.35:0] script '/domains/mschmid/ahax.php' not found or unable to stat
[Tue Feb 17 02:36:00.692895 2026] [php:error] [pid 71878] [client 20.238.121.35:0] script '/domains/mschmid/Okxob.php' not found or unable to stat
[Tue Feb 17 02:36:00.764755 2026] [php:error] [pid 71878] [client 20.238.121.35:0] script '/domains/mschmid/acfdr.php' not found or unable to stat
[Tue Feb 17 02:36:00.835179 2026] [php:error] [pid 71878] [client 20.238.121.35:0] script '/domains/mschmid/init.php' not found or unable to stat
[Tue Feb 17 02:36:00.926790 2026] [php:error] [pid 71878] [client 20.238.121.35:0] script '/domains/mschmid/themes.php' not found or unable to stat
[Tue Feb 17 02:36:00.994549 2026] [php:error] [pid 71872] [client 98.159.43.141:0] script '/domains/rnachum/upload.php' not found or unable to stat
[Tue Feb 17 02:36:00.996805 2026] [php:error] [pid 71878] [client 20.238.121.35:0] script '/domains/mschmid/ff.php' not found or unable to stat
[Tue Feb 17 02:36:01.066830 2026] [php:error] [pid 71878] [client 20.238.121.35:0] script '/domains/mschmid/ak.php' not found or unable to stat
[Tue Feb 17 02:36:01.136899 2026] [php:error] [pid 71878] [client 20.238.121.35:0] script '/domains/mschmid/bjfl.php' not found or unable to stat
[Tue Feb 17 02:36:01.218185 2026] [php:error] [pid 71878] [client 20.238.121.35:0] script '/domains/mschmid/vx.php' not found or unable to stat
[Tue Feb 17 02:36:01.275769 2026] [php:error] [pid 71872] [client 98.159.43.141:0] script '/domains/rnachum/init.php' not found or unable to stat
[Tue Feb 17 02:36:01.301131 2026] [php:error] [pid 71878] [client 20.238.121.35:0] script '/domains/mschmid/jga.php' not found or unable to stat
[Tue Feb 17 02:36:01.503888 2026] [php:error] [pid 71878] [client 20.238.121.35:0] script '/domains/mschmid/a4.php' not found or unable to stat
[Tue Feb 17 02:36:01.742754 2026] [php:error] [pid 71878] [client 20.238.121.35:0] script '/domains/mschmid/inege.php' not found or unable to stat
[Tue Feb 17 02:36:01.899026 2026] [php:error] [pid 71872] [client 98.159.43.141:0] script '/domains/rnachum/wp-blog.php' not found or unable to stat
[Tue Feb 17 02:36:03.418531 2026] [php:error] [pid 71872] [client 98.159.43.141:0] script '/domains/rnachum/payout.php' not found or unable to stat
[Tue Feb 17 02:36:03.702949 2026] [php:error] [pid 71872] [client 98.159.43.141:0] script '/domains/rnachum/lock360.php' not found or unable to stat
[Tue Feb 17 02:36:03.982758 2026] [php:error] [pid 71872] [client 98.159.43.141:0] script '/domains/rnachum/x.php' not found or unable to stat
[Tue Feb 17 02:36:04.258550 2026] [php:error] [pid 71872] [client 98.159.43.141:0] script '/domains/rnachum/wp_info.php' not found or unable to stat
[Tue Feb 17 02:36:04.850704 2026] [php:error] [pid 71872] [client 98.159.43.141:0] script '/domains/rnachum/xml.php' not found or unable to stat
[Tue Feb 17 02:36:05.161348 2026] [php:error] [pid 71872] [client 98.159.43.141:0] script '/domains/rnachum/by.php' not found or unable to stat
[Tue Feb 17 02:36:06.254110 2026] [php:error] [pid 71876] [client 35.247.243.249:0] script '/domains/machinadynamica/adminer-5.4.0.php' not found or unable to stat
[Tue Feb 17 02:36:08.897902 2026] [php:error] [pid 71872] [client 98.159.43.141:0] script '/domains/rnachum/default.php' not found or unable to stat
[Tue Feb 17 02:36:09.258060 2026] [php:error] [pid 71872] [client 98.159.43.141:0] script '/domains/rnachum/fox.php' not found or unable to stat
[Tue Feb 17 02:36:09.553388 2026] [php:error] [pid 71872] [client 98.159.43.141:0] script '/domains/rnachum/google.php' not found or unable to stat
[Tue Feb 17 02:36:10.197012 2026] [php:error] [pid 71872] [client 98.159.43.141:0] script '/domains/rnachum/ovatools.php' not found or unable to stat
[Tue Feb 17 02:36:10.473420 2026] [php:error] [pid 71872] [client 98.159.43.141:0] script '/domains/rnachum/sidwso.php' not found or unable to stat
[Tue Feb 17 02:36:10.567224 2026] [php:error] [pid 71877] [client 35.247.243.248:0] script '/domains/machinadynamica/unzipper.php' not found or unable to stat
[Tue Feb 17 02:36:10.760205 2026] [php:error] [pid 71872] [client 98.159.43.141:0] script '/domains/rnachum/worksec.php' not found or unable to stat
[Tue Feb 17 02:36:12.879380 2026] [php:error] [pid 71872] [client 98.159.43.141:0] script '/domains/rnachum/Simple.php' not found or unable to stat
[Tue Feb 17 02:36:13.177918 2026] [php:error] [pid 71872] [client 98.159.43.141:0] script '/domains/rnachum/wp-blog-header.php' not found or unable to stat
[Tue Feb 17 02:36:13.462486 2026] [php:error] [pid 71872] [client 98.159.43.141:0] script '/domains/rnachum/style2.php' not found or unable to stat
[Tue Feb 17 02:36:13.756443 2026] [php:error] [pid 71872] [client 98.159.43.141:0] script '/domains/rnachum/wp-scripts.php' not found or unable to stat
[Tue Feb 17 02:36:14.006734 2026] [php:error] [pid 71877] [client 35.247.243.251:0] script '/domains/machinadynamica/adminer-4.7.6.php' not found or unable to stat
[Tue Feb 17 02:36:14.163297 2026] [php:error] [pid 71872] [client 98.159.43.141:0] script '/domains/rnachum/adminfuns.php' not found or unable to stat
[Tue Feb 17 02:36:14.435619 2026] [php:error] [pid 71879] [client 35.247.243.251:0] script '/domains/machinadynamica/adminer-5.0.3-mysql-en.php' not found or unable to stat
[Tue Feb 17 02:36:14.449195 2026] [php:error] [pid 71872] [client 98.159.43.141:0] script '/domains/rnachum/cjfuns.php' not found or unable to stat
[Tue Feb 17 02:36:14.763270 2026] [php:error] [pid 71872] [client 98.159.43.141:0] script '/domains/rnachum/comfunctions.php' not found or unable to stat
[Tue Feb 17 02:36:15.051539 2026] [php:error] [pid 71872] [client 98.159.43.141:0] script '/domains/rnachum/delpaths.php' not found or unable to stat
[Tue Feb 17 02:36:15.297897 2026] [php:error] [pid 71872] [client 98.159.43.141:0] script '/domains/rnachum/epinyins.php' not found or unable to stat
[Tue Feb 17 02:36:15.582636 2026] [php:error] [pid 71872] [client 98.159.43.141:0] script '/domains/rnachum/filefuns.php' not found or unable to stat
[Tue Feb 17 02:36:15.614823 2026] [php:error] [pid 71881] [client 35.247.243.253:0] script '/domains/machinadynamica/adminer-5.1.1.php' not found or unable to stat
[Tue Feb 17 02:36:15.876787 2026] [php:error] [pid 71872] [client 98.159.43.141:0] script '/domains/rnachum/hinfofuns.php' not found or unable to stat
[Tue Feb 17 02:36:16.248836 2026] [php:error] [pid 71872] [client 98.159.43.141:0] script '/domains/rnachum/qfunctions.php' not found or unable to stat
[Tue Feb 17 02:36:16.545350 2026] [php:error] [pid 71872] [client 98.159.43.141:0] script '/domains/rnachum/qinfofuns.php' not found or unable to stat
[Tue Feb 17 02:36:16.787037 2026] [php:error] [pid 71872] [client 98.159.43.141:0] script '/domains/rnachum/thoms.php' not found or unable to stat
[Tue Feb 17 02:36:17.041136 2026] [php:error] [pid 71881] [client 35.247.243.248:0] script '/domains/machinadynamica/adminer-5.0.2-mysql-en.php' not found or unable to stat
[Tue Feb 17 02:36:17.083269 2026] [php:error] [pid 71872] [client 98.159.43.141:0] script '/domains/rnachum/postnews.php' not found or unable to stat
[Tue Feb 17 02:36:17.382286 2026] [php:error] [pid 71872] [client 98.159.43.141:0] script '/domains/rnachum/admin-ajax.php' not found or unable to stat
[Tue Feb 17 02:36:17.651249 2026] [php:error] [pid 71872] [client 98.159.43.141:0] script '/domains/rnachum/link.php' not found or unable to stat
[Tue Feb 17 02:36:17.963005 2026] [php:error] [pid 71872] [client 98.159.43.141:0] script '/domains/rnachum/ms-themes.php' not found or unable to stat
[Tue Feb 17 02:36:18.265921 2026] [php:error] [pid 71872] [client 98.159.43.141:0] script '/domains/rnachum/my-sites.php' not found or unable to stat
[Tue Feb 17 02:36:18.560742 2026] [php:error] [pid 71872] [client 98.159.43.141:0] script '/domains/rnachum/media.php' not found or unable to stat
[Tue Feb 17 02:36:18.868560 2026] [php:error] [pid 71872] [client 98.159.43.141:0] script '/domains/rnachum/nav-menus.php' not found or unable to stat
[Tue Feb 17 02:36:19.244915 2026] [php:error] [pid 71872] [client 98.159.43.141:0] script '/domains/rnachum/menu.php' not found or unable to stat
[Tue Feb 17 02:36:19.567356 2026] [php:error] [pid 71872] [client 98.159.43.141:0] script '/domains/rnachum/options-head.php' not found or unable to stat
[Tue Feb 17 02:36:19.870627 2026] [php:error] [pid 71872] [client 98.159.43.141:0] script '/domains/rnachum/revision.php' not found or unable to stat
[Tue Feb 17 02:36:20.170275 2026] [php:error] [pid 71872] [client 98.159.43.141:0] script '/domains/rnachum/widgets.php' not found or unable to stat
[Tue Feb 17 02:36:20.474602 2026] [php:error] [pid 71872] [client 98.159.43.141:0] script '/domains/rnachum/term.php' not found or unable to stat
[Tue Feb 17 02:36:20.746252 2026] [php:error] [pid 71881] [client 34.96.162.63:0] script '/domains/machinadynamica/adminer-5.3.0-mysql-en.php' not found or unable to stat
[Tue Feb 17 02:36:20.771330 2026] [php:error] [pid 71872] [client 98.159.43.141:0] script '/domains/rnachum/system_log.php' not found or unable to stat
[Tue Feb 17 02:36:22.443706 2026] [php:error] [pid 71877] [client 35.247.243.252:0] script '/domains/machinadynamica/adminer-4.6.2.php' not found or unable to stat
[Tue Feb 17 02:36:22.920025 2026] [php:error] [pid 71878] [client 98.159.43.121:0] script '/domains/rnachum/moded.php' not found or unable to stat
[Tue Feb 17 02:36:23.777303 2026] [php:error] [pid 71878] [client 98.159.43.121:0] script '/domains/rnachum/upgrade.php' not found or unable to stat
[Tue Feb 17 02:36:24.091736 2026] [php:error] [pid 71878] [client 98.159.43.121:0] script '/domains/rnachum/gh.php' not found or unable to stat
[Tue Feb 17 02:36:24.452554 2026] [php:error] [pid 71878] [client 98.159.43.121:0] script '/domains/rnachum/version.php' not found or unable to stat
[Tue Feb 17 02:36:24.674205 2026] [php:error] [pid 71881] [client 35.247.243.240:0] script '/domains/machinadynamica/adminer-4.6.0.php' not found or unable to stat
[Tue Feb 17 02:36:24.771671 2026] [php:error] [pid 71878] [client 98.159.43.121:0] script '/domains/rnachum/head.php' not found or unable to stat
[Tue Feb 17 02:36:25.139469 2026] [php:error] [pid 71878] [client 98.159.43.121:0] script '/domains/rnachum/index1.php' not found or unable to stat
[Tue Feb 17 02:36:25.440412 2026] [php:error] [pid 71878] [client 98.159.43.121:0] script '/domains/rnachum/theme-insqbzk.php' not found or unable to stat
[Tue Feb 17 02:36:25.684919 2026] [php:error] [pid 71878] [client 98.159.43.121:0] script '/domains/rnachum/good.php' not found or unable to stat
[Tue Feb 17 02:36:25.987445 2026] [php:error] [pid 71878] [client 98.159.43.121:0] script '/domains/rnachum/main.php' not found or unable to stat
[Tue Feb 17 02:36:26.639749 2026] [php:error] [pid 71878] [client 98.159.43.121:0] script '/domains/rnachum/wsoyanz.php' not found or unable to stat
[Tue Feb 17 02:36:28.452547 2026] [php:error] [pid 71878] [client 98.159.43.121:0] script '/domains/rnachum/alfa-rex.php' not found or unable to stat
[Tue Feb 17 02:36:30.358932 2026] [php:error] [pid 71869] [client 35.247.243.251:0] script '/domains/machinadynamica/adminer-4.8.1.php' not found or unable to stat
[Tue Feb 17 02:36:31.755548 2026] [php:error] [pid 71869] [client 35.247.243.252:0] script '/domains/machinadynamica/adminer-4.8.1.php' not found or unable to stat
[Tue Feb 17 02:36:31.823730 2026] [php:error] [pid 71877] [client 34.96.162.48:0] script '/domains/machinadynamica/adminer-5.0.2-mysql-en.php' not found or unable to stat
[Tue Feb 17 02:36:34.038878 2026] [php:error] [pid 71886] [client 20.238.87.60:0] script '/domains/rextrav/pass4.php' not found or unable to stat
[Tue Feb 17 02:36:34.111761 2026] [php:error] [pid 71886] [client 20.238.87.60:0] script '/domains/rextrav/term.php' not found or unable to stat
[Tue Feb 17 02:36:34.185239 2026] [php:error] [pid 71886] [client 20.238.87.60:0] script '/domains/rextrav/lp6.php' not found or unable to stat
[Tue Feb 17 02:36:34.254835 2026] [php:error] [pid 71887] [client 35.247.243.248:0] script '/domains/machinadynamica/ADMINER.php' not found or unable to stat
[Tue Feb 17 02:36:34.258206 2026] [php:error] [pid 71886] [client 20.238.87.60:0] script '/domains/rextrav/we.php' not found or unable to stat
[Tue Feb 17 02:36:34.331338 2026] [php:error] [pid 71886] [client 20.238.87.60:0] script '/domains/rextrav/asax.php' not found or unable to stat
[Tue Feb 17 02:36:34.404421 2026] [php:error] [pid 71886] [client 20.238.87.60:0] script '/domains/rextrav/co.php' not found or unable to stat
[Tue Feb 17 02:36:34.477579 2026] [php:error] [pid 71886] [client 20.238.87.60:0] script '/domains/rextrav/wp-k3w6g9s4h2.php' not found or unable to stat
[Tue Feb 17 02:36:34.550864 2026] [php:error] [pid 71886] [client 20.238.87.60:0] script '/domains/rextrav/ahax.php' not found or unable to stat
[Tue Feb 17 02:36:34.623899 2026] [php:error] [pid 71886] [client 20.238.87.60:0] script '/domains/rextrav/Okxob.php' not found or unable to stat
[Tue Feb 17 02:36:34.697289 2026] [php:error] [pid 71886] [client 20.238.87.60:0] script '/domains/rextrav/acfdr.php' not found or unable to stat
[Tue Feb 17 02:36:34.770042 2026] [php:error] [pid 71886] [client 20.238.87.60:0] script '/domains/rextrav/init.php' not found or unable to stat
[Tue Feb 17 02:36:34.857999 2026] [php:error] [pid 71886] [client 20.238.87.60:0] script '/domains/rextrav/themes.php' not found or unable to stat
[Tue Feb 17 02:36:34.930902 2026] [php:error] [pid 71886] [client 20.238.87.60:0] script '/domains/rextrav/ff.php' not found or unable to stat
[Tue Feb 17 02:36:34.963944 2026] [php:error] [pid 71878] [client 98.159.43.121:0] script '/domains/rnachum/cache-compat.php' not found or unable to stat
[Tue Feb 17 02:36:35.003899 2026] [php:error] [pid 71886] [client 20.238.87.60:0] script '/domains/rextrav/ak.php' not found or unable to stat
[Tue Feb 17 02:36:35.076953 2026] [php:error] [pid 71886] [client 20.238.87.60:0] script '/domains/rextrav/bjfl.php' not found or unable to stat
[Tue Feb 17 02:36:35.150355 2026] [php:error] [pid 71886] [client 20.238.87.60:0] script '/domains/rextrav/vx.php' not found or unable to stat
[Tue Feb 17 02:36:35.223774 2026] [php:error] [pid 71886] [client 20.238.87.60:0] script '/domains/rextrav/jga.php' not found or unable to stat
[Tue Feb 17 02:36:35.256597 2026] [php:error] [pid 71878] [client 98.159.43.121:0] script '/domains/rnachum/ajax-actions.php' not found or unable to stat
[Tue Feb 17 02:36:35.296578 2026] [php:error] [pid 71886] [client 20.238.87.60:0] script '/domains/rextrav/a4.php' not found or unable to stat
[Tue Feb 17 02:36:35.442095 2026] [php:error] [pid 71886] [client 20.238.87.60:0] script '/domains/rextrav/inege.php' not found or unable to stat
[Tue Feb 17 02:36:35.842883 2026] [php:error] [pid 71878] [client 98.159.43.121:0] script '/domains/rnachum/wp-consar.php' not found or unable to stat
[Tue Feb 17 02:36:36.992477 2026] [php:error] [pid 71882] [client 34.96.162.62:0] script '/domains/machinadynamica/adminer-4.8.1.php' not found or unable to stat
[Tue Feb 17 02:36:37.373067 2026] [php:error] [pid 71859] [client 34.96.162.50:0] script '/domains/machinadynamica/adminer-5.4.0.php' not found or unable to stat
[Tue Feb 17 02:36:39.289224 2026] [php:error] [pid 71885] [client 35.247.243.251:0] script '/domains/machinadynamica/adminer-5.0.3.php' not found or unable to stat
[Tue Feb 17 02:36:40.173189 2026] [php:error] [pid 71878] [client 98.159.43.121:0] script '/domains/rnachum/sx.php' not found or unable to stat
[Tue Feb 17 02:36:41.672841 2026] [php:error] [pid 71877] [client 35.247.243.250:0] script '/domains/machinadynamica/adminer-5.0.1-mysql-en.php' not found or unable to stat
[Tue Feb 17 02:36:42.678976 2026] [php:error] [pid 71878] [client 98.159.43.121:0] script '/domains/rnachum/web.php' not found or unable to stat
[Tue Feb 17 02:36:43.948684 2026] [php:error] [pid 71878] [client 98.159.43.121:0] script '/domains/rnachum/wp-uploads-config.php' not found or unable to stat
[Tue Feb 17 02:36:47.443275 2026] [php:error] [pid 71878] [client 68.221.64.54:0] script '/domains/tinatina/new4.php' not found or unable to stat
[Tue Feb 17 02:36:47.543333 2026] [php:error] [pid 71878] [client 68.221.64.54:0] script '/domains/tinatina/xoot.php' not found or unable to stat
[Tue Feb 17 02:36:47.587133 2026] [php:error] [pid 71877] [client 98.159.43.147:0] script '/domains/rnachum/upload.php' not found or unable to stat
[Tue Feb 17 02:36:47.627561 2026] [php:error] [pid 71878] [client 68.221.64.54:0] script '/domains/tinatina/er.php' not found or unable to stat
[Tue Feb 17 02:36:47.711087 2026] [php:error] [pid 71878] [client 68.221.64.54:0] script '/domains/tinatina/fault.php' not found or unable to stat
[Tue Feb 17 02:36:47.794498 2026] [php:error] [pid 71878] [client 68.221.64.54:0] script '/domains/tinatina/x2x.php' not found or unable to stat
[Tue Feb 17 02:36:47.889136 2026] [php:error] [pid 71878] [client 68.221.64.54:0] script '/domains/tinatina/motu.php' not found or unable to stat
[Tue Feb 17 02:36:47.980961 2026] [php:error] [pid 71878] [client 68.221.64.54:0] script '/domains/tinatina/66.php' not found or unable to stat
[Tue Feb 17 02:36:48.066316 2026] [php:error] [pid 71878] [client 68.221.64.54:0] script '/domains/tinatina/leuk.php' not found or unable to stat
[Tue Feb 17 02:36:48.150109 2026] [php:error] [pid 71878] [client 68.221.64.54:0] script '/domains/tinatina/bc-456.php' not found or unable to stat
[Tue Feb 17 02:36:48.189893 2026] [php:error] [pid 71877] [client 98.159.43.147:0] script '/domains/rnachum/indeex.php' not found or unable to stat
[Tue Feb 17 02:36:48.233553 2026] [php:error] [pid 71878] [client 68.221.64.54:0] script '/domains/tinatina/wo.php' not found or unable to stat
[Tue Feb 17 02:36:48.320152 2026] [php:error] [pid 71878] [client 68.221.64.54:0] script '/domains/tinatina/bvb.php' not found or unable to stat
[Tue Feb 17 02:36:48.403774 2026] [php:error] [pid 71878] [client 68.221.64.54:0] script '/domains/tinatina/xqq.php' not found or unable to stat
[Tue Feb 17 02:36:48.488347 2026] [php:error] [pid 71878] [client 68.221.64.54:0] script '/domains/tinatina/kolda.php' not found or unable to stat
[Tue Feb 17 02:36:48.561798 2026] [php:error] [pid 71877] [client 98.159.43.147:0] script '/domains/rnachum/dropdown.php' not found or unable to stat
[Tue Feb 17 02:36:48.593661 2026] [php:error] [pid 71878] [client 68.221.64.54:0] script '/domains/tinatina/nw.php' not found or unable to stat
[Tue Feb 17 02:36:48.681815 2026] [php:error] [pid 71878] [client 68.221.64.54:0] script '/domains/tinatina/god.php' not found or unable to stat
[Tue Feb 17 02:36:48.811804 2026] [php:error] [pid 71878] [client 68.221.64.54:0] script '/domains/tinatina/666.php' not found or unable to stat
[Tue Feb 17 02:36:48.911240 2026] [php:error] [pid 71878] [client 68.221.64.54:0] script '/domains/tinatina/kj.php' not found or unable to stat
[Tue Feb 17 02:36:48.998744 2026] [php:error] [pid 71878] [client 68.221.64.54:0] script '/domains/tinatina/un.php' not found or unable to stat
[Tue Feb 17 02:36:49.083707 2026] [php:error] [pid 71878] [client 68.221.64.54:0] script '/domains/tinatina/fs.php' not found or unable to stat
[Tue Feb 17 02:36:49.188103 2026] [php:error] [pid 71878] [client 68.221.64.54:0] script '/domains/tinatina/lts.php' not found or unable to stat
[Tue Feb 17 02:36:49.280490 2026] [php:error] [pid 71878] [client 68.221.64.54:0] script '/domains/tinatina/ms.php' not found or unable to stat
[Tue Feb 17 02:36:49.626173 2026] [php:error] [pid 71878] [client 68.221.64.54:0] script '/domains/tinatina/login8.php' not found or unable to stat
[Tue Feb 17 02:36:49.710126 2026] [php:error] [pid 71878] [client 68.221.64.54:0] script '/domains/tinatina/nnyvn.php' not found or unable to stat
[Tue Feb 17 02:36:49.774509 2026] [php:error] [pid 71877] [client 98.159.43.147:0] script '/domains/rnachum/bs.php' not found or unable to stat
[Tue Feb 17 02:36:49.820992 2026] [php:error] [pid 71878] [client 68.221.64.54:0] script '/domains/tinatina/cu.php' not found or unable to stat
[Tue Feb 17 02:36:49.905211 2026] [php:error] [pid 71878] [client 68.221.64.54:0] script '/domains/tinatina/lul.php' not found or unable to stat
[Tue Feb 17 02:36:50.454419 2026] [php:error] [pid 71877] [client 98.159.43.147:0] script '/domains/rnachum/credits.php' not found or unable to stat
[Tue Feb 17 02:36:50.483494 2026] [php:error] [pid 71878] [client 68.221.64.54:0] script '/domains/tinatina/0.php' not found or unable to stat
[Tue Feb 17 02:36:50.784988 2026] [php:error] [pid 71877] [client 98.159.43.147:0] script '/domains/rnachum/edit-comments.php' not found or unable to stat
[Tue Feb 17 02:36:50.819162 2026] [php:error] [pid 71878] [client 68.221.64.54:0] script '/domains/tinatina/ms-edit.php' not found or unable to stat
[Tue Feb 17 02:36:51.138510 2026] [php:error] [pid 71877] [client 98.159.43.147:0] script '/domains/rnachum/checkbox.php' not found or unable to stat
[Tue Feb 17 02:36:51.394819 2026] [php:error] [pid 71878] [client 68.221.64.54:0] script '/domains/tinatina/ya.php' not found or unable to stat
[Tue Feb 17 02:36:51.449823 2026] [php:error] [pid 71877] [client 98.159.43.147:0] script '/domains/rnachum/export.php' not found or unable to stat
[Tue Feb 17 02:36:51.504009 2026] [php:error] [pid 71878] [client 68.221.64.54:0] script '/domains/tinatina/grsiuk.php' not found or unable to stat
[Tue Feb 17 02:36:51.588266 2026] [php:error] [pid 71878] [client 68.221.64.54:0] script '/domains/tinatina/wp-blog.php' not found or unable to stat
[Tue Feb 17 02:36:51.759692 2026] [php:error] [pid 71877] [client 98.159.43.147:0] script '/domains/rnachum/input.php' not found or unable to stat
[Tue Feb 17 02:36:51.871850 2026] [php:error] [pid 71878] [client 68.221.64.54:0] script '/domains/tinatina/ftem.php' not found or unable to stat
[Tue Feb 17 02:36:51.955858 2026] [php:error] [pid 71878] [client 68.221.64.54:0] script '/domains/tinatina/7wom.php' not found or unable to stat
[Tue Feb 17 02:36:52.039688 2026] [php:error] [pid 71878] [client 68.221.64.54:0] script '/domains/tinatina/wp-access.php' not found or unable to stat
[Tue Feb 17 02:36:52.152618 2026] [php:error] [pid 71878] [client 68.221.64.54:0] script '/domains/tinatina/a1vx.php' not found or unable to stat
[Tue Feb 17 02:36:52.262608 2026] [php:error] [pid 71878] [client 68.221.64.54:0] script '/domains/tinatina/sbhu.php' not found or unable to stat
[Tue Feb 17 02:36:52.352838 2026] [php:error] [pid 71877] [client 98.159.43.147:0] script '/domains/rnachum/load-scripts.php' not found or unable to stat
[Tue Feb 17 02:36:52.380879 2026] [php:error] [pid 71878] [client 68.221.64.54:0] script '/domains/tinatina/wp-the.php' not found or unable to stat
[Tue Feb 17 02:36:52.464663 2026] [php:error] [pid 71878] [client 68.221.64.54:0] script '/domains/tinatina/06.php' not found or unable to stat
[Tue Feb 17 02:36:52.548301 2026] [php:error] [pid 71878] [client 68.221.64.54:0] script '/domains/tinatina/wp5.php' not found or unable to stat
[Tue Feb 17 02:36:52.631704 2026] [php:error] [pid 71878] [client 68.221.64.54:0] script '/domains/tinatina/fot.php' not found or unable to stat
[Tue Feb 17 02:36:52.675038 2026] [php:error] [pid 71877] [client 98.159.43.147:0] script '/domains/rnachum/load-styles.php' not found or unable to stat
[Tue Feb 17 02:36:52.715435 2026] [php:error] [pid 71878] [client 68.221.64.54:0] script '/domains/tinatina/ff1.php' not found or unable to stat
[Tue Feb 17 02:36:52.798935 2026] [php:error] [pid 71878] [client 68.221.64.54:0] script '/domains/tinatina/forbidals.php' not found or unable to stat
[Tue Feb 17 02:36:52.882856 2026] [php:error] [pid 71878] [client 68.221.64.54:0] script '/domains/tinatina/erty.php' not found or unable to stat
[Tue Feb 17 02:36:52.966407 2026] [php:error] [pid 71878] [client 68.221.64.54:0] script '/domains/tinatina/dev1s.php' not found or unable to stat
[Tue Feb 17 02:36:52.992100 2026] [php:error] [pid 71877] [client 98.159.43.147:0] script '/domains/rnachum/options-discussion.php' not found or unable to stat
[Tue Feb 17 02:36:53.074298 2026] [php:error] [pid 71878] [client 68.221.64.54:0] script '/domains/tinatina/ffd.php' not found or unable to stat
[Tue Feb 17 02:36:53.157774 2026] [php:error] [pid 71878] [client 68.221.64.54:0] script '/domains/tinatina/admiin.php' not found or unable to stat
[Tue Feb 17 02:36:53.245398 2026] [php:error] [pid 71878] [client 68.221.64.54:0] script '/domains/tinatina/ol.php' not found or unable to stat
[Tue Feb 17 02:36:53.283390 2026] [php:error] [pid 71877] [client 98.159.43.147:0] script '/domains/rnachum/options-general.php' not found or unable to stat
[Tue Feb 17 02:36:53.445855 2026] [php:error] [pid 71878] [client 68.221.64.54:0] script '/domains/tinatina/Sanskrit.php' not found or unable to stat
[Tue Feb 17 02:36:53.546111 2026] [php:error] [pid 71878] [client 68.221.64.54:0] script '/domains/tinatina/vxrl.php' not found or unable to stat
[Tue Feb 17 02:36:53.584294 2026] [php:error] [pid 71877] [client 98.159.43.147:0] script '/domains/rnachum/options-permalink.php' not found or unable to stat
[Tue Feb 17 02:36:53.630352 2026] [php:error] [pid 71878] [client 68.221.64.54:0] script '/domains/tinatina/re.php' not found or unable to stat
[Tue Feb 17 02:36:53.719403 2026] [php:error] [pid 71878] [client 68.221.64.54:0] script '/domains/tinatina/num.php' not found or unable to stat
[Tue Feb 17 02:36:53.775693 2026] [php:error] [pid 71886] [client 35.247.243.246:0] script '/domains/machinadynamica/adminer-5.0.6-mysql.php' not found or unable to stat
[Tue Feb 17 02:36:53.816036 2026] [php:error] [pid 71878] [client 68.221.64.54:0] script '/domains/tinatina/axx.php' not found or unable to stat
[Tue Feb 17 02:36:53.899549 2026] [php:error] [pid 71878] [client 68.221.64.54:0] script '/domains/tinatina/vxrl.php' not found or unable to stat
[Tue Feb 17 02:36:53.983018 2026] [php:error] [pid 71878] [client 68.221.64.54:0] script '/domains/tinatina/in.php' not found or unable to stat
[Tue Feb 17 02:36:53.988577 2026] [php:error] [pid 71877] [client 98.159.43.147:0] script '/domains/rnachum/options-privacy.php' not found or unable to stat
[Tue Feb 17 02:36:54.066555 2026] [php:error] [pid 71878] [client 68.221.64.54:0] script '/domains/tinatina/style.php' not found or unable to stat
[Tue Feb 17 02:36:54.150607 2026] [php:error] [pid 71878] [client 68.221.64.54:0] script '/domains/tinatina/we.php' not found or unable to stat
[Tue Feb 17 02:36:54.234803 2026] [php:error] [pid 71878] [client 68.221.64.54:0] script '/domains/tinatina/zwso.php' not found or unable to stat
[Tue Feb 17 02:36:54.287730 2026] [php:error] [pid 71877] [client 98.159.43.147:0] script '/domains/rnachum/options-reading.php' not found or unable to stat
[Tue Feb 17 02:36:54.319646 2026] [php:error] [pid 71878] [client 68.221.64.54:0] script '/domains/tinatina/karak.php' not found or unable to stat
[Tue Feb 17 02:36:54.403395 2026] [php:error] [pid 71878] [client 68.221.64.54:0] script '/domains/tinatina/trd.php' not found or unable to stat
[Tue Feb 17 02:36:54.487009 2026] [php:error] [pid 71878] [client 68.221.64.54:0] script '/domains/tinatina/past.php' not found or unable to stat
[Tue Feb 17 02:36:54.572145 2026] [php:error] [pid 71878] [client 68.221.64.54:0] script '/domains/tinatina/prv8.php' not found or unable to stat
[Tue Feb 17 02:36:54.590435 2026] [php:error] [pid 71877] [client 98.159.43.147:0] script '/domains/rnachum/options-writing.php' not found or unable to stat
[Tue Feb 17 02:36:54.657700 2026] [php:error] [pid 71878] [client 68.221.64.54:0] script '/domains/tinatina/i.php' not found or unable to stat
[Tue Feb 17 02:36:54.840216 2026] [php:error] [pid 71878] [client 68.221.64.54:0] script '/domains/tinatina/xmlrpc.php' not found or unable to stat
[Tue Feb 17 02:36:54.882291 2026] [php:error] [pid 71877] [client 98.159.43.147:0] script '/domains/rnachum/post-new.php' not found or unable to stat
[Tue Feb 17 02:36:54.927915 2026] [php:error] [pid 71878] [client 68.221.64.54:0] script '/domains/tinatina/aw.php' not found or unable to stat
[Tue Feb 17 02:36:55.011766 2026] [php:error] [pid 71878] [client 68.221.64.54:0] script '/domains/tinatina/dev.php' not found or unable to stat
[Tue Feb 17 02:36:55.095766 2026] [php:error] [pid 71878] [client 68.221.64.54:0] script '/domains/tinatina/lock360.php' not found or unable to stat
[Tue Feb 17 02:36:55.188957 2026] [php:error] [pid 71877] [client 98.159.43.147:0] script '/domains/rnachum/privacy.php' not found or unable to stat
[Tue Feb 17 02:36:55.206232 2026] [php:error] [pid 71878] [client 68.221.64.54:0] script '/domains/tinatina/155.php' not found or unable to stat
[Tue Feb 17 02:36:55.289928 2026] [php:error] [pid 71878] [client 68.221.64.54:0] script '/domains/tinatina/goat.php' not found or unable to stat
[Tue Feb 17 02:36:55.373587 2026] [php:error] [pid 71878] [client 68.221.64.54:0] script '/domains/tinatina/tcp.php' not found or unable to stat
[Tue Feb 17 02:36:55.469533 2026] [php:error] [pid 71878] [client 68.221.64.54:0] script '/domains/tinatina/ext.php' not found or unable to stat
[Tue Feb 17 02:36:55.493294 2026] [php:error] [pid 71877] [client 98.159.43.147:0] script '/domains/rnachum/profile.php' not found or unable to stat
[Tue Feb 17 02:36:55.554311 2026] [php:error] [pid 71878] [client 68.221.64.54:0] script '/domains/tinatina/inputs.php' not found or unable to stat
[Tue Feb 17 02:36:55.694725 2026] [php:error] [pid 71878] [client 68.221.64.54:0] script '/domains/tinatina/ioxi.php' not found or unable to stat
[Tue Feb 17 02:36:55.772556 2026] [php:error] [pid 71877] [client 98.159.43.147:0] script '/domains/rnachum/site-health.php' not found or unable to stat
[Tue Feb 17 02:36:55.778000 2026] [php:error] [pid 71878] [client 68.221.64.54:0] script '/domains/tinatina/fe5.php' not found or unable to stat
[Tue Feb 17 02:36:55.861326 2026] [php:error] [pid 71878] [client 68.221.64.54:0] script '/domains/tinatina/ov.php' not found or unable to stat
[Tue Feb 17 02:36:55.970917 2026] [php:error] [pid 71878] [client 68.221.64.54:0] script '/domains/tinatina/past1.php' not found or unable to stat
[Tue Feb 17 02:36:56.152531 2026] [php:error] [pid 71878] [client 68.221.64.54:0] script '/domains/tinatina/default.php' not found or unable to stat
[Tue Feb 17 02:36:56.245774 2026] [php:error] [pid 71878] [client 68.221.64.54:0] script '/domains/tinatina/goods.php' not found or unable to stat
[Tue Feb 17 02:36:56.338219 2026] [php:error] [pid 71878] [client 68.221.64.54:0] script '/domains/tinatina/abcd.php' not found or unable to stat
[Tue Feb 17 02:36:56.439813 2026] [php:error] [pid 71878] [client 68.221.64.54:0] script '/domains/tinatina/yos.php' not found or unable to stat
[Tue Feb 17 02:36:56.468870 2026] [php:error] [pid 71877] [client 98.159.43.147:0] script '/domains/rnachum/tools.php' not found or unable to stat
[Tue Feb 17 02:36:56.523483 2026] [php:error] [pid 71878] [client 68.221.64.54:0] script '/domains/tinatina/nope.php' not found or unable to stat
[Tue Feb 17 02:36:56.607002 2026] [php:error] [pid 71878] [client 68.221.64.54:0] script '/domains/tinatina/class.1.php' not found or unable to stat
[Tue Feb 17 02:36:56.696181 2026] [php:error] [pid 71878] [client 68.221.64.54:0] script '/domains/tinatina/file5.php' not found or unable to stat
[Tue Feb 17 02:36:56.779678 2026] [php:error] [pid 71878] [client 68.221.64.54:0] script '/domains/tinatina/async.php' not found or unable to stat
[Tue Feb 17 02:36:56.783964 2026] [php:error] [pid 71877] [client 98.159.43.147:0] script '/domains/rnachum/update-core.php' not found or unable to stat
[Tue Feb 17 02:36:56.863437 2026] [php:error] [pid 71878] [client 68.221.64.54:0] script '/domains/tinatina/ff.php' not found or unable to stat
[Tue Feb 17 02:36:56.947015 2026] [php:error] [pid 71878] [client 68.221.64.54:0] script '/domains/tinatina/ioxi-o.php' not found or unable to stat
[Tue Feb 17 02:36:57.031303 2026] [php:error] [pid 71878] [client 68.221.64.54:0] script '/domains/tinatina/manager.php' not found or unable to stat
[Tue Feb 17 02:36:57.077433 2026] [php:error] [pid 71877] [client 98.159.43.147:0] script '/domains/rnachum/user-edit.php' not found or unable to stat
[Tue Feb 17 02:36:57.115639 2026] [php:error] [pid 71878] [client 68.221.64.54:0] script '/domains/tinatina/wp-update.php' not found or unable to stat
[Tue Feb 17 02:36:57.217779 2026] [php:error] [pid 71878] [client 68.221.64.54:0] script '/domains/tinatina/file.php' not found or unable to stat
[Tue Feb 17 02:36:57.366755 2026] [php:error] [pid 71877] [client 98.159.43.147:0] script '/domains/rnachum/user-new.php' not found or unable to stat
[Tue Feb 17 02:36:57.437409 2026] [php:error] [pid 71878] [client 68.221.64.54:0] script '/domains/tinatina/lc.php' not found or unable to stat
[Tue Feb 17 02:36:57.521354 2026] [php:error] [pid 71878] [client 68.221.64.54:0] script '/domains/tinatina/hexx.php' not found or unable to stat
[Tue Feb 17 02:36:57.604943 2026] [php:error] [pid 71878] [client 68.221.64.54:0] script '/domains/tinatina/cbrfo.php' not found or unable to stat
[Tue Feb 17 02:36:57.671483 2026] [php:error] [pid 71877] [client 98.159.43.147:0] script '/domains/rnachum/wp-cron.php' not found or unable to stat
[Tue Feb 17 02:36:57.688498 2026] [php:error] [pid 71878] [client 68.221.64.54:0] script '/domains/tinatina/inc.php' not found or unable to stat
[Tue Feb 17 02:36:57.771978 2026] [php:error] [pid 71878] [client 68.221.64.54:0] script '/domains/tinatina/gifclass.php' not found or unable to stat
[Tue Feb 17 02:36:57.857188 2026] [php:error] [pid 71878] [client 68.221.64.54:0] script '/domains/tinatina/miansha.php' not found or unable to stat
[Tue Feb 17 02:36:57.948921 2026] [php:error] [pid 71878] [client 68.221.64.54:0] script '/domains/tinatina/tinyfilemanager.php' not found or unable to stat
[Tue Feb 17 02:36:57.994708 2026] [php:error] [pid 71877] [client 98.159.43.147:0] script '/domains/rnachum/bar.php' not found or unable to stat
[Tue Feb 17 02:36:58.035693 2026] [php:error] [pid 71878] [client 68.221.64.54:0] script '/domains/tinatina/xfile25.php' not found or unable to stat
[Tue Feb 17 02:36:58.143813 2026] [php:error] [pid 71878] [client 68.221.64.54:0] script '/domains/tinatina/ok.php' not found or unable to stat
[Tue Feb 17 02:36:58.227675 2026] [php:error] [pid 71878] [client 68.221.64.54:0] script '/domains/tinatina/fi.php' not found or unable to stat
[Tue Feb 17 02:36:58.341860 2026] [php:error] [pid 71877] [client 98.159.43.147:0] script '/domains/rnachum/samll.php' not found or unable to stat
[Tue Feb 17 02:36:58.430085 2026] [php:error] [pid 71882] [client 68.221.64.54:0] script '/domains/tinatina/muzu.php' not found or unable to stat
[Tue Feb 17 02:36:58.523815 2026] [php:error] [pid 71882] [client 68.221.64.54:0] script '/domains/tinatina/reze.php' not found or unable to stat
[Tue Feb 17 02:36:58.608486 2026] [php:error] [pid 71882] [client 68.221.64.54:0] script '/domains/tinatina/styll.php' not found or unable to stat
[Tue Feb 17 02:36:58.680035 2026] [php:error] [pid 71877] [client 98.159.43.147:0] script '/domains/rnachum/webdb.php' not found or unable to stat
[Tue Feb 17 02:36:58.701444 2026] [php:error] [pid 71882] [client 68.221.64.54:0] script '/domains/tinatina/x7.php' not found or unable to stat
[Tue Feb 17 02:36:58.786559 2026] [php:error] [pid 71882] [client 68.221.64.54:0] script '/domains/tinatina/thebe.php' not found or unable to stat
[Tue Feb 17 02:36:58.884492 2026] [php:error] [pid 71882] [client 68.221.64.54:0] script '/domains/tinatina/ddd.php' not found or unable to stat
[Tue Feb 17 02:36:58.970713 2026] [php:error] [pid 71882] [client 68.221.64.54:0] script '/domains/tinatina/ccs.php' not found or unable to stat
[Tue Feb 17 02:36:58.980854 2026] [php:error] [pid 71877] [client 98.159.43.147:0] script '/domains/rnachum/100.php' not found or unable to stat
[Tue Feb 17 02:36:59.060990 2026] [php:error] [pid 71882] [client 68.221.64.54:0] script '/domains/tinatina/bgymj.php' not found or unable to stat
[Tue Feb 17 02:36:59.156599 2026] [php:error] [pid 71882] [client 68.221.64.54:0] script '/domains/tinatina/8xyz.php' not found or unable to stat
[Tue Feb 17 02:36:59.241479 2026] [php:error] [pid 71882] [client 68.221.64.54:0] script '/domains/tinatina/la.php' not found or unable to stat
[Tue Feb 17 02:36:59.339466 2026] [php:error] [pid 71882] [client 68.221.64.54:0] script '/domains/tinatina/ioxi.php' not found or unable to stat
[Tue Feb 17 02:36:59.439011 2026] [php:error] [pid 71882] [client 68.221.64.54:0] script '/domains/tinatina/xpwer1.php' not found or unable to stat
[Tue Feb 17 02:36:59.524335 2026] [php:error] [pid 71882] [client 68.221.64.54:0] script '/domains/tinatina/lala.php' not found or unable to stat
[Tue Feb 17 02:36:59.545411 2026] [php:error] [pid 71877] [client 98.159.43.147:0] script '/domains/rnachum/plugin-install.php' not found or unable to stat
[Tue Feb 17 02:36:59.609293 2026] [php:error] [pid 71882] [client 68.221.64.54:0] script '/domains/tinatina/about.php' not found or unable to stat
[Tue Feb 17 02:36:59.853199 2026] [php:error] [pid 71877] [client 98.159.43.147:0] script '/domains/rnachum/km.php' not found or unable to stat
[Tue Feb 17 02:37:00.052128 2026] [php:error] [pid 71882] [client 68.221.64.54:0] script '/domains/tinatina/info.php' not found or unable to stat
[Tue Feb 17 02:37:00.137612 2026] [php:error] [pid 71882] [client 68.221.64.54:0] script '/domains/tinatina/about.php' not found or unable to stat
[Tue Feb 17 02:37:00.144243 2026] [php:error] [pid 71877] [client 98.159.43.147:0] script '/domains/rnachum/LA.php' not found or unable to stat
[Tue Feb 17 02:37:00.387872 2026] [php:error] [pid 71882] [client 68.221.64.54:0] script '/domains/tinatina/222.php' not found or unable to stat
[Tue Feb 17 02:37:00.472483 2026] [php:error] [pid 71882] [client 68.221.64.54:0] script '/domains/tinatina/adminfuns.php' not found or unable to stat
[Tue Feb 17 02:37:00.497097 2026] [php:error] [pid 71877] [client 98.159.43.147:0] script '/domains/rnachum/wp-good.php' not found or unable to stat
[Tue Feb 17 02:37:00.641843 2026] [php:error] [pid 71882] [client 68.221.64.54:0] script '/domains/tinatina/xx.php' not found or unable to stat
[Tue Feb 17 02:37:00.877664 2026] [php:error] [pid 71882] [client 68.221.64.54:0] script '/domains/tinatina/f5.php' not found or unable to stat
[Tue Feb 17 02:37:00.963146 2026] [php:error] [pid 71882] [client 68.221.64.54:0] script '/domains/tinatina/flower.php' not found or unable to stat
[Tue Feb 17 02:37:01.023356 2026] [php:error] [pid 71877] [client 98.159.43.147:0] script '/domains/rnachum/wp-ldd.php' not found or unable to stat
[Tue Feb 17 02:37:01.068837 2026] [php:error] [pid 71882] [client 68.221.64.54:0] script '/domains/tinatina/f6.php' not found or unable to stat
[Tue Feb 17 02:37:01.166180 2026] [php:error] [pid 71882] [client 68.221.64.54:0] script '/domains/tinatina/edit.php' not found or unable to stat
[Tue Feb 17 02:37:01.250964 2026] [php:error] [pid 71882] [client 68.221.64.54:0] script '/domains/tinatina/aa.php' not found or unable to stat
[Tue Feb 17 02:37:01.391350 2026] [php:error] [pid 71877] [client 98.159.43.147:0] script '/domains/rnachum/sgd.php' not found or unable to stat
[Tue Feb 17 02:37:01.528537 2026] [php:error] [pid 71882] [client 68.221.64.54:0] script '/domains/tinatina/av.php' not found or unable to stat
[Tue Feb 17 02:37:01.718099 2026] [php:error] [pid 71882] [client 68.221.64.54:0] script '/domains/tinatina/wsd.php' not found or unable to stat
[Tue Feb 17 02:37:01.718807 2026] [php:error] [pid 71877] [client 98.159.43.147:0] script '/domains/rnachum/wzy.php' not found or unable to stat
[Tue Feb 17 02:37:01.804299 2026] [php:error] [pid 71882] [client 68.221.64.54:0] script '/domains/tinatina/jane.php' not found or unable to stat
[Tue Feb 17 02:37:01.889534 2026] [php:error] [pid 71882] [client 68.221.64.54:0] script '/domains/tinatina/css.php' not found or unable to stat
[Tue Feb 17 02:37:01.931902 2026] [php:error] [pid 71886] [client 35.247.243.243:0] script '/domains/machinadynamica/adminer-5.2.0-en.php' not found or unable to stat
[Tue Feb 17 02:37:01.974156 2026] [php:error] [pid 71882] [client 68.221.64.54:0] script '/domains/tinatina/alfa.php' not found or unable to stat
[Tue Feb 17 02:37:02.063665 2026] [php:error] [pid 71882] [client 68.221.64.54:0] script '/domains/tinatina/wen.php' not found or unable to stat
[Tue Feb 17 02:37:02.165080 2026] [php:error] [pid 71882] [client 68.221.64.54:0] script '/domains/tinatina/x.php' not found or unable to stat
[Tue Feb 17 02:37:02.256028 2026] [php:error] [pid 71882] [client 68.221.64.54:0] script '/domains/tinatina/xxxx.php' not found or unable to stat
[Tue Feb 17 02:37:02.355400 2026] [php:error] [pid 71882] [client 68.221.64.54:0] script '/domains/tinatina/class.php' not found or unable to stat
[Tue Feb 17 02:37:02.440123 2026] [php:error] [pid 71882] [client 68.221.64.54:0] script '/domains/tinatina/f35.php' not found or unable to stat
[Tue Feb 17 02:37:02.687725 2026] [php:error] [pid 71877] [client 98.159.43.147:0] script '/domains/rnachum/chosen.php' not found or unable to stat
[Tue Feb 17 02:37:02.804069 2026] [php:error] [pid 71882] [client 68.221.64.54:0] script '/domains/tinatina/class-t.api.php' not found or unable to stat
[Tue Feb 17 02:37:02.888439 2026] [php:error] [pid 71882] [client 68.221.64.54:0] script '/domains/tinatina/blurbs18.php' not found or unable to stat
[Tue Feb 17 02:37:03.449570 2026] [php:error] [pid 71877] [client 98.159.43.147:0] script '/domains/rnachum/wp-signup.php' not found or unable to stat
[Tue Feb 17 02:37:03.662131 2026] [php:error] [pid 71882] [client 68.221.64.54:0] script '/domains/tinatina/bless11.php' not found or unable to stat
[Tue Feb 17 02:37:03.747723 2026] [php:error] [pid 71882] [client 68.221.64.54:0] script '/domains/tinatina/init.php' not found or unable to stat
[Tue Feb 17 02:37:03.917704 2026] [php:error] [pid 71882] [client 68.221.64.54:0] script '/domains/tinatina/k.php' not found or unable to stat
[Tue Feb 17 02:37:04.003802 2026] [php:error] [pid 71882] [client 68.221.64.54:0] script '/domains/tinatina/bless.php' not found or unable to stat
[Tue Feb 17 02:37:04.089152 2026] [php:error] [pid 71882] [client 68.221.64.54:0] script '/domains/tinatina/X7x.php' not found or unable to stat
[Tue Feb 17 02:37:04.174062 2026] [php:error] [pid 71882] [client 68.221.64.54:0] script '/domains/tinatina/166.php' not found or unable to stat
[Tue Feb 17 02:37:04.268290 2026] [php:error] [pid 71882] [client 68.221.64.54:0] script '/domains/tinatina/plss3.php' not found or unable to stat
[Tue Feb 17 02:37:04.533986 2026] [php:error] [pid 71882] [client 68.221.64.54:0] script '/domains/tinatina/admins.php' not found or unable to stat
[Tue Feb 17 02:37:04.651148 2026] [php:error] [pid 71882] [client 68.221.64.54:0] script '/domains/tinatina/wp.php' not found or unable to stat
[Tue Feb 17 02:37:04.672091 2026] [php:error] [pid 71877] [client 98.159.43.147:0] script '/domains/rnachum/class.php' not found or unable to stat
[Tue Feb 17 02:37:04.919334 2026] [php:error] [pid 71882] [client 68.221.64.54:0] script '/domains/tinatina/main.php' not found or unable to stat
[Tue Feb 17 02:37:05.011388 2026] [php:error] [pid 71882] [client 68.221.64.54:0] script '/domains/tinatina/a1.php' not found or unable to stat
[Tue Feb 17 02:37:05.122898 2026] [php:error] [pid 71882] [client 68.221.64.54:0] script '/domains/tinatina/lala.php' not found or unable to stat
[Tue Feb 17 02:37:05.268604 2026] [php:error] [pid 71882] [client 68.221.64.54:0] script '/domains/tinatina/aaa.php' not found or unable to stat
