[Tue Feb 17 02:15:05.920145 2026] [php:error] [pid 71663] [client 34.96.162.56:0] script '/domains/machinadynamica/phpminiadmin.php' not found or unable to stat
[Tue Feb 17 02:15:13.450946 2026] [php:error] [pid 71671] [client 34.96.162.63:0] script '/domains/machinadynamica/adminer-5.4.1.php' not found or unable to stat
[Tue Feb 17 02:15:13.452790 2026] [php:error] [pid 71672] [client 34.96.162.55:0] script '/domains/machinadynamica/adminer-4.7.0.php' not found or unable to stat
[Tue Feb 17 02:15:13.454228 2026] [php:error] [pid 71672] [client 34.96.162.61:0] script '/domains/machinadynamica/sql.php' not found or unable to stat
[Tue Feb 17 02:15:13.458049 2026] [php:error] [pid 71673] [client 34.96.162.63:0] script '/domains/machinadynamica/adminer-5.4.1.php' not found or unable to stat
[Tue Feb 17 02:15:13.695859 2026] [php:error] [pid 71672] [client 34.96.162.55:0] script '/domains/machinadynamica/adminer-4.7.0.php' not found or unable to stat
[Tue Feb 17 02:15:13.932352 2026] [php:error] [pid 71672] [client 34.96.162.61:0] script '/domains/machinadynamica/sql.php' not found or unable to stat
[Tue Feb 17 02:15:14.141772 2026] [php:error] [pid 71673] [client 35.247.243.249:0] script '/domains/machinadynamica/adminer-5.1.1-mysql-en.php' not found or unable to stat
[Tue Feb 17 02:15:26.311862 2026] [php:error] [pid 71669] [client 35.247.243.245:0] script '/domains/machinadynamica/adminer-5.0.6-mysql.php' not found or unable to stat
[Tue Feb 17 02:15:35.139629 2026] [php:error] [pid 66017] [client 34.96.162.50:0] script '/domains/machinadynamica/Adminer.php' not found or unable to stat
[Tue Feb 17 02:15:36.636416 2026] [php:error] [pid 71664] [client 34.96.162.62:0] script '/domains/machinadynamica/adminer-5.0.4.php' not found or unable to stat
[Tue Feb 17 02:15:52.761837 2026] [php:error] [pid 71663] [client 35.247.243.244:0] script '/domains/machinadynamica/adminer-5.0.3-mysql.php' not found or unable to stat
[Tue Feb 17 02:15:55.255608 2026] [php:error] [pid 71664] [client 35.247.243.242:0] script '/domains/machinadynamica/DB.php' not found or unable to stat
[Tue Feb 17 02:16:02.506823 2026] [php:error] [pid 71680] [client 34.96.162.62:0] script '/domains/machinadynamica/adminer-4.8.1.php' not found or unable to stat
[Tue Feb 17 02:16:02.543137 2026] [php:error] [pid 71681] [client 35.247.243.254:0] script '/domains/machinadynamica/adminer-4.6.0.php' not found or unable to stat
[Tue Feb 17 02:16:11.991158 2026] [php:error] [pid 71664] [client 34.96.162.50:0] script '/domains/machinadynamica/adminer-5.1.0-en.php' not found or unable to stat
[Tue Feb 17 02:16:13.135918 2026] [php:error] [pid 66017] [client 34.96.162.53:0] script '/domains/machinadynamica/adminer-5.2.0-en.php' not found or unable to stat
[Tue Feb 17 02:16:20.434032 2026] [php:error] [pid 71681] [client 34.96.162.56:0] script '/domains/machinadynamica/adminer-5.0.5-en.php' not found or unable to stat
[Tue Feb 17 02:16:23.701880 2026] [php:error] [pid 71681] [client 35.247.243.241:0] script '/domains/machinadynamica/adminer-5.1.1.php' not found or unable to stat
[Tue Feb 17 02:16:26.479727 2026] [php:error] [pid 71683] [client 35.247.243.252:0] script '/domains/machinadynamica/adminer-5.0.3-en.php' not found or unable to stat
[Tue Feb 17 02:16:45.320124 2026] [authz_core:error] [pid 71664] [client 162.216.16.109:0] AH01630: client denied by server configuration: /
[Tue Feb 17 02:16:51.353762 2026] [authz_core:error] [pid 71664] [client 162.216.16.109:0] AH01630: client denied by server configuration: /
[Tue Feb 17 02:16:51.597741 2026] [php:error] [pid 71683] [client 162.216.16.109:0] script '/domains/thewalshgroup/login.php' not found or unable to stat
[Tue Feb 17 02:16:52.765677 2026] [php:error] [pid 71672] [client 162.216.16.109:0] script '/domains/thewalshgroup/login.php' not found or unable to stat
[Tue Feb 17 02:16:53.744951 2026] [cgi:error] [pid 71683] [client 162.216.16.109:0] AH02811: stderr from /domains/thewalshgroup/webportal.cgi: script not found or unable to stat
[Tue Feb 17 02:16:54.113832 2026] [cgi:error] [pid 71664] [client 162.216.16.109:0] AH02811: stderr from /domains/thewalshgroup/webportal.cgi: script not found or unable to stat
[Tue Feb 17 02:16:55.646126 2026] [php:error] [pid 71681] [client 35.247.243.255:0] script '/domains/machinadynamica/adminer-5.0.6-mysql-en.php' not found or unable to stat
[Tue Feb 17 02:16:56.362007 2026] [authz_core:error] [pid 71664] [client 162.216.16.109:0] AH01630: client denied by server configuration: /
[Tue Feb 17 02:16:56.363833 2026] [authz_core:error] [pid 71683] [client 162.216.16.109:0] AH01630: client denied by server configuration: /
[Tue Feb 17 02:17:01.349038 2026] [php:error] [pid 71683] [client 34.96.162.58:0] script '/domains/machinadynamica/adminer-5.0.2-mysql-en.php' not found or unable to stat
[Tue Feb 17 02:17:10.911956 2026] [php:error] [pid 71684] [client 35.247.243.255:0] script '/domains/machinadynamica/adminer-5.3.0-mysql-en.php' not found or unable to stat
[Tue Feb 17 02:17:11.563639 2026] [php:error] [pid 71684] [client 34.96.162.49:0] script '/domains/machinadynamica/adminer-4.2.1.php' not found or unable to stat
[Tue Feb 17 02:17:12.037406 2026] [php:error] [pid 71684] [client 34.96.162.63:0] script '/domains/machinadynamica/adminer-4.7.0.php' not found or unable to stat
[Tue Feb 17 02:17:23.664207 2026] [php:error] [pid 71672] [client 35.247.243.244:0] script '/domains/machinadynamica/adminer-5.2.0-mysql.php' not found or unable to stat
[Tue Feb 17 02:17:31.086792 2026] [core:crit] [pid 71685] (13)Permission denied: [client 47.128.49.108:0] AH00529: /domains/performancepartsinc/graphics/psd/.htaccess pcfg_openfile: unable to check htaccess file, ensure it is readable and that '/domains/performancepartsinc/graphics/psd/' is executable
[Tue Feb 17 02:17:42.937275 2026] [php:error] [pid 71681] [client 34.96.162.62:0] script '/domains/machinadynamica/adminer-5.2.1.php' not found or unable to stat
[Tue Feb 17 02:17:44.955734 2026] [php:error] [pid 71685] [client 35.247.243.247:0] script '/domains/machinadynamica/adminer-4.8.1.php' not found or unable to stat
[Tue Feb 17 02:17:46.959947 2026] [php:error] [pid 71664] [client 35.247.243.248:0] script '/domains/machinadynamica/adminer-4.6.2.php' not found or unable to stat
[Tue Feb 17 02:17:48.128689 2026] [php:error] [pid 71664] [client 34.96.162.49:0] script '/domains/machinadynamica/adminer-5.0.3-mysql.php' not found or unable to stat
[Tue Feb 17 02:17:50.031584 2026] [php:error] [pid 71692] [client 35.247.243.247:0] script '/domains/machinadynamica/adminer-4.6.0.php' not found or unable to stat
[Tue Feb 17 02:17:54.247146 2026] [php:error] [pid 71664] [client 35.247.243.254:0] script '/domains/machinadynamica/adminer-5.2.1.php' not found or unable to stat
[Tue Feb 17 02:17:54.415670 2026] [php:error] [pid 71689] [client 35.247.243.250:0] script '/domains/machinadynamica/db.php' not found or unable to stat
[Tue Feb 17 02:18:02.294085 2026] [php:error] [pid 71672] [client 34.96.162.53:0] script '/domains/machinadynamica/adminer-4.6.0.php' not found or unable to stat
[Tue Feb 17 02:18:08.443902 2026] [php:error] [pid 71664] [client 34.96.162.62:0] script '/domains/machinadynamica/adminer-5.1.0.php' not found or unable to stat
[Tue Feb 17 02:18:29.575347 2026] [core:error] [pid 71672] [client 167.86.109.193:0] AH10244: invalid URI path (/cgi-bin/.%2e/.%2e/.%2e/.%2e/.%2e/.%2e/.%2e/.%2e/.%2e/.%2e/bin/sh)
[Tue Feb 17 02:18:30.120034 2026] [core:error] [pid 71694] [client 167.86.109.193:0] AH10244: invalid URI path (/cgi-bin/%%32%65%%32%65/%%32%65%%32%65/%%32%65%%32%65/%%32%65%%32%65/%%32%65%%32%65/%%32%65%%32%65/%%32%65%%32%65/bin/sh)
[Tue Feb 17 02:18:31.574447 2026] [php:error] [pid 71695] [client 35.247.243.250:0] script '/domains/machinadynamica/phpminiadmin.php' not found or unable to stat
[Tue Feb 17 02:18:32.831117 2026] [php:error] [pid 71696] [client 34.96.162.54:0] script '/domains/machinadynamica/adminer-5.1.0-mysql.php' not found or unable to stat
[Tue Feb 17 02:18:33.114029 2026] [php:error] [pid 71697] [client 20.100.191.215:0] script '/domains/vangoghagainweb/pass4.php' not found or unable to stat
[Tue Feb 17 02:18:33.210077 2026] [php:error] [pid 71697] [client 20.100.191.215:0] script '/domains/vangoghagainweb/term.php' not found or unable to stat
[Tue Feb 17 02:18:33.312315 2026] [php:error] [pid 71697] [client 20.100.191.215:0] script '/domains/vangoghagainweb/lp6.php' not found or unable to stat
[Tue Feb 17 02:18:33.408644 2026] [php:error] [pid 71697] [client 20.100.191.215:0] script '/domains/vangoghagainweb/we.php' not found or unable to stat
[Tue Feb 17 02:18:33.504075 2026] [php:error] [pid 71697] [client 20.100.191.215:0] script '/domains/vangoghagainweb/asax.php' not found or unable to stat
[Tue Feb 17 02:18:33.611812 2026] [php:error] [pid 71697] [client 20.100.191.215:0] script '/domains/vangoghagainweb/co.php' not found or unable to stat
[Tue Feb 17 02:18:33.707258 2026] [php:error] [pid 71697] [client 20.100.191.215:0] script '/domains/vangoghagainweb/wp-k3w6g9s4h2.php' not found or unable to stat
[Tue Feb 17 02:18:33.803410 2026] [php:error] [pid 71697] [client 20.100.191.215:0] script '/domains/vangoghagainweb/ahax.php' not found or unable to stat
[Tue Feb 17 02:18:33.899020 2026] [php:error] [pid 71697] [client 20.100.191.215:0] script '/domains/vangoghagainweb/Okxob.php' not found or unable to stat
[Tue Feb 17 02:18:34.199324 2026] [php:error] [pid 71697] [client 20.100.191.215:0] script '/domains/vangoghagainweb/acfdr.php' not found or unable to stat
[Tue Feb 17 02:18:34.294621 2026] [php:error] [pid 71697] [client 20.100.191.215:0] script '/domains/vangoghagainweb/init.php' not found or unable to stat
[Tue Feb 17 02:18:34.389701 2026] [php:error] [pid 71697] [client 20.100.191.215:0] script '/domains/vangoghagainweb/themes.php' not found or unable to stat
[Tue Feb 17 02:18:34.503652 2026] [php:error] [pid 71697] [client 20.100.191.215:0] script '/domains/vangoghagainweb/ff.php' not found or unable to stat
[Tue Feb 17 02:18:34.598850 2026] [php:error] [pid 71697] [client 20.100.191.215:0] script '/domains/vangoghagainweb/ak.php' not found or unable to stat
[Tue Feb 17 02:18:34.693837 2026] [php:error] [pid 71697] [client 20.100.191.215:0] script '/domains/vangoghagainweb/bjfl.php' not found or unable to stat
[Tue Feb 17 02:18:34.788989 2026] [php:error] [pid 71697] [client 20.100.191.215:0] script '/domains/vangoghagainweb/vx.php' not found or unable to stat
[Tue Feb 17 02:18:35.046908 2026] [php:error] [pid 71697] [client 20.100.191.215:0] script '/domains/vangoghagainweb/jga.php' not found or unable to stat
[Tue Feb 17 02:18:35.149864 2026] [php:error] [pid 71697] [client 20.100.191.215:0] script '/domains/vangoghagainweb/a4.php' not found or unable to stat
[Tue Feb 17 02:18:35.350506 2026] [php:error] [pid 71697] [client 20.100.191.215:0] script '/domains/vangoghagainweb/inege.php' not found or unable to stat
[Tue Feb 17 02:18:38.597768 2026] [php:error] [pid 71695] [client 4.232.88.90:0] script '/domains/system_suspended/pass4.php' not found or unable to stat
[Tue Feb 17 02:18:38.687470 2026] [php:error] [pid 71695] [client 4.232.88.90:0] script '/domains/system_suspended/term.php' not found or unable to stat
[Tue Feb 17 02:18:38.777650 2026] [php:error] [pid 71695] [client 4.232.88.90:0] script '/domains/system_suspended/lp6.php' not found or unable to stat
[Tue Feb 17 02:18:38.869869 2026] [php:error] [pid 71695] [client 4.232.88.90:0] script '/domains/system_suspended/we.php' not found or unable to stat
[Tue Feb 17 02:18:38.995233 2026] [php:error] [pid 71695] [client 4.232.88.90:0] script '/domains/system_suspended/asax.php' not found or unable to stat
[Tue Feb 17 02:18:39.085026 2026] [php:error] [pid 71695] [client 4.232.88.90:0] script '/domains/system_suspended/co.php' not found or unable to stat
[Tue Feb 17 02:18:39.175719 2026] [php:error] [pid 71695] [client 4.232.88.90:0] script '/domains/system_suspended/wp-k3w6g9s4h2.php' not found or unable to stat
[Tue Feb 17 02:18:39.282098 2026] [php:error] [pid 71695] [client 4.232.88.90:0] script '/domains/system_suspended/ahax.php' not found or unable to stat
[Tue Feb 17 02:18:39.384154 2026] [php:error] [pid 71695] [client 4.232.88.90:0] script '/domains/system_suspended/Okxob.php' not found or unable to stat
[Tue Feb 17 02:18:39.506647 2026] [php:error] [pid 71695] [client 4.232.88.90:0] script '/domains/system_suspended/acfdr.php' not found or unable to stat
[Tue Feb 17 02:18:39.596944 2026] [php:error] [pid 71695] [client 4.232.88.90:0] script '/domains/system_suspended/init.php' not found or unable to stat
[Tue Feb 17 02:18:39.691759 2026] [php:error] [pid 71695] [client 4.232.88.90:0] script '/domains/system_suspended/themes.php' not found or unable to stat
[Tue Feb 17 02:18:39.782243 2026] [php:error] [pid 71695] [client 4.232.88.90:0] script '/domains/system_suspended/ff.php' not found or unable to stat
[Tue Feb 17 02:18:39.890856 2026] [php:error] [pid 71695] [client 4.232.88.90:0] script '/domains/system_suspended/ak.php' not found or unable to stat
[Tue Feb 17 02:18:39.995118 2026] [php:error] [pid 71695] [client 4.232.88.90:0] script '/domains/system_suspended/bjfl.php' not found or unable to stat
[Tue Feb 17 02:18:40.134632 2026] [php:error] [pid 71695] [client 4.232.88.90:0] script '/domains/system_suspended/vx.php' not found or unable to stat
[Tue Feb 17 02:18:40.280525 2026] [php:error] [pid 71695] [client 4.232.88.90:0] script '/domains/system_suspended/jga.php' not found or unable to stat
[Tue Feb 17 02:18:40.389826 2026] [php:error] [pid 71695] [client 4.232.88.90:0] script '/domains/system_suspended/a4.php' not found or unable to stat
[Tue Feb 17 02:18:40.719923 2026] [php:error] [pid 71695] [client 4.232.88.90:0] script '/domains/system_suspended/inege.php' not found or unable to stat
[Tue Feb 17 02:18:41.316362 2026] [php:error] [pid 71696] [client 35.247.243.251:0] script '/domains/machinadynamica/adminer-5.3.0-mysql-en.php' not found or unable to stat
[Tue Feb 17 02:18:47.304671 2026] [php:error] [pid 71694] [client 167.86.109.193:0] script '/domains/system_default/index.php' not found or unable to stat
[Tue Feb 17 02:18:47.616570 2026] [php:error] [pid 71697] [client 34.96.162.56:0] script '/domains/machinadynamica/adminer-5.3.0.php' not found or unable to stat
[Tue Feb 17 02:18:48.597751 2026] [php:error] [pid 71694] [client 167.86.109.193:0] script '/domains/system_default/index.php' not found or unable to stat
[Tue Feb 17 02:18:49.217916 2026] [php:error] [pid 71694] [client 167.86.109.193:0] script '/domains/system_default/index.php' not found or unable to stat
[Tue Feb 17 02:18:56.886918 2026] [php:error] [pid 71672] [client 117.68.86.161:0] script '/domains/fryer/a.php' not found or unable to stat, referer: http://www.fryer.com/a.php
[Tue Feb 17 02:19:01.654945 2026] [php:error] [pid 71696] [client 35.247.243.240:0] script '/domains/machinadynamica/adminer-4.7.0.php' not found or unable to stat
[Tue Feb 17 02:19:05.923102 2026] [php:error] [pid 71698] [client 35.247.243.250:0] script '/domains/machinadynamica/adminer-5.1.1-mysql-en.php' not found or unable to stat
[Tue Feb 17 02:19:06.675703 2026] [php:error] [pid 71672] [client 35.247.243.241:0] script '/domains/machinadynamica/adminer-4.1.0.php' not found or unable to stat
[Tue Feb 17 02:19:10.379117 2026] [php:error] [pid 71696] [client 34.96.162.55:0] script '/domains/machinadynamica/adminer-5.4.0-mysql.php' not found or unable to stat
[Tue Feb 17 02:19:10.755625 2026] [php:error] [pid 71695] [client 34.96.162.51:0] script '/domains/machinadynamica/adminer-5.2.1-mysql.php' not found or unable to stat
[Tue Feb 17 02:19:14.040984 2026] [php:error] [pid 71696] [client 145.239.10.137:0] script '/domains/wsmith.enteract/n.php' not found or unable to stat, referer: http://etc.com/n.php
[Tue Feb 17 02:19:24.619113 2026] [php:error] [pid 71689] [client 34.96.162.55:0] script '/domains/machinadynamica/adminer-5.0.3-en.php' not found or unable to stat
[Tue Feb 17 02:19:26.145416 2026] [php:error] [pid 71689] [client 35.247.243.253:0] script '/domains/machinadynamica/adminer-5.4.1-en.php' not found or unable to stat
[Tue Feb 17 02:19:33.167549 2026] [php:error] [pid 71695] [client 35.247.243.242:0] script '/domains/machinadynamica/adminer-4.6.0.php' not found or unable to stat
[Tue Feb 17 02:19:35.534383 2026] [php:error] [pid 71699] [client 34.96.162.54:0] script '/domains/machinadynamica/adminer-5.2.0-mysql.php' not found or unable to stat
[Tue Feb 17 02:19:48.335944 2026] [php:error] [pid 71702] [client 35.247.243.246:0] script '/domains/machinadynamica/adminer-5.4.0.php' not found or unable to stat
[Tue Feb 17 02:20:02.009346 2026] [php:error] [pid 71689] [client 35.247.243.247:0] script '/domains/machinadynamica/adminer-5.4.0.php' not found or unable to stat
[Tue Feb 17 02:20:02.845659 2026] [php:error] [pid 71700] [client 34.96.162.61:0] script '/domains/machinadynamica/adminer-5.1.0-en.php' not found or unable to stat
[Tue Feb 17 02:20:08.824803 2026] [php:error] [pid 71699] [client 35.247.243.253:0] script '/domains/machinadynamica/adminer-5.4.0-en.php' not found or unable to stat
[Tue Feb 17 02:20:10.961447 2026] [php:error] [pid 71689] [client 35.247.243.247:0] script '/domains/machinadynamica/adminer-5.1.1.php' not found or unable to stat
[Tue Feb 17 02:20:20.441332 2026] [php:error] [pid 71672] [client 34.96.162.62:0] script '/domains/machinadynamica/adminer-5.4.0-mysql.php' not found or unable to stat
[Tue Feb 17 02:20:29.066845 2026] [php:error] [pid 71709] [client 34.96.162.53:0] script '/domains/machinadynamica/adminer-4.8.1.php' not found or unable to stat
[Tue Feb 17 02:20:29.068688 2026] [php:error] [pid 71708] [client 34.96.162.62:0] script '/domains/machinadynamica/adminer-5.0.3-mysql.php' not found or unable to stat
[Tue Feb 17 02:20:35.695199 2026] [php:error] [pid 71708] [client 35.247.243.248:0] script '/domains/machinadynamica/adminer-5.4.0-mysql-en.php' not found or unable to stat
[Tue Feb 17 02:20:35.698405 2026] [php:error] [pid 71699] [client 34.96.162.61:0] script '/domains/machinadynamica/adminer-4.5.0.php' not found or unable to stat
[Tue Feb 17 02:20:39.122876 2026] [php:error] [pid 71702] [client 35.247.243.240:0] script '/domains/machinadynamica/adminer-5.2.1-mysql-en.php' not found or unable to stat
[Tue Feb 17 02:20:40.776154 2026] [php:error] [pid 71708] [client 34.96.162.52:0] script '/domains/machinadynamica/adminer-5.0.6-en.php' not found or unable to stat
[Tue Feb 17 02:20:47.714027 2026] [php:error] [pid 71706] [client 35.247.243.244:0] script '/domains/machinadynamica/adminer-4.2.0.php' not found or unable to stat
[Tue Feb 17 02:20:48.902672 2026] [php:error] [pid 71711] [client 35.247.243.255:0] script '/domains/machinadynamica/adminer-4.8.1-en.php' not found or unable to stat
[Tue Feb 17 02:20:49.610270 2026] [php:error] [pid 71706] [client 34.96.162.51:0] script '/domains/machinadynamica/adminer-5.0.6-mysql-en.php' not found or unable to stat
[Tue Feb 17 02:20:50.290049 2026] [core:crit] [pid 71699] (13)Permission denied: [client 114.119.157.82:0] AH00529: /domains/performancepartsinc/graphics/psd/.htaccess pcfg_openfile: unable to check htaccess file, ensure it is readable and that '/domains/performancepartsinc/graphics/psd/' is executable, referer: http://www.performancepartsinc.com/graphics/psd/q.php?%2Fcraigslist-santa-cruz-personal-men-seeking-women%2F
[Tue Feb 17 02:20:53.868769 2026] [php:error] [pid 71709] [client 34.96.162.54:0] script '/domains/machinadynamica/adminer-5.0.6.php' not found or unable to stat
[Tue Feb 17 02:20:55.785593 2026] [php:error] [pid 71702] [client 34.96.162.63:0] script '/domains/machinadynamica/adminer.php' not found or unable to stat
[Tue Feb 17 02:20:59.370212 2026] [php:error] [pid 71702] [client 35.247.243.247:0] script '/domains/machinadynamica/adminer-4.6.2.php' not found or unable to stat
[Tue Feb 17 02:21:03.816637 2026] [php:error] [pid 71714] [client 35.247.243.255:0] script '/domains/machinadynamica/adminer-5.0.4-mysql-en.php' not found or unable to stat
[Tue Feb 17 02:21:04.691893 2026] [php:error] [pid 71709] [client 34.96.162.61:0] script '/domains/machinadynamica/adminer-4.3.0.php' not found or unable to stat
[Tue Feb 17 02:21:13.698559 2026] [php:error] [pid 71708] [client 34.96.162.50:0] script '/domains/machinadynamica/__adm.php' not found or unable to stat
[Tue Feb 17 02:21:15.915011 2026] [php:error] [pid 71716] [client 35.247.243.250:0] script '/domains/machinadynamica/adminer-4.7.0.php' not found or unable to stat
[Tue Feb 17 02:21:23.204042 2026] [php:error] [pid 71712] [client 34.96.162.53:0] script '/domains/machinadynamica/adminer-4.7.1.php' not found or unable to stat
[Tue Feb 17 02:21:29.989114 2026] [php:error] [pid 71711] [client 35.247.243.240:0] script '/domains/machinadynamica/adminer-5.0.1-mysql-en.php' not found or unable to stat
[Tue Feb 17 02:21:32.026375 2026] [php:error] [pid 71718] [client 34.96.162.58:0] script '/domains/machinadynamica/adminer-5.0.4-mysql.php' not found or unable to stat
[Tue Feb 17 02:21:33.359247 2026] [php:error] [pid 71720] [client 34.96.162.52:0] script '/domains/machinadynamica/adminer-5.3.0-mysql.php' not found or unable to stat
[Tue Feb 17 02:22:00.278454 2026] [php:error] [pid 71712] [client 35.247.243.251:0] script '/domains/machinadynamica/adminer-4.6.1.php' not found or unable to stat
[Tue Feb 17 02:22:00.361452 2026] [core:crit] [pid 71718] (13)Permission denied: [client 44.208.193.63:0] AH00529: /domains/performancepartsinc/graphics/psd/.htaccess pcfg_openfile: unable to check htaccess file, ensure it is readable and that '/domains/performancepartsinc/graphics/psd/' is executable
[Tue Feb 17 02:22:16.822140 2026] [php:error] [pid 71729] [client 34.96.162.58:0] script '/domains/machinadynamica/adminer-5.3.0.php' not found or unable to stat
[Tue Feb 17 02:22:27.106493 2026] [php:error] [pid 71718] [client 35.247.243.249:0] script '/domains/machinadynamica/adminer-5.0.4.php' not found or unable to stat
[Tue Feb 17 02:22:39.427627 2026] [php:error] [pid 71718] [client 35.247.243.243:0] script '/domains/machinadynamica/adminer-5.1.1-en.php' not found or unable to stat
[Tue Feb 17 02:22:50.447618 2026] [php:error] [pid 71730] [client 34.96.162.59:0] script '/domains/machinadynamica/adminer-5.0.3-mysql-en.php' not found or unable to stat
[Tue Feb 17 02:22:50.506102 2026] [php:error] [pid 71717] [client 34.96.162.55:0] script '/domains/machinadynamica/adminer-5.1.0-mysql.php' not found or unable to stat
[Tue Feb 17 02:22:56.292354 2026] [access_compat:error] [pid 71729] [client 193.32.126.218:0] AH01797: client denied by server configuration: /domains/performancepartsinc/server-status
[Tue Feb 17 02:23:00.918766 2026] [php:error] [pid 71733] [client 34.96.162.52:0] script '/domains/machinadynamica/adminer-5.2.1-mysql.php' not found or unable to stat
[Tue Feb 17 02:23:00.918772 2026] [php:error] [pid 71734] [client 34.96.162.57:0] script '/domains/machinadynamica/adminer-5.0.2-en.php' not found or unable to stat
[Tue Feb 17 02:23:04.659527 2026] [php:error] [pid 71736] [client 35.247.243.243:0] script '/domains/machinadynamica/adminer-5.0.2-en.php' not found or unable to stat
[Tue Feb 17 02:23:06.165704 2026] [php:error] [pid 71732] [client 35.247.243.250:0] script '/domains/machinadynamica/Adminer.php' not found or unable to stat
[Tue Feb 17 02:23:06.298122 2026] [php:error] [pid 71712] [client 35.247.243.242:0] script '/domains/machinadynamica/adminer-5.2.0-mysql.php' not found or unable to stat
[Tue Feb 17 02:23:08.681350 2026] [php:error] [pid 71735] [client 35.247.243.253:0] script '/domains/machinadynamica/adminer-4.7.6.php' not found or unable to stat
[Tue Feb 17 02:23:15.134665 2026] [php:error] [pid 71729] [client 35.247.243.244:0] script '/domains/machinadynamica/adminer-5.0.3.php' not found or unable to stat
[Tue Feb 17 02:23:20.020135 2026] [php:error] [pid 71734] [client 34.96.162.59:0] script '/domains/machinadynamica/adminer-5.0.1-mysql-en.php' not found or unable to stat
[Tue Feb 17 02:23:22.343946 2026] [php:error] [pid 71736] [client 34.96.162.60:0] script '/domains/machinadynamica/adminer-5.0.5-mysql.php' not found or unable to stat
[Tue Feb 17 02:23:25.119224 2026] [php:error] [pid 71736] [client 34.96.162.49:0] script '/domains/machinadynamica/adminer-4.4.0.php' not found or unable to stat
[Tue Feb 17 02:23:47.408421 2026] [php:error] [pid 71747] [client 35.247.243.247:0] script '/domains/machinadynamica/adminer-5.2.0-mysql.php' not found or unable to stat
[Tue Feb 17 02:23:47.538432 2026] [php:error] [pid 71729] [client 34.96.162.51:0] script '/domains/machinadynamica/_adminer.php' not found or unable to stat
[Tue Feb 17 02:23:51.872310 2026] [php:error] [pid 71739] [client 34.96.162.63:0] script '/domains/machinadynamica/adminer-5.2.0-mysql-en.php' not found or unable to stat
[Tue Feb 17 02:23:51.872444 2026] [php:error] [pid 71745] [client 34.96.162.60:0] script '/domains/machinadynamica/adminer-5.2.0.php' not found or unable to stat
[Tue Feb 17 02:23:54.475880 2026] [php:error] [pid 71739] [client 34.96.162.50:0] script '/domains/machinadynamica/adminer-5.2.0-en.php' not found or unable to stat
[Tue Feb 17 02:23:55.789494 2026] [php:error] [pid 71745] [client 34.96.162.52:0] script '/domains/machinadynamica/adminer-5.1.0-mysql.php' not found or unable to stat
[Tue Feb 17 02:23:57.761144 2026] [php:error] [pid 71747] [client 34.96.162.53:0] script '/domains/machinadynamica/adminer-4.8.1.php' not found or unable to stat
[Tue Feb 17 02:23:57.916477 2026] [php:error] [pid 71729] [client 35.247.243.250:0] script '/domains/machinadynamica/adminer-5.0.0-mysql-en.php' not found or unable to stat
[Tue Feb 17 02:23:58.112136 2026] [php:error] [pid 71744] [client 34.96.162.50:0] script '/domains/machinadynamica/adminer-5.0.3.php' not found or unable to stat
[Tue Feb 17 02:24:03.207965 2026] [php:error] [pid 71744] [client 35.247.243.254:0] script '/domains/machinadynamica/adminer-4.4.0.php' not found or unable to stat
[Tue Feb 17 02:24:03.209992 2026] [php:error] [pid 71729] [client 35.247.243.243:0] script '/domains/machinadynamica/adminer-5.0.0.php' not found or unable to stat
[Tue Feb 17 02:24:06.602985 2026] [php:error] [pid 71745] [client 35.247.243.243:0] script '/domains/machinadynamica/adminer-5.0.0-mysql.php' not found or unable to stat
[Tue Feb 17 02:24:06.881142 2026] [php:error] [pid 71729] [client 35.247.243.250:0] script '/domains/machinadynamica/adminer-4.7.6.php' not found or unable to stat
[Tue Feb 17 02:24:27.095386 2026] [php:error] [pid 71744] [client 35.247.243.251:0] script '/domains/machinadynamica/adminer-4.6.1.php' not found or unable to stat
[Tue Feb 17 02:24:36.572628 2026] [php:error] [pid 71749] [client 169.150.203.202:0] script '/domains/gk3c/xmlrpc.php' not found or unable to stat
[Tue Feb 17 02:24:45.762327 2026] [php:error] [pid 71752] [client 34.96.162.61:0] script '/domains/machinadynamica/adminer-5.0.6-mysql.php' not found or unable to stat
[Tue Feb 17 02:24:52.422638 2026] [php:error] [pid 71729] [client 34.96.162.60:0] script '/domains/machinadynamica/adminer-5.0.0-en.php' not found or unable to stat
[Tue Feb 17 02:24:53.031013 2026] [php:error] [pid 71744] [client 34.96.162.62:0] script '/domains/machinadynamica/adminer-5.0.4-mysql-en.php' not found or unable to stat
[Tue Feb 17 02:24:57.513439 2026] [php:error] [pid 71752] [client 35.247.243.244:0] script '/domains/machinadynamica/adminer-4.6.3.php' not found or unable to stat
[Tue Feb 17 02:25:05.378917 2026] [php:error] [pid 71756] [client 35.247.243.243:0] script '/domains/machinadynamica/adminer-5.1.0-mysql.php' not found or unable to stat
[Tue Feb 17 02:25:10.776031 2026] [php:error] [pid 71755] [client 4.193.188.12:0] script '/domains/system_cancel/new4.php' not found or unable to stat
[Tue Feb 17 02:25:11.004958 2026] [php:error] [pid 71755] [client 4.193.188.12:0] script '/domains/system_cancel/af.php' not found or unable to stat
[Tue Feb 17 02:25:11.707110 2026] [php:error] [pid 71755] [client 4.193.188.12:0] script '/domains/system_cancel/xoot.php' not found or unable to stat
[Tue Feb 17 02:25:12.228374 2026] [php:error] [pid 71744] [client 34.96.162.62:0] script '/domains/machinadynamica/adminer-4.8.1-mysql-en.php' not found or unable to stat
[Tue Feb 17 02:25:13.925605 2026] [php:error] [pid 71756] [client 35.247.243.242:0] script '/domains/machinadynamica/adminer-5.0.3.php' not found or unable to stat
[Tue Feb 17 02:25:17.186930 2026] [php:error] [pid 71755] [client 4.193.188.12:0] script '/domains/system_cancel/iov.php' not found or unable to stat
[Tue Feb 17 02:25:17.515946 2026] [php:error] [pid 71744] [client 34.96.162.59:0] script '/domains/machinadynamica/adminer-5.0.2-mysql-en.php' not found or unable to stat
[Tue Feb 17 02:25:19.413957 2026] [php:error] [pid 71755] [client 4.193.188.12:0] script '/domains/system_cancel/xa.php' not found or unable to stat
[Tue Feb 17 02:25:19.651566 2026] [php:error] [pid 71755] [client 4.193.188.12:0] script '/domains/system_cancel/xda.php' not found or unable to stat
[Tue Feb 17 02:25:19.896378 2026] [php:error] [pid 71755] [client 4.193.188.12:0] script '/domains/system_cancel/er.php' not found or unable to stat
[Tue Feb 17 02:25:20.630127 2026] [php:error] [pid 71755] [client 4.193.188.12:0] script '/domains/system_cancel/motu.php' not found or unable to stat
[Tue Feb 17 02:25:21.347982 2026] [php:error] [pid 71755] [client 4.193.188.12:0] script '/domains/system_cancel/leuk.php' not found or unable to stat
[Tue Feb 17 02:25:21.576603 2026] [php:error] [pid 71755] [client 4.193.188.12:0] script '/domains/system_cancel/xqq.php' not found or unable to stat
[Tue Feb 17 02:25:22.302716 2026] [php:error] [pid 71755] [client 4.193.188.12:0] script '/domains/system_cancel/nw.php' not found or unable to stat
[Tue Feb 17 02:25:24.922684 2026] [php:error] [pid 71765] [client 35.247.243.240:0] script '/domains/machinadynamica/adminer-4.2.0.php' not found or unable to stat
[Tue Feb 17 02:25:25.224563 2026] [php:error] [pid 71755] [client 4.193.188.12:0] script '/domains/system_cancel/ms.php' not found or unable to stat
[Tue Feb 17 02:25:25.451471 2026] [php:error] [pid 71755] [client 4.193.188.12:0] script '/domains/system_cancel/login8.php' not found or unable to stat
[Tue Feb 17 02:25:25.679215 2026] [php:error] [pid 71755] [client 4.193.188.12:0] script '/domains/system_cancel/nnyvn.php' not found or unable to stat
[Tue Feb 17 02:25:25.910301 2026] [php:error] [pid 71755] [client 4.193.188.12:0] script '/domains/system_cancel/cu.php' not found or unable to stat
[Tue Feb 17 02:25:26.152129 2026] [php:error] [pid 71755] [client 4.193.188.12:0] script '/domains/system_cancel/lul.php' not found or unable to stat
[Tue Feb 17 02:25:26.898068 2026] [php:error] [pid 71755] [client 4.193.188.12:0] script '/domains/system_cancel/ms-edit.php' not found or unable to stat
[Tue Feb 17 02:25:29.113529 2026] [php:error] [pid 71755] [client 4.193.188.12:0] script '/domains/system_cancel/a1vx.php' not found or unable to stat
[Tue Feb 17 02:25:32.847202 2026] [php:error] [pid 71755] [client 4.193.188.12:0] script '/domains/system_cancel/erty.php' not found or unable to stat
[Tue Feb 17 02:25:33.087578 2026] [php:error] [pid 71755] [client 4.193.188.12:0] script '/domains/system_cancel/dev1s.php' not found or unable to stat
[Tue Feb 17 02:25:33.887671 2026] [php:error] [pid 71755] [client 4.193.188.12:0] script '/domains/system_cancel/admiin.php' not found or unable to stat
[Tue Feb 17 02:25:35.730373 2026] [php:error] [pid 71755] [client 4.193.188.12:0] script '/domains/system_cancel/re.php' not found or unable to stat
[Tue Feb 17 02:25:35.970924 2026] [php:error] [pid 71755] [client 4.193.188.12:0] script '/domains/system_cancel/num.php' not found or unable to stat
[Tue Feb 17 02:25:36.199440 2026] [php:error] [pid 71755] [client 4.193.188.12:0] script '/domains/system_cancel/axx.php' not found or unable to stat
[Tue Feb 17 02:25:36.905884 2026] [php:error] [pid 71755] [client 4.193.188.12:0] script '/domains/system_cancel/in.php' not found or unable to stat
[Tue Feb 17 02:25:39.237616 2026] [php:error] [pid 71761] [client 4.193.188.12:0] script '/domains/system_cancel/trd.php' not found or unable to stat
[Tue Feb 17 02:25:40.378374 2026] [php:error] [pid 71761] [client 4.193.188.12:0] script '/domains/system_cancel/i.php' not found or unable to stat
[Tue Feb 17 02:25:40.842353 2026] [php:error] [pid 71761] [client 4.193.188.12:0] script '/domains/system_cancel/a.php' not found or unable to stat
[Tue Feb 17 02:25:41.069482 2026] [php:error] [pid 71761] [client 4.193.188.12:0] script '/domains/system_cancel/xmlrpc.php' not found or unable to stat
[Tue Feb 17 02:25:41.296771 2026] [php:error] [pid 71761] [client 4.193.188.12:0] script '/domains/system_cancel/aw.php' not found or unable to stat
[Tue Feb 17 02:25:41.554650 2026] [php:error] [pid 71761] [client 4.193.188.12:0] script '/domains/system_cancel/dev.php' not found or unable to stat
[Tue Feb 17 02:25:41.782285 2026] [php:error] [pid 71761] [client 4.193.188.12:0] script '/domains/system_cancel/lock360.php' not found or unable to stat
[Tue Feb 17 02:25:42.951072 2026] [php:error] [pid 71761] [client 4.193.188.12:0] script '/domains/system_cancel/tcp.php' not found or unable to stat
[Tue Feb 17 02:25:43.267993 2026] [php:error] [pid 71761] [client 4.193.188.12:0] script '/domains/system_cancel/ext.php' not found or unable to stat
[Tue Feb 17 02:25:43.496154 2026] [php:error] [pid 71761] [client 4.193.188.12:0] script '/domains/system_cancel/inputs.php' not found or unable to stat
[Tue Feb 17 02:25:43.723988 2026] [php:error] [pid 71761] [client 4.193.188.12:0] script '/domains/system_cancel/ioxi.php' not found or unable to stat
[Tue Feb 17 02:25:44.412275 2026] [php:error] [pid 71748] [client 34.96.162.48:0] script '/domains/machinadynamica/adminer-5.0.5-mysql.php' not found or unable to stat
[Tue Feb 17 02:25:45.374854 2026] [php:error] [pid 71761] [client 4.193.188.12:0] script '/domains/system_cancel/default.php' not found or unable to stat
[Tue Feb 17 02:25:46.280851 2026] [php:error] [pid 71761] [client 4.193.188.12:0] script '/domains/system_cancel/abcd.php' not found or unable to stat
[Tue Feb 17 02:25:46.508490 2026] [php:error] [pid 71761] [client 4.193.188.12:0] script '/domains/system_cancel/nope.php' not found or unable to stat
[Tue Feb 17 02:25:46.740196 2026] [php:error] [pid 71761] [client 4.193.188.12:0] script '/domains/system_cancel/class.1.php' not found or unable to stat
[Tue Feb 17 02:25:46.967572 2026] [php:error] [pid 71761] [client 4.193.188.12:0] script '/domains/system_cancel/async.php' not found or unable to stat
[Tue Feb 17 02:25:47.376676 2026] [php:error] [pid 71760] [client 34.96.162.60:0] script '/domains/machinadynamica/adminer-4.7.5.php' not found or unable to stat
[Tue Feb 17 02:25:47.862052 2026] [php:error] [pid 71761] [client 4.193.188.12:0] script '/domains/system_cancel/ioxi-o.php' not found or unable to stat
[Tue Feb 17 02:25:48.105848 2026] [php:error] [pid 71761] [client 4.193.188.12:0] script '/domains/system_cancel/manager.php' not found or unable to stat
[Tue Feb 17 02:25:49.941285 2026] [php:error] [pid 71761] [client 4.193.188.12:0] script '/domains/system_cancel/lc.php' not found or unable to stat
[Tue Feb 17 02:25:50.169754 2026] [php:error] [pid 71761] [client 4.193.188.12:0] script '/domains/system_cancel/cbrfo.php' not found or unable to stat
[Tue Feb 17 02:25:50.417245 2026] [php:error] [pid 71761] [client 4.193.188.12:0] script '/domains/system_cancel/inc.php' not found or unable to stat
[Tue Feb 17 02:25:51.161800 2026] [php:error] [pid 71761] [client 4.193.188.12:0] script '/domains/system_cancel/miansha.php' not found or unable to stat
[Tue Feb 17 02:25:51.388682 2026] [php:error] [pid 71761] [client 4.193.188.12:0] script '/domains/system_cancel/tinyfilemanager.php' not found or unable to stat
[Tue Feb 17 02:25:51.618347 2026] [php:error] [pid 71761] [client 4.193.188.12:0] script '/domains/system_cancel/admin.php' not found or unable to stat
[Tue Feb 17 02:25:52.399802 2026] [php:error] [pid 71748] [client 35.247.243.252:0] script '/domains/machinadynamica/adminer-4.7.7.php' not found or unable to stat
[Tue Feb 17 02:25:52.701903 2026] [php:error] [pid 71748] [client 35.247.243.242:0] script '/domains/machinadynamica/adminer-4.2.0.php' not found or unable to stat
[Tue Feb 17 02:25:52.894056 2026] [php:error] [pid 71761] [client 4.193.188.12:0] script '/domains/system_cancel/muzu.php' not found or unable to stat
[Tue Feb 17 02:25:53.124270 2026] [php:error] [pid 71761] [client 4.193.188.12:0] script '/domains/system_cancel/reze.php' not found or unable to stat
[Tue Feb 17 02:25:53.891179 2026] [php:error] [pid 71761] [client 4.193.188.12:0] script '/domains/system_cancel/x7.php' not found or unable to stat
[Tue Feb 17 02:25:54.118215 2026] [php:error] [pid 71761] [client 4.193.188.12:0] script '/domains/system_cancel/thebe.php' not found or unable to stat
[Tue Feb 17 02:25:54.510863 2026] [php:error] [pid 71761] [client 4.193.188.12:0] script '/domains/system_cancel/ddd.php' not found or unable to stat
[Tue Feb 17 02:25:54.738071 2026] [php:error] [pid 71761] [client 4.193.188.12:0] script '/domains/system_cancel/ccs.php' not found or unable to stat
[Tue Feb 17 02:25:54.989492 2026] [php:error] [pid 71755] [client 34.96.162.49:0] script '/domains/machinadynamica/adminer-5.2.0-en.php' not found or unable to stat
[Tue Feb 17 02:25:55.901303 2026] [php:error] [pid 71761] [client 4.193.188.12:0] script '/domains/system_cancel/ioxi.php' not found or unable to stat
[Tue Feb 17 02:25:56.133530 2026] [php:error] [pid 71761] [client 4.193.188.12:0] script '/domains/system_cancel/xpwer1.php' not found or unable to stat
[Tue Feb 17 02:25:56.461969 2026] [php:error] [pid 71761] [client 4.193.188.12:0] script '/domains/system_cancel/lala.php' not found or unable to stat
[Tue Feb 17 02:25:56.712913 2026] [php:error] [pid 71761] [client 4.193.188.12:0] script '/domains/system_cancel/about.php' not found or unable to stat
[Tue Feb 17 02:25:58.700738 2026] [php:error] [pid 71761] [client 4.193.188.12:0] script '/domains/system_cancel/info.php' not found or unable to stat
[Tue Feb 17 02:25:58.927523 2026] [php:error] [pid 71761] [client 4.193.188.12:0] script '/domains/system_cancel/about.php' not found or unable to stat
[Tue Feb 17 02:25:59.015473 2026] [php:error] [pid 71748] [client 34.96.162.61:0] script '/domains/machinadynamica/adminer-5.1.1-en.php' not found or unable to stat
[Tue Feb 17 02:25:59.976343 2026] [php:error] [pid 71761] [client 4.193.188.12:0] script '/domains/system_cancel/adminfuns.php' not found or unable to stat
[Tue Feb 17 02:26:00.669483 2026] [php:error] [pid 71761] [client 4.193.188.12:0] script '/domains/system_cancel/xx.php' not found or unable to stat
[Tue Feb 17 02:26:02.945043 2026] [php:error] [pid 71761] [client 4.193.188.12:0] script '/domains/system_cancel/edit.php' not found or unable to stat
[Tue Feb 17 02:26:03.192362 2026] [php:error] [pid 71748] [client 35.247.243.244:0] script '/domains/machinadynamica/adminer-5.0.1-en.php' not found or unable to stat
[Tue Feb 17 02:26:04.924482 2026] [php:error] [pid 71755] [client 4.193.188.12:0] script '/domains/system_cancel/av.php' not found or unable to stat
[Tue Feb 17 02:26:05.212545 2026] [php:error] [pid 71748] [client 68.221.64.54:0] script '/domains/fdcarter/pass4.php' not found or unable to stat
[Tue Feb 17 02:26:05.297335 2026] [php:error] [pid 71748] [client 68.221.64.54:0] script '/domains/fdcarter/term.php' not found or unable to stat
[Tue Feb 17 02:26:05.472058 2026] [php:error] [pid 71748] [client 68.221.64.54:0] script '/domains/fdcarter/lp6.php' not found or unable to stat
[Tue Feb 17 02:26:05.556706 2026] [php:error] [pid 71748] [client 68.221.64.54:0] script '/domains/fdcarter/we.php' not found or unable to stat
[Tue Feb 17 02:26:05.647110 2026] [php:error] [pid 71748] [client 68.221.64.54:0] script '/domains/fdcarter/asax.php' not found or unable to stat
[Tue Feb 17 02:26:05.740888 2026] [php:error] [pid 71748] [client 68.221.64.54:0] script '/domains/fdcarter/co.php' not found or unable to stat
[Tue Feb 17 02:26:05.825711 2026] [php:error] [pid 71748] [client 68.221.64.54:0] script '/domains/fdcarter/wp-k3w6g9s4h2.php' not found or unable to stat
[Tue Feb 17 02:26:05.910573 2026] [php:error] [pid 71748] [client 68.221.64.54:0] script '/domains/fdcarter/ahax.php' not found or unable to stat
[Tue Feb 17 02:26:05.995764 2026] [php:error] [pid 71748] [client 68.221.64.54:0] script '/domains/fdcarter/Okxob.php' not found or unable to stat
[Tue Feb 17 02:26:06.081413 2026] [php:error] [pid 71748] [client 68.221.64.54:0] script '/domains/fdcarter/acfdr.php' not found or unable to stat
[Tue Feb 17 02:26:06.165969 2026] [php:error] [pid 71748] [client 68.221.64.54:0] script '/domains/fdcarter/init.php' not found or unable to stat
[Tue Feb 17 02:26:06.264141 2026] [php:error] [pid 71748] [client 68.221.64.54:0] script '/domains/fdcarter/themes.php' not found or unable to stat
[Tue Feb 17 02:26:06.348611 2026] [php:error] [pid 71748] [client 68.221.64.54:0] script '/domains/fdcarter/ff.php' not found or unable to stat
[Tue Feb 17 02:26:06.434505 2026] [php:error] [pid 71748] [client 68.221.64.54:0] script '/domains/fdcarter/ak.php' not found or unable to stat
[Tue Feb 17 02:26:06.568802 2026] [php:error] [pid 71755] [client 4.193.188.12:0] script '/domains/system_cancel/css.php' not found or unable to stat
[Tue Feb 17 02:26:06.768896 2026] [php:error] [pid 71748] [client 68.221.64.54:0] script '/domains/fdcarter/bjfl.php' not found or unable to stat
[Tue Feb 17 02:26:06.795792 2026] [php:error] [pid 71755] [client 4.193.188.12:0] script '/domains/system_cancel/alfa.php' not found or unable to stat
[Tue Feb 17 02:26:06.870326 2026] [php:error] [pid 71748] [client 68.221.64.54:0] script '/domains/fdcarter/vx.php' not found or unable to stat
[Tue Feb 17 02:26:06.967578 2026] [php:error] [pid 71748] [client 68.221.64.54:0] script '/domains/fdcarter/jga.php' not found or unable to stat
[Tue Feb 17 02:26:07.220215 2026] [php:error] [pid 71748] [client 68.221.64.54:0] script '/domains/fdcarter/a4.php' not found or unable to stat
[Tue Feb 17 02:26:07.405039 2026] [php:error] [pid 71748] [client 68.221.64.54:0] script '/domains/fdcarter/inege.php' not found or unable to stat
[Tue Feb 17 02:26:07.504370 2026] [php:error] [pid 71755] [client 4.193.188.12:0] script '/domains/system_cancel/x.php' not found or unable to stat
[Tue Feb 17 02:26:07.756258 2026] [php:error] [pid 71755] [client 4.193.188.12:0] script '/domains/system_cancel/xxxx.php' not found or unable to stat
[Tue Feb 17 02:26:07.984112 2026] [php:error] [pid 71755] [client 4.193.188.12:0] script '/domains/system_cancel/class.php' not found or unable to stat
[Tue Feb 17 02:26:10.162543 2026] [php:error] [pid 71755] [client 4.193.188.12:0] script '/domains/system_cancel/class-t.api.php' not found or unable to stat
[Tue Feb 17 02:26:13.825185 2026] [php:error] [pid 71755] [client 4.193.188.12:0] script '/domains/system_cancel/init.php' not found or unable to stat
[Tue Feb 17 02:26:17.423747 2026] [php:error] [pid 71755] [client 4.193.188.12:0] script '/domains/system_cancel/admins.php' not found or unable to stat
[Tue Feb 17 02:26:18.176350 2026] [php:error] [pid 71755] [client 4.193.188.12:0] script '/domains/system_cancel/main.php' not found or unable to stat
[Tue Feb 17 02:26:18.438301 2026] [php:error] [pid 71755] [client 4.193.188.12:0] script '/domains/system_cancel/a1.php' not found or unable to stat
[Tue Feb 17 02:26:18.664995 2026] [php:error] [pid 71755] [client 4.193.188.12:0] script '/domains/system_cancel/lala.php' not found or unable to stat
[Tue Feb 17 02:26:18.900276 2026] [php:error] [pid 71755] [client 4.193.188.12:0] script '/domains/system_cancel/aaa.php' not found or unable to stat
[Tue Feb 17 02:26:19.143771 2026] [php:error] [pid 71755] [client 4.193.188.12:0] script '/domains/system_cancel/a2.php' not found or unable to stat
[Tue Feb 17 02:26:20.310781 2026] [php:error] [pid 71755] [client 4.193.188.12:0] script '/domains/system_cancel/nyan.php' not found or unable to stat
[Tue Feb 17 02:26:24.834035 2026] [php:error] [pid 71768] [client 34.96.162.51:0] script '/domains/machinadynamica/adminer-5.0.3-mysql-en.php' not found or unable to stat
[Tue Feb 17 02:26:27.886027 2026] [php:error] [pid 71755] [client 34.96.162.48:0] script '/domains/machinadynamica/adminer-4.7.6.php' not found or unable to stat
[Tue Feb 17 02:26:31.841107 2026] [php:error] [pid 71755] [client 35.247.243.241:0] script '/domains/machinadynamica/adminer-4.7.5.php' not found or unable to stat
[Tue Feb 17 02:26:32.841889 2026] [php:error] [pid 71771] [client 34.96.162.59:0] script '/domains/machinadynamica/adminer-5.2.0-mysql.php' not found or unable to stat
[Tue Feb 17 02:26:41.587899 2026] [php:error] [pid 71769] [client 35.247.243.252:0] script '/domains/machinadynamica/adminer-5.4.0-mysql.php' not found or unable to stat
[Tue Feb 17 02:26:42.927447 2026] [php:error] [pid 71769] [client 34.96.162.57:0] script '/domains/machinadynamica/adminer-5.4.0-mysql-en.php' not found or unable to stat
[Tue Feb 17 02:26:50.904907 2026] [php:error] [pid 71748] [client 34.96.162.53:0] script '/domains/machinadynamica/adminer-db.php' not found or unable to stat
[Tue Feb 17 02:26:50.906069 2026] [php:error] [pid 71748] [client 35.247.243.253:0] script '/domains/machinadynamica/adminer-5.0.2-en.php' not found or unable to stat
[Tue Feb 17 02:26:51.077657 2026] [php:error] [pid 71774] [client 35.247.243.253:0] script '/domains/machinadynamica/adminer-4.7.6.php' not found or unable to stat
[Tue Feb 17 02:26:52.291686 2026] [php:error] [pid 71771] [client 35.247.243.246:0] script '/domains/machinadynamica/adminer-4.2.0.php' not found or unable to stat
[Tue Feb 17 02:27:05.989967 2026] [php:error] [pid 71755] [client 20.214.155.242:0] script '/domains/antiqueweb1/new4.php' not found or unable to stat
[Tue Feb 17 02:27:06.219787 2026] [php:error] [pid 71755] [client 20.214.155.242:0] script '/domains/antiqueweb1/sc.php' not found or unable to stat
[Tue Feb 17 02:27:06.402939 2026] [php:error] [pid 71755] [client 20.214.155.242:0] script '/domains/antiqueweb1/pouhg.php' not found or unable to stat
[Tue Feb 17 02:27:06.582702 2026] [php:error] [pid 71755] [client 20.214.155.242:0] script '/domains/antiqueweb1/vgtyu.php' not found or unable to stat
[Tue Feb 17 02:27:06.761762 2026] [php:error] [pid 71755] [client 20.214.155.242:0] script '/domains/antiqueweb1/aq.php' not found or unable to stat
[Tue Feb 17 02:27:06.979288 2026] [php:error] [pid 71755] [client 20.214.155.242:0] script '/domains/antiqueweb1/opts.php' not found or unable to stat
[Tue Feb 17 02:27:07.237916 2026] [php:error] [pid 71755] [client 20.214.155.242:0] script '/domains/antiqueweb1/x123.php' not found or unable to stat
[Tue Feb 17 02:27:07.417613 2026] [php:error] [pid 71755] [client 20.214.155.242:0] script '/domains/antiqueweb1/wp-act.php' not found or unable to stat
[Tue Feb 17 02:27:07.602522 2026] [php:error] [pid 71755] [client 20.214.155.242:0] script '/domains/antiqueweb1/moshou.php' not found or unable to stat
[Tue Feb 17 02:27:07.825104 2026] [php:error] [pid 71755] [client 20.214.155.242:0] script '/domains/antiqueweb1/seetox.php' not found or unable to stat
[Tue Feb 17 02:27:08.026723 2026] [php:error] [pid 71755] [client 20.214.155.242:0] script '/domains/antiqueweb1/dom.php' not found or unable to stat
[Tue Feb 17 02:27:08.230969 2026] [php:error] [pid 71755] [client 20.214.155.242:0] script '/domains/antiqueweb1/ws60.php' not found or unable to stat
[Tue Feb 17 02:27:08.412194 2026] [php:error] [pid 71755] [client 20.214.155.242:0] script '/domains/antiqueweb1/samiri.php' not found or unable to stat
[Tue Feb 17 02:27:08.591333 2026] [php:error] [pid 71755] [client 20.214.155.242:0] script '/domains/antiqueweb1/plugins.php' not found or unable to stat
[Tue Feb 17 02:27:08.796664 2026] [php:error] [pid 71755] [client 20.214.155.242:0] script '/domains/antiqueweb1/xoot.php' not found or unable to stat
[Tue Feb 17 02:27:08.975852 2026] [php:error] [pid 71755] [client 20.214.155.242:0] script '/domains/antiqueweb1/X57.php' not found or unable to stat
[Tue Feb 17 02:27:09.158418 2026] [php:error] [pid 71755] [client 20.214.155.242:0] script '/domains/antiqueweb1/vx.php' not found or unable to stat
[Tue Feb 17 02:27:09.351723 2026] [php:error] [pid 71755] [client 20.214.155.242:0] script '/domains/antiqueweb1/file59.php' not found or unable to stat
[Tue Feb 17 02:27:09.718851 2026] [php:error] [pid 71755] [client 20.214.155.242:0] script '/domains/antiqueweb1/shas.php' not found or unable to stat
[Tue Feb 17 02:27:09.898257 2026] [php:error] [pid 71755] [client 20.214.155.242:0] script '/domains/antiqueweb1/xa.php' not found or unable to stat
[Tue Feb 17 02:27:10.099951 2026] [php:error] [pid 71755] [client 20.214.155.242:0] script '/domains/antiqueweb1/xda.php' not found or unable to stat
[Tue Feb 17 02:27:10.278866 2026] [php:error] [pid 71755] [client 20.214.155.242:0] script '/domains/antiqueweb1/er.php' not found or unable to stat
[Tue Feb 17 02:27:10.568920 2026] [php:error] [pid 71755] [client 20.214.155.242:0] script '/domains/antiqueweb1/fault.php' not found or unable to stat
[Tue Feb 17 02:27:10.764000 2026] [php:error] [pid 71755] [client 20.214.155.242:0] script '/domains/antiqueweb1/motu.php' not found or unable to stat
[Tue Feb 17 02:27:10.943125 2026] [php:error] [pid 71755] [client 20.214.155.242:0] script '/domains/antiqueweb1/66.php' not found or unable to stat
[Tue Feb 17 02:27:11.132622 2026] [php:error] [pid 71755] [client 20.214.155.242:0] script '/domains/antiqueweb1/leuk.php' not found or unable to stat
[Tue Feb 17 02:27:11.333062 2026] [php:error] [pid 71755] [client 20.214.155.242:0] script '/domains/antiqueweb1/xqq.php' not found or unable to stat
