[Tue Feb 17 03:23:06.982076 2026] [php:error] [pid 83898] [client 20.194.153.120:0] script '/domains/system_default/wp-act.php' not found or unable to stat
[Tue Feb 17 03:23:07.151777 2026] [php:error] [pid 83898] [client 20.194.153.120:0] script '/domains/system_default/moshou.php' not found or unable to stat
[Tue Feb 17 03:23:07.321669 2026] [php:error] [pid 83898] [client 20.194.153.120:0] script '/domains/system_default/seetox.php' not found or unable to stat
[Tue Feb 17 03:23:07.493706 2026] [php:error] [pid 83898] [client 20.194.153.120:0] script '/domains/system_default/dom.php' not found or unable to stat
[Tue Feb 17 03:23:07.686822 2026] [php:error] [pid 83939] [client 194.61.40.115:0] script '/domains/schellin/pvt.php' not found or unable to stat
[Tue Feb 17 03:23:07.737313 2026] [php:error] [pid 83898] [client 20.194.153.120:0] script '/domains/system_default/ws60.php' not found or unable to stat
[Tue Feb 17 03:23:07.740854 2026] [php:error] [pid 83941] [client 34.96.162.49:0] script '/domains/machinadynamica/SQL.php' not found or unable to stat
[Tue Feb 17 03:23:07.929056 2026] [php:error] [pid 83898] [client 20.194.153.120:0] script '/domains/system_default/samiri.php' not found or unable to stat
[Tue Feb 17 03:23:08.095804 2026] [php:error] [pid 83898] [client 20.194.153.120:0] script '/domains/system_default/plugins.php' not found or unable to stat
[Tue Feb 17 03:23:08.306047 2026] [php:error] [pid 83939] [client 194.61.40.115:0] script '/domains/schellin/shell20211028.php' not found or unable to stat
[Tue Feb 17 03:23:08.371678 2026] [php:error] [pid 83898] [client 20.194.153.120:0] script '/domains/system_default/xoot.php' not found or unable to stat
[Tue Feb 17 03:23:08.537225 2026] [php:error] [pid 83898] [client 20.194.153.120:0] script '/domains/system_default/X57.php' not found or unable to stat
[Tue Feb 17 03:23:08.714236 2026] [php:error] [pid 83898] [client 20.194.153.120:0] script '/domains/system_default/vx.php' not found or unable to stat
[Tue Feb 17 03:23:08.800856 2026] [php:error] [pid 83939] [client 194.61.40.115:0] script '/domains/schellin/cgi-bin/wp-2019.php' not found or unable to stat
[Tue Feb 17 03:23:08.883838 2026] [php:error] [pid 83898] [client 20.194.153.120:0] script '/domains/system_default/file59.php' not found or unable to stat
[Tue Feb 17 03:23:09.353916 2026] [php:error] [pid 83898] [client 20.194.153.120:0] script '/domains/system_default/shas.php' not found or unable to stat
[Tue Feb 17 03:23:09.410482 2026] [php:error] [pid 83939] [client 194.61.40.115:0] script '/domains/schellin/crypted.php' not found or unable to stat
[Tue Feb 17 03:23:09.519727 2026] [php:error] [pid 83898] [client 20.194.153.120:0] script '/domains/system_default/xa.php' not found or unable to stat
[Tue Feb 17 03:23:09.685387 2026] [php:error] [pid 83898] [client 20.194.153.120:0] script '/domains/system_default/xda.php' not found or unable to stat
[Tue Feb 17 03:23:09.851101 2026] [php:error] [pid 83898] [client 20.194.153.120:0] script '/domains/system_default/er.php' not found or unable to stat
[Tue Feb 17 03:23:09.935871 2026] [php:error] [pid 83939] [client 194.61.40.115:0] script '/domains/schellin/h0110w4y.php' not found or unable to stat
[Tue Feb 17 03:23:10.023421 2026] [php:error] [pid 83898] [client 20.194.153.120:0] script '/domains/system_default/fault.php' not found or unable to stat
[Tue Feb 17 03:23:10.381373 2026] [php:error] [pid 83898] [client 20.194.153.120:0] script '/domains/system_default/motu.php' not found or unable to stat
[Tue Feb 17 03:23:10.408277 2026] [php:error] [pid 83939] [client 194.61.40.115:0] script '/domains/schellin/vesiw.php' not found or unable to stat
[Tue Feb 17 03:23:10.705875 2026] [php:error] [pid 83898] [client 20.194.153.120:0] script '/domains/system_default/66.php' not found or unable to stat
[Tue Feb 17 03:23:10.893707 2026] [php:error] [pid 83939] [client 194.61.40.115:0] script '/domains/schellin/w.php' not found or unable to stat
[Tue Feb 17 03:23:10.893808 2026] [php:error] [pid 83898] [client 20.194.153.120:0] script '/domains/system_default/leuk.php' not found or unable to stat
[Tue Feb 17 03:23:11.060832 2026] [php:error] [pid 83898] [client 20.194.153.120:0] script '/domains/system_default/xqq.php' not found or unable to stat
[Tue Feb 17 03:23:11.250927 2026] [php:error] [pid 83898] [client 20.194.153.120:0] script '/domains/system_default/kolda.php' not found or unable to stat
[Tue Feb 17 03:23:11.397420 2026] [php:error] [pid 83939] [client 194.61.40.115:0] script '/domains/schellin/wp-db.php' not found or unable to stat
[Tue Feb 17 03:23:11.416354 2026] [php:error] [pid 83898] [client 20.194.153.120:0] script '/domains/system_default/nw.php' not found or unable to stat
[Tue Feb 17 03:23:11.599013 2026] [php:error] [pid 83898] [client 20.194.153.120:0] script '/domains/system_default/god.php' not found or unable to stat
[Tue Feb 17 03:23:11.773418 2026] [php:error] [pid 83898] [client 20.194.153.120:0] script '/domains/system_default/666.php' not found or unable to stat
[Tue Feb 17 03:23:11.995787 2026] [php:error] [pid 83898] [client 20.194.153.120:0] script '/domains/system_default/kj.php' not found or unable to stat
[Tue Feb 17 03:23:12.161231 2026] [php:error] [pid 83898] [client 20.194.153.120:0] script '/domains/system_default/un.php' not found or unable to stat
[Tue Feb 17 03:23:12.327525 2026] [php:error] [pid 83898] [client 20.194.153.120:0] script '/domains/system_default/fs.php' not found or unable to stat
[Tue Feb 17 03:23:12.724678 2026] [php:error] [pid 83898] [client 20.194.153.120:0] script '/domains/system_default/ms.php' not found or unable to stat
[Tue Feb 17 03:23:12.917737 2026] [php:error] [pid 83898] [client 20.194.153.120:0] script '/domains/system_default/login8.php' not found or unable to stat
[Tue Feb 17 03:23:13.278630 2026] [php:error] [pid 83898] [client 20.194.153.120:0] script '/domains/system_default/nnyvn.php' not found or unable to stat
[Tue Feb 17 03:23:13.296388 2026] [php:error] [pid 83939] [client 194.61.40.115:0] script '/domains/schellin/lx.php' not found or unable to stat
[Tue Feb 17 03:23:13.448433 2026] [php:error] [pid 83898] [client 20.194.153.120:0] script '/domains/system_default/cu.php' not found or unable to stat
[Tue Feb 17 03:23:13.785861 2026] [php:error] [pid 83898] [client 20.194.153.120:0] script '/domains/system_default/lul.php' not found or unable to stat
[Tue Feb 17 03:23:13.801769 2026] [php:error] [pid 83939] [client 194.61.40.115:0] script '/domains/schellin/tonant.php' not found or unable to stat
[Tue Feb 17 03:23:13.955961 2026] [php:error] [pid 83898] [client 20.194.153.120:0] script '/domains/system_default/0.php' not found or unable to stat
[Tue Feb 17 03:23:14.149605 2026] [php:error] [pid 83898] [client 20.194.153.120:0] script '/domains/system_default/ms-edit.php' not found or unable to stat
[Tue Feb 17 03:23:14.209888 2026] [php:error] [pid 83939] [client 194.61.40.115:0] script '/domains/schellin/f0x.php' not found or unable to stat
[Tue Feb 17 03:23:14.318426 2026] [php:error] [pid 83898] [client 20.194.153.120:0] script '/domains/system_default/ya.php' not found or unable to stat
[Tue Feb 17 03:23:14.483948 2026] [php:error] [pid 83898] [client 20.194.153.120:0] script '/domains/system_default/grsiuk.php' not found or unable to stat
[Tue Feb 17 03:23:14.608324 2026] [php:error] [pid 83939] [client 194.61.40.115:0] script '/domains/schellin/config.bak.php' not found or unable to stat
[Tue Feb 17 03:23:14.649257 2026] [php:error] [pid 83898] [client 20.194.153.120:0] script '/domains/system_default/wp-blog.php' not found or unable to stat
[Tue Feb 17 03:23:14.888551 2026] [php:error] [pid 83898] [client 20.194.153.120:0] script '/domains/system_default/wp-access.php' not found or unable to stat
[Tue Feb 17 03:23:15.080884 2026] [php:error] [pid 83898] [client 20.194.153.120:0] script '/domains/system_default/a1vx.php' not found or unable to stat
[Tue Feb 17 03:23:15.088065 2026] [php:error] [pid 83939] [client 194.61.40.115:0] script '/domains/schellin/bypass403.php' not found or unable to stat
[Tue Feb 17 03:23:15.313249 2026] [php:error] [pid 83898] [client 20.194.153.120:0] script '/domains/system_default/sbhu.php' not found or unable to stat
[Tue Feb 17 03:23:15.479427 2026] [php:error] [pid 83898] [client 20.194.153.120:0] script '/domains/system_default/wp-the.php' not found or unable to stat
[Tue Feb 17 03:23:15.645302 2026] [php:error] [pid 83898] [client 20.194.153.120:0] script '/domains/system_default/06.php' not found or unable to stat
[Tue Feb 17 03:23:15.812494 2026] [php:error] [pid 83898] [client 20.194.153.120:0] script '/domains/system_default/wp5.php' not found or unable to stat
[Tue Feb 17 03:23:15.980875 2026] [php:error] [pid 83898] [client 20.194.153.120:0] script '/domains/system_default/fot.php' not found or unable to stat
[Tue Feb 17 03:23:16.099533 2026] [php:error] [pid 83939] [client 194.61.40.115:0] script '/domains/schellin/adminer.php' not found or unable to stat
[Tue Feb 17 03:23:16.146945 2026] [php:error] [pid 83898] [client 20.194.153.120:0] script '/domains/system_default/ff1.php' not found or unable to stat
[Tue Feb 17 03:23:16.318819 2026] [php:error] [pid 83898] [client 20.194.153.120:0] script '/domains/system_default/forbidals.php' not found or unable to stat
[Tue Feb 17 03:23:16.565154 2026] [php:error] [pid 83939] [client 194.61.40.115:0] script '/domains/schellin/allahnaber.php' not found or unable to stat
[Tue Feb 17 03:23:16.695308 2026] [php:error] [pid 83898] [client 20.194.153.120:0] script '/domains/system_default/erty.php' not found or unable to stat
[Tue Feb 17 03:23:17.088463 2026] [php:error] [pid 83939] [client 194.61.40.115:0] script '/domains/schellin/AK-74.php' not found or unable to stat
[Tue Feb 17 03:23:17.117824 2026] [php:error] [pid 83898] [client 20.194.153.120:0] script '/domains/system_default/dev1s.php' not found or unable to stat
[Tue Feb 17 03:23:17.565648 2026] [php:error] [pid 83898] [client 20.194.153.120:0] script '/domains/system_default/ffd.php' not found or unable to stat
[Tue Feb 17 03:23:17.597425 2026] [php:error] [pid 83939] [client 194.61.40.115:0] script '/domains/schellin/alfa3.php' not found or unable to stat
[Tue Feb 17 03:23:17.769617 2026] [php:error] [pid 83898] [client 20.194.153.120:0] script '/domains/system_default/admiin.php' not found or unable to stat
[Tue Feb 17 03:23:17.938304 2026] [php:error] [pid 83898] [client 20.194.153.120:0] script '/domains/system_default/ol.php' not found or unable to stat
[Tue Feb 17 03:23:18.094813 2026] [php:error] [pid 83939] [client 194.61.40.115:0] script '/domains/schellin/alfaindex.php' not found or unable to stat
[Tue Feb 17 03:23:18.137462 2026] [php:error] [pid 83898] [client 20.194.153.120:0] script '/domains/system_default/Sanskrit.php' not found or unable to stat
[Tue Feb 17 03:23:18.322798 2026] [php:error] [pid 83898] [client 20.194.153.120:0] script '/domains/system_default/vxrl.php' not found or unable to stat
[Tue Feb 17 03:23:18.488591 2026] [php:error] [pid 83898] [client 20.194.153.120:0] script '/domains/system_default/re.php' not found or unable to stat
[Tue Feb 17 03:23:18.792268 2026] [php:error] [pid 83939] [client 194.61.40.115:0] script '/domains/schellin/alfa.php' not found or unable to stat
[Tue Feb 17 03:23:18.802149 2026] [php:error] [pid 83898] [client 20.194.153.120:0] script '/domains/system_default/num.php' not found or unable to stat
[Tue Feb 17 03:23:19.410364 2026] [php:error] [pid 83939] [client 194.61.40.115:0] script '/domains/schellin/c99.php' not found or unable to stat
[Tue Feb 17 03:23:20.319370 2026] [php:error] [pid 83942] [client 34.96.162.52:0] script '/domains/machinadynamica/adminer-4.7.1.php' not found or unable to stat
[Tue Feb 17 03:23:20.599115 2026] [php:error] [pid 83939] [client 194.61.40.115:0] script '/domains/schellin/cmd.php' not found or unable to stat
[Tue Feb 17 03:23:20.960190 2026] [php:error] [pid 83898] [client 20.194.153.120:0] script '/domains/system_default/axx.php' not found or unable to stat
[Tue Feb 17 03:23:21.142376 2026] [php:error] [pid 83898] [client 20.194.153.120:0] script '/domains/system_default/vxrl.php' not found or unable to stat
[Tue Feb 17 03:23:21.310613 2026] [php:error] [pid 83898] [client 20.194.153.120:0] script '/domains/system_default/in.php' not found or unable to stat
[Tue Feb 17 03:23:21.404651 2026] [php:error] [pid 83939] [client 194.61.40.115:0] script '/domains/schellin/cw.php' not found or unable to stat
[Tue Feb 17 03:23:21.557091 2026] [php:error] [pid 83898] [client 20.194.153.120:0] script '/domains/system_default/style.php' not found or unable to stat
[Tue Feb 17 03:23:21.722481 2026] [php:error] [pid 83898] [client 20.194.153.120:0] script '/domains/system_default/we.php' not found or unable to stat
[Tue Feb 17 03:23:21.888035 2026] [php:error] [pid 83898] [client 20.194.153.120:0] script '/domains/system_default/zwso.php' not found or unable to stat
[Tue Feb 17 03:23:21.888162 2026] [php:error] [pid 83939] [client 194.61.40.115:0] script '/domains/schellin/date.php' not found or unable to stat
[Tue Feb 17 03:23:22.070853 2026] [php:error] [pid 83898] [client 20.194.153.120:0] script '/domains/system_default/karak.php' not found or unable to stat
[Tue Feb 17 03:23:22.238982 2026] [php:error] [pid 83898] [client 20.194.153.120:0] script '/domains/system_default/prv8.php' not found or unable to stat
[Tue Feb 17 03:23:22.301078 2026] [php:error] [pid 83939] [client 194.61.40.115:0] script '/domains/schellin/haxor.php' not found or unable to stat
[Tue Feb 17 03:23:22.407444 2026] [php:error] [pid 83898] [client 20.194.153.120:0] script '/domains/system_default/i.php' not found or unable to stat
[Tue Feb 17 03:23:22.701672 2026] [php:error] [pid 83939] [client 194.61.40.115:0] script '/domains/schellin/icomsium.php' not found or unable to stat
[Tue Feb 17 03:23:23.110494 2026] [php:error] [pid 83939] [client 194.61.40.115:0] script '/domains/schellin/ico.php' not found or unable to stat
[Tue Feb 17 03:23:23.507717 2026] [php:error] [pid 83939] [client 194.61.40.115:0] script '/domains/schellin/leaf.php' not found or unable to stat
[Tue Feb 17 03:23:23.632519 2026] [php:error] [pid 83898] [client 20.194.153.120:0] script '/domains/system_default/xmlrpc.php' not found or unable to stat
[Tue Feb 17 03:23:23.798493 2026] [php:error] [pid 83898] [client 20.194.153.120:0] script '/domains/system_default/aw.php' not found or unable to stat
[Tue Feb 17 03:23:23.887688 2026] [php:error] [pid 83939] [client 194.61.40.115:0] script '/domains/schellin/marijuana.php' not found or unable to stat
[Tue Feb 17 03:23:23.964450 2026] [php:error] [pid 83898] [client 20.194.153.120:0] script '/domains/system_default/dev.php' not found or unable to stat
[Tue Feb 17 03:23:24.148955 2026] [php:error] [pid 83898] [client 20.194.153.120:0] script '/domains/system_default/lock360.php' not found or unable to stat
[Tue Feb 17 03:23:24.314646 2026] [php:error] [pid 83898] [client 20.194.153.120:0] script '/domains/system_default/155.php' not found or unable to stat
[Tue Feb 17 03:23:24.392501 2026] [php:error] [pid 83939] [client 194.61.40.115:0] script '/domains/schellin/mass.php' not found or unable to stat
[Tue Feb 17 03:23:24.499065 2026] [php:error] [pid 83898] [client 20.194.153.120:0] script '/domains/system_default/goat.php' not found or unable to stat
[Tue Feb 17 03:23:24.797902 2026] [php:error] [pid 83939] [client 194.61.40.115:0] script '/domains/schellin/mini.php' not found or unable to stat
[Tue Feb 17 03:23:25.047609 2026] [php:error] [pid 83898] [client 20.194.153.120:0] script '/domains/system_default/tcp.php' not found or unable to stat
[Tue Feb 17 03:23:25.199606 2026] [php:error] [pid 83939] [client 194.61.40.115:0] script '/domains/schellin/priv8.php' not found or unable to stat
[Tue Feb 17 03:23:25.217970 2026] [php:error] [pid 83898] [client 20.194.153.120:0] script '/domains/system_default/ext.php' not found or unable to stat
[Tue Feb 17 03:23:25.385091 2026] [php:error] [pid 83898] [client 20.194.153.120:0] script '/domains/system_default/inputs.php' not found or unable to stat
[Tue Feb 17 03:23:25.562173 2026] [php:error] [pid 83898] [client 20.194.153.120:0] script '/domains/system_default/ioxi.php' not found or unable to stat
[Tue Feb 17 03:23:25.701699 2026] [php:error] [pid 83939] [client 194.61.40.115:0] script '/domains/schellin/pws.php' not found or unable to stat
[Tue Feb 17 03:23:25.727996 2026] [php:error] [pid 83898] [client 20.194.153.120:0] script '/domains/system_default/fe5.php' not found or unable to stat
[Tue Feb 17 03:23:26.126135 2026] [php:error] [pid 83898] [client 20.194.153.120:0] script '/domains/system_default/ov.php' not found or unable to stat
[Tue Feb 17 03:23:26.184730 2026] [php:error] [pid 83939] [client 194.61.40.115:0] script '/domains/schellin/r57.php' not found or unable to stat
[Tue Feb 17 03:23:26.636906 2026] [php:error] [pid 83898] [client 20.194.153.120:0] script '/domains/system_default/default.php' not found or unable to stat
[Tue Feb 17 03:23:26.824610 2026] [php:error] [pid 83898] [client 20.194.153.120:0] script '/domains/system_default/goods.php' not found or unable to stat
[Tue Feb 17 03:23:26.994406 2026] [php:error] [pid 83898] [client 20.194.153.120:0] script '/domains/system_default/abcd.php' not found or unable to stat
[Tue Feb 17 03:23:27.160239 2026] [php:error] [pid 83898] [client 20.194.153.120:0] script '/domains/system_default/class.1.php' not found or unable to stat
[Tue Feb 17 03:23:27.375872 2026] [php:error] [pid 83898] [client 20.194.153.120:0] script '/domains/system_default/async.php' not found or unable to stat
[Tue Feb 17 03:23:27.502871 2026] [php:error] [pid 83939] [client 194.61.40.115:0] script '/domains/schellin/robots.php' not found or unable to stat
[Tue Feb 17 03:23:27.541463 2026] [php:error] [pid 83898] [client 20.194.153.120:0] script '/domains/system_default/ff.php' not found or unable to stat
[Tue Feb 17 03:23:27.717253 2026] [php:error] [pid 83898] [client 20.194.153.120:0] script '/domains/system_default/ioxi-o.php' not found or unable to stat
[Tue Feb 17 03:23:27.882914 2026] [php:error] [pid 83898] [client 20.194.153.120:0] script '/domains/system_default/manager.php' not found or unable to stat
[Tue Feb 17 03:23:27.908172 2026] [php:error] [pid 83939] [client 194.61.40.115:0] script '/domains/schellin/snd.php' not found or unable to stat
[Tue Feb 17 03:23:28.056730 2026] [php:error] [pid 83898] [client 20.194.153.120:0] script '/domains/system_default/wp-update.php' not found or unable to stat
[Tue Feb 17 03:23:28.302171 2026] [php:error] [pid 83898] [client 20.194.153.120:0] script '/domains/system_default/file.php' not found or unable to stat
[Tue Feb 17 03:23:28.395330 2026] [php:error] [pid 83939] [client 194.61.40.115:0] script '/domains/schellin/wp-class.php' not found or unable to stat
[Tue Feb 17 03:23:28.816690 2026] [php:error] [pid 83939] [client 194.61.40.115:0] script '/domains/schellin/new-index.php' not found or unable to stat
[Tue Feb 17 03:23:29.007090 2026] [php:error] [pid 83898] [client 20.194.153.120:0] script '/domains/system_default/lc.php' not found or unable to stat
[Tue Feb 17 03:23:29.217019 2026] [php:error] [pid 83898] [client 20.194.153.120:0] script '/domains/system_default/cbrfo.php' not found or unable to stat
[Tue Feb 17 03:23:29.449638 2026] [php:error] [pid 83898] [client 20.194.153.120:0] script '/domains/system_default/inc.php' not found or unable to stat
[Tue Feb 17 03:23:30.723908 2026] [php:error] [pid 83926] [client 20.194.153.120:0] script '/domains/system_default/gifclass.php' not found or unable to stat
[Tue Feb 17 03:23:31.123156 2026] [php:error] [pid 83877] [client 35.247.243.240:0] script '/domains/machinadynamica/adminer-4.7.5.php' not found or unable to stat
[Tue Feb 17 03:23:31.260636 2026] [php:error] [pid 83926] [client 20.194.153.120:0] script '/domains/system_default/miansha.php' not found or unable to stat
[Tue Feb 17 03:23:31.425727 2026] [php:error] [pid 83926] [client 20.194.153.120:0] script '/domains/system_default/tinyfilemanager.php' not found or unable to stat
[Tue Feb 17 03:23:31.605119 2026] [php:error] [pid 83926] [client 20.194.153.120:0] script '/domains/system_default/admin.php' not found or unable to stat
[Tue Feb 17 03:23:31.773958 2026] [php:error] [pid 83926] [client 20.194.153.120:0] script '/domains/system_default/ok.php' not found or unable to stat
[Tue Feb 17 03:23:31.941940 2026] [php:error] [pid 83926] [client 20.194.153.120:0] script '/domains/system_default/fi.php' not found or unable to stat
[Tue Feb 17 03:23:32.492291 2026] [php:error] [pid 83926] [client 20.194.153.120:0] script '/domains/system_default/muzu.php' not found or unable to stat
[Tue Feb 17 03:23:32.657500 2026] [php:error] [pid 83926] [client 20.194.153.120:0] script '/domains/system_default/reze.php' not found or unable to stat
[Tue Feb 17 03:23:32.822882 2026] [php:error] [pid 83926] [client 20.194.153.120:0] script '/domains/system_default/styll.php' not found or unable to stat
[Tue Feb 17 03:23:32.989887 2026] [php:error] [pid 83926] [client 20.194.153.120:0] script '/domains/system_default/x7.php' not found or unable to stat
[Tue Feb 17 03:23:33.155760 2026] [php:error] [pid 83926] [client 20.194.153.120:0] script '/domains/system_default/thebe.php' not found or unable to stat
[Tue Feb 17 03:23:33.322628 2026] [php:error] [pid 83926] [client 20.194.153.120:0] script '/domains/system_default/ddd.php' not found or unable to stat
[Tue Feb 17 03:23:33.495105 2026] [php:error] [pid 83926] [client 20.194.153.120:0] script '/domains/system_default/bgymj.php' not found or unable to stat
[Tue Feb 17 03:23:33.671312 2026] [php:error] [pid 83926] [client 20.194.153.120:0] script '/domains/system_default/8xyz.php' not found or unable to stat
[Tue Feb 17 03:23:33.838002 2026] [php:error] [pid 83926] [client 20.194.153.120:0] script '/domains/system_default/ioxi.php' not found or unable to stat
[Tue Feb 17 03:23:34.111840 2026] [php:error] [pid 83926] [client 20.194.153.120:0] script '/domains/system_default/xpwer1.php' not found or unable to stat
[Tue Feb 17 03:23:34.281943 2026] [php:error] [pid 83926] [client 20.194.153.120:0] script '/domains/system_default/lala.php' not found or unable to stat
[Tue Feb 17 03:23:34.447197 2026] [php:error] [pid 83926] [client 20.194.153.120:0] script '/domains/system_default/about.php' not found or unable to stat
[Tue Feb 17 03:23:35.518650 2026] [php:error] [pid 83926] [client 20.194.153.120:0] script '/domains/system_default/info.php' not found or unable to stat
[Tue Feb 17 03:23:35.683873 2026] [php:error] [pid 83926] [client 20.194.153.120:0] script '/domains/system_default/about.php' not found or unable to stat
[Tue Feb 17 03:23:36.020011 2026] [php:error] [pid 83926] [client 20.194.153.120:0] script '/domains/system_default/222.php' not found or unable to stat
[Tue Feb 17 03:23:36.431304 2026] [php:error] [pid 83926] [client 20.194.153.120:0] script '/domains/system_default/adminfuns.php' not found or unable to stat
[Tue Feb 17 03:23:36.868623 2026] [php:error] [pid 83926] [client 20.194.153.120:0] script '/domains/system_default/xx.php' not found or unable to stat
[Tue Feb 17 03:23:37.199893 2026] [php:error] [pid 83926] [client 20.194.153.120:0] script '/domains/system_default/f5.php' not found or unable to stat
[Tue Feb 17 03:23:37.367352 2026] [php:error] [pid 83926] [client 20.194.153.120:0] script '/domains/system_default/flower.php' not found or unable to stat
[Tue Feb 17 03:23:37.690367 2026] [php:error] [pid 83926] [client 20.194.153.120:0] script '/domains/system_default/f6.php' not found or unable to stat
[Tue Feb 17 03:23:37.900763 2026] [php:error] [pid 83926] [client 20.194.153.120:0] script '/domains/system_default/edit.php' not found or unable to stat
[Tue Feb 17 03:23:38.836661 2026] [php:error] [pid 83926] [client 20.194.153.120:0] script '/domains/system_default/av.php' not found or unable to stat
[Tue Feb 17 03:23:39.306174 2026] [php:error] [pid 83926] [client 20.194.153.120:0] script '/domains/system_default/wsd.php' not found or unable to stat
[Tue Feb 17 03:23:39.606313 2026] [php:error] [pid 83939] [client 194.61.40.115:0] script '/domains/schellin/class-wp-widget-archives.php' not found or unable to stat
[Tue Feb 17 03:23:39.613893 2026] [php:error] [pid 83926] [client 20.194.153.120:0] script '/domains/system_default/jane.php' not found or unable to stat
[Tue Feb 17 03:23:39.779445 2026] [php:error] [pid 83926] [client 20.194.153.120:0] script '/domains/system_default/css.php' not found or unable to stat
[Tue Feb 17 03:23:39.944849 2026] [php:error] [pid 83926] [client 20.194.153.120:0] script '/domains/system_default/alfa.php' not found or unable to stat
[Tue Feb 17 03:23:40.110121 2026] [php:error] [pid 83926] [client 20.194.153.120:0] script '/domains/system_default/wen.php' not found or unable to stat
[Tue Feb 17 03:23:40.275338 2026] [php:error] [pid 83926] [client 20.194.153.120:0] script '/domains/system_default/x.php' not found or unable to stat
[Tue Feb 17 03:23:40.517230 2026] [php:error] [pid 83926] [client 20.194.153.120:0] script '/domains/system_default/xxxx.php' not found or unable to stat
[Tue Feb 17 03:23:40.699432 2026] [php:error] [pid 83926] [client 20.194.153.120:0] script '/domains/system_default/class.php' not found or unable to stat
[Tue Feb 17 03:23:40.871703 2026] [php:error] [pid 83926] [client 20.194.153.120:0] script '/domains/system_default/f35.php' not found or unable to stat
[Tue Feb 17 03:23:41.679308 2026] [php:error] [pid 83926] [client 20.194.153.120:0] script '/domains/system_default/class-t.api.php' not found or unable to stat
[Tue Feb 17 03:23:41.847016 2026] [php:error] [pid 83926] [client 20.194.153.120:0] script '/domains/system_default/blurbs18.php' not found or unable to stat
[Tue Feb 17 03:23:43.373830 2026] [php:error] [pid 83926] [client 20.194.153.120:0] script '/domains/system_default/bless11.php' not found or unable to stat
[Tue Feb 17 03:23:43.539255 2026] [php:error] [pid 83926] [client 20.194.153.120:0] script '/domains/system_default/init.php' not found or unable to stat
[Tue Feb 17 03:23:43.900482 2026] [php:error] [pid 83926] [client 20.194.153.120:0] script '/domains/system_default/k.php' not found or unable to stat
[Tue Feb 17 03:23:44.071063 2026] [php:error] [pid 83926] [client 20.194.153.120:0] script '/domains/system_default/bless.php' not found or unable to stat
[Tue Feb 17 03:23:44.109264 2026] [php:error] [pid 83939] [client 194.61.40.115:0] script '/domains/schellin/xleet-shell.php' not found or unable to stat
[Tue Feb 17 03:23:44.236114 2026] [php:error] [pid 83926] [client 20.194.153.120:0] script '/domains/system_default/X7x.php' not found or unable to stat
[Tue Feb 17 03:23:44.582611 2026] [php:error] [pid 83926] [client 20.194.153.120:0] script '/domains/system_default/166.php' not found or unable to stat
[Tue Feb 17 03:23:44.596473 2026] [php:error] [pid 83939] [client 194.61.40.115:0] script '/domains/schellin/xleet.php' not found or unable to stat
[Tue Feb 17 03:23:44.766306 2026] [php:error] [pid 83926] [client 20.194.153.120:0] script '/domains/system_default/plss3.php' not found or unable to stat
[Tue Feb 17 03:23:44.996828 2026] [php:error] [pid 83939] [client 194.61.40.115:0] script '/domains/schellin/xleetshell.php' not found or unable to stat
[Tue Feb 17 03:23:45.096240 2026] [php:error] [pid 83926] [client 20.194.153.120:0] script '/domains/system_default/admins.php' not found or unable to stat
[Tue Feb 17 03:23:45.437529 2026] [php:error] [pid 83926] [client 20.194.153.120:0] script '/domains/system_default/wp.php' not found or unable to stat
[Tue Feb 17 03:23:45.621743 2026] [php:error] [pid 83926] [client 20.194.153.120:0] script '/domains/system_default/main.php' not found or unable to stat
[Tue Feb 17 03:23:45.957578 2026] [php:error] [pid 83926] [client 20.194.153.120:0] script '/domains/system_default/a1.php' not found or unable to stat
[Tue Feb 17 03:23:46.127364 2026] [php:error] [pid 83926] [client 20.194.153.120:0] script '/domains/system_default/lala.php' not found or unable to stat
[Tue Feb 17 03:23:46.399917 2026] [php:error] [pid 83926] [client 20.194.153.120:0] script '/domains/system_default/aaa.php' not found or unable to stat
[Tue Feb 17 03:23:46.402510 2026] [php:error] [pid 83939] [client 194.61.40.115:0] script '/domains/schellin/xlt.php' not found or unable to stat
[Tue Feb 17 03:23:46.566612 2026] [php:error] [pid 83926] [client 20.194.153.120:0] script '/domains/system_default/a2.php' not found or unable to stat
[Tue Feb 17 03:23:46.966711 2026] [php:error] [pid 83926] [client 20.194.153.120:0] script '/domains/system_default/jsond.php' not found or unable to stat
[Tue Feb 17 03:23:48.997822 2026] [php:error] [pid 83939] [client 194.61.40.115:0] script '/domains/schellin/wp-apxupx.php' not found or unable to stat
[Tue Feb 17 03:23:49.392684 2026] [php:error] [pid 83939] [client 194.61.40.115:0] script '/domains/schellin/nf_tracking.php' not found or unable to stat
[Tue Feb 17 03:23:49.801125 2026] [php:error] [pid 83939] [client 194.61.40.115:0] script '/domains/schellin/class.api.php' not found or unable to stat
[Tue Feb 17 03:23:50.217525 2026] [php:error] [pid 83939] [client 194.61.40.115:0] script '/domains/schellin/xl2023.php' not found or unable to stat
[Tue Feb 17 03:23:50.692087 2026] [php:error] [pid 83939] [client 194.61.40.115:0] script '/domains/schellin/wp-head.php' not found or unable to stat
[Tue Feb 17 03:23:51.099173 2026] [php:error] [pid 83939] [client 194.61.40.115:0] script '/domains/schellin/wp-pano.php' not found or unable to stat
[Tue Feb 17 03:23:52.509558 2026] [php:error] [pid 83939] [client 194.61.40.115:0] script '/domains/schellin/xmlrpc.php' not found or unable to stat
[Tue Feb 17 03:23:53.028693 2026] [php:error] [pid 83939] [client 194.61.40.115:0] script '/domains/schellin/wp-admin.php' not found or unable to stat
[Tue Feb 17 03:23:54.923058 2026] [php:error] [pid 83939] [client 194.61.40.115:0] script '/domains/schellin/WSOEnigma.php' not found or unable to stat
[Tue Feb 17 03:23:57.288186 2026] [php:error] [pid 83939] [client 194.61.40.115:0] script '/domains/schellin/mah.php' not found or unable to stat
[Tue Feb 17 03:23:58.369715 2026] [php:error] [pid 83926] [client 35.247.243.244:0] script '/domains/machinadynamica/adminer-5.4.0-en.php' not found or unable to stat
[Tue Feb 17 03:23:59.492778 2026] [php:error] [pid 83937] [client 194.61.40.162:0] script '/domains/schellin/test.php' not found or unable to stat
[Tue Feb 17 03:24:00.410840 2026] [php:error] [pid 83937] [client 194.61.40.162:0] script '/domains/schellin/gebase.php' not found or unable to stat
[Tue Feb 17 03:24:00.973715 2026] [php:error] [pid 83937] [client 194.61.40.162:0] script '/domains/schellin/defaults.php' not found or unable to stat
[Tue Feb 17 03:24:01.397196 2026] [php:error] [pid 83937] [client 194.61.40.162:0] script '/domains/schellin/asasx.php' not found or unable to stat
[Tue Feb 17 03:24:03.697016 2026] [php:error] [pid 83937] [client 194.61.40.162:0] script '/domains/schellin/contact.php' not found or unable to stat
[Tue Feb 17 03:24:04.200471 2026] [php:error] [pid 83937] [client 194.61.40.162:0] script '/domains/schellin/classwithtostring.php' not found or unable to stat
[Tue Feb 17 03:24:04.208216 2026] [php:error] [pid 83945] [client 34.96.162.58:0] script '/domains/machinadynamica/sql.php' not found or unable to stat
[Tue Feb 17 03:24:04.687357 2026] [php:error] [pid 83937] [client 194.61.40.162:0] script '/domains/schellin/mah.php' not found or unable to stat
[Tue Feb 17 03:24:05.195443 2026] [php:error] [pid 83937] [client 194.61.40.162:0] script '/domains/schellin/wp-add.php' not found or unable to stat
[Tue Feb 17 03:24:08.008717 2026] [php:error] [pid 83937] [client 194.61.40.162:0] script '/domains/schellin/403.php' not found or unable to stat
[Tue Feb 17 03:24:11.120691 2026] [php:error] [pid 83937] [client 194.61.40.162:0] script '/domains/schellin/text.php' not found or unable to stat
[Tue Feb 17 03:24:11.708725 2026] [php:error] [pid 83937] [client 194.61.40.162:0] script '/domains/schellin/xc.php' not found or unable to stat
[Tue Feb 17 03:24:14.113492 2026] [php:error] [pid 83937] [client 194.61.40.162:0] script '/domains/schellin/cgi-bin/xmrlpc.php' not found or unable to stat
[Tue Feb 17 03:24:15.391893 2026] [php:error] [pid 83937] [client 194.61.40.162:0] script '/domains/schellin/go.php' not found or unable to stat
[Tue Feb 17 03:24:16.396002 2026] [php:error] [pid 83937] [client 194.61.40.162:0] script '/domains/schellin/byp.php' not found or unable to stat
[Tue Feb 17 03:24:20.006437 2026] [php:error] [pid 83937] [client 194.61.40.162:0] script '/domains/schellin/click.php' not found or unable to stat
[Tue Feb 17 03:24:21.805560 2026] [php:error] [pid 83937] [client 194.61.40.162:0] script '/domains/schellin/baxa1.php' not found or unable to stat
[Tue Feb 17 03:24:22.703693 2026] [php:error] [pid 83937] [client 194.61.40.162:0] script '/domains/schellin/in.php' not found or unable to stat
[Tue Feb 17 03:24:23.200013 2026] [php:error] [pid 83937] [client 194.61.40.162:0] script '/domains/schellin/geju.php' not found or unable to stat
[Tue Feb 17 03:24:24.099940 2026] [php:error] [pid 83937] [client 194.61.40.162:0] script '/domains/schellin/wp-signup.php' not found or unable to stat
[Tue Feb 17 03:24:24.694761 2026] [php:error] [pid 83937] [client 194.61.40.162:0] script '/domains/schellin/elp.php' not found or unable to stat
[Tue Feb 17 03:24:26.016243 2026] [php:error] [pid 83937] [client 194.61.40.162:0] script '/domains/schellin/chosen-667.php' not found or unable to stat
[Tue Feb 17 03:24:26.492771 2026] [php:error] [pid 83937] [client 194.61.40.162:0] script '/domains/schellin/network.php' not found or unable to stat
[Tue Feb 17 03:24:27.715223 2026] [php:error] [pid 83949] [client 194.61.40.120:0] script '/domains/schellin/wp-mail.php' not found or unable to stat
[Tue Feb 17 03:24:28.708017 2026] [php:error] [pid 83949] [client 194.61.40.120:0] script '/domains/schellin/yanz.php' not found or unable to stat
[Tue Feb 17 03:24:35.690061 2026] [php:error] [pid 83937] [client 194.61.40.153:0] script '/domains/schellin/tiny.php' not found or unable to stat
[Tue Feb 17 03:24:36.113908 2026] [php:error] [pid 83937] [client 194.61.40.153:0] script '/domains/schellin/edit.php' not found or unable to stat
[Tue Feb 17 03:24:36.517095 2026] [php:error] [pid 83937] [client 194.61.40.153:0] script '/domains/schellin/first.php' not found or unable to stat
[Tue Feb 17 03:24:40.087606 2026] [php:error] [pid 83937] [client 194.61.40.153:0] script '/domains/schellin/bs1.php' not found or unable to stat
[Tue Feb 17 03:24:41.910217 2026] [php:error] [pid 83937] [client 194.61.40.153:0] script '/domains/schellin/cron.php' not found or unable to stat
[Tue Feb 17 03:24:42.802571 2026] [php:error] [pid 83937] [client 194.61.40.153:0] script '/domains/schellin/db.php' not found or unable to stat
[Tue Feb 17 03:24:43.110942 2026] [php:error] [pid 83937] [client 194.61.40.153:0] script '/domains/schellin/fm.php' not found or unable to stat
[Tue Feb 17 03:24:44.520194 2026] [php:error] [pid 83937] [client 194.61.40.153:0] script '/domains/schellin/a.php' not found or unable to stat
[Tue Feb 17 03:24:46.202730 2026] [php:error] [pid 83937] [client 194.61.40.153:0] script '/domains/schellin/chosen.php' not found or unable to stat
[Tue Feb 17 03:24:47.092709 2026] [php:error] [pid 83937] [client 194.61.40.153:0] script '/domains/schellin/back.php' not found or unable to stat
[Tue Feb 17 03:24:49.803906 2026] [php:error] [pid 83937] [client 194.61.40.153:0] script '/domains/schellin/new.php' not found or unable to stat
[Tue Feb 17 03:24:52.487182 2026] [php:error] [pid 83937] [client 194.61.40.153:0] script '/domains/schellin/phpfm3.php' not found or unable to stat
[Tue Feb 17 03:24:54.297627 2026] [php:error] [pid 83937] [client 194.61.40.153:0] script '/domains/schellin/post.php' not found or unable to stat
[Tue Feb 17 03:24:59.592649 2026] [php:error] [pid 83937] [client 194.61.40.153:0] script '/domains/schellin/randkeyword.php' not found or unable to stat
[Tue Feb 17 03:25:00.991041 2026] [php:error] [pid 83937] [client 194.61.40.153:0] script '/domains/schellin/xxx.php' not found or unable to stat
[Tue Feb 17 03:25:01.989755 2026] [php:error] [pid 83937] [client 194.61.40.153:0] script '/domains/schellin/lv.php' not found or unable to stat
[Tue Feb 17 03:25:02.415945 2026] [php:error] [pid 83937] [client 194.61.40.153:0] script '/domains/schellin/zip.php' not found or unable to stat
[Tue Feb 17 03:25:05.997912 2026] [php:error] [pid 83953] [client 34.96.162.51:0] script '/domains/machinadynamica/adminer-5.4.1.php' not found or unable to stat
[Tue Feb 17 03:25:08.592797 2026] [php:error] [pid 83937] [client 194.61.40.153:0] script '/domains/schellin/wp-cron.php' not found or unable to stat
[Tue Feb 17 03:25:09.608193 2026] [php:error] [pid 83937] [client 194.61.40.153:0] script '/domains/schellin/cgi-bin/about.php' not found or unable to stat
[Tue Feb 17 03:25:10.095844 2026] [php:error] [pid 83937] [client 194.61.40.153:0] script '/domains/schellin/jp.php' not found or unable to stat
[Tue Feb 17 03:25:10.596013 2026] [php:error] [pid 83937] [client 194.61.40.153:0] script '/domains/schellin/rcc.php' not found or unable to stat
[Tue Feb 17 03:25:11.598196 2026] [php:error] [pid 83937] [client 194.61.40.153:0] script '/domains/schellin/class.api.php' not found or unable to stat
[Tue Feb 17 03:25:12.099910 2026] [php:error] [pid 83937] [client 194.61.40.153:0] script '/domains/schellin/layout.php' not found or unable to stat
[Tue Feb 17 03:25:13.192254 2026] [php:error] [pid 83937] [client 194.61.40.153:0] script '/domains/schellin/history.php' not found or unable to stat
[Tue Feb 17 03:25:15.001281 2026] [php:error] [pid 83937] [client 194.61.40.153:0] script '/domains/schellin/images/about.php' not found or unable to stat
[Tue Feb 17 03:25:17.699887 2026] [php:error] [pid 83937] [client 194.61.40.153:0] script '/domains/schellin/about.php' not found or unable to stat
[Tue Feb 17 03:25:18.688473 2026] [php:error] [pid 83937] [client 194.61.40.153:0] script '/domains/schellin/cong.php' not found or unable to stat
[Tue Feb 17 03:25:19.095103 2026] [php:error] [pid 83937] [client 194.61.40.153:0] script '/domains/schellin/cgi-bin/wp-login.php' not found or unable to stat
[Tue Feb 17 03:25:20.896228 2026] [php:error] [pid 83937] [client 194.61.40.153:0] script '/domains/schellin/wp-links.php' not found or unable to stat
[Tue Feb 17 03:25:21.928229 2026] [php:error] [pid 83956] [client 194.61.40.163:0] script '/domains/schellin/makeasmtp.php' not found or unable to stat
[Tue Feb 17 03:25:24.414123 2026] [php:error] [pid 83956] [client 194.61.40.163:0] script '/domains/schellin/login.php' not found or unable to stat
[Tue Feb 17 03:25:29.008610 2026] [php:error] [pid 83956] [client 194.61.40.163:0] script '/domains/schellin/wander.php' not found or unable to stat
[Tue Feb 17 03:25:30.485775 2026] [php:error] [pid 83956] [client 194.61.40.163:0] script '/domains/schellin/wp-config-sample.php' not found or unable to stat
[Tue Feb 17 03:25:32.218834 2026] [php:error] [pid 83956] [client 194.61.40.163:0] script '/domains/schellin/images/autoload_classmap.php' not found or unable to stat
[Tue Feb 17 03:25:32.803758 2026] [php:error] [pid 83956] [client 194.61.40.163:0] script '/domains/schellin/manager.php' not found or unable to stat
[Tue Feb 17 03:25:34.207086 2026] [php:error] [pid 83956] [client 194.61.40.163:0] script '/domains/schellin/users.php' not found or unable to stat
[Tue Feb 17 03:25:35.608129 2026] [php:error] [pid 83956] [client 194.61.40.163:0] script '/domains/schellin/sim.php' not found or unable to stat
[Tue Feb 17 03:25:37.302560 2026] [php:error] [pid 83956] [client 194.61.40.163:0] script '/domains/schellin/function.php' not found or unable to stat
[Tue Feb 17 03:25:46.994627 2026] [php:error] [pid 83956] [client 194.61.40.163:0] script '/domains/schellin/wp-mail.php' not found or unable to stat
[Tue Feb 17 03:25:48.996974 2026] [php:error] [pid 83956] [client 194.61.40.163:0] script '/domains/schellin/admin-post.php' not found or unable to stat
[Tue Feb 17 03:25:49.488649 2026] [php:error] [pid 83956] [client 194.61.40.163:0] script '/domains/schellin/conf_upload.php' not found or unable to stat
[Tue Feb 17 03:25:52.706829 2026] [php:error] [pid 83956] [client 194.61.40.163:0] script '/domains/schellin/wp-configs.php' not found or unable to stat
[Tue Feb 17 03:25:54.509087 2026] [php:error] [pid 83941] [client 194.61.40.121:0] script '/domains/schellin/cgi-bin/file.php' not found or unable to stat
[Tue Feb 17 03:25:54.924053 2026] [php:error] [pid 83941] [client 194.61.40.121:0] script '/domains/schellin/f35.php' not found or unable to stat
[Tue Feb 17 03:25:56.388656 2026] [php:error] [pid 83941] [client 194.61.40.121:0] script '/domains/schellin/edit.php' not found or unable to stat
[Tue Feb 17 03:25:56.971727 2026] [php:error] [pid 83961] [client 40.69.27.251:0] script '/domains/jaspen/new4.php' not found or unable to stat
[Tue Feb 17 03:25:57.043855 2026] [php:error] [pid 83961] [client 40.69.27.251:0] script '/domains/jaspen/sc.php' not found or unable to stat
[Tue Feb 17 03:25:57.118131 2026] [php:error] [pid 83961] [client 40.69.27.251:0] script '/domains/jaspen/pouhg.php' not found or unable to stat
[Tue Feb 17 03:25:57.323044 2026] [php:error] [pid 83961] [client 40.69.27.251:0] script '/domains/jaspen/vgtyu.php' not found or unable to stat
[Tue Feb 17 03:25:57.400682 2026] [php:error] [pid 83961] [client 40.69.27.251:0] script '/domains/jaspen/aq.php' not found or unable to stat
[Tue Feb 17 03:25:57.493786 2026] [php:error] [pid 83961] [client 40.69.27.251:0] script '/domains/jaspen/opts.php' not found or unable to stat
[Tue Feb 17 03:25:57.565629 2026] [php:error] [pid 83961] [client 40.69.27.251:0] script '/domains/jaspen/x123.php' not found or unable to stat
[Tue Feb 17 03:25:57.637266 2026] [php:error] [pid 83961] [client 40.69.27.251:0] script '/domains/jaspen/wp-act.php' not found or unable to stat
[Tue Feb 17 03:25:57.709137 2026] [php:error] [pid 83961] [client 40.69.27.251:0] script '/domains/jaspen/moshou.php' not found or unable to stat
[Tue Feb 17 03:25:57.782244 2026] [php:error] [pid 83961] [client 40.69.27.251:0] script '/domains/jaspen/seetox.php' not found or unable to stat
[Tue Feb 17 03:25:57.814665 2026] [php:error] [pid 83941] [client 194.61.40.121:0] script '/domains/schellin/files.php' not found or unable to stat
[Tue Feb 17 03:25:57.854283 2026] [php:error] [pid 83961] [client 40.69.27.251:0] script '/domains/jaspen/dom.php' not found or unable to stat
[Tue Feb 17 03:25:57.926787 2026] [php:error] [pid 83961] [client 40.69.27.251:0] script '/domains/jaspen/ws60.php' not found or unable to stat
[Tue Feb 17 03:25:58.059692 2026] [php:error] [pid 83961] [client 40.69.27.251:0] script '/domains/jaspen/samiri.php' not found or unable to stat
[Tue Feb 17 03:25:58.131937 2026] [php:error] [pid 83961] [client 40.69.27.251:0] script '/domains/jaspen/plugins.php' not found or unable to stat
[Tue Feb 17 03:25:58.237311 2026] [php:error] [pid 83961] [client 40.69.27.251:0] script '/domains/jaspen/xoot.php' not found or unable to stat
[Tue Feb 17 03:25:58.375170 2026] [php:error] [pid 83961] [client 40.69.27.251:0] script '/domains/jaspen/X57.php' not found or unable to stat
[Tue Feb 17 03:25:58.395248 2026] [php:error] [pid 83941] [client 194.61.40.121:0] script '/domains/schellin/webadmin.php' not found or unable to stat
[Tue Feb 17 03:25:58.446934 2026] [php:error] [pid 83961] [client 40.69.27.251:0] script '/domains/jaspen/vx.php' not found or unable to stat
[Tue Feb 17 03:25:58.519473 2026] [php:error] [pid 83961] [client 40.69.27.251:0] script '/domains/jaspen/file59.php' not found or unable to stat
[Tue Feb 17 03:25:58.722740 2026] [php:error] [pid 83961] [client 40.69.27.251:0] script '/domains/jaspen/shas.php' not found or unable to stat
[Tue Feb 17 03:25:58.826176 2026] [php:error] [pid 83961] [client 40.69.27.251:0] script '/domains/jaspen/xa.php' not found or unable to stat
[Tue Feb 17 03:25:58.898155 2026] [php:error] [pid 83961] [client 40.69.27.251:0] script '/domains/jaspen/xda.php' not found or unable to stat
[Tue Feb 17 03:25:58.969943 2026] [php:error] [pid 83961] [client 40.69.27.251:0] script '/domains/jaspen/er.php' not found or unable to stat
[Tue Feb 17 03:25:59.041835 2026] [php:error] [pid 83961] [client 40.69.27.251:0] script '/domains/jaspen/fault.php' not found or unable to stat
[Tue Feb 17 03:25:59.113630 2026] [php:error] [pid 83961] [client 40.69.27.251:0] script '/domains/jaspen/motu.php' not found or unable to stat
[Tue Feb 17 03:25:59.274096 2026] [php:error] [pid 83961] [client 40.69.27.251:0] script '/domains/jaspen/66.php' not found or unable to stat
[Tue Feb 17 03:25:59.415721 2026] [php:error] [pid 83961] [client 40.69.27.251:0] script '/domains/jaspen/leuk.php' not found or unable to stat
[Tue Feb 17 03:25:59.501459 2026] [php:error] [pid 83961] [client 40.69.27.251:0] script '/domains/jaspen/xqq.php' not found or unable to stat
[Tue Feb 17 03:25:59.595349 2026] [php:error] [pid 83961] [client 40.69.27.251:0] script '/domains/jaspen/kolda.php' not found or unable to stat
[Tue Feb 17 03:25:59.667721 2026] [php:error] [pid 83961] [client 40.69.27.251:0] script '/domains/jaspen/nw.php' not found or unable to stat
[Tue Feb 17 03:25:59.779083 2026] [php:error] [pid 83961] [client 40.69.27.251:0] script '/domains/jaspen/god.php' not found or unable to stat
[Tue Feb 17 03:25:59.795351 2026] [php:error] [pid 83941] [client 194.61.40.121:0] script '/domains/schellin/wsa.php' not found or unable to stat
[Tue Feb 17 03:25:59.853929 2026] [php:error] [pid 83961] [client 40.69.27.251:0] script '/domains/jaspen/666.php' not found or unable to stat
[Tue Feb 17 03:25:59.938364 2026] [php:error] [pid 83961] [client 40.69.27.251:0] script '/domains/jaspen/kj.php' not found or unable to stat
[Tue Feb 17 03:26:00.067027 2026] [php:error] [pid 83961] [client 40.69.27.251:0] script '/domains/jaspen/un.php' not found or unable to stat
[Tue Feb 17 03:26:00.138664 2026] [php:error] [pid 83961] [client 40.69.27.251:0] script '/domains/jaspen/fs.php' not found or unable to stat
[Tue Feb 17 03:26:00.210570 2026] [php:error] [pid 83961] [client 40.69.27.251:0] script '/domains/jaspen/ms.php' not found or unable to stat
[Tue Feb 17 03:26:00.282251 2026] [php:error] [pid 83961] [client 40.69.27.251:0] script '/domains/jaspen/login8.php' not found or unable to stat
[Tue Feb 17 03:26:00.353928 2026] [php:error] [pid 83961] [client 40.69.27.251:0] script '/domains/jaspen/nnyvn.php' not found or unable to stat
[Tue Feb 17 03:26:00.435393 2026] [php:error] [pid 83961] [client 40.69.27.251:0] script '/domains/jaspen/cu.php' not found or unable to stat
[Tue Feb 17 03:26:00.508405 2026] [php:error] [pid 83961] [client 40.69.27.251:0] script '/domains/jaspen/lul.php' not found or unable to stat
[Tue Feb 17 03:26:00.656812 2026] [php:error] [pid 83961] [client 40.69.27.251:0] script '/domains/jaspen/0.php' not found or unable to stat
[Tue Feb 17 03:26:00.730056 2026] [php:error] [pid 83961] [client 40.69.27.251:0] script '/domains/jaspen/ms-edit.php' not found or unable to stat
[Tue Feb 17 03:26:00.802890 2026] [php:error] [pid 83961] [client 40.69.27.251:0] script '/domains/jaspen/ya.php' not found or unable to stat
[Tue Feb 17 03:26:00.874998 2026] [php:error] [pid 83961] [client 40.69.27.251:0] script '/domains/jaspen/grsiuk.php' not found or unable to stat
[Tue Feb 17 03:26:00.948066 2026] [php:error] [pid 83961] [client 40.69.27.251:0] script '/domains/jaspen/wp-blog.php' not found or unable to stat
[Tue Feb 17 03:26:01.130573 2026] [php:error] [pid 83961] [client 40.69.27.251:0] script '/domains/jaspen/wp-access.php' not found or unable to stat
[Tue Feb 17 03:26:01.218458 2026] [php:error] [pid 83961] [client 40.69.27.251:0] script '/domains/jaspen/a1vx.php' not found or unable to stat
[Tue Feb 17 03:26:01.289947 2026] [php:error] [pid 83961] [client 40.69.27.251:0] script '/domains/jaspen/sbhu.php' not found or unable to stat
[Tue Feb 17 03:26:01.303157 2026] [php:error] [pid 83941] [client 194.61.40.121:0] script '/domains/schellin/tinyfilemanager.php' not found or unable to stat
[Tue Feb 17 03:26:01.362676 2026] [php:error] [pid 83961] [client 40.69.27.251:0] script '/domains/jaspen/wp-the.php' not found or unable to stat
[Tue Feb 17 03:26:01.492651 2026] [php:error] [pid 83961] [client 40.69.27.251:0] script '/domains/jaspen/06.php' not found or unable to stat
[Tue Feb 17 03:26:01.564349 2026] [php:error] [pid 83961] [client 40.69.27.251:0] script '/domains/jaspen/wp5.php' not found or unable to stat
[Tue Feb 17 03:26:01.636531 2026] [php:error] [pid 83961] [client 40.69.27.251:0] script '/domains/jaspen/fot.php' not found or unable to stat
[Tue Feb 17 03:26:01.708348 2026] [php:error] [pid 83961] [client 40.69.27.251:0] script '/domains/jaspen/ff1.php' not found or unable to stat
[Tue Feb 17 03:26:01.822090 2026] [php:error] [pid 83961] [client 40.69.27.251:0] script '/domains/jaspen/forbidals.php' not found or unable to stat
[Tue Feb 17 03:26:01.957051 2026] [php:error] [pid 83961] [client 40.69.27.251:0] script '/domains/jaspen/erty.php' not found or unable to stat
[Tue Feb 17 03:26:02.072778 2026] [php:error] [pid 83961] [client 40.69.27.251:0] script '/domains/jaspen/dev1s.php' not found or unable to stat
[Tue Feb 17 03:26:02.149078 2026] [php:error] [pid 83961] [client 40.69.27.251:0] script '/domains/jaspen/ffd.php' not found or unable to stat
[Tue Feb 17 03:26:02.220644 2026] [php:error] [pid 83961] [client 40.69.27.251:0] script '/domains/jaspen/admiin.php' not found or unable to stat
