[Tue Feb 17 02:37:05.275970 2026] [php:error] [pid 71877] [client 98.159.43.147:0] script '/domains/rnachum/Njima.php' not found or unable to stat
[Tue Feb 17 02:37:05.354363 2026] [php:error] [pid 71882] [client 68.221.64.54:0] script '/domains/tinatina/a2.php' not found or unable to stat
[Tue Feb 17 02:37:05.862198 2026] [php:error] [pid 71882] [client 68.221.64.54:0] script '/domains/tinatina/nyan.php' not found or unable to stat
[Tue Feb 17 02:37:05.985630 2026] [php:error] [pid 71882] [client 68.221.64.54:0] script '/domains/tinatina/jsond.php' not found or unable to stat
[Tue Feb 17 02:37:06.012487 2026] [php:error] [pid 71878] [client 34.96.162.53:0] script '/domains/machinadynamica/adminer-5.2.0.php' not found or unable to stat
[Tue Feb 17 02:37:06.872161 2026] [php:error] [pid 71877] [client 98.159.43.147:0] script '/domains/rnachum/FroggBaba.php' not found or unable to stat
[Tue Feb 17 02:37:08.092986 2026] [php:error] [pid 71877] [client 98.159.43.147:0] script '/domains/rnachum/sts.php' not found or unable to stat
[Tue Feb 17 02:37:10.368556 2026] [php:error] [pid 71877] [client 98.159.43.147:0] script '/domains/rnachum/st.php' not found or unable to stat
[Tue Feb 17 02:37:10.673461 2026] [php:error] [pid 71877] [client 98.159.43.147:0] script '/domains/rnachum/GA13.php' not found or unable to stat
[Tue Feb 17 02:37:12.869695 2026] [php:error] [pid 71877] [client 98.159.43.147:0] script '/domains/rnachum/crop.php' not found or unable to stat
[Tue Feb 17 02:37:13.873064 2026] [php:error] [pid 71877] [client 98.159.43.147:0] script '/domains/rnachum/gali.php' not found or unable to stat
[Tue Feb 17 02:37:14.794396 2026] [php:error] [pid 71877] [client 98.159.43.147:0] script '/domains/rnachum/dir.php' not found or unable to stat
[Tue Feb 17 02:37:15.150612 2026] [php:error] [pid 71877] [client 98.159.43.147:0] script '/domains/rnachum/dirs.php' not found or unable to stat
[Tue Feb 17 02:37:15.456090 2026] [php:error] [pid 71877] [client 98.159.43.147:0] script '/domains/rnachum/abouts.php' not found or unable to stat
[Tue Feb 17 02:37:15.759108 2026] [php:error] [pid 71877] [client 98.159.43.147:0] script '/domains/rnachum/malls.php' not found or unable to stat
[Tue Feb 17 02:37:16.093253 2026] [php:error] [pid 71877] [client 98.159.43.147:0] script '/domains/rnachum/liefs.php' not found or unable to stat
[Tue Feb 17 02:37:16.463080 2026] [php:error] [pid 71877] [client 98.159.43.147:0] script '/domains/rnachum/uc.php' not found or unable to stat
[Tue Feb 17 02:37:16.753277 2026] [php:error] [pid 71877] [client 98.159.43.147:0] script '/domains/rnachum/locks.php' not found or unable to stat
[Tue Feb 17 02:37:17.084067 2026] [php:error] [pid 71877] [client 98.159.43.147:0] script '/domains/rnachum/wp-dsdd.php' not found or unable to stat
[Tue Feb 17 02:37:17.430086 2026] [php:error] [pid 71886] [client 35.247.243.243:0] script '/domains/machinadynamica/adminer-4.7.2.php' not found or unable to stat
[Tue Feb 17 02:37:18.958418 2026] [php:error] [pid 71890] [client 20.111.62.157:0] script '/domains/nlyfoods/new4.php' not found or unable to stat
[Tue Feb 17 02:37:18.983591 2026] [php:error] [pid 71877] [client 98.159.43.147:0] script '/domains/rnachum/wp-themes.php' not found or unable to stat
[Tue Feb 17 02:37:19.042927 2026] [php:error] [pid 71890] [client 20.111.62.157:0] script '/domains/nlyfoods/xoot.php' not found or unable to stat
[Tue Feb 17 02:37:19.128491 2026] [php:error] [pid 71890] [client 20.111.62.157:0] script '/domains/nlyfoods/er.php' not found or unable to stat
[Tue Feb 17 02:37:19.212826 2026] [php:error] [pid 71890] [client 20.111.62.157:0] script '/domains/nlyfoods/fault.php' not found or unable to stat
[Tue Feb 17 02:37:19.312772 2026] [php:error] [pid 71890] [client 20.111.62.157:0] script '/domains/nlyfoods/x2x.php' not found or unable to stat
[Tue Feb 17 02:37:19.382028 2026] [php:error] [pid 71877] [client 98.159.43.147:0] script '/domains/rnachum/wp-uploads.php' not found or unable to stat
[Tue Feb 17 02:37:19.397525 2026] [php:error] [pid 71890] [client 20.111.62.157:0] script '/domains/nlyfoods/motu.php' not found or unable to stat
[Tue Feb 17 02:37:19.482421 2026] [php:error] [pid 71890] [client 20.111.62.157:0] script '/domains/nlyfoods/66.php' not found or unable to stat
[Tue Feb 17 02:37:19.586354 2026] [php:error] [pid 71890] [client 20.111.62.157:0] script '/domains/nlyfoods/leuk.php' not found or unable to stat
[Tue Feb 17 02:37:19.661027 2026] [php:error] [pid 71877] [client 98.159.43.147:0] script '/domains/rnachum/wp-files.php' not found or unable to stat
[Tue Feb 17 02:37:19.670696 2026] [php:error] [pid 71890] [client 20.111.62.157:0] script '/domains/nlyfoods/bc-456.php' not found or unable to stat
[Tue Feb 17 02:37:19.763343 2026] [php:error] [pid 71890] [client 20.111.62.157:0] script '/domains/nlyfoods/wo.php' not found or unable to stat
[Tue Feb 17 02:37:19.849259 2026] [php:error] [pid 71890] [client 20.111.62.157:0] script '/domains/nlyfoods/bvb.php' not found or unable to stat
[Tue Feb 17 02:37:19.933843 2026] [php:error] [pid 71890] [client 20.111.62.157:0] script '/domains/nlyfoods/xqq.php' not found or unable to stat
[Tue Feb 17 02:37:20.026180 2026] [php:error] [pid 71890] [client 20.111.62.157:0] script '/domains/nlyfoods/kolda.php' not found or unable to stat
[Tue Feb 17 02:37:20.068101 2026] [php:error] [pid 71877] [client 98.159.43.147:0] script '/domains/rnachum/t.php' not found or unable to stat
[Tue Feb 17 02:37:20.110600 2026] [php:error] [pid 71890] [client 20.111.62.157:0] script '/domains/nlyfoods/nw.php' not found or unable to stat
[Tue Feb 17 02:37:20.194995 2026] [php:error] [pid 71890] [client 20.111.62.157:0] script '/domains/nlyfoods/god.php' not found or unable to stat
[Tue Feb 17 02:37:20.285737 2026] [php:error] [pid 71890] [client 20.111.62.157:0] script '/domains/nlyfoods/666.php' not found or unable to stat
[Tue Feb 17 02:37:20.369768 2026] [php:error] [pid 71890] [client 20.111.62.157:0] script '/domains/nlyfoods/kj.php' not found or unable to stat
[Tue Feb 17 02:37:20.378711 2026] [php:error] [pid 71877] [client 98.159.43.147:0] script '/domains/rnachum/stindex.php' not found or unable to stat
[Tue Feb 17 02:37:20.453995 2026] [php:error] [pid 71890] [client 20.111.62.157:0] script '/domains/nlyfoods/un.php' not found or unable to stat
[Tue Feb 17 02:37:20.547768 2026] [php:error] [pid 71890] [client 20.111.62.157:0] script '/domains/nlyfoods/fs.php' not found or unable to stat
[Tue Feb 17 02:37:20.633779 2026] [php:error] [pid 71890] [client 20.111.62.157:0] script '/domains/nlyfoods/lts.php' not found or unable to stat
[Tue Feb 17 02:37:20.689023 2026] [php:error] [pid 71877] [client 98.159.43.147:0] script '/domains/rnachum/shop.php' not found or unable to stat
[Tue Feb 17 02:37:20.724793 2026] [php:error] [pid 71890] [client 20.111.62.157:0] script '/domains/nlyfoods/ms.php' not found or unable to stat
[Tue Feb 17 02:37:20.818291 2026] [php:error] [pid 71890] [client 20.111.62.157:0] script '/domains/nlyfoods/login8.php' not found or unable to stat
[Tue Feb 17 02:37:20.904820 2026] [php:error] [pid 71890] [client 20.111.62.157:0] script '/domains/nlyfoods/nnyvn.php' not found or unable to stat
[Tue Feb 17 02:37:20.994657 2026] [php:error] [pid 71890] [client 20.111.62.157:0] script '/domains/nlyfoods/cu.php' not found or unable to stat
[Tue Feb 17 02:37:21.079073 2026] [php:error] [pid 71890] [client 20.111.62.157:0] script '/domains/nlyfoods/lul.php' not found or unable to stat
[Tue Feb 17 02:37:21.163917 2026] [php:error] [pid 71890] [client 20.111.62.157:0] script '/domains/nlyfoods/0.php' not found or unable to stat
[Tue Feb 17 02:37:21.249091 2026] [php:error] [pid 71890] [client 20.111.62.157:0] script '/domains/nlyfoods/ms-edit.php' not found or unable to stat
[Tue Feb 17 02:37:21.333642 2026] [php:error] [pid 71890] [client 20.111.62.157:0] script '/domains/nlyfoods/ya.php' not found or unable to stat
[Tue Feb 17 02:37:21.426547 2026] [php:error] [pid 71890] [client 20.111.62.157:0] script '/domains/nlyfoods/grsiuk.php' not found or unable to stat
[Tue Feb 17 02:37:21.526300 2026] [php:error] [pid 71890] [client 20.111.62.157:0] script '/domains/nlyfoods/wp-blog.php' not found or unable to stat
[Tue Feb 17 02:37:21.612042 2026] [php:error] [pid 71890] [client 20.111.62.157:0] script '/domains/nlyfoods/ftem.php' not found or unable to stat
[Tue Feb 17 02:37:21.697102 2026] [php:error] [pid 71890] [client 20.111.62.157:0] script '/domains/nlyfoods/7wom.php' not found or unable to stat
[Tue Feb 17 02:37:21.791510 2026] [php:error] [pid 71890] [client 20.111.62.157:0] script '/domains/nlyfoods/wp-access.php' not found or unable to stat
[Tue Feb 17 02:37:21.890132 2026] [php:error] [pid 71890] [client 20.111.62.157:0] script '/domains/nlyfoods/a1vx.php' not found or unable to stat
[Tue Feb 17 02:37:21.975924 2026] [php:error] [pid 71890] [client 20.111.62.157:0] script '/domains/nlyfoods/sbhu.php' not found or unable to stat
[Tue Feb 17 02:37:22.060346 2026] [php:error] [pid 71890] [client 20.111.62.157:0] script '/domains/nlyfoods/wp-the.php' not found or unable to stat
[Tue Feb 17 02:37:22.145134 2026] [php:error] [pid 71890] [client 20.111.62.157:0] script '/domains/nlyfoods/06.php' not found or unable to stat
[Tue Feb 17 02:37:22.195378 2026] [php:error] [pid 71891] [client 98.159.43.142:0] script '/domains/rnachum/exit.php' not found or unable to stat
[Tue Feb 17 02:37:22.235615 2026] [php:error] [pid 71890] [client 20.111.62.157:0] script '/domains/nlyfoods/wp5.php' not found or unable to stat
[Tue Feb 17 02:37:22.320175 2026] [php:error] [pid 71890] [client 20.111.62.157:0] script '/domains/nlyfoods/fot.php' not found or unable to stat
[Tue Feb 17 02:37:22.404341 2026] [php:error] [pid 71890] [client 20.111.62.157:0] script '/domains/nlyfoods/ff1.php' not found or unable to stat
[Tue Feb 17 02:37:22.455710 2026] [php:error] [pid 71891] [client 98.159.43.142:0] script '/domains/rnachum/install.php' not found or unable to stat
[Tue Feb 17 02:37:22.505438 2026] [php:error] [pid 71890] [client 20.111.62.157:0] script '/domains/nlyfoods/forbidals.php' not found or unable to stat
[Tue Feb 17 02:37:22.589650 2026] [php:error] [pid 71890] [client 20.111.62.157:0] script '/domains/nlyfoods/erty.php' not found or unable to stat
[Tue Feb 17 02:37:22.676149 2026] [php:error] [pid 71890] [client 20.111.62.157:0] script '/domains/nlyfoods/dev1s.php' not found or unable to stat
[Tue Feb 17 02:37:22.757964 2026] [php:error] [pid 71891] [client 98.159.43.142:0] script '/domains/rnachum/max.php' not found or unable to stat
[Tue Feb 17 02:37:22.771294 2026] [php:error] [pid 71890] [client 20.111.62.157:0] script '/domains/nlyfoods/ffd.php' not found or unable to stat
[Tue Feb 17 02:37:22.866559 2026] [php:error] [pid 71890] [client 20.111.62.157:0] script '/domains/nlyfoods/admiin.php' not found or unable to stat
[Tue Feb 17 02:37:22.952209 2026] [php:error] [pid 71890] [client 20.111.62.157:0] script '/domains/nlyfoods/ol.php' not found or unable to stat
[Tue Feb 17 02:37:23.040548 2026] [php:error] [pid 71890] [client 20.111.62.157:0] script '/domains/nlyfoods/Sanskrit.php' not found or unable to stat
[Tue Feb 17 02:37:23.095828 2026] [php:error] [pid 71891] [client 98.159.43.142:0] script '/domains/rnachum/wp-load.php' not found or unable to stat
[Tue Feb 17 02:37:23.124731 2026] [php:error] [pid 71890] [client 20.111.62.157:0] script '/domains/nlyfoods/vxrl.php' not found or unable to stat
[Tue Feb 17 02:37:23.209684 2026] [php:error] [pid 71890] [client 20.111.62.157:0] script '/domains/nlyfoods/re.php' not found or unable to stat
[Tue Feb 17 02:37:23.294509 2026] [php:error] [pid 71890] [client 20.111.62.157:0] script '/domains/nlyfoods/num.php' not found or unable to stat
[Tue Feb 17 02:37:23.379147 2026] [php:error] [pid 71890] [client 20.111.62.157:0] script '/domains/nlyfoods/axx.php' not found or unable to stat
[Tue Feb 17 02:37:23.465191 2026] [php:error] [pid 71890] [client 20.111.62.157:0] script '/domains/nlyfoods/vxrl.php' not found or unable to stat
[Tue Feb 17 02:37:23.555510 2026] [php:error] [pid 71890] [client 20.111.62.157:0] script '/domains/nlyfoods/in.php' not found or unable to stat
[Tue Feb 17 02:37:23.640407 2026] [php:error] [pid 71890] [client 20.111.62.157:0] script '/domains/nlyfoods/style.php' not found or unable to stat
[Tue Feb 17 02:37:23.724970 2026] [php:error] [pid 71890] [client 20.111.62.157:0] script '/domains/nlyfoods/we.php' not found or unable to stat
[Tue Feb 17 02:37:23.786511 2026] [php:error] [pid 71891] [client 98.159.43.142:0] script '/domains/rnachum/aa.php' not found or unable to stat
[Tue Feb 17 02:37:23.809300 2026] [php:error] [pid 71890] [client 20.111.62.157:0] script '/domains/nlyfoods/zwso.php' not found or unable to stat
[Tue Feb 17 02:37:23.897288 2026] [php:error] [pid 71890] [client 20.111.62.157:0] script '/domains/nlyfoods/karak.php' not found or unable to stat
[Tue Feb 17 02:37:23.982427 2026] [php:error] [pid 71890] [client 20.111.62.157:0] script '/domains/nlyfoods/trd.php' not found or unable to stat
[Tue Feb 17 02:37:24.069690 2026] [php:error] [pid 71890] [client 20.111.62.157:0] script '/domains/nlyfoods/past.php' not found or unable to stat
[Tue Feb 17 02:37:24.154075 2026] [php:error] [pid 71890] [client 20.111.62.157:0] script '/domains/nlyfoods/prv8.php' not found or unable to stat
[Tue Feb 17 02:37:24.238495 2026] [php:error] [pid 71890] [client 20.111.62.157:0] script '/domains/nlyfoods/i.php' not found or unable to stat
[Tue Feb 17 02:37:24.409238 2026] [php:error] [pid 71890] [client 20.111.62.157:0] script '/domains/nlyfoods/xmlrpc.php' not found or unable to stat
[Tue Feb 17 02:37:24.493956 2026] [php:error] [pid 71890] [client 20.111.62.157:0] script '/domains/nlyfoods/aw.php' not found or unable to stat
[Tue Feb 17 02:37:24.578327 2026] [php:error] [pid 71890] [client 20.111.62.157:0] script '/domains/nlyfoods/dev.php' not found or unable to stat
[Tue Feb 17 02:37:24.663019 2026] [php:error] [pid 71890] [client 20.111.62.157:0] script '/domains/nlyfoods/lock360.php' not found or unable to stat
[Tue Feb 17 02:37:24.747216 2026] [php:error] [pid 71890] [client 20.111.62.157:0] script '/domains/nlyfoods/155.php' not found or unable to stat
[Tue Feb 17 02:37:24.831662 2026] [php:error] [pid 71890] [client 20.111.62.157:0] script '/domains/nlyfoods/goat.php' not found or unable to stat
[Tue Feb 17 02:37:24.916780 2026] [php:error] [pid 71890] [client 20.111.62.157:0] script '/domains/nlyfoods/tcp.php' not found or unable to stat
[Tue Feb 17 02:37:25.000988 2026] [php:error] [pid 71890] [client 20.111.62.157:0] script '/domains/nlyfoods/ext.php' not found or unable to stat
[Tue Feb 17 02:37:25.057450 2026] [php:error] [pid 71891] [client 98.159.43.142:0] script '/domains/rnachum/shellv3.php' not found or unable to stat
[Tue Feb 17 02:37:25.085633 2026] [php:error] [pid 71890] [client 20.111.62.157:0] script '/domains/nlyfoods/inputs.php' not found or unable to stat
[Tue Feb 17 02:37:25.171029 2026] [php:error] [pid 71890] [client 20.111.62.157:0] script '/domains/nlyfoods/ioxi.php' not found or unable to stat
[Tue Feb 17 02:37:25.255412 2026] [php:error] [pid 71890] [client 20.111.62.157:0] script '/domains/nlyfoods/fe5.php' not found or unable to stat
[Tue Feb 17 02:37:25.340156 2026] [php:error] [pid 71890] [client 20.111.62.157:0] script '/domains/nlyfoods/ov.php' not found or unable to stat
[Tue Feb 17 02:37:25.373469 2026] [php:error] [pid 71891] [client 98.159.43.142:0] script '/domains/rnachum/sh.php' not found or unable to stat
[Tue Feb 17 02:37:25.429081 2026] [php:error] [pid 71890] [client 20.111.62.157:0] script '/domains/nlyfoods/past1.php' not found or unable to stat
[Tue Feb 17 02:37:25.601130 2026] [php:error] [pid 71890] [client 20.111.62.157:0] script '/domains/nlyfoods/default.php' not found or unable to stat
[Tue Feb 17 02:37:25.699103 2026] [php:error] [pid 71890] [client 20.111.62.157:0] script '/domains/nlyfoods/goods.php' not found or unable to stat
[Tue Feb 17 02:37:25.783455 2026] [php:error] [pid 71890] [client 20.111.62.157:0] script '/domains/nlyfoods/abcd.php' not found or unable to stat
[Tue Feb 17 02:37:25.867937 2026] [php:error] [pid 71890] [client 20.111.62.157:0] script '/domains/nlyfoods/yos.php' not found or unable to stat
[Tue Feb 17 02:37:25.975008 2026] [php:error] [pid 71890] [client 20.111.62.157:0] script '/domains/nlyfoods/nope.php' not found or unable to stat
[Tue Feb 17 02:37:26.060034 2026] [php:error] [pid 71890] [client 20.111.62.157:0] script '/domains/nlyfoods/class.1.php' not found or unable to stat
[Tue Feb 17 02:37:26.144605 2026] [php:error] [pid 71890] [client 20.111.62.157:0] script '/domains/nlyfoods/file5.php' not found or unable to stat
[Tue Feb 17 02:37:26.229122 2026] [php:error] [pid 71890] [client 20.111.62.157:0] script '/domains/nlyfoods/async.php' not found or unable to stat
[Tue Feb 17 02:37:26.276037 2026] [php:error] [pid 71891] [client 98.159.43.142:0] script '/domains/rnachum/function.php' not found or unable to stat
[Tue Feb 17 02:37:26.313416 2026] [php:error] [pid 71890] [client 20.111.62.157:0] script '/domains/nlyfoods/ff.php' not found or unable to stat
[Tue Feb 17 02:37:26.397978 2026] [php:error] [pid 71890] [client 20.111.62.157:0] script '/domains/nlyfoods/ioxi-o.php' not found or unable to stat
[Tue Feb 17 02:37:26.482286 2026] [php:error] [pid 71890] [client 20.111.62.157:0] script '/domains/nlyfoods/manager.php' not found or unable to stat
[Tue Feb 17 02:37:26.563159 2026] [php:error] [pid 71891] [client 98.159.43.142:0] script '/domains/rnachum/m.php' not found or unable to stat
[Tue Feb 17 02:37:26.566380 2026] [php:error] [pid 71890] [client 20.111.62.157:0] script '/domains/nlyfoods/wp-update.php' not found or unable to stat
[Tue Feb 17 02:37:26.650565 2026] [php:error] [pid 71890] [client 20.111.62.157:0] script '/domains/nlyfoods/file.php' not found or unable to stat
[Tue Feb 17 02:37:26.819322 2026] [php:error] [pid 71890] [client 20.111.62.157:0] script '/domains/nlyfoods/lc.php' not found or unable to stat
[Tue Feb 17 02:37:26.866457 2026] [php:error] [pid 71891] [client 98.159.43.142:0] script '/domains/rnachum/delete3.php' not found or unable to stat
[Tue Feb 17 02:37:26.904172 2026] [php:error] [pid 71890] [client 20.111.62.157:0] script '/domains/nlyfoods/hexx.php' not found or unable to stat
[Tue Feb 17 02:37:26.988664 2026] [php:error] [pid 71890] [client 20.111.62.157:0] script '/domains/nlyfoods/cbrfo.php' not found or unable to stat
[Tue Feb 17 02:37:27.074885 2026] [php:error] [pid 71890] [client 20.111.62.157:0] script '/domains/nlyfoods/inc.php' not found or unable to stat
[Tue Feb 17 02:37:27.159811 2026] [php:error] [pid 71890] [client 20.111.62.157:0] script '/domains/nlyfoods/gifclass.php' not found or unable to stat
[Tue Feb 17 02:37:27.244572 2026] [php:error] [pid 71890] [client 20.111.62.157:0] script '/domains/nlyfoods/miansha.php' not found or unable to stat
[Tue Feb 17 02:37:27.335978 2026] [php:error] [pid 71890] [client 20.111.62.157:0] script '/domains/nlyfoods/tinyfilemanager.php' not found or unable to stat
[Tue Feb 17 02:37:27.420616 2026] [php:error] [pid 71890] [client 20.111.62.157:0] script '/domains/nlyfoods/xfile25.php' not found or unable to stat
[Tue Feb 17 02:37:27.509541 2026] [php:error] [pid 71890] [client 20.111.62.157:0] script '/domains/nlyfoods/ok.php' not found or unable to stat
[Tue Feb 17 02:37:27.594751 2026] [php:error] [pid 71890] [client 20.111.62.157:0] script '/domains/nlyfoods/fi.php' not found or unable to stat
[Tue Feb 17 02:37:27.647874 2026] [php:error] [pid 71891] [client 98.159.43.142:0] script '/domains/rnachum/mm.php' not found or unable to stat
[Tue Feb 17 02:37:27.766997 2026] [php:error] [pid 71886] [client 20.111.62.157:0] script '/domains/nlyfoods/muzu.php' not found or unable to stat
[Tue Feb 17 02:37:27.853638 2026] [php:error] [pid 71886] [client 20.111.62.157:0] script '/domains/nlyfoods/reze.php' not found or unable to stat
[Tue Feb 17 02:37:27.938085 2026] [php:error] [pid 71886] [client 20.111.62.157:0] script '/domains/nlyfoods/styll.php' not found or unable to stat
[Tue Feb 17 02:37:28.030228 2026] [php:error] [pid 71886] [client 20.111.62.157:0] script '/domains/nlyfoods/x7.php' not found or unable to stat
[Tue Feb 17 02:37:28.114953 2026] [php:error] [pid 71886] [client 20.111.62.157:0] script '/domains/nlyfoods/thebe.php' not found or unable to stat
[Tue Feb 17 02:37:28.199555 2026] [php:error] [pid 71886] [client 20.111.62.157:0] script '/domains/nlyfoods/ddd.php' not found or unable to stat
[Tue Feb 17 02:37:28.284215 2026] [php:error] [pid 71886] [client 20.111.62.157:0] script '/domains/nlyfoods/ccs.php' not found or unable to stat
[Tue Feb 17 02:37:28.368544 2026] [php:error] [pid 71886] [client 20.111.62.157:0] script '/domains/nlyfoods/bgymj.php' not found or unable to stat
[Tue Feb 17 02:37:28.453139 2026] [php:error] [pid 71886] [client 20.111.62.157:0] script '/domains/nlyfoods/8xyz.php' not found or unable to stat
[Tue Feb 17 02:37:28.537554 2026] [php:error] [pid 71886] [client 20.111.62.157:0] script '/domains/nlyfoods/la.php' not found or unable to stat
[Tue Feb 17 02:37:28.554040 2026] [php:error] [pid 71891] [client 98.159.43.142:0] script '/domains/rnachum/server.php' not found or unable to stat
[Tue Feb 17 02:37:28.622857 2026] [php:error] [pid 71886] [client 20.111.62.157:0] script '/domains/nlyfoods/ioxi.php' not found or unable to stat
[Tue Feb 17 02:37:28.707241 2026] [php:error] [pid 71886] [client 20.111.62.157:0] script '/domains/nlyfoods/xpwer1.php' not found or unable to stat
[Tue Feb 17 02:37:28.792051 2026] [php:error] [pid 71886] [client 20.111.62.157:0] script '/domains/nlyfoods/lala.php' not found or unable to stat
[Tue Feb 17 02:37:28.880652 2026] [php:error] [pid 71886] [client 20.111.62.157:0] script '/domains/nlyfoods/about.php' not found or unable to stat
[Tue Feb 17 02:37:29.308507 2026] [php:error] [pid 71886] [client 20.111.62.157:0] script '/domains/nlyfoods/info.php' not found or unable to stat
[Tue Feb 17 02:37:29.392558 2026] [php:error] [pid 71886] [client 20.111.62.157:0] script '/domains/nlyfoods/about.php' not found or unable to stat
[Tue Feb 17 02:37:29.459624 2026] [php:error] [pid 71891] [client 98.159.43.142:0] script '/domains/rnachum/www.php' not found or unable to stat
[Tue Feb 17 02:37:29.564857 2026] [php:error] [pid 71886] [client 20.111.62.157:0] script '/domains/nlyfoods/222.php' not found or unable to stat
[Tue Feb 17 02:37:29.649187 2026] [php:error] [pid 71886] [client 20.111.62.157:0] script '/domains/nlyfoods/adminfuns.php' not found or unable to stat
[Tue Feb 17 02:37:29.822386 2026] [php:error] [pid 71886] [client 20.111.62.157:0] script '/domains/nlyfoods/xx.php' not found or unable to stat
[Tue Feb 17 02:37:30.056323 2026] [php:error] [pid 71886] [client 20.111.62.157:0] script '/domains/nlyfoods/f5.php' not found or unable to stat
[Tue Feb 17 02:37:30.094885 2026] [php:error] [pid 71891] [client 98.159.43.142:0] script '/domains/rnachum/cache.php' not found or unable to stat
[Tue Feb 17 02:37:30.140741 2026] [php:error] [pid 71886] [client 20.111.62.157:0] script '/domains/nlyfoods/flower.php' not found or unable to stat
[Tue Feb 17 02:37:30.229334 2026] [php:error] [pid 71886] [client 20.111.62.157:0] script '/domains/nlyfoods/f6.php' not found or unable to stat
[Tue Feb 17 02:37:30.324782 2026] [php:error] [pid 71886] [client 20.111.62.157:0] script '/domains/nlyfoods/edit.php' not found or unable to stat
[Tue Feb 17 02:37:30.409160 2026] [php:error] [pid 71886] [client 20.111.62.157:0] script '/domains/nlyfoods/aa.php' not found or unable to stat
[Tue Feb 17 02:37:30.416350 2026] [php:error] [pid 71891] [client 98.159.43.142:0] script '/domains/rnachum/assets/dropdown.php' not found or unable to stat
[Tue Feb 17 02:37:30.664659 2026] [php:error] [pid 71886] [client 20.111.62.157:0] script '/domains/nlyfoods/av.php' not found or unable to stat
[Tue Feb 17 02:37:30.833463 2026] [php:error] [pid 71886] [client 20.111.62.157:0] script '/domains/nlyfoods/wsd.php' not found or unable to stat
[Tue Feb 17 02:37:30.951917 2026] [php:error] [pid 71886] [client 20.111.62.157:0] script '/domains/nlyfoods/jane.php' not found or unable to stat
[Tue Feb 17 02:37:31.018678 2026] [php:error] [pid 71891] [client 98.159.43.142:0] script '/domains/rnachum/wp-header.php' not found or unable to stat
[Tue Feb 17 02:37:31.037088 2026] [php:error] [pid 71886] [client 20.111.62.157:0] script '/domains/nlyfoods/css.php' not found or unable to stat
[Tue Feb 17 02:37:31.121965 2026] [php:error] [pid 71886] [client 20.111.62.157:0] script '/domains/nlyfoods/alfa.php' not found or unable to stat
[Tue Feb 17 02:37:31.211514 2026] [php:error] [pid 71886] [client 20.111.62.157:0] script '/domains/nlyfoods/wen.php' not found or unable to stat
[Tue Feb 17 02:37:31.283335 2026] [php:error] [pid 71891] [client 98.159.43.142:0] script '/domains/rnachum/shop.php' not found or unable to stat
[Tue Feb 17 02:37:31.296248 2026] [php:error] [pid 71886] [client 20.111.62.157:0] script '/domains/nlyfoods/x.php' not found or unable to stat
[Tue Feb 17 02:37:31.380851 2026] [php:error] [pid 71886] [client 20.111.62.157:0] script '/domains/nlyfoods/xxxx.php' not found or unable to stat
[Tue Feb 17 02:37:31.469606 2026] [php:error] [pid 71886] [client 20.111.62.157:0] script '/domains/nlyfoods/class.php' not found or unable to stat
[Tue Feb 17 02:37:31.554235 2026] [php:error] [pid 71886] [client 20.111.62.157:0] script '/domains/nlyfoods/f35.php' not found or unable to stat
[Tue Feb 17 02:37:31.893913 2026] [php:error] [pid 71886] [client 20.111.62.157:0] script '/domains/nlyfoods/class-t.api.php' not found or unable to stat
[Tue Feb 17 02:37:31.978565 2026] [php:error] [pid 71886] [client 20.111.62.157:0] script '/domains/nlyfoods/blurbs18.php' not found or unable to stat
[Tue Feb 17 02:37:32.399762 2026] [php:error] [pid 71882] [client 35.247.243.245:0] script '/domains/machinadynamica/adminer-4.6.1.php' not found or unable to stat
[Tue Feb 17 02:37:32.638255 2026] [php:error] [pid 71886] [client 20.111.62.157:0] script '/domains/nlyfoods/bless11.php' not found or unable to stat
[Tue Feb 17 02:37:32.753729 2026] [php:error] [pid 71886] [client 20.111.62.157:0] script '/domains/nlyfoods/init.php' not found or unable to stat
[Tue Feb 17 02:37:32.936900 2026] [php:error] [pid 71886] [client 20.111.62.157:0] script '/domains/nlyfoods/k.php' not found or unable to stat
[Tue Feb 17 02:37:33.036441 2026] [php:error] [pid 71886] [client 20.111.62.157:0] script '/domains/nlyfoods/bless.php' not found or unable to stat
[Tue Feb 17 02:37:33.132025 2026] [php:error] [pid 71886] [client 20.111.62.157:0] script '/domains/nlyfoods/X7x.php' not found or unable to stat
[Tue Feb 17 02:37:33.256179 2026] [php:error] [pid 71886] [client 20.111.62.157:0] script '/domains/nlyfoods/166.php' not found or unable to stat
[Tue Feb 17 02:37:33.341432 2026] [php:error] [pid 71886] [client 20.111.62.157:0] script '/domains/nlyfoods/plss3.php' not found or unable to stat
[Tue Feb 17 02:37:33.529285 2026] [php:error] [pid 71886] [client 20.111.62.157:0] script '/domains/nlyfoods/admins.php' not found or unable to stat
[Tue Feb 17 02:37:33.614745 2026] [php:error] [pid 71886] [client 20.111.62.157:0] script '/domains/nlyfoods/wp.php' not found or unable to stat
[Tue Feb 17 02:37:33.711886 2026] [php:error] [pid 71886] [client 20.111.62.157:0] script '/domains/nlyfoods/main.php' not found or unable to stat
[Tue Feb 17 02:37:33.797110 2026] [php:error] [pid 71886] [client 20.111.62.157:0] script '/domains/nlyfoods/a1.php' not found or unable to stat
[Tue Feb 17 02:37:33.881282 2026] [php:error] [pid 71886] [client 20.111.62.157:0] script '/domains/nlyfoods/lala.php' not found or unable to stat
[Tue Feb 17 02:37:33.969974 2026] [php:error] [pid 71886] [client 20.111.62.157:0] script '/domains/nlyfoods/aaa.php' not found or unable to stat
[Tue Feb 17 02:37:34.087385 2026] [php:error] [pid 71886] [client 20.111.62.157:0] script '/domains/nlyfoods/a2.php' not found or unable to stat
[Tue Feb 17 02:37:34.360719 2026] [php:error] [pid 71886] [client 20.111.62.157:0] script '/domains/nlyfoods/nyan.php' not found or unable to stat
[Tue Feb 17 02:37:34.445782 2026] [php:error] [pid 71886] [client 20.111.62.157:0] script '/domains/nlyfoods/jsond.php' not found or unable to stat
[Tue Feb 17 02:37:45.365720 2026] [php:error] [pid 71878] [client 34.96.162.56:0] script '/domains/machinadynamica/adminer-5.0.3-en.php' not found or unable to stat
[Tue Feb 17 02:37:53.586121 2026] [php:error] [pid 71904] [client 34.96.162.61:0] script '/domains/machinadynamica/adminer-5.0.0.php' not found or unable to stat
[Tue Feb 17 02:38:03.373839 2026] [php:error] [pid 71895] [client 35.247.243.244:0] script '/domains/machinadynamica/_adminer.php' not found or unable to stat
[Tue Feb 17 02:38:04.885138 2026] [php:error] [pid 71889] [client 34.96.162.60:0] script '/domains/machinadynamica/_adminer.php' not found or unable to stat
[Tue Feb 17 02:38:06.993112 2026] [php:error] [pid 71898] [client 34.96.162.58:0] script '/domains/machinadynamica/adminer-5.0.6.php' not found or unable to stat
[Tue Feb 17 02:38:11.187369 2026] [php:error] [pid 71898] [client 34.96.162.57:0] script '/domains/machinadynamica/adminer-5.0.4.php' not found or unable to stat
[Tue Feb 17 02:38:12.132082 2026] [php:error] [pid 71891] [client 34.96.162.55:0] script '/domains/machinadynamica/adminer-5.0.0-en.php' not found or unable to stat
[Tue Feb 17 02:38:12.146456 2026] [php:error] [pid 71908] [client 35.247.243.246:0] script '/domains/machinadynamica/adminer-4.7.5.php' not found or unable to stat
[Tue Feb 17 02:38:12.775876 2026] [php:error] [pid 71898] [client 35.247.243.255:0] script '/domains/machinadynamica/adminer-5.0.4-mysql.php' not found or unable to stat
[Tue Feb 17 02:38:21.027095 2026] [php:error] [pid 71896] [client 216.73.162.63:0] script '/domains/homesbyaudrey1/xmlrpc.php' not found or unable to stat
[Tue Feb 17 02:38:27.638697 2026] [php:error] [pid 71891] [client 35.247.243.252:0] script '/domains/machinadynamica/adminer-5.2.0-mysql-en.php' not found or unable to stat
[Tue Feb 17 02:38:34.410681 2026] [php:error] [pid 71891] [client 35.247.243.255:0] script '/domains/machinadynamica/adminer-5.4.0-mysql-en.php' not found or unable to stat
[Tue Feb 17 02:38:39.146535 2026] [php:error] [pid 71896] [client 34.96.162.57:0] script '/domains/machinadynamica/adminer-4.6.3.php' not found or unable to stat
[Tue Feb 17 02:38:40.589435 2026] [php:error] [pid 71895] [client 34.96.162.52:0] script '/domains/machinadynamica/adminer-5.0.6-en.php' not found or unable to stat
[Tue Feb 17 02:38:46.880491 2026] [php:error] [pid 71891] [client 35.247.243.247:0] script '/domains/machinadynamica/adminer-5.0.1-mysql.php' not found or unable to stat
[Tue Feb 17 02:38:46.952531 2026] [php:error] [pid 71886] [client 35.247.243.244:0] script '/domains/machinadynamica/adminer-5.2.1-mysql.php' not found or unable to stat
[Tue Feb 17 02:38:49.797443 2026] [php:error] [pid 71886] [client 34.96.162.59:0] script '/domains/machinadynamica/adminer-5.0.6.php' not found or unable to stat
[Tue Feb 17 02:38:53.959328 2026] [php:error] [pid 71909] [client 35.247.243.253:0] script '/domains/machinadynamica/adminer-5.0.1-mysql.php' not found or unable to stat
[Tue Feb 17 02:38:54.856007 2026] [php:error] [pid 71909] [client 35.247.243.245:0] script '/domains/machinadynamica/adminer-5.4.0-mysql.php' not found or unable to stat
[Tue Feb 17 02:38:56.689748 2026] [php:error] [pid 71909] [client 35.247.243.245:0] script '/domains/machinadynamica/adminer-5.1.1-en.php' not found or unable to stat
[Tue Feb 17 02:38:59.837652 2026] [php:error] [pid 71891] [client 35.247.243.245:0] script '/domains/machinadynamica/adminer-5.0.2-mysql-en.php' not found or unable to stat
[Tue Feb 17 02:39:03.998257 2026] [php:error] [pid 71892] [client 35.247.243.240:0] script '/domains/machinadynamica/adminer-5.2.1-mysql.php' not found or unable to stat
[Tue Feb 17 02:39:05.699553 2026] [php:error] [pid 71909] [client 34.96.162.63:0] script '/domains/machinadynamica/adminer-5.4.0-en.php' not found or unable to stat
[Tue Feb 17 02:39:18.432034 2026] [php:error] [pid 71895] [client 34.96.162.48:0] script '/domains/machinadynamica/DB.php' not found or unable to stat
[Tue Feb 17 02:39:18.841726 2026] [php:error] [pid 71909] [client 35.247.243.248:0] script '/domains/machinadynamica/adminer-5.0.1.php' not found or unable to stat
[Tue Feb 17 02:39:19.743359 2026] [php:error] [pid 71886] [client 34.96.162.60:0] script '/domains/machinadynamica/adminer-4.6.3.php' not found or unable to stat
[Tue Feb 17 02:39:21.911142 2026] [php:error] [pid 71909] [client 74.248.96.218:0] script '/domains/thewalshgroup/pass4.php' not found or unable to stat
[Tue Feb 17 02:39:22.010507 2026] [php:error] [pid 71909] [client 74.248.96.218:0] script '/domains/thewalshgroup/term.php' not found or unable to stat
[Tue Feb 17 02:39:22.112052 2026] [php:error] [pid 71909] [client 74.248.96.218:0] script '/domains/thewalshgroup/lp6.php' not found or unable to stat
[Tue Feb 17 02:39:22.315218 2026] [php:error] [pid 71909] [client 74.248.96.218:0] script '/domains/thewalshgroup/we.php' not found or unable to stat
[Tue Feb 17 02:39:22.415490 2026] [php:error] [pid 71909] [client 74.248.96.218:0] script '/domains/thewalshgroup/asax.php' not found or unable to stat
[Tue Feb 17 02:39:22.514761 2026] [php:error] [pid 71909] [client 74.248.96.218:0] script '/domains/thewalshgroup/co.php' not found or unable to stat
[Tue Feb 17 02:39:22.614814 2026] [php:error] [pid 71909] [client 74.248.96.218:0] script '/domains/thewalshgroup/wp-k3w6g9s4h2.php' not found or unable to stat
[Tue Feb 17 02:39:22.715413 2026] [php:error] [pid 71909] [client 74.248.96.218:0] script '/domains/thewalshgroup/ahax.php' not found or unable to stat
[Tue Feb 17 02:39:22.815740 2026] [php:error] [pid 71909] [client 74.248.96.218:0] script '/domains/thewalshgroup/Okxob.php' not found or unable to stat
[Tue Feb 17 02:39:22.920422 2026] [php:error] [pid 71909] [client 74.248.96.218:0] script '/domains/thewalshgroup/acfdr.php' not found or unable to stat
[Tue Feb 17 02:39:23.022295 2026] [php:error] [pid 71909] [client 74.248.96.218:0] script '/domains/thewalshgroup/init.php' not found or unable to stat
[Tue Feb 17 02:39:23.137562 2026] [php:error] [pid 71909] [client 74.248.96.218:0] script '/domains/thewalshgroup/themes.php' not found or unable to stat
[Tue Feb 17 02:39:23.239269 2026] [php:error] [pid 71909] [client 74.248.96.218:0] script '/domains/thewalshgroup/ff.php' not found or unable to stat
[Tue Feb 17 02:39:23.339418 2026] [php:error] [pid 71909] [client 74.248.96.218:0] script '/domains/thewalshgroup/ak.php' not found or unable to stat
[Tue Feb 17 02:39:23.454704 2026] [php:error] [pid 71909] [client 74.248.96.218:0] script '/domains/thewalshgroup/bjfl.php' not found or unable to stat
[Tue Feb 17 02:39:23.569815 2026] [php:error] [pid 71909] [client 74.248.96.218:0] script '/domains/thewalshgroup/vx.php' not found or unable to stat
[Tue Feb 17 02:39:23.669029 2026] [php:error] [pid 71909] [client 74.248.96.218:0] script '/domains/thewalshgroup/jga.php' not found or unable to stat
[Tue Feb 17 02:39:23.769854 2026] [php:error] [pid 71909] [client 74.248.96.218:0] script '/domains/thewalshgroup/a4.php' not found or unable to stat
[Tue Feb 17 02:39:23.968216 2026] [php:error] [pid 71909] [client 74.248.96.218:0] script '/domains/thewalshgroup/inege.php' not found or unable to stat
[Tue Feb 17 02:39:44.946562 2026] [php:error] [pid 71909] [client 34.96.162.57:0] script '/domains/machinadynamica/_adminer.php' not found or unable to stat
[Tue Feb 17 02:39:45.223549 2026] [php:error] [pid 71906] [client 34.96.162.48:0] script '/domains/machinadynamica/adminer-5.0.6.php' not found or unable to stat
[Tue Feb 17 02:39:45.836866 2026] [php:error] [pid 71891] [client 20.203.180.135:0] script '/domains/pookie.dnai/pass4.php' not found or unable to stat
[Tue Feb 17 02:39:45.936258 2026] [php:error] [pid 71891] [client 20.203.180.135:0] script '/domains/pookie.dnai/term.php' not found or unable to stat
[Tue Feb 17 02:39:46.055229 2026] [php:error] [pid 71891] [client 20.203.180.135:0] script '/domains/pookie.dnai/lp6.php' not found or unable to stat
[Tue Feb 17 02:39:46.152660 2026] [php:error] [pid 71891] [client 20.203.180.135:0] script '/domains/pookie.dnai/we.php' not found or unable to stat
[Tue Feb 17 02:39:46.377904 2026] [php:error] [pid 71891] [client 20.203.180.135:0] script '/domains/pookie.dnai/asax.php' not found or unable to stat
[Tue Feb 17 02:39:46.475239 2026] [php:error] [pid 71891] [client 20.203.180.135:0] script '/domains/pookie.dnai/co.php' not found or unable to stat
[Tue Feb 17 02:39:46.570408 2026] [php:error] [pid 71891] [client 20.203.180.135:0] script '/domains/pookie.dnai/wp-k3w6g9s4h2.php' not found or unable to stat
[Tue Feb 17 02:39:46.666543 2026] [php:error] [pid 71891] [client 20.203.180.135:0] script '/domains/pookie.dnai/ahax.php' not found or unable to stat
[Tue Feb 17 02:39:46.762109 2026] [php:error] [pid 71891] [client 20.203.180.135:0] script '/domains/pookie.dnai/Okxob.php' not found or unable to stat
[Tue Feb 17 02:39:46.874247 2026] [php:error] [pid 71891] [client 20.203.180.135:0] script '/domains/pookie.dnai/acfdr.php' not found or unable to stat
[Tue Feb 17 02:39:47.351973 2026] [php:error] [pid 71891] [client 20.203.180.135:0] script '/domains/pookie.dnai/init.php' not found or unable to stat
[Tue Feb 17 02:39:47.550200 2026] [php:error] [pid 71891] [client 20.203.180.135:0] script '/domains/pookie.dnai/themes.php' not found or unable to stat
[Tue Feb 17 02:39:47.662231 2026] [php:error] [pid 71891] [client 20.203.180.135:0] script '/domains/pookie.dnai/ff.php' not found or unable to stat
[Tue Feb 17 02:39:47.757799 2026] [php:error] [pid 71891] [client 20.203.180.135:0] script '/domains/pookie.dnai/ak.php' not found or unable to stat
[Tue Feb 17 02:39:47.864069 2026] [php:error] [pid 71891] [client 20.203.180.135:0] script '/domains/pookie.dnai/bjfl.php' not found or unable to stat
[Tue Feb 17 02:39:47.964989 2026] [php:error] [pid 71891] [client 20.203.180.135:0] script '/domains/pookie.dnai/vx.php' not found or unable to stat
[Tue Feb 17 02:39:48.060694 2026] [php:error] [pid 71891] [client 20.203.180.135:0] script '/domains/pookie.dnai/jga.php' not found or unable to stat
[Tue Feb 17 02:39:48.176842 2026] [php:error] [pid 71891] [client 20.203.180.135:0] script '/domains/pookie.dnai/a4.php' not found or unable to stat
[Tue Feb 17 02:39:48.367932 2026] [php:error] [pid 71891] [client 20.203.180.135:0] script '/domains/pookie.dnai/inege.php' not found or unable to stat
[Tue Feb 17 02:39:51.133572 2026] [php:error] [pid 71886] [client 35.247.243.245:0] script '/domains/machinadynamica/adminer-5.2.0-mysql.php' not found or unable to stat
[Tue Feb 17 02:39:51.936344 2026] [php:error] [pid 71916] [client 35.247.243.244:0] script '/domains/machinadynamica/adminer-5.4.1-mysql.php' not found or unable to stat
[Tue Feb 17 02:39:52.931261 2026] [php:error] [pid 71915] [client 34.96.162.58:0] script '/domains/machinadynamica/adminer-5.2.0-mysql-en.php' not found or unable to stat
[Tue Feb 17 02:40:00.461928 2026] [php:error] [pid 71886] [client 34.96.162.55:0] script '/domains/machinadynamica/adminer-4.16.0.php' not found or unable to stat
[Tue Feb 17 02:40:01.229592 2026] [php:error] [pid 71886] [client 35.247.243.241:0] script '/domains/machinadynamica/adminer-5.1.0-mysql.php' not found or unable to stat
[Tue Feb 17 02:40:01.263748 2026] [php:error] [pid 71909] [client 34.96.162.61:0] script '/domains/machinadynamica/adminer-5.0.2-en.php' not found or unable to stat
[Tue Feb 17 02:40:01.849510 2026] [php:error] [pid 71916] [client 35.247.243.244:0] script '/domains/machinadynamica/adminer-5.2.1-mysql.php' not found or unable to stat
[Tue Feb 17 02:40:14.973734 2026] [php:error] [pid 71891] [client 34.96.162.63:0] script '/domains/machinadynamica/adminer-5.1.0-mysql.php' not found or unable to stat
[Tue Feb 17 02:40:19.297974 2026] [php:error] [pid 71916] [client 34.96.162.57:0] script '/domains/machinadynamica/_adminer.php' not found or unable to stat
[Tue Feb 17 02:40:19.386506 2026] [php:error] [pid 71921] [client 34.96.162.56:0] script '/domains/machinadynamica/adminer-4.6.3.php' not found or unable to stat
[Tue Feb 17 02:40:20.949231 2026] [php:error] [pid 71921] [client 34.96.162.50:0] script '/domains/machinadynamica/adminer-4.7.2.php' not found or unable to stat
[Tue Feb 17 02:40:32.166692 2026] [php:error] [pid 71916] [client 35.247.243.255:0] script '/domains/machinadynamica/adminer-5.4.1-mysql-en.php' not found or unable to stat
[Tue Feb 17 02:40:37.637093 2026] [php:error] [pid 71916] [client 20.111.62.157:0] script '/domains/hand-hammerweb/pass4.php' not found or unable to stat
[Tue Feb 17 02:40:37.722786 2026] [php:error] [pid 71916] [client 20.111.62.157:0] script '/domains/hand-hammerweb/term.php' not found or unable to stat
[Tue Feb 17 02:40:37.825635 2026] [php:error] [pid 71916] [client 20.111.62.157:0] script '/domains/hand-hammerweb/lp6.php' not found or unable to stat
[Tue Feb 17 02:40:37.911602 2026] [php:error] [pid 71916] [client 20.111.62.157:0] script '/domains/hand-hammerweb/we.php' not found or unable to stat
[Tue Feb 17 02:40:38.012380 2026] [php:error] [pid 71916] [client 20.111.62.157:0] script '/domains/hand-hammerweb/asax.php' not found or unable to stat
[Tue Feb 17 02:40:38.097401 2026] [php:error] [pid 71916] [client 20.111.62.157:0] script '/domains/hand-hammerweb/co.php' not found or unable to stat
[Tue Feb 17 02:40:38.182562 2026] [php:error] [pid 71916] [client 20.111.62.157:0] script '/domains/hand-hammerweb/wp-k3w6g9s4h2.php' not found or unable to stat
[Tue Feb 17 02:40:38.377157 2026] [php:error] [pid 71916] [client 20.111.62.157:0] script '/domains/hand-hammerweb/ahax.php' not found or unable to stat
[Tue Feb 17 02:40:38.462664 2026] [php:error] [pid 71916] [client 20.111.62.157:0] script '/domains/hand-hammerweb/Okxob.php' not found or unable to stat
[Tue Feb 17 02:40:38.602185 2026] [php:error] [pid 71916] [client 20.111.62.157:0] script '/domains/hand-hammerweb/acfdr.php' not found or unable to stat
[Tue Feb 17 02:40:38.700812 2026] [php:error] [pid 71916] [client 20.111.62.157:0] script '/domains/hand-hammerweb/init.php' not found or unable to stat
[Tue Feb 17 02:40:38.879416 2026] [php:error] [pid 71916] [client 20.111.62.157:0] script '/domains/hand-hammerweb/themes.php' not found or unable to stat
[Tue Feb 17 02:40:38.974621 2026] [php:error] [pid 71916] [client 20.111.62.157:0] script '/domains/hand-hammerweb/ff.php' not found or unable to stat
[Tue Feb 17 02:40:39.139781 2026] [php:error] [pid 71916] [client 20.111.62.157:0] script '/domains/hand-hammerweb/ak.php' not found or unable to stat
[Tue Feb 17 02:40:39.232643 2026] [php:error] [pid 71916] [client 20.111.62.157:0] script '/domains/hand-hammerweb/bjfl.php' not found or unable to stat
[Tue Feb 17 02:40:39.549902 2026] [php:error] [pid 71916] [client 20.111.62.157:0] script '/domains/hand-hammerweb/vx.php' not found or unable to stat
[Tue Feb 17 02:40:39.644036 2026] [php:error] [pid 71916] [client 20.111.62.157:0] script '/domains/hand-hammerweb/jga.php' not found or unable to stat
[Tue Feb 17 02:40:40.202162 2026] [php:error] [pid 71916] [client 20.111.62.157:0] script '/domains/hand-hammerweb/a4.php' not found or unable to stat
[Tue Feb 17 02:40:40.399931 2026] [php:error] [pid 71916] [client 20.111.62.157:0] script '/domains/hand-hammerweb/inege.php' not found or unable to stat
[Tue Feb 17 02:40:43.515325 2026] [php:error] [pid 71915] [client 35.247.243.243:0] script '/domains/machinadynamica/adminer-5.3.0-mysql.php' not found or unable to stat
[Tue Feb 17 02:40:44.502725 2026] [php:error] [pid 71891] [client 34.96.162.49:0] script '/domains/machinadynamica/unzipper.php' not found or unable to stat
[Tue Feb 17 02:40:45.849871 2026] [php:error] [pid 71923] [client 34.96.162.58:0] script '/domains/machinadynamica/adminer-5.0.0-mysql.php' not found or unable to stat
[Tue Feb 17 02:40:52.765915 2026] [php:error] [pid 71923] [client 35.247.243.246:0] script '/domains/machinadynamica/adminer-4.6.3.php' not found or unable to stat
[Tue Feb 17 02:41:02.066598 2026] [php:error] [pid 71916] [client 34.96.162.61:0] script '/domains/machinadynamica/adminer-5.1.1-mysql-en.php' not found or unable to stat
[Tue Feb 17 02:41:07.540546 2026] [core:crit] [pid 71921] (13)Permission denied: [client 114.119.157.82:0] AH00529: /domains/performancepartsinc/graphics/psd/.htaccess pcfg_openfile: unable to check htaccess file, ensure it is readable and that '/domains/performancepartsinc/graphics/psd/' is executable, referer: http://www.performancepartsinc.com/graphics/psd/q.php?%2Felizabeth-park-free-sex-website%2F
[Tue Feb 17 02:41:20.125892 2026] [php:error] [pid 71923] [client 34.96.162.63:0] script '/domains/machinadynamica/adminer-4.7.1.php' not found or unable to stat
[Tue Feb 17 02:41:20.422166 2026] [php:error] [pid 71921] [client 35.247.243.252:0] script '/domains/machinadynamica/adminer-5.0.6-mysql-en.php' not found or unable to stat
[Tue Feb 17 02:41:25.834372 2026] [php:error] [pid 71927] [client 35.247.243.242:0] script '/domains/machinadynamica/adminer-4.4.0.php' not found or unable to stat
[Tue Feb 17 02:41:27.770531 2026] [php:error] [pid 71927] [client 35.247.243.249:0] script '/domains/machinadynamica/adminer-5.0.0-mysql-en.php' not found or unable to stat
[Tue Feb 17 02:41:39.353376 2026] [php:error] [pid 71932] [client 35.247.243.250:0] script '/domains/machinadynamica/_adminer.php' not found or unable to stat
[Tue Feb 17 02:41:41.649169 2026] [php:error] [pid 71932] [client 35.247.243.252:0] script '/domains/machinadynamica/adminer-5.2.1.php' not found or unable to stat
[Tue Feb 17 02:41:45.515196 2026] [php:error] [pid 71923] [client 35.247.243.249:0] script '/domains/machinadynamica/unzipper.php' not found or unable to stat
[Tue Feb 17 02:41:48.261404 2026] [php:error] [pid 71932] [client 35.247.243.245:0] script '/domains/machinadynamica/adminer-5.0.0-mysql-en.php' not found or unable to stat
[Tue Feb 17 02:42:01.777121 2026] [php:error] [pid 71933] [client 34.96.162.48:0] script '/domains/machinadynamica/adminer-5.0.6-mysql-en.php' not found or unable to stat
[Tue Feb 17 02:42:05.259508 2026] [php:error] [pid 71923] [client 34.96.162.61:0] script '/domains/machinadynamica/adminer-4.3.1.php' not found or unable to stat
[Tue Feb 17 02:42:07.855394 2026] [php:error] [pid 71923] [client 35.247.243.247:0] script '/domains/machinadynamica/adminer-4.2.0.php' not found or unable to stat
[Tue Feb 17 02:42:07.892684 2026] [php:error] [pid 71935] [client 35.247.243.246:0] script '/domains/machinadynamica/adminer-5.0.1-mysql-en.php' not found or unable to stat
[Tue Feb 17 02:42:19.975229 2026] [php:error] [pid 71925] [client 35.247.243.246:0] script '/domains/machinadynamica/adminer-5.1.1-mysql-en.php' not found or unable to stat
[Tue Feb 17 02:42:22.346408 2026] [php:error] [pid 71925] [client 35.247.243.250:0] script '/domains/machinadynamica/adminer-5.0.3-mysql-en.php' not found or unable to stat
[Tue Feb 17 02:42:28.743176 2026] [php:error] [pid 71923] [client 34.96.162.49:0] script '/domains/machinadynamica/adminer-4.7.1.php' not found or unable to stat
[Tue Feb 17 02:42:31.283668 2026] [php:error] [pid 71935] [client 34.96.162.53:0] script '/domains/machinadynamica/adminer-5.3.0-mysql-en.php' not found or unable to stat
[Tue Feb 17 02:42:34.213273 2026] [php:error] [pid 71935] [client 35.247.243.240:0] script '/domains/machinadynamica/adminer-5.0.3-en.php' not found or unable to stat
[Tue Feb 17 02:42:41.831859 2026] [php:error] [pid 71935] [client 35.247.243.240:0] script '/domains/machinadynamica/adminer-4.6.1.php' not found or unable to stat
[Tue Feb 17 02:42:41.831916 2026] [php:error] [pid 71932] [client 35.247.243.252:0] script '/domains/machinadynamica/adminer-5.0.6-mysql-en.php' not found or unable to stat
[Tue Feb 17 02:42:41.832246 2026] [php:error] [pid 71923] [client 34.96.162.59:0] script '/domains/machinadynamica/adminer-5.0.0-en.php' not found or unable to stat
[Tue Feb 17 02:42:45.461155 2026] [php:error] [pid 71891] [client 145.239.10.137:0] script '/domains/system_default/opsn.php' not found or unable to stat, referer: http://tupafilms.com/opsn.php
[Tue Feb 17 02:42:45.467262 2026] [php:error] [pid 71923] [client 145.239.10.137:0] script '/domains/system_default/gto.php' not found or unable to stat, referer: http://tupafilms.com/gto.php
[Tue Feb 17 02:42:48.133731 2026] [php:error] [pid 71923] [client 35.247.243.251:0] script '/domains/machinadynamica/adminer-5.0.0-en.php' not found or unable to stat
[Tue Feb 17 02:43:03.684169 2026] [php:error] [pid 71935] [client 35.247.243.241:0] script '/domains/machinadynamica/adminer-5.0.0-en.php' not found or unable to stat
[Tue Feb 17 02:43:06.350859 2026] [php:error] [pid 71932] [client 35.247.243.240:0] script '/domains/machinadynamica/adminer-5.0.5-mysql.php' not found or unable to stat
[Tue Feb 17 02:43:13.738731 2026] [php:error] [pid 71933] [client 35.247.243.252:0] script '/domains/machinadynamica/adminer-5.0.2-en.php' not found or unable to stat
[Tue Feb 17 02:43:19.660141 2026] [php:error] [pid 71935] [client 34.96.162.51:0] script '/domains/machinadynamica/SQL.php' not found or unable to stat
[Tue Feb 17 02:43:22.269114 2026] [php:error] [pid 71935] [client 34.96.162.50:0] script '/domains/machinadynamica/adminer-4.3.0.php' not found or unable to stat
[Tue Feb 17 02:43:27.348934 2026] [php:error] [pid 71937] [client 34.96.162.53:0] script '/domains/machinadynamica/adminer-5.3.0-mysql-en.php' not found or unable to stat
