[Tue Feb 17 01:31:34.020808 2026] [php:error] [pid 59949] [client 20.250.10.152:0] script '/domains/system_suspended/edit-tags.php' not found or unable to stat
[Tue Feb 17 01:31:34.072828 2026] [php:error] [pid 59972] [client 4.232.88.90:0] script '/domains/wsmith.enteract/bjfl.php' not found or unable to stat
[Tue Feb 17 01:31:34.115807 2026] [php:error] [pid 59949] [client 20.250.10.152:0] script '/domains/system_suspended/ioxi-o.php' not found or unable to stat
[Tue Feb 17 01:31:34.164864 2026] [php:error] [pid 59972] [client 4.232.88.90:0] script '/domains/wsmith.enteract/vx.php' not found or unable to stat
[Tue Feb 17 01:31:34.216294 2026] [php:error] [pid 59949] [client 20.250.10.152:0] script '/domains/system_suspended/155.php' not found or unable to stat
[Tue Feb 17 01:31:34.270563 2026] [php:error] [pid 59972] [client 4.232.88.90:0] script '/domains/wsmith.enteract/jga.php' not found or unable to stat
[Tue Feb 17 01:31:34.311165 2026] [php:error] [pid 59949] [client 20.250.10.152:0] script '/domains/system_suspended/core.php' not found or unable to stat
[Tue Feb 17 01:31:34.368655 2026] [php:error] [pid 59972] [client 4.232.88.90:0] script '/domains/wsmith.enteract/a4.php' not found or unable to stat
[Tue Feb 17 01:31:34.406043 2026] [php:error] [pid 59949] [client 20.250.10.152:0] script '/domains/system_suspended/ccs.php' not found or unable to stat
[Tue Feb 17 01:31:34.541101 2026] [php:error] [pid 59949] [client 20.250.10.152:0] script '/domains/system_suspended/apk.php' not found or unable to stat
[Tue Feb 17 01:31:34.566178 2026] [php:error] [pid 59972] [client 4.232.88.90:0] script '/domains/wsmith.enteract/inege.php' not found or unable to stat
[Tue Feb 17 01:31:34.646350 2026] [php:error] [pid 59949] [client 20.250.10.152:0] script '/domains/system_suspended/bnm.php' not found or unable to stat
[Tue Feb 17 01:31:34.741143 2026] [php:error] [pid 59949] [client 20.250.10.152:0] script '/domains/system_suspended/gettest.php' not found or unable to stat
[Tue Feb 17 01:31:34.948276 2026] [php:error] [pid 59949] [client 20.250.10.152:0] script '/domains/system_suspended/edit.php' not found or unable to stat
[Tue Feb 17 01:31:35.045056 2026] [php:error] [pid 59949] [client 20.250.10.152:0] script '/domains/system_suspended/sid3.php' not found or unable to stat
[Tue Feb 17 01:31:35.139926 2026] [php:error] [pid 59949] [client 20.250.10.152:0] script '/domains/system_suspended/abc.php' not found or unable to stat
[Tue Feb 17 01:31:35.246203 2026] [php:error] [pid 59949] [client 20.250.10.152:0] script '/domains/system_suspended/admin-footer.php' not found or unable to stat
[Tue Feb 17 01:31:35.456750 2026] [php:error] [pid 59949] [client 20.250.10.152:0] script '/domains/system_suspended/wp-p2r3q9c8k4.php' not found or unable to stat
[Tue Feb 17 01:31:35.619627 2026] [php:error] [pid 59949] [client 20.250.10.152:0] script '/domains/system_suspended/jga.php' not found or unable to stat
[Tue Feb 17 01:31:35.714372 2026] [php:error] [pid 59949] [client 20.250.10.152:0] script '/domains/system_suspended/tool.php' not found or unable to stat
[Tue Feb 17 01:31:35.817172 2026] [php:error] [pid 59949] [client 20.250.10.152:0] script '/domains/system_suspended/ms.php' not found or unable to stat
[Tue Feb 17 01:31:35.912474 2026] [php:error] [pid 59949] [client 20.250.10.152:0] script '/domains/system_suspended/xxw.php' not found or unable to stat
[Tue Feb 17 01:31:36.046896 2026] [php:error] [pid 59949] [client 20.250.10.152:0] script '/domains/system_suspended/callback.php' not found or unable to stat
[Tue Feb 17 01:31:36.262908 2026] [php:error] [pid 59949] [client 20.250.10.152:0] script '/domains/system_suspended/logs.php' not found or unable to stat
[Tue Feb 17 01:31:36.357814 2026] [php:error] [pid 59949] [client 20.250.10.152:0] script '/domains/system_suspended/aboutc.php' not found or unable to stat
[Tue Feb 17 01:31:36.459675 2026] [php:error] [pid 59949] [client 20.250.10.152:0] script '/domains/system_suspended/ajax.php' not found or unable to stat
[Tue Feb 17 01:31:36.558175 2026] [php:error] [pid 59949] [client 20.250.10.152:0] script '/domains/system_suspended/xr.php' not found or unable to stat
[Tue Feb 17 01:31:36.721908 2026] [php:error] [pid 59949] [client 20.250.10.152:0] script '/domains/system_suspended/ff.php' not found or unable to stat
[Tue Feb 17 01:31:36.816982 2026] [php:error] [pid 59949] [client 20.250.10.152:0] script '/domains/system_suspended/RIP.php' not found or unable to stat
[Tue Feb 17 01:31:36.920821 2026] [php:error] [pid 59949] [client 20.250.10.152:0] script '/domains/system_suspended/knme.php' not found or unable to stat
[Tue Feb 17 01:31:37.293178 2026] [php:error] [pid 59949] [client 20.250.10.152:0] script '/domains/system_suspended/ws71.php' not found or unable to stat
[Tue Feb 17 01:31:37.523931 2026] [php:error] [pid 59949] [client 20.250.10.152:0] script '/domains/system_suspended/ws67.php' not found or unable to stat
[Tue Feb 17 01:31:37.619371 2026] [php:error] [pid 59949] [client 20.250.10.152:0] script '/domains/system_suspended/momo.php' not found or unable to stat
[Tue Feb 17 01:31:44.877074 2026] [php:error] [pid 59969] [client 34.96.162.54:0] script '/domains/machinadynamica/adminer-5.1.0-mysql-en.php' not found or unable to stat
[Tue Feb 17 01:32:07.371330 2026] [php:error] [pid 59949] [client 20.111.44.121:0] script '/domains/system_default/wp-blog.php' not found or unable to stat
[Tue Feb 17 01:32:07.466830 2026] [php:error] [pid 59949] [client 20.111.44.121:0] script '/domains/system_default/ge.php' not found or unable to stat
[Tue Feb 17 01:32:07.602821 2026] [php:error] [pid 59949] [client 20.111.44.121:0] script '/domains/system_default/class20.php' not found or unable to stat
[Tue Feb 17 01:32:07.688237 2026] [php:error] [pid 59949] [client 20.111.44.121:0] script '/domains/system_default/ssxsl.php' not found or unable to stat
[Tue Feb 17 01:32:07.775402 2026] [php:error] [pid 59949] [client 20.111.44.121:0] script '/domains/system_default/str.php' not found or unable to stat
[Tue Feb 17 01:32:07.860766 2026] [php:error] [pid 59949] [client 20.111.44.121:0] script '/domains/system_default/xwpg.php' not found or unable to stat
[Tue Feb 17 01:32:08.078671 2026] [php:error] [pid 59949] [client 20.111.44.121:0] script '/domains/system_default/zz.php' not found or unable to stat
[Tue Feb 17 01:32:08.822048 2026] [php:error] [pid 59949] [client 20.111.44.121:0] script '/domains/system_default/tanjiro.php' not found or unable to stat
[Tue Feb 17 01:32:08.906544 2026] [php:error] [pid 59949] [client 20.111.44.121:0] script '/domains/system_default/up.php' not found or unable to stat
[Tue Feb 17 01:32:08.991116 2026] [php:error] [pid 59949] [client 20.111.44.121:0] script '/domains/system_default/class.php' not found or unable to stat
[Tue Feb 17 01:32:09.088324 2026] [php:error] [pid 59949] [client 20.111.44.121:0] script '/domains/system_default/nope.php' not found or unable to stat
[Tue Feb 17 01:32:09.179025 2026] [php:error] [pid 59949] [client 20.111.44.121:0] script '/domains/system_default/kwm4.php' not found or unable to stat
[Tue Feb 17 01:32:09.264827 2026] [php:error] [pid 59949] [client 20.111.44.121:0] script '/domains/system_default/wp-aa.php' not found or unable to stat
[Tue Feb 17 01:32:09.552937 2026] [php:error] [pid 59949] [client 20.111.44.121:0] script '/domains/system_default/byp.php' not found or unable to stat
[Tue Feb 17 01:32:09.638078 2026] [php:error] [pid 59949] [client 20.111.44.121:0] script '/domains/system_default/0.php' not found or unable to stat
[Tue Feb 17 01:32:09.723103 2026] [php:error] [pid 59949] [client 20.111.44.121:0] script '/domains/system_default/F0x.php' not found or unable to stat
[Tue Feb 17 01:32:09.808129 2026] [php:error] [pid 59949] [client 20.111.44.121:0] script '/domains/system_default/wp-mail.php' not found or unable to stat
[Tue Feb 17 01:32:09.893696 2026] [php:error] [pid 59949] [client 20.111.44.121:0] script '/domains/system_default/fan.php' not found or unable to stat
[Tue Feb 17 01:32:09.978243 2026] [php:error] [pid 59949] [client 20.111.44.121:0] script '/domains/system_default/ztv.php' not found or unable to stat
[Tue Feb 17 01:32:10.062854 2026] [php:error] [pid 59949] [client 20.111.44.121:0] script '/domains/system_default/bras.php' not found or unable to stat
[Tue Feb 17 01:32:10.168770 2026] [php:error] [pid 59949] [client 20.111.44.121:0] script '/domains/system_default/wziar.php' not found or unable to stat
[Tue Feb 17 01:32:10.253461 2026] [php:error] [pid 59949] [client 20.111.44.121:0] script '/domains/system_default/wpup.php' not found or unable to stat
[Tue Feb 17 01:32:10.338181 2026] [php:error] [pid 59949] [client 20.111.44.121:0] script '/domains/system_default/x50.php' not found or unable to stat
[Tue Feb 17 01:32:10.432468 2026] [php:error] [pid 59949] [client 20.111.44.121:0] script '/domains/system_default/ee.php' not found or unable to stat
[Tue Feb 17 01:32:10.575037 2026] [php:error] [pid 59949] [client 20.111.44.121:0] script '/domains/system_default/xz89.php' not found or unable to stat
[Tue Feb 17 01:32:10.744003 2026] [php:error] [pid 59949] [client 20.111.44.121:0] script '/domains/system_default/updates.php' not found or unable to stat
[Tue Feb 17 01:32:10.828623 2026] [php:error] [pid 59949] [client 20.111.44.121:0] script '/domains/system_default/vxnxvgfw.php' not found or unable to stat
[Tue Feb 17 01:32:10.913137 2026] [php:error] [pid 59949] [client 20.111.44.121:0] script '/domains/system_default/mapi.php' not found or unable to stat
[Tue Feb 17 01:32:10.998976 2026] [php:error] [pid 59949] [client 20.111.44.121:0] script '/domains/system_default/f2r4.php' not found or unable to stat
[Tue Feb 17 01:32:11.099241 2026] [php:error] [pid 59949] [client 20.111.44.121:0] script '/domains/system_default/item.php' not found or unable to stat
[Tue Feb 17 01:32:11.281255 2026] [php:error] [pid 59949] [client 20.111.44.121:0] script '/domains/system_default/xse25.php' not found or unable to stat
[Tue Feb 17 01:32:11.368059 2026] [php:error] [pid 59949] [client 20.111.44.121:0] script '/domains/system_default/sf9.php' not found or unable to stat
[Tue Feb 17 01:32:11.453685 2026] [php:error] [pid 59949] [client 20.111.44.121:0] script '/domains/system_default/5b9ac.php' not found or unable to stat
[Tue Feb 17 01:32:11.647358 2026] [php:error] [pid 59949] [client 20.111.44.121:0] script '/domains/system_default/bolt.php' not found or unable to stat
[Tue Feb 17 01:32:11.732764 2026] [php:error] [pid 59949] [client 20.111.44.121:0] script '/domains/system_default/dump.php' not found or unable to stat
[Tue Feb 17 01:32:11.831127 2026] [php:error] [pid 59949] [client 20.111.44.121:0] script '/domains/system_default/xx.php' not found or unable to stat
[Tue Feb 17 01:32:11.915628 2026] [php:error] [pid 59949] [client 20.111.44.121:0] script '/domains/system_default/Okxob.php' not found or unable to stat
[Tue Feb 17 01:32:12.266319 2026] [php:error] [pid 59949] [client 20.111.44.121:0] script '/domains/system_default/vx.php' not found or unable to stat
[Tue Feb 17 01:32:12.350703 2026] [php:error] [pid 59949] [client 20.111.44.121:0] script '/domains/system_default/lock360.php' not found or unable to stat
[Tue Feb 17 01:32:12.451523 2026] [php:error] [pid 59949] [client 20.111.44.121:0] script '/domains/system_default/np.php' not found or unable to stat
[Tue Feb 17 01:32:12.541526 2026] [php:error] [pid 59949] [client 20.111.44.121:0] script '/domains/system_default/tx1.php' not found or unable to stat
[Tue Feb 17 01:32:12.626234 2026] [php:error] [pid 59949] [client 20.111.44.121:0] script '/domains/system_default/bs.php' not found or unable to stat
[Tue Feb 17 01:32:17.250482 2026] [php:error] [pid 59975] [client 35.247.243.248:0] script '/domains/machinadynamica/DB.php' not found or unable to stat
[Tue Feb 17 01:32:35.339818 2026] [php:error] [pid 59949] [client 34.96.162.59:0] script '/domains/machinadynamica/adminer-5.0.4-en.php' not found or unable to stat
[Tue Feb 17 01:32:36.524238 2026] [php:error] [pid 59968] [client 216.244.66.232:0] script '/domains/hdickens.enteract/kmnj.php' not found or unable to stat
[Tue Feb 17 01:32:54.220391 2026] [php:error] [pid 59982] [client 34.96.162.48:0] script '/domains/machinadynamica/adminer-5.0.2.php' not found or unable to stat
[Tue Feb 17 01:32:55.737189 2026] [php:error] [pid 59977] [client 35.247.243.242:0] script '/domains/machinadynamica/adminer-5.0.3-mysql-en.php' not found or unable to stat
[Tue Feb 17 01:33:07.117746 2026] [cgi:error] [pid 59976] [client 3.224.205.25:0] AH02811: stderr from /domains/abtechsci/cgi-bin/cp-app.cgi: script not found or unable to stat
[Tue Feb 17 01:33:18.791252 2026] [php:error] [pid 59972] [client 34.96.162.53:0] script '/domains/machinadynamica/adminer-5.1.1-en.php' not found or unable to stat
[Tue Feb 17 01:33:51.565723 2026] [php:error] [pid 59990] [client 35.247.243.249:0] script '/domains/machinadynamica/adminer-5.4.0.php' not found or unable to stat
[Tue Feb 17 01:33:56.647001 2026] [php:error] [pid 59991] [client 51.107.69.151:0] script '/domains/system_suspended/pass4.php' not found or unable to stat
[Tue Feb 17 01:33:56.740626 2026] [php:error] [pid 59991] [client 51.107.69.151:0] script '/domains/system_suspended/term.php' not found or unable to stat
[Tue Feb 17 01:33:56.834512 2026] [php:error] [pid 59991] [client 51.107.69.151:0] script '/domains/system_suspended/lp6.php' not found or unable to stat
[Tue Feb 17 01:33:56.928288 2026] [php:error] [pid 59991] [client 51.107.69.151:0] script '/domains/system_suspended/we.php' not found or unable to stat
[Tue Feb 17 01:33:57.117107 2026] [php:error] [pid 59991] [client 51.107.69.151:0] script '/domains/system_suspended/asax.php' not found or unable to stat
[Tue Feb 17 01:33:57.219162 2026] [php:error] [pid 59991] [client 51.107.69.151:0] script '/domains/system_suspended/co.php' not found or unable to stat
[Tue Feb 17 01:33:57.313778 2026] [php:error] [pid 59991] [client 51.107.69.151:0] script '/domains/system_suspended/wp-k3w6g9s4h2.php' not found or unable to stat
[Tue Feb 17 01:33:57.419067 2026] [php:error] [pid 59991] [client 51.107.69.151:0] script '/domains/system_suspended/ahax.php' not found or unable to stat
[Tue Feb 17 01:33:57.523998 2026] [php:error] [pid 59991] [client 51.107.69.151:0] script '/domains/system_suspended/Okxob.php' not found or unable to stat
[Tue Feb 17 01:33:57.618417 2026] [php:error] [pid 59991] [client 51.107.69.151:0] script '/domains/system_suspended/acfdr.php' not found or unable to stat
[Tue Feb 17 01:33:57.846275 2026] [php:error] [pid 59991] [client 51.107.69.151:0] script '/domains/system_suspended/init.php' not found or unable to stat
[Tue Feb 17 01:33:57.953431 2026] [php:error] [pid 59991] [client 51.107.69.151:0] script '/domains/system_suspended/themes.php' not found or unable to stat
[Tue Feb 17 01:33:58.060142 2026] [php:error] [pid 59991] [client 51.107.69.151:0] script '/domains/system_suspended/ff.php' not found or unable to stat
[Tue Feb 17 01:33:58.154558 2026] [php:error] [pid 59991] [client 51.107.69.151:0] script '/domains/system_suspended/ak.php' not found or unable to stat
[Tue Feb 17 01:33:58.259503 2026] [php:error] [pid 59991] [client 51.107.69.151:0] script '/domains/system_suspended/bjfl.php' not found or unable to stat
[Tue Feb 17 01:33:58.353478 2026] [php:error] [pid 59991] [client 51.107.69.151:0] script '/domains/system_suspended/vx.php' not found or unable to stat
[Tue Feb 17 01:33:58.447252 2026] [php:error] [pid 59991] [client 51.107.69.151:0] script '/domains/system_suspended/jga.php' not found or unable to stat
[Tue Feb 17 01:33:58.614899 2026] [php:error] [pid 59991] [client 51.107.69.151:0] script '/domains/system_suspended/a4.php' not found or unable to stat
[Tue Feb 17 01:33:58.803686 2026] [php:error] [pid 59991] [client 51.107.69.151:0] script '/domains/system_suspended/inege.php' not found or unable to stat
[Tue Feb 17 01:34:03.489967 2026] [php:error] [pid 59976] [client 35.247.243.244:0] script '/domains/machinadynamica/adminer-5.2.1-mysql-en.php' not found or unable to stat
[Tue Feb 17 01:34:13.681851 2026] [core:crit] [pid 59976] (13)Permission denied: [client 114.119.133.69:0] AH00529: /domains/performancepartsinc/graphics/psd/.htaccess pcfg_openfile: unable to check htaccess file, ensure it is readable and that '/domains/performancepartsinc/graphics/psd/' is executable, referer: http://www.performancepartsinc.com/graphics/psd/q.php?%2Fsex-on-what-number-date%2F
[Tue Feb 17 01:34:22.606648 2026] [php:error] [pid 59976] [client 35.247.243.247:0] script '/domains/machinadynamica/adminer-4.2.0.php' not found or unable to stat
[Tue Feb 17 01:34:25.381628 2026] [php:error] [pid 59976] [client 35.247.243.242:0] script '/domains/machinadynamica/adminer-4.2.1.php' not found or unable to stat
[Tue Feb 17 01:34:27.752207 2026] [php:error] [pid 59976] [client 35.247.243.240:0] script '/domains/machinadynamica/adminer-5.4.0-mysql-en.php' not found or unable to stat
[Tue Feb 17 01:34:37.481565 2026] [php:error] [pid 59990] [client 35.247.243.253:0] script '/domains/machinadynamica/adminer-5.0.5-en.php' not found or unable to stat
[Tue Feb 17 01:34:47.057006 2026] [php:error] [pid 59994] [client 34.96.162.52:0] script '/domains/machinadynamica/sql.php' not found or unable to stat
[Tue Feb 17 01:35:10.277408 2026] [php:error] [pid 59996] [client 34.96.162.51:0] script '/domains/machinadynamica/adminer-5.3.0-mysql.php' not found or unable to stat
[Tue Feb 17 01:35:24.930987 2026] [php:error] [pid 59993] [client 34.96.162.61:0] script '/domains/machinadynamica/adminer-5.4.1.php' not found or unable to stat
[Tue Feb 17 01:35:37.191057 2026] [php:error] [pid 60002] [client 34.96.162.60:0] script '/domains/machinadynamica/adminer-5.0.4-mysql-en.php' not found or unable to stat
[Tue Feb 17 01:35:39.853064 2026] [php:error] [pid 60001] [client 35.247.243.250:0] script '/domains/machinadynamica/adminer-5.4.0.php' not found or unable to stat
[Tue Feb 17 01:35:40.900295 2026] [php:error] [pid 60003] [client 34.96.162.54:0] script '/domains/machinadynamica/adminer-5.4.1.php' not found or unable to stat
[Tue Feb 17 01:35:56.235180 2026] [php:error] [pid 60002] [client 34.96.162.51:0] script '/domains/machinadynamica/adminer-5.0.3-mysql.php' not found or unable to stat
[Tue Feb 17 01:36:04.541631 2026] [php:error] [pid 59993] [client 34.96.162.58:0] script '/domains/machinadynamica/adminer-5.0.0.php' not found or unable to stat
[Tue Feb 17 01:36:27.068314 2026] [php:error] [pid 59976] [client 34.96.162.60:0] script '/domains/machinadynamica/adminer-5.4.1.php' not found or unable to stat
[Tue Feb 17 01:36:35.401840 2026] [php:error] [pid 60001] [client 34.96.162.58:0] script '/domains/machinadynamica/adminer-5.4.0-mysql.php' not found or unable to stat
[Tue Feb 17 01:36:38.825901 2026] [php:error] [pid 59976] [client 35.247.243.243:0] script '/domains/machinadynamica/adminer-4.8.1-mysql.php' not found or unable to stat
[Tue Feb 17 01:36:42.260214 2026] [php:error] [pid 60003] [client 34.96.162.50:0] script '/domains/machinadynamica/adminer-5.4.0-en.php' not found or unable to stat
[Tue Feb 17 01:36:49.378454 2026] [php:error] [pid 60007] [client 35.247.243.252:0] script '/domains/machinadynamica/adminer-4.5.0.php' not found or unable to stat
[Tue Feb 17 01:36:52.590298 2026] [php:error] [pid 60001] [client 35.247.243.240:0] script '/domains/machinadynamica/adminer-5.0.4-mysql-en.php' not found or unable to stat
[Tue Feb 17 01:37:01.694772 2026] [php:error] [pid 59976] [client 35.247.243.253:0] script '/domains/machinadynamica/adminer-5.0.3-en.php' not found or unable to stat
[Tue Feb 17 01:37:10.728229 2026] [php:error] [pid 59976] [client 62.60.130.228:0] script '/domains/system_default/wp-login.php' not found or unable to stat
[Tue Feb 17 01:37:12.830233 2026] [php:error] [pid 60009] [client 34.96.162.53:0] script '/domains/machinadynamica/adminer-5.0.2-mysql-en.php' not found or unable to stat
[Tue Feb 17 01:37:20.790757 2026] [php:error] [pid 60013] [client 35.247.243.246:0] script '/domains/machinadynamica/adminer-5.0.3-mysql.php' not found or unable to stat
[Tue Feb 17 01:37:35.496717 2026] [php:error] [pid 60009] [client 20.203.180.135:0] script '/domains/system_suspended/pass4.php' not found or unable to stat
[Tue Feb 17 01:37:35.591665 2026] [php:error] [pid 60009] [client 20.203.180.135:0] script '/domains/system_suspended/term.php' not found or unable to stat
[Tue Feb 17 01:37:35.703480 2026] [php:error] [pid 60009] [client 20.203.180.135:0] script '/domains/system_suspended/lp6.php' not found or unable to stat
[Tue Feb 17 01:37:35.798709 2026] [php:error] [pid 60009] [client 20.203.180.135:0] script '/domains/system_suspended/we.php' not found or unable to stat
[Tue Feb 17 01:37:35.893585 2026] [php:error] [pid 60009] [client 20.203.180.135:0] script '/domains/system_suspended/asax.php' not found or unable to stat
[Tue Feb 17 01:37:35.988200 2026] [php:error] [pid 60009] [client 20.203.180.135:0] script '/domains/system_suspended/co.php' not found or unable to stat
[Tue Feb 17 01:37:36.087075 2026] [php:error] [pid 60009] [client 20.203.180.135:0] script '/domains/system_suspended/wp-k3w6g9s4h2.php' not found or unable to stat
[Tue Feb 17 01:37:36.186051 2026] [php:error] [pid 60009] [client 20.203.180.135:0] script '/domains/system_suspended/ahax.php' not found or unable to stat
[Tue Feb 17 01:37:36.280583 2026] [php:error] [pid 60009] [client 20.203.180.135:0] script '/domains/system_suspended/Okxob.php' not found or unable to stat
[Tue Feb 17 01:37:36.379391 2026] [php:error] [pid 60009] [client 20.203.180.135:0] script '/domains/system_suspended/acfdr.php' not found or unable to stat
[Tue Feb 17 01:37:36.654583 2026] [php:error] [pid 60009] [client 20.203.180.135:0] script '/domains/system_suspended/init.php' not found or unable to stat
[Tue Feb 17 01:37:36.749173 2026] [php:error] [pid 60009] [client 20.203.180.135:0] script '/domains/system_suspended/themes.php' not found or unable to stat
[Tue Feb 17 01:37:36.919859 2026] [php:error] [pid 60009] [client 20.203.180.135:0] script '/domains/system_suspended/ff.php' not found or unable to stat
[Tue Feb 17 01:37:37.017542 2026] [php:error] [pid 60009] [client 20.203.180.135:0] script '/domains/system_suspended/ak.php' not found or unable to stat
[Tue Feb 17 01:37:37.172429 2026] [php:error] [pid 60009] [client 20.203.180.135:0] script '/domains/system_suspended/bjfl.php' not found or unable to stat
[Tue Feb 17 01:37:37.413963 2026] [php:error] [pid 60009] [client 20.203.180.135:0] script '/domains/system_suspended/vx.php' not found or unable to stat
[Tue Feb 17 01:37:37.516245 2026] [php:error] [pid 60009] [client 20.203.180.135:0] script '/domains/system_suspended/jga.php' not found or unable to stat
[Tue Feb 17 01:37:37.610786 2026] [php:error] [pid 60009] [client 20.203.180.135:0] script '/domains/system_suspended/a4.php' not found or unable to stat
[Tue Feb 17 01:37:38.049876 2026] [php:error] [pid 60009] [client 20.203.180.135:0] script '/domains/system_suspended/inege.php' not found or unable to stat
[Tue Feb 17 01:37:38.965311 2026] [php:error] [pid 60001] [client 34.96.162.57:0] script '/domains/machinadynamica/adminer-4.8.1-en.php' not found or unable to stat
[Tue Feb 17 01:37:44.375772 2026] [php:error] [pid 60021] [client 34.96.162.57:0] script '/domains/machinadynamica/adminer-4.5.0.php' not found or unable to stat
[Tue Feb 17 01:37:53.299759 2026] [php:error] [pid 60021] [client 35.247.243.243:0] script '/domains/machinadynamica/adminer-5.4.1-mysql.php' not found or unable to stat
[Tue Feb 17 01:37:55.097222 2026] [php:error] [pid 59976] [client 35.247.243.245:0] script '/domains/machinadynamica/adminer-5.0.2.php' not found or unable to stat
[Tue Feb 17 01:38:20.042697 2026] [php:error] [pid 60026] [client 34.96.162.54:0] script '/domains/machinadynamica/adminer-5.4.0-en.php' not found or unable to stat
[Tue Feb 17 01:38:22.094280 2026] [php:error] [pid 59976] [client 35.247.243.240:0] script '/domains/machinadynamica/adminer-4.4.0.php' not found or unable to stat
[Tue Feb 17 01:38:29.605171 2026] [php:error] [pid 60025] [client 34.96.162.51:0] script '/domains/machinadynamica/adminer-5.0.1-mysql-en.php' not found or unable to stat
[Tue Feb 17 01:38:29.807600 2026] [php:error] [pid 60025] [client 35.247.243.242:0] script '/domains/machinadynamica/adminer-5.4.0-mysql.php' not found or unable to stat
[Tue Feb 17 01:38:31.434380 2026] [php:error] [pid 60026] [client 35.247.243.254:0] script '/domains/machinadynamica/adminer-4.3.0.php' not found or unable to stat
[Tue Feb 17 01:38:44.434963 2026] [php:error] [pid 60013] [client 34.96.162.48:0] script '/domains/machinadynamica/adminer-5.1.1-mysql.php' not found or unable to stat
[Tue Feb 17 01:38:53.602923 2026] [php:error] [pid 59976] [client 35.88.250.183:0] script '/domains/smartny/connector.php' not found or unable to stat
[Tue Feb 17 01:38:58.803549 2026] [php:error] [pid 60013] [client 35.247.243.240:0] script '/domains/machinadynamica/adminer-5.0.1.php' not found or unable to stat
[Tue Feb 17 01:39:08.063046 2026] [php:error] [pid 59976] [client 34.96.162.54:0] script '/domains/machinadynamica/adminer-4.16.0.php' not found or unable to stat
[Tue Feb 17 01:39:20.296067 2026] [php:error] [pid 60022] [client 35.247.243.241:0] script '/domains/machinadynamica/adminer-4.8.1.php' not found or unable to stat
[Tue Feb 17 01:39:26.260341 2026] [php:error] [pid 60026] [client 172.190.142.176:0] script '/domains/koenig.interport/user.php' not found or unable to stat
[Tue Feb 17 01:39:26.287010 2026] [php:error] [pid 60026] [client 172.190.142.176:0] script '/domains/koenig.interport/simple.php' not found or unable to stat
[Tue Feb 17 01:39:26.307090 2026] [php:error] [pid 60026] [client 172.190.142.176:0] script '/domains/koenig.interport/k.php' not found or unable to stat
[Tue Feb 17 01:39:26.325351 2026] [php:error] [pid 60026] [client 172.190.142.176:0] script '/domains/koenig.interport/uplozyu.php' not found or unable to stat
[Tue Feb 17 01:39:26.339549 2026] [php:error] [pid 60026] [client 172.190.142.176:0] script '/domains/koenig.interport/wp-login.php' not found or unable to stat
[Tue Feb 17 01:39:26.343268 2026] [php:error] [pid 60026] [client 172.190.142.176:0] script '/domains/koenig.interport/click.php' not found or unable to stat
[Tue Feb 17 01:39:26.346962 2026] [php:error] [pid 60026] [client 172.190.142.176:0] script '/domains/koenig.interport/radio.php' not found or unable to stat
[Tue Feb 17 01:39:26.350597 2026] [php:error] [pid 60026] [client 172.190.142.176:0] script '/domains/koenig.interport/buy.php' not found or unable to stat
[Tue Feb 17 01:39:26.426777 2026] [php:error] [pid 60026] [client 172.190.142.176:0] script '/domains/koenig.interport/chosen.php' not found or unable to stat
[Tue Feb 17 01:39:26.432988 2026] [php:error] [pid 60026] [client 172.190.142.176:0] script '/domains/koenig.interport/oxvrws.php' not found or unable to stat
[Tue Feb 17 01:39:26.438930 2026] [php:error] [pid 60026] [client 172.190.142.176:0] script '/domains/koenig.interport/user.php' not found or unable to stat
[Tue Feb 17 01:39:26.442770 2026] [php:error] [pid 60026] [client 172.190.142.176:0] script '/domains/koenig.interport/404.php' not found or unable to stat
[Tue Feb 17 01:39:26.446363 2026] [php:error] [pid 60026] [client 172.190.142.176:0] script '/domains/koenig.interport/uploat.php' not found or unable to stat
[Tue Feb 17 01:39:26.464566 2026] [php:error] [pid 60026] [client 172.190.142.176:0] script '/domains/koenig.interport/x.php' not found or unable to stat
[Tue Feb 17 01:39:26.536824 2026] [php:error] [pid 60026] [client 172.190.142.176:0] script '/domains/koenig.interport/cache.php' not found or unable to stat
[Tue Feb 17 01:39:26.679401 2026] [php:error] [pid 60026] [client 172.190.142.176:0] script '/domains/koenig.interport/doc.php' not found or unable to stat
[Tue Feb 17 01:39:26.730061 2026] [php:error] [pid 60026] [client 172.190.142.176:0] script '/domains/koenig.interport/config.php' not found or unable to stat
[Tue Feb 17 01:39:26.752877 2026] [php:error] [pid 60026] [client 172.190.142.176:0] script '/domains/koenig.interport/alfa.php' not found or unable to stat
[Tue Feb 17 01:39:26.757448 2026] [php:error] [pid 60026] [client 172.190.142.176:0] script '/domains/koenig.interport/wp-config-sample.php' not found or unable to stat
[Tue Feb 17 01:39:26.789605 2026] [php:error] [pid 60026] [client 172.190.142.176:0] script '/domains/koenig.interport/cong.php' not found or unable to stat
[Tue Feb 17 01:39:26.793189 2026] [php:error] [pid 60026] [client 172.190.142.176:0] script '/domains/koenig.interport/log.php' not found or unable to stat
[Tue Feb 17 01:39:26.960411 2026] [php:error] [pid 60022] [client 172.190.142.176:0] script '/domains/koenig.interport/hehehehe.php' not found or unable to stat
[Tue Feb 17 01:39:27.037406 2026] [php:error] [pid 60022] [client 172.190.142.176:0] script '/domains/koenig.interport/lock.php' not found or unable to stat
[Tue Feb 17 01:39:27.048434 2026] [php:error] [pid 60022] [client 172.190.142.176:0] script '/domains/koenig.interport/content.php' not found or unable to stat
[Tue Feb 17 01:39:27.060672 2026] [php:error] [pid 60022] [client 172.190.142.176:0] script '/domains/koenig.interport/k.php' not found or unable to stat
[Tue Feb 17 01:39:27.064264 2026] [php:error] [pid 60022] [client 172.190.142.176:0] script '/domains/koenig.interport/403.php' not found or unable to stat
[Tue Feb 17 01:39:27.074615 2026] [php:error] [pid 60022] [client 172.190.142.176:0] script '/domains/koenig.interport/wp-cache.php' not found or unable to stat
[Tue Feb 17 01:39:27.105395 2026] [php:error] [pid 60022] [client 172.190.142.176:0] script '/domains/koenig.interport/w.php' not found or unable to stat
[Tue Feb 17 01:39:27.152214 2026] [php:error] [pid 60025] [client 172.190.142.176:0] script '/domains/koenig.interport/ioxi002.PhP' not found or unable to stat
[Tue Feb 17 01:39:27.168934 2026] [php:error] [pid 60025] [client 172.190.142.176:0] script '/domains/koenig.interport/moon.php' not found or unable to stat
[Tue Feb 17 01:39:27.179373 2026] [php:error] [pid 60025] [client 172.190.142.176:0] script '/domains/koenig.interport/403.php' not found or unable to stat
[Tue Feb 17 01:39:27.186715 2026] [php:error] [pid 60025] [client 172.190.142.176:0] script '/domains/koenig.interport/1index.php' not found or unable to stat
[Tue Feb 17 01:39:27.232251 2026] [php:error] [pid 60025] [client 172.190.142.176:0] script '/domains/koenig.interport/ws.php' not found or unable to stat
[Tue Feb 17 01:39:27.266167 2026] [php:error] [pid 60025] [client 172.190.142.176:0] script '/domains/koenig.interport/data.php' not found or unable to stat
[Tue Feb 17 01:39:27.269545 2026] [php:error] [pid 60025] [client 172.190.142.176:0] script '/domains/koenig.interport/file.php' not found or unable to stat
[Tue Feb 17 01:39:27.300612 2026] [php:error] [pid 60025] [client 172.190.142.176:0] script '/domains/koenig.interport/install.php' not found or unable to stat
[Tue Feb 17 01:39:27.305643 2026] [php:error] [pid 60025] [client 172.190.142.176:0] script '/domains/koenig.interport/system.php' not found or unable to stat
[Tue Feb 17 01:39:27.315861 2026] [php:error] [pid 60025] [client 172.190.142.176:0] script '/domains/koenig.interport/2.php' not found or unable to stat
[Tue Feb 17 01:39:27.322760 2026] [php:error] [pid 60025] [client 172.190.142.176:0] script '/domains/koenig.interport/shell20211028.php' not found or unable to stat
[Tue Feb 17 01:39:27.326139 2026] [php:error] [pid 60025] [client 172.190.142.176:0] script '/domains/koenig.interport/ss.php' not found or unable to stat
[Tue Feb 17 01:39:27.332638 2026] [php:error] [pid 60025] [client 172.190.142.176:0] script '/domains/koenig.interport/wso.php' not found or unable to stat
[Tue Feb 17 01:39:27.379066 2026] [php:error] [pid 60025] [client 172.190.142.176:0] script '/domains/koenig.interport/i.php' not found or unable to stat
[Tue Feb 17 01:39:27.401728 2026] [php:error] [pid 60025] [client 172.190.142.176:0] script '/domains/koenig.interport/1337.php' not found or unable to stat
[Tue Feb 17 01:39:27.432107 2026] [php:error] [pid 60025] [client 172.190.142.176:0] script '/domains/koenig.interport/favicon.php' not found or unable to stat
[Tue Feb 17 01:39:27.436190 2026] [php:error] [pid 60025] [client 172.190.142.176:0] script '/domains/koenig.interport/fox.php' not found or unable to stat
[Tue Feb 17 01:39:27.455063 2026] [php:error] [pid 60025] [client 172.190.142.176:0] script '/domains/koenig.interport/byp.php' not found or unable to stat
[Tue Feb 17 01:39:27.458870 2026] [php:error] [pid 60025] [client 172.190.142.176:0] script '/domains/koenig.interport/wp-load.php' not found or unable to stat
[Tue Feb 17 01:39:31.473688 2026] [php:error] [pid 60013] [client 35.247.243.240:0] script '/domains/machinadynamica/adminer-5.1.1-mysql.php' not found or unable to stat
[Tue Feb 17 01:39:39.230326 2026] [php:error] [pid 60025] [client 35.247.243.247:0] script '/domains/machinadynamica/adminer-5.1.1-mysql.php' not found or unable to stat
[Tue Feb 17 01:39:42.340665 2026] [php:error] [pid 60013] [client 34.96.162.59:0] script '/domains/machinadynamica/adminer-5.1.0.php' not found or unable to stat
[Tue Feb 17 01:39:48.916341 2026] [php:error] [pid 60013] [client 35.247.243.255:0] script '/domains/machinadynamica/adminer-5.4.1.php' not found or unable to stat
[Tue Feb 17 01:39:50.913429 2026] [php:error] [pid 60022] [client 35.247.243.240:0] script '/domains/machinadynamica/adminer-5.0.2-en.php' not found or unable to stat
[Tue Feb 17 01:40:00.329037 2026] [php:error] [pid 60025] [client 35.247.243.251:0] script '/domains/machinadynamica/adminer-5.4.1.php' not found or unable to stat
[Tue Feb 17 01:40:11.310494 2026] [php:error] [pid 60034] [client 34.96.162.48:0] script '/domains/machinadynamica/adminer-5.0.6-mysql.php' not found or unable to stat
[Tue Feb 17 01:40:17.979896 2026] [php:error] [pid 60034] [client 169.150.203.202:0] script '/domains/proinc/xmlrpc.php' not found or unable to stat
[Tue Feb 17 01:40:24.679055 2026] [php:error] [pid 60022] [client 35.247.243.243:0] script '/domains/machinadynamica/adminer-4.16.0.php' not found or unable to stat
[Tue Feb 17 01:40:30.403983 2026] [php:error] [pid 60013] [client 35.247.243.244:0] script '/domains/machinadynamica/adminer-4.7.5.php' not found or unable to stat
[Tue Feb 17 01:40:34.443386 2026] [php:error] [pid 60013] [client 34.96.162.53:0] script '/domains/machinadynamica/adminer-5.0.3-mysql-en.php' not found or unable to stat
[Tue Feb 17 01:40:44.381573 2026] [php:error] [pid 60037] [client 34.96.162.52:0] script '/domains/machinadynamica/adminer-5.1.0-mysql-en.php' not found or unable to stat
[Tue Feb 17 01:40:46.562864 2026] [php:error] [pid 60035] [client 34.96.162.52:0] script '/domains/machinadynamica/adminer-5.0.3-mysql-en.php' not found or unable to stat
[Tue Feb 17 01:40:48.441060 2026] [php:error] [pid 60038] [client 34.96.162.48:0] script '/domains/machinadynamica/adminer-4.4.0.php' not found or unable to stat
[Tue Feb 17 01:40:58.221882 2026] [core:crit] [pid 60013] (13)Permission denied: [client 114.119.133.69:0] AH00529: /domains/performancepartsinc/graphics/psd/.htaccess pcfg_openfile: unable to check htaccess file, ensure it is readable and that '/domains/performancepartsinc/graphics/psd/' is executable, referer: http://www.performancepartsinc.com/graphics/psd/q.php?%2Fhow-to-correct-dating-site-mess-ups%2F
[Tue Feb 17 01:41:02.977578 2026] [php:error] [pid 59976] [client 34.96.162.52:0] script '/domains/machinadynamica/adminer-5.0.3-mysql.php' not found or unable to stat
[Tue Feb 17 01:41:11.993017 2026] [php:error] [pid 60040] [client 34.96.162.54:0] script '/domains/machinadynamica/ADMINER.php' not found or unable to stat
[Tue Feb 17 01:41:12.381721 2026] [php:error] [pid 60022] [client 35.247.243.243:0] script '/domains/machinadynamica/adminer-5.0.1.php' not found or unable to stat
[Tue Feb 17 01:41:14.605299 2026] [php:error] [pid 59976] [client 34.96.162.63:0] script '/domains/machinadynamica/adminer-5.4.1-mysql.php' not found or unable to stat
[Tue Feb 17 01:41:36.839980 2026] [php:error] [pid 60049] [client 34.96.162.49:0] script '/domains/machinadynamica/adminer-5.4.0-en.php' not found or unable to stat
[Tue Feb 17 01:41:54.895411 2026] [php:error] [pid 60044] [client 35.247.243.241:0] script '/domains/machinadynamica/adminer-5.1.1.php' not found or unable to stat
[Tue Feb 17 01:41:58.738712 2026] [php:error] [pid 60047] [client 35.247.243.243:0] script '/domains/machinadynamica/adminer-5.1.1-mysql.php' not found or unable to stat
[Tue Feb 17 01:42:04.727572 2026] [php:error] [pid 60047] [client 35.247.243.249:0] script '/domains/machinadynamica/adminer-5.0.4.php' not found or unable to stat
[Tue Feb 17 01:42:12.899992 2026] [php:error] [pid 60047] [client 34.96.162.63:0] script '/domains/machinadynamica/adminer-5.0.6-en.php' not found or unable to stat
[Tue Feb 17 01:42:12.900395 2026] [php:error] [pid 60051] [client 34.96.162.63:0] script '/domains/machinadynamica/adminer-5.0.4-en.php' not found or unable to stat
[Tue Feb 17 01:42:18.562170 2026] [php:error] [pid 60043] [client 35.247.243.252:0] script '/domains/machinadynamica/adminer-4.6.3.php' not found or unable to stat
[Tue Feb 17 01:42:34.334341 2026] [php:error] [pid 60042] [client 143.44.185.0:0] script '/domains/king1969/xmlrpc.php' not found or unable to stat
[Tue Feb 17 01:42:40.660192 2026] [php:error] [pid 60046] [client 34.96.162.48:0] script '/domains/machinadynamica/adminer-4.6.2.php' not found or unable to stat
[Tue Feb 17 01:42:43.315157 2026] [php:error] [pid 60057] [client 20.78.169.245:0] script '/domains/schellin/wp-trackback.php' not found or unable to stat
[Tue Feb 17 01:42:45.014632 2026] [php:error] [pid 60057] [client 20.78.169.245:0] script '/domains/schellin/about.php' not found or unable to stat
[Tue Feb 17 01:42:45.212928 2026] [php:error] [pid 60057] [client 20.78.169.245:0] script '/domains/schellin/file.php' not found or unable to stat
[Tue Feb 17 01:42:47.021773 2026] [php:error] [pid 60057] [client 20.78.169.245:0] script '/domains/schellin/wp-good.php' not found or unable to stat
[Tue Feb 17 01:42:47.189916 2026] [php:error] [pid 60057] [client 20.78.169.245:0] script '/domains/schellin/xmlrpc.php' not found or unable to stat
[Tue Feb 17 01:42:47.412943 2026] [php:error] [pid 60057] [client 20.78.169.245:0] script '/domains/schellin/goods.php' not found or unable to stat
[Tue Feb 17 01:42:47.606347 2026] [php:error] [pid 60057] [client 20.78.169.245:0] script '/domains/schellin/ioxi-o.php' not found or unable to stat
[Tue Feb 17 01:42:47.799661 2026] [php:error] [pid 60057] [client 20.78.169.245:0] script '/domains/schellin/class-t.api.php' not found or unable to stat
[Tue Feb 17 01:42:47.967706 2026] [php:error] [pid 60057] [client 20.78.169.245:0] script '/domains/schellin/admin.php' not found or unable to stat
[Tue Feb 17 01:42:48.182601 2026] [php:error] [pid 60057] [client 20.78.169.245:0] script '/domains/schellin/sf.php' not found or unable to stat
[Tue Feb 17 01:42:50.053341 2026] [php:error] [pid 60057] [client 20.78.169.245:0] script '/domains/schellin/rip.php' not found or unable to stat
[Tue Feb 17 01:42:50.269826 2026] [php:error] [pid 60057] [client 20.78.169.245:0] script '/domains/schellin/autoload_classmap.php' not found or unable to stat
[Tue Feb 17 01:42:50.458174 2026] [php:error] [pid 60057] [client 20.78.169.245:0] script '/domains/schellin/chosen.php' not found or unable to stat
[Tue Feb 17 01:42:50.633719 2026] [php:error] [pid 60057] [client 20.78.169.245:0] script '/domains/schellin/classwithtostring.php' not found or unable to stat
[Tue Feb 17 01:42:51.571297 2026] [php:error] [pid 60057] [client 20.78.169.245:0] script '/domains/schellin/defaults.php' not found or unable to stat
[Tue Feb 17 01:42:56.374090 2026] [php:error] [pid 60051] [client 34.96.162.52:0] script '/domains/machinadynamica/adminer-5.1.0-mysql.php' not found or unable to stat
[Tue Feb 17 01:42:56.619108 2026] [php:error] [pid 60057] [client 20.78.169.245:0] script '/domains/schellin/info.php' not found or unable to stat
[Tue Feb 17 01:42:59.581874 2026] [php:error] [pid 60057] [client 20.78.169.245:0] script '/domains/schellin/adminfuns.php' not found or unable to stat
[Tue Feb 17 01:43:00.277383 2026] [php:error] [pid 60051] [client 34.96.162.58:0] script '/domains/machinadynamica/db.php' not found or unable to stat
[Tue Feb 17 01:43:00.840771 2026] [php:error] [pid 60046] [client 34.96.162.51:0] script '/domains/machinadynamica/adminer-5.0.6-en.php' not found or unable to stat
[Tue Feb 17 01:43:22.010160 2026] [php:error] [pid 60062] [client 31.153.113.0:0] script '/domains/gohover/xmlrpc.php' not found or unable to stat
[Tue Feb 17 01:43:25.327567 2026] [php:error] [pid 60054] [client 34.96.162.60:0] script '/domains/machinadynamica/adminer-4.16.0.php' not found or unable to stat
[Tue Feb 17 01:43:55.698074 2026] [php:error] [pid 60062] [client 34.96.162.60:0] script '/domains/machinadynamica/adminer-5.2.1-mysql-en.php' not found or unable to stat
[Tue Feb 17 01:44:00.240403 2026] [php:error] [pid 60062] [client 34.96.162.60:0] script '/domains/machinadynamica/adminer-5.0.3-mysql.php' not found or unable to stat
[Tue Feb 17 01:44:39.354061 2026] [php:error] [pid 60062] [client 34.96.162.60:0] script '/domains/machinadynamica/mydb.php' not found or unable to stat
[Tue Feb 17 01:44:47.467049 2026] [php:error] [pid 60062] [client 35.247.243.252:0] script '/domains/machinadynamica/adminer-5.0.4.php' not found or unable to stat
[Tue Feb 17 01:45:02.996159 2026] [php:error] [pid 65702] [client 34.96.162.52:0] script '/domains/machinadynamica/adminer-4.8.1-mysql.php' not found or unable to stat
[Tue Feb 17 01:45:11.225713 2026] [php:error] [pid 60046] [client 35.247.243.252:0] script '/domains/machinadynamica/adminer-5.2.1-mysql.php' not found or unable to stat
[Tue Feb 17 01:45:30.364772 2026] [php:error] [pid 65699] [client 34.96.162.50:0] script '/domains/machinadynamica/adminer-5.4.0.php' not found or unable to stat
[Tue Feb 17 01:45:36.992189 2026] [php:error] [pid 65699] [client 34.96.162.62:0] script '/domains/machinadynamica/adminer-5.3.0-mysql-en.php' not found or unable to stat
[Tue Feb 17 01:45:58.106037 2026] [php:error] [pid 65711] [client 35.247.243.248:0] script '/domains/machinadynamica/adminer-5.0.1-mysql-en.php' not found or unable to stat
[Tue Feb 17 01:46:00.576061 2026] [php:error] [pid 65706] [client 35.247.243.245:0] script '/domains/machinadynamica/adminer-5.0.3-en.php' not found or unable to stat
[Tue Feb 17 01:46:15.087209 2026] [php:error] [pid 65699] [client 35.247.243.240:0] script '/domains/machinadynamica/adminer-5.0.3-mysql-en.php' not found or unable to stat
[Tue Feb 17 01:46:30.861059 2026] [php:error] [pid 65725] [client 34.96.162.56:0] script '/domains/machinadynamica/adminer-db.php' not found or unable to stat
[Tue Feb 17 01:46:36.097697 2026] [php:error] [pid 65716] [client 35.247.243.242:0] script '/domains/machinadynamica/adminer-5.0.0-mysql-en.php' not found or unable to stat
[Tue Feb 17 01:46:36.336438 2026] [php:error] [pid 65719] [client 34.96.162.48:0] script '/domains/machinadynamica/adminer-5.0.1-en.php' not found or unable to stat
[Tue Feb 17 01:46:45.351887 2026] [php:error] [pid 65730] [client 35.247.243.242:0] script '/domains/machinadynamica/phpminiadmin.php' not found or unable to stat
[Tue Feb 17 01:46:48.084153 2026] [php:error] [pid 65719] [client 34.96.162.49:0] script '/domains/machinadynamica/adminer-5.0.4-mysql.php' not found or unable to stat
[Tue Feb 17 01:46:49.111456 2026] [php:error] [pid 60046] [client 34.96.162.62:0] script '/domains/machinadynamica/adminer-5.0.6-mysql-en.php' not found or unable to stat
[Tue Feb 17 01:46:57.409111 2026] [php:error] [pid 65727] [client 34.96.162.51:0] script '/domains/machinadynamica/adminer-5.2.0-mysql.php' not found or unable to stat
[Tue Feb 17 01:47:02.424554 2026] [php:error] [pid 65728] [client 35.247.243.253:0] script '/domains/machinadynamica/adminer-5.0.1-mysql-en.php' not found or unable to stat
[Tue Feb 17 01:47:05.254834 2026] [php:error] [pid 65729] [client 4.232.88.90:0] script '/domains/miles.interport/pass4.php' not found or unable to stat
[Tue Feb 17 01:47:05.475244 2026] [php:error] [pid 65729] [client 4.232.88.90:0] script '/domains/miles.interport/term.php' not found or unable to stat
[Tue Feb 17 01:47:05.565252 2026] [php:error] [pid 65729] [client 4.232.88.90:0] script '/domains/miles.interport/lp6.php' not found or unable to stat
[Tue Feb 17 01:47:05.654747 2026] [php:error] [pid 65729] [client 4.232.88.90:0] script '/domains/miles.interport/we.php' not found or unable to stat
[Tue Feb 17 01:47:05.744519 2026] [php:error] [pid 65729] [client 4.232.88.90:0] script '/domains/miles.interport/asax.php' not found or unable to stat
[Tue Feb 17 01:47:05.830221 2026] [php:error] [pid 65719] [client 68.221.64.54:0] script '/domains/lover/pass4.php' not found or unable to stat
[Tue Feb 17 01:47:05.833963 2026] [php:error] [pid 65729] [client 4.232.88.90:0] script '/domains/miles.interport/co.php' not found or unable to stat
[Tue Feb 17 01:47:05.923517 2026] [php:error] [pid 65729] [client 4.232.88.90:0] script '/domains/miles.interport/wp-k3w6g9s4h2.php' not found or unable to stat
[Tue Feb 17 01:47:05.923569 2026] [php:error] [pid 65719] [client 68.221.64.54:0] script '/domains/lover/term.php' not found or unable to stat
[Tue Feb 17 01:47:06.054934 2026] [php:error] [pid 65729] [client 4.232.88.90:0] script '/domains/miles.interport/ahax.php' not found or unable to stat
[Tue Feb 17 01:47:06.065929 2026] [php:error] [pid 65719] [client 68.221.64.54:0] script '/domains/lover/lp6.php' not found or unable to stat
[Tue Feb 17 01:47:06.144588 2026] [php:error] [pid 65729] [client 4.232.88.90:0] script '/domains/miles.interport/Okxob.php' not found or unable to stat
[Tue Feb 17 01:47:06.150141 2026] [php:error] [pid 65719] [client 68.221.64.54:0] script '/domains/lover/we.php' not found or unable to stat
[Tue Feb 17 01:47:06.234260 2026] [php:error] [pid 65729] [client 4.232.88.90:0] script '/domains/miles.interport/acfdr.php' not found or unable to stat
[Tue Feb 17 01:47:06.242366 2026] [php:error] [pid 65719] [client 68.221.64.54:0] script '/domains/lover/asax.php' not found or unable to stat
[Tue Feb 17 01:47:06.324086 2026] [php:error] [pid 65729] [client 4.232.88.90:0] script '/domains/miles.interport/init.php' not found or unable to stat
[Tue Feb 17 01:47:06.326765 2026] [php:error] [pid 65719] [client 68.221.64.54:0] script '/domains/lover/co.php' not found or unable to stat
[Tue Feb 17 01:47:06.413758 2026] [php:error] [pid 65729] [client 4.232.88.90:0] script '/domains/miles.interport/themes.php' not found or unable to stat
[Tue Feb 17 01:47:06.420874 2026] [php:error] [pid 65719] [client 68.221.64.54:0] script '/domains/lover/wp-k3w6g9s4h2.php' not found or unable to stat
[Tue Feb 17 01:47:06.504354 2026] [php:error] [pid 65729] [client 4.232.88.90:0] script '/domains/miles.interport/ff.php' not found or unable to stat
[Tue Feb 17 01:47:06.584937 2026] [php:error] [pid 65719] [client 68.221.64.54:0] script '/domains/lover/ahax.php' not found or unable to stat
[Tue Feb 17 01:47:06.593893 2026] [php:error] [pid 65729] [client 4.232.88.90:0] script '/domains/miles.interport/ak.php' not found or unable to stat
[Tue Feb 17 01:47:06.683463 2026] [php:error] [pid 65729] [client 4.232.88.90:0] script '/domains/miles.interport/bjfl.php' not found or unable to stat
[Tue Feb 17 01:47:06.685185 2026] [php:error] [pid 65719] [client 68.221.64.54:0] script '/domains/lover/Okxob.php' not found or unable to stat
[Tue Feb 17 01:47:06.777890 2026] [php:error] [pid 65719] [client 68.221.64.54:0] script '/domains/lover/acfdr.php' not found or unable to stat
[Tue Feb 17 01:47:06.782374 2026] [php:error] [pid 65729] [client 4.232.88.90:0] script '/domains/miles.interport/vx.php' not found or unable to stat
[Tue Feb 17 01:47:06.862406 2026] [php:error] [pid 65719] [client 68.221.64.54:0] script '/domains/lover/init.php' not found or unable to stat
[Tue Feb 17 01:47:06.878678 2026] [php:error] [pid 65729] [client 4.232.88.90:0] script '/domains/miles.interport/jga.php' not found or unable to stat
[Tue Feb 17 01:47:06.946940 2026] [php:error] [pid 65719] [client 68.221.64.54:0] script '/domains/lover/themes.php' not found or unable to stat
[Tue Feb 17 01:47:07.045350 2026] [php:error] [pid 65719] [client 68.221.64.54:0] script '/domains/lover/ff.php' not found or unable to stat
[Tue Feb 17 01:47:07.049587 2026] [php:error] [pid 65729] [client 4.232.88.90:0] script '/domains/miles.interport/a4.php' not found or unable to stat
[Tue Feb 17 01:47:07.130078 2026] [php:error] [pid 65719] [client 68.221.64.54:0] script '/domains/lover/ak.php' not found or unable to stat
[Tue Feb 17 01:47:07.214639 2026] [php:error] [pid 65719] [client 68.221.64.54:0] script '/domains/lover/bjfl.php' not found or unable to stat
[Tue Feb 17 01:47:07.256471 2026] [php:error] [pid 65729] [client 4.232.88.90:0] script '/domains/miles.interport/inege.php' not found or unable to stat
[Tue Feb 17 01:47:07.316496 2026] [php:error] [pid 65719] [client 68.221.64.54:0] script '/domains/lover/vx.php' not found or unable to stat
[Tue Feb 17 01:47:07.401292 2026] [php:error] [pid 65719] [client 68.221.64.54:0] script '/domains/lover/jga.php' not found or unable to stat
[Tue Feb 17 01:47:07.485774 2026] [php:error] [pid 65719] [client 68.221.64.54:0] script '/domains/lover/a4.php' not found or unable to stat
[Tue Feb 17 01:47:07.665970 2026] [php:error] [pid 65719] [client 68.221.64.54:0] script '/domains/lover/inege.php' not found or unable to stat
