[Tue Feb 17 03:27:15.915577 2026] [php:error] [pid 83964] [client 194.61.40.111:0] script '/domains/schellin/customize.php' not found or unable to stat
[Tue Feb 17 03:27:17.215002 2026] [php:error] [pid 83937] [client 31.171.130.151:0] script '/domains/hpveweb/xleet-shell.php' not found or unable to stat
[Tue Feb 17 03:27:17.535832 2026] [php:error] [pid 83937] [client 31.171.130.151:0] script '/domains/hpveweb/xleet.php' not found or unable to stat
[Tue Feb 17 03:27:17.834917 2026] [php:error] [pid 83937] [client 31.171.130.151:0] script '/domains/hpveweb/xleetshell.php' not found or unable to stat
[Tue Feb 17 03:27:18.785295 2026] [php:error] [pid 83975] [client 194.61.40.132:0] script '/domains/schellin/fm1.php' not found or unable to stat
[Tue Feb 17 03:27:18.803001 2026] [php:error] [pid 83937] [client 31.171.130.151:0] script '/domains/hpveweb/xlt.php' not found or unable to stat
[Tue Feb 17 03:27:20.221959 2026] [php:error] [pid 83975] [client 194.61.40.132:0] script '/domains/schellin/wp-settings.php' not found or unable to stat
[Tue Feb 17 03:27:20.810186 2026] [php:error] [pid 83937] [client 31.171.130.151:0] script '/domains/hpveweb/wp-apxupx.php' not found or unable to stat
[Tue Feb 17 03:27:21.115258 2026] [php:error] [pid 83937] [client 31.171.130.151:0] script '/domains/hpveweb/nf_tracking.php' not found or unable to stat
[Tue Feb 17 03:27:21.204092 2026] [php:error] [pid 83975] [client 194.61.40.132:0] script '/domains/schellin/wp-file.php' not found or unable to stat
[Tue Feb 17 03:27:21.415794 2026] [php:error] [pid 83937] [client 31.171.130.151:0] script '/domains/hpveweb/class.api.php' not found or unable to stat
[Tue Feb 17 03:27:21.700818 2026] [php:error] [pid 83975] [client 194.61.40.132:0] script '/domains/schellin/wp-content.php' not found or unable to stat
[Tue Feb 17 03:27:21.998011 2026] [php:error] [pid 83937] [client 31.171.130.151:0] script '/domains/hpveweb/xl2023.php' not found or unable to stat
[Tue Feb 17 03:27:22.302345 2026] [php:error] [pid 83937] [client 31.171.130.151:0] script '/domains/hpveweb/wp-head.php' not found or unable to stat
[Tue Feb 17 03:27:22.607294 2026] [php:error] [pid 83975] [client 194.61.40.132:0] script '/domains/schellin/log.php' not found or unable to stat
[Tue Feb 17 03:27:22.621362 2026] [php:error] [pid 83937] [client 31.171.130.151:0] script '/domains/hpveweb/wp-pano.php' not found or unable to stat
[Tue Feb 17 03:27:23.487726 2026] [php:error] [pid 83975] [client 194.61.40.132:0] script '/domains/schellin/ioxi01.php' not found or unable to stat
[Tue Feb 17 03:27:23.593672 2026] [php:error] [pid 83937] [client 31.171.130.151:0] script '/domains/hpveweb/xmlrpc.php' not found or unable to stat
[Tue Feb 17 03:27:23.910890 2026] [php:error] [pid 83937] [client 31.171.130.151:0] script '/domains/hpveweb/wp-admin.php' not found or unable to stat
[Tue Feb 17 03:27:25.191160 2026] [php:error] [pid 83937] [client 31.171.130.151:0] script '/domains/hpveweb/WSOEnigma.php' not found or unable to stat
[Tue Feb 17 03:27:26.981044 2026] [php:error] [pid 83937] [client 31.171.130.151:0] script '/domains/hpveweb/mah.php' not found or unable to stat
[Tue Feb 17 03:27:27.938026 2026] [php:error] [pid 83926] [client 31.171.130.141:0] script '/domains/hpveweb/test.php' not found or unable to stat
[Tue Feb 17 03:27:28.523075 2026] [php:error] [pid 83926] [client 31.171.130.141:0] script '/domains/hpveweb/gebase.php' not found or unable to stat
[Tue Feb 17 03:27:28.523998 2026] [php:error] [pid 83974] [client 20.111.44.121:0] script '/domains/astrosfm/wp-blog.php' not found or unable to stat
[Tue Feb 17 03:27:28.666755 2026] [php:error] [pid 83974] [client 20.111.44.121:0] script '/domains/astrosfm/ge.php' not found or unable to stat
[Tue Feb 17 03:27:28.767297 2026] [php:error] [pid 83974] [client 20.111.44.121:0] script '/domains/astrosfm/class20.php' not found or unable to stat
[Tue Feb 17 03:27:28.815174 2026] [php:error] [pid 83926] [client 31.171.130.141:0] script '/domains/hpveweb/defaults.php' not found or unable to stat
[Tue Feb 17 03:27:28.854269 2026] [php:error] [pid 83974] [client 20.111.44.121:0] script '/domains/astrosfm/ssxsl.php' not found or unable to stat
[Tue Feb 17 03:27:28.940017 2026] [php:error] [pid 83974] [client 20.111.44.121:0] script '/domains/astrosfm/str.php' not found or unable to stat
[Tue Feb 17 03:27:29.025700 2026] [php:error] [pid 83974] [client 20.111.44.121:0] script '/domains/astrosfm/xwpg.php' not found or unable to stat
[Tue Feb 17 03:27:29.116002 2026] [php:error] [pid 83974] [client 20.111.44.121:0] script '/domains/astrosfm/zz.php' not found or unable to stat
[Tue Feb 17 03:27:29.125074 2026] [php:error] [pid 83926] [client 31.171.130.141:0] script '/domains/hpveweb/asasx.php' not found or unable to stat
[Tue Feb 17 03:27:29.370182 2026] [php:error] [pid 83974] [client 20.111.44.121:0] script '/domains/astrosfm/tanjiro.php' not found or unable to stat
[Tue Feb 17 03:27:29.526526 2026] [php:error] [pid 83974] [client 20.111.44.121:0] script '/domains/astrosfm/up.php' not found or unable to stat
[Tue Feb 17 03:27:29.611793 2026] [php:error] [pid 83974] [client 20.111.44.121:0] script '/domains/astrosfm/class.php' not found or unable to stat
[Tue Feb 17 03:27:29.697394 2026] [php:error] [pid 83974] [client 20.111.44.121:0] script '/domains/astrosfm/nope.php' not found or unable to stat
[Tue Feb 17 03:27:29.782960 2026] [php:error] [pid 83974] [client 20.111.44.121:0] script '/domains/astrosfm/kwm4.php' not found or unable to stat
[Tue Feb 17 03:27:29.883981 2026] [php:error] [pid 83974] [client 20.111.44.121:0] script '/domains/astrosfm/wp-aa.php' not found or unable to stat
[Tue Feb 17 03:27:30.003068 2026] [php:error] [pid 83974] [client 20.111.44.121:0] script '/domains/astrosfm/byp.php' not found or unable to stat
[Tue Feb 17 03:27:30.210903 2026] [php:error] [pid 83974] [client 20.111.44.121:0] script '/domains/astrosfm/0.php' not found or unable to stat
[Tue Feb 17 03:27:30.211759 2026] [php:error] [pid 83975] [client 194.61.40.132:0] script '/domains/schellin/xx.php' not found or unable to stat
[Tue Feb 17 03:27:30.296423 2026] [php:error] [pid 83974] [client 20.111.44.121:0] script '/domains/astrosfm/F0x.php' not found or unable to stat
[Tue Feb 17 03:27:30.364612 2026] [php:error] [pid 83926] [client 31.171.130.141:0] script '/domains/hpveweb/contact.php' not found or unable to stat
[Tue Feb 17 03:27:30.392230 2026] [php:error] [pid 83974] [client 20.111.44.121:0] script '/domains/astrosfm/wp-mail.php' not found or unable to stat
[Tue Feb 17 03:27:30.483418 2026] [php:error] [pid 83974] [client 20.111.44.121:0] script '/domains/astrosfm/fan.php' not found or unable to stat
[Tue Feb 17 03:27:30.572406 2026] [php:error] [pid 83974] [client 20.111.44.121:0] script '/domains/astrosfm/ztv.php' not found or unable to stat
[Tue Feb 17 03:27:30.710657 2026] [php:error] [pid 83974] [client 20.111.44.121:0] script '/domains/astrosfm/bras.php' not found or unable to stat
[Tue Feb 17 03:27:30.796076 2026] [php:error] [pid 83974] [client 20.111.44.121:0] script '/domains/astrosfm/wziar.php' not found or unable to stat
[Tue Feb 17 03:27:30.849712 2026] [php:error] [pid 83926] [client 31.171.130.141:0] script '/domains/hpveweb/classwithtostring.php' not found or unable to stat
[Tue Feb 17 03:27:30.892441 2026] [php:error] [pid 83974] [client 20.111.44.121:0] script '/domains/astrosfm/wpup.php' not found or unable to stat
[Tue Feb 17 03:27:30.977940 2026] [php:error] [pid 83974] [client 20.111.44.121:0] script '/domains/astrosfm/x50.php' not found or unable to stat
[Tue Feb 17 03:27:31.074947 2026] [php:error] [pid 83974] [client 20.111.44.121:0] script '/domains/astrosfm/ee.php' not found or unable to stat
[Tue Feb 17 03:27:31.103863 2026] [php:error] [pid 83975] [client 194.61.40.132:0] script '/domains/schellin/cgi-bin/cyohbodf.php' not found or unable to stat
[Tue Feb 17 03:27:31.221885 2026] [php:error] [pid 83926] [client 31.171.130.141:0] script '/domains/hpveweb/mah.php' not found or unable to stat
[Tue Feb 17 03:27:31.247085 2026] [php:error] [pid 83974] [client 20.111.44.121:0] script '/domains/astrosfm/xz89.php' not found or unable to stat
[Tue Feb 17 03:27:31.430885 2026] [php:error] [pid 83974] [client 20.111.44.121:0] script '/domains/astrosfm/updates.php' not found or unable to stat
[Tue Feb 17 03:27:31.518014 2026] [php:error] [pid 83974] [client 20.111.44.121:0] script '/domains/astrosfm/vxnxvgfw.php' not found or unable to stat
[Tue Feb 17 03:27:31.520791 2026] [php:error] [pid 83926] [client 31.171.130.141:0] script '/domains/hpveweb/wp-add.php' not found or unable to stat
[Tue Feb 17 03:27:31.692994 2026] [php:error] [pid 83974] [client 20.111.44.121:0] script '/domains/astrosfm/mapi.php' not found or unable to stat
[Tue Feb 17 03:27:31.778454 2026] [php:error] [pid 83974] [client 20.111.44.121:0] script '/domains/astrosfm/f2r4.php' not found or unable to stat
[Tue Feb 17 03:27:31.863787 2026] [php:error] [pid 83974] [client 20.111.44.121:0] script '/domains/astrosfm/item.php' not found or unable to stat
[Tue Feb 17 03:27:32.153728 2026] [php:error] [pid 83974] [client 20.111.44.121:0] script '/domains/astrosfm/xse25.php' not found or unable to stat
[Tue Feb 17 03:27:32.239200 2026] [php:error] [pid 83974] [client 20.111.44.121:0] script '/domains/astrosfm/sf9.php' not found or unable to stat
[Tue Feb 17 03:27:32.516439 2026] [php:error] [pid 83974] [client 20.111.44.121:0] script '/domains/astrosfm/5b9ac.php' not found or unable to stat
[Tue Feb 17 03:27:32.755095 2026] [php:error] [pid 83974] [client 20.111.44.121:0] script '/domains/astrosfm/bolt.php' not found or unable to stat
[Tue Feb 17 03:27:32.819744 2026] [php:error] [pid 83926] [client 31.171.130.141:0] script '/domains/hpveweb/403.php' not found or unable to stat
[Tue Feb 17 03:27:32.888078 2026] [php:error] [pid 83974] [client 20.111.44.121:0] script '/domains/astrosfm/dump.php' not found or unable to stat
[Tue Feb 17 03:27:33.100187 2026] [php:error] [pid 83974] [client 20.111.44.121:0] script '/domains/astrosfm/xx.php' not found or unable to stat
[Tue Feb 17 03:27:33.185598 2026] [php:error] [pid 83974] [client 20.111.44.121:0] script '/domains/astrosfm/Okxob.php' not found or unable to stat
[Tue Feb 17 03:27:33.271522 2026] [php:error] [pid 83974] [client 20.111.44.121:0] script '/domains/astrosfm/a.php' not found or unable to stat
[Tue Feb 17 03:27:33.532218 2026] [php:error] [pid 83974] [client 20.111.44.121:0] script '/domains/astrosfm/vx.php' not found or unable to stat
[Tue Feb 17 03:27:33.617934 2026] [php:error] [pid 83974] [client 20.111.44.121:0] script '/domains/astrosfm/lock360.php' not found or unable to stat
[Tue Feb 17 03:27:33.713194 2026] [php:error] [pid 83974] [client 20.111.44.121:0] script '/domains/astrosfm/np.php' not found or unable to stat
[Tue Feb 17 03:27:33.798779 2026] [php:error] [pid 83974] [client 20.111.44.121:0] script '/domains/astrosfm/tx1.php' not found or unable to stat
[Tue Feb 17 03:27:33.935255 2026] [php:error] [pid 83974] [client 20.111.44.121:0] script '/domains/astrosfm/bs.php' not found or unable to stat
[Tue Feb 17 03:27:34.715521 2026] [php:error] [pid 83926] [client 31.171.130.141:0] script '/domains/hpveweb/text.php' not found or unable to stat
[Tue Feb 17 03:27:35.000717 2026] [php:error] [pid 83926] [client 31.171.130.141:0] script '/domains/hpveweb/xc.php' not found or unable to stat
[Tue Feb 17 03:27:35.099622 2026] [php:error] [pid 83975] [client 194.61.40.132:0] script '/domains/schellin/images.php' not found or unable to stat
[Tue Feb 17 03:27:35.576111 2026] [core:crit] [pid 83969] (13)Permission denied: [client 114.119.152.33:0] AH00529: /domains/performancepartsinc/graphics/psd/.htaccess pcfg_openfile: unable to check htaccess file, ensure it is readable and that '/domains/performancepartsinc/graphics/psd/' is executable
[Tue Feb 17 03:27:35.791376 2026] [php:error] [pid 83975] [client 194.61.40.132:0] script '/domains/schellin/wp-aespa.php' not found or unable to stat
[Tue Feb 17 03:27:36.783107 2026] [php:error] [pid 83975] [client 194.61.40.132:0] script '/domains/schellin/cgi-bin/install.php' not found or unable to stat
[Tue Feb 17 03:27:37.407027 2026] [php:error] [pid 83926] [client 31.171.130.141:0] script '/domains/hpveweb/go.php' not found or unable to stat
[Tue Feb 17 03:27:38.006836 2026] [php:error] [pid 83926] [client 31.171.130.141:0] script '/domains/hpveweb/byp.php' not found or unable to stat
[Tue Feb 17 03:27:40.131459 2026] [php:error] [pid 83926] [client 31.171.130.141:0] script '/domains/hpveweb/click.php' not found or unable to stat
[Tue Feb 17 03:27:41.413521 2026] [php:error] [pid 83926] [client 31.171.130.141:0] script '/domains/hpveweb/baxa1.php' not found or unable to stat
[Tue Feb 17 03:27:42.044621 2026] [php:error] [pid 83926] [client 31.171.130.141:0] script '/domains/hpveweb/in.php' not found or unable to stat
[Tue Feb 17 03:27:42.431308 2026] [php:error] [pid 83926] [client 31.171.130.141:0] script '/domains/hpveweb/geju.php' not found or unable to stat
[Tue Feb 17 03:27:43.193265 2026] [php:error] [pid 83926] [client 31.171.130.141:0] script '/domains/hpveweb/wp-signup.php' not found or unable to stat
[Tue Feb 17 03:27:43.501409 2026] [php:error] [pid 83926] [client 31.171.130.141:0] script '/domains/hpveweb/elp.php' not found or unable to stat
[Tue Feb 17 03:27:44.496526 2026] [php:error] [pid 83926] [client 31.171.130.141:0] script '/domains/hpveweb/chosen-667.php' not found or unable to stat
[Tue Feb 17 03:27:44.802231 2026] [php:error] [pid 83926] [client 31.171.130.141:0] script '/domains/hpveweb/network.php' not found or unable to stat
[Tue Feb 17 03:27:45.201718 2026] [php:error] [pid 83977] [client 194.61.40.109:0] script '/domains/schellin/wp-l0gin.php' not found or unable to stat
[Tue Feb 17 03:27:45.810087 2026] [php:error] [pid 83974] [client 31.171.130.112:0] script '/domains/hpveweb/wp-mail.php' not found or unable to stat
[Tue Feb 17 03:27:46.401445 2026] [php:error] [pid 83974] [client 31.171.130.112:0] script '/domains/hpveweb/yanz.php' not found or unable to stat
[Tue Feb 17 03:27:49.398293 2026] [php:error] [pid 83977] [client 194.61.40.109:0] script '/domains/schellin/wp-conflg.php' not found or unable to stat
[Tue Feb 17 03:27:50.994157 2026] [php:error] [pid 83965] [client 31.171.130.158:0] script '/domains/hpveweb/tiny.php' not found or unable to stat
[Tue Feb 17 03:27:51.309100 2026] [php:error] [pid 83965] [client 31.171.130.158:0] script '/domains/hpveweb/edit.php' not found or unable to stat
[Tue Feb 17 03:27:51.677163 2026] [php:error] [pid 83965] [client 31.171.130.158:0] script '/domains/hpveweb/first.php' not found or unable to stat
[Tue Feb 17 03:27:52.205508 2026] [php:error] [pid 83977] [client 194.61.40.109:0] script '/domains/schellin/images/worksec.php' not found or unable to stat
[Tue Feb 17 03:27:52.700824 2026] [php:error] [pid 83977] [client 194.61.40.109:0] script '/domains/schellin/images/rest.php' not found or unable to stat
[Tue Feb 17 03:27:54.389274 2026] [php:error] [pid 83965] [client 31.171.130.158:0] script '/domains/hpveweb/bs1.php' not found or unable to stat
[Tue Feb 17 03:27:55.619207 2026] [php:error] [pid 83965] [client 31.171.130.158:0] script '/domains/hpveweb/cron.php' not found or unable to stat
[Tue Feb 17 03:27:56.233129 2026] [php:error] [pid 83965] [client 31.171.130.158:0] script '/domains/hpveweb/db.php' not found or unable to stat
[Tue Feb 17 03:27:56.532703 2026] [php:error] [pid 83965] [client 31.171.130.158:0] script '/domains/hpveweb/fm.php' not found or unable to stat
[Tue Feb 17 03:27:57.432143 2026] [php:error] [pid 83965] [client 31.171.130.158:0] script '/domains/hpveweb/a.php' not found or unable to stat
[Tue Feb 17 03:27:58.428485 2026] [php:error] [pid 83965] [client 31.171.130.158:0] script '/domains/hpveweb/chosen.php' not found or unable to stat
[Tue Feb 17 03:27:58.813184 2026] [php:error] [pid 83977] [client 194.61.40.120:0] script '/domains/schellin/0x.php' not found or unable to stat
[Tue Feb 17 03:27:59.117533 2026] [php:error] [pid 83965] [client 31.171.130.158:0] script '/domains/hpveweb/back.php' not found or unable to stat
[Tue Feb 17 03:28:00.611803 2026] [php:error] [pid 83977] [client 194.61.40.120:0] script '/domains/schellin/wpn.php' not found or unable to stat
[Tue Feb 17 03:28:01.011018 2026] [php:error] [pid 83977] [client 194.61.40.120:0] script '/domains/schellin/cloud.php' not found or unable to stat
[Tue Feb 17 03:28:01.121376 2026] [php:error] [pid 83965] [client 31.171.130.158:0] script '/domains/hpveweb/new.php' not found or unable to stat
[Tue Feb 17 03:28:01.501887 2026] [php:error] [pid 83977] [client 194.61.40.120:0] script '/domains/schellin/upload.php' not found or unable to stat
[Tue Feb 17 03:28:01.991544 2026] [php:error] [pid 83977] [client 194.61.40.120:0] script '/domains/schellin/init.php' not found or unable to stat
[Tue Feb 17 03:28:02.502766 2026] [php:error] [pid 83965] [client 31.171.130.158:0] script '/domains/hpveweb/phpfm3.php' not found or unable to stat
[Tue Feb 17 03:28:02.907447 2026] [php:error] [pid 83977] [client 194.61.40.120:0] script '/domains/schellin/wp-blog.php' not found or unable to stat
[Tue Feb 17 03:28:03.825177 2026] [php:error] [pid 83965] [client 31.171.130.158:0] script '/domains/hpveweb/post.php' not found or unable to stat
[Tue Feb 17 03:28:05.034775 2026] [php:error] [pid 83977] [client 194.61.40.120:0] script '/domains/schellin/payout.php' not found or unable to stat
[Tue Feb 17 03:28:05.512572 2026] [php:error] [pid 83977] [client 194.61.40.120:0] script '/domains/schellin/lock360.php' not found or unable to stat
[Tue Feb 17 03:28:05.903056 2026] [php:error] [pid 83977] [client 194.61.40.120:0] script '/domains/schellin/x.php' not found or unable to stat
[Tue Feb 17 03:28:06.604220 2026] [php:error] [pid 83977] [client 194.61.40.120:0] script '/domains/schellin/wp_info.php' not found or unable to stat
[Tue Feb 17 03:28:06.693827 2026] [php:error] [pid 83965] [client 31.171.130.158:0] script '/domains/hpveweb/randkeyword.php' not found or unable to stat
[Tue Feb 17 03:28:07.587146 2026] [php:error] [pid 83977] [client 194.61.40.120:0] script '/domains/schellin/xml.php' not found or unable to stat
[Tue Feb 17 03:28:07.700736 2026] [php:error] [pid 83965] [client 31.171.130.158:0] script '/domains/hpveweb/xxx.php' not found or unable to stat
[Tue Feb 17 03:28:08.092711 2026] [php:error] [pid 83977] [client 194.61.40.120:0] script '/domains/schellin/by.php' not found or unable to stat
[Tue Feb 17 03:28:08.410579 2026] [php:error] [pid 83965] [client 31.171.130.158:0] script '/domains/hpveweb/lv.php' not found or unable to stat
[Tue Feb 17 03:28:08.719091 2026] [php:error] [pid 83965] [client 31.171.130.158:0] script '/domains/hpveweb/zip.php' not found or unable to stat
[Tue Feb 17 03:28:13.009782 2026] [php:error] [pid 83977] [client 194.61.40.120:0] script '/domains/schellin/default.php' not found or unable to stat
[Tue Feb 17 03:28:13.192163 2026] [php:error] [pid 83965] [client 31.171.130.158:0] script '/domains/hpveweb/wp-cron.php' not found or unable to stat
[Tue Feb 17 03:28:13.505516 2026] [php:error] [pid 83977] [client 194.61.40.120:0] script '/domains/schellin/fox.php' not found or unable to stat
[Tue Feb 17 03:28:14.087293 2026] [php:error] [pid 83977] [client 194.61.40.120:0] script '/domains/schellin/google.php' not found or unable to stat
[Tue Feb 17 03:28:14.185836 2026] [php:error] [pid 83965] [client 31.171.130.158:0] script '/domains/hpveweb/jp.php' not found or unable to stat
[Tue Feb 17 03:28:14.524219 2026] [php:error] [pid 83965] [client 31.171.130.158:0] script '/domains/hpveweb/rcc.php' not found or unable to stat
[Tue Feb 17 03:28:14.891883 2026] [php:error] [pid 83977] [client 194.61.40.120:0] script '/domains/schellin/ovatools.php' not found or unable to stat
[Tue Feb 17 03:28:15.236677 2026] [php:error] [pid 83965] [client 31.171.130.158:0] script '/domains/hpveweb/class.api.php' not found or unable to stat
[Tue Feb 17 03:28:15.511413 2026] [php:error] [pid 83977] [client 194.61.40.120:0] script '/domains/schellin/sidwso.php' not found or unable to stat
[Tue Feb 17 03:28:15.541886 2026] [php:error] [pid 83965] [client 31.171.130.158:0] script '/domains/hpveweb/layout.php' not found or unable to stat
[Tue Feb 17 03:28:15.940189 2026] [php:error] [pid 83977] [client 194.61.40.120:0] script '/domains/schellin/worksec.php' not found or unable to stat
[Tue Feb 17 03:28:16.223870 2026] [php:error] [pid 83965] [client 31.171.130.158:0] script '/domains/hpveweb/history.php' not found or unable to stat
[Tue Feb 17 03:28:17.537408 2026] [php:error] [pid 83965] [client 31.171.130.158:0] script '/domains/hpveweb/images/about.php' not found or unable to stat
[Tue Feb 17 03:28:19.218666 2026] [php:error] [pid 83965] [client 31.171.130.158:0] script '/domains/hpveweb/about.php' not found or unable to stat
[Tue Feb 17 03:28:19.484438 2026] [php:error] [pid 83977] [client 194.61.40.120:0] script '/domains/schellin/Simple.php' not found or unable to stat
[Tue Feb 17 03:28:19.912401 2026] [php:error] [pid 83977] [client 194.61.40.120:0] script '/domains/schellin/wp-blog-header.php' not found or unable to stat
[Tue Feb 17 03:28:20.107241 2026] [php:error] [pid 83965] [client 31.171.130.158:0] script '/domains/hpveweb/cong.php' not found or unable to stat
[Tue Feb 17 03:28:20.413616 2026] [php:error] [pid 83977] [client 194.61.40.120:0] script '/domains/schellin/style2.php' not found or unable to stat
[Tue Feb 17 03:28:20.899453 2026] [php:error] [pid 83977] [client 194.61.40.120:0] script '/domains/schellin/wp-scripts.php' not found or unable to stat
[Tue Feb 17 03:28:21.392761 2026] [php:error] [pid 83977] [client 194.61.40.120:0] script '/domains/schellin/adminfuns.php' not found or unable to stat
[Tue Feb 17 03:28:21.806010 2026] [php:error] [pid 83977] [client 194.61.40.120:0] script '/domains/schellin/cjfuns.php' not found or unable to stat
[Tue Feb 17 03:28:22.023890 2026] [php:error] [pid 83965] [client 31.171.130.158:0] script '/domains/hpveweb/wp-links.php' not found or unable to stat
[Tue Feb 17 03:28:22.219651 2026] [php:error] [pid 83977] [client 194.61.40.120:0] script '/domains/schellin/comfunctions.php' not found or unable to stat
[Tue Feb 17 03:28:22.605386 2026] [php:error] [pid 83977] [client 194.61.40.120:0] script '/domains/schellin/delpaths.php' not found or unable to stat
[Tue Feb 17 03:28:23.026087 2026] [php:error] [pid 83977] [client 194.61.40.120:0] script '/domains/schellin/epinyins.php' not found or unable to stat
[Tue Feb 17 03:28:23.026085 2026] [php:error] [pid 83926] [client 31.171.130.156:0] script '/domains/hpveweb/makeasmtp.php' not found or unable to stat
[Tue Feb 17 03:28:23.411296 2026] [php:error] [pid 83977] [client 194.61.40.120:0] script '/domains/schellin/filefuns.php' not found or unable to stat
[Tue Feb 17 03:28:23.799947 2026] [php:error] [pid 83977] [client 194.61.40.120:0] script '/domains/schellin/hinfofuns.php' not found or unable to stat
[Tue Feb 17 03:28:24.287103 2026] [php:error] [pid 83977] [client 194.61.40.120:0] script '/domains/schellin/qfunctions.php' not found or unable to stat
[Tue Feb 17 03:28:24.377309 2026] [php:error] [pid 83926] [client 31.171.130.156:0] script '/domains/hpveweb/login.php' not found or unable to stat
[Tue Feb 17 03:28:24.707248 2026] [php:error] [pid 83977] [client 194.61.40.120:0] script '/domains/schellin/qinfofuns.php' not found or unable to stat
[Tue Feb 17 03:28:25.198193 2026] [php:error] [pid 83977] [client 194.61.40.120:0] script '/domains/schellin/thoms.php' not found or unable to stat
[Tue Feb 17 03:28:25.650635 2026] [php:error] [pid 83977] [client 194.61.40.120:0] script '/domains/schellin/postnews.php' not found or unable to stat
[Tue Feb 17 03:28:26.005182 2026] [php:error] [pid 83977] [client 194.61.40.120:0] script '/domains/schellin/admin-ajax.php' not found or unable to stat
[Tue Feb 17 03:28:26.696470 2026] [php:error] [pid 83977] [client 194.61.40.120:0] script '/domains/schellin/link.php' not found or unable to stat
[Tue Feb 17 03:28:27.108256 2026] [php:error] [pid 83977] [client 194.61.40.120:0] script '/domains/schellin/ms-themes.php' not found or unable to stat
[Tue Feb 17 03:28:27.509504 2026] [php:error] [pid 83977] [client 194.61.40.120:0] script '/domains/schellin/my-sites.php' not found or unable to stat
[Tue Feb 17 03:28:27.786296 2026] [php:error] [pid 83926] [client 31.171.130.156:0] script '/domains/hpveweb/wander.php' not found or unable to stat
[Tue Feb 17 03:28:27.955188 2026] [php:error] [pid 83977] [client 194.61.40.120:0] script '/domains/schellin/media.php' not found or unable to stat
[Tue Feb 17 03:28:28.519528 2026] [php:error] [pid 83977] [client 194.61.40.120:0] script '/domains/schellin/nav-menus.php' not found or unable to stat
[Tue Feb 17 03:28:28.722321 2026] [php:error] [pid 83926] [client 31.171.130.156:0] script '/domains/hpveweb/wp-config-sample.php' not found or unable to stat
[Tue Feb 17 03:28:28.900231 2026] [php:error] [pid 83977] [client 194.61.40.120:0] script '/domains/schellin/menu.php' not found or unable to stat
[Tue Feb 17 03:28:29.999741 2026] [php:error] [pid 83977] [client 194.61.40.120:0] script '/domains/schellin/options-head.php' not found or unable to stat
[Tue Feb 17 03:28:30.336627 2026] [php:error] [pid 83926] [client 31.171.130.156:0] script '/domains/hpveweb/images/autoload_classmap.php' not found or unable to stat
[Tue Feb 17 03:28:30.528544 2026] [php:error] [pid 83977] [client 194.61.40.120:0] script '/domains/schellin/revision.php' not found or unable to stat
[Tue Feb 17 03:28:30.711265 2026] [php:error] [pid 83926] [client 31.171.130.156:0] script '/domains/hpveweb/manager.php' not found or unable to stat
[Tue Feb 17 03:28:31.187438 2026] [php:error] [pid 83977] [client 194.61.40.120:0] script '/domains/schellin/widgets.php' not found or unable to stat
[Tue Feb 17 03:28:31.610941 2026] [php:error] [pid 83926] [client 31.171.130.156:0] script '/domains/hpveweb/users.php' not found or unable to stat
[Tue Feb 17 03:28:31.612099 2026] [php:error] [pid 83977] [client 194.61.40.120:0] script '/domains/schellin/term.php' not found or unable to stat
[Tue Feb 17 03:28:32.106753 2026] [php:error] [pid 83977] [client 194.61.40.120:0] script '/domains/schellin/system_log.php' not found or unable to stat
[Tue Feb 17 03:28:32.627415 2026] [php:error] [pid 83926] [client 31.171.130.156:0] script '/domains/hpveweb/sim.php' not found or unable to stat
[Tue Feb 17 03:28:33.611597 2026] [php:error] [pid 83984] [client 194.61.40.125:0] script '/domains/schellin/moded.php' not found or unable to stat
[Tue Feb 17 03:28:33.979687 2026] [php:error] [pid 83926] [client 31.171.130.156:0] script '/domains/hpveweb/function.php' not found or unable to stat
[Tue Feb 17 03:28:35.314624 2026] [php:error] [pid 83984] [client 194.61.40.125:0] script '/domains/schellin/upgrade.php' not found or unable to stat
[Tue Feb 17 03:28:35.894242 2026] [php:error] [pid 83984] [client 194.61.40.125:0] script '/domains/schellin/gh.php' not found or unable to stat
[Tue Feb 17 03:28:36.317447 2026] [php:error] [pid 83984] [client 194.61.40.125:0] script '/domains/schellin/version.php' not found or unable to stat
[Tue Feb 17 03:28:36.819696 2026] [php:error] [pid 83984] [client 194.61.40.125:0] script '/domains/schellin/head.php' not found or unable to stat
[Tue Feb 17 03:28:37.300138 2026] [php:error] [pid 83984] [client 194.61.40.125:0] script '/domains/schellin/index1.php' not found or unable to stat
[Tue Feb 17 03:28:37.884678 2026] [php:error] [pid 83984] [client 194.61.40.125:0] script '/domains/schellin/theme-insqbzk.php' not found or unable to stat
[Tue Feb 17 03:28:38.595593 2026] [php:error] [pid 83984] [client 194.61.40.125:0] script '/domains/schellin/good.php' not found or unable to stat
[Tue Feb 17 03:28:39.101877 2026] [php:error] [pid 83984] [client 194.61.40.125:0] script '/domains/schellin/main.php' not found or unable to stat
[Tue Feb 17 03:28:40.034980 2026] [php:error] [pid 83926] [client 31.171.130.156:0] script '/domains/hpveweb/wp-mail.php' not found or unable to stat
[Tue Feb 17 03:28:40.092654 2026] [php:error] [pid 83984] [client 194.61.40.125:0] script '/domains/schellin/wsoyanz.php' not found or unable to stat
[Tue Feb 17 03:28:41.513065 2026] [php:error] [pid 83926] [client 31.171.130.156:0] script '/domains/hpveweb/admin-post.php' not found or unable to stat
[Tue Feb 17 03:28:41.813019 2026] [php:error] [pid 83926] [client 31.171.130.156:0] script '/domains/hpveweb/conf_upload.php' not found or unable to stat
[Tue Feb 17 03:28:42.704000 2026] [php:error] [pid 83984] [client 194.61.40.125:0] script '/domains/schellin/alfa-rex.php' not found or unable to stat
[Tue Feb 17 03:28:43.515807 2026] [php:error] [pid 83926] [client 31.171.130.156:0] script '/domains/hpveweb/wp-configs.php' not found or unable to stat
[Tue Feb 17 03:28:43.589837 2026] [php:error] [pid 83984] [client 194.61.40.125:0] script '/domains/schellin/cgi-bin/cloud.php' not found or unable to stat
[Tue Feb 17 03:28:45.122225 2026] [php:error] [pid 83979] [client 31.171.130.112:0] script '/domains/hpveweb/f35.php' not found or unable to stat
[Tue Feb 17 03:28:46.326211 2026] [php:error] [pid 83979] [client 31.171.130.112:0] script '/domains/hpveweb/edit.php' not found or unable to stat
[Tue Feb 17 03:28:47.393363 2026] [php:error] [pid 83979] [client 31.171.130.112:0] script '/domains/hpveweb/files.php' not found or unable to stat
[Tue Feb 17 03:28:47.726066 2026] [php:error] [pid 83979] [client 31.171.130.112:0] script '/domains/hpveweb/webadmin.php' not found or unable to stat
[Tue Feb 17 03:28:48.725292 2026] [php:error] [pid 83979] [client 31.171.130.112:0] script '/domains/hpveweb/wsa.php' not found or unable to stat
[Tue Feb 17 03:28:49.027076 2026] [php:error] [pid 83979] [client 31.171.130.112:0] script '/domains/hpveweb/tinyfilemanager.php' not found or unable to stat
[Tue Feb 17 03:28:50.421311 2026] [php:error] [pid 83979] [client 31.171.130.112:0] script '/domains/hpveweb/woh.php' not found or unable to stat
[Tue Feb 17 03:28:51.398204 2026] [php:error] [pid 83979] [client 31.171.130.112:0] script '/domains/hpveweb/bless.php' not found or unable to stat
[Tue Feb 17 03:28:51.727608 2026] [php:error] [pid 83979] [client 31.171.130.112:0] script '/domains/hpveweb/wp-trackback.php' not found or unable to stat
[Tue Feb 17 03:28:52.006473 2026] [php:error] [pid 83984] [client 194.61.40.125:0] script '/domains/schellin/cache-compat.php' not found or unable to stat
[Tue Feb 17 03:28:52.015731 2026] [php:error] [pid 83979] [client 31.171.130.112:0] script '/domains/hpveweb/info.php' not found or unable to stat
[Tue Feb 17 03:28:52.589506 2026] [php:error] [pid 83984] [client 194.61.40.125:0] script '/domains/schellin/ajax-actions.php' not found or unable to stat
[Tue Feb 17 03:28:53.182970 2026] [php:error] [pid 83979] [client 31.171.130.112:0] script '/domains/hpveweb/buy.php' not found or unable to stat
[Tue Feb 17 03:28:53.497367 2026] [php:error] [pid 83984] [client 194.61.40.125:0] script '/domains/schellin/wp-consar.php' not found or unable to stat
[Tue Feb 17 03:28:53.808560 2026] [php:error] [pid 83979] [client 31.171.130.112:0] script '/domains/hpveweb/readme.php' not found or unable to stat
[Tue Feb 17 03:28:54.120880 2026] [php:error] [pid 83979] [client 31.171.130.112:0] script '/domains/hpveweb/sck.php' not found or unable to stat
[Tue Feb 17 03:28:54.496836 2026] [php:error] [pid 83979] [client 31.171.130.112:0] script '/domains/hpveweb/fm.php' not found or unable to stat
[Tue Feb 17 03:28:55.117108 2026] [php:error] [pid 83979] [client 31.171.130.112:0] script '/domains/hpveweb/packed.php' not found or unable to stat
[Tue Feb 17 03:28:55.410762 2026] [php:error] [pid 83979] [client 31.171.130.112:0] script '/domains/hpveweb/about.php' not found or unable to stat
[Tue Feb 17 03:28:56.793997 2026] [php:error] [pid 83979] [client 31.171.130.112:0] script '/domains/hpveweb/plugin.php' not found or unable to stat
[Tue Feb 17 03:28:57.726089 2026] [php:error] [pid 83926] [client 52.169.217.234:0] script '/domains/machinadynamica/pass4.php' not found or unable to stat
[Tue Feb 17 03:28:57.798639 2026] [php:error] [pid 83926] [client 52.169.217.234:0] script '/domains/machinadynamica/term.php' not found or unable to stat
[Tue Feb 17 03:28:57.872034 2026] [php:error] [pid 83926] [client 52.169.217.234:0] script '/domains/machinadynamica/lp6.php' not found or unable to stat
[Tue Feb 17 03:28:57.945325 2026] [php:error] [pid 83926] [client 52.169.217.234:0] script '/domains/machinadynamica/we.php' not found or unable to stat
[Tue Feb 17 03:28:58.017919 2026] [php:error] [pid 83926] [client 52.169.217.234:0] script '/domains/machinadynamica/asax.php' not found or unable to stat
[Tue Feb 17 03:28:58.090845 2026] [php:error] [pid 83926] [client 52.169.217.234:0] script '/domains/machinadynamica/co.php' not found or unable to stat
[Tue Feb 17 03:28:58.094273 2026] [php:error] [pid 83984] [client 194.61.40.125:0] script '/domains/schellin/cgi-bin/mariju.php' not found or unable to stat
[Tue Feb 17 03:28:58.111020 2026] [php:error] [pid 83979] [client 31.171.130.112:0] script '/domains/hpveweb/chosen.php' not found or unable to stat
[Tue Feb 17 03:28:58.164440 2026] [php:error] [pid 83926] [client 52.169.217.234:0] script '/domains/machinadynamica/wp-k3w6g9s4h2.php' not found or unable to stat
[Tue Feb 17 03:28:58.237420 2026] [php:error] [pid 83926] [client 52.169.217.234:0] script '/domains/machinadynamica/ahax.php' not found or unable to stat
[Tue Feb 17 03:28:58.310112 2026] [php:error] [pid 83926] [client 52.169.217.234:0] script '/domains/machinadynamica/Okxob.php' not found or unable to stat
[Tue Feb 17 03:28:58.382824 2026] [php:error] [pid 83926] [client 52.169.217.234:0] script '/domains/machinadynamica/acfdr.php' not found or unable to stat
[Tue Feb 17 03:28:58.427730 2026] [php:error] [pid 83979] [client 31.171.130.112:0] script '/domains/hpveweb/load.php' not found or unable to stat
[Tue Feb 17 03:28:58.455939 2026] [php:error] [pid 83926] [client 52.169.217.234:0] script '/domains/machinadynamica/init.php' not found or unable to stat
[Tue Feb 17 03:28:58.528793 2026] [php:error] [pid 83926] [client 52.169.217.234:0] script '/domains/machinadynamica/themes.php' not found or unable to stat
[Tue Feb 17 03:28:58.602742 2026] [php:error] [pid 83926] [client 52.169.217.234:0] script '/domains/machinadynamica/ff.php' not found or unable to stat
[Tue Feb 17 03:28:58.675302 2026] [php:error] [pid 83926] [client 52.169.217.234:0] script '/domains/machinadynamica/ak.php' not found or unable to stat
[Tue Feb 17 03:28:58.748171 2026] [php:error] [pid 83926] [client 52.169.217.234:0] script '/domains/machinadynamica/bjfl.php' not found or unable to stat
[Tue Feb 17 03:28:58.820856 2026] [php:error] [pid 83926] [client 52.169.217.234:0] script '/domains/machinadynamica/vx.php' not found or unable to stat
[Tue Feb 17 03:28:58.893601 2026] [php:error] [pid 83926] [client 52.169.217.234:0] script '/domains/machinadynamica/jga.php' not found or unable to stat
[Tue Feb 17 03:28:58.966217 2026] [php:error] [pid 83926] [client 52.169.217.234:0] script '/domains/machinadynamica/a4.php' not found or unable to stat
[Tue Feb 17 03:28:59.011997 2026] [php:error] [pid 83984] [client 194.61.40.125:0] script '/domains/schellin/sx.php' not found or unable to stat
[Tue Feb 17 03:28:59.093640 2026] [php:error] [pid 83979] [client 31.171.130.112:0] script '/domains/hpveweb/edit-tags.php' not found or unable to stat
[Tue Feb 17 03:28:59.111540 2026] [php:error] [pid 83926] [client 52.169.217.234:0] script '/domains/machinadynamica/inege.php' not found or unable to stat
[Tue Feb 17 03:29:00.101927 2026] [php:error] [pid 83979] [client 31.171.130.112:0] script '/domains/hpveweb/autoload_classmap.php' not found or unable to stat
[Tue Feb 17 03:29:00.408162 2026] [php:error] [pid 83979] [client 31.171.130.112:0] script '/domains/hpveweb/lock.php' not found or unable to stat
[Tue Feb 17 03:29:01.921554 2026] [php:error] [pid 83984] [client 194.61.40.125:0] script '/domains/schellin/images/wp-login.php' not found or unable to stat
[Tue Feb 17 03:29:02.499349 2026] [php:error] [pid 83984] [client 194.61.40.125:0] script '/domains/schellin/web.php' not found or unable to stat
[Tue Feb 17 03:29:02.848090 2026] [php:error] [pid 83986] [client 31.171.130.130:0] script '/domains/hpveweb/product.php' not found or unable to stat
[Tue Feb 17 03:29:04.413473 2026] [php:error] [pid 83984] [client 194.61.40.125:0] script '/domains/schellin/wp-uploads-config.php' not found or unable to stat
[Tue Feb 17 03:29:04.823933 2026] [php:error] [pid 83979] [client 31.171.130.144:0] script '/domains/hpveweb/base.php' not found or unable to stat
[Tue Feb 17 03:29:05.615547 2026] [php:error] [pid 83979] [client 31.171.130.144:0] script '/domains/hpveweb/zero.php' not found or unable to stat
[Tue Feb 17 03:29:06.616875 2026] [php:error] [pid 83979] [client 31.171.130.144:0] script '/domains/hpveweb/style.php' not found or unable to stat
[Tue Feb 17 03:29:06.926168 2026] [php:error] [pid 83979] [client 31.171.130.144:0] script '/domains/hpveweb/db.php' not found or unable to stat
[Tue Feb 17 03:29:08.627035 2026] [php:error] [pid 83986] [client 31.171.130.141:0] script '/domains/hpveweb/wp-set.php' not found or unable to stat
[Tue Feb 17 03:29:08.927075 2026] [php:error] [pid 83986] [client 31.171.130.141:0] script '/domains/hpveweb/file.php' not found or unable to stat
[Tue Feb 17 03:29:08.999584 2026] [php:error] [pid 83987] [client 194.61.40.161:0] script '/domains/schellin/upload.php' not found or unable to stat
[Tue Feb 17 03:29:09.798833 2026] [php:error] [pid 83987] [client 194.61.40.161:0] script '/domains/schellin/indeex.php' not found or unable to stat
[Tue Feb 17 03:29:10.289918 2026] [php:error] [pid 83987] [client 194.61.40.161:0] script '/domains/schellin/dropdown.php' not found or unable to stat
[Tue Feb 17 03:29:12.201705 2026] [php:error] [pid 83987] [client 194.61.40.161:0] script '/domains/schellin/bs.php' not found or unable to stat
[Tue Feb 17 03:29:13.391331 2026] [php:error] [pid 83987] [client 194.61.40.161:0] script '/domains/schellin/credits.php' not found or unable to stat
[Tue Feb 17 03:29:13.899879 2026] [php:error] [pid 83987] [client 194.61.40.161:0] script '/domains/schellin/edit-comments.php' not found or unable to stat
[Tue Feb 17 03:29:14.496495 2026] [php:error] [pid 83987] [client 194.61.40.161:0] script '/domains/schellin/checkbox.php' not found or unable to stat
[Tue Feb 17 03:29:14.540140 2026] [php:error] [pid 83984] [client 31.171.130.155:0] script '/domains/hpveweb/moon.php' not found or unable to stat
[Tue Feb 17 03:29:14.895332 2026] [php:error] [pid 83987] [client 194.61.40.161:0] script '/domains/schellin/export.php' not found or unable to stat
[Tue Feb 17 03:29:15.392644 2026] [php:error] [pid 83987] [client 194.61.40.161:0] script '/domains/schellin/input.php' not found or unable to stat
[Tue Feb 17 03:29:15.801039 2026] [php:error] [pid 83987] [client 194.61.40.161:0] script '/domains/schellin/load-scripts.php' not found or unable to stat
[Tue Feb 17 03:29:16.287049 2026] [php:error] [pid 83987] [client 194.61.40.161:0] script '/domains/schellin/load-styles.php' not found or unable to stat
[Tue Feb 17 03:29:16.895563 2026] [php:error] [pid 83987] [client 194.61.40.161:0] script '/domains/schellin/options-discussion.php' not found or unable to stat
[Tue Feb 17 03:29:17.210863 2026] [php:error] [pid 83984] [client 31.171.130.155:0] script '/domains/hpveweb/pages.php' not found or unable to stat
[Tue Feb 17 03:29:17.422776 2026] [php:error] [pid 83987] [client 194.61.40.161:0] script '/domains/schellin/options-general.php' not found or unable to stat
[Tue Feb 17 03:29:17.593107 2026] [php:error] [pid 83984] [client 31.171.130.155:0] script '/domains/hpveweb/bulk.php' not found or unable to stat
[Tue Feb 17 03:29:18.014511 2026] [php:error] [pid 83984] [client 31.171.130.155:0] script '/domains/hpveweb/kk.php' not found or unable to stat
[Tue Feb 17 03:29:18.493159 2026] [php:error] [pid 83987] [client 194.61.40.161:0] script '/domains/schellin/options-permalink.php' not found or unable to stat
[Tue Feb 17 03:29:18.702337 2026] [php:error] [pid 83984] [client 31.171.130.155:0] script '/domains/hpveweb/wp-logout.php' not found or unable to stat
[Tue Feb 17 03:29:19.007458 2026] [php:error] [pid 83987] [client 194.61.40.161:0] script '/domains/schellin/options-privacy.php' not found or unable to stat
[Tue Feb 17 03:29:19.515517 2026] [php:error] [pid 83987] [client 194.61.40.161:0] script '/domains/schellin/options-reading.php' not found or unable to stat
[Tue Feb 17 03:29:19.917065 2026] [php:error] [pid 83984] [client 31.171.130.155:0] script '/domains/hpveweb/classwithtostring.php' not found or unable to stat
[Tue Feb 17 03:29:20.113467 2026] [php:error] [pid 83987] [client 194.61.40.161:0] script '/domains/schellin/options-writing.php' not found or unable to stat
[Tue Feb 17 03:29:20.211262 2026] [php:error] [pid 83984] [client 31.171.130.155:0] script '/domains/hpveweb/wp-setup.php' not found or unable to stat
[Tue Feb 17 03:29:20.539908 2026] [php:error] [pid 83987] [client 194.61.40.161:0] script '/domains/schellin/post-new.php' not found or unable to stat
[Tue Feb 17 03:29:20.991589 2026] [php:error] [pid 83987] [client 194.61.40.161:0] script '/domains/schellin/privacy.php' not found or unable to stat
[Tue Feb 17 03:29:21.224948 2026] [php:error] [pid 83984] [client 31.171.130.155:0] script '/domains/hpveweb/wp-editor.php' not found or unable to stat
[Tue Feb 17 03:29:21.530226 2026] [php:error] [pid 83984] [client 31.171.130.155:0] script '/domains/hpveweb/wp-simple.php' not found or unable to stat
[Tue Feb 17 03:29:21.591706 2026] [php:error] [pid 83987] [client 194.61.40.161:0] script '/domains/schellin/profile.php' not found or unable to stat
[Tue Feb 17 03:29:22.100941 2026] [php:error] [pid 83987] [client 194.61.40.161:0] script '/domains/schellin/site-health.php' not found or unable to stat
[Tue Feb 17 03:29:22.601855 2026] [php:error] [pid 83987] [client 194.61.40.161:0] script '/domains/schellin/tools.php' not found or unable to stat
[Tue Feb 17 03:29:22.994078 2026] [php:error] [pid 83987] [client 194.61.40.161:0] script '/domains/schellin/update-core.php' not found or unable to stat
[Tue Feb 17 03:29:23.394605 2026] [php:error] [pid 83987] [client 194.61.40.161:0] script '/domains/schellin/user-edit.php' not found or unable to stat
[Tue Feb 17 03:29:23.805336 2026] [php:error] [pid 83987] [client 194.61.40.161:0] script '/domains/schellin/user-new.php' not found or unable to stat
[Tue Feb 17 03:29:24.084016 2026] [php:error] [pid 83984] [client 31.171.130.155:0] script '/domains/hpveweb/hehehehe.php' not found or unable to stat
[Tue Feb 17 03:29:24.388673 2026] [php:error] [pid 83987] [client 194.61.40.161:0] script '/domains/schellin/wp-cron.php' not found or unable to stat
[Tue Feb 17 03:29:24.803795 2026] [php:error] [pid 83987] [client 194.61.40.161:0] script '/domains/schellin/bar.php' not found or unable to stat
[Tue Feb 17 03:29:25.303835 2026] [php:error] [pid 83987] [client 194.61.40.161:0] script '/domains/schellin/samll.php' not found or unable to stat
[Tue Feb 17 03:29:25.803360 2026] [php:error] [pid 83987] [client 194.61.40.161:0] script '/domains/schellin/webdb.php' not found or unable to stat
[Tue Feb 17 03:29:26.316944 2026] [php:error] [pid 83987] [client 194.61.40.161:0] script '/domains/schellin/100.php' not found or unable to stat
[Tue Feb 17 03:29:26.904730 2026] [php:error] [pid 83987] [client 194.61.40.161:0] script '/domains/schellin/plugin-install.php' not found or unable to stat
[Tue Feb 17 03:29:26.990695 2026] [php:error] [pid 83984] [client 31.171.130.155:0] script '/domains/hpveweb/header.php' not found or unable to stat
[Tue Feb 17 03:29:27.314226 2026] [php:error] [pid 83987] [client 194.61.40.161:0] script '/domains/schellin/km.php' not found or unable to stat
[Tue Feb 17 03:29:27.339574 2026] [php:error] [pid 83984] [client 31.171.130.155:0] script '/domains/hpveweb/gecko.php' not found or unable to stat
[Tue Feb 17 03:29:27.791160 2026] [php:error] [pid 83987] [client 194.61.40.161:0] script '/domains/schellin/LA.php' not found or unable to stat
[Tue Feb 17 03:29:28.291908 2026] [php:error] [pid 83987] [client 194.61.40.161:0] script '/domains/schellin/wp-good.php' not found or unable to stat
[Tue Feb 17 03:29:28.601669 2026] [php:error] [pid 83984] [client 31.171.130.155:0] script '/domains/hpveweb/bk.php' not found or unable to stat
[Tue Feb 17 03:29:28.708130 2026] [php:error] [pid 83987] [client 194.61.40.161:0] script '/domains/schellin/wp-ldd.php' not found or unable to stat
[Tue Feb 17 03:29:29.206361 2026] [php:error] [pid 83987] [client 194.61.40.161:0] script '/domains/schellin/sgd.php' not found or unable to stat
[Tue Feb 17 03:29:29.622875 2026] [php:error] [pid 83987] [client 194.61.40.161:0] script '/domains/schellin/wzy.php' not found or unable to stat
[Tue Feb 17 03:29:31.697503 2026] [php:error] [pid 83987] [client 194.61.40.161:0] script '/domains/schellin/chosen.php' not found or unable to stat
[Tue Feb 17 03:29:32.341191 2026] [php:error] [pid 83988] [client 31.171.130.116:0] script '/domains/hpveweb/about.php' not found or unable to stat
[Tue Feb 17 03:29:32.603798 2026] [php:error] [pid 83987] [client 194.61.40.161:0] script '/domains/schellin/wp-signup.php' not found or unable to stat
[Tue Feb 17 03:29:32.630912 2026] [php:error] [pid 83988] [client 31.171.130.116:0] script '/domains/hpveweb/sym.php' not found or unable to stat
[Tue Feb 17 03:29:34.409769 2026] [php:error] [pid 83987] [client 194.61.40.161:0] script '/domains/schellin/class.php' not found or unable to stat
[Tue Feb 17 03:29:35.017418 2026] [php:error] [pid 83988] [client 31.171.130.116:0] script '/domains/hpveweb/sk.php' not found or unable to stat
[Tue Feb 17 03:29:35.290870 2026] [php:error] [pid 83987] [client 194.61.40.161:0] script '/domains/schellin/Njima.php' not found or unable to stat
[Tue Feb 17 03:29:37.012084 2026] [php:error] [pid 83984] [client 31.171.130.123:0] script '/domains/hpveweb/images/Marvins.php' not found or unable to stat
[Tue Feb 17 03:29:37.805931 2026] [php:error] [pid 83987] [client 194.61.40.161:0] script '/domains/schellin/FroggBaba.php' not found or unable to stat
[Tue Feb 17 03:29:38.085017 2026] [php:error] [pid 83984] [client 31.171.130.123:0] script '/domains/hpveweb/images/index.php' not found or unable to stat
[Tue Feb 17 03:29:39.607568 2026] [php:error] [pid 83987] [client 194.61.40.161:0] script '/domains/schellin/sts.php' not found or unable to stat
[Tue Feb 17 03:29:39.632339 2026] [php:error] [pid 83984] [client 31.171.130.123:0] script '/domains/hpveweb/sys.php' not found or unable to stat
[Tue Feb 17 03:29:40.594199 2026] [php:error] [pid 83984] [client 31.171.130.123:0] script '/domains/hpveweb/wp-user.php' not found or unable to stat
[Tue Feb 17 03:29:40.933738 2026] [php:error] [pid 83984] [client 31.171.130.123:0] script '/domains/hpveweb/customize.php' not found or unable to stat
[Tue Feb 17 03:29:43.004960 2026] [php:error] [pid 83987] [client 194.61.40.161:0] script '/domains/schellin/st.php' not found or unable to stat
[Tue Feb 17 03:29:43.015265 2026] [php:error] [pid 83995] [client 31.171.130.154:0] script '/domains/hpveweb/fm1.php' not found or unable to stat
[Tue Feb 17 03:29:43.394676 2026] [php:error] [pid 83987] [client 194.61.40.161:0] script '/domains/schellin/GA13.php' not found or unable to stat
[Tue Feb 17 03:29:43.920726 2026] [php:error] [pid 83995] [client 31.171.130.154:0] script '/domains/hpveweb/wp-settings.php' not found or unable to stat
[Tue Feb 17 03:29:44.524225 2026] [php:error] [pid 83995] [client 31.171.130.154:0] script '/domains/hpveweb/wp-file.php' not found or unable to stat
[Tue Feb 17 03:29:44.903884 2026] [php:error] [pid 83995] [client 31.171.130.154:0] script '/domains/hpveweb/wp-content.php' not found or unable to stat
[Tue Feb 17 03:29:45.508057 2026] [php:error] [pid 83995] [client 31.171.130.154:0] script '/domains/hpveweb/log.php' not found or unable to stat
[Tue Feb 17 03:29:46.124093 2026] [php:error] [pid 83995] [client 31.171.130.154:0] script '/domains/hpveweb/ioxi01.php' not found or unable to stat
[Tue Feb 17 03:29:46.605387 2026] [php:error] [pid 83987] [client 194.61.40.161:0] script '/domains/schellin/crop.php' not found or unable to stat
[Tue Feb 17 03:29:48.002568 2026] [php:error] [pid 83987] [client 194.61.40.161:0] script '/domains/schellin/gali.php' not found or unable to stat
[Tue Feb 17 03:29:49.398111 2026] [php:error] [pid 83987] [client 194.61.40.161:0] script '/domains/schellin/dir.php' not found or unable to stat
[Tue Feb 17 03:29:49.814595 2026] [php:error] [pid 83987] [client 194.61.40.161:0] script '/domains/schellin/dirs.php' not found or unable to stat
[Tue Feb 17 03:29:50.220560 2026] [php:error] [pid 83987] [client 194.61.40.161:0] script '/domains/schellin/abouts.php' not found or unable to stat
[Tue Feb 17 03:29:50.427190 2026] [php:error] [pid 83995] [client 31.171.130.154:0] script '/domains/hpveweb/xx.php' not found or unable to stat
[Tue Feb 17 03:29:50.599930 2026] [php:error] [pid 83987] [client 194.61.40.161:0] script '/domains/schellin/malls.php' not found or unable to stat
[Tue Feb 17 03:29:51.028882 2026] [php:error] [pid 83987] [client 194.61.40.161:0] script '/domains/schellin/liefs.php' not found or unable to stat
[Tue Feb 17 03:29:51.408584 2026] [php:error] [pid 83987] [client 194.61.40.161:0] script '/domains/schellin/uc.php' not found or unable to stat
[Tue Feb 17 03:29:52.420901 2026] [php:error] [pid 83987] [client 194.61.40.161:0] script '/domains/schellin/locks.php' not found or unable to stat
