[Tue Feb 17 03:26:02.295304 2026] [php:error] [pid 83961] [client 40.69.27.251:0] script '/domains/jaspen/ol.php' not found or unable to stat
[Tue Feb 17 03:26:02.384441 2026] [php:error] [pid 83961] [client 40.69.27.251:0] script '/domains/jaspen/Sanskrit.php' not found or unable to stat
[Tue Feb 17 03:26:02.521561 2026] [php:error] [pid 83961] [client 40.69.27.251:0] script '/domains/jaspen/vxrl.php' not found or unable to stat
[Tue Feb 17 03:26:02.613292 2026] [php:error] [pid 83961] [client 40.69.27.251:0] script '/domains/jaspen/re.php' not found or unable to stat
[Tue Feb 17 03:26:02.619105 2026] [php:error] [pid 83941] [client 194.61.40.121:0] script '/domains/schellin/cgi-bin/index.php' not found or unable to stat
[Tue Feb 17 03:26:02.715803 2026] [php:error] [pid 83961] [client 40.69.27.251:0] script '/domains/jaspen/num.php' not found or unable to stat
[Tue Feb 17 03:26:02.790425 2026] [php:error] [pid 83961] [client 40.69.27.251:0] script '/domains/jaspen/axx.php' not found or unable to stat
[Tue Feb 17 03:26:02.874600 2026] [php:error] [pid 83961] [client 40.69.27.251:0] script '/domains/jaspen/vxrl.php' not found or unable to stat
[Tue Feb 17 03:26:02.972094 2026] [php:error] [pid 83961] [client 40.69.27.251:0] script '/domains/jaspen/in.php' not found or unable to stat
[Tue Feb 17 03:26:02.990297 2026] [php:error] [pid 83941] [client 194.61.40.121:0] script '/domains/schellin/woh.php' not found or unable to stat
[Tue Feb 17 03:26:03.089662 2026] [php:error] [pid 83961] [client 40.69.27.251:0] script '/domains/jaspen/style.php' not found or unable to stat
[Tue Feb 17 03:26:03.161411 2026] [php:error] [pid 83961] [client 40.69.27.251:0] script '/domains/jaspen/we.php' not found or unable to stat
[Tue Feb 17 03:26:03.255953 2026] [php:error] [pid 83961] [client 40.69.27.251:0] script '/domains/jaspen/zwso.php' not found or unable to stat
[Tue Feb 17 03:26:03.399116 2026] [php:error] [pid 83961] [client 40.69.27.251:0] script '/domains/jaspen/karak.php' not found or unable to stat
[Tue Feb 17 03:26:03.470894 2026] [php:error] [pid 83961] [client 40.69.27.251:0] script '/domains/jaspen/prv8.php' not found or unable to stat
[Tue Feb 17 03:26:03.543321 2026] [php:error] [pid 83961] [client 40.69.27.251:0] script '/domains/jaspen/i.php' not found or unable to stat
[Tue Feb 17 03:26:03.615683 2026] [php:error] [pid 83961] [client 40.69.27.251:0] script '/domains/jaspen/a.php' not found or unable to stat
[Tue Feb 17 03:26:03.701623 2026] [php:error] [pid 83961] [client 40.69.27.251:0] script '/domains/jaspen/xmlrpc.php' not found or unable to stat
[Tue Feb 17 03:26:03.784397 2026] [php:error] [pid 83961] [client 40.69.27.251:0] script '/domains/jaspen/aw.php' not found or unable to stat
[Tue Feb 17 03:26:03.856799 2026] [php:error] [pid 83961] [client 40.69.27.251:0] script '/domains/jaspen/dev.php' not found or unable to stat
[Tue Feb 17 03:26:03.929655 2026] [php:error] [pid 83961] [client 40.69.27.251:0] script '/domains/jaspen/lock360.php' not found or unable to stat
[Tue Feb 17 03:26:04.004209 2026] [php:error] [pid 83961] [client 40.69.27.251:0] script '/domains/jaspen/155.php' not found or unable to stat
[Tue Feb 17 03:26:04.134685 2026] [php:error] [pid 83961] [client 40.69.27.251:0] script '/domains/jaspen/goat.php' not found or unable to stat
[Tue Feb 17 03:26:04.221099 2026] [php:error] [pid 83961] [client 40.69.27.251:0] script '/domains/jaspen/tcp.php' not found or unable to stat
[Tue Feb 17 03:26:04.293004 2026] [php:error] [pid 83961] [client 40.69.27.251:0] script '/domains/jaspen/ext.php' not found or unable to stat
[Tue Feb 17 03:26:04.301701 2026] [php:error] [pid 83941] [client 194.61.40.121:0] script '/domains/schellin/bless.php' not found or unable to stat
[Tue Feb 17 03:26:04.367607 2026] [php:error] [pid 83961] [client 40.69.27.251:0] script '/domains/jaspen/inputs.php' not found or unable to stat
[Tue Feb 17 03:26:04.447124 2026] [php:error] [pid 83961] [client 40.69.27.251:0] script '/domains/jaspen/ioxi.php' not found or unable to stat
[Tue Feb 17 03:26:04.545828 2026] [php:error] [pid 83961] [client 40.69.27.251:0] script '/domains/jaspen/fe5.php' not found or unable to stat
[Tue Feb 17 03:26:04.659568 2026] [php:error] [pid 83961] [client 40.69.27.251:0] script '/domains/jaspen/ov.php' not found or unable to stat
[Tue Feb 17 03:26:04.791732 2026] [php:error] [pid 83941] [client 194.61.40.121:0] script '/domains/schellin/wp-trackback.php' not found or unable to stat
[Tue Feb 17 03:26:04.809510 2026] [php:error] [pid 83961] [client 40.69.27.251:0] script '/domains/jaspen/default.php' not found or unable to stat
[Tue Feb 17 03:26:04.881254 2026] [php:error] [pid 83961] [client 40.69.27.251:0] script '/domains/jaspen/goods.php' not found or unable to stat
[Tue Feb 17 03:26:04.984887 2026] [php:error] [pid 83961] [client 40.69.27.251:0] script '/domains/jaspen/abcd.php' not found or unable to stat
[Tue Feb 17 03:26:05.090455 2026] [php:error] [pid 83961] [client 40.69.27.251:0] script '/domains/jaspen/class.1.php' not found or unable to stat
[Tue Feb 17 03:26:05.168427 2026] [php:error] [pid 83961] [client 40.69.27.251:0] script '/domains/jaspen/async.php' not found or unable to stat
[Tue Feb 17 03:26:05.271295 2026] [php:error] [pid 83961] [client 40.69.27.251:0] script '/domains/jaspen/ff.php' not found or unable to stat
[Tue Feb 17 03:26:05.304096 2026] [php:error] [pid 83941] [client 194.61.40.121:0] script '/domains/schellin/info.php' not found or unable to stat
[Tue Feb 17 03:26:05.355373 2026] [php:error] [pid 83961] [client 40.69.27.251:0] script '/domains/jaspen/ioxi-o.php' not found or unable to stat
[Tue Feb 17 03:26:05.445768 2026] [php:error] [pid 83961] [client 40.69.27.251:0] script '/domains/jaspen/manager.php' not found or unable to stat
[Tue Feb 17 03:26:05.517657 2026] [php:error] [pid 83961] [client 40.69.27.251:0] script '/domains/jaspen/wp-update.php' not found or unable to stat
[Tue Feb 17 03:26:05.661686 2026] [php:error] [pid 83961] [client 40.69.27.251:0] script '/domains/jaspen/file.php' not found or unable to stat
[Tue Feb 17 03:26:05.806006 2026] [php:error] [pid 83961] [client 40.69.27.251:0] script '/domains/jaspen/lc.php' not found or unable to stat
[Tue Feb 17 03:26:05.878495 2026] [php:error] [pid 83961] [client 40.69.27.251:0] script '/domains/jaspen/cbrfo.php' not found or unable to stat
[Tue Feb 17 03:26:05.995685 2026] [php:error] [pid 83961] [client 40.69.27.251:0] script '/domains/jaspen/inc.php' not found or unable to stat
[Tue Feb 17 03:26:06.175131 2026] [php:error] [pid 83962] [client 40.69.27.251:0] script '/domains/jaspen/gifclass.php' not found or unable to stat
[Tue Feb 17 03:26:06.248927 2026] [php:error] [pid 83962] [client 40.69.27.251:0] script '/domains/jaspen/miansha.php' not found or unable to stat
[Tue Feb 17 03:26:06.347836 2026] [php:error] [pid 83962] [client 40.69.27.251:0] script '/domains/jaspen/tinyfilemanager.php' not found or unable to stat
[Tue Feb 17 03:26:06.422952 2026] [php:error] [pid 83962] [client 40.69.27.251:0] script '/domains/jaspen/admin.php' not found or unable to stat
[Tue Feb 17 03:26:06.496991 2026] [php:error] [pid 83962] [client 40.69.27.251:0] script '/domains/jaspen/ok.php' not found or unable to stat
[Tue Feb 17 03:26:06.570092 2026] [php:error] [pid 83962] [client 40.69.27.251:0] script '/domains/jaspen/fi.php' not found or unable to stat
[Tue Feb 17 03:26:06.647381 2026] [php:error] [pid 83962] [client 40.69.27.251:0] script '/domains/jaspen/muzu.php' not found or unable to stat
[Tue Feb 17 03:26:06.721546 2026] [php:error] [pid 83962] [client 40.69.27.251:0] script '/domains/jaspen/reze.php' not found or unable to stat
[Tue Feb 17 03:26:06.817177 2026] [php:error] [pid 83962] [client 40.69.27.251:0] script '/domains/jaspen/styll.php' not found or unable to stat
[Tue Feb 17 03:26:06.915892 2026] [php:error] [pid 83962] [client 40.69.27.251:0] script '/domains/jaspen/x7.php' not found or unable to stat
[Tue Feb 17 03:26:06.989199 2026] [php:error] [pid 83962] [client 40.69.27.251:0] script '/domains/jaspen/thebe.php' not found or unable to stat
[Tue Feb 17 03:26:07.062800 2026] [php:error] [pid 83962] [client 40.69.27.251:0] script '/domains/jaspen/ddd.php' not found or unable to stat
[Tue Feb 17 03:26:07.091672 2026] [php:error] [pid 83941] [client 194.61.40.121:0] script '/domains/schellin/buy.php' not found or unable to stat
[Tue Feb 17 03:26:07.141389 2026] [php:error] [pid 83962] [client 40.69.27.251:0] script '/domains/jaspen/bgymj.php' not found or unable to stat
[Tue Feb 17 03:26:07.231678 2026] [php:error] [pid 83962] [client 40.69.27.251:0] script '/domains/jaspen/8xyz.php' not found or unable to stat
[Tue Feb 17 03:26:07.321315 2026] [php:error] [pid 83962] [client 40.69.27.251:0] script '/domains/jaspen/ioxi.php' not found or unable to stat
[Tue Feb 17 03:26:07.394843 2026] [php:error] [pid 83962] [client 40.69.27.251:0] script '/domains/jaspen/xpwer1.php' not found or unable to stat
[Tue Feb 17 03:26:07.485725 2026] [php:error] [pid 83962] [client 40.69.27.251:0] script '/domains/jaspen/lala.php' not found or unable to stat
[Tue Feb 17 03:26:07.561801 2026] [php:error] [pid 83962] [client 40.69.27.251:0] script '/domains/jaspen/about.php' not found or unable to stat
[Tue Feb 17 03:26:07.970439 2026] [php:error] [pid 83962] [client 40.69.27.251:0] script '/domains/jaspen/info.php' not found or unable to stat
[Tue Feb 17 03:26:08.043028 2026] [php:error] [pid 83962] [client 40.69.27.251:0] script '/domains/jaspen/about.php' not found or unable to stat
[Tue Feb 17 03:26:08.197582 2026] [php:error] [pid 83941] [client 194.61.40.121:0] script '/domains/schellin/readme.php' not found or unable to stat
[Tue Feb 17 03:26:08.266992 2026] [php:error] [pid 83962] [client 40.69.27.251:0] script '/domains/jaspen/222.php' not found or unable to stat
[Tue Feb 17 03:26:08.372054 2026] [php:error] [pid 83962] [client 40.69.27.251:0] script '/domains/jaspen/adminfuns.php' not found or unable to stat
[Tue Feb 17 03:26:08.518891 2026] [php:error] [pid 83962] [client 40.69.27.251:0] script '/domains/jaspen/xx.php' not found or unable to stat
[Tue Feb 17 03:26:08.700081 2026] [php:error] [pid 83962] [client 40.69.27.251:0] script '/domains/jaspen/f5.php' not found or unable to stat
[Tue Feb 17 03:26:08.707811 2026] [php:error] [pid 83941] [client 194.61.40.121:0] script '/domains/schellin/sck.php' not found or unable to stat
[Tue Feb 17 03:26:08.773263 2026] [php:error] [pid 83962] [client 40.69.27.251:0] script '/domains/jaspen/flower.php' not found or unable to stat
[Tue Feb 17 03:26:08.846263 2026] [php:error] [pid 83962] [client 40.69.27.251:0] script '/domains/jaspen/f6.php' not found or unable to stat
[Tue Feb 17 03:26:08.923610 2026] [php:error] [pid 83962] [client 40.69.27.251:0] script '/domains/jaspen/edit.php' not found or unable to stat
[Tue Feb 17 03:26:09.193966 2026] [php:error] [pid 83962] [client 40.69.27.251:0] script '/domains/jaspen/av.php' not found or unable to stat
[Tue Feb 17 03:26:09.197836 2026] [php:error] [pid 83941] [client 194.61.40.121:0] script '/domains/schellin/fm.php' not found or unable to stat
[Tue Feb 17 03:26:09.364563 2026] [php:error] [pid 83962] [client 40.69.27.251:0] script '/domains/jaspen/wsd.php' not found or unable to stat
[Tue Feb 17 03:26:09.443321 2026] [php:error] [pid 83962] [client 40.69.27.251:0] script '/domains/jaspen/jane.php' not found or unable to stat
[Tue Feb 17 03:26:09.553455 2026] [php:error] [pid 83962] [client 40.69.27.251:0] script '/domains/jaspen/css.php' not found or unable to stat
[Tue Feb 17 03:26:09.652357 2026] [php:error] [pid 83962] [client 40.69.27.251:0] script '/domains/jaspen/alfa.php' not found or unable to stat
[Tue Feb 17 03:26:09.741782 2026] [php:error] [pid 83962] [client 40.69.27.251:0] script '/domains/jaspen/wen.php' not found or unable to stat
[Tue Feb 17 03:26:09.853134 2026] [php:error] [pid 83962] [client 40.69.27.251:0] script '/domains/jaspen/x.php' not found or unable to stat
[Tue Feb 17 03:26:09.926395 2026] [php:error] [pid 83962] [client 40.69.27.251:0] script '/domains/jaspen/xxxx.php' not found or unable to stat
[Tue Feb 17 03:26:10.000232 2026] [php:error] [pid 83962] [client 40.69.27.251:0] script '/domains/jaspen/class.php' not found or unable to stat
[Tue Feb 17 03:26:10.073917 2026] [php:error] [pid 83962] [client 40.69.27.251:0] script '/domains/jaspen/f35.php' not found or unable to stat
[Tue Feb 17 03:26:10.103069 2026] [php:error] [pid 83941] [client 194.61.40.121:0] script '/domains/schellin/packed.php' not found or unable to stat
[Tue Feb 17 03:26:10.461635 2026] [php:error] [pid 83962] [client 40.69.27.251:0] script '/domains/jaspen/class-t.api.php' not found or unable to stat
[Tue Feb 17 03:26:10.490265 2026] [php:error] [pid 83941] [client 194.61.40.121:0] script '/domains/schellin/about.php' not found or unable to stat
[Tue Feb 17 03:26:10.548448 2026] [php:error] [pid 83962] [client 40.69.27.251:0] script '/domains/jaspen/blurbs18.php' not found or unable to stat
[Tue Feb 17 03:26:11.170590 2026] [php:error] [pid 83962] [client 40.69.27.251:0] script '/domains/jaspen/bless11.php' not found or unable to stat
[Tue Feb 17 03:26:11.249988 2026] [php:error] [pid 83962] [client 40.69.27.251:0] script '/domains/jaspen/init.php' not found or unable to stat
[Tue Feb 17 03:26:11.430500 2026] [php:error] [pid 83962] [client 40.69.27.251:0] script '/domains/jaspen/k.php' not found or unable to stat
[Tue Feb 17 03:26:11.508228 2026] [php:error] [pid 83962] [client 40.69.27.251:0] script '/domains/jaspen/bless.php' not found or unable to stat
[Tue Feb 17 03:26:11.598869 2026] [php:error] [pid 83962] [client 40.69.27.251:0] script '/domains/jaspen/X7x.php' not found or unable to stat
[Tue Feb 17 03:26:11.673405 2026] [php:error] [pid 83962] [client 40.69.27.251:0] script '/domains/jaspen/166.php' not found or unable to stat
[Tue Feb 17 03:26:11.746414 2026] [php:error] [pid 83962] [client 40.69.27.251:0] script '/domains/jaspen/plss3.php' not found or unable to stat
[Tue Feb 17 03:26:11.917910 2026] [php:error] [pid 83962] [client 40.69.27.251:0] script '/domains/jaspen/admins.php' not found or unable to stat
[Tue Feb 17 03:26:12.007249 2026] [php:error] [pid 83962] [client 40.69.27.251:0] script '/domains/jaspen/wp.php' not found or unable to stat
[Tue Feb 17 03:26:12.117990 2026] [php:error] [pid 83962] [client 40.69.27.251:0] script '/domains/jaspen/main.php' not found or unable to stat
[Tue Feb 17 03:26:12.189923 2026] [php:error] [pid 83941] [client 194.61.40.121:0] script '/domains/schellin/plugin.php' not found or unable to stat
[Tue Feb 17 03:26:12.190813 2026] [php:error] [pid 83962] [client 40.69.27.251:0] script '/domains/jaspen/a1.php' not found or unable to stat
[Tue Feb 17 03:26:12.263706 2026] [php:error] [pid 83962] [client 40.69.27.251:0] script '/domains/jaspen/lala.php' not found or unable to stat
[Tue Feb 17 03:26:12.339230 2026] [php:error] [pid 83962] [client 40.69.27.251:0] script '/domains/jaspen/aaa.php' not found or unable to stat
[Tue Feb 17 03:26:12.416546 2026] [php:error] [pid 83962] [client 40.69.27.251:0] script '/domains/jaspen/a2.php' not found or unable to stat
[Tue Feb 17 03:26:12.573587 2026] [php:error] [pid 83962] [client 40.69.27.251:0] script '/domains/jaspen/jsond.php' not found or unable to stat
[Tue Feb 17 03:26:13.903712 2026] [php:error] [pid 83941] [client 194.61.40.121:0] script '/domains/schellin/chosen.php' not found or unable to stat
[Tue Feb 17 03:26:14.308462 2026] [php:error] [pid 83941] [client 194.61.40.121:0] script '/domains/schellin/load.php' not found or unable to stat
[Tue Feb 17 03:26:15.309413 2026] [php:error] [pid 83941] [client 194.61.40.121:0] script '/domains/schellin/edit-tags.php' not found or unable to stat
[Tue Feb 17 03:26:15.945194 2026] [php:error] [pid 83961] [client 20.111.44.121:0] script '/domains/ferguson.interport/wp-blog.php' not found or unable to stat
[Tue Feb 17 03:26:16.206963 2026] [php:error] [pid 83961] [client 20.111.44.121:0] script '/domains/ferguson.interport/ge.php' not found or unable to stat
[Tue Feb 17 03:26:16.395530 2026] [php:error] [pid 83961] [client 20.111.44.121:0] script '/domains/ferguson.interport/class20.php' not found or unable to stat
[Tue Feb 17 03:26:16.481930 2026] [php:error] [pid 83961] [client 20.111.44.121:0] script '/domains/ferguson.interport/ssxsl.php' not found or unable to stat
[Tue Feb 17 03:26:16.568761 2026] [php:error] [pid 83961] [client 20.111.44.121:0] script '/domains/ferguson.interport/str.php' not found or unable to stat
[Tue Feb 17 03:26:16.755058 2026] [php:error] [pid 83961] [client 20.111.44.121:0] script '/domains/ferguson.interport/xwpg.php' not found or unable to stat
[Tue Feb 17 03:26:16.785529 2026] [php:error] [pid 83926] [client 35.247.243.251:0] script '/domains/machinadynamica/adminer-5.2.0.php' not found or unable to stat
[Tue Feb 17 03:26:16.793815 2026] [php:error] [pid 83941] [client 194.61.40.121:0] script '/domains/schellin/autoload_classmap.php' not found or unable to stat
[Tue Feb 17 03:26:16.840944 2026] [php:error] [pid 83961] [client 20.111.44.121:0] script '/domains/ferguson.interport/zz.php' not found or unable to stat
[Tue Feb 17 03:26:17.090480 2026] [php:error] [pid 83961] [client 20.111.44.121:0] script '/domains/ferguson.interport/tanjiro.php' not found or unable to stat
[Tue Feb 17 03:26:17.212319 2026] [php:error] [pid 83941] [client 194.61.40.121:0] script '/domains/schellin/lock.php' not found or unable to stat
[Tue Feb 17 03:26:17.275677 2026] [php:error] [pid 83961] [client 20.111.44.121:0] script '/domains/ferguson.interport/up.php' not found or unable to stat
[Tue Feb 17 03:26:17.386044 2026] [php:error] [pid 83961] [client 20.111.44.121:0] script '/domains/ferguson.interport/class.php' not found or unable to stat
[Tue Feb 17 03:26:17.472508 2026] [php:error] [pid 83961] [client 20.111.44.121:0] script '/domains/ferguson.interport/nope.php' not found or unable to stat
[Tue Feb 17 03:26:17.616248 2026] [php:error] [pid 83961] [client 20.111.44.121:0] script '/domains/ferguson.interport/kwm4.php' not found or unable to stat
[Tue Feb 17 03:26:17.717203 2026] [php:error] [pid 83961] [client 20.111.44.121:0] script '/domains/ferguson.interport/wp-aa.php' not found or unable to stat
[Tue Feb 17 03:26:17.878034 2026] [php:error] [pid 83961] [client 20.111.44.121:0] script '/domains/ferguson.interport/byp.php' not found or unable to stat
[Tue Feb 17 03:26:17.964875 2026] [php:error] [pid 83961] [client 20.111.44.121:0] script '/domains/ferguson.interport/0.php' not found or unable to stat
[Tue Feb 17 03:26:18.059349 2026] [php:error] [pid 83961] [client 20.111.44.121:0] script '/domains/ferguson.interport/F0x.php' not found or unable to stat
[Tue Feb 17 03:26:18.146280 2026] [php:error] [pid 83961] [client 20.111.44.121:0] script '/domains/ferguson.interport/wp-mail.php' not found or unable to stat
[Tue Feb 17 03:26:18.239792 2026] [php:error] [pid 83961] [client 20.111.44.121:0] script '/domains/ferguson.interport/fan.php' not found or unable to stat
[Tue Feb 17 03:26:18.326080 2026] [php:error] [pid 83961] [client 20.111.44.121:0] script '/domains/ferguson.interport/ztv.php' not found or unable to stat
[Tue Feb 17 03:26:18.467442 2026] [php:error] [pid 83961] [client 20.111.44.121:0] script '/domains/ferguson.interport/bras.php' not found or unable to stat
[Tue Feb 17 03:26:18.634080 2026] [php:error] [pid 83961] [client 20.111.44.121:0] script '/domains/ferguson.interport/wziar.php' not found or unable to stat
[Tue Feb 17 03:26:18.772020 2026] [php:error] [pid 83961] [client 20.111.44.121:0] script '/domains/ferguson.interport/wpup.php' not found or unable to stat
[Tue Feb 17 03:26:18.869332 2026] [php:error] [pid 83961] [client 20.111.44.121:0] script '/domains/ferguson.interport/x50.php' not found or unable to stat
[Tue Feb 17 03:26:18.956214 2026] [php:error] [pid 83961] [client 20.111.44.121:0] script '/domains/ferguson.interport/ee.php' not found or unable to stat
[Tue Feb 17 03:26:19.099771 2026] [php:error] [pid 83961] [client 20.111.44.121:0] script '/domains/ferguson.interport/xz89.php' not found or unable to stat
[Tue Feb 17 03:26:19.328500 2026] [php:error] [pid 83961] [client 20.111.44.121:0] script '/domains/ferguson.interport/updates.php' not found or unable to stat
[Tue Feb 17 03:26:19.472240 2026] [php:error] [pid 83961] [client 20.111.44.121:0] script '/domains/ferguson.interport/vxnxvgfw.php' not found or unable to stat
[Tue Feb 17 03:26:19.558447 2026] [php:error] [pid 83961] [client 20.111.44.121:0] script '/domains/ferguson.interport/mapi.php' not found or unable to stat
[Tue Feb 17 03:26:19.663919 2026] [php:error] [pid 83961] [client 20.111.44.121:0] script '/domains/ferguson.interport/f2r4.php' not found or unable to stat
[Tue Feb 17 03:26:19.915108 2026] [php:error] [pid 83961] [client 20.111.44.121:0] script '/domains/ferguson.interport/item.php' not found or unable to stat
[Tue Feb 17 03:26:20.102894 2026] [php:error] [pid 83961] [client 20.111.44.121:0] script '/domains/ferguson.interport/xse25.php' not found or unable to stat
[Tue Feb 17 03:26:20.202791 2026] [php:error] [pid 83961] [client 20.111.44.121:0] script '/domains/ferguson.interport/sf9.php' not found or unable to stat
[Tue Feb 17 03:26:20.347252 2026] [php:error] [pid 83961] [client 20.111.44.121:0] script '/domains/ferguson.interport/5b9ac.php' not found or unable to stat
[Tue Feb 17 03:26:20.411326 2026] [php:error] [pid 83937] [client 194.61.40.129:0] script '/domains/schellin/product.php' not found or unable to stat
[Tue Feb 17 03:26:20.575693 2026] [php:error] [pid 83961] [client 20.111.44.121:0] script '/domains/ferguson.interport/bolt.php' not found or unable to stat
[Tue Feb 17 03:26:20.795858 2026] [php:error] [pid 83961] [client 20.111.44.121:0] script '/domains/ferguson.interport/dump.php' not found or unable to stat
[Tue Feb 17 03:26:20.883586 2026] [php:error] [pid 83961] [client 20.111.44.121:0] script '/domains/ferguson.interport/xx.php' not found or unable to stat
[Tue Feb 17 03:26:20.971737 2026] [php:error] [pid 83961] [client 20.111.44.121:0] script '/domains/ferguson.interport/Okxob.php' not found or unable to stat
[Tue Feb 17 03:26:21.057812 2026] [php:error] [pid 83961] [client 20.111.44.121:0] script '/domains/ferguson.interport/a.php' not found or unable to stat
[Tue Feb 17 03:26:21.144766 2026] [php:error] [pid 83961] [client 20.111.44.121:0] script '/domains/ferguson.interport/vx.php' not found or unable to stat
[Tue Feb 17 03:26:21.244743 2026] [php:error] [pid 83961] [client 20.111.44.121:0] script '/domains/ferguson.interport/lock360.php' not found or unable to stat
[Tue Feb 17 03:26:21.408003 2026] [php:error] [pid 83961] [client 20.111.44.121:0] script '/domains/ferguson.interport/np.php' not found or unable to stat
[Tue Feb 17 03:26:21.537530 2026] [php:error] [pid 83961] [client 20.111.44.121:0] script '/domains/ferguson.interport/tx1.php' not found or unable to stat
[Tue Feb 17 03:26:21.700953 2026] [php:error] [pid 83961] [client 20.111.44.121:0] script '/domains/ferguson.interport/bs.php' not found or unable to stat
[Tue Feb 17 03:26:21.905095 2026] [php:error] [pid 83941] [client 31.171.130.111:0] script '/domains/hpveweb/simple.php' not found or unable to stat
[Tue Feb 17 03:26:22.526792 2026] [php:error] [pid 83941] [client 31.171.130.111:0] script '/domains/hpveweb/inputs.php' not found or unable to stat
[Tue Feb 17 03:26:22.538442 2026] [php:error] [pid 83964] [client 194.61.40.121:0] script '/domains/schellin/base.php' not found or unable to stat
[Tue Feb 17 03:26:23.121143 2026] [php:error] [pid 83941] [client 31.171.130.111:0] script '/domains/hpveweb/autoload_classmap.php' not found or unable to stat
[Tue Feb 17 03:26:23.491643 2026] [php:error] [pid 83964] [client 194.61.40.121:0] script '/domains/schellin/zero.php' not found or unable to stat
[Tue Feb 17 03:26:23.722423 2026] [php:error] [pid 83941] [client 31.171.130.111:0] script '/domains/hpveweb/file2.php' not found or unable to stat
[Tue Feb 17 03:26:24.313025 2026] [php:error] [pid 83941] [client 31.171.130.111:0] script '/domains/hpveweb/file.php' not found or unable to stat
[Tue Feb 17 03:26:24.618599 2026] [php:error] [pid 83941] [client 31.171.130.111:0] script '/domains/hpveweb/chosen.php' not found or unable to stat
[Tue Feb 17 03:26:24.919190 2026] [php:error] [pid 83941] [client 31.171.130.111:0] script '/domains/hpveweb/item.php' not found or unable to stat
[Tue Feb 17 03:26:25.085368 2026] [php:error] [pid 83964] [client 194.61.40.121:0] script '/domains/schellin/style.php' not found or unable to stat
[Tue Feb 17 03:26:25.606586 2026] [php:error] [pid 83964] [client 194.61.40.121:0] script '/domains/schellin/db.php' not found or unable to stat
[Tue Feb 17 03:26:25.888922 2026] [php:error] [pid 83941] [client 31.171.130.111:0] script '/domains/hpveweb/zwso.php' not found or unable to stat
[Tue Feb 17 03:26:26.212998 2026] [php:error] [pid 83941] [client 31.171.130.111:0] script '/domains/hpveweb/wp-conflg.php' not found or unable to stat
[Tue Feb 17 03:26:27.725352 2026] [php:error] [pid 83937] [client 194.61.40.153:0] script '/domains/schellin/wp-set.php' not found or unable to stat
[Tue Feb 17 03:26:28.390229 2026] [php:error] [pid 83937] [client 194.61.40.153:0] script '/domains/schellin/file.php' not found or unable to stat
[Tue Feb 17 03:26:29.245165 2026] [php:error] [pid 83941] [client 31.171.130.111:0] script '/domains/hpveweb/cong.php' not found or unable to stat
[Tue Feb 17 03:26:30.281218 2026] [php:error] [pid 83941] [client 31.171.130.111:0] script '/domains/hpveweb/dropdown.php' not found or unable to stat
[Tue Feb 17 03:26:31.522856 2026] [php:error] [pid 83941] [client 31.171.130.111:0] script '/domains/hpveweb/repeater.php' not found or unable to stat
[Tue Feb 17 03:26:31.819476 2026] [php:error] [pid 83941] [client 31.171.130.111:0] script '/domains/hpveweb/wp-2019.php' not found or unable to stat
[Tue Feb 17 03:26:32.124983 2026] [php:error] [pid 83941] [client 31.171.130.111:0] script '/domains/hpveweb/atomlib.php' not found or unable to stat
[Tue Feb 17 03:26:32.423862 2026] [php:error] [pid 83941] [client 31.171.130.111:0] script '/domains/hpveweb/css.php' not found or unable to stat
[Tue Feb 17 03:26:32.737612 2026] [php:error] [pid 83941] [client 31.171.130.111:0] script '/domains/hpveweb/log.php' not found or unable to stat
[Tue Feb 17 03:26:33.035586 2026] [php:error] [pid 83941] [client 31.171.130.111:0] script '/domains/hpveweb/mail.php' not found or unable to stat
[Tue Feb 17 03:26:33.382455 2026] [php:error] [pid 83941] [client 31.171.130.111:0] script '/domains/hpveweb/lufix.php' not found or unable to stat
[Tue Feb 17 03:26:33.729074 2026] [php:error] [pid 83941] [client 31.171.130.111:0] script '/domains/hpveweb/doc.php' not found or unable to stat
[Tue Feb 17 03:26:34.094172 2026] [php:error] [pid 83941] [client 31.171.130.111:0] script '/domains/hpveweb/bak.php' not found or unable to stat
[Tue Feb 17 03:26:34.398869 2026] [php:error] [pid 83941] [client 31.171.130.111:0] script '/domains/hpveweb/content.php' not found or unable to stat
[Tue Feb 17 03:26:34.701558 2026] [php:error] [pid 83941] [client 31.171.130.111:0] script '/domains/hpveweb/upfile.php' not found or unable to stat
[Tue Feb 17 03:26:35.036405 2026] [php:error] [pid 83941] [client 31.171.130.111:0] script '/domains/hpveweb/wp.php' not found or unable to stat
[Tue Feb 17 03:26:35.336786 2026] [php:error] [pid 83941] [client 31.171.130.111:0] script '/domains/hpveweb/bypass.php' not found or unable to stat
[Tue Feb 17 03:26:35.629182 2026] [php:error] [pid 83941] [client 31.171.130.111:0] script '/domains/hpveweb/wp-activate.php' not found or unable to stat
[Tue Feb 17 03:26:35.918133 2026] [php:error] [pid 83941] [client 31.171.130.111:0] script '/domains/hpveweb/updates.php' not found or unable to stat
[Tue Feb 17 03:26:36.221812 2026] [php:error] [pid 83941] [client 31.171.130.111:0] script '/domains/hpveweb/radio.php' not found or unable to stat
[Tue Feb 17 03:26:36.546400 2026] [php:error] [pid 83941] [client 31.171.130.111:0] script '/domains/hpveweb/plugins.php' not found or unable to stat
[Tue Feb 17 03:26:36.613690 2026] [php:error] [pid 83926] [client 194.61.40.147:0] script '/domains/schellin/moon.php' not found or unable to stat
[Tue Feb 17 03:26:36.833508 2026] [php:error] [pid 83941] [client 31.171.130.111:0] script '/domains/hpveweb/xmrlpc.php' not found or unable to stat
[Tue Feb 17 03:26:37.208971 2026] [php:error] [pid 83941] [client 31.171.130.111:0] script '/domains/hpveweb/ae.php' not found or unable to stat
[Tue Feb 17 03:26:37.512474 2026] [php:error] [pid 83941] [client 31.171.130.111:0] script '/domains/hpveweb/moon.php' not found or unable to stat
[Tue Feb 17 03:26:37.826634 2026] [php:error] [pid 83941] [client 31.171.130.111:0] script '/domains/hpveweb/blog.php' not found or unable to stat
[Tue Feb 17 03:26:38.189413 2026] [php:error] [pid 83941] [client 31.171.130.111:0] script '/domains/hpveweb/themes.php' not found or unable to stat
[Tue Feb 17 03:26:38.583241 2026] [php:error] [pid 83941] [client 31.171.130.111:0] script '/domains/hpveweb/ini.php' not found or unable to stat
[Tue Feb 17 03:26:38.904722 2026] [php:error] [pid 83941] [client 31.171.130.111:0] script '/domains/hpveweb/as.php' not found or unable to stat
[Tue Feb 17 03:26:39.311094 2026] [php:error] [pid 83941] [client 31.171.130.111:0] script '/domains/hpveweb/shell.php' not found or unable to stat
[Tue Feb 17 03:26:39.615145 2026] [php:error] [pid 83941] [client 31.171.130.111:0] script '/domains/hpveweb/ws.php' not found or unable to stat
[Tue Feb 17 03:26:39.788591 2026] [php:error] [pid 83926] [client 194.61.40.147:0] script '/domains/schellin/pages.php' not found or unable to stat
[Tue Feb 17 03:26:39.906836 2026] [php:error] [pid 83941] [client 31.171.130.111:0] script '/domains/hpveweb/makeasmtp.php' not found or unable to stat
[Tue Feb 17 03:26:40.203601 2026] [php:error] [pid 83941] [client 31.171.130.111:0] script '/domains/hpveweb/wp-sigunq.php' not found or unable to stat
[Tue Feb 17 03:26:40.403793 2026] [php:error] [pid 83926] [client 194.61.40.147:0] script '/domains/schellin/bulk.php' not found or unable to stat
[Tue Feb 17 03:26:40.501257 2026] [php:error] [pid 83941] [client 31.171.130.111:0] script '/domains/hpveweb/wso112233.php' not found or unable to stat
[Tue Feb 17 03:26:40.810925 2026] [php:error] [pid 83926] [client 194.61.40.147:0] script '/domains/schellin/kk.php' not found or unable to stat
[Tue Feb 17 03:26:40.817679 2026] [php:error] [pid 83941] [client 31.171.130.111:0] script '/domains/hpveweb/wp-atom.php' not found or unable to stat
[Tue Feb 17 03:26:41.107617 2026] [php:error] [pid 83941] [client 31.171.130.111:0] script '/domains/hpveweb/alfanew.php' not found or unable to stat
[Tue Feb 17 03:26:41.420776 2026] [php:error] [pid 83941] [client 31.171.130.111:0] script '/domains/hpveweb/fw.php' not found or unable to stat
[Tue Feb 17 03:26:41.748313 2026] [php:error] [pid 83941] [client 31.171.130.111:0] script '/domains/hpveweb/install.php' not found or unable to stat
[Tue Feb 17 03:26:41.837974 2026] [php:error] [pid 83926] [client 194.61.40.147:0] script '/domains/schellin/wp-logout.php' not found or unable to stat
[Tue Feb 17 03:26:42.036797 2026] [php:error] [pid 83941] [client 31.171.130.111:0] script '/domains/hpveweb/wp-login.php' not found or unable to stat
[Tue Feb 17 03:26:42.639788 2026] [php:error] [pid 83941] [client 31.171.130.111:0] script '/domains/hpveweb/XxX.php' not found or unable to stat
[Tue Feb 17 03:26:42.924315 2026] [php:error] [pid 83941] [client 31.171.130.111:0] script '/domains/hpveweb/Marvins.php' not found or unable to stat
[Tue Feb 17 03:26:43.535435 2026] [php:error] [pid 83941] [client 31.171.130.111:0] script '/domains/hpveweb/olux.php' not found or unable to stat
[Tue Feb 17 03:26:43.701405 2026] [php:error] [pid 83926] [client 194.61.40.147:0] script '/domains/schellin/classwithtostring.php' not found or unable to stat
[Tue Feb 17 03:26:43.854091 2026] [php:error] [pid 83941] [client 31.171.130.111:0] script '/domains/hpveweb/wso.php' not found or unable to stat
[Tue Feb 17 03:26:44.192758 2026] [php:error] [pid 83926] [client 194.61.40.147:0] script '/domains/schellin/wp-setup.php' not found or unable to stat
[Tue Feb 17 03:26:44.518068 2026] [php:error] [pid 83941] [client 31.171.130.111:0] script '/domains/hpveweb/uploader.php' not found or unable to stat
[Tue Feb 17 03:26:44.803697 2026] [php:error] [pid 83941] [client 31.171.130.111:0] script '/domains/hpveweb/1337.php' not found or unable to stat
[Tue Feb 17 03:26:45.108451 2026] [php:error] [pid 83941] [client 31.171.130.111:0] script '/domains/hpveweb/user.php' not found or unable to stat
[Tue Feb 17 03:26:45.414798 2026] [php:error] [pid 83941] [client 31.171.130.111:0] script '/domains/hpveweb/wp-info.php' not found or unable to stat
[Tue Feb 17 03:26:45.498574 2026] [php:error] [pid 83926] [client 194.61.40.147:0] script '/domains/schellin/wp-editor.php' not found or unable to stat
[Tue Feb 17 03:26:45.729838 2026] [php:error] [pid 83941] [client 31.171.130.111:0] script '/domains/hpveweb/wxo.php' not found or unable to stat
[Tue Feb 17 03:26:45.917405 2026] [php:error] [pid 83926] [client 194.61.40.147:0] script '/domains/schellin/wp-simple.php' not found or unable to stat
[Tue Feb 17 03:26:46.023956 2026] [php:error] [pid 83941] [client 31.171.130.111:0] script '/domains/hpveweb/amigo.php' not found or unable to stat
[Tue Feb 17 03:26:46.331034 2026] [php:error] [pid 83941] [client 31.171.130.111:0] script '/domains/hpveweb/yoi.php' not found or unable to stat
[Tue Feb 17 03:26:47.230008 2026] [php:error] [pid 83941] [client 31.171.130.111:0] script '/domains/hpveweb/wp-contentt.php' not found or unable to stat
[Tue Feb 17 03:26:47.544286 2026] [php:error] [pid 83941] [client 31.171.130.111:0] script '/domains/hpveweb/we1y8.php' not found or unable to stat
[Tue Feb 17 03:26:49.137801 2026] [php:error] [pid 83941] [client 31.171.130.111:0] script '/domains/hpveweb/hehe.php' not found or unable to stat
[Tue Feb 17 03:26:49.443432 2026] [php:error] [pid 83941] [client 31.171.130.111:0] script '/domains/hpveweb/post-data.php' not found or unable to stat
[Tue Feb 17 03:26:49.726486 2026] [php:error] [pid 83941] [client 31.171.130.111:0] script '/domains/hpveweb/w0.php' not found or unable to stat
[Tue Feb 17 03:26:49.791455 2026] [php:error] [pid 83926] [client 194.61.40.147:0] script '/domains/schellin/hehehehe.php' not found or unable to stat
[Tue Feb 17 03:26:50.033068 2026] [php:error] [pid 83941] [client 31.171.130.111:0] script '/domains/hpveweb/old-index.php' not found or unable to stat
[Tue Feb 17 03:26:50.345902 2026] [php:error] [pid 83941] [client 31.171.130.111:0] script '/domains/hpveweb/wsanon.php' not found or unable to stat
[Tue Feb 17 03:26:51.530838 2026] [php:error] [pid 83941] [client 31.171.130.111:0] script '/domains/hpveweb/indo.php' not found or unable to stat
[Tue Feb 17 03:26:51.689699 2026] [php:error] [pid 83966] [client 74.248.34.156:0] script '/domains/familyplayhouse2/wp-blog.php' not found or unable to stat
[Tue Feb 17 03:26:51.809611 2026] [php:error] [pid 83966] [client 74.248.34.156:0] script '/domains/familyplayhouse2/ge.php' not found or unable to stat
[Tue Feb 17 03:26:51.815267 2026] [php:error] [pid 83941] [client 31.171.130.111:0] script '/domains/hpveweb/beence.php' not found or unable to stat
[Tue Feb 17 03:26:51.914729 2026] [php:error] [pid 83966] [client 74.248.34.156:0] script '/domains/familyplayhouse2/class20.php' not found or unable to stat
[Tue Feb 17 03:26:52.038537 2026] [php:error] [pid 83966] [client 74.248.34.156:0] script '/domains/familyplayhouse2/ssxsl.php' not found or unable to stat
[Tue Feb 17 03:26:52.123777 2026] [php:error] [pid 83941] [client 31.171.130.111:0] script '/domains/hpveweb/indosec.php' not found or unable to stat
[Tue Feb 17 03:26:52.142198 2026] [php:error] [pid 83966] [client 74.248.34.156:0] script '/domains/familyplayhouse2/str.php' not found or unable to stat
[Tue Feb 17 03:26:52.315809 2026] [php:error] [pid 83966] [client 74.248.34.156:0] script '/domains/familyplayhouse2/xwpg.php' not found or unable to stat
[Tue Feb 17 03:26:52.410406 2026] [php:error] [pid 83941] [client 31.171.130.111:0] script '/domains/hpveweb/archives.php' not found or unable to stat
[Tue Feb 17 03:26:52.419564 2026] [php:error] [pid 83966] [client 74.248.34.156:0] script '/domains/familyplayhouse2/zz.php' not found or unable to stat
[Tue Feb 17 03:26:52.646386 2026] [php:error] [pid 83966] [client 74.248.34.156:0] script '/domains/familyplayhouse2/tanjiro.php' not found or unable to stat
[Tue Feb 17 03:26:52.737548 2026] [php:error] [pid 83941] [client 31.171.130.111:0] script '/domains/hpveweb/po8sa.php' not found or unable to stat
[Tue Feb 17 03:26:52.836912 2026] [php:error] [pid 83966] [client 74.248.34.156:0] script '/domains/familyplayhouse2/up.php' not found or unable to stat
[Tue Feb 17 03:26:53.006303 2026] [php:error] [pid 83966] [client 74.248.34.156:0] script '/domains/familyplayhouse2/class.php' not found or unable to stat
[Tue Feb 17 03:26:53.080752 2026] [php:error] [pid 83941] [client 31.171.130.111:0] script '/domains/hpveweb/thesmartestx.php' not found or unable to stat
[Tue Feb 17 03:26:53.126609 2026] [php:error] [pid 83966] [client 74.248.34.156:0] script '/domains/familyplayhouse2/nope.php' not found or unable to stat
[Tue Feb 17 03:26:53.236182 2026] [php:error] [pid 83966] [client 74.248.34.156:0] script '/domains/familyplayhouse2/kwm4.php' not found or unable to stat
[Tue Feb 17 03:26:53.339858 2026] [php:error] [pid 83966] [client 74.248.34.156:0] script '/domains/familyplayhouse2/wp-aa.php' not found or unable to stat
[Tue Feb 17 03:26:53.400326 2026] [php:error] [pid 83941] [client 31.171.130.111:0] script '/domains/hpveweb/zcanp.php' not found or unable to stat
[Tue Feb 17 03:26:53.452955 2026] [php:error] [pid 83966] [client 74.248.34.156:0] script '/domains/familyplayhouse2/byp.php' not found or unable to stat
[Tue Feb 17 03:26:53.558115 2026] [php:error] [pid 83966] [client 74.248.34.156:0] script '/domains/familyplayhouse2/0.php' not found or unable to stat
[Tue Feb 17 03:26:53.672230 2026] [php:error] [pid 83966] [client 74.248.34.156:0] script '/domains/familyplayhouse2/F0x.php' not found or unable to stat
[Tue Feb 17 03:26:53.776128 2026] [php:error] [pid 83966] [client 74.248.34.156:0] script '/domains/familyplayhouse2/wp-mail.php' not found or unable to stat
[Tue Feb 17 03:26:53.885655 2026] [php:error] [pid 83966] [client 74.248.34.156:0] script '/domains/familyplayhouse2/fan.php' not found or unable to stat
[Tue Feb 17 03:26:53.989754 2026] [php:error] [pid 83966] [client 74.248.34.156:0] script '/domains/familyplayhouse2/ztv.php' not found or unable to stat
[Tue Feb 17 03:26:54.096968 2026] [php:error] [pid 83966] [client 74.248.34.156:0] script '/domains/familyplayhouse2/bras.php' not found or unable to stat
[Tue Feb 17 03:26:54.272448 2026] [php:error] [pid 83966] [client 74.248.34.156:0] script '/domains/familyplayhouse2/wziar.php' not found or unable to stat
[Tue Feb 17 03:26:54.331526 2026] [php:error] [pid 83937] [client 31.171.130.151:0] script '/domains/hpveweb/pvt.php' not found or unable to stat
[Tue Feb 17 03:26:54.527634 2026] [php:error] [pid 83966] [client 74.248.34.156:0] script '/domains/familyplayhouse2/wpup.php' not found or unable to stat
[Tue Feb 17 03:26:54.729278 2026] [php:error] [pid 83937] [client 31.171.130.151:0] script '/domains/hpveweb/shell20211028.php' not found or unable to stat
[Tue Feb 17 03:26:54.754777 2026] [php:error] [pid 83966] [client 74.248.34.156:0] script '/domains/familyplayhouse2/x50.php' not found or unable to stat
[Tue Feb 17 03:26:54.898745 2026] [php:error] [pid 83966] [client 74.248.34.156:0] script '/domains/familyplayhouse2/ee.php' not found or unable to stat
[Tue Feb 17 03:26:55.003041 2026] [php:error] [pid 83966] [client 74.248.34.156:0] script '/domains/familyplayhouse2/xz89.php' not found or unable to stat
[Tue Feb 17 03:26:55.306576 2026] [php:error] [pid 83937] [client 31.171.130.151:0] script '/domains/hpveweb/crypted.php' not found or unable to stat
[Tue Feb 17 03:26:55.351838 2026] [php:error] [pid 83966] [client 74.248.34.156:0] script '/domains/familyplayhouse2/updates.php' not found or unable to stat
[Tue Feb 17 03:26:55.384274 2026] [php:error] [pid 83926] [client 194.61.40.147:0] script '/domains/schellin/header.php' not found or unable to stat
[Tue Feb 17 03:26:55.481117 2026] [php:error] [pid 83966] [client 74.248.34.156:0] script '/domains/familyplayhouse2/vxnxvgfw.php' not found or unable to stat
[Tue Feb 17 03:26:55.608776 2026] [php:error] [pid 83937] [client 31.171.130.151:0] script '/domains/hpveweb/h0110w4y.php' not found or unable to stat
[Tue Feb 17 03:26:55.681865 2026] [php:error] [pid 83966] [client 74.248.34.156:0] script '/domains/familyplayhouse2/mapi.php' not found or unable to stat
[Tue Feb 17 03:26:55.787387 2026] [php:error] [pid 83966] [client 74.248.34.156:0] script '/domains/familyplayhouse2/f2r4.php' not found or unable to stat
[Tue Feb 17 03:26:55.811420 2026] [php:error] [pid 83926] [client 194.61.40.147:0] script '/domains/schellin/gecko.php' not found or unable to stat
[Tue Feb 17 03:26:55.908404 2026] [php:error] [pid 83937] [client 31.171.130.151:0] script '/domains/hpveweb/vesiw.php' not found or unable to stat
[Tue Feb 17 03:26:55.918177 2026] [php:error] [pid 83966] [client 74.248.34.156:0] script '/domains/familyplayhouse2/item.php' not found or unable to stat
[Tue Feb 17 03:26:56.125424 2026] [php:error] [pid 83966] [client 74.248.34.156:0] script '/domains/familyplayhouse2/xse25.php' not found or unable to stat
[Tue Feb 17 03:26:56.197488 2026] [php:error] [pid 83937] [client 31.171.130.151:0] script '/domains/hpveweb/w.php' not found or unable to stat
[Tue Feb 17 03:26:56.272601 2026] [php:error] [pid 83966] [client 74.248.34.156:0] script '/domains/familyplayhouse2/sf9.php' not found or unable to stat
[Tue Feb 17 03:26:56.377203 2026] [php:error] [pid 83966] [client 74.248.34.156:0] script '/domains/familyplayhouse2/5b9ac.php' not found or unable to stat
[Tue Feb 17 03:26:56.509059 2026] [php:error] [pid 83937] [client 31.171.130.151:0] script '/domains/hpveweb/wp-db.php' not found or unable to stat
[Tue Feb 17 03:26:56.653198 2026] [php:error] [pid 83966] [client 74.248.34.156:0] script '/domains/familyplayhouse2/bolt.php' not found or unable to stat
[Tue Feb 17 03:26:56.783279 2026] [php:error] [pid 83966] [client 74.248.34.156:0] script '/domains/familyplayhouse2/dump.php' not found or unable to stat
[Tue Feb 17 03:26:56.887244 2026] [php:error] [pid 83966] [client 74.248.34.156:0] script '/domains/familyplayhouse2/xx.php' not found or unable to stat
[Tue Feb 17 03:26:57.052214 2026] [php:error] [pid 83966] [client 74.248.34.156:0] script '/domains/familyplayhouse2/Okxob.php' not found or unable to stat
[Tue Feb 17 03:26:57.382344 2026] [php:error] [pid 83966] [client 74.248.34.156:0] script '/domains/familyplayhouse2/a.php' not found or unable to stat
[Tue Feb 17 03:26:57.498012 2026] [php:error] [pid 83966] [client 74.248.34.156:0] script '/domains/familyplayhouse2/vx.php' not found or unable to stat
[Tue Feb 17 03:26:57.618439 2026] [php:error] [pid 83966] [client 74.248.34.156:0] script '/domains/familyplayhouse2/lock360.php' not found or unable to stat
[Tue Feb 17 03:26:57.720365 2026] [php:error] [pid 83937] [client 31.171.130.151:0] script '/domains/hpveweb/lx.php' not found or unable to stat
[Tue Feb 17 03:26:57.726194 2026] [php:error] [pid 83966] [client 74.248.34.156:0] script '/domains/familyplayhouse2/np.php' not found or unable to stat
[Tue Feb 17 03:26:57.830014 2026] [php:error] [pid 83966] [client 74.248.34.156:0] script '/domains/familyplayhouse2/tx1.php' not found or unable to stat
[Tue Feb 17 03:26:57.946041 2026] [php:error] [pid 83966] [client 74.248.34.156:0] script '/domains/familyplayhouse2/bs.php' not found or unable to stat
[Tue Feb 17 03:26:58.022523 2026] [php:error] [pid 83937] [client 31.171.130.151:0] script '/domains/hpveweb/tonant.php' not found or unable to stat
[Tue Feb 17 03:26:58.334854 2026] [php:error] [pid 83937] [client 31.171.130.151:0] script '/domains/hpveweb/f0x.php' not found or unable to stat
[Tue Feb 17 03:26:58.607135 2026] [php:error] [pid 83926] [client 194.61.40.147:0] script '/domains/schellin/bk.php' not found or unable to stat
[Tue Feb 17 03:26:58.617225 2026] [php:error] [pid 83937] [client 31.171.130.151:0] script '/domains/hpveweb/config.bak.php' not found or unable to stat
[Tue Feb 17 03:26:58.924279 2026] [php:error] [pid 83937] [client 31.171.130.151:0] script '/domains/hpveweb/bypass403.php' not found or unable to stat
[Tue Feb 17 03:26:59.221730 2026] [php:error] [pid 83937] [client 31.171.130.151:0] script '/domains/hpveweb/adminer.php' not found or unable to stat
[Tue Feb 17 03:26:59.544248 2026] [php:error] [pid 83937] [client 31.171.130.151:0] script '/domains/hpveweb/allahnaber.php' not found or unable to stat
[Tue Feb 17 03:26:59.826653 2026] [php:error] [pid 83937] [client 31.171.130.151:0] script '/domains/hpveweb/AK-74.php' not found or unable to stat
[Tue Feb 17 03:27:00.198168 2026] [php:error] [pid 83937] [client 31.171.130.151:0] script '/domains/hpveweb/alfa3.php' not found or unable to stat
[Tue Feb 17 03:27:00.493501 2026] [php:error] [pid 83937] [client 31.171.130.151:0] script '/domains/hpveweb/alfaindex.php' not found or unable to stat
[Tue Feb 17 03:27:00.906195 2026] [php:error] [pid 83937] [client 31.171.130.151:0] script '/domains/hpveweb/alfa.php' not found or unable to stat
[Tue Feb 17 03:27:01.212992 2026] [php:error] [pid 83937] [client 31.171.130.151:0] script '/domains/hpveweb/c99.php' not found or unable to stat
[Tue Feb 17 03:27:01.532289 2026] [php:error] [pid 83937] [client 31.171.130.151:0] script '/domains/hpveweb/cmd.php' not found or unable to stat
[Tue Feb 17 03:27:01.833380 2026] [php:error] [pid 83937] [client 31.171.130.151:0] script '/domains/hpveweb/cw.php' not found or unable to stat
[Tue Feb 17 03:27:02.112795 2026] [php:error] [pid 83937] [client 31.171.130.151:0] script '/domains/hpveweb/date.php' not found or unable to stat
[Tue Feb 17 03:27:02.421347 2026] [php:error] [pid 83937] [client 31.171.130.151:0] script '/domains/hpveweb/haxor.php' not found or unable to stat
[Tue Feb 17 03:27:02.705615 2026] [php:error] [pid 83937] [client 31.171.130.151:0] script '/domains/hpveweb/icomsium.php' not found or unable to stat
[Tue Feb 17 03:27:03.014522 2026] [php:error] [pid 83937] [client 31.171.130.151:0] script '/domains/hpveweb/ico.php' not found or unable to stat
[Tue Feb 17 03:27:03.327968 2026] [php:error] [pid 83937] [client 31.171.130.151:0] script '/domains/hpveweb/leaf.php' not found or unable to stat
[Tue Feb 17 03:27:03.689276 2026] [php:error] [pid 83937] [client 31.171.130.151:0] script '/domains/hpveweb/marijuana.php' not found or unable to stat
[Tue Feb 17 03:27:04.002483 2026] [php:error] [pid 83937] [client 31.171.130.151:0] script '/domains/hpveweb/mass.php' not found or unable to stat
[Tue Feb 17 03:27:04.196191 2026] [php:error] [pid 83961] [client 194.61.40.113:0] script '/domains/schellin/about.php' not found or unable to stat
[Tue Feb 17 03:27:04.320564 2026] [php:error] [pid 83937] [client 31.171.130.151:0] script '/domains/hpveweb/mini.php' not found or unable to stat
[Tue Feb 17 03:27:04.613192 2026] [php:error] [pid 83961] [client 194.61.40.113:0] script '/domains/schellin/sym.php' not found or unable to stat
[Tue Feb 17 03:27:04.629264 2026] [php:error] [pid 83937] [client 31.171.130.151:0] script '/domains/hpveweb/priv8.php' not found or unable to stat
[Tue Feb 17 03:27:04.925825 2026] [php:error] [pid 83937] [client 31.171.130.151:0] script '/domains/hpveweb/pws.php' not found or unable to stat
[Tue Feb 17 03:27:05.216970 2026] [php:error] [pid 83937] [client 31.171.130.151:0] script '/domains/hpveweb/r57.php' not found or unable to stat
[Tue Feb 17 03:27:05.498667 2026] [php:error] [pid 83937] [client 31.171.130.151:0] script '/domains/hpveweb/robots.php' not found or unable to stat
[Tue Feb 17 03:27:05.805746 2026] [php:error] [pid 83937] [client 31.171.130.151:0] script '/domains/hpveweb/snd.php' not found or unable to stat
[Tue Feb 17 03:27:06.387247 2026] [php:error] [pid 83937] [client 31.171.130.151:0] script '/domains/hpveweb/wp-class.php' not found or unable to stat
[Tue Feb 17 03:27:06.697894 2026] [php:error] [pid 83937] [client 31.171.130.151:0] script '/domains/hpveweb/new-index.php' not found or unable to stat
[Tue Feb 17 03:27:08.088261 2026] [php:error] [pid 83961] [client 194.61.40.113:0] script '/domains/schellin/sk.php' not found or unable to stat
[Tue Feb 17 03:27:10.615564 2026] [php:error] [pid 83964] [client 194.61.40.111:0] script '/domains/schellin/images/Marvins.php' not found or unable to stat
[Tue Feb 17 03:27:12.000038 2026] [php:error] [pid 83964] [client 194.61.40.111:0] script '/domains/schellin/images/index.php' not found or unable to stat
[Tue Feb 17 03:27:12.421790 2026] [php:error] [pid 83965] [client 195.178.110.33:0] script '/domains/takie/phpinfo.php' not found or unable to stat
[Tue Feb 17 03:27:13.491179 2026] [php:error] [pid 83968] [client 195.178.110.33:0] script '/domains/takie/_phpinfo.php' not found or unable to stat
[Tue Feb 17 03:27:14.102643 2026] [php:error] [pid 83964] [client 194.61.40.111:0] script '/domains/schellin/sys.php' not found or unable to stat
[Tue Feb 17 03:27:14.205941 2026] [php:error] [pid 83937] [client 31.171.130.151:0] script '/domains/hpveweb/class-wp-widget-archives.php' not found or unable to stat
[Tue Feb 17 03:27:15.518833 2026] [php:error] [pid 83964] [client 194.61.40.111:0] script '/domains/schellin/wp-user.php' not found or unable to stat
