[Tue Feb 17 02:52:39.003402 2026] [php:error] [pid 77641] [client 20.100.191.215:0] script '/domains/dcarlone/acfdr.php' not found or unable to stat
[Tue Feb 17 02:52:39.113511 2026] [php:error] [pid 77641] [client 20.100.191.215:0] script '/domains/dcarlone/init.php' not found or unable to stat
[Tue Feb 17 02:52:39.208857 2026] [php:error] [pid 77641] [client 20.100.191.215:0] script '/domains/dcarlone/themes.php' not found or unable to stat
[Tue Feb 17 02:52:39.313971 2026] [php:error] [pid 77641] [client 20.100.191.215:0] script '/domains/dcarlone/ff.php' not found or unable to stat
[Tue Feb 17 02:52:39.388534 2026] [php:error] [pid 77629] [client 35.247.243.246:0] script '/domains/machinadynamica/adminer-5.0.3-mysql-en.php' not found or unable to stat
[Tue Feb 17 02:52:39.409235 2026] [php:error] [pid 77641] [client 20.100.191.215:0] script '/domains/dcarlone/ak.php' not found or unable to stat
[Tue Feb 17 02:52:39.504651 2026] [php:error] [pid 77641] [client 20.100.191.215:0] script '/domains/dcarlone/bjfl.php' not found or unable to stat
[Tue Feb 17 02:52:39.623628 2026] [php:error] [pid 77641] [client 20.100.191.215:0] script '/domains/dcarlone/vx.php' not found or unable to stat
[Tue Feb 17 02:52:39.718847 2026] [php:error] [pid 77641] [client 20.100.191.215:0] script '/domains/dcarlone/jga.php' not found or unable to stat
[Tue Feb 17 02:52:39.822690 2026] [php:error] [pid 77641] [client 20.100.191.215:0] script '/domains/dcarlone/a4.php' not found or unable to stat
[Tue Feb 17 02:52:40.109408 2026] [php:error] [pid 77641] [client 20.100.191.215:0] script '/domains/dcarlone/inege.php' not found or unable to stat
[Tue Feb 17 02:52:40.623991 2026] [php:error] [pid 77636] [client 34.96.162.55:0] script '/domains/machinadynamica/adminer-5.4.1.php' not found or unable to stat
[Tue Feb 17 02:52:42.324983 2026] [php:error] [pid 77636] [client 20.111.44.121:0] script '/domains/brenties/pass4.php' not found or unable to stat
[Tue Feb 17 02:52:42.348894 2026] [php:error] [pid 77645] [client 35.247.243.244:0] script '/domains/machinadynamica/adminer-5.1.0.php' not found or unable to stat
[Tue Feb 17 02:52:42.686362 2026] [php:error] [pid 77636] [client 20.111.44.121:0] script '/domains/brenties/term.php' not found or unable to stat
[Tue Feb 17 02:52:42.780964 2026] [php:error] [pid 77636] [client 20.111.44.121:0] script '/domains/brenties/lp6.php' not found or unable to stat
[Tue Feb 17 02:52:42.866337 2026] [php:error] [pid 77636] [client 20.111.44.121:0] script '/domains/brenties/we.php' not found or unable to stat
[Tue Feb 17 02:52:42.967132 2026] [php:error] [pid 77636] [client 20.111.44.121:0] script '/domains/brenties/asax.php' not found or unable to stat
[Tue Feb 17 02:52:43.053104 2026] [php:error] [pid 77636] [client 20.111.44.121:0] script '/domains/brenties/co.php' not found or unable to stat
[Tue Feb 17 02:52:43.138151 2026] [php:error] [pid 77636] [client 20.111.44.121:0] script '/domains/brenties/wp-k3w6g9s4h2.php' not found or unable to stat
[Tue Feb 17 02:52:43.223727 2026] [php:error] [pid 77636] [client 20.111.44.121:0] script '/domains/brenties/ahax.php' not found or unable to stat
[Tue Feb 17 02:52:43.309570 2026] [php:error] [pid 77636] [client 20.111.44.121:0] script '/domains/brenties/Okxob.php' not found or unable to stat
[Tue Feb 17 02:52:43.394774 2026] [php:error] [pid 77636] [client 20.111.44.121:0] script '/domains/brenties/acfdr.php' not found or unable to stat
[Tue Feb 17 02:52:43.491994 2026] [php:error] [pid 77636] [client 20.111.44.121:0] script '/domains/brenties/init.php' not found or unable to stat
[Tue Feb 17 02:52:43.590184 2026] [php:error] [pid 77636] [client 20.111.44.121:0] script '/domains/brenties/themes.php' not found or unable to stat
[Tue Feb 17 02:52:43.675240 2026] [php:error] [pid 77636] [client 20.111.44.121:0] script '/domains/brenties/ff.php' not found or unable to stat
[Tue Feb 17 02:52:43.760850 2026] [php:error] [pid 77636] [client 20.111.44.121:0] script '/domains/brenties/ak.php' not found or unable to stat
[Tue Feb 17 02:52:43.846108 2026] [php:error] [pid 77636] [client 20.111.44.121:0] script '/domains/brenties/bjfl.php' not found or unable to stat
[Tue Feb 17 02:52:43.944595 2026] [php:error] [pid 77636] [client 20.111.44.121:0] script '/domains/brenties/vx.php' not found or unable to stat
[Tue Feb 17 02:52:44.039522 2026] [php:error] [pid 77636] [client 20.111.44.121:0] script '/domains/brenties/jga.php' not found or unable to stat
[Tue Feb 17 02:52:44.124532 2026] [php:error] [pid 77636] [client 20.111.44.121:0] script '/domains/brenties/a4.php' not found or unable to stat
[Tue Feb 17 02:52:44.310247 2026] [php:error] [pid 77636] [client 20.111.44.121:0] script '/domains/brenties/inege.php' not found or unable to stat
[Tue Feb 17 02:52:54.610741 2026] [php:error] [pid 77641] [client 34.96.162.49:0] script '/domains/machinadynamica/adminer-4.2.0.php' not found or unable to stat
[Tue Feb 17 02:52:56.363967 2026] [php:error] [pid 77644] [client 34.96.162.62:0] script '/domains/machinadynamica/adminer-5.1.1-mysql.php' not found or unable to stat
[Tue Feb 17 02:52:56.762732 2026] [php:error] [pid 77629] [client 35.247.243.250:0] script '/domains/machinadynamica/adminer-5.2.0.php' not found or unable to stat
[Tue Feb 17 02:53:14.837509 2026] [php:error] [pid 77648] [client 34.96.162.52:0] script '/domains/machinadynamica/adminer-5.3.0-mysql-en.php' not found or unable to stat
[Tue Feb 17 02:53:17.045826 2026] [php:error] [pid 77641] [client 35.247.243.252:0] script '/domains/machinadynamica/adminer-5.2.1-mysql.php' not found or unable to stat
[Tue Feb 17 02:53:25.296906 2026] [php:error] [pid 77651] [client 34.96.162.53:0] script '/domains/machinadynamica/adminer-5.0.3-en.php' not found or unable to stat
[Tue Feb 17 02:53:25.383425 2026] [php:error] [pid 77644] [client 4.232.88.90:0] script '/domains/brigadeweb/pass4.php' not found or unable to stat
[Tue Feb 17 02:53:25.482547 2026] [php:error] [pid 77644] [client 4.232.88.90:0] script '/domains/brigadeweb/term.php' not found or unable to stat
[Tue Feb 17 02:53:25.611744 2026] [php:error] [pid 77644] [client 4.232.88.90:0] script '/domains/brigadeweb/lp6.php' not found or unable to stat
[Tue Feb 17 02:53:25.706959 2026] [php:error] [pid 77644] [client 4.232.88.90:0] script '/domains/brigadeweb/we.php' not found or unable to stat
[Tue Feb 17 02:53:25.799067 2026] [php:error] [pid 77644] [client 4.232.88.90:0] script '/domains/brigadeweb/asax.php' not found or unable to stat
[Tue Feb 17 02:53:25.897838 2026] [php:error] [pid 77644] [client 4.232.88.90:0] script '/domains/brigadeweb/co.php' not found or unable to stat
[Tue Feb 17 02:53:25.989580 2026] [php:error] [pid 77644] [client 4.232.88.90:0] script '/domains/brigadeweb/wp-k3w6g9s4h2.php' not found or unable to stat
[Tue Feb 17 02:53:26.260487 2026] [php:error] [pid 77644] [client 4.232.88.90:0] script '/domains/brigadeweb/ahax.php' not found or unable to stat
[Tue Feb 17 02:53:26.352214 2026] [php:error] [pid 77644] [client 4.232.88.90:0] script '/domains/brigadeweb/Okxob.php' not found or unable to stat
[Tue Feb 17 02:53:26.444123 2026] [php:error] [pid 77644] [client 4.232.88.90:0] script '/domains/brigadeweb/acfdr.php' not found or unable to stat
[Tue Feb 17 02:53:26.542066 2026] [php:error] [pid 77644] [client 4.232.88.90:0] script '/domains/brigadeweb/init.php' not found or unable to stat
[Tue Feb 17 02:53:26.641417 2026] [php:error] [pid 77644] [client 4.232.88.90:0] script '/domains/brigadeweb/themes.php' not found or unable to stat
[Tue Feb 17 02:53:26.733053 2026] [php:error] [pid 77644] [client 4.232.88.90:0] script '/domains/brigadeweb/ff.php' not found or unable to stat
[Tue Feb 17 02:53:26.865273 2026] [php:error] [pid 77644] [client 4.232.88.90:0] script '/domains/brigadeweb/ak.php' not found or unable to stat
[Tue Feb 17 02:53:26.965603 2026] [php:error] [pid 77644] [client 4.232.88.90:0] script '/domains/brigadeweb/bjfl.php' not found or unable to stat
[Tue Feb 17 02:53:27.057257 2026] [php:error] [pid 77644] [client 4.232.88.90:0] script '/domains/brigadeweb/vx.php' not found or unable to stat
[Tue Feb 17 02:53:27.153211 2026] [php:error] [pid 77644] [client 4.232.88.90:0] script '/domains/brigadeweb/jga.php' not found or unable to stat
[Tue Feb 17 02:53:27.250550 2026] [php:error] [pid 77644] [client 4.232.88.90:0] script '/domains/brigadeweb/a4.php' not found or unable to stat
[Tue Feb 17 02:53:27.526513 2026] [php:error] [pid 77644] [client 4.232.88.90:0] script '/domains/brigadeweb/inege.php' not found or unable to stat
[Tue Feb 17 02:53:40.460792 2026] [php:error] [pid 77636] [client 35.247.243.246:0] script '/domains/machinadynamica/adminer-4.1.0.php' not found or unable to stat
[Tue Feb 17 02:53:45.556647 2026] [php:error] [pid 77648] [client 34.96.162.55:0] script '/domains/machinadynamica/DB.php' not found or unable to stat
[Tue Feb 17 02:53:45.705843 2026] [php:error] [pid 77654] [client 34.96.162.62:0] script '/domains/machinadynamica/_adminer.php' not found or unable to stat
[Tue Feb 17 02:53:47.964053 2026] [php:error] [pid 77651] [client 34.96.162.50:0] script '/domains/machinadynamica/unzipper.php' not found or unable to stat
[Tue Feb 17 02:53:48.653395 2026] [php:error] [pid 77651] [client 35.247.243.247:0] script '/domains/machinadynamica/adminer-5.0.3.php' not found or unable to stat
[Tue Feb 17 02:53:50.316866 2026] [php:error] [pid 77651] [client 20.111.62.157:0] script '/domains/carynm/pass4.php' not found or unable to stat
[Tue Feb 17 02:53:50.407631 2026] [php:error] [pid 77651] [client 20.111.62.157:0] script '/domains/carynm/term.php' not found or unable to stat
[Tue Feb 17 02:53:50.523160 2026] [php:error] [pid 77651] [client 20.111.62.157:0] script '/domains/carynm/lp6.php' not found or unable to stat
[Tue Feb 17 02:53:50.611512 2026] [php:error] [pid 77651] [client 20.111.62.157:0] script '/domains/carynm/we.php' not found or unable to stat
[Tue Feb 17 02:53:50.824316 2026] [php:error] [pid 77641] [client 35.247.243.247:0] script '/domains/machinadynamica/db.php' not found or unable to stat
[Tue Feb 17 02:53:50.934011 2026] [php:error] [pid 77651] [client 20.111.62.157:0] script '/domains/carynm/asax.php' not found or unable to stat
[Tue Feb 17 02:53:51.041478 2026] [php:error] [pid 77651] [client 20.111.62.157:0] script '/domains/carynm/co.php' not found or unable to stat
[Tue Feb 17 02:53:51.130370 2026] [php:error] [pid 77651] [client 20.111.62.157:0] script '/domains/carynm/wp-k3w6g9s4h2.php' not found or unable to stat
[Tue Feb 17 02:53:51.218875 2026] [php:error] [pid 77651] [client 20.111.62.157:0] script '/domains/carynm/ahax.php' not found or unable to stat
[Tue Feb 17 02:53:51.307384 2026] [php:error] [pid 77651] [client 20.111.62.157:0] script '/domains/carynm/Okxob.php' not found or unable to stat
[Tue Feb 17 02:53:51.414259 2026] [php:error] [pid 77651] [client 20.111.62.157:0] script '/domains/carynm/acfdr.php' not found or unable to stat
[Tue Feb 17 02:53:51.502734 2026] [php:error] [pid 77651] [client 20.111.62.157:0] script '/domains/carynm/init.php' not found or unable to stat
[Tue Feb 17 02:53:51.601943 2026] [php:error] [pid 77651] [client 20.111.62.157:0] script '/domains/carynm/themes.php' not found or unable to stat
[Tue Feb 17 02:53:51.703742 2026] [php:error] [pid 77651] [client 20.111.62.157:0] script '/domains/carynm/ff.php' not found or unable to stat
[Tue Feb 17 02:53:51.810365 2026] [php:error] [pid 77651] [client 20.111.62.157:0] script '/domains/carynm/ak.php' not found or unable to stat
[Tue Feb 17 02:53:51.910064 2026] [php:error] [pid 77651] [client 20.111.62.157:0] script '/domains/carynm/bjfl.php' not found or unable to stat
[Tue Feb 17 02:53:52.009363 2026] [php:error] [pid 77651] [client 20.111.62.157:0] script '/domains/carynm/vx.php' not found or unable to stat
[Tue Feb 17 02:53:52.097693 2026] [php:error] [pid 77651] [client 20.111.62.157:0] script '/domains/carynm/jga.php' not found or unable to stat
[Tue Feb 17 02:53:52.220352 2026] [php:error] [pid 77651] [client 20.111.62.157:0] script '/domains/carynm/a4.php' not found or unable to stat
[Tue Feb 17 02:53:52.403838 2026] [php:error] [pid 77651] [client 20.111.62.157:0] script '/domains/carynm/inege.php' not found or unable to stat
[Tue Feb 17 02:54:06.142923 2026] [php:error] [pid 77651] [client 34.96.162.54:0] script '/domains/machinadynamica/adminer-5.0.2-en.php' not found or unable to stat
[Tue Feb 17 02:54:09.840745 2026] [php:error] [pid 77636] [client 34.96.162.54:0] script '/domains/machinadynamica/adminer-5.2.1-mysql.php' not found or unable to stat
[Tue Feb 17 02:54:17.593132 2026] [php:error] [pid 77636] [client 34.96.162.48:0] script '/domains/machinadynamica/adminer-5.2.1-mysql-en.php' not found or unable to stat
[Tue Feb 17 02:54:25.997396 2026] [php:error] [pid 77644] [client 35.247.243.250:0] script '/domains/machinadynamica/adminer-4.16.0.php' not found or unable to stat
[Tue Feb 17 02:54:26.511010 2026] [php:error] [pid 77658] [client 34.96.162.57:0] script '/domains/machinadynamica/adminer-db.php' not found or unable to stat
[Tue Feb 17 02:54:36.825296 2026] [php:error] [pid 77654] [client 20.100.191.215:0] script '/domains/system_suspended/pass4.php' not found or unable to stat
[Tue Feb 17 02:54:36.860965 2026] [php:error] [pid 77636] [client 35.247.243.254:0] script '/domains/machinadynamica/adminer-4.2.5.php' not found or unable to stat
[Tue Feb 17 02:54:36.936844 2026] [php:error] [pid 77654] [client 20.100.191.215:0] script '/domains/system_suspended/term.php' not found or unable to stat
[Tue Feb 17 02:54:37.048877 2026] [php:error] [pid 77654] [client 20.100.191.215:0] script '/domains/system_suspended/lp6.php' not found or unable to stat
[Tue Feb 17 02:54:37.145253 2026] [php:error] [pid 77654] [client 20.100.191.215:0] script '/domains/system_suspended/we.php' not found or unable to stat
[Tue Feb 17 02:54:37.242704 2026] [php:error] [pid 77654] [client 20.100.191.215:0] script '/domains/system_suspended/asax.php' not found or unable to stat
[Tue Feb 17 02:54:37.357033 2026] [php:error] [pid 77654] [client 20.100.191.215:0] script '/domains/system_suspended/co.php' not found or unable to stat
[Tue Feb 17 02:54:37.453689 2026] [php:error] [pid 77654] [client 20.100.191.215:0] script '/domains/system_suspended/wp-k3w6g9s4h2.php' not found or unable to stat
[Tue Feb 17 02:54:37.573580 2026] [php:error] [pid 77654] [client 20.100.191.215:0] script '/domains/system_suspended/ahax.php' not found or unable to stat
[Tue Feb 17 02:54:37.679721 2026] [php:error] [pid 77654] [client 20.100.191.215:0] script '/domains/system_suspended/Okxob.php' not found or unable to stat
[Tue Feb 17 02:54:37.775890 2026] [php:error] [pid 77654] [client 20.100.191.215:0] script '/domains/system_suspended/acfdr.php' not found or unable to stat
[Tue Feb 17 02:54:37.884925 2026] [php:error] [pid 77654] [client 20.100.191.215:0] script '/domains/system_suspended/init.php' not found or unable to stat
[Tue Feb 17 02:54:37.980994 2026] [php:error] [pid 77654] [client 20.100.191.215:0] script '/domains/system_suspended/themes.php' not found or unable to stat
[Tue Feb 17 02:54:38.077462 2026] [php:error] [pid 77654] [client 20.100.191.215:0] script '/domains/system_suspended/ff.php' not found or unable to stat
[Tue Feb 17 02:54:38.187552 2026] [php:error] [pid 77654] [client 20.100.191.215:0] script '/domains/system_suspended/ak.php' not found or unable to stat
[Tue Feb 17 02:54:38.283619 2026] [php:error] [pid 77654] [client 20.100.191.215:0] script '/domains/system_suspended/bjfl.php' not found or unable to stat
[Tue Feb 17 02:54:38.379789 2026] [php:error] [pid 77654] [client 20.100.191.215:0] script '/domains/system_suspended/vx.php' not found or unable to stat
[Tue Feb 17 02:54:38.475774 2026] [php:error] [pid 77654] [client 20.100.191.215:0] script '/domains/system_suspended/jga.php' not found or unable to stat
[Tue Feb 17 02:54:38.595437 2026] [php:error] [pid 77654] [client 20.100.191.215:0] script '/domains/system_suspended/a4.php' not found or unable to stat
[Tue Feb 17 02:54:38.798524 2026] [php:error] [pid 77654] [client 20.100.191.215:0] script '/domains/system_suspended/inege.php' not found or unable to stat
[Tue Feb 17 02:54:43.027137 2026] [core:crit] [pid 77659] (13)Permission denied: [client 114.119.157.82:0] AH00529: /domains/performancepartsinc/graphics/psd/.htaccess pcfg_openfile: unable to check htaccess file, ensure it is readable and that '/domains/performancepartsinc/graphics/psd/' is executable
[Tue Feb 17 02:54:50.539649 2026] [php:error] [pid 77641] [client 34.96.162.62:0] script '/domains/machinadynamica/_adminer.php' not found or unable to stat
[Tue Feb 17 02:54:53.023330 2026] [php:error] [pid 77659] [client 34.96.162.54:0] script '/domains/machinadynamica/adminer-5.0.3-en.php' not found or unable to stat
[Tue Feb 17 02:55:00.729641 2026] [php:error] [pid 77658] [client 34.96.162.58:0] script '/domains/machinadynamica/adminer-4.6.2.php' not found or unable to stat
[Tue Feb 17 02:55:07.371197 2026] [php:error] [pid 77636] [client 35.247.243.255:0] script '/domains/machinadynamica/adminer.php' not found or unable to stat
[Tue Feb 17 02:55:10.941739 2026] [php:error] [pid 77659] [client 35.247.243.249:0] script '/domains/machinadynamica/adminer-5.0.4-mysql.php' not found or unable to stat
[Tue Feb 17 02:55:13.014588 2026] [php:error] [pid 77636] [client 45.92.1.85:0] script '/domains/hdickens.enteract/xmlrpc.php' not found or unable to stat
[Tue Feb 17 02:55:18.004745 2026] [php:error] [pid 77658] [client 35.247.243.247:0] script '/domains/machinadynamica/adminer-5.2.0.php' not found or unable to stat
[Tue Feb 17 02:55:18.201647 2026] [php:error] [pid 77658] [client 35.247.243.253:0] script '/domains/machinadynamica/adminer-5.0.1-mysql.php' not found or unable to stat
[Tue Feb 17 02:55:19.356008 2026] [php:error] [pid 77641] [client 103.248.31.40:0] script '/domains/homesbyaudrey1/xmlrpc.php' not found or unable to stat
[Tue Feb 17 02:55:20.222856 2026] [php:error] [pid 77658] [client 34.96.162.58:0] script '/domains/machinadynamica/mydb.php' not found or unable to stat
[Tue Feb 17 02:55:22.153570 2026] [php:error] [pid 77636] [client 34.96.162.62:0] script '/domains/machinadynamica/adminer-5.0.3.php' not found or unable to stat
[Tue Feb 17 02:55:23.516058 2026] [php:error] [pid 77636] [client 34.96.162.53:0] script '/domains/machinadynamica/adminer-5.1.0-en.php' not found or unable to stat
[Tue Feb 17 02:55:23.698233 2026] [php:error] [pid 77658] [client 34.96.162.57:0] script '/domains/machinadynamica/adminer-4.8.1-en.php' not found or unable to stat
[Tue Feb 17 02:55:27.520866 2026] [php:error] [pid 77669] [client 157.66.56.19:0] script '/domains/fryer/wp-login.php' not found or unable to stat
[Tue Feb 17 02:55:28.916245 2026] [php:error] [pid 77669] [client 34.96.162.56:0] script '/domains/machinadynamica/SQL.php' not found or unable to stat
[Tue Feb 17 02:55:29.324831 2026] [php:error] [pid 77669] [client 34.96.162.59:0] script '/domains/machinadynamica/adminer-5.0.4-en.php' not found or unable to stat
[Tue Feb 17 02:55:31.579377 2026] [php:error] [pid 77669] [client 34.96.162.53:0] script '/domains/machinadynamica/adminer-5.0.5-en.php' not found or unable to stat
[Tue Feb 17 02:55:32.285469 2026] [php:error] [pid 77671] [client 35.247.243.242:0] script '/domains/machinadynamica/adminer-5.4.1-mysql-en.php' not found or unable to stat
[Tue Feb 17 02:55:32.879395 2026] [php:error] [pid 77669] [client 35.247.243.251:0] script '/domains/machinadynamica/adminer-4.2.5.php' not found or unable to stat
[Tue Feb 17 02:55:53.176891 2026] [php:error] [pid 77654] [client 34.96.162.59:0] script '/domains/machinadynamica/adminer-4.1.0.php' not found or unable to stat
[Tue Feb 17 02:55:55.014879 2026] [php:error] [pid 77654] [client 35.247.243.247:0] script '/domains/machinadynamica/adminer.php' not found or unable to stat
[Tue Feb 17 02:55:56.184293 2026] [php:error] [pid 77675] [client 34.96.162.58:0] script '/domains/machinadynamica/_adminer.php' not found or unable to stat
[Tue Feb 17 02:56:00.076573 2026] [php:error] [pid 77676] [client 20.100.195.34:0] script '/domains/rextrav/pass4.php' not found or unable to stat
[Tue Feb 17 02:56:00.174546 2026] [php:error] [pid 77676] [client 20.100.195.34:0] script '/domains/rextrav/term.php' not found or unable to stat
[Tue Feb 17 02:56:00.271798 2026] [php:error] [pid 77676] [client 20.100.195.34:0] script '/domains/rextrav/lp6.php' not found or unable to stat
[Tue Feb 17 02:56:00.383157 2026] [php:error] [pid 77676] [client 20.100.195.34:0] script '/domains/rextrav/we.php' not found or unable to stat
[Tue Feb 17 02:56:00.488098 2026] [php:error] [pid 77676] [client 20.100.195.34:0] script '/domains/rextrav/asax.php' not found or unable to stat
[Tue Feb 17 02:56:00.733560 2026] [php:error] [pid 77676] [client 20.100.195.34:0] script '/domains/rextrav/co.php' not found or unable to stat
[Tue Feb 17 02:56:00.830707 2026] [php:error] [pid 77676] [client 20.100.195.34:0] script '/domains/rextrav/wp-k3w6g9s4h2.php' not found or unable to stat
[Tue Feb 17 02:56:00.945659 2026] [php:error] [pid 77676] [client 20.100.195.34:0] script '/domains/rextrav/ahax.php' not found or unable to stat
[Tue Feb 17 02:56:01.140965 2026] [php:error] [pid 77676] [client 20.100.195.34:0] script '/domains/rextrav/Okxob.php' not found or unable to stat
[Tue Feb 17 02:56:01.250671 2026] [php:error] [pid 77676] [client 20.100.195.34:0] script '/domains/rextrav/acfdr.php' not found or unable to stat
[Tue Feb 17 02:56:01.347570 2026] [php:error] [pid 77676] [client 20.100.195.34:0] script '/domains/rextrav/init.php' not found or unable to stat
[Tue Feb 17 02:56:01.458751 2026] [php:error] [pid 77676] [client 20.100.195.34:0] script '/domains/rextrav/themes.php' not found or unable to stat
[Tue Feb 17 02:56:01.745775 2026] [php:error] [pid 77676] [client 20.100.195.34:0] script '/domains/rextrav/ff.php' not found or unable to stat
[Tue Feb 17 02:56:01.842842 2026] [php:error] [pid 77676] [client 20.100.195.34:0] script '/domains/rextrav/ak.php' not found or unable to stat
[Tue Feb 17 02:56:01.982203 2026] [php:error] [pid 77676] [client 20.100.195.34:0] script '/domains/rextrav/bjfl.php' not found or unable to stat
[Tue Feb 17 02:56:02.231676 2026] [php:error] [pid 77676] [client 20.100.195.34:0] script '/domains/rextrav/vx.php' not found or unable to stat
[Tue Feb 17 02:56:02.348973 2026] [php:error] [pid 77676] [client 20.100.195.34:0] script '/domains/rextrav/jga.php' not found or unable to stat
[Tue Feb 17 02:56:02.459191 2026] [php:error] [pid 77676] [client 20.100.195.34:0] script '/domains/rextrav/a4.php' not found or unable to stat
[Tue Feb 17 02:56:02.665153 2026] [php:error] [pid 77676] [client 20.100.195.34:0] script '/domains/rextrav/inege.php' not found or unable to stat
[Tue Feb 17 02:56:06.432721 2026] [php:error] [pid 77681] [client 34.96.162.58:0] script '/domains/machinadynamica/adminer-5.0.5-mysql.php' not found or unable to stat
[Tue Feb 17 02:56:19.011193 2026] [php:error] [pid 77684] [client 35.247.243.253:0] script '/domains/machinadynamica/adminer-5.0.5-en.php' not found or unable to stat
[Tue Feb 17 02:56:31.605780 2026] [php:error] [pid 77684] [client 35.247.243.242:0] script '/domains/machinadynamica/adminer-5.0.2-mysql-en.php' not found or unable to stat
[Tue Feb 17 02:56:45.700391 2026] [php:error] [pid 77688] [client 34.96.162.51:0] script '/domains/machinadynamica/adminer-5.1.1.php' not found or unable to stat
[Tue Feb 17 02:56:45.702507 2026] [php:error] [pid 77687] [client 34.96.162.60:0] script '/domains/machinadynamica/adminer-5.3.0.php' not found or unable to stat
[Tue Feb 17 02:56:45.702751 2026] [php:error] [pid 77688] [client 34.96.162.63:0] script '/domains/machinadynamica/phpminiadmin.php' not found or unable to stat
[Tue Feb 17 02:56:46.650019 2026] [php:error] [pid 77688] [client 35.247.243.253:0] script '/domains/machinadynamica/adminer-5.0.3-mysql.php' not found or unable to stat
[Tue Feb 17 02:56:46.713659 2026] [php:error] [pid 77687] [client 35.247.243.242:0] script '/domains/machinadynamica/adminer-5.1.1-en.php' not found or unable to stat
[Tue Feb 17 02:56:50.376888 2026] [php:error] [pid 77681] [client 34.96.162.62:0] script '/domains/machinadynamica/adminer-5.4.0.php' not found or unable to stat
[Tue Feb 17 02:56:51.496318 2026] [php:error] [pid 77681] [client 169.150.203.202:0] script '/domains/wsmith.enteract/xmlrpc.php' not found or unable to stat
[Tue Feb 17 02:56:57.198732 2026] [php:error] [pid 77681] [client 35.247.243.250:0] script '/domains/machinadynamica/adminer-5.0.4-mysql.php' not found or unable to stat
[Tue Feb 17 02:56:57.714860 2026] [php:error] [pid 77685] [client 35.247.243.252:0] script '/domains/machinadynamica/unzipper.php' not found or unable to stat
[Tue Feb 17 02:56:58.536363 2026] [php:error] [pid 77687] [client 35.247.243.241:0] script '/domains/machinadynamica/adminer-5.1.1.php' not found or unable to stat
[Tue Feb 17 02:57:01.837302 2026] [php:error] [pid 77691] [client 34.96.162.52:0] script '/domains/machinadynamica/adminer-5.1.0-en.php' not found or unable to stat
[Tue Feb 17 02:57:07.310148 2026] [php:error] [pid 77691] [client 35.247.243.243:0] script '/domains/machinadynamica/adminer-4.7.2.php' not found or unable to stat
[Tue Feb 17 02:57:07.942690 2026] [php:error] [pid 77692] [client 34.96.162.55:0] script '/domains/machinadynamica/adminer-4.7.7.php' not found or unable to stat
[Tue Feb 17 02:57:10.684235 2026] [php:error] [pid 77687] [client 51.107.69.151:0] script '/domains/system_default/pass4.php' not found or unable to stat
[Tue Feb 17 02:57:11.035269 2026] [php:error] [pid 77687] [client 51.107.69.151:0] script '/domains/system_default/term.php' not found or unable to stat
[Tue Feb 17 02:57:11.270407 2026] [php:error] [pid 77687] [client 51.107.69.151:0] script '/domains/system_default/lp6.php' not found or unable to stat
[Tue Feb 17 02:57:11.579456 2026] [php:error] [pid 77687] [client 51.107.69.151:0] script '/domains/system_default/we.php' not found or unable to stat
[Tue Feb 17 02:57:11.928710 2026] [php:error] [pid 77687] [client 51.107.69.151:0] script '/domains/system_default/asax.php' not found or unable to stat
[Tue Feb 17 02:57:12.181103 2026] [php:error] [pid 77687] [client 51.107.69.151:0] script '/domains/system_default/co.php' not found or unable to stat
[Tue Feb 17 02:57:12.282060 2026] [php:error] [pid 77687] [client 51.107.69.151:0] script '/domains/system_default/wp-k3w6g9s4h2.php' not found or unable to stat
[Tue Feb 17 02:57:12.451153 2026] [php:error] [pid 77686] [client 34.96.162.48:0] script '/domains/machinadynamica/adminer-5.1.1-mysql.php' not found or unable to stat
[Tue Feb 17 02:57:12.451451 2026] [php:error] [pid 77691] [client 35.247.243.241:0] script '/domains/machinadynamica/adminer-5.0.3-en.php' not found or unable to stat
[Tue Feb 17 02:57:12.483807 2026] [php:error] [pid 77687] [client 51.107.69.151:0] script '/domains/system_default/ahax.php' not found or unable to stat
[Tue Feb 17 02:57:12.715276 2026] [php:error] [pid 77687] [client 51.107.69.151:0] script '/domains/system_default/Okxob.php' not found or unable to stat
[Tue Feb 17 02:57:12.822034 2026] [php:error] [pid 77687] [client 51.107.69.151:0] script '/domains/system_default/acfdr.php' not found or unable to stat
[Tue Feb 17 02:57:12.937944 2026] [php:error] [pid 77687] [client 51.107.69.151:0] script '/domains/system_default/init.php' not found or unable to stat
[Tue Feb 17 02:57:13.356873 2026] [php:error] [pid 77687] [client 51.107.69.151:0] script '/domains/system_default/themes.php' not found or unable to stat
[Tue Feb 17 02:57:13.567777 2026] [php:error] [pid 77687] [client 51.107.69.151:0] script '/domains/system_default/ff.php' not found or unable to stat
[Tue Feb 17 02:57:13.783859 2026] [php:error] [pid 77687] [client 51.107.69.151:0] script '/domains/system_default/ak.php' not found or unable to stat
[Tue Feb 17 02:57:13.987414 2026] [php:error] [pid 77687] [client 51.107.69.151:0] script '/domains/system_default/bjfl.php' not found or unable to stat
[Tue Feb 17 02:57:14.091880 2026] [php:error] [pid 77687] [client 51.107.69.151:0] script '/domains/system_default/vx.php' not found or unable to stat
[Tue Feb 17 02:57:14.291526 2026] [php:error] [pid 77687] [client 51.107.69.151:0] script '/domains/system_default/jga.php' not found or unable to stat
[Tue Feb 17 02:57:14.397018 2026] [php:error] [pid 77687] [client 51.107.69.151:0] script '/domains/system_default/a4.php' not found or unable to stat
[Tue Feb 17 02:57:15.017924 2026] [php:error] [pid 77687] [client 51.107.69.151:0] script '/domains/system_default/inege.php' not found or unable to stat
[Tue Feb 17 02:57:15.253744 2026] [php:error] [pid 77686] [client 20.166.38.178:0] script '/domains/apunderkofler/pass4.php' not found or unable to stat
[Tue Feb 17 02:57:15.398273 2026] [php:error] [pid 77686] [client 20.166.38.178:0] script '/domains/apunderkofler/term.php' not found or unable to stat
[Tue Feb 17 02:57:15.556028 2026] [php:error] [pid 77686] [client 20.166.38.178:0] script '/domains/apunderkofler/lp6.php' not found or unable to stat
[Tue Feb 17 02:57:15.815264 2026] [php:error] [pid 77686] [client 20.166.38.178:0] script '/domains/apunderkofler/we.php' not found or unable to stat
[Tue Feb 17 02:57:15.886150 2026] [php:error] [pid 77686] [client 20.166.38.178:0] script '/domains/apunderkofler/asax.php' not found or unable to stat
[Tue Feb 17 02:57:16.039923 2026] [php:error] [pid 77686] [client 20.166.38.178:0] script '/domains/apunderkofler/co.php' not found or unable to stat
[Tue Feb 17 02:57:16.115217 2026] [php:error] [pid 77686] [client 20.166.38.178:0] script '/domains/apunderkofler/wp-k3w6g9s4h2.php' not found or unable to stat
[Tue Feb 17 02:57:16.185790 2026] [php:error] [pid 77686] [client 20.166.38.178:0] script '/domains/apunderkofler/ahax.php' not found or unable to stat
[Tue Feb 17 02:57:16.256348 2026] [php:error] [pid 77686] [client 20.166.38.178:0] script '/domains/apunderkofler/Okxob.php' not found or unable to stat
[Tue Feb 17 02:57:16.329488 2026] [php:error] [pid 77686] [client 20.166.38.178:0] script '/domains/apunderkofler/acfdr.php' not found or unable to stat
[Tue Feb 17 02:57:16.494421 2026] [php:error] [pid 77686] [client 20.166.38.178:0] script '/domains/apunderkofler/init.php' not found or unable to stat
[Tue Feb 17 02:57:16.576764 2026] [php:error] [pid 77686] [client 20.166.38.178:0] script '/domains/apunderkofler/themes.php' not found or unable to stat
[Tue Feb 17 02:57:16.655381 2026] [php:error] [pid 77686] [client 20.166.38.178:0] script '/domains/apunderkofler/ff.php' not found or unable to stat
[Tue Feb 17 02:57:16.772272 2026] [php:error] [pid 77686] [client 20.166.38.178:0] script '/domains/apunderkofler/ak.php' not found or unable to stat
[Tue Feb 17 02:57:16.842650 2026] [php:error] [pid 77686] [client 20.166.38.178:0] script '/domains/apunderkofler/bjfl.php' not found or unable to stat
[Tue Feb 17 02:57:16.914386 2026] [php:error] [pid 77686] [client 20.166.38.178:0] script '/domains/apunderkofler/vx.php' not found or unable to stat
[Tue Feb 17 02:57:16.985464 2026] [php:error] [pid 77686] [client 20.166.38.178:0] script '/domains/apunderkofler/jga.php' not found or unable to stat
[Tue Feb 17 02:57:17.056097 2026] [php:error] [pid 77686] [client 20.166.38.178:0] script '/domains/apunderkofler/a4.php' not found or unable to stat
[Tue Feb 17 02:57:17.197292 2026] [php:error] [pid 77686] [client 20.166.38.178:0] script '/domains/apunderkofler/inege.php' not found or unable to stat
[Tue Feb 17 02:57:18.418385 2026] [php:error] [pid 77693] [client 34.96.162.54:0] script '/domains/machinadynamica/adminer-5.1.1-mysql-en.php' not found or unable to stat
[Tue Feb 17 02:57:18.578058 2026] [php:error] [pid 77694] [client 34.96.162.63:0] script '/domains/machinadynamica/adminer-5.0.2.php' not found or unable to stat
[Tue Feb 17 02:57:19.114439 2026] [php:error] [pid 77685] [client 35.247.243.253:0] script '/domains/machinadynamica/adminer-5.0.1-en.php' not found or unable to stat
[Tue Feb 17 02:57:31.752213 2026] [php:error] [pid 77696] [client 35.247.243.244:0] script '/domains/machinadynamica/db.php' not found or unable to stat
[Tue Feb 17 02:57:34.186677 2026] [php:error] [pid 77698] [client 34.96.162.55:0] script '/domains/machinadynamica/db.php' not found or unable to stat
[Tue Feb 17 02:57:35.165421 2026] [php:error] [pid 77686] [client 34.96.162.58:0] script '/domains/machinadynamica/adminer-5.0.5.php' not found or unable to stat
[Tue Feb 17 02:57:41.083913 2026] [php:error] [pid 77691] [client 35.247.243.247:0] script '/domains/machinadynamica/adminer-5.0.4.php' not found or unable to stat
[Tue Feb 17 02:57:43.176502 2026] [php:error] [pid 77695] [client 34.96.162.48:0] script '/domains/machinadynamica/adminer-4.7.7.php' not found or unable to stat
[Tue Feb 17 02:57:56.719509 2026] [php:error] [pid 77685] [client 34.96.162.50:0] script '/domains/machinadynamica/adminer-5.0.6-mysql.php' not found or unable to stat
[Tue Feb 17 02:57:57.099350 2026] [php:error] [pid 77698] [client 34.96.162.51:0] script '/domains/machinadynamica/adminer-5.1.1-en.php' not found or unable to stat
[Tue Feb 17 02:58:03.587727 2026] [php:error] [pid 77696] [client 35.247.243.242:0] script '/domains/machinadynamica/adminer-db.php' not found or unable to stat
[Tue Feb 17 02:58:03.659908 2026] [php:error] [pid 77685] [client 35.247.243.246:0] script '/domains/machinadynamica/adminer-4.7.3.php' not found or unable to stat
[Tue Feb 17 02:58:05.038021 2026] [php:error] [pid 77696] [client 34.96.162.54:0] script '/domains/machinadynamica/adminer-4.2.5.php' not found or unable to stat
[Tue Feb 17 02:58:05.804033 2026] [php:error] [pid 77698] [client 35.247.243.247:0] script '/domains/machinadynamica/adminer-5.4.1-en.php' not found or unable to stat
[Tue Feb 17 02:58:22.213332 2026] [php:error] [pid 77698] [client 34.96.162.52:0] script '/domains/machinadynamica/adminer-5.4.1.php' not found or unable to stat
[Tue Feb 17 02:58:22.543240 2026] [php:error] [pid 77685] [client 34.96.162.52:0] script '/domains/machinadynamica/adminer-5.4.1.php' not found or unable to stat
[Tue Feb 17 02:58:29.064331 2026] [php:error] [pid 77702] [client 34.96.162.57:0] script '/domains/machinadynamica/adminer-4.5.0.php' not found or unable to stat
[Tue Feb 17 02:58:29.190903 2026] [php:error] [pid 77698] [client 34.96.162.60:0] script '/domains/machinadynamica/adminer-5.0.1-mysql.php' not found or unable to stat
[Tue Feb 17 02:58:39.945363 2026] [php:error] [pid 77702] [client 35.247.243.246:0] script '/domains/machinadynamica/adminer-5.2.0-mysql-en.php' not found or unable to stat
[Tue Feb 17 02:58:42.174314 2026] [php:error] [pid 77702] [client 35.247.243.254:0] script '/domains/machinadynamica/adminer-4.7.3.php' not found or unable to stat
[Tue Feb 17 02:58:43.311909 2026] [php:error] [pid 77685] [client 34.96.162.61:0] script '/domains/machinadynamica/adminer-5.0.3-en.php' not found or unable to stat
[Tue Feb 17 02:58:43.611173 2026] [php:error] [pid 77685] [client 35.247.243.242:0] script '/domains/machinadynamica/adminer-4.1.0.php' not found or unable to stat
[Tue Feb 17 02:58:44.463185 2026] [php:error] [pid 77706] [client 35.247.243.245:0] script '/domains/machinadynamica/adminer-5.0.4.php' not found or unable to stat
[Tue Feb 17 02:58:56.925396 2026] [php:error] [pid 77696] [client 35.247.243.244:0] script '/domains/machinadynamica/adminer-5.0.5-en.php' not found or unable to stat
[Tue Feb 17 02:58:58.027165 2026] [php:error] [pid 77710] [client 34.96.162.56:0] script '/domains/machinadynamica/adminer-5.0.6-en.php' not found or unable to stat
[Tue Feb 17 02:58:58.047226 2026] [php:error] [pid 77704] [client 34.96.162.56:0] script '/domains/machinadynamica/adminer-5.0.4-mysql.php' not found or unable to stat
[Tue Feb 17 02:58:59.229537 2026] [php:error] [pid 77701] [client 34.96.162.63:0] script '/domains/machinadynamica/adminer-5.0.3.php' not found or unable to stat
[Tue Feb 17 02:59:02.365836 2026] [php:error] [pid 77701] [client 35.247.243.251:0] script '/domains/machinadynamica/adminer-5.0.3-mysql.php' not found or unable to stat
[Tue Feb 17 02:59:09.723078 2026] [php:error] [pid 77704] [client 35.247.243.245:0] script '/domains/machinadynamica/adminer-5.0.3-en.php' not found or unable to stat
[Tue Feb 17 02:59:10.852384 2026] [php:error] [pid 77704] [client 34.96.162.50:0] script '/domains/machinadynamica/adminer-5.3.0.php' not found or unable to stat
[Tue Feb 17 02:59:18.639567 2026] [php:error] [pid 77705] [client 34.96.162.48:0] script '/domains/machinadynamica/sql.php' not found or unable to stat
[Tue Feb 17 02:59:25.435153 2026] [php:error] [pid 77711] [client 35.247.243.241:0] script '/domains/machinadynamica/adminer-5.0.4-mysql-en.php' not found or unable to stat
[Tue Feb 17 02:59:26.581383 2026] [php:error] [pid 77710] [client 34.96.162.60:0] script '/domains/machinadynamica/adminer-4.2.5.php' not found or unable to stat
[Tue Feb 17 02:59:29.621108 2026] [php:error] [pid 77701] [client 20.166.38.178:0] script '/domains/system_suspended/pass4.php' not found or unable to stat
[Tue Feb 17 02:59:29.692788 2026] [php:error] [pid 77701] [client 20.166.38.178:0] script '/domains/system_suspended/term.php' not found or unable to stat
[Tue Feb 17 02:59:29.764460 2026] [php:error] [pid 77701] [client 20.166.38.178:0] script '/domains/system_suspended/lp6.php' not found or unable to stat
[Tue Feb 17 02:59:29.836303 2026] [php:error] [pid 77701] [client 20.166.38.178:0] script '/domains/system_suspended/we.php' not found or unable to stat
[Tue Feb 17 02:59:29.908104 2026] [php:error] [pid 77701] [client 20.166.38.178:0] script '/domains/system_suspended/asax.php' not found or unable to stat
[Tue Feb 17 02:59:29.979712 2026] [php:error] [pid 77701] [client 20.166.38.178:0] script '/domains/system_suspended/co.php' not found or unable to stat
[Tue Feb 17 02:59:30.056165 2026] [php:error] [pid 77701] [client 20.166.38.178:0] script '/domains/system_suspended/wp-k3w6g9s4h2.php' not found or unable to stat
[Tue Feb 17 02:59:30.128795 2026] [php:error] [pid 77701] [client 20.166.38.178:0] script '/domains/system_suspended/ahax.php' not found or unable to stat
[Tue Feb 17 02:59:30.215014 2026] [php:error] [pid 77701] [client 20.166.38.178:0] script '/domains/system_suspended/Okxob.php' not found or unable to stat
[Tue Feb 17 02:59:30.287043 2026] [php:error] [pid 77701] [client 20.166.38.178:0] script '/domains/system_suspended/acfdr.php' not found or unable to stat
[Tue Feb 17 02:59:30.408274 2026] [php:error] [pid 77701] [client 20.166.38.178:0] script '/domains/system_suspended/init.php' not found or unable to stat
[Tue Feb 17 02:59:30.481515 2026] [php:error] [pid 77701] [client 20.166.38.178:0] script '/domains/system_suspended/themes.php' not found or unable to stat
[Tue Feb 17 02:59:30.645974 2026] [php:error] [pid 77701] [client 20.166.38.178:0] script '/domains/system_suspended/ff.php' not found or unable to stat
[Tue Feb 17 02:59:30.736202 2026] [php:error] [pid 77701] [client 20.166.38.178:0] script '/domains/system_suspended/ak.php' not found or unable to stat
[Tue Feb 17 02:59:30.899094 2026] [php:error] [pid 77701] [client 20.166.38.178:0] script '/domains/system_suspended/bjfl.php' not found or unable to stat
[Tue Feb 17 02:59:30.971689 2026] [php:error] [pid 77701] [client 20.166.38.178:0] script '/domains/system_suspended/vx.php' not found or unable to stat
[Tue Feb 17 02:59:31.044194 2026] [php:error] [pid 77701] [client 20.166.38.178:0] script '/domains/system_suspended/jga.php' not found or unable to stat
[Tue Feb 17 02:59:31.124497 2026] [php:error] [pid 77701] [client 20.166.38.178:0] script '/domains/system_suspended/a4.php' not found or unable to stat
[Tue Feb 17 02:59:31.453823 2026] [php:error] [pid 77701] [client 20.166.38.178:0] script '/domains/system_suspended/inege.php' not found or unable to stat
[Tue Feb 17 02:59:34.103014 2026] [php:error] [pid 77685] [client 35.247.243.253:0] script '/domains/machinadynamica/adminer-5.3.0-en.php' not found or unable to stat
[Tue Feb 17 02:59:36.927574 2026] [php:error] [pid 77705] [client 167.172.221.95:0] script '/domains/homesbyaudrey1/xmlrpc.php' not found or unable to stat, referer: https://holidays.noudeal.mu//wp-login.php
[Tue Feb 17 02:59:38.876213 2026] [php:error] [pid 77705] [client 34.96.162.59:0] script '/domains/machinadynamica/adminer-4.7.7.php' not found or unable to stat
[Tue Feb 17 02:59:50.562355 2026] [php:error] [pid 77685] [client 35.247.243.251:0] script '/domains/machinadynamica/adminer-5.4.1.php' not found or unable to stat
[Tue Feb 17 02:59:57.725600 2026] [php:error] [pid 77721] [client 35.247.243.247:0] script '/domains/machinadynamica/adminer-5.4.0-mysql-en.php' not found or unable to stat
[Tue Feb 17 02:59:57.785922 2026] [php:error] [pid 77720] [client 35.247.243.255:0] script '/domains/machinadynamica/adminer-5.0.0-mysql.php' not found or unable to stat
[Tue Feb 17 03:00:08.889084 2026] [php:error] [pid 77720] [client 35.247.243.255:0] script '/domains/machinadynamica/adminer-5.0.2-mysql-en.php' not found or unable to stat
[Tue Feb 17 03:00:14.876045 2026] [php:error] [pid 77714] [client 34.96.162.55:0] script '/domains/machinadynamica/adminer-5.4.0.php' not found or unable to stat
[Tue Feb 17 03:00:14.986908 2026] [php:error] [pid 77685] [client 34.96.162.55:0] script '/domains/machinadynamica/adminer-5.4.1-en.php' not found or unable to stat
[Tue Feb 17 03:00:21.004680 2026] [php:error] [pid 77701] [client 34.96.162.55:0] script '/domains/machinadynamica/adminer-5.0.4.php' not found or unable to stat
[Tue Feb 17 03:00:26.801556 2026] [php:error] [pid 77736] [client 35.247.243.253:0] script '/domains/machinadynamica/adminer-5.4.1.php' not found or unable to stat
[Tue Feb 17 03:00:33.609218 2026] [php:error] [pid 77720] [client 35.247.243.246:0] script '/domains/machinadynamica/adminer-5.0.3.php' not found or unable to stat
[Tue Feb 17 03:00:35.271472 2026] [php:error] [pid 77714] [client 35.247.243.249:0] script '/domains/machinadynamica/adminer-db.php' not found or unable to stat
[Tue Feb 17 03:00:35.625511 2026] [php:error] [pid 77701] [client 34.96.162.49:0] script '/domains/machinadynamica/adminer-5.4.0-mysql-en.php' not found or unable to stat
[Tue Feb 17 03:00:37.563033 2026] [php:error] [pid 77738] [client 34.96.162.50:0] script '/domains/machinadynamica/adminer-5.0.5-mysql-en.php' not found or unable to stat
[Tue Feb 17 03:00:37.851889 2026] [php:error] [pid 77739] [client 35.247.243.248:0] script '/domains/machinadynamica/adminer-5.4.0-mysql.php' not found or unable to stat
[Tue Feb 17 03:00:39.778186 2026] [php:error] [pid 77739] [client 34.96.162.57:0] script '/domains/machinadynamica/adminer-4.7.1.php' not found or unable to stat
[Tue Feb 17 03:00:42.623465 2026] [php:error] [pid 77738] [client 35.247.243.245:0] script '/domains/machinadynamica/adminer-5.1.1-mysql-en.php' not found or unable to stat
[Tue Feb 17 03:00:43.842318 2026] [php:error] [pid 77685] [client 34.96.162.52:0] script '/domains/machinadynamica/adminer-4.7.1.php' not found or unable to stat
[Tue Feb 17 03:00:45.183192 2026] [php:error] [pid 77685] [client 35.247.243.247:0] script '/domains/machinadynamica/adminer-5.0.0-mysql-en.php' not found or unable to stat
[Tue Feb 17 03:00:52.623560 2026] [php:error] [pid 77714] [client 34.96.162.54:0] script '/domains/machinadynamica/adminer-4.3.0.php' not found or unable to stat
[Tue Feb 17 03:00:53.744158 2026] [php:error] [pid 77685] [client 34.96.162.48:0] script '/domains/machinadynamica/adminer-5.0.0-mysql-en.php' not found or unable to stat
[Tue Feb 17 03:00:54.267341 2026] [php:error] [pid 77701] [client 34.96.162.51:0] script '/domains/machinadynamica/adminer-4.2.0.php' not found or unable to stat
[Tue Feb 17 03:00:56.511347 2026] [php:error] [pid 77740] [client 35.247.243.250:0] script '/domains/machinadynamica/adminer.php' not found or unable to stat
[Tue Feb 17 03:00:58.120058 2026] [php:error] [pid 77738] [client 35.247.243.241:0] script '/domains/machinadynamica/adminer-4.8.1.php' not found or unable to stat
[Tue Feb 17 03:01:01.819957 2026] [core:crit] [pid 77833] (13)Permission denied: [client 114.119.157.82:0] AH00529: /domains/performancepartsinc/graphics/psd/.htaccess pcfg_openfile: unable to check htaccess file, ensure it is readable and that '/domains/performancepartsinc/graphics/psd/' is executable, referer: http://www.performancepartsinc.com/graphics/psd/q.php?%2Freal-hookers-in-action%2F
[Tue Feb 17 03:01:05.544265 2026] [php:error] [pid 77738] [client 35.247.243.246:0] script '/domains/machinadynamica/adminer-5.3.0-mysql-en.php' not found or unable to stat
[Tue Feb 17 03:01:07.645351 2026] [php:error] [pid 77721] [client 35.247.243.246:0] script '/domains/machinadynamica/adminer-5.0.6-mysql.php' not found or unable to stat
[Tue Feb 17 03:01:10.802358 2026] [php:error] [pid 77742] [client 34.96.162.61:0] script '/domains/machinadynamica/adminer-5.3.0-en.php' not found or unable to stat
[Tue Feb 17 03:01:17.717315 2026] [php:error] [pid 77738] [client 35.247.243.247:0] script '/domains/machinadynamica/adminer-5.3.0-en.php' not found or unable to stat
[Tue Feb 17 03:01:19.223385 2026] [php:error] [pid 77741] [client 34.96.162.49:0] script '/domains/machinadynamica/adminer-4.6.1.php' not found or unable to stat
[Tue Feb 17 03:01:19.358830 2026] [php:error] [pid 77738] [client 35.247.243.253:0] script '/domains/machinadynamica/adminer-4.2.1.php' not found or unable to stat
[Tue Feb 17 03:01:22.762676 2026] [php:error] [pid 77746] [client 35.247.243.242:0] script '/domains/machinadynamica/adminer-4.7.7.php' not found or unable to stat
[Tue Feb 17 03:01:28.949968 2026] [php:error] [pid 77685] [client 34.96.162.51:0] script '/domains/machinadynamica/adminer-5.0.3.php' not found or unable to stat
[Tue Feb 17 03:01:36.179005 2026] [php:error] [pid 77742] [client 35.247.243.241:0] script '/domains/machinadynamica/adminer-5.0.5-en.php' not found or unable to stat
[Tue Feb 17 03:01:38.585781 2026] [php:error] [pid 77746] [client 34.96.162.53:0] script '/domains/machinadynamica/adminer-5.3.0-mysql.php' not found or unable to stat
[Tue Feb 17 03:01:43.108376 2026] [php:error] [pid 77721] [client 34.96.162.55:0] script '/domains/machinadynamica/adminer-5.2.1-mysql-en.php' not found or unable to stat
[Tue Feb 17 03:01:50.423268 2026] [php:error] [pid 77742] [client 35.247.243.241:0] script '/domains/machinadynamica/adminer-5.0.4-mysql-en.php' not found or unable to stat
[Tue Feb 17 03:01:52.764949 2026] [php:error] [pid 78075] [client 34.96.162.62:0] script '/domains/machinadynamica/adminer-5.4.1-mysql-en.php' not found or unable to stat
[Tue Feb 17 03:02:04.182591 2026] [php:error] [pid 78078] [client 35.247.243.251:0] script '/domains/machinadynamica/mydb.php' not found or unable to stat
[Tue Feb 17 03:02:06.946067 2026] [php:error] [pid 78083] [client 34.96.162.48:0] script '/domains/machinadynamica/adminer-4.8.1-mysql-en.php' not found or unable to stat
[Tue Feb 17 03:02:08.147143 2026] [php:error] [pid 78084] [client 35.247.243.244:0] script '/domains/machinadynamica/adminer-5.0.3-mysql-en.php' not found or unable to stat
[Tue Feb 17 03:02:09.943824 2026] [php:error] [pid 78087] [client 34.96.162.56:0] script '/domains/machinadynamica/adminer-5.0.5.php' not found or unable to stat
[Tue Feb 17 03:02:10.638592 2026] [php:error] [pid 78083] [client 34.96.162.57:0] script '/domains/machinadynamica/adminer-4.8.1-mysql-en.php' not found or unable to stat
[Tue Feb 17 03:02:10.788677 2026] [php:error] [pid 78072] [client 35.247.243.254:0] script '/domains/machinadynamica/adminer-5.0.3-mysql.php' not found or unable to stat
[Tue Feb 17 03:02:11.312134 2026] [php:error] [pid 78083] [client 35.247.243.240:0] script '/domains/machinadynamica/adminer-5.2.1-en.php' not found or unable to stat
[Tue Feb 17 03:02:11.672253 2026] [php:error] [pid 78072] [client 34.96.162.58:0] script '/domains/machinadynamica/adminer-5.0.4-mysql.php' not found or unable to stat
[Tue Feb 17 03:02:12.955973 2026] [php:error] [pid 78072] [client 34.96.162.55:0] script '/domains/machinadynamica/adminer-4.2.1.php' not found or unable to stat
[Tue Feb 17 03:02:15.211324 2026] [php:error] [pid 78080] [client 34.96.162.53:0] script '/domains/machinadynamica/adminer-5.1.0-mysql-en.php' not found or unable to stat
[Tue Feb 17 03:02:15.563534 2026] [php:error] [pid 78087] [client 34.96.162.52:0] script '/domains/machinadynamica/adminer-5.2.1.php' not found or unable to stat
[Tue Feb 17 03:02:17.922367 2026] [php:error] [pid 78081] [client 35.247.243.252:0] script '/domains/machinadynamica/adminer-5.0.2.php' not found or unable to stat
[Tue Feb 17 03:02:18.340492 2026] [php:error] [pid 78087] [client 34.96.162.49:0] script '/domains/machinadynamica/adminer-5.2.1-mysql-en.php' not found or unable to stat
[Tue Feb 17 03:02:24.218416 2026] [php:error] [pid 78074] [client 35.247.243.247:0] script '/domains/machinadynamica/adminer-4.16.0.php' not found or unable to stat
[Tue Feb 17 03:02:24.315095 2026] [php:error] [pid 78087] [client 13.74.146.113:0] script '/domains/system_default/pass4.php' not found or unable to stat
[Tue Feb 17 03:02:24.387258 2026] [php:error] [pid 78087] [client 13.74.146.113:0] script '/domains/system_default/term.php' not found or unable to stat
[Tue Feb 17 03:02:24.457827 2026] [php:error] [pid 78087] [client 13.74.146.113:0] script '/domains/system_default/lp6.php' not found or unable to stat
[Tue Feb 17 03:02:24.528240 2026] [php:error] [pid 78087] [client 13.74.146.113:0] script '/domains/system_default/we.php' not found or unable to stat
[Tue Feb 17 03:02:24.598968 2026] [php:error] [pid 78087] [client 13.74.146.113:0] script '/domains/system_default/asax.php' not found or unable to stat
[Tue Feb 17 03:02:24.669418 2026] [php:error] [pid 78087] [client 13.74.146.113:0] script '/domains/system_default/co.php' not found or unable to stat
