[Tue Feb 17 03:02:24.747917 2026] [php:error] [pid 78087] [client 13.74.146.113:0] script '/domains/system_default/wp-k3w6g9s4h2.php' not found or unable to stat
[Tue Feb 17 03:02:24.818672 2026] [php:error] [pid 78087] [client 13.74.146.113:0] script '/domains/system_default/ahax.php' not found or unable to stat
[Tue Feb 17 03:02:24.889828 2026] [php:error] [pid 78087] [client 13.74.146.113:0] script '/domains/system_default/Okxob.php' not found or unable to stat
[Tue Feb 17 03:02:24.971757 2026] [php:error] [pid 78087] [client 13.74.146.113:0] script '/domains/system_default/acfdr.php' not found or unable to stat
[Tue Feb 17 03:02:25.042761 2026] [php:error] [pid 78087] [client 13.74.146.113:0] script '/domains/system_default/init.php' not found or unable to stat
[Tue Feb 17 03:02:25.114347 2026] [php:error] [pid 78087] [client 13.74.146.113:0] script '/domains/system_default/themes.php' not found or unable to stat
[Tue Feb 17 03:02:25.192357 2026] [php:error] [pid 78087] [client 13.74.146.113:0] script '/domains/system_default/ff.php' not found or unable to stat
[Tue Feb 17 03:02:25.262910 2026] [php:error] [pid 78087] [client 13.74.146.113:0] script '/domains/system_default/ak.php' not found or unable to stat
[Tue Feb 17 03:02:25.333558 2026] [php:error] [pid 78087] [client 13.74.146.113:0] script '/domains/system_default/bjfl.php' not found or unable to stat
[Tue Feb 17 03:02:25.404396 2026] [php:error] [pid 78087] [client 13.74.146.113:0] script '/domains/system_default/vx.php' not found or unable to stat
[Tue Feb 17 03:02:25.475476 2026] [php:error] [pid 78087] [client 13.74.146.113:0] script '/domains/system_default/jga.php' not found or unable to stat
[Tue Feb 17 03:02:25.546522 2026] [php:error] [pid 78087] [client 13.74.146.113:0] script '/domains/system_default/a4.php' not found or unable to stat
[Tue Feb 17 03:02:25.687807 2026] [php:error] [pid 78087] [client 13.74.146.113:0] script '/domains/system_default/inege.php' not found or unable to stat
[Tue Feb 17 03:02:30.454896 2026] [php:error] [pid 78071] [client 34.96.162.58:0] script '/domains/machinadynamica/adminer-5.1.1-mysql.php' not found or unable to stat
[Tue Feb 17 03:02:32.058669 2026] [php:error] [pid 78078] [client 34.96.162.57:0] script '/domains/machinadynamica/adminer-5.0.3-mysql.php' not found or unable to stat
[Tue Feb 17 03:02:33.263425 2026] [php:error] [pid 78074] [client 34.96.162.58:0] script '/domains/machinadynamica/adminer-5.0.3-en.php' not found or unable to stat
[Tue Feb 17 03:02:33.548791 2026] [php:error] [pid 78087] [client 35.247.243.251:0] script '/domains/machinadynamica/adminer-5.1.1-mysql-en.php' not found or unable to stat
[Tue Feb 17 03:02:36.423597 2026] [php:error] [pid 78071] [client 35.247.243.246:0] script '/domains/machinadynamica/adminer-5.0.5-mysql-en.php' not found or unable to stat
[Tue Feb 17 03:02:42.645594 2026] [php:error] [pid 77742] [client 35.247.243.248:0] script '/domains/machinadynamica/adminer-5.0.6-mysql-en.php' not found or unable to stat
[Tue Feb 17 03:02:42.649246 2026] [php:error] [pid 78087] [client 34.96.162.52:0] script '/domains/machinadynamica/DB.php' not found or unable to stat
[Tue Feb 17 03:02:43.433168 2026] [php:error] [pid 77742] [client 117.68.86.161:0] script '/domains/ebon/a.php' not found or unable to stat, referer: http://www.nervepool.net/a.php
[Tue Feb 17 03:02:43.542410 2026] [php:error] [pid 78081] [client 34.96.162.52:0] script '/domains/machinadynamica/DB.php' not found or unable to stat
[Tue Feb 17 03:02:44.532742 2026] [php:error] [pid 78078] [client 35.247.243.243:0] script '/domains/machinadynamica/adminer-5.1.1.php' not found or unable to stat
[Tue Feb 17 03:02:48.095777 2026] [php:error] [pid 78071] [client 35.247.243.252:0] script '/domains/machinadynamica/adminer-5.0.4-mysql-en.php' not found or unable to stat
[Tue Feb 17 03:02:53.124825 2026] [php:error] [pid 78074] [client 34.96.162.53:0] script '/domains/machinadynamica/adminer-5.0.5-mysql-en.php' not found or unable to stat
[Tue Feb 17 03:02:54.475662 2026] [php:error] [pid 78071] [client 35.247.243.245:0] script '/domains/machinadynamica/adminer-5.2.1-mysql.php' not found or unable to stat
[Tue Feb 17 03:02:55.078747 2026] [php:error] [pid 78078] [client 34.96.162.56:0] script '/domains/machinadynamica/adminer-5.4.0.php' not found or unable to stat
[Tue Feb 17 03:02:56.661864 2026] [php:error] [pid 77742] [client 35.247.243.244:0] script '/domains/machinadynamica/adminer-4.2.1.php' not found or unable to stat
[Tue Feb 17 03:02:57.388720 2026] [php:error] [pid 78087] [client 35.247.243.250:0] script '/domains/machinadynamica/adminer-5.0.6-mysql.php' not found or unable to stat
[Tue Feb 17 03:03:12.186683 2026] [php:error] [pid 78071] [client 35.247.243.243:0] script '/domains/machinadynamica/SQL.php' not found or unable to stat
[Tue Feb 17 03:03:15.936297 2026] [php:error] [pid 78071] [client 35.247.243.244:0] script '/domains/machinadynamica/unzipper.php' not found or unable to stat
[Tue Feb 17 03:03:16.847608 2026] [php:error] [pid 77742] [client 34.96.162.60:0] script '/domains/machinadynamica/Adminer.php' not found or unable to stat
[Tue Feb 17 03:03:34.237656 2026] [php:error] [pid 78088] [client 34.96.162.58:0] script '/domains/machinadynamica/adminer-4.7.5.php' not found or unable to stat
[Tue Feb 17 03:03:35.060539 2026] [php:error] [pid 78074] [client 34.96.162.52:0] script '/domains/machinadynamica/adminer-4.7.1.php' not found or unable to stat
[Tue Feb 17 03:03:50.306520 2026] [php:error] [pid 78074] [client 35.247.243.255:0] script '/domains/machinadynamica/adminer-4.8.1.php' not found or unable to stat
[Tue Feb 17 03:04:05.804434 2026] [php:error] [pid 78092] [client 34.96.162.58:0] script '/domains/machinadynamica/adminer-5.4.0-mysql.php' not found or unable to stat
[Tue Feb 17 03:04:06.768345 2026] [php:error] [pid 78092] [client 34.96.162.57:0] script '/domains/machinadynamica/adminer-4.8.1.php' not found or unable to stat
[Tue Feb 17 03:04:09.750851 2026] [php:error] [pid 78093] [client 35.247.243.247:0] script '/domains/machinadynamica/adminer-4.3.0.php' not found or unable to stat
[Tue Feb 17 03:04:14.146541 2026] [php:error] [pid 78078] [client 34.96.162.57:0] script '/domains/machinadynamica/adminer-5.2.0.php' not found or unable to stat
[Tue Feb 17 03:04:15.461828 2026] [php:error] [pid 78095] [client 34.96.162.61:0] script '/domains/machinadynamica/adminer-5.1.0-mysql.php' not found or unable to stat
[Tue Feb 17 03:04:34.647142 2026] [php:error] [pid 78098] [client 34.96.162.52:0] script '/domains/machinadynamica/adminer-5.0.0-en.php' not found or unable to stat
[Tue Feb 17 03:04:43.012249 2026] [php:error] [pid 78104] [client 35.247.243.250:0] script '/domains/machinadynamica/adminer-5.0.5-mysql-en.php' not found or unable to stat
[Tue Feb 17 03:04:48.196173 2026] [php:error] [pid 78105] [client 34.96.162.60:0] script '/domains/machinadynamica/adminer-4.7.5.php' not found or unable to stat
[Tue Feb 17 03:04:56.851505 2026] [php:error] [pid 78099] [client 35.247.243.242:0] script '/domains/machinadynamica/adminer-5.4.1-mysql-en.php' not found or unable to stat
[Tue Feb 17 03:04:57.600396 2026] [php:error] [pid 78105] [client 35.247.243.244:0] script '/domains/machinadynamica/adminer-4.8.1-mysql.php' not found or unable to stat
[Tue Feb 17 03:04:58.084707 2026] [php:error] [pid 78097] [client 34.96.162.57:0] script '/domains/machinadynamica/adminer-4.6.1.php' not found or unable to stat
[Tue Feb 17 03:04:58.530614 2026] [php:error] [pid 78105] [client 34.96.162.57:0] script '/domains/machinadynamica/DB.php' not found or unable to stat
[Tue Feb 17 03:05:00.130956 2026] [php:error] [pid 78105] [client 34.96.162.51:0] script '/domains/machinadynamica/adminer-5.0.5.php' not found or unable to stat
[Tue Feb 17 03:05:15.795225 2026] [php:error] [pid 78105] [client 35.247.243.247:0] script '/domains/machinadynamica/_adminer.php' not found or unable to stat
[Tue Feb 17 03:05:16.684158 2026] [php:error] [pid 78097] [client 34.96.162.60:0] script '/domains/machinadynamica/adminer-5.0.0-mysql.php' not found or unable to stat
[Tue Feb 17 03:05:18.281092 2026] [php:error] [pid 78099] [client 20.238.87.60:0] script '/domains/trodine/pass4.php' not found or unable to stat
[Tue Feb 17 03:05:18.354469 2026] [php:error] [pid 78099] [client 20.238.87.60:0] script '/domains/trodine/term.php' not found or unable to stat
[Tue Feb 17 03:05:18.427328 2026] [php:error] [pid 78099] [client 20.238.87.60:0] script '/domains/trodine/lp6.php' not found or unable to stat
[Tue Feb 17 03:05:18.500421 2026] [php:error] [pid 78099] [client 20.238.87.60:0] script '/domains/trodine/we.php' not found or unable to stat
[Tue Feb 17 03:05:18.573080 2026] [php:error] [pid 78099] [client 20.238.87.60:0] script '/domains/trodine/asax.php' not found or unable to stat
[Tue Feb 17 03:05:18.653126 2026] [php:error] [pid 78099] [client 20.238.87.60:0] script '/domains/trodine/co.php' not found or unable to stat
[Tue Feb 17 03:05:18.725825 2026] [php:error] [pid 78099] [client 20.238.87.60:0] script '/domains/trodine/wp-k3w6g9s4h2.php' not found or unable to stat
[Tue Feb 17 03:05:18.798461 2026] [php:error] [pid 78099] [client 20.238.87.60:0] script '/domains/trodine/ahax.php' not found or unable to stat
[Tue Feb 17 03:05:18.871106 2026] [php:error] [pid 78099] [client 20.238.87.60:0] script '/domains/trodine/Okxob.php' not found or unable to stat
[Tue Feb 17 03:05:18.943758 2026] [php:error] [pid 78099] [client 20.238.87.60:0] script '/domains/trodine/acfdr.php' not found or unable to stat
[Tue Feb 17 03:05:19.016502 2026] [php:error] [pid 78099] [client 20.238.87.60:0] script '/domains/trodine/init.php' not found or unable to stat
[Tue Feb 17 03:05:19.089675 2026] [php:error] [pid 78099] [client 20.238.87.60:0] script '/domains/trodine/themes.php' not found or unable to stat
[Tue Feb 17 03:05:19.163502 2026] [php:error] [pid 78099] [client 20.238.87.60:0] script '/domains/trodine/ff.php' not found or unable to stat
[Tue Feb 17 03:05:19.236527 2026] [php:error] [pid 78099] [client 20.238.87.60:0] script '/domains/trodine/ak.php' not found or unable to stat
[Tue Feb 17 03:05:19.309205 2026] [php:error] [pid 78099] [client 20.238.87.60:0] script '/domains/trodine/bjfl.php' not found or unable to stat
[Tue Feb 17 03:05:19.379014 2026] [php:error] [pid 78113] [client 35.247.243.250:0] script '/domains/machinadynamica/adminer.php' not found or unable to stat
[Tue Feb 17 03:05:19.381946 2026] [php:error] [pid 78099] [client 20.238.87.60:0] script '/domains/trodine/vx.php' not found or unable to stat
[Tue Feb 17 03:05:19.454807 2026] [php:error] [pid 78099] [client 20.238.87.60:0] script '/domains/trodine/jga.php' not found or unable to stat
[Tue Feb 17 03:05:19.527561 2026] [php:error] [pid 78099] [client 20.238.87.60:0] script '/domains/trodine/a4.php' not found or unable to stat
[Tue Feb 17 03:05:19.680436 2026] [php:error] [pid 78099] [client 20.238.87.60:0] script '/domains/trodine/inege.php' not found or unable to stat
[Tue Feb 17 03:05:21.943598 2026] [php:error] [pid 78114] [client 169.150.203.247:0] script '/domains/davidbacker/xmlrpc.php' not found or unable to stat
[Tue Feb 17 03:05:25.136706 2026] [php:error] [pid 78096] [client 35.247.243.254:0] script '/domains/machinadynamica/adminer-4.6.2.php' not found or unable to stat
[Tue Feb 17 03:05:38.594143 2026] [php:error] [pid 78099] [client 35.247.243.249:0] script '/domains/machinadynamica/adminer-4.6.1.php' not found or unable to stat
[Tue Feb 17 03:05:42.090066 2026] [php:error] [pid 78112] [client 34.96.162.55:0] script '/domains/machinadynamica/adminer-5.1.0-en.php' not found or unable to stat
[Tue Feb 17 03:05:51.195412 2026] [php:error] [pid 78106] [client 34.96.162.54:0] script '/domains/machinadynamica/adminer-4.6.0.php' not found or unable to stat
[Tue Feb 17 03:05:55.824388 2026] [php:error] [pid 78116] [client 34.96.162.61:0] script '/domains/machinadynamica/adminer-5.3.0.php' not found or unable to stat
[Tue Feb 17 03:06:00.198494 2026] [php:error] [pid 78099] [client 35.247.243.247:0] script '/domains/machinadynamica/adminer-4.7.1.php' not found or unable to stat
[Tue Feb 17 03:06:02.474228 2026] [core:crit] [pid 78117] (13)Permission denied: [client 54.89.90.224:0] AH00529: /domains/dcarlone/test/web/.htaccess pcfg_openfile: unable to check htaccess file, ensure it is readable and that '/domains/dcarlone/test/web/' is executable
[Tue Feb 17 03:06:04.029562 2026] [php:error] [pid 78099] [client 34.96.162.49:0] script '/domains/machinadynamica/adminer-4.8.1-mysql.php' not found or unable to stat
[Tue Feb 17 03:06:06.317724 2026] [php:error] [pid 78099] [client 35.247.243.244:0] script '/domains/machinadynamica/adminer-4.3.0.php' not found or unable to stat
[Tue Feb 17 03:06:08.345900 2026] [php:error] [pid 78114] [client 35.247.243.254:0] script '/domains/machinadynamica/adminer-5.4.0-en.php' not found or unable to stat
[Tue Feb 17 03:06:19.128260 2026] [php:error] [pid 78127] [client 34.96.162.63:0] script '/domains/machinadynamica/adminer-5.0.6.php' not found or unable to stat
[Tue Feb 17 03:06:25.260713 2026] [php:error] [pid 78116] [client 34.96.162.52:0] script '/domains/machinadynamica/adminer-5.0.3.php' not found or unable to stat
[Tue Feb 17 03:06:30.677532 2026] [php:error] [pid 78123] [client 35.247.243.255:0] script '/domains/machinadynamica/ADMINER.php' not found or unable to stat
[Tue Feb 17 03:06:34.333086 2026] [php:error] [pid 78125] [client 158.158.33.103:0] script '/domains/bels/pass4.php' not found or unable to stat
[Tue Feb 17 03:06:34.423082 2026] [php:error] [pid 78125] [client 158.158.33.103:0] script '/domains/bels/term.php' not found or unable to stat
[Tue Feb 17 03:06:34.518918 2026] [php:error] [pid 78125] [client 158.158.33.103:0] script '/domains/bels/lp6.php' not found or unable to stat
[Tue Feb 17 03:06:34.603481 2026] [php:error] [pid 78125] [client 158.158.33.103:0] script '/domains/bels/we.php' not found or unable to stat
[Tue Feb 17 03:06:34.688161 2026] [php:error] [pid 78125] [client 158.158.33.103:0] script '/domains/bels/asax.php' not found or unable to stat
[Tue Feb 17 03:06:34.787815 2026] [php:error] [pid 78125] [client 158.158.33.103:0] script '/domains/bels/co.php' not found or unable to stat
[Tue Feb 17 03:06:34.912532 2026] [php:error] [pid 78125] [client 158.158.33.103:0] script '/domains/bels/wp-k3w6g9s4h2.php' not found or unable to stat
[Tue Feb 17 03:06:35.136357 2026] [php:error] [pid 78125] [client 158.158.33.103:0] script '/domains/bels/ahax.php' not found or unable to stat
[Tue Feb 17 03:06:35.412370 2026] [php:error] [pid 78125] [client 158.158.33.103:0] script '/domains/bels/Okxob.php' not found or unable to stat
[Tue Feb 17 03:06:35.456314 2026] [php:error] [pid 78131] [client 35.247.243.252:0] script '/domains/machinadynamica/adminer-4.16.0.php' not found or unable to stat
[Tue Feb 17 03:06:35.499909 2026] [php:error] [pid 78125] [client 158.158.33.103:0] script '/domains/bels/acfdr.php' not found or unable to stat
[Tue Feb 17 03:06:35.554264 2026] [php:error] [pid 78117] [client 35.247.243.242:0] script '/domains/machinadynamica/adminer-4.4.0.php' not found or unable to stat
[Tue Feb 17 03:06:35.584579 2026] [php:error] [pid 78125] [client 158.158.33.103:0] script '/domains/bels/init.php' not found or unable to stat
[Tue Feb 17 03:06:35.669130 2026] [php:error] [pid 78125] [client 158.158.33.103:0] script '/domains/bels/themes.php' not found or unable to stat
[Tue Feb 17 03:06:35.768962 2026] [php:error] [pid 78125] [client 158.158.33.103:0] script '/domains/bels/ff.php' not found or unable to stat
[Tue Feb 17 03:06:35.854374 2026] [php:error] [pid 78125] [client 158.158.33.103:0] script '/domains/bels/ak.php' not found or unable to stat
[Tue Feb 17 03:06:35.938800 2026] [php:error] [pid 78125] [client 158.158.33.103:0] script '/domains/bels/bjfl.php' not found or unable to stat
[Tue Feb 17 03:06:36.023432 2026] [php:error] [pid 78125] [client 158.158.33.103:0] script '/domains/bels/vx.php' not found or unable to stat
[Tue Feb 17 03:06:36.120506 2026] [php:error] [pid 78125] [client 158.158.33.103:0] script '/domains/bels/jga.php' not found or unable to stat
[Tue Feb 17 03:06:36.205387 2026] [php:error] [pid 78125] [client 158.158.33.103:0] script '/domains/bels/a4.php' not found or unable to stat
[Tue Feb 17 03:06:36.395143 2026] [php:error] [pid 78125] [client 158.158.33.103:0] script '/domains/bels/inege.php' not found or unable to stat
[Tue Feb 17 03:06:41.079382 2026] [php:error] [pid 78132] [client 35.247.243.246:0] script '/domains/machinadynamica/adminer-5.1.0.php' not found or unable to stat
[Tue Feb 17 03:06:41.080812 2026] [php:error] [pid 78133] [client 35.247.243.251:0] script '/domains/machinadynamica/adminer-5.0.6-mysql.php' not found or unable to stat
[Tue Feb 17 03:06:41.080954 2026] [php:error] [pid 78132] [client 34.96.162.63:0] script '/domains/machinadynamica/adminer-5.0.1.php' not found or unable to stat
[Tue Feb 17 03:06:43.246517 2026] [php:error] [pid 78119] [client 35.247.243.247:0] script '/domains/machinadynamica/adminer-5.0.6-mysql.php' not found or unable to stat
[Tue Feb 17 03:06:44.273597 2026] [php:error] [pid 78119] [client 34.96.162.63:0] script '/domains/machinadynamica/adminer-4.8.1-mysql-en.php' not found or unable to stat
[Tue Feb 17 03:06:49.103859 2026] [php:error] [pid 78126] [client 154.47.20.210:0] script '/domains/hand-hammerweb/wp-login.php' not found or unable to stat
[Tue Feb 17 03:06:57.917680 2026] [php:error] [pid 78128] [client 35.247.243.255:0] script '/domains/machinadynamica/adminer-5.1.0-mysql.php' not found or unable to stat
[Tue Feb 17 03:07:04.155407 2026] [php:error] [pid 78119] [client 34.96.162.61:0] script '/domains/machinadynamica/adminer-4.8.1.php' not found or unable to stat
[Tue Feb 17 03:07:04.761960 2026] [php:error] [pid 78119] [client 34.96.162.48:0] script '/domains/machinadynamica/adminer-5.0.5.php' not found or unable to stat
[Tue Feb 17 03:07:05.457884 2026] [php:error] [pid 78119] [client 34.96.162.55:0] script '/domains/machinadynamica/adminer-5.0.4.php' not found or unable to stat
[Tue Feb 17 03:07:10.492373 2026] [php:error] [pid 78132] [client 34.96.162.63:0] script '/domains/machinadynamica/adminer-5.1.0.php' not found or unable to stat
[Tue Feb 17 03:07:11.502543 2026] [php:error] [pid 78131] [client 34.96.162.57:0] script '/domains/machinadynamica/adminer-5.0.6-mysql-en.php' not found or unable to stat
[Tue Feb 17 03:07:14.630860 2026] [php:error] [pid 78126] [client 34.96.162.57:0] script '/domains/machinadynamica/adminer-5.0.0-mysql-en.php' not found or unable to stat
[Tue Feb 17 03:07:20.017144 2026] [php:error] [pid 78137] [client 35.247.243.245:0] script '/domains/machinadynamica/adminer-5.0.0.php' not found or unable to stat
[Tue Feb 17 03:07:20.544822 2026] [php:error] [pid 78136] [client 34.96.162.59:0] script '/domains/machinadynamica/adminer-4.8.1.php' not found or unable to stat
[Tue Feb 17 03:07:25.689860 2026] [php:error] [pid 78134] [client 34.96.162.63:0] script '/domains/machinadynamica/ADMINER.php' not found or unable to stat
[Tue Feb 17 03:07:25.690247 2026] [php:error] [pid 78135] [client 34.96.162.53:0] script '/domains/machinadynamica/adminer-4.2.5.php' not found or unable to stat
[Tue Feb 17 03:07:28.400166 2026] [php:error] [pid 78131] [client 35.247.243.243:0] script '/domains/machinadynamica/adminer-4.3.0.php' not found or unable to stat
[Tue Feb 17 03:07:37.861256 2026] [php:error] [pid 78132] [client 34.96.162.57:0] script '/domains/machinadynamica/adminer-4.7.2.php' not found or unable to stat
[Tue Feb 17 03:07:39.998960 2026] [core:crit] [pid 78126] (13)Permission denied: [client 114.119.133.30:0] AH00529: /domains/performancepartsinc/graphics/psd/.htaccess pcfg_openfile: unable to check htaccess file, ensure it is readable and that '/domains/performancepartsinc/graphics/psd/' is executable, referer: http://www.performancepartsinc.com/graphics/psd/q.php?%2Fvolcan-local-singles%2F
[Tue Feb 17 03:07:51.337650 2026] [php:error] [pid 78126] [client 34.96.162.49:0] script '/domains/machinadynamica/adminer-5.0.4-en.php' not found or unable to stat
[Tue Feb 17 03:07:57.283909 2026] [php:error] [pid 78131] [client 35.247.243.243:0] script '/domains/machinadynamica/adminer-4.3.1.php' not found or unable to stat
[Tue Feb 17 03:08:05.146847 2026] [php:error] [pid 78141] [client 35.247.243.240:0] script '/domains/machinadynamica/adminer-5.0.3-mysql.php' not found or unable to stat
[Tue Feb 17 03:08:07.737510 2026] [php:error] [pid 78141] [client 35.247.243.247:0] script '/domains/machinadynamica/adminer-5.0.5-mysql.php' not found or unable to stat
[Tue Feb 17 03:08:20.596728 2026] [php:error] [pid 78126] [client 35.247.243.251:0] script '/domains/machinadynamica/adminer-5.1.0-en.php' not found or unable to stat
[Tue Feb 17 03:08:21.391178 2026] [php:error] [pid 78126] [client 5.252.20.2:0] script '/domains/abtechsci/wp-login.php' not found or unable to stat, referer: https://www.facebook.com/
[Tue Feb 17 03:08:21.545422 2026] [php:error] [pid 78143] [client 34.96.162.57:0] script '/domains/machinadynamica/adminer-5.2.0.php' not found or unable to stat
[Tue Feb 17 03:08:21.635539 2026] [php:error] [pid 78131] [client 5.252.20.2:0] script '/domains/abtechsci/wp-login.php' not found or unable to stat
[Tue Feb 17 03:08:21.677367 2026] [php:error] [pid 78139] [client 34.96.162.53:0] script '/domains/machinadynamica/unzipper.php' not found or unable to stat
[Tue Feb 17 03:08:21.775447 2026] [php:error] [pid 78143] [client 34.96.162.51:0] script '/domains/machinadynamica/adminer-4.3.0.php' not found or unable to stat
[Tue Feb 17 03:08:29.810457 2026] [php:error] [pid 78143] [client 35.247.243.241:0] script '/domains/machinadynamica/adminer-5.2.1-mysql.php' not found or unable to stat
[Tue Feb 17 03:08:29.950211 2026] [php:error] [pid 78131] [client 35.247.243.243:0] script '/domains/machinadynamica/adminer-5.0.1-mysql.php' not found or unable to stat
[Tue Feb 17 03:08:30.013988 2026] [php:error] [pid 78144] [client 35.247.243.251:0] script '/domains/machinadynamica/adminer-5.4.0.php' not found or unable to stat
[Tue Feb 17 03:08:36.393759 2026] [php:error] [pid 78143] [client 35.247.243.250:0] script '/domains/machinadynamica/adminer-5.4.1-en.php' not found or unable to stat
[Tue Feb 17 03:08:36.443999 2026] [php:error] [pid 78146] [client 34.96.162.59:0] script '/domains/machinadynamica/adminer-4.16.0.php' not found or unable to stat
[Tue Feb 17 03:08:39.203094 2026] [php:error] [pid 78131] [client 35.247.243.243:0] script '/domains/machinadynamica/adminer-4.5.0.php' not found or unable to stat
[Tue Feb 17 03:08:54.788213 2026] [php:error] [pid 78151] [client 35.247.243.245:0] script '/domains/machinadynamica/adminer-4.8.1-mysql-en.php' not found or unable to stat
[Tue Feb 17 03:08:58.140307 2026] [php:error] [pid 78148] [client 34.96.162.49:0] script '/domains/machinadynamica/ADMINER.php' not found or unable to stat
[Tue Feb 17 03:09:00.103472 2026] [php:error] [pid 78148] [client 34.96.162.56:0] script '/domains/machinadynamica/adminer-4.2.5.php' not found or unable to stat
[Tue Feb 17 03:09:01.882053 2026] [php:error] [pid 78153] [client 34.96.162.52:0] script '/domains/machinadynamica/adminer-4.6.1.php' not found or unable to stat
[Tue Feb 17 03:09:11.386854 2026] [php:error] [pid 78144] [client 35.247.243.250:0] script '/domains/machinadynamica/SQL.php' not found or unable to stat
[Tue Feb 17 03:09:26.525829 2026] [php:error] [pid 78153] [client 20.100.195.34:0] script '/domains/brigadeweb/pass4.php' not found or unable to stat
[Tue Feb 17 03:09:26.622968 2026] [php:error] [pid 78153] [client 20.100.195.34:0] script '/domains/brigadeweb/term.php' not found or unable to stat
[Tue Feb 17 03:09:26.719893 2026] [php:error] [pid 78153] [client 20.100.195.34:0] script '/domains/brigadeweb/lp6.php' not found or unable to stat
[Tue Feb 17 03:09:26.823757 2026] [php:error] [pid 78153] [client 20.100.195.34:0] script '/domains/brigadeweb/we.php' not found or unable to stat
[Tue Feb 17 03:09:26.926610 2026] [php:error] [pid 78153] [client 20.100.195.34:0] script '/domains/brigadeweb/asax.php' not found or unable to stat
[Tue Feb 17 03:09:27.050377 2026] [php:error] [pid 78153] [client 20.100.195.34:0] script '/domains/brigadeweb/co.php' not found or unable to stat
[Tue Feb 17 03:09:27.161003 2026] [php:error] [pid 78153] [client 20.100.195.34:0] script '/domains/brigadeweb/wp-k3w6g9s4h2.php' not found or unable to stat
[Tue Feb 17 03:09:27.413701 2026] [php:error] [pid 78153] [client 20.100.195.34:0] script '/domains/brigadeweb/ahax.php' not found or unable to stat
[Tue Feb 17 03:09:27.513362 2026] [php:error] [pid 78153] [client 20.100.195.34:0] script '/domains/brigadeweb/Okxob.php' not found or unable to stat
[Tue Feb 17 03:09:27.610164 2026] [php:error] [pid 78153] [client 20.100.195.34:0] script '/domains/brigadeweb/acfdr.php' not found or unable to stat
[Tue Feb 17 03:09:27.708607 2026] [php:error] [pid 78153] [client 20.100.195.34:0] script '/domains/brigadeweb/init.php' not found or unable to stat
[Tue Feb 17 03:09:27.815964 2026] [php:error] [pid 78153] [client 20.100.195.34:0] script '/domains/brigadeweb/themes.php' not found or unable to stat
[Tue Feb 17 03:09:27.912846 2026] [php:error] [pid 78153] [client 20.100.195.34:0] script '/domains/brigadeweb/ff.php' not found or unable to stat
[Tue Feb 17 03:09:28.019283 2026] [php:error] [pid 78153] [client 20.100.195.34:0] script '/domains/brigadeweb/ak.php' not found or unable to stat
[Tue Feb 17 03:09:28.116387 2026] [php:error] [pid 78153] [client 20.100.195.34:0] script '/domains/brigadeweb/bjfl.php' not found or unable to stat
[Tue Feb 17 03:09:28.217242 2026] [php:error] [pid 78153] [client 20.100.195.34:0] script '/domains/brigadeweb/vx.php' not found or unable to stat
[Tue Feb 17 03:09:28.466361 2026] [php:error] [pid 78153] [client 20.100.195.34:0] script '/domains/brigadeweb/jga.php' not found or unable to stat
[Tue Feb 17 03:09:28.565982 2026] [php:error] [pid 78153] [client 20.100.195.34:0] script '/domains/brigadeweb/a4.php' not found or unable to stat
[Tue Feb 17 03:09:28.776276 2026] [php:error] [pid 78153] [client 20.100.195.34:0] script '/domains/brigadeweb/inege.php' not found or unable to stat
[Tue Feb 17 03:09:28.992370 2026] [php:error] [pid 78152] [client 35.247.243.249:0] script '/domains/machinadynamica/adminer-4.7.0.php' not found or unable to stat
[Tue Feb 17 03:09:28.996796 2026] [php:error] [pid 78143] [client 34.96.162.49:0] script '/domains/machinadynamica/adminer-4.6.2.php' not found or unable to stat
[Tue Feb 17 03:09:40.200925 2026] [php:error] [pid 78154] [client 35.247.243.251:0] script '/domains/machinadynamica/adminer-4.3.1.php' not found or unable to stat
[Tue Feb 17 03:09:40.201016 2026] [php:error] [pid 78153] [client 34.96.162.50:0] script '/domains/machinadynamica/adminer-4.4.0.php' not found or unable to stat
[Tue Feb 17 03:09:45.138426 2026] [php:error] [pid 78154] [client 34.96.162.57:0] script '/domains/machinadynamica/adminer-5.0.0.php' not found or unable to stat
[Tue Feb 17 03:09:51.613695 2026] [php:error] [pid 78155] [client 20.238.87.60:0] script '/domains/gohover/pass4.php' not found or unable to stat
[Tue Feb 17 03:09:51.686541 2026] [php:error] [pid 78155] [client 20.238.87.60:0] script '/domains/gohover/term.php' not found or unable to stat
[Tue Feb 17 03:09:51.759695 2026] [php:error] [pid 78155] [client 20.238.87.60:0] script '/domains/gohover/lp6.php' not found or unable to stat
[Tue Feb 17 03:09:51.832687 2026] [php:error] [pid 78155] [client 20.238.87.60:0] script '/domains/gohover/we.php' not found or unable to stat
[Tue Feb 17 03:09:51.905537 2026] [php:error] [pid 78155] [client 20.238.87.60:0] script '/domains/gohover/asax.php' not found or unable to stat
[Tue Feb 17 03:09:51.950777 2026] [php:error] [pid 78159] [client 34.96.162.54:0] script '/domains/machinadynamica/adminer-4.6.1.php' not found or unable to stat
[Tue Feb 17 03:09:51.978149 2026] [php:error] [pid 78155] [client 20.238.87.60:0] script '/domains/gohover/co.php' not found or unable to stat
[Tue Feb 17 03:09:52.050969 2026] [php:error] [pid 78155] [client 20.238.87.60:0] script '/domains/gohover/wp-k3w6g9s4h2.php' not found or unable to stat
[Tue Feb 17 03:09:52.123506 2026] [php:error] [pid 78155] [client 20.238.87.60:0] script '/domains/gohover/ahax.php' not found or unable to stat
[Tue Feb 17 03:09:52.199058 2026] [php:error] [pid 78155] [client 20.238.87.60:0] script '/domains/gohover/Okxob.php' not found or unable to stat
[Tue Feb 17 03:09:52.271781 2026] [php:error] [pid 78155] [client 20.238.87.60:0] script '/domains/gohover/acfdr.php' not found or unable to stat
[Tue Feb 17 03:09:52.344426 2026] [php:error] [pid 78155] [client 20.238.87.60:0] script '/domains/gohover/init.php' not found or unable to stat
[Tue Feb 17 03:09:52.417234 2026] [php:error] [pid 78155] [client 20.238.87.60:0] script '/domains/gohover/themes.php' not found or unable to stat
[Tue Feb 17 03:09:52.490124 2026] [php:error] [pid 78155] [client 20.238.87.60:0] script '/domains/gohover/ff.php' not found or unable to stat
[Tue Feb 17 03:09:52.563242 2026] [php:error] [pid 78155] [client 20.238.87.60:0] script '/domains/gohover/ak.php' not found or unable to stat
[Tue Feb 17 03:09:52.636452 2026] [php:error] [pid 78155] [client 20.238.87.60:0] script '/domains/gohover/bjfl.php' not found or unable to stat
[Tue Feb 17 03:09:52.709311 2026] [php:error] [pid 78155] [client 20.238.87.60:0] script '/domains/gohover/vx.php' not found or unable to stat
[Tue Feb 17 03:09:52.781950 2026] [php:error] [pid 78155] [client 20.238.87.60:0] script '/domains/gohover/jga.php' not found or unable to stat
[Tue Feb 17 03:09:52.854544 2026] [php:error] [pid 78155] [client 20.238.87.60:0] script '/domains/gohover/a4.php' not found or unable to stat
[Tue Feb 17 03:09:52.999855 2026] [php:error] [pid 78155] [client 20.238.87.60:0] script '/domains/gohover/inege.php' not found or unable to stat
[Tue Feb 17 03:09:53.867352 2026] [php:error] [pid 78163] [client 34.96.162.49:0] script '/domains/machinadynamica/adminer-4.1.0.php' not found or unable to stat
[Tue Feb 17 03:09:55.578319 2026] [php:error] [pid 78143] [client 35.247.243.240:0] script '/domains/machinadynamica/adminer-5.0.5-mysql-en.php' not found or unable to stat
[Tue Feb 17 03:10:02.933003 2026] [php:error] [pid 78159] [client 34.96.162.61:0] script '/domains/machinadynamica/adminer-4.8.1-mysql.php' not found or unable to stat
[Tue Feb 17 03:10:03.501827 2026] [php:error] [pid 78155] [client 35.247.243.255:0] script '/domains/machinadynamica/adminer-5.0.3-mysql-en.php' not found or unable to stat
[Tue Feb 17 03:10:07.403104 2026] [php:error] [pid 78166] [client 35.247.243.240:0] script '/domains/machinadynamica/adminer-4.2.1.php' not found or unable to stat
[Tue Feb 17 03:10:12.888315 2026] [php:error] [pid 78166] [client 35.247.243.247:0] script '/domains/machinadynamica/adminer-5.0.6.php' not found or unable to stat
[Tue Feb 17 03:10:13.326470 2026] [php:error] [pid 78161] [client 35.247.243.249:0] script '/domains/machinadynamica/adminer-4.7.7.php' not found or unable to stat
[Tue Feb 17 03:10:17.321605 2026] [php:error] [pid 78144] [client 20.238.87.60:0] script '/domains/king1969/pass4.php' not found or unable to stat
[Tue Feb 17 03:10:17.393917 2026] [php:error] [pid 78144] [client 20.238.87.60:0] script '/domains/king1969/term.php' not found or unable to stat
[Tue Feb 17 03:10:17.470518 2026] [php:error] [pid 78144] [client 20.238.87.60:0] script '/domains/king1969/lp6.php' not found or unable to stat
[Tue Feb 17 03:10:17.542550 2026] [php:error] [pid 78144] [client 20.238.87.60:0] script '/domains/king1969/we.php' not found or unable to stat
[Tue Feb 17 03:10:17.615034 2026] [php:error] [pid 78144] [client 20.238.87.60:0] script '/domains/king1969/asax.php' not found or unable to stat
[Tue Feb 17 03:10:17.687288 2026] [php:error] [pid 78144] [client 20.238.87.60:0] script '/domains/king1969/co.php' not found or unable to stat
[Tue Feb 17 03:10:17.759255 2026] [php:error] [pid 78144] [client 20.238.87.60:0] script '/domains/king1969/wp-k3w6g9s4h2.php' not found or unable to stat
[Tue Feb 17 03:10:17.831226 2026] [php:error] [pid 78144] [client 20.238.87.60:0] script '/domains/king1969/ahax.php' not found or unable to stat
[Tue Feb 17 03:10:17.903929 2026] [php:error] [pid 78144] [client 20.238.87.60:0] script '/domains/king1969/Okxob.php' not found or unable to stat
[Tue Feb 17 03:10:17.977137 2026] [php:error] [pid 78144] [client 20.238.87.60:0] script '/domains/king1969/acfdr.php' not found or unable to stat
[Tue Feb 17 03:10:18.049693 2026] [php:error] [pid 78144] [client 20.238.87.60:0] script '/domains/king1969/init.php' not found or unable to stat
[Tue Feb 17 03:10:18.121734 2026] [php:error] [pid 78144] [client 20.238.87.60:0] script '/domains/king1969/themes.php' not found or unable to stat
[Tue Feb 17 03:10:18.193725 2026] [php:error] [pid 78144] [client 20.238.87.60:0] script '/domains/king1969/ff.php' not found or unable to stat
[Tue Feb 17 03:10:18.265702 2026] [php:error] [pid 78144] [client 20.238.87.60:0] script '/domains/king1969/ak.php' not found or unable to stat
[Tue Feb 17 03:10:18.342007 2026] [php:error] [pid 78144] [client 20.238.87.60:0] script '/domains/king1969/bjfl.php' not found or unable to stat
[Tue Feb 17 03:10:18.413991 2026] [php:error] [pid 78144] [client 20.238.87.60:0] script '/domains/king1969/vx.php' not found or unable to stat
[Tue Feb 17 03:10:18.486343 2026] [php:error] [pid 78144] [client 20.238.87.60:0] script '/domains/king1969/jga.php' not found or unable to stat
[Tue Feb 17 03:10:18.559037 2026] [php:error] [pid 78144] [client 20.238.87.60:0] script '/domains/king1969/a4.php' not found or unable to stat
[Tue Feb 17 03:10:18.704151 2026] [php:error] [pid 78144] [client 20.238.87.60:0] script '/domains/king1969/inege.php' not found or unable to stat
[Tue Feb 17 03:10:24.815240 2026] [php:error] [pid 78172] [client 35.247.243.244:0] script '/domains/machinadynamica/adminer-4.7.5.php' not found or unable to stat
[Tue Feb 17 03:10:26.727228 2026] [php:error] [pid 78170] [client 35.247.243.250:0] script '/domains/machinadynamica/SQL.php' not found or unable to stat
[Tue Feb 17 03:10:30.863807 2026] [php:error] [pid 78168] [client 35.247.243.244:0] script '/domains/machinadynamica/adminer-5.0.6-en.php' not found or unable to stat
[Tue Feb 17 03:10:38.806511 2026] [php:error] [pid 78177] [client 154.193.155.168:0] script '/domains/jaspen/wp-login.php' not found or unable to stat, referer: https://tecquip.com/wp-login.php
[Tue Feb 17 03:10:39.243422 2026] [php:error] [pid 78167] [client 35.247.243.240:0] script '/domains/machinadynamica/adminer-5.1.0.php' not found or unable to stat
[Tue Feb 17 03:10:39.579177 2026] [php:error] [pid 78167] [client 154.86.112.46:0] script '/domains/jaspen/wp-login.php' not found or unable to stat, referer: https://tecquip.com/wp-login.php
[Tue Feb 17 03:10:39.705494 2026] [php:error] [pid 78178] [client 35.247.243.245:0] script '/domains/machinadynamica/adminer-5.1.0-mysql-en.php' not found or unable to stat
[Tue Feb 17 03:10:40.098519 2026] [php:error] [pid 78178] [client 154.193.158.178:0] script '/domains/jaspen/wp-login.php' not found or unable to stat, referer: https://tecquip.com/wp-login.php
[Tue Feb 17 03:10:51.367351 2026] [php:error] [pid 78180] [client 34.96.162.56:0] script '/domains/machinadynamica/SQL.php' not found or unable to stat
[Tue Feb 17 03:10:51.605885 2026] [php:error] [pid 78178] [client 35.247.243.252:0] script '/domains/machinadynamica/adminer-5.0.3-mysql-en.php' not found or unable to stat
[Tue Feb 17 03:11:08.658066 2026] [php:error] [pid 78183] [client 35.247.243.254:0] script '/domains/machinadynamica/adminer-5.2.0-en.php' not found or unable to stat
[Tue Feb 17 03:11:08.979532 2026] [php:error] [pid 78167] [client 35.247.243.244:0] script '/domains/machinadynamica/adminer-5.0.5-en.php' not found or unable to stat
[Tue Feb 17 03:11:10.368772 2026] [php:error] [pid 78179] [client 35.247.243.243:0] script '/domains/machinadynamica/adminer-5.0.5-en.php' not found or unable to stat
[Tue Feb 17 03:11:16.984981 2026] [php:error] [pid 78185] [client 35.247.243.252:0] script '/domains/machinadynamica/phpminiadmin.php' not found or unable to stat
[Tue Feb 17 03:11:25.614138 2026] [php:error] [pid 78167] [client 35.247.243.248:0] script '/domains/machinadynamica/adminer-5.2.1.php' not found or unable to stat
[Tue Feb 17 03:11:28.047419 2026] [php:error] [pid 78183] [client 34.96.162.59:0] script '/domains/machinadynamica/sql.php' not found or unable to stat
[Tue Feb 17 03:11:30.948975 2026] [php:error] [pid 78167] [client 34.96.162.62:0] script '/domains/machinadynamica/adminer-5.0.5-mysql.php' not found or unable to stat
[Tue Feb 17 03:11:33.641318 2026] [php:error] [pid 78185] [client 145.239.10.137:0] script '/domains/conceptlabs1/p.php' not found or unable to stat, referer: http://conceptlabs.com/p.php
[Tue Feb 17 03:11:35.837506 2026] [php:error] [pid 78167] [client 34.96.162.58:0] script '/domains/machinadynamica/adminer-4.6.3.php' not found or unable to stat
[Tue Feb 17 03:11:36.751039 2026] [php:error] [pid 78178] [client 34.96.162.63:0] script '/domains/machinadynamica/adminer-5.4.1.php' not found or unable to stat
[Tue Feb 17 03:11:38.528783 2026] [php:error] [pid 78179] [client 34.96.162.61:0] script '/domains/machinadynamica/adminer-5.1.0.php' not found or unable to stat
[Tue Feb 17 03:11:44.703240 2026] [php:error] [pid 78178] [client 34.96.162.55:0] script '/domains/machinadynamica/adminer-5.2.1-mysql-en.php' not found or unable to stat
[Tue Feb 17 03:11:45.128575 2026] [php:error] [pid 78179] [client 34.96.162.55:0] script '/domains/machinadynamica/adminer-5.2.1-mysql-en.php' not found or unable to stat
[Tue Feb 17 03:11:45.894370 2026] [php:error] [pid 78179] [client 35.247.243.249:0] script '/domains/machinadynamica/adminer-5.0.3-mysql.php' not found or unable to stat
[Tue Feb 17 03:11:51.662734 2026] [php:error] [pid 78179] [client 34.96.162.56:0] script '/domains/machinadynamica/adminer-4.5.0.php' not found or unable to stat
[Tue Feb 17 03:12:03.540071 2026] [php:error] [pid 78167] [client 34.96.162.51:0] script '/domains/machinadynamica/adminer-5.0.6-en.php' not found or unable to stat
[Tue Feb 17 03:12:03.563377 2026] [php:error] [pid 78178] [client 34.96.162.52:0] script '/domains/machinadynamica/adminer-4.16.0.php' not found or unable to stat
[Tue Feb 17 03:12:19.679088 2026] [php:error] [pid 78185] [client 34.96.162.62:0] script '/domains/machinadynamica/adminer-4.7.3.php' not found or unable to stat
[Tue Feb 17 03:12:21.992190 2026] [php:error] [pid 78194] [client 34.96.162.49:0] script '/domains/machinadynamica/adminer-4.7.1.php' not found or unable to stat
[Tue Feb 17 03:12:24.478461 2026] [php:error] [pid 78182] [client 35.247.243.244:0] script '/domains/machinadynamica/adminer-4.7.1.php' not found or unable to stat
[Tue Feb 17 03:12:25.445638 2026] [php:error] [pid 78185] [client 20.100.191.215:0] script '/domains/ltemple/pass4.php' not found or unable to stat
[Tue Feb 17 03:12:25.549405 2026] [php:error] [pid 78185] [client 20.100.191.215:0] script '/domains/ltemple/term.php' not found or unable to stat
[Tue Feb 17 03:12:25.656281 2026] [php:error] [pid 78185] [client 20.100.191.215:0] script '/domains/ltemple/lp6.php' not found or unable to stat
[Tue Feb 17 03:12:25.761271 2026] [php:error] [pid 78185] [client 20.100.191.215:0] script '/domains/ltemple/we.php' not found or unable to stat
[Tue Feb 17 03:12:25.858243 2026] [php:error] [pid 78185] [client 20.100.191.215:0] script '/domains/ltemple/asax.php' not found or unable to stat
[Tue Feb 17 03:12:25.955338 2026] [php:error] [pid 78185] [client 20.100.191.215:0] script '/domains/ltemple/co.php' not found or unable to stat
[Tue Feb 17 03:12:26.117934 2026] [php:error] [pid 78185] [client 20.100.191.215:0] script '/domains/ltemple/wp-k3w6g9s4h2.php' not found or unable to stat
[Tue Feb 17 03:12:26.259346 2026] [php:error] [pid 78185] [client 20.100.191.215:0] script '/domains/ltemple/ahax.php' not found or unable to stat
[Tue Feb 17 03:12:26.367545 2026] [php:error] [pid 78185] [client 20.100.191.215:0] script '/domains/ltemple/Okxob.php' not found or unable to stat
[Tue Feb 17 03:12:26.465850 2026] [php:error] [pid 78185] [client 20.100.191.215:0] script '/domains/ltemple/acfdr.php' not found or unable to stat
[Tue Feb 17 03:12:26.655823 2026] [php:error] [pid 78185] [client 20.100.191.215:0] script '/domains/ltemple/init.php' not found or unable to stat
[Tue Feb 17 03:12:26.937882 2026] [php:error] [pid 78185] [client 20.100.191.215:0] script '/domains/ltemple/themes.php' not found or unable to stat
[Tue Feb 17 03:12:27.034790 2026] [php:error] [pid 78185] [client 20.100.191.215:0] script '/domains/ltemple/ff.php' not found or unable to stat
[Tue Feb 17 03:12:27.131699 2026] [php:error] [pid 78185] [client 20.100.191.215:0] script '/domains/ltemple/ak.php' not found or unable to stat
[Tue Feb 17 03:12:27.241925 2026] [php:error] [pid 78185] [client 20.100.191.215:0] script '/domains/ltemple/bjfl.php' not found or unable to stat
[Tue Feb 17 03:12:27.339280 2026] [php:error] [pid 78185] [client 20.100.191.215:0] script '/domains/ltemple/vx.php' not found or unable to stat
[Tue Feb 17 03:12:27.435987 2026] [php:error] [pid 78185] [client 20.100.191.215:0] script '/domains/ltemple/jga.php' not found or unable to stat
[Tue Feb 17 03:12:27.647084 2026] [php:error] [pid 78185] [client 20.100.191.215:0] script '/domains/ltemple/a4.php' not found or unable to stat
[Tue Feb 17 03:12:27.955343 2026] [php:error] [pid 78185] [client 20.100.191.215:0] script '/domains/ltemple/inege.php' not found or unable to stat
[Tue Feb 17 03:12:31.191542 2026] [php:error] [pid 78198] [client 34.96.162.49:0] script '/domains/machinadynamica/sql.php' not found or unable to stat
[Tue Feb 17 03:12:33.440353 2026] [php:error] [pid 78200] [client 34.96.162.51:0] script '/domains/machinadynamica/adminer-5.0.4-mysql-en.php' not found or unable to stat
[Tue Feb 17 03:12:36.343906 2026] [php:error] [pid 78167] [client 35.247.243.245:0] script '/domains/machinadynamica/phpminiadmin.php' not found or unable to stat
[Tue Feb 17 03:12:37.188373 2026] [php:error] [pid 78179] [client 34.96.162.54:0] script '/domains/machinadynamica/adminer-4.6.1.php' not found or unable to stat
[Tue Feb 17 03:12:38.950890 2026] [php:error] [pid 78185] [client 35.247.243.254:0] script '/domains/machinadynamica/adminer-5.0.6-mysql-en.php' not found or unable to stat
[Tue Feb 17 03:12:41.504131 2026] [php:error] [pid 78202] [client 34.96.162.58:0] script '/domains/machinadynamica/adminer-5.0.3-mysql.php' not found or unable to stat
[Tue Feb 17 03:12:56.845822 2026] [php:error] [pid 78202] [client 35.247.243.250:0] script '/domains/machinadynamica/DB.php' not found or unable to stat
[Tue Feb 17 03:13:04.494518 2026] [php:error] [pid 78208] [client 34.96.162.49:0] script '/domains/machinadynamica/adminer-5.0.3-mysql.php' not found or unable to stat
[Tue Feb 17 03:13:12.082010 2026] [php:error] [pid 78195] [client 34.96.162.52:0] script '/domains/machinadynamica/adminer-4.7.3.php' not found or unable to stat
[Tue Feb 17 03:13:13.281789 2026] [php:error] [pid 78202] [client 82.102.18.222:0] script '/domains/homesbyaudrey1/xmlrpc.php' not found or unable to stat
[Tue Feb 17 03:13:16.023751 2026] [php:error] [pid 78211] [client 34.96.162.58:0] script '/domains/machinadynamica/adminer-4.8.1-en.php' not found or unable to stat
[Tue Feb 17 03:13:17.056051 2026] [php:error] [pid 78195] [client 51.107.69.151:0] script '/domains/memanuel/pass4.php' not found or unable to stat
[Tue Feb 17 03:13:17.171092 2026] [php:error] [pid 78195] [client 51.107.69.151:0] script '/domains/memanuel/term.php' not found or unable to stat
[Tue Feb 17 03:13:17.277350 2026] [php:error] [pid 78195] [client 51.107.69.151:0] script '/domains/memanuel/lp6.php' not found or unable to stat
[Tue Feb 17 03:13:17.372188 2026] [php:error] [pid 78195] [client 51.107.69.151:0] script '/domains/memanuel/we.php' not found or unable to stat
[Tue Feb 17 03:13:17.473057 2026] [php:error] [pid 78195] [client 51.107.69.151:0] script '/domains/memanuel/asax.php' not found or unable to stat
[Tue Feb 17 03:13:17.567804 2026] [php:error] [pid 78195] [client 51.107.69.151:0] script '/domains/memanuel/co.php' not found or unable to stat
[Tue Feb 17 03:13:17.670859 2026] [php:error] [pid 78195] [client 51.107.69.151:0] script '/domains/memanuel/wp-k3w6g9s4h2.php' not found or unable to stat
[Tue Feb 17 03:13:17.765570 2026] [php:error] [pid 78195] [client 51.107.69.151:0] script '/domains/memanuel/ahax.php' not found or unable to stat
[Tue Feb 17 03:13:17.860267 2026] [php:error] [pid 78195] [client 51.107.69.151:0] script '/domains/memanuel/Okxob.php' not found or unable to stat
[Tue Feb 17 03:13:17.955014 2026] [php:error] [pid 78195] [client 51.107.69.151:0] script '/domains/memanuel/acfdr.php' not found or unable to stat
[Tue Feb 17 03:13:18.049725 2026] [php:error] [pid 78195] [client 51.107.69.151:0] script '/domains/memanuel/init.php' not found or unable to stat
[Tue Feb 17 03:13:18.154260 2026] [php:error] [pid 78195] [client 51.107.69.151:0] script '/domains/memanuel/themes.php' not found or unable to stat
[Tue Feb 17 03:13:18.262519 2026] [php:error] [pid 78195] [client 51.107.69.151:0] script '/domains/memanuel/ff.php' not found or unable to stat
[Tue Feb 17 03:13:18.357816 2026] [php:error] [pid 78195] [client 51.107.69.151:0] script '/domains/memanuel/ak.php' not found or unable to stat
[Tue Feb 17 03:13:18.549225 2026] [php:error] [pid 78195] [client 51.107.69.151:0] script '/domains/memanuel/bjfl.php' not found or unable to stat
[Tue Feb 17 03:13:18.652635 2026] [php:error] [pid 78195] [client 51.107.69.151:0] script '/domains/memanuel/vx.php' not found or unable to stat
[Tue Feb 17 03:13:18.758740 2026] [php:error] [pid 78195] [client 51.107.69.151:0] script '/domains/memanuel/jga.php' not found or unable to stat
[Tue Feb 17 03:13:18.854611 2026] [php:error] [pid 78195] [client 51.107.69.151:0] script '/domains/memanuel/a4.php' not found or unable to stat
[Tue Feb 17 03:13:19.082036 2026] [php:error] [pid 78195] [client 51.107.69.151:0] script '/domains/memanuel/inege.php' not found or unable to stat
[Tue Feb 17 03:13:19.848985 2026] [php:error] [pid 78202] [client 35.247.243.248:0] script '/domains/machinadynamica/adminer-5.4.0.php' not found or unable to stat
[Tue Feb 17 03:13:26.479175 2026] [php:error] [pid 78214] [client 145.239.10.137:0] script '/domains/carynm/n.php' not found or unable to stat, referer: http://evolution-1.com/n.php
[Tue Feb 17 03:13:43.287743 2026] [cgi:error] [pid 78217] [client 45.3.33.117:0] AH01215: stderr from /domains/abtechsci/cgi-bin/CustomerSurvey.cgi: [Tue Feb 17 03:13:43 2026] CustomerSurvey.cgi: CGI::param called in list context from /domains/abtechsci/cgi-bin/CustomerSurvey.cgi line 42, this can lead to vulnerabilities. See the warning in "Fetching the value or values of a single named parameter" at /usr/local/lib/perl5/site_perl/CGI.pm line 416., referer: http://abtechsci.com/customserv.html
[Tue Feb 17 03:13:43.966618 2026] [php:error] [pid 78217] [client 35.247.243.253:0] script '/domains/machinadynamica/adminer-4.7.1.php' not found or unable to stat
[Tue Feb 17 03:13:45.388704 2026] [php:error] [pid 78220] [client 35.247.243.252:0] script '/domains/machinadynamica/adminer-5.0.0-en.php' not found or unable to stat
[Tue Feb 17 03:13:47.423056 2026] [php:error] [pid 78220] [client 34.96.162.53:0] script '/domains/machinadynamica/adminer-4.8.1.php' not found or unable to stat
[Tue Feb 17 03:14:05.201159 2026] [php:error] [pid 78221] [client 35.247.243.253:0] script '/domains/machinadynamica/ADMINER.php' not found or unable to stat
[Tue Feb 17 03:14:08.045382 2026] [php:error] [pid 78225] [client 20.100.191.215:0] script '/domains/proinc/pass4.php' not found or unable to stat
[Tue Feb 17 03:14:08.141035 2026] [php:error] [pid 78225] [client 20.100.191.215:0] script '/domains/proinc/term.php' not found or unable to stat
[Tue Feb 17 03:14:08.236750 2026] [php:error] [pid 78225] [client 20.100.191.215:0] script '/domains/proinc/lp6.php' not found or unable to stat
[Tue Feb 17 03:14:08.351877 2026] [php:error] [pid 78225] [client 20.100.191.215:0] script '/domains/proinc/we.php' not found or unable to stat
[Tue Feb 17 03:14:08.447099 2026] [php:error] [pid 78225] [client 20.100.191.215:0] script '/domains/proinc/asax.php' not found or unable to stat
[Tue Feb 17 03:14:08.542361 2026] [php:error] [pid 78225] [client 20.100.191.215:0] script '/domains/proinc/co.php' not found or unable to stat
[Tue Feb 17 03:14:08.648670 2026] [php:error] [pid 78225] [client 20.100.191.215:0] script '/domains/proinc/wp-k3w6g9s4h2.php' not found or unable to stat
[Tue Feb 17 03:14:08.746988 2026] [php:error] [pid 78225] [client 20.100.191.215:0] script '/domains/proinc/ahax.php' not found or unable to stat
[Tue Feb 17 03:14:08.861768 2026] [php:error] [pid 78225] [client 20.100.191.215:0] script '/domains/proinc/Okxob.php' not found or unable to stat
[Tue Feb 17 03:14:08.968258 2026] [php:error] [pid 78225] [client 20.100.191.215:0] script '/domains/proinc/acfdr.php' not found or unable to stat
[Tue Feb 17 03:14:09.079636 2026] [php:error] [pid 78225] [client 20.100.191.215:0] script '/domains/proinc/init.php' not found or unable to stat
[Tue Feb 17 03:14:09.216997 2026] [php:error] [pid 78225] [client 20.100.191.215:0] script '/domains/proinc/themes.php' not found or unable to stat
[Tue Feb 17 03:14:09.312036 2026] [php:error] [pid 78225] [client 20.100.191.215:0] script '/domains/proinc/ff.php' not found or unable to stat
[Tue Feb 17 03:14:09.407206 2026] [php:error] [pid 78225] [client 20.100.191.215:0] script '/domains/proinc/ak.php' not found or unable to stat
