[Tue Feb 17 00:13:01.959225 2026] [php:error] [pid 42328] [client 20.111.62.157:0] script '/domains/piltdweb1/gifclass.php' not found or unable to stat
[Tue Feb 17 00:13:01.964907 2026] [php:error] [pid 42309] [client 20.111.62.157:0] script '/domains/piltdweb1/tinyfilemanager.php' not found or unable to stat
[Tue Feb 17 00:13:02.050967 2026] [php:error] [pid 42309] [client 20.111.62.157:0] script '/domains/piltdweb1/xfile25.php' not found or unable to stat
[Tue Feb 17 00:13:02.056777 2026] [php:error] [pid 42328] [client 20.111.62.157:0] script '/domains/piltdweb1/miansha.php' not found or unable to stat
[Tue Feb 17 00:13:02.146137 2026] [php:error] [pid 42309] [client 20.111.62.157:0] script '/domains/piltdweb1/ok.php' not found or unable to stat
[Tue Feb 17 00:13:02.148268 2026] [php:error] [pid 42328] [client 20.111.62.157:0] script '/domains/piltdweb1/tinyfilemanager.php' not found or unable to stat
[Tue Feb 17 00:13:02.232432 2026] [php:error] [pid 42309] [client 20.111.62.157:0] script '/domains/piltdweb1/fi.php' not found or unable to stat
[Tue Feb 17 00:13:02.240911 2026] [php:error] [pid 42328] [client 20.111.62.157:0] script '/domains/piltdweb1/xfile25.php' not found or unable to stat
[Tue Feb 17 00:13:02.329018 2026] [php:error] [pid 42328] [client 20.111.62.157:0] script '/domains/piltdweb1/ok.php' not found or unable to stat
[Tue Feb 17 00:13:02.486641 2026] [php:error] [pid 42330] [client 20.111.62.157:0] script '/domains/piltdweb1/muzu.php' not found or unable to stat
[Tue Feb 17 00:13:02.514869 2026] [php:error] [pid 42328] [client 20.111.62.157:0] script '/domains/piltdweb1/fi.php' not found or unable to stat
[Tue Feb 17 00:13:02.575779 2026] [php:error] [pid 42330] [client 20.111.62.157:0] script '/domains/piltdweb1/reze.php' not found or unable to stat
[Tue Feb 17 00:13:02.671253 2026] [php:error] [pid 42330] [client 20.111.62.157:0] script '/domains/piltdweb1/styll.php' not found or unable to stat
[Tue Feb 17 00:13:02.758322 2026] [php:error] [pid 42330] [client 20.111.62.157:0] script '/domains/piltdweb1/x7.php' not found or unable to stat
[Tue Feb 17 00:13:02.765626 2026] [php:error] [pid 42329] [client 20.100.193.95:0] script '/domains/samscars/wp-blog.php' not found or unable to stat
[Tue Feb 17 00:13:02.829338 2026] [php:error] [pid 42331] [client 20.111.62.157:0] script '/domains/piltdweb1/muzu.php' not found or unable to stat
[Tue Feb 17 00:13:02.866991 2026] [php:error] [pid 42329] [client 20.100.193.95:0] script '/domains/samscars/ge.php' not found or unable to stat
[Tue Feb 17 00:13:02.895670 2026] [php:error] [pid 42330] [client 20.111.62.157:0] script '/domains/piltdweb1/thebe.php' not found or unable to stat
[Tue Feb 17 00:13:02.919336 2026] [php:error] [pid 42331] [client 20.111.62.157:0] script '/domains/piltdweb1/reze.php' not found or unable to stat
[Tue Feb 17 00:13:02.963689 2026] [php:error] [pid 42329] [client 20.100.193.95:0] script '/domains/samscars/class20.php' not found or unable to stat
[Tue Feb 17 00:13:02.982810 2026] [php:error] [pid 42330] [client 20.111.62.157:0] script '/domains/piltdweb1/ddd.php' not found or unable to stat
[Tue Feb 17 00:13:03.027811 2026] [php:error] [pid 42331] [client 20.111.62.157:0] script '/domains/piltdweb1/styll.php' not found or unable to stat
[Tue Feb 17 00:13:03.065866 2026] [php:error] [pid 42329] [client 20.100.193.95:0] script '/domains/samscars/ssxsl.php' not found or unable to stat
[Tue Feb 17 00:13:03.114358 2026] [php:error] [pid 42331] [client 20.111.62.157:0] script '/domains/piltdweb1/x7.php' not found or unable to stat
[Tue Feb 17 00:13:03.155844 2026] [php:error] [pid 42330] [client 20.111.62.157:0] script '/domains/piltdweb1/ccs.php' not found or unable to stat
[Tue Feb 17 00:13:03.162248 2026] [php:error] [pid 42329] [client 20.100.193.95:0] script '/domains/samscars/str.php' not found or unable to stat
[Tue Feb 17 00:13:03.224859 2026] [php:error] [pid 42331] [client 20.111.62.157:0] script '/domains/piltdweb1/thebe.php' not found or unable to stat
[Tue Feb 17 00:13:03.242336 2026] [php:error] [pid 42330] [client 20.111.62.157:0] script '/domains/piltdweb1/bgymj.php' not found or unable to stat
[Tue Feb 17 00:13:03.274173 2026] [php:error] [pid 42329] [client 20.100.193.95:0] script '/domains/samscars/xwpg.php' not found or unable to stat
[Tue Feb 17 00:13:03.318528 2026] [php:error] [pid 42331] [client 20.111.62.157:0] script '/domains/piltdweb1/ddd.php' not found or unable to stat
[Tue Feb 17 00:13:03.363812 2026] [php:error] [pid 42330] [client 20.111.62.157:0] script '/domains/piltdweb1/8xyz.php' not found or unable to stat
[Tue Feb 17 00:13:03.391892 2026] [php:error] [pid 42329] [client 20.100.193.95:0] script '/domains/samscars/zz.php' not found or unable to stat
[Tue Feb 17 00:13:03.462715 2026] [php:error] [pid 42331] [client 20.111.62.157:0] script '/domains/piltdweb1/ccs.php' not found or unable to stat
[Tue Feb 17 00:13:03.472663 2026] [php:error] [pid 42330] [client 20.111.62.157:0] script '/domains/piltdweb1/la.php' not found or unable to stat
[Tue Feb 17 00:13:03.558887 2026] [php:error] [pid 42331] [client 20.111.62.157:0] script '/domains/piltdweb1/bgymj.php' not found or unable to stat
[Tue Feb 17 00:13:03.558955 2026] [php:error] [pid 42330] [client 20.111.62.157:0] script '/domains/piltdweb1/ioxi.php' not found or unable to stat
[Tue Feb 17 00:13:03.586773 2026] [php:error] [pid 42329] [client 20.100.193.95:0] script '/domains/samscars/tanjiro.php' not found or unable to stat
[Tue Feb 17 00:13:03.645543 2026] [php:error] [pid 42331] [client 20.111.62.157:0] script '/domains/piltdweb1/8xyz.php' not found or unable to stat
[Tue Feb 17 00:13:03.661940 2026] [php:error] [pid 42330] [client 20.111.62.157:0] script '/domains/piltdweb1/xpwer1.php' not found or unable to stat
[Tue Feb 17 00:13:03.699236 2026] [php:error] [pid 42329] [client 20.100.193.95:0] script '/domains/samscars/up.php' not found or unable to stat
[Tue Feb 17 00:13:03.796332 2026] [php:error] [pid 42329] [client 20.100.193.95:0] script '/domains/samscars/class.php' not found or unable to stat
[Tue Feb 17 00:13:03.799287 2026] [php:error] [pid 42330] [client 20.111.62.157:0] script '/domains/piltdweb1/lala.php' not found or unable to stat
[Tue Feb 17 00:13:03.833946 2026] [php:error] [pid 42331] [client 20.111.62.157:0] script '/domains/piltdweb1/la.php' not found or unable to stat
[Tue Feb 17 00:13:03.885752 2026] [php:error] [pid 42330] [client 20.111.62.157:0] script '/domains/piltdweb1/about.php' not found or unable to stat
[Tue Feb 17 00:13:03.893254 2026] [php:error] [pid 42329] [client 20.100.193.95:0] script '/domains/samscars/nope.php' not found or unable to stat
[Tue Feb 17 00:13:03.920107 2026] [php:error] [pid 42331] [client 20.111.62.157:0] script '/domains/piltdweb1/ioxi.php' not found or unable to stat
[Tue Feb 17 00:13:04.006116 2026] [php:error] [pid 42331] [client 20.111.62.157:0] script '/domains/piltdweb1/xpwer1.php' not found or unable to stat
[Tue Feb 17 00:13:04.010798 2026] [php:error] [pid 42329] [client 20.100.193.95:0] script '/domains/samscars/kwm4.php' not found or unable to stat
[Tue Feb 17 00:13:04.106051 2026] [php:error] [pid 42329] [client 20.100.193.95:0] script '/domains/samscars/wp-aa.php' not found or unable to stat
[Tue Feb 17 00:13:04.201034 2026] [php:error] [pid 42329] [client 20.100.193.95:0] script '/domains/samscars/byp.php' not found or unable to stat
[Tue Feb 17 00:13:04.237167 2026] [php:error] [pid 42331] [client 20.111.62.157:0] script '/domains/piltdweb1/lala.php' not found or unable to stat
[Tue Feb 17 00:13:04.296473 2026] [php:error] [pid 42329] [client 20.100.193.95:0] script '/domains/samscars/0.php' not found or unable to stat
[Tue Feb 17 00:13:04.351184 2026] [php:error] [pid 42330] [client 20.111.62.157:0] script '/domains/piltdweb1/info.php' not found or unable to stat
[Tue Feb 17 00:13:04.392222 2026] [php:error] [pid 42329] [client 20.100.193.95:0] script '/domains/samscars/F0x.php' not found or unable to stat
[Tue Feb 17 00:13:04.410495 2026] [php:error] [pid 42331] [client 20.111.62.157:0] script '/domains/piltdweb1/about.php' not found or unable to stat
[Tue Feb 17 00:13:04.487277 2026] [php:error] [pid 42329] [client 20.100.193.95:0] script '/domains/samscars/wp-mail.php' not found or unable to stat
[Tue Feb 17 00:13:04.535321 2026] [php:error] [pid 42330] [client 20.111.62.157:0] script '/domains/piltdweb1/about.php' not found or unable to stat
[Tue Feb 17 00:13:04.675112 2026] [php:error] [pid 42329] [client 20.100.193.95:0] script '/domains/samscars/fan.php' not found or unable to stat
[Tue Feb 17 00:13:04.698413 2026] [php:error] [pid 42325] [client 40.115.138.121:0] script '/domains/lover/wp-trackback.php' not found or unable to stat
[Tue Feb 17 00:13:04.750535 2026] [php:error] [pid 42330] [client 20.111.62.157:0] script '/domains/piltdweb1/222.php' not found or unable to stat
[Tue Feb 17 00:13:04.782266 2026] [php:error] [pid 42329] [client 20.100.193.95:0] script '/domains/samscars/ztv.php' not found or unable to stat
[Tue Feb 17 00:13:04.847018 2026] [php:error] [pid 42330] [client 20.111.62.157:0] script '/domains/piltdweb1/adminfuns.php' not found or unable to stat
[Tue Feb 17 00:13:04.877536 2026] [php:error] [pid 42329] [client 20.100.193.95:0] script '/domains/samscars/bras.php' not found or unable to stat
[Tue Feb 17 00:13:04.933335 2026] [php:error] [pid 42331] [client 20.111.62.157:0] script '/domains/piltdweb1/info.php' not found or unable to stat
[Tue Feb 17 00:13:05.019450 2026] [php:error] [pid 42331] [client 20.111.62.157:0] script '/domains/piltdweb1/about.php' not found or unable to stat
[Tue Feb 17 00:13:05.076527 2026] [php:error] [pid 42329] [client 20.100.193.95:0] script '/domains/samscars/wziar.php' not found or unable to stat
[Tue Feb 17 00:13:05.109063 2026] [php:error] [pid 42330] [client 20.111.62.157:0] script '/domains/piltdweb1/xx.php' not found or unable to stat
[Tue Feb 17 00:13:05.209646 2026] [php:error] [pid 42331] [client 20.111.62.157:0] script '/domains/piltdweb1/222.php' not found or unable to stat
[Tue Feb 17 00:13:05.256166 2026] [php:error] [pid 42329] [client 20.100.193.95:0] script '/domains/samscars/wpup.php' not found or unable to stat
[Tue Feb 17 00:13:05.321761 2026] [php:error] [pid 42331] [client 20.111.62.157:0] script '/domains/piltdweb1/adminfuns.php' not found or unable to stat
[Tue Feb 17 00:13:05.327319 2026] [php:error] [pid 42330] [client 20.111.62.157:0] script '/domains/piltdweb1/f5.php' not found or unable to stat
[Tue Feb 17 00:13:05.392890 2026] [php:error] [pid 42329] [client 20.100.193.95:0] script '/domains/samscars/x50.php' not found or unable to stat
[Tue Feb 17 00:13:05.413761 2026] [php:error] [pid 42330] [client 20.111.62.157:0] script '/domains/piltdweb1/flower.php' not found or unable to stat
[Tue Feb 17 00:13:05.507301 2026] [php:error] [pid 42329] [client 20.100.193.95:0] script '/domains/samscars/ee.php' not found or unable to stat
[Tue Feb 17 00:13:05.526882 2026] [php:error] [pid 42330] [client 20.111.62.157:0] script '/domains/piltdweb1/f6.php' not found or unable to stat
[Tue Feb 17 00:13:05.532311 2026] [php:error] [pid 42331] [client 20.111.62.157:0] script '/domains/piltdweb1/xx.php' not found or unable to stat
[Tue Feb 17 00:13:05.614361 2026] [php:error] [pid 42330] [client 20.111.62.157:0] script '/domains/piltdweb1/edit.php' not found or unable to stat
[Tue Feb 17 00:13:05.670393 2026] [php:error] [pid 42329] [client 20.100.193.95:0] script '/domains/samscars/xz89.php' not found or unable to stat
[Tue Feb 17 00:13:05.716125 2026] [php:error] [pid 42330] [client 20.111.62.157:0] script '/domains/piltdweb1/aa.php' not found or unable to stat
[Tue Feb 17 00:13:05.718587 2026] [php:error] [pid 42325] [client 40.115.138.121:0] script '/domains/lover/about.php' not found or unable to stat
[Tue Feb 17 00:13:05.725669 2026] [php:error] [pid 42331] [client 20.111.62.157:0] script '/domains/piltdweb1/f5.php' not found or unable to stat
[Tue Feb 17 00:13:05.811822 2026] [php:error] [pid 42331] [client 20.111.62.157:0] script '/domains/piltdweb1/flower.php' not found or unable to stat
[Tue Feb 17 00:13:05.888086 2026] [php:error] [pid 42325] [client 40.115.138.121:0] script '/domains/lover/file.php' not found or unable to stat
[Tue Feb 17 00:13:05.901057 2026] [php:error] [pid 42331] [client 20.111.62.157:0] script '/domains/piltdweb1/f6.php' not found or unable to stat
[Tue Feb 17 00:13:05.928501 2026] [php:error] [pid 42329] [client 20.100.193.95:0] script '/domains/samscars/updates.php' not found or unable to stat
[Tue Feb 17 00:13:05.987890 2026] [php:error] [pid 42331] [client 20.111.62.157:0] script '/domains/piltdweb1/edit.php' not found or unable to stat
[Tue Feb 17 00:13:06.009824 2026] [php:error] [pid 42330] [client 20.111.62.157:0] script '/domains/piltdweb1/av.php' not found or unable to stat
[Tue Feb 17 00:13:06.082643 2026] [php:error] [pid 42329] [client 20.100.193.95:0] script '/domains/samscars/vxnxvgfw.php' not found or unable to stat
[Tue Feb 17 00:13:06.084051 2026] [php:error] [pid 42325] [client 40.115.138.121:0] script '/domains/lover/wp-good.php' not found or unable to stat
[Tue Feb 17 00:13:06.133860 2026] [php:error] [pid 42331] [client 20.111.62.157:0] script '/domains/piltdweb1/aa.php' not found or unable to stat
[Tue Feb 17 00:13:06.177747 2026] [php:error] [pid 42329] [client 20.100.193.95:0] script '/domains/samscars/mapi.php' not found or unable to stat
[Tue Feb 17 00:13:06.199366 2026] [php:error] [pid 42330] [client 20.111.62.157:0] script '/domains/piltdweb1/wsd.php' not found or unable to stat
[Tue Feb 17 00:13:06.273065 2026] [php:error] [pid 42329] [client 20.100.193.95:0] script '/domains/samscars/f2r4.php' not found or unable to stat
[Tue Feb 17 00:13:06.290672 2026] [php:error] [pid 42330] [client 20.111.62.157:0] script '/domains/piltdweb1/jane.php' not found or unable to stat
[Tue Feb 17 00:13:06.368754 2026] [php:error] [pid 42329] [client 20.100.193.95:0] script '/domains/samscars/item.php' not found or unable to stat
[Tue Feb 17 00:13:06.377109 2026] [php:error] [pid 42330] [client 20.111.62.157:0] script '/domains/piltdweb1/css.php' not found or unable to stat
[Tue Feb 17 00:13:06.464466 2026] [php:error] [pid 42330] [client 20.111.62.157:0] script '/domains/piltdweb1/alfa.php' not found or unable to stat
[Tue Feb 17 00:13:06.464617 2026] [php:error] [pid 42331] [client 20.111.62.157:0] script '/domains/piltdweb1/av.php' not found or unable to stat
[Tue Feb 17 00:13:06.580649 2026] [php:error] [pid 42330] [client 20.111.62.157:0] script '/domains/piltdweb1/wen.php' not found or unable to stat
[Tue Feb 17 00:13:06.605813 2026] [php:error] [pid 42329] [client 20.100.193.95:0] script '/domains/samscars/xse25.php' not found or unable to stat
[Tue Feb 17 00:13:06.667724 2026] [php:error] [pid 42330] [client 20.111.62.157:0] script '/domains/piltdweb1/x.php' not found or unable to stat
[Tue Feb 17 00:13:06.687065 2026] [php:error] [pid 42331] [client 20.111.62.157:0] script '/domains/piltdweb1/wsd.php' not found or unable to stat
[Tue Feb 17 00:13:06.703061 2026] [php:error] [pid 42329] [client 20.100.193.95:0] script '/domains/samscars/sf9.php' not found or unable to stat
[Tue Feb 17 00:13:06.767244 2026] [php:error] [pid 42330] [client 20.111.62.157:0] script '/domains/piltdweb1/xxxx.php' not found or unable to stat
[Tue Feb 17 00:13:06.784490 2026] [php:error] [pid 42331] [client 20.111.62.157:0] script '/domains/piltdweb1/jane.php' not found or unable to stat
[Tue Feb 17 00:13:06.814125 2026] [php:error] [pid 42329] [client 20.100.193.95:0] script '/domains/samscars/5b9ac.php' not found or unable to stat
[Tue Feb 17 00:13:06.853773 2026] [php:error] [pid 42330] [client 20.111.62.157:0] script '/domains/piltdweb1/class.php' not found or unable to stat
[Tue Feb 17 00:13:06.879862 2026] [php:error] [pid 42331] [client 20.111.62.157:0] script '/domains/piltdweb1/css.php' not found or unable to stat
[Tue Feb 17 00:13:06.958161 2026] [php:error] [pid 42330] [client 20.111.62.157:0] script '/domains/piltdweb1/f35.php' not found or unable to stat
[Tue Feb 17 00:13:06.979809 2026] [php:error] [pid 42331] [client 20.111.62.157:0] script '/domains/piltdweb1/alfa.php' not found or unable to stat
[Tue Feb 17 00:13:07.005247 2026] [php:error] [pid 42329] [client 20.100.193.95:0] script '/domains/samscars/bolt.php' not found or unable to stat
[Tue Feb 17 00:13:07.065789 2026] [php:error] [pid 42331] [client 20.111.62.157:0] script '/domains/piltdweb1/wen.php' not found or unable to stat
[Tue Feb 17 00:13:07.113501 2026] [php:error] [pid 42329] [client 20.100.193.95:0] script '/domains/samscars/dump.php' not found or unable to stat
[Tue Feb 17 00:13:07.161633 2026] [php:error] [pid 42331] [client 20.111.62.157:0] script '/domains/piltdweb1/x.php' not found or unable to stat
[Tue Feb 17 00:13:07.231313 2026] [php:error] [pid 42325] [client 40.115.138.121:0] script '/domains/lover/xmlrpc.php' not found or unable to stat
[Tue Feb 17 00:13:07.248938 2026] [php:error] [pid 42331] [client 20.111.62.157:0] script '/domains/piltdweb1/xxxx.php' not found or unable to stat
[Tue Feb 17 00:13:07.335862 2026] [php:error] [pid 42331] [client 20.111.62.157:0] script '/domains/piltdweb1/class.php' not found or unable to stat
[Tue Feb 17 00:13:07.340617 2026] [php:error] [pid 42330] [client 20.111.62.157:0] script '/domains/piltdweb1/class-t.api.php' not found or unable to stat
[Tue Feb 17 00:13:07.399016 2026] [php:error] [pid 42325] [client 40.115.138.121:0] script '/domains/lover/goods.php' not found or unable to stat
[Tue Feb 17 00:13:07.423131 2026] [php:error] [pid 42331] [client 20.111.62.157:0] script '/domains/piltdweb1/f35.php' not found or unable to stat
[Tue Feb 17 00:13:07.432154 2026] [php:error] [pid 42330] [client 20.111.62.157:0] script '/domains/piltdweb1/blurbs18.php' not found or unable to stat
[Tue Feb 17 00:13:07.468041 2026] [php:error] [pid 42329] [client 20.100.193.95:0] script '/domains/samscars/xx.php' not found or unable to stat
[Tue Feb 17 00:13:07.563617 2026] [php:error] [pid 42329] [client 20.100.193.95:0] script '/domains/samscars/Okxob.php' not found or unable to stat
[Tue Feb 17 00:13:07.665528 2026] [php:error] [pid 42329] [client 20.100.193.95:0] script '/domains/samscars/a.php' not found or unable to stat
[Tue Feb 17 00:13:07.760551 2026] [php:error] [pid 42329] [client 20.100.193.95:0] script '/domains/samscars/vx.php' not found or unable to stat
[Tue Feb 17 00:13:07.794572 2026] [php:error] [pid 42331] [client 20.111.62.157:0] script '/domains/piltdweb1/class-t.api.php' not found or unable to stat
[Tue Feb 17 00:13:07.880594 2026] [php:error] [pid 42331] [client 20.111.62.157:0] script '/domains/piltdweb1/blurbs18.php' not found or unable to stat
[Tue Feb 17 00:13:07.928808 2026] [php:error] [pid 42329] [client 20.100.193.95:0] script '/domains/samscars/lock360.php' not found or unable to stat
[Tue Feb 17 00:13:08.024394 2026] [php:error] [pid 42329] [client 20.100.193.95:0] script '/domains/samscars/np.php' not found or unable to stat
[Tue Feb 17 00:13:08.074280 2026] [php:error] [pid 42330] [client 20.111.62.157:0] script '/domains/piltdweb1/bless11.php' not found or unable to stat
[Tue Feb 17 00:13:08.137942 2026] [php:error] [pid 42329] [client 20.100.193.95:0] script '/domains/samscars/tx1.php' not found or unable to stat
[Tue Feb 17 00:13:08.176075 2026] [php:error] [pid 42330] [client 20.111.62.157:0] script '/domains/piltdweb1/init.php' not found or unable to stat
[Tue Feb 17 00:13:08.233906 2026] [php:error] [pid 42329] [client 20.100.193.95:0] script '/domains/samscars/bs.php' not found or unable to stat
[Tue Feb 17 00:13:08.375292 2026] [php:error] [pid 42330] [client 20.111.62.157:0] script '/domains/piltdweb1/k.php' not found or unable to stat
[Tue Feb 17 00:13:08.418522 2026] [php:error] [pid 42325] [client 40.115.138.121:0] script '/domains/lover/ioxi-o.php' not found or unable to stat
[Tue Feb 17 00:13:08.487731 2026] [php:error] [pid 42330] [client 20.111.62.157:0] script '/domains/piltdweb1/bless.php' not found or unable to stat
[Tue Feb 17 00:13:08.579410 2026] [php:error] [pid 42330] [client 20.111.62.157:0] script '/domains/piltdweb1/X7x.php' not found or unable to stat
[Tue Feb 17 00:13:08.586945 2026] [php:error] [pid 42325] [client 40.115.138.121:0] script '/domains/lover/class-t.api.php' not found or unable to stat
[Tue Feb 17 00:13:08.615367 2026] [php:error] [pid 42331] [client 20.111.62.157:0] script '/domains/piltdweb1/bless11.php' not found or unable to stat
[Tue Feb 17 00:13:08.666011 2026] [php:error] [pid 42330] [client 20.111.62.157:0] script '/domains/piltdweb1/166.php' not found or unable to stat
[Tue Feb 17 00:13:08.701542 2026] [php:error] [pid 42331] [client 20.111.62.157:0] script '/domains/piltdweb1/init.php' not found or unable to stat
[Tue Feb 17 00:13:08.752719 2026] [php:error] [pid 42330] [client 20.111.62.157:0] script '/domains/piltdweb1/plss3.php' not found or unable to stat
[Tue Feb 17 00:13:08.875094 2026] [php:error] [pid 42331] [client 20.111.62.157:0] script '/domains/piltdweb1/k.php' not found or unable to stat
[Tue Feb 17 00:13:08.925753 2026] [php:error] [pid 42330] [client 20.111.62.157:0] script '/domains/piltdweb1/admins.php' not found or unable to stat
[Tue Feb 17 00:13:08.963085 2026] [php:error] [pid 42331] [client 20.111.62.157:0] script '/domains/piltdweb1/bless.php' not found or unable to stat
[Tue Feb 17 00:13:09.012596 2026] [php:error] [pid 42330] [client 20.111.62.157:0] script '/domains/piltdweb1/wp.php' not found or unable to stat
[Tue Feb 17 00:13:09.049096 2026] [php:error] [pid 42331] [client 20.111.62.157:0] script '/domains/piltdweb1/X7x.php' not found or unable to stat
[Tue Feb 17 00:13:09.079650 2026] [php:error] [pid 42325] [client 40.115.138.121:0] script '/domains/lover/admin.php' not found or unable to stat
[Tue Feb 17 00:13:09.102961 2026] [php:error] [pid 42330] [client 20.111.62.157:0] script '/domains/piltdweb1/main.php' not found or unable to stat
[Tue Feb 17 00:13:09.135103 2026] [php:error] [pid 42331] [client 20.111.62.157:0] script '/domains/piltdweb1/166.php' not found or unable to stat
[Tue Feb 17 00:13:09.190088 2026] [php:error] [pid 42330] [client 20.111.62.157:0] script '/domains/piltdweb1/a1.php' not found or unable to stat
[Tue Feb 17 00:13:09.247103 2026] [php:error] [pid 42325] [client 40.115.138.121:0] script '/domains/lover/sf.php' not found or unable to stat
[Tue Feb 17 00:13:09.279447 2026] [php:error] [pid 42331] [client 20.111.62.157:0] script '/domains/piltdweb1/plss3.php' not found or unable to stat
[Tue Feb 17 00:13:09.281403 2026] [php:error] [pid 42330] [client 20.111.62.157:0] script '/domains/piltdweb1/lala.php' not found or unable to stat
[Tue Feb 17 00:13:09.373049 2026] [php:error] [pid 42330] [client 20.111.62.157:0] script '/domains/piltdweb1/aaa.php' not found or unable to stat
[Tue Feb 17 00:13:09.427724 2026] [php:error] [pid 42325] [client 40.115.138.121:0] script '/domains/lover/rip.php' not found or unable to stat
[Tue Feb 17 00:13:09.462107 2026] [php:error] [pid 42330] [client 20.111.62.157:0] script '/domains/piltdweb1/a2.php' not found or unable to stat
[Tue Feb 17 00:13:09.493470 2026] [php:error] [pid 42331] [client 20.111.62.157:0] script '/domains/piltdweb1/admins.php' not found or unable to stat
[Tue Feb 17 00:13:09.604375 2026] [php:error] [pid 42331] [client 20.111.62.157:0] script '/domains/piltdweb1/wp.php' not found or unable to stat
[Tue Feb 17 00:13:09.699372 2026] [php:error] [pid 42331] [client 20.111.62.157:0] script '/domains/piltdweb1/main.php' not found or unable to stat
[Tue Feb 17 00:13:09.735363 2026] [php:error] [pid 42330] [client 20.111.62.157:0] script '/domains/piltdweb1/nyan.php' not found or unable to stat
[Tue Feb 17 00:13:09.789447 2026] [php:error] [pid 42331] [client 20.111.62.157:0] script '/domains/piltdweb1/a1.php' not found or unable to stat
[Tue Feb 17 00:13:09.822491 2026] [php:error] [pid 42330] [client 20.111.62.157:0] script '/domains/piltdweb1/jsond.php' not found or unable to stat
[Tue Feb 17 00:13:09.878278 2026] [php:error] [pid 42325] [client 40.115.138.121:0] script '/domains/lover/autoload_classmap.php' not found or unable to stat
[Tue Feb 17 00:13:09.889289 2026] [php:error] [pid 42331] [client 20.111.62.157:0] script '/domains/piltdweb1/lala.php' not found or unable to stat
[Tue Feb 17 00:13:09.975350 2026] [php:error] [pid 42331] [client 20.111.62.157:0] script '/domains/piltdweb1/aaa.php' not found or unable to stat
[Tue Feb 17 00:13:10.046239 2026] [php:error] [pid 42325] [client 40.115.138.121:0] script '/domains/lover/chosen.php' not found or unable to stat
[Tue Feb 17 00:13:10.062156 2026] [php:error] [pid 42331] [client 20.111.62.157:0] script '/domains/piltdweb1/a2.php' not found or unable to stat
[Tue Feb 17 00:13:10.217066 2026] [php:error] [pid 42325] [client 40.115.138.121:0] script '/domains/lover/classwithtostring.php' not found or unable to stat
[Tue Feb 17 00:13:10.384095 2026] [php:error] [pid 42325] [client 40.115.138.121:0] script '/domains/lover/defaults.php' not found or unable to stat
[Tue Feb 17 00:13:10.535045 2026] [php:error] [pid 42331] [client 20.111.62.157:0] script '/domains/piltdweb1/nyan.php' not found or unable to stat
[Tue Feb 17 00:13:10.630049 2026] [php:error] [pid 42331] [client 20.111.62.157:0] script '/domains/piltdweb1/jsond.php' not found or unable to stat
[Tue Feb 17 00:13:14.526079 2026] [php:error] [pid 42325] [client 40.115.138.121:0] script '/domains/lover/info.php' not found or unable to stat
[Tue Feb 17 00:13:20.648615 2026] [php:error] [pid 42325] [client 40.115.138.121:0] script '/domains/lover/adminfuns.php' not found or unable to stat
[Tue Feb 17 00:13:38.994286 2026] [php:error] [pid 42325] [client 141.98.11.23:0] script '/domains/davidbacker/wp-login.php' not found or unable to stat
[Tue Feb 17 00:13:39.032226 2026] [php:error] [pid 42329] [client 160.30.137.9:0] script '/domains/system_suspended/wp-login.php' not found or unable to stat
[Tue Feb 17 00:13:39.228498 2026] [php:error] [pid 42333] [client 141.98.11.23:0] script '/domains/davidbacker/wp-login.php' not found or unable to stat, referer: https://www.google.fr/search?q=wordpress
[Tue Feb 17 00:13:39.564124 2026] [php:error] [pid 42332] [client 160.30.137.9:0] script '/domains/system_suspended/wp-login.php' not found or unable to stat, referer: https://duckduckgo.com/
[Tue Feb 17 00:14:01.393634 2026] [php:error] [pid 42340] [client 49.146.13.195:0] script '/domains/fifibear/xmlrpc.php' not found or unable to stat
[Tue Feb 17 00:14:19.835785 2026] [php:error] [pid 42340] [client 20.100.195.34:0] script '/domains/tennex/pass4.php' not found or unable to stat
[Tue Feb 17 00:14:19.931003 2026] [php:error] [pid 42340] [client 20.100.195.34:0] script '/domains/tennex/term.php' not found or unable to stat
[Tue Feb 17 00:14:20.099153 2026] [php:error] [pid 42340] [client 20.100.195.34:0] script '/domains/tennex/lp6.php' not found or unable to stat
[Tue Feb 17 00:14:20.206386 2026] [php:error] [pid 42340] [client 20.100.195.34:0] script '/domains/tennex/we.php' not found or unable to stat
[Tue Feb 17 00:14:20.318852 2026] [php:error] [pid 42340] [client 20.100.195.34:0] script '/domains/tennex/asax.php' not found or unable to stat
[Tue Feb 17 00:14:20.426777 2026] [php:error] [pid 42340] [client 20.100.195.34:0] script '/domains/tennex/co.php' not found or unable to stat
[Tue Feb 17 00:14:20.537395 2026] [php:error] [pid 42340] [client 20.100.195.34:0] script '/domains/tennex/wp-k3w6g9s4h2.php' not found or unable to stat
[Tue Feb 17 00:14:20.646953 2026] [php:error] [pid 42340] [client 20.100.195.34:0] script '/domains/tennex/ahax.php' not found or unable to stat
[Tue Feb 17 00:14:20.761907 2026] [php:error] [pid 42340] [client 20.100.195.34:0] script '/domains/tennex/Okxob.php' not found or unable to stat
[Tue Feb 17 00:14:21.122509 2026] [php:error] [pid 42340] [client 20.100.195.34:0] script '/domains/tennex/acfdr.php' not found or unable to stat
[Tue Feb 17 00:14:21.282232 2026] [php:error] [pid 42340] [client 20.100.195.34:0] script '/domains/tennex/init.php' not found or unable to stat
[Tue Feb 17 00:14:21.377681 2026] [php:error] [pid 42340] [client 20.100.195.34:0] script '/domains/tennex/themes.php' not found or unable to stat
[Tue Feb 17 00:14:21.472820 2026] [php:error] [pid 42340] [client 20.100.195.34:0] script '/domains/tennex/ff.php' not found or unable to stat
[Tue Feb 17 00:14:21.580285 2026] [php:error] [pid 42340] [client 20.100.195.34:0] script '/domains/tennex/ak.php' not found or unable to stat
[Tue Feb 17 00:14:21.693568 2026] [php:error] [pid 42340] [client 20.100.195.34:0] script '/domains/tennex/bjfl.php' not found or unable to stat
[Tue Feb 17 00:14:21.789414 2026] [php:error] [pid 42340] [client 20.100.195.34:0] script '/domains/tennex/vx.php' not found or unable to stat
[Tue Feb 17 00:14:21.885381 2026] [php:error] [pid 42340] [client 20.100.195.34:0] script '/domains/tennex/jga.php' not found or unable to stat
[Tue Feb 17 00:14:21.991830 2026] [php:error] [pid 42340] [client 20.100.195.34:0] script '/domains/tennex/a4.php' not found or unable to stat
[Tue Feb 17 00:14:22.198879 2026] [php:error] [pid 42340] [client 20.100.195.34:0] script '/domains/tennex/inege.php' not found or unable to stat
[Tue Feb 17 00:14:23.017581 2026] [php:error] [pid 42333] [client 20.238.87.60:0] script '/domains/nmksgroupweb/pass4.php' not found or unable to stat
[Tue Feb 17 00:14:23.088069 2026] [php:error] [pid 42333] [client 20.238.87.60:0] script '/domains/nmksgroupweb/term.php' not found or unable to stat
[Tue Feb 17 00:14:23.159621 2026] [php:error] [pid 42333] [client 20.238.87.60:0] script '/domains/nmksgroupweb/lp6.php' not found or unable to stat
[Tue Feb 17 00:14:23.230971 2026] [php:error] [pid 42333] [client 20.238.87.60:0] script '/domains/nmksgroupweb/we.php' not found or unable to stat
[Tue Feb 17 00:14:23.301287 2026] [php:error] [pid 42333] [client 20.238.87.60:0] script '/domains/nmksgroupweb/asax.php' not found or unable to stat
[Tue Feb 17 00:14:23.371589 2026] [php:error] [pid 42333] [client 20.238.87.60:0] script '/domains/nmksgroupweb/co.php' not found or unable to stat
[Tue Feb 17 00:14:23.441772 2026] [php:error] [pid 42333] [client 20.238.87.60:0] script '/domains/nmksgroupweb/wp-k3w6g9s4h2.php' not found or unable to stat
[Tue Feb 17 00:14:23.512099 2026] [php:error] [pid 42333] [client 20.238.87.60:0] script '/domains/nmksgroupweb/ahax.php' not found or unable to stat
[Tue Feb 17 00:14:23.582346 2026] [php:error] [pid 42333] [client 20.238.87.60:0] script '/domains/nmksgroupweb/Okxob.php' not found or unable to stat
[Tue Feb 17 00:14:23.652695 2026] [php:error] [pid 42333] [client 20.238.87.60:0] script '/domains/nmksgroupweb/acfdr.php' not found or unable to stat
[Tue Feb 17 00:14:23.723001 2026] [php:error] [pid 42333] [client 20.238.87.60:0] script '/domains/nmksgroupweb/init.php' not found or unable to stat
[Tue Feb 17 00:14:23.793750 2026] [php:error] [pid 42333] [client 20.238.87.60:0] script '/domains/nmksgroupweb/themes.php' not found or unable to stat
[Tue Feb 17 00:14:23.864380 2026] [php:error] [pid 42333] [client 20.238.87.60:0] script '/domains/nmksgroupweb/ff.php' not found or unable to stat
[Tue Feb 17 00:14:23.935211 2026] [php:error] [pid 42333] [client 20.238.87.60:0] script '/domains/nmksgroupweb/ak.php' not found or unable to stat
[Tue Feb 17 00:14:24.005367 2026] [php:error] [pid 42333] [client 20.238.87.60:0] script '/domains/nmksgroupweb/bjfl.php' not found or unable to stat
[Tue Feb 17 00:14:24.075586 2026] [php:error] [pid 42333] [client 20.238.87.60:0] script '/domains/nmksgroupweb/vx.php' not found or unable to stat
[Tue Feb 17 00:14:24.147119 2026] [php:error] [pid 42333] [client 20.238.87.60:0] script '/domains/nmksgroupweb/jga.php' not found or unable to stat
[Tue Feb 17 00:14:24.217723 2026] [php:error] [pid 42333] [client 20.238.87.60:0] script '/domains/nmksgroupweb/a4.php' not found or unable to stat
[Tue Feb 17 00:14:24.360739 2026] [php:error] [pid 42333] [client 20.238.87.60:0] script '/domains/nmksgroupweb/inege.php' not found or unable to stat
[Tue Feb 17 00:14:35.183123 2026] [core:crit] [pid 42334] (13)Permission denied: [client 114.119.145.126:0] AH00529: /domains/performancepartsinc/graphics/psd/.htaccess pcfg_openfile: unable to check htaccess file, ensure it is readable and that '/domains/performancepartsinc/graphics/psd/' is executable
[Tue Feb 17 00:15:03.439895 2026] [php:error] [pid 42334] [client 216.244.66.232:0] script '/domains/hdickens.enteract/kmnj.php' not found or unable to stat
[Tue Feb 17 00:15:07.784053 2026] [php:error] [pid 47985] [client 216.244.66.232:0] script '/domains/hdickens.enteract/kmnj.php' not found or unable to stat
[Tue Feb 17 00:15:08.055507 2026] [php:error] [pid 42334] [client 20.100.191.215:0] script '/domains/piltdweb1/pass4.php' not found or unable to stat
[Tue Feb 17 00:15:08.151520 2026] [php:error] [pid 42334] [client 20.100.191.215:0] script '/domains/piltdweb1/term.php' not found or unable to stat
[Tue Feb 17 00:15:08.247820 2026] [php:error] [pid 42334] [client 20.100.191.215:0] script '/domains/piltdweb1/lp6.php' not found or unable to stat
[Tue Feb 17 00:15:08.356323 2026] [php:error] [pid 42334] [client 20.100.191.215:0] script '/domains/piltdweb1/we.php' not found or unable to stat
[Tue Feb 17 00:15:08.536847 2026] [php:error] [pid 42334] [client 20.100.191.215:0] script '/domains/piltdweb1/asax.php' not found or unable to stat
[Tue Feb 17 00:15:08.633058 2026] [php:error] [pid 42334] [client 20.100.191.215:0] script '/domains/piltdweb1/co.php' not found or unable to stat
[Tue Feb 17 00:15:08.730081 2026] [php:error] [pid 42334] [client 20.100.191.215:0] script '/domains/piltdweb1/wp-k3w6g9s4h2.php' not found or unable to stat
[Tue Feb 17 00:15:08.839076 2026] [php:error] [pid 42334] [client 20.100.191.215:0] script '/domains/piltdweb1/ahax.php' not found or unable to stat
[Tue Feb 17 00:15:08.935327 2026] [php:error] [pid 42334] [client 20.100.191.215:0] script '/domains/piltdweb1/Okxob.php' not found or unable to stat
[Tue Feb 17 00:15:09.049238 2026] [php:error] [pid 42334] [client 20.100.191.215:0] script '/domains/piltdweb1/acfdr.php' not found or unable to stat
[Tue Feb 17 00:15:09.159338 2026] [php:error] [pid 42334] [client 20.100.191.215:0] script '/domains/piltdweb1/init.php' not found or unable to stat
[Tue Feb 17 00:15:09.261785 2026] [php:error] [pid 42334] [client 20.100.191.215:0] script '/domains/piltdweb1/themes.php' not found or unable to stat
[Tue Feb 17 00:15:09.579159 2026] [php:error] [pid 42334] [client 20.100.191.215:0] script '/domains/piltdweb1/ff.php' not found or unable to stat
[Tue Feb 17 00:15:09.681787 2026] [php:error] [pid 42334] [client 20.100.191.215:0] script '/domains/piltdweb1/ak.php' not found or unable to stat
[Tue Feb 17 00:15:09.785984 2026] [php:error] [pid 42334] [client 20.100.191.215:0] script '/domains/piltdweb1/bjfl.php' not found or unable to stat
[Tue Feb 17 00:15:09.881924 2026] [php:error] [pid 42334] [client 20.100.191.215:0] script '/domains/piltdweb1/vx.php' not found or unable to stat
[Tue Feb 17 00:15:09.978182 2026] [php:error] [pid 42334] [client 20.100.191.215:0] script '/domains/piltdweb1/jga.php' not found or unable to stat
[Tue Feb 17 00:15:10.074886 2026] [php:error] [pid 42334] [client 20.100.191.215:0] script '/domains/piltdweb1/a4.php' not found or unable to stat
[Tue Feb 17 00:15:10.267343 2026] [php:error] [pid 42334] [client 20.100.191.215:0] script '/domains/piltdweb1/inege.php' not found or unable to stat
[Tue Feb 17 00:15:11.463329 2026] [php:error] [pid 47987] [client 216.244.66.232:0] script '/domains/hdickens.enteract/kmnj.php' not found or unable to stat
[Tue Feb 17 00:15:46.907989 2026] [php:error] [pid 42333] [client 45.149.173.217:0] script '/domains/takie/xmlrpc.php' not found or unable to stat
[Tue Feb 17 00:17:23.143594 2026] [php:error] [pid 48008] [client 16.121.172.242:0] script '/domains/system_suspended/wp-login.php' not found or unable to stat
[Tue Feb 17 00:17:23.991368 2026] [php:error] [pid 47999] [client 59.169.252.194:0] script '/domains/system_suspended/wp-login.php' not found or unable to stat
[Tue Feb 17 00:17:27.144405 2026] [php:error] [pid 47999] [client 20.205.115.105:0] script '/domains/markrose/payment.php' not found or unable to stat
[Tue Feb 17 00:17:27.362236 2026] [php:error] [pid 47999] [client 20.205.115.105:0] script '/domains/markrose/plugins.php' not found or unable to stat
[Tue Feb 17 00:17:27.578530 2026] [php:error] [pid 47999] [client 20.205.115.105:0] script '/domains/markrose/server_info.php' not found or unable to stat
[Tue Feb 17 00:17:28.011153 2026] [php:error] [pid 47999] [client 20.205.115.105:0] script '/domains/markrose/moded.php' not found or unable to stat
[Tue Feb 17 00:17:28.227791 2026] [php:error] [pid 47999] [client 20.205.115.105:0] script '/domains/markrose/h.php' not found or unable to stat
[Tue Feb 17 00:17:28.444135 2026] [php:error] [pid 47999] [client 20.205.115.105:0] script '/domains/markrose/checkbex.php' not found or unable to stat
[Tue Feb 17 00:17:28.660581 2026] [php:error] [pid 47999] [client 20.205.115.105:0] script '/domains/markrose/ds.php' not found or unable to stat
[Tue Feb 17 00:17:28.877224 2026] [php:error] [pid 47999] [client 20.205.115.105:0] script '/domains/markrose/en.php' not found or unable to stat
[Tue Feb 17 00:17:29.094373 2026] [php:error] [pid 47999] [client 20.205.115.105:0] script '/domains/markrose/owlmailer.php' not found or unable to stat
[Tue Feb 17 00:17:29.315563 2026] [php:error] [pid 47999] [client 20.205.115.105:0] script '/domains/markrose/api.php' not found or unable to stat
[Tue Feb 17 00:17:29.532011 2026] [php:error] [pid 47999] [client 20.205.115.105:0] script '/domains/markrose/gf.php' not found or unable to stat
[Tue Feb 17 00:17:29.748689 2026] [php:error] [pid 47999] [client 20.205.115.105:0] script '/domains/markrose/styles.php' not found or unable to stat
[Tue Feb 17 00:17:29.965302 2026] [php:error] [pid 47999] [client 20.205.115.105:0] script '/domains/markrose/infophp.php' not found or unable to stat
[Tue Feb 17 00:17:30.399591 2026] [php:error] [pid 47999] [client 20.205.115.105:0] script '/domains/markrose/depotcv.php' not found or unable to stat
[Tue Feb 17 00:17:31.049303 2026] [php:error] [pid 47999] [client 20.205.115.105:0] script '/domains/markrose/gebase.php' not found or unable to stat
[Tue Feb 17 00:17:31.265596 2026] [php:error] [pid 47999] [client 20.205.115.105:0] script '/domains/markrose/NewFile.php' not found or unable to stat
[Tue Feb 17 00:17:31.491680 2026] [php:error] [pid 47999] [client 20.205.115.105:0] script '/domains/markrose/wp-crom.php' not found or unable to stat
[Tue Feb 17 00:17:31.708571 2026] [php:error] [pid 47999] [client 20.205.115.105:0] script '/domains/markrose/engine.php' not found or unable to stat
[Tue Feb 17 00:17:31.940171 2026] [php:error] [pid 47999] [client 20.205.115.105:0] script '/domains/markrose/data.php' not found or unable to stat
[Tue Feb 17 00:17:32.373923 2026] [php:error] [pid 47999] [client 20.205.115.105:0] script '/domains/markrose/disagraeosc.php' not found or unable to stat
[Tue Feb 17 00:17:32.596914 2026] [php:error] [pid 47999] [client 20.205.115.105:0] script '/domains/markrose/uuj9wgn1.php' not found or unable to stat
[Tue Feb 17 00:17:32.825953 2026] [php:error] [pid 47999] [client 20.205.115.105:0] script '/domains/markrose/config_load.php' not found or unable to stat
[Tue Feb 17 00:17:33.044634 2026] [php:error] [pid 47999] [client 20.205.115.105:0] script '/domains/markrose/sim.php' not found or unable to stat
[Tue Feb 17 00:17:33.260990 2026] [php:error] [pid 47999] [client 20.205.115.105:0] script '/domains/markrose/inf.php' not found or unable to stat
[Tue Feb 17 00:17:33.478903 2026] [php:error] [pid 47999] [client 20.205.115.105:0] script '/domains/markrose/optimizer.php' not found or unable to stat
[Tue Feb 17 00:17:33.696532 2026] [php:error] [pid 47999] [client 20.205.115.105:0] script '/domains/markrose/gettest.php' not found or unable to stat
[Tue Feb 17 00:17:33.912959 2026] [php:error] [pid 47999] [client 20.205.115.105:0] script '/domains/markrose/aks.php' not found or unable to stat
[Tue Feb 17 00:17:34.129430 2026] [php:error] [pid 47999] [client 20.205.115.105:0] script '/domains/markrose/nice.php' not found or unable to stat
[Tue Feb 17 00:17:34.345674 2026] [php:error] [pid 47999] [client 20.205.115.105:0] script '/domains/markrose/admin-header.php' not found or unable to stat
[Tue Feb 17 00:17:34.778534 2026] [php:error] [pid 47999] [client 20.205.115.105:0] script '/domains/markrose/c.php' not found or unable to stat
[Tue Feb 17 00:17:34.994907 2026] [php:error] [pid 47999] [client 20.205.115.105:0] script '/domains/markrose/dfgev2ig.php' not found or unable to stat
[Tue Feb 17 00:17:35.211306 2026] [php:error] [pid 47999] [client 20.205.115.105:0] script '/domains/markrose/wizard.php' not found or unable to stat
[Tue Feb 17 00:17:35.644314 2026] [php:error] [pid 47999] [client 20.205.115.105:0] script '/domains/markrose/eplzpmzn.php' not found or unable to stat
[Tue Feb 17 00:17:35.860642 2026] [php:error] [pid 47999] [client 20.205.115.105:0] script '/domains/markrose/jasmine.php' not found or unable to stat
[Tue Feb 17 00:17:36.295403 2026] [php:error] [pid 47999] [client 20.205.115.105:0] script '/domains/markrose/phpinfo1.php' not found or unable to stat
[Tue Feb 17 00:17:36.511697 2026] [php:error] [pid 47999] [client 20.205.115.105:0] script '/domains/markrose/cJLGqzB.php' not found or unable to stat
[Tue Feb 17 00:17:36.728264 2026] [php:error] [pid 47999] [client 20.205.115.105:0] script '/domains/markrose/lig.php' not found or unable to stat
[Tue Feb 17 00:17:36.944760 2026] [php:error] [pid 47999] [client 20.205.115.105:0] script '/domains/markrose/addslashes.php' not found or unable to stat
[Tue Feb 17 00:17:37.161180 2026] [php:error] [pid 47999] [client 20.205.115.105:0] script '/domains/markrose/latest-en.php' not found or unable to stat
[Tue Feb 17 00:17:37.377775 2026] [php:error] [pid 47999] [client 20.205.115.105:0] script '/domains/markrose/ffAA531.php' not found or unable to stat
[Tue Feb 17 00:17:37.594205 2026] [php:error] [pid 47999] [client 20.205.115.105:0] script '/domains/markrose/smile.php' not found or unable to stat
[Tue Feb 17 00:17:37.810623 2026] [php:error] [pid 47999] [client 20.205.115.105:0] script '/domains/markrose/admin-post.php' not found or unable to stat
[Tue Feb 17 00:17:38.027003 2026] [php:error] [pid 47999] [client 20.205.115.105:0] script '/domains/markrose/ajax-actions.php' not found or unable to stat
[Tue Feb 17 00:17:38.243476 2026] [php:error] [pid 47999] [client 20.205.115.105:0] script '/domains/markrose/upload_handler.php' not found or unable to stat
[Tue Feb 17 00:17:38.676596 2026] [php:error] [pid 47999] [client 20.205.115.105:0] script '/domains/markrose/cangma.php' not found or unable to stat
[Tue Feb 17 00:17:39.109587 2026] [php:error] [pid 47999] [client 20.205.115.105:0] script '/domains/markrose/compressor.php' not found or unable to stat
[Tue Feb 17 00:17:39.325905 2026] [php:error] [pid 47999] [client 20.205.115.105:0] script '/domains/markrose/simple.php' not found or unable to stat
[Tue Feb 17 00:17:39.542498 2026] [php:error] [pid 47999] [client 20.205.115.105:0] script '/domains/markrose/mc.php' not found or unable to stat
[Tue Feb 17 00:17:39.758794 2026] [php:error] [pid 47999] [client 20.205.115.105:0] script '/domains/markrose/archives.php' not found or unable to stat
[Tue Feb 17 00:17:39.975135 2026] [php:error] [pid 47999] [client 20.205.115.105:0] script '/domains/markrose/app_dev.php' not found or unable to stat
[Tue Feb 17 00:17:40.191468 2026] [php:error] [pid 47999] [client 20.205.115.105:0] script '/domains/markrose/AUHZ05.php' not found or unable to stat
[Tue Feb 17 00:17:40.624586 2026] [php:error] [pid 47999] [client 20.205.115.105:0] script '/domains/markrose/ioxi01.php' not found or unable to stat
[Tue Feb 17 00:17:40.841169 2026] [php:error] [pid 47999] [client 20.205.115.105:0] script '/domains/markrose/rlpc.php' not found or unable to stat
[Tue Feb 17 00:17:41.274972 2026] [php:error] [pid 47999] [client 20.205.115.105:0] script '/domains/markrose/migrate.php' not found or unable to stat
[Tue Feb 17 00:17:41.491281 2026] [php:error] [pid 47999] [client 20.205.115.105:0] script '/domains/markrose/loghandler.php' not found or unable to stat
[Tue Feb 17 00:17:41.707621 2026] [php:error] [pid 47999] [client 20.205.115.105:0] script '/domains/markrose/gold.php' not found or unable to stat
[Tue Feb 17 00:17:41.923799 2026] [php:error] [pid 47999] [client 20.205.115.105:0] script '/domains/markrose/wp-plugins.php' not found or unable to stat
[Tue Feb 17 00:17:42.140479 2026] [php:error] [pid 47999] [client 20.205.115.105:0] script '/domains/markrose/lock.php' not found or unable to stat
[Tue Feb 17 00:17:42.577168 2026] [php:error] [pid 47999] [client 20.205.115.105:0] script '/domains/markrose/api_logs.php' not found or unable to stat
[Tue Feb 17 00:17:42.793616 2026] [php:error] [pid 47999] [client 20.205.115.105:0] script '/domains/markrose/download.php' not found or unable to stat
[Tue Feb 17 00:17:43.010001 2026] [php:error] [pid 47999] [client 20.205.115.105:0] script '/domains/markrose/default-constants.php' not found or unable to stat
[Tue Feb 17 00:17:43.226241 2026] [php:error] [pid 47999] [client 20.205.115.105:0] script '/domains/markrose/dqbayyrz.php' not found or unable to stat
[Tue Feb 17 00:17:43.442548 2026] [php:error] [pid 47999] [client 20.205.115.105:0] script '/domains/markrose/j.php' not found or unable to stat
[Tue Feb 17 00:17:43.658911 2026] [php:error] [pid 47999] [client 20.205.115.105:0] script '/domains/markrose/logs.php' not found or unable to stat
[Tue Feb 17 00:17:43.875354 2026] [php:error] [pid 47999] [client 20.205.115.105:0] script '/domains/markrose/wp-log1n.php' not found or unable to stat
[Tue Feb 17 00:17:44.313627 2026] [php:error] [pid 47999] [client 20.205.115.105:0] script '/domains/markrose/admin-heade.php' not found or unable to stat
[Tue Feb 17 00:17:44.530004 2026] [php:error] [pid 47999] [client 20.205.115.105:0] script '/domains/markrose/Password.php' not found or unable to stat
[Tue Feb 17 00:17:44.746790 2026] [php:error] [pid 47999] [client 20.205.115.105:0] script '/domains/markrose/fierzashell.php' not found or unable to stat
[Tue Feb 17 00:17:44.963364 2026] [php:error] [pid 47999] [client 20.205.115.105:0] script '/domains/markrose/source.php' not found or unable to stat
[Tue Feb 17 00:17:45.182457 2026] [php:error] [pid 47999] [client 20.205.115.105:0] script '/domains/markrose/class-db.php' not found or unable to stat
[Tue Feb 17 00:17:45.398762 2026] [php:error] [pid 47999] [client 20.205.115.105:0] script '/domains/markrose/excel.php' not found or unable to stat
[Tue Feb 17 00:17:45.615916 2026] [php:error] [pid 47999] [client 20.205.115.105:0] script '/domains/markrose/makhdmax.php' not found or unable to stat
[Tue Feb 17 00:17:45.832328 2026] [php:error] [pid 47999] [client 20.205.115.105:0] script '/domains/markrose/wso2.php' not found or unable to stat
[Tue Feb 17 00:17:46.048675 2026] [php:error] [pid 47999] [client 20.205.115.105:0] script '/domains/markrose/role.php' not found or unable to stat
[Tue Feb 17 00:17:46.267364 2026] [php:error] [pid 47999] [client 20.205.115.105:0] script '/domains/markrose/menu-header.php' not found or unable to stat
[Tue Feb 17 00:17:46.486681 2026] [php:error] [pid 47999] [client 20.205.115.105:0] script '/domains/markrose/cms.php' not found or unable to stat
[Tue Feb 17 00:17:46.703056 2026] [php:error] [pid 47999] [client 20.205.115.105:0] script '/domains/markrose/phpinfo3.php' not found or unable to stat
[Tue Feb 17 00:17:46.926597 2026] [php:error] [pid 47999] [client 20.205.115.105:0] script '/domains/markrose/kill.php' not found or unable to stat
[Tue Feb 17 00:17:47.359126 2026] [php:error] [pid 47999] [client 20.205.115.105:0] script '/domains/markrose/thumbnail.php' not found or unable to stat
[Tue Feb 17 00:17:47.794365 2026] [php:error] [pid 47999] [client 20.205.115.105:0] script '/domains/markrose/qfunctions.php' not found or unable to stat
[Tue Feb 17 00:17:48.011889 2026] [php:error] [pid 47999] [client 20.205.115.105:0] script '/domains/markrose/media-upload.php' not found or unable to stat
[Tue Feb 17 00:17:48.228498 2026] [php:error] [pid 47999] [client 20.205.115.105:0] script '/domains/markrose/shellx.php' not found or unable to stat
[Tue Feb 17 00:17:48.445013 2026] [php:error] [pid 47999] [client 20.205.115.105:0] script '/domains/markrose/headerg.php' not found or unable to stat
[Tue Feb 17 00:17:48.662021 2026] [php:error] [pid 47999] [client 20.205.115.105:0] script '/domains/markrose/reg.php' not found or unable to stat
[Tue Feb 17 00:17:49.100625 2026] [php:error] [pid 48008] [client 20.205.115.105:0] script '/domains/markrose/wsoyanzfv3.php' not found or unable to stat
[Tue Feb 17 00:17:49.317446 2026] [php:error] [pid 48008] [client 20.205.115.105:0] script '/domains/markrose/luuf.php' not found or unable to stat
[Tue Feb 17 00:17:49.751316 2026] [php:error] [pid 48008] [client 20.205.115.105:0] script '/domains/markrose/class-wp-ajax-response.php' not found or unable to stat
[Tue Feb 17 00:17:49.968162 2026] [php:error] [pid 48008] [client 20.205.115.105:0] script '/domains/markrose/test_info.php' not found or unable to stat
[Tue Feb 17 00:17:50.185627 2026] [php:error] [pid 48008] [client 20.205.115.105:0] script '/domains/markrose/priv8.php' not found or unable to stat
[Tue Feb 17 00:17:50.404125 2026] [php:error] [pid 48008] [client 20.205.115.105:0] script '/domains/markrose/pinuseren.php' not found or unable to stat
