[Tue Feb 17 02:43:29.023862 2026] [php:error] [pid 71935] [client 35.247.243.255:0] script '/domains/machinadynamica/adminer-4.6.3.php' not found or unable to stat
[Tue Feb 17 02:43:29.406337 2026] [php:error] [pid 71934] [client 34.96.162.57:0] script '/domains/machinadynamica/adminer-5.0.0-mysql-en.php' not found or unable to stat
[Tue Feb 17 02:43:42.409504 2026] [php:error] [pid 71935] [client 35.247.243.247:0] script '/domains/machinadynamica/adminer-4.16.0.php' not found or unable to stat
[Tue Feb 17 02:43:57.966647 2026] [php:error] [pid 71935] [client 35.247.243.248:0] script '/domains/machinadynamica/adminer-4.7.3.php' not found or unable to stat
[Tue Feb 17 02:44:01.972047 2026] [php:error] [pid 71934] [client 20.100.191.215:0] script '/domains/acagolf1/pass4.php' not found or unable to stat
[Tue Feb 17 02:44:02.193624 2026] [php:error] [pid 71934] [client 20.100.191.215:0] script '/domains/acagolf1/term.php' not found or unable to stat
[Tue Feb 17 02:44:02.292456 2026] [php:error] [pid 71934] [client 20.100.191.215:0] script '/domains/acagolf1/lp6.php' not found or unable to stat
[Tue Feb 17 02:44:02.389188 2026] [php:error] [pid 71934] [client 20.100.191.215:0] script '/domains/acagolf1/we.php' not found or unable to stat
[Tue Feb 17 02:44:02.663946 2026] [php:error] [pid 71934] [client 20.100.191.215:0] script '/domains/acagolf1/asax.php' not found or unable to stat
[Tue Feb 17 02:44:02.775424 2026] [php:error] [pid 71934] [client 20.100.191.215:0] script '/domains/acagolf1/co.php' not found or unable to stat
[Tue Feb 17 02:44:02.880685 2026] [php:error] [pid 71934] [client 20.100.191.215:0] script '/domains/acagolf1/wp-k3w6g9s4h2.php' not found or unable to stat
[Tue Feb 17 02:44:02.997835 2026] [php:error] [pid 71934] [client 20.100.191.215:0] script '/domains/acagolf1/ahax.php' not found or unable to stat
[Tue Feb 17 02:44:03.095153 2026] [php:error] [pid 71934] [client 20.100.191.215:0] script '/domains/acagolf1/Okxob.php' not found or unable to stat
[Tue Feb 17 02:44:03.192431 2026] [php:error] [pid 71934] [client 20.100.191.215:0] script '/domains/acagolf1/acfdr.php' not found or unable to stat
[Tue Feb 17 02:44:03.297633 2026] [php:error] [pid 71934] [client 20.100.191.215:0] script '/domains/acagolf1/init.php' not found or unable to stat
[Tue Feb 17 02:44:03.402044 2026] [php:error] [pid 71934] [client 20.100.191.215:0] script '/domains/acagolf1/themes.php' not found or unable to stat
[Tue Feb 17 02:44:03.503962 2026] [php:error] [pid 71934] [client 20.100.191.215:0] script '/domains/acagolf1/ff.php' not found or unable to stat
[Tue Feb 17 02:44:03.600735 2026] [php:error] [pid 71934] [client 20.100.191.215:0] script '/domains/acagolf1/ak.php' not found or unable to stat
[Tue Feb 17 02:44:03.829568 2026] [php:error] [pid 71933] [client 35.247.243.241:0] script '/domains/machinadynamica/adminer-5.0.5-en.php' not found or unable to stat
[Tue Feb 17 02:44:03.886175 2026] [php:error] [pid 71934] [client 20.100.191.215:0] script '/domains/acagolf1/bjfl.php' not found or unable to stat
[Tue Feb 17 02:44:03.982867 2026] [php:error] [pid 71934] [client 20.100.191.215:0] script '/domains/acagolf1/vx.php' not found or unable to stat
[Tue Feb 17 02:44:04.090109 2026] [php:error] [pid 71934] [client 20.100.191.215:0] script '/domains/acagolf1/jga.php' not found or unable to stat
[Tue Feb 17 02:44:04.186849 2026] [php:error] [pid 71934] [client 20.100.191.215:0] script '/domains/acagolf1/a4.php' not found or unable to stat
[Tue Feb 17 02:44:04.415519 2026] [php:error] [pid 71934] [client 20.100.191.215:0] script '/domains/acagolf1/inege.php' not found or unable to stat
[Tue Feb 17 02:44:09.815867 2026] [php:error] [pid 71933] [client 35.247.243.254:0] script '/domains/machinadynamica/adminer-5.0.1-en.php' not found or unable to stat
[Tue Feb 17 02:44:09.930542 2026] [php:error] [pid 71938] [client 35.247.243.247:0] script '/domains/machinadynamica/SQL.php' not found or unable to stat
[Tue Feb 17 02:44:12.848460 2026] [php:error] [pid 71935] [client 20.238.121.35:0] script '/domains/tmandel/pass4.php' not found or unable to stat
[Tue Feb 17 02:44:12.933532 2026] [php:error] [pid 71935] [client 20.238.121.35:0] script '/domains/tmandel/term.php' not found or unable to stat
[Tue Feb 17 02:44:13.006951 2026] [php:error] [pid 71935] [client 20.238.121.35:0] script '/domains/tmandel/lp6.php' not found or unable to stat
[Tue Feb 17 02:44:13.264979 2026] [php:error] [pid 71935] [client 20.238.121.35:0] script '/domains/tmandel/we.php' not found or unable to stat
[Tue Feb 17 02:44:13.339746 2026] [php:error] [pid 71935] [client 20.238.121.35:0] script '/domains/tmandel/asax.php' not found or unable to stat
[Tue Feb 17 02:44:13.534871 2026] [php:error] [pid 71935] [client 20.238.121.35:0] script '/domains/tmandel/co.php' not found or unable to stat
[Tue Feb 17 02:44:13.718012 2026] [php:error] [pid 71935] [client 20.238.121.35:0] script '/domains/tmandel/wp-k3w6g9s4h2.php' not found or unable to stat
[Tue Feb 17 02:44:13.868699 2026] [php:error] [pid 71935] [client 20.238.121.35:0] script '/domains/tmandel/ahax.php' not found or unable to stat
[Tue Feb 17 02:44:13.998518 2026] [php:error] [pid 71935] [client 20.238.121.35:0] script '/domains/tmandel/Okxob.php' not found or unable to stat
[Tue Feb 17 02:44:14.085614 2026] [php:error] [pid 71935] [client 20.238.121.35:0] script '/domains/tmandel/acfdr.php' not found or unable to stat
[Tue Feb 17 02:44:14.182027 2026] [php:error] [pid 71935] [client 20.238.121.35:0] script '/domains/tmandel/init.php' not found or unable to stat
[Tue Feb 17 02:44:14.267543 2026] [php:error] [pid 71935] [client 20.238.121.35:0] script '/domains/tmandel/themes.php' not found or unable to stat
[Tue Feb 17 02:44:14.341576 2026] [php:error] [pid 71935] [client 20.238.121.35:0] script '/domains/tmandel/ff.php' not found or unable to stat
[Tue Feb 17 02:44:14.419653 2026] [php:error] [pid 71935] [client 20.238.121.35:0] script '/domains/tmandel/ak.php' not found or unable to stat
[Tue Feb 17 02:44:14.514353 2026] [php:error] [pid 71935] [client 20.238.121.35:0] script '/domains/tmandel/bjfl.php' not found or unable to stat
[Tue Feb 17 02:44:14.587378 2026] [php:error] [pid 71935] [client 20.238.121.35:0] script '/domains/tmandel/vx.php' not found or unable to stat
[Tue Feb 17 02:44:14.682504 2026] [php:error] [pid 71935] [client 20.238.121.35:0] script '/domains/tmandel/jga.php' not found or unable to stat
[Tue Feb 17 02:44:14.756468 2026] [php:error] [pid 71935] [client 20.238.121.35:0] script '/domains/tmandel/a4.php' not found or unable to stat
[Tue Feb 17 02:44:14.980543 2026] [php:error] [pid 71935] [client 20.238.121.35:0] script '/domains/tmandel/inege.php' not found or unable to stat
[Tue Feb 17 02:44:17.823594 2026] [php:error] [pid 77575] [client 194.61.41.46:0] script '/domains/oneylaw/simple.php' not found or unable to stat
[Tue Feb 17 02:44:18.308275 2026] [php:error] [pid 77575] [client 194.61.41.46:0] script '/domains/oneylaw/inputs.php' not found or unable to stat
[Tue Feb 17 02:44:18.771413 2026] [php:error] [pid 77575] [client 194.61.41.46:0] script '/domains/oneylaw/autoload_classmap.php' not found or unable to stat
[Tue Feb 17 02:44:19.237609 2026] [php:error] [pid 77575] [client 194.61.41.46:0] script '/domains/oneylaw/file2.php' not found or unable to stat
[Tue Feb 17 02:44:19.708826 2026] [php:error] [pid 77575] [client 194.61.41.46:0] script '/domains/oneylaw/file.php' not found or unable to stat
[Tue Feb 17 02:44:19.949941 2026] [php:error] [pid 77575] [client 194.61.41.46:0] script '/domains/oneylaw/chosen.php' not found or unable to stat
[Tue Feb 17 02:44:20.170485 2026] [php:error] [pid 77575] [client 194.61.41.46:0] script '/domains/oneylaw/item.php' not found or unable to stat
[Tue Feb 17 02:44:20.883615 2026] [php:error] [pid 77575] [client 194.61.41.46:0] script '/domains/oneylaw/zwso.php' not found or unable to stat
[Tue Feb 17 02:44:21.105914 2026] [php:error] [pid 77575] [client 194.61.41.46:0] script '/domains/oneylaw/wp-conflg.php' not found or unable to stat
[Tue Feb 17 02:44:23.534024 2026] [php:error] [pid 77575] [client 194.61.41.46:0] script '/domains/oneylaw/cong.php' not found or unable to stat
[Tue Feb 17 02:44:24.227879 2026] [php:error] [pid 77575] [client 194.61.41.46:0] script '/domains/oneylaw/dropdown.php' not found or unable to stat
[Tue Feb 17 02:44:25.184892 2026] [php:error] [pid 77575] [client 194.61.41.46:0] script '/domains/oneylaw/repeater.php' not found or unable to stat
[Tue Feb 17 02:44:25.452634 2026] [php:error] [pid 77575] [client 194.61.41.46:0] script '/domains/oneylaw/wp-2019.php' not found or unable to stat
[Tue Feb 17 02:44:25.518757 2026] [php:error] [pid 71934] [client 34.96.162.55:0] script '/domains/machinadynamica/phpminiadmin.php' not found or unable to stat
[Tue Feb 17 02:44:25.677622 2026] [php:error] [pid 77575] [client 194.61.41.46:0] script '/domains/oneylaw/atomlib.php' not found or unable to stat
[Tue Feb 17 02:44:25.944242 2026] [php:error] [pid 77575] [client 194.61.41.46:0] script '/domains/oneylaw/css.php' not found or unable to stat
[Tue Feb 17 02:44:26.196800 2026] [php:error] [pid 77575] [client 194.61.41.46:0] script '/domains/oneylaw/log.php' not found or unable to stat
[Tue Feb 17 02:44:26.467243 2026] [php:error] [pid 77575] [client 194.61.41.46:0] script '/domains/oneylaw/mail.php' not found or unable to stat
[Tue Feb 17 02:44:26.699888 2026] [php:error] [pid 77575] [client 194.61.41.46:0] script '/domains/oneylaw/lufix.php' not found or unable to stat
[Tue Feb 17 02:44:26.924988 2026] [php:error] [pid 77575] [client 194.61.41.46:0] script '/domains/oneylaw/doc.php' not found or unable to stat
[Tue Feb 17 02:44:27.156632 2026] [php:error] [pid 77575] [client 194.61.41.46:0] script '/domains/oneylaw/bak.php' not found or unable to stat
[Tue Feb 17 02:44:27.403619 2026] [php:error] [pid 77575] [client 194.61.41.46:0] script '/domains/oneylaw/content.php' not found or unable to stat
[Tue Feb 17 02:44:27.634004 2026] [php:error] [pid 77575] [client 194.61.41.46:0] script '/domains/oneylaw/upfile.php' not found or unable to stat
[Tue Feb 17 02:44:27.893802 2026] [php:error] [pid 77575] [client 194.61.41.46:0] script '/domains/oneylaw/wp.php' not found or unable to stat
[Tue Feb 17 02:44:28.150259 2026] [php:error] [pid 77575] [client 194.61.41.46:0] script '/domains/oneylaw/bypass.php' not found or unable to stat
[Tue Feb 17 02:44:28.408131 2026] [php:error] [pid 77575] [client 194.61.41.46:0] script '/domains/oneylaw/wp-activate.php' not found or unable to stat
[Tue Feb 17 02:44:28.649342 2026] [php:error] [pid 77575] [client 194.61.41.46:0] script '/domains/oneylaw/updates.php' not found or unable to stat
[Tue Feb 17 02:44:28.943022 2026] [php:error] [pid 77575] [client 194.61.41.46:0] script '/domains/oneylaw/radio.php' not found or unable to stat
[Tue Feb 17 02:44:29.159437 2026] [php:error] [pid 77575] [client 194.61.41.46:0] script '/domains/oneylaw/plugins.php' not found or unable to stat
[Tue Feb 17 02:44:29.395068 2026] [php:error] [pid 77575] [client 194.61.41.46:0] script '/domains/oneylaw/xmrlpc.php' not found or unable to stat
[Tue Feb 17 02:44:29.649796 2026] [php:error] [pid 77575] [client 194.61.41.46:0] script '/domains/oneylaw/ae.php' not found or unable to stat
[Tue Feb 17 02:44:29.890312 2026] [php:error] [pid 77575] [client 194.61.41.46:0] script '/domains/oneylaw/moon.php' not found or unable to stat
[Tue Feb 17 02:44:30.206377 2026] [php:error] [pid 77575] [client 194.61.41.46:0] script '/domains/oneylaw/blog.php' not found or unable to stat
[Tue Feb 17 02:44:30.437558 2026] [php:error] [pid 77575] [client 194.61.41.46:0] script '/domains/oneylaw/themes.php' not found or unable to stat
[Tue Feb 17 02:44:30.766037 2026] [php:error] [pid 77575] [client 194.61.41.46:0] script '/domains/oneylaw/ini.php' not found or unable to stat
[Tue Feb 17 02:44:31.021727 2026] [php:error] [pid 77575] [client 194.61.41.46:0] script '/domains/oneylaw/as.php' not found or unable to stat
[Tue Feb 17 02:44:31.249518 2026] [php:error] [pid 77575] [client 194.61.41.46:0] script '/domains/oneylaw/shell.php' not found or unable to stat
[Tue Feb 17 02:44:31.491704 2026] [php:error] [pid 77575] [client 194.61.41.46:0] script '/domains/oneylaw/ws.php' not found or unable to stat
[Tue Feb 17 02:44:31.709803 2026] [php:error] [pid 77575] [client 194.61.41.46:0] script '/domains/oneylaw/makeasmtp.php' not found or unable to stat
[Tue Feb 17 02:44:31.940741 2026] [php:error] [pid 77575] [client 194.61.41.46:0] script '/domains/oneylaw/wp-sigunq.php' not found or unable to stat
[Tue Feb 17 02:44:32.174672 2026] [php:error] [pid 77575] [client 194.61.41.46:0] script '/domains/oneylaw/wso112233.php' not found or unable to stat
[Tue Feb 17 02:44:32.462702 2026] [php:error] [pid 77575] [client 194.61.41.46:0] script '/domains/oneylaw/wp-atom.php' not found or unable to stat
[Tue Feb 17 02:44:32.712572 2026] [php:error] [pid 77575] [client 194.61.41.46:0] script '/domains/oneylaw/alfanew.php' not found or unable to stat
[Tue Feb 17 02:44:32.936152 2026] [php:error] [pid 77575] [client 194.61.41.46:0] script '/domains/oneylaw/fw.php' not found or unable to stat
[Tue Feb 17 02:44:33.151323 2026] [php:error] [pid 77575] [client 194.61.41.46:0] script '/domains/oneylaw/install.php' not found or unable to stat
[Tue Feb 17 02:44:33.393428 2026] [php:error] [pid 77575] [client 194.61.41.46:0] script '/domains/oneylaw/wp-login.php' not found or unable to stat
[Tue Feb 17 02:44:33.886067 2026] [php:error] [pid 77575] [client 194.61.41.46:0] script '/domains/oneylaw/XxX.php' not found or unable to stat
[Tue Feb 17 02:44:34.117450 2026] [php:error] [pid 77575] [client 194.61.41.46:0] script '/domains/oneylaw/Marvins.php' not found or unable to stat
[Tue Feb 17 02:44:34.571899 2026] [php:error] [pid 77575] [client 194.61.41.46:0] script '/domains/oneylaw/olux.php' not found or unable to stat
[Tue Feb 17 02:44:34.794294 2026] [php:error] [pid 77575] [client 194.61.41.46:0] script '/domains/oneylaw/wso.php' not found or unable to stat
[Tue Feb 17 02:44:35.310236 2026] [php:error] [pid 77575] [client 194.61.41.46:0] script '/domains/oneylaw/uploader.php' not found or unable to stat
[Tue Feb 17 02:44:35.532687 2026] [php:error] [pid 77575] [client 194.61.41.46:0] script '/domains/oneylaw/1337.php' not found or unable to stat
[Tue Feb 17 02:44:35.759775 2026] [php:error] [pid 77575] [client 194.61.41.46:0] script '/domains/oneylaw/user.php' not found or unable to stat
[Tue Feb 17 02:44:36.022545 2026] [php:error] [pid 77575] [client 194.61.41.46:0] script '/domains/oneylaw/wp-info.php' not found or unable to stat
[Tue Feb 17 02:44:36.254678 2026] [php:error] [pid 77575] [client 194.61.41.46:0] script '/domains/oneylaw/wxo.php' not found or unable to stat
[Tue Feb 17 02:44:36.486217 2026] [php:error] [pid 77575] [client 194.61.41.46:0] script '/domains/oneylaw/amigo.php' not found or unable to stat
[Tue Feb 17 02:44:36.718918 2026] [php:error] [pid 77575] [client 194.61.41.46:0] script '/domains/oneylaw/yoi.php' not found or unable to stat
[Tue Feb 17 02:44:37.320184 2026] [php:error] [pid 71937] [client 35.247.243.251:0] script '/domains/machinadynamica/adminer-4.3.1.php' not found or unable to stat
[Tue Feb 17 02:44:37.483015 2026] [php:error] [pid 77575] [client 194.61.41.46:0] script '/domains/oneylaw/wp-contentt.php' not found or unable to stat
[Tue Feb 17 02:44:37.725349 2026] [php:error] [pid 77575] [client 194.61.41.46:0] script '/domains/oneylaw/we1y8.php' not found or unable to stat
[Tue Feb 17 02:44:38.865907 2026] [php:error] [pid 77575] [client 194.61.41.46:0] script '/domains/oneylaw/hehe.php' not found or unable to stat
[Tue Feb 17 02:44:39.084263 2026] [php:error] [pid 77575] [client 194.61.41.46:0] script '/domains/oneylaw/post-data.php' not found or unable to stat
[Tue Feb 17 02:44:39.320571 2026] [php:error] [pid 77575] [client 194.61.41.46:0] script '/domains/oneylaw/w0.php' not found or unable to stat
[Tue Feb 17 02:44:39.566340 2026] [php:error] [pid 77575] [client 194.61.41.46:0] script '/domains/oneylaw/old-index.php' not found or unable to stat
[Tue Feb 17 02:44:39.787852 2026] [php:error] [pid 77575] [client 194.61.41.46:0] script '/domains/oneylaw/wsanon.php' not found or unable to stat
[Tue Feb 17 02:44:40.465600 2026] [php:error] [pid 77575] [client 194.61.41.46:0] script '/domains/oneylaw/indo.php' not found or unable to stat
[Tue Feb 17 02:44:40.695590 2026] [php:error] [pid 77575] [client 194.61.41.46:0] script '/domains/oneylaw/beence.php' not found or unable to stat
[Tue Feb 17 02:44:40.928804 2026] [php:error] [pid 77575] [client 194.61.41.46:0] script '/domains/oneylaw/indosec.php' not found or unable to stat
[Tue Feb 17 02:44:41.144096 2026] [php:error] [pid 77575] [client 194.61.41.46:0] script '/domains/oneylaw/archives.php' not found or unable to stat
[Tue Feb 17 02:44:41.416856 2026] [php:error] [pid 77575] [client 194.61.41.46:0] script '/domains/oneylaw/po8sa.php' not found or unable to stat
[Tue Feb 17 02:44:41.681898 2026] [php:error] [pid 77575] [client 194.61.41.46:0] script '/domains/oneylaw/thesmartestx.php' not found or unable to stat
[Tue Feb 17 02:44:41.904297 2026] [php:error] [pid 77575] [client 194.61.41.46:0] script '/domains/oneylaw/zcanp.php' not found or unable to stat
[Tue Feb 17 02:44:42.668208 2026] [php:error] [pid 71937] [client 194.61.41.14:0] script '/domains/oneylaw/pvt.php' not found or unable to stat
[Tue Feb 17 02:44:42.914508 2026] [php:error] [pid 71937] [client 194.61.41.14:0] script '/domains/oneylaw/shell20211028.php' not found or unable to stat
[Tue Feb 17 02:44:43.156659 2026] [php:error] [pid 71937] [client 194.61.41.14:0] script '/domains/oneylaw/cgi-bin/wp-2019.php' not found or unable to stat
[Tue Feb 17 02:44:43.377309 2026] [php:error] [pid 71937] [client 194.61.41.14:0] script '/domains/oneylaw/crypted.php' not found or unable to stat
[Tue Feb 17 02:44:43.609582 2026] [php:error] [pid 71937] [client 194.61.41.14:0] script '/domains/oneylaw/h0110w4y.php' not found or unable to stat
[Tue Feb 17 02:44:43.863204 2026] [php:error] [pid 71937] [client 194.61.41.14:0] script '/domains/oneylaw/vesiw.php' not found or unable to stat
[Tue Feb 17 02:44:44.102693 2026] [php:error] [pid 71937] [client 194.61.41.14:0] script '/domains/oneylaw/w.php' not found or unable to stat
[Tue Feb 17 02:44:44.345584 2026] [php:error] [pid 71937] [client 194.61.41.14:0] script '/domains/oneylaw/wp-db.php' not found or unable to stat
[Tue Feb 17 02:44:45.274637 2026] [php:error] [pid 71937] [client 194.61.41.14:0] script '/domains/oneylaw/lx.php' not found or unable to stat
[Tue Feb 17 02:44:45.491283 2026] [php:error] [pid 71937] [client 194.61.41.14:0] script '/domains/oneylaw/tonant.php' not found or unable to stat
[Tue Feb 17 02:44:45.729709 2026] [php:error] [pid 71937] [client 194.61.41.14:0] script '/domains/oneylaw/f0x.php' not found or unable to stat
[Tue Feb 17 02:44:45.967008 2026] [php:error] [pid 71937] [client 194.61.41.14:0] script '/domains/oneylaw/config.bak.php' not found or unable to stat
[Tue Feb 17 02:44:46.213174 2026] [php:error] [pid 71937] [client 194.61.41.14:0] script '/domains/oneylaw/bypass403.php' not found or unable to stat
[Tue Feb 17 02:44:46.443731 2026] [php:error] [pid 71937] [client 194.61.41.14:0] script '/domains/oneylaw/adminer.php' not found or unable to stat
[Tue Feb 17 02:44:46.662735 2026] [php:error] [pid 71937] [client 194.61.41.14:0] script '/domains/oneylaw/allahnaber.php' not found or unable to stat
[Tue Feb 17 02:44:46.892529 2026] [php:error] [pid 71937] [client 194.61.41.14:0] script '/domains/oneylaw/AK-74.php' not found or unable to stat
[Tue Feb 17 02:44:47.146358 2026] [php:error] [pid 71937] [client 194.61.41.14:0] script '/domains/oneylaw/alfa3.php' not found or unable to stat
[Tue Feb 17 02:44:47.364934 2026] [php:error] [pid 71937] [client 194.61.41.14:0] script '/domains/oneylaw/alfaindex.php' not found or unable to stat
[Tue Feb 17 02:44:47.598499 2026] [php:error] [pid 71937] [client 194.61.41.14:0] script '/domains/oneylaw/alfa.php' not found or unable to stat
[Tue Feb 17 02:44:47.837516 2026] [php:error] [pid 71937] [client 194.61.41.14:0] script '/domains/oneylaw/c99.php' not found or unable to stat
[Tue Feb 17 02:44:48.069851 2026] [php:error] [pid 71937] [client 194.61.41.14:0] script '/domains/oneylaw/cmd.php' not found or unable to stat
[Tue Feb 17 02:44:48.295899 2026] [php:error] [pid 71937] [client 194.61.41.14:0] script '/domains/oneylaw/cw.php' not found or unable to stat
[Tue Feb 17 02:44:48.533465 2026] [php:error] [pid 71937] [client 194.61.41.14:0] script '/domains/oneylaw/date.php' not found or unable to stat
[Tue Feb 17 02:44:48.774642 2026] [php:error] [pid 71937] [client 194.61.41.14:0] script '/domains/oneylaw/haxor.php' not found or unable to stat
[Tue Feb 17 02:44:49.005606 2026] [php:error] [pid 71937] [client 194.61.41.14:0] script '/domains/oneylaw/icomsium.php' not found or unable to stat
[Tue Feb 17 02:44:49.269851 2026] [php:error] [pid 71937] [client 194.61.41.14:0] script '/domains/oneylaw/ico.php' not found or unable to stat
[Tue Feb 17 02:44:49.488158 2026] [php:error] [pid 71937] [client 194.61.41.14:0] script '/domains/oneylaw/leaf.php' not found or unable to stat
[Tue Feb 17 02:44:49.746135 2026] [php:error] [pid 71937] [client 194.61.41.14:0] script '/domains/oneylaw/marijuana.php' not found or unable to stat
[Tue Feb 17 02:44:49.977818 2026] [php:error] [pid 71937] [client 194.61.41.14:0] script '/domains/oneylaw/mass.php' not found or unable to stat
[Tue Feb 17 02:44:50.200407 2026] [php:error] [pid 71937] [client 194.61.41.14:0] script '/domains/oneylaw/mini.php' not found or unable to stat
[Tue Feb 17 02:44:50.438365 2026] [php:error] [pid 71937] [client 194.61.41.14:0] script '/domains/oneylaw/priv8.php' not found or unable to stat
[Tue Feb 17 02:44:50.660736 2026] [php:error] [pid 71937] [client 194.61.41.14:0] script '/domains/oneylaw/pws.php' not found or unable to stat
[Tue Feb 17 02:44:50.882531 2026] [php:error] [pid 71937] [client 194.61.41.14:0] script '/domains/oneylaw/r57.php' not found or unable to stat
[Tue Feb 17 02:44:51.126150 2026] [php:error] [pid 71937] [client 194.61.41.14:0] script '/domains/oneylaw/robots.php' not found or unable to stat
[Tue Feb 17 02:44:51.362208 2026] [php:error] [pid 71937] [client 194.61.41.14:0] script '/domains/oneylaw/snd.php' not found or unable to stat
[Tue Feb 17 02:44:51.621024 2026] [php:error] [pid 71937] [client 194.61.41.14:0] script '/domains/oneylaw/wp-class.php' not found or unable to stat
[Tue Feb 17 02:44:51.840424 2026] [php:error] [pid 71937] [client 194.61.41.14:0] script '/domains/oneylaw/new-index.php' not found or unable to stat
[Tue Feb 17 02:44:57.511378 2026] [php:error] [pid 71937] [client 194.61.41.14:0] script '/domains/oneylaw/class-wp-widget-archives.php' not found or unable to stat
[Tue Feb 17 02:44:59.705121 2026] [php:error] [pid 71937] [client 194.61.41.14:0] script '/domains/oneylaw/xleet-shell.php' not found or unable to stat
[Tue Feb 17 02:44:59.924469 2026] [php:error] [pid 71937] [client 194.61.41.14:0] script '/domains/oneylaw/xleet.php' not found or unable to stat
[Tue Feb 17 02:45:00.180098 2026] [php:error] [pid 71937] [client 194.61.41.14:0] script '/domains/oneylaw/xleetshell.php' not found or unable to stat
[Tue Feb 17 02:45:00.882076 2026] [php:error] [pid 71937] [client 194.61.41.14:0] script '/domains/oneylaw/xlt.php' not found or unable to stat
[Tue Feb 17 02:45:01.705365 2026] [php:error] [pid 77582] [client 35.247.243.253:0] script '/domains/machinadynamica/adminer-5.0.3.php' not found or unable to stat
[Tue Feb 17 02:45:02.436899 2026] [php:error] [pid 71937] [client 194.61.41.14:0] script '/domains/oneylaw/wp-apxupx.php' not found or unable to stat
[Tue Feb 17 02:45:02.693379 2026] [php:error] [pid 71937] [client 194.61.41.14:0] script '/domains/oneylaw/nf_tracking.php' not found or unable to stat
[Tue Feb 17 02:45:02.948800 2026] [php:error] [pid 71937] [client 194.61.41.14:0] script '/domains/oneylaw/class.api.php' not found or unable to stat
[Tue Feb 17 02:45:03.173960 2026] [php:error] [pid 71937] [client 194.61.41.14:0] script '/domains/oneylaw/xl2023.php' not found or unable to stat
[Tue Feb 17 02:45:03.401492 2026] [php:error] [pid 71937] [client 194.61.41.14:0] script '/domains/oneylaw/wp-head.php' not found or unable to stat
[Tue Feb 17 02:45:03.653804 2026] [php:error] [pid 71937] [client 194.61.41.14:0] script '/domains/oneylaw/wp-pano.php' not found or unable to stat
[Tue Feb 17 02:45:04.349309 2026] [php:error] [pid 71937] [client 194.61.41.14:0] script '/domains/oneylaw/xmlrpc.php' not found or unable to stat
[Tue Feb 17 02:45:04.623595 2026] [php:error] [pid 71937] [client 194.61.41.14:0] script '/domains/oneylaw/wp-admin.php' not found or unable to stat
[Tue Feb 17 02:45:05.522175 2026] [php:error] [pid 71937] [client 194.61.41.14:0] script '/domains/oneylaw/WSOEnigma.php' not found or unable to stat
[Tue Feb 17 02:45:06.718550 2026] [php:error] [pid 71937] [client 194.61.41.14:0] script '/domains/oneylaw/mah.php' not found or unable to stat
[Tue Feb 17 02:45:07.387321 2026] [php:error] [pid 77587] [client 194.61.41.9:0] script '/domains/oneylaw/test.php' not found or unable to stat
[Tue Feb 17 02:45:07.874584 2026] [php:error] [pid 77587] [client 194.61.41.9:0] script '/domains/oneylaw/gebase.php' not found or unable to stat
[Tue Feb 17 02:45:08.183606 2026] [php:error] [pid 77587] [client 194.61.41.9:0] script '/domains/oneylaw/defaults.php' not found or unable to stat
[Tue Feb 17 02:45:08.410188 2026] [php:error] [pid 77587] [client 194.61.41.9:0] script '/domains/oneylaw/asasx.php' not found or unable to stat
[Tue Feb 17 02:45:09.424319 2026] [php:error] [pid 77587] [client 194.61.41.9:0] script '/domains/oneylaw/contact.php' not found or unable to stat
[Tue Feb 17 02:45:09.641068 2026] [php:error] [pid 77587] [client 194.61.41.9:0] script '/domains/oneylaw/classwithtostring.php' not found or unable to stat
[Tue Feb 17 02:45:09.863713 2026] [php:error] [pid 77587] [client 194.61.41.9:0] script '/domains/oneylaw/mah.php' not found or unable to stat
[Tue Feb 17 02:45:10.111775 2026] [php:error] [pid 77587] [client 194.61.41.9:0] script '/domains/oneylaw/wp-add.php' not found or unable to stat
[Tue Feb 17 02:45:10.124542 2026] [php:error] [pid 71937] [client 35.247.243.250:0] script '/domains/machinadynamica/adminer-4.3.0.php' not found or unable to stat
[Tue Feb 17 02:45:11.078076 2026] [php:error] [pid 77587] [client 194.61.41.9:0] script '/domains/oneylaw/403.php' not found or unable to stat
[Tue Feb 17 02:45:12.561718 2026] [php:error] [pid 77587] [client 194.61.41.9:0] script '/domains/oneylaw/text.php' not found or unable to stat
[Tue Feb 17 02:45:12.758513 2026] [php:error] [pid 77585] [client 34.96.162.55:0] script '/domains/machinadynamica/adminer-5.0.1-mysql.php' not found or unable to stat
[Tue Feb 17 02:45:12.782140 2026] [php:error] [pid 77587] [client 194.61.41.9:0] script '/domains/oneylaw/xc.php' not found or unable to stat
[Tue Feb 17 02:45:14.035535 2026] [php:error] [pid 77587] [client 194.61.41.9:0] script '/domains/oneylaw/cgi-bin/xmrlpc.php' not found or unable to stat
[Tue Feb 17 02:45:14.479187 2026] [php:error] [pid 77587] [client 194.61.41.9:0] script '/domains/oneylaw/css/index.php' not found or unable to stat
[Tue Feb 17 02:45:14.712985 2026] [php:error] [pid 77587] [client 194.61.41.9:0] script '/domains/oneylaw/go.php' not found or unable to stat
[Tue Feb 17 02:45:15.196231 2026] [php:error] [pid 77587] [client 194.61.41.9:0] script '/domains/oneylaw/byp.php' not found or unable to stat
[Tue Feb 17 02:45:16.885163 2026] [php:error] [pid 77587] [client 194.61.41.9:0] script '/domains/oneylaw/click.php' not found or unable to stat
[Tue Feb 17 02:45:17.881289 2026] [php:error] [pid 77587] [client 194.61.41.9:0] script '/domains/oneylaw/baxa1.php' not found or unable to stat
[Tue Feb 17 02:45:18.362946 2026] [php:error] [pid 77587] [client 194.61.41.9:0] script '/domains/oneylaw/in.php' not found or unable to stat
[Tue Feb 17 02:45:18.617736 2026] [php:error] [pid 77587] [client 194.61.41.9:0] script '/domains/oneylaw/geju.php' not found or unable to stat
[Tue Feb 17 02:45:19.093856 2026] [php:error] [pid 77587] [client 194.61.41.9:0] script '/domains/oneylaw/wp-signup.php' not found or unable to stat
[Tue Feb 17 02:45:19.327771 2026] [php:error] [pid 77587] [client 194.61.41.9:0] script '/domains/oneylaw/elp.php' not found or unable to stat
[Tue Feb 17 02:45:20.085406 2026] [php:error] [pid 77587] [client 194.61.41.9:0] script '/domains/oneylaw/chosen-667.php' not found or unable to stat
[Tue Feb 17 02:45:20.309199 2026] [php:error] [pid 77587] [client 194.61.41.9:0] script '/domains/oneylaw/network.php' not found or unable to stat
[Tue Feb 17 02:45:21.077831 2026] [php:error] [pid 77587] [client 194.61.41.7:0] script '/domains/oneylaw/wp-mail.php' not found or unable to stat
[Tue Feb 17 02:45:21.528025 2026] [php:error] [pid 77587] [client 194.61.41.7:0] script '/domains/oneylaw/yanz.php' not found or unable to stat
[Tue Feb 17 02:45:22.010985 2026] [php:error] [pid 77590] [client 34.96.162.58:0] script '/domains/machinadynamica/adminer-5.0.5-mysql-en.php' not found or unable to stat
[Tue Feb 17 02:45:25.318606 2026] [php:error] [pid 77592] [client 194.61.41.43:0] script '/domains/oneylaw/tiny.php' not found or unable to stat
[Tue Feb 17 02:45:25.576467 2026] [php:error] [pid 77592] [client 194.61.41.43:0] script '/domains/oneylaw/edit.php' not found or unable to stat
[Tue Feb 17 02:45:25.854196 2026] [php:error] [pid 77592] [client 194.61.41.43:0] script '/domains/oneylaw/first.php' not found or unable to stat
[Tue Feb 17 02:45:27.677256 2026] [php:error] [pid 77575] [client 35.247.243.247:0] script '/domains/machinadynamica/adminer-5.0.0.php' not found or unable to stat
[Tue Feb 17 02:45:27.838374 2026] [php:error] [pid 77592] [client 194.61.41.43:0] script '/domains/oneylaw/bs1.php' not found or unable to stat
[Tue Feb 17 02:45:28.830163 2026] [php:error] [pid 77592] [client 194.61.41.43:0] script '/domains/oneylaw/cron.php' not found or unable to stat
[Tue Feb 17 02:45:29.326360 2026] [php:error] [pid 77592] [client 194.61.41.43:0] script '/domains/oneylaw/db.php' not found or unable to stat
[Tue Feb 17 02:45:29.561394 2026] [php:error] [pid 77592] [client 194.61.41.43:0] script '/domains/oneylaw/fm.php' not found or unable to stat
[Tue Feb 17 02:45:29.577005 2026] [php:error] [pid 77595] [client 34.96.162.56:0] script '/domains/machinadynamica/__adm.php' not found or unable to stat
[Tue Feb 17 02:45:30.270597 2026] [php:error] [pid 77592] [client 194.61.41.43:0] script '/domains/oneylaw/a.php' not found or unable to stat
[Tue Feb 17 02:45:30.957720 2026] [php:error] [pid 77592] [client 194.61.41.43:0] script '/domains/oneylaw/chosen.php' not found or unable to stat
[Tue Feb 17 02:45:31.501240 2026] [php:error] [pid 77592] [client 194.61.41.43:0] script '/domains/oneylaw/back.php' not found or unable to stat
[Tue Feb 17 02:45:32.960728 2026] [php:error] [pid 77592] [client 194.61.41.43:0] script '/domains/oneylaw/new.php' not found or unable to stat
[Tue Feb 17 02:45:33.882289 2026] [php:error] [pid 77592] [client 194.61.41.43:0] script '/domains/oneylaw/phpfm3.php' not found or unable to stat
[Tue Feb 17 02:45:34.634911 2026] [php:error] [pid 71938] [client 34.96.162.49:0] script '/domains/machinadynamica/adminer-5.3.0-mysql-en.php' not found or unable to stat
[Tue Feb 17 02:45:34.793970 2026] [php:error] [pid 77592] [client 194.61.41.43:0] script '/domains/oneylaw/post.php' not found or unable to stat
[Tue Feb 17 02:45:36.924926 2026] [php:error] [pid 77592] [client 194.61.41.43:0] script '/domains/oneylaw/randkeyword.php' not found or unable to stat
[Tue Feb 17 02:45:37.641508 2026] [php:error] [pid 77592] [client 194.61.41.43:0] script '/domains/oneylaw/xxx.php' not found or unable to stat
[Tue Feb 17 02:45:38.108575 2026] [php:error] [pid 77592] [client 194.61.41.43:0] script '/domains/oneylaw/lv.php' not found or unable to stat
[Tue Feb 17 02:45:38.349510 2026] [php:error] [pid 77592] [client 194.61.41.43:0] script '/domains/oneylaw/zip.php' not found or unable to stat
[Tue Feb 17 02:45:41.286947 2026] [php:error] [pid 77592] [client 194.61.41.43:0] script '/domains/oneylaw/wp-cron.php' not found or unable to stat
[Tue Feb 17 02:45:41.736092 2026] [php:error] [pid 77592] [client 194.61.41.43:0] script '/domains/oneylaw/cgi-bin/about.php' not found or unable to stat
[Tue Feb 17 02:45:41.951289 2026] [php:error] [pid 77592] [client 194.61.41.43:0] script '/domains/oneylaw/jp.php' not found or unable to stat
[Tue Feb 17 02:45:42.192599 2026] [php:error] [pid 77592] [client 194.61.41.43:0] script '/domains/oneylaw/rcc.php' not found or unable to stat
[Tue Feb 17 02:45:42.644489 2026] [php:error] [pid 77592] [client 194.61.41.43:0] script '/domains/oneylaw/class.api.php' not found or unable to stat
[Tue Feb 17 02:45:42.861255 2026] [php:error] [pid 77592] [client 194.61.41.43:0] script '/domains/oneylaw/layout.php' not found or unable to stat
[Tue Feb 17 02:45:43.354770 2026] [php:error] [pid 77592] [client 194.61.41.43:0] script '/domains/oneylaw/history.php' not found or unable to stat
[Tue Feb 17 02:45:44.285098 2026] [php:error] [pid 77592] [client 194.61.41.43:0] script '/domains/oneylaw/images/about.php' not found or unable to stat
[Tue Feb 17 02:45:44.382094 2026] [php:error] [pid 77585] [client 34.96.162.55:0] script '/domains/machinadynamica/adminer-5.0.4-en.php' not found or unable to stat
[Tue Feb 17 02:45:45.443165 2026] [php:error] [pid 77592] [client 194.61.41.43:0] script '/domains/oneylaw/about.php' not found or unable to stat
[Tue Feb 17 02:45:45.920006 2026] [php:error] [pid 77592] [client 194.61.41.43:0] script '/domains/oneylaw/cong.php' not found or unable to stat
[Tue Feb 17 02:45:46.131236 2026] [php:error] [pid 77592] [client 194.61.41.43:0] script '/domains/oneylaw/cgi-bin/wp-login.php' not found or unable to stat
[Tue Feb 17 02:45:47.029721 2026] [php:error] [pid 77592] [client 194.61.41.43:0] script '/domains/oneylaw/wp-links.php' not found or unable to stat
[Tue Feb 17 02:45:47.464266 2026] [php:error] [pid 77593] [client 194.61.41.20:0] script '/domains/oneylaw/makeasmtp.php' not found or unable to stat
[Tue Feb 17 02:45:48.419261 2026] [php:error] [pid 77593] [client 194.61.41.20:0] script '/domains/oneylaw/login.php' not found or unable to stat
[Tue Feb 17 02:45:50.688955 2026] [php:error] [pid 77593] [client 194.61.41.20:0] script '/domains/oneylaw/wander.php' not found or unable to stat
[Tue Feb 17 02:45:51.410441 2026] [php:error] [pid 77593] [client 194.61.41.20:0] script '/domains/oneylaw/wp-config-sample.php' not found or unable to stat
[Tue Feb 17 02:45:52.342651 2026] [php:error] [pid 77593] [client 194.61.41.20:0] script '/domains/oneylaw/images/autoload_classmap.php' not found or unable to stat
[Tue Feb 17 02:45:52.580610 2026] [php:error] [pid 77593] [client 194.61.41.20:0] script '/domains/oneylaw/manager.php' not found or unable to stat
[Tue Feb 17 02:45:53.332386 2026] [php:error] [pid 77593] [client 194.61.41.20:0] script '/domains/oneylaw/users.php' not found or unable to stat
[Tue Feb 17 02:45:53.990015 2026] [php:error] [pid 77593] [client 194.61.41.20:0] script '/domains/oneylaw/sim.php' not found or unable to stat
[Tue Feb 17 02:45:54.893900 2026] [php:error] [pid 77593] [client 194.61.41.20:0] script '/domains/oneylaw/function.php' not found or unable to stat
[Tue Feb 17 02:45:58.671472 2026] [php:error] [pid 77593] [client 194.61.41.20:0] script '/domains/oneylaw/wp-mail.php' not found or unable to stat
[Tue Feb 17 02:45:59.630794 2026] [php:error] [pid 77593] [client 194.61.41.20:0] script '/domains/oneylaw/admin-post.php' not found or unable to stat
[Tue Feb 17 02:45:59.869475 2026] [php:error] [pid 77593] [client 194.61.41.20:0] script '/domains/oneylaw/conf_upload.php' not found or unable to stat
[Tue Feb 17 02:46:01.180001 2026] [php:error] [pid 77593] [client 194.61.41.20:0] script '/domains/oneylaw/wp-configs.php' not found or unable to stat
[Tue Feb 17 02:46:02.116222 2026] [php:error] [pid 77590] [client 194.61.41.34:0] script '/domains/oneylaw/cgi-bin/file.php' not found or unable to stat
[Tue Feb 17 02:46:02.360983 2026] [php:error] [pid 77590] [client 194.61.41.34:0] script '/domains/oneylaw/f35.php' not found or unable to stat
[Tue Feb 17 02:46:02.518710 2026] [php:error] [pid 77595] [client 20.100.195.34:0] script '/domains/hand-hammerweb/pass4.php' not found or unable to stat
[Tue Feb 17 02:46:02.631259 2026] [php:error] [pid 77595] [client 20.100.195.34:0] script '/domains/hand-hammerweb/term.php' not found or unable to stat
[Tue Feb 17 02:46:02.740804 2026] [php:error] [pid 77595] [client 20.100.195.34:0] script '/domains/hand-hammerweb/lp6.php' not found or unable to stat
[Tue Feb 17 02:46:02.842547 2026] [php:error] [pid 77595] [client 20.100.195.34:0] script '/domains/hand-hammerweb/we.php' not found or unable to stat
[Tue Feb 17 02:46:02.939079 2026] [php:error] [pid 77595] [client 20.100.195.34:0] script '/domains/hand-hammerweb/asax.php' not found or unable to stat
[Tue Feb 17 02:46:03.053478 2026] [php:error] [pid 77590] [client 194.61.41.34:0] script '/domains/oneylaw/edit.php' not found or unable to stat
[Tue Feb 17 02:46:03.471086 2026] [php:error] [pid 77595] [client 20.100.195.34:0] script '/domains/hand-hammerweb/co.php' not found or unable to stat
[Tue Feb 17 02:46:03.578931 2026] [php:error] [pid 77595] [client 20.100.195.34:0] script '/domains/hand-hammerweb/wp-k3w6g9s4h2.php' not found or unable to stat
[Tue Feb 17 02:46:03.682570 2026] [php:error] [pid 77595] [client 20.100.195.34:0] script '/domains/hand-hammerweb/ahax.php' not found or unable to stat
[Tue Feb 17 02:46:03.741820 2026] [php:error] [pid 77590] [client 194.61.41.34:0] script '/domains/oneylaw/files.php' not found or unable to stat
[Tue Feb 17 02:46:03.903447 2026] [php:error] [pid 77581] [client 34.96.162.63:0] script '/domains/machinadynamica/adminer-4.7.7.php' not found or unable to stat
[Tue Feb 17 02:46:03.977554 2026] [php:error] [pid 77590] [client 194.61.41.34:0] script '/domains/oneylaw/webadmin.php' not found or unable to stat
[Tue Feb 17 02:46:04.077213 2026] [php:error] [pid 77595] [client 20.100.195.34:0] script '/domains/hand-hammerweb/Okxob.php' not found or unable to stat
[Tue Feb 17 02:46:04.173691 2026] [php:error] [pid 77595] [client 20.100.195.34:0] script '/domains/hand-hammerweb/acfdr.php' not found or unable to stat
[Tue Feb 17 02:46:04.279815 2026] [php:error] [pid 77595] [client 20.100.195.34:0] script '/domains/hand-hammerweb/init.php' not found or unable to stat
[Tue Feb 17 02:46:04.376481 2026] [php:error] [pid 77595] [client 20.100.195.34:0] script '/domains/hand-hammerweb/themes.php' not found or unable to stat
[Tue Feb 17 02:46:04.472999 2026] [php:error] [pid 77595] [client 20.100.195.34:0] script '/domains/hand-hammerweb/ff.php' not found or unable to stat
[Tue Feb 17 02:46:04.571818 2026] [php:error] [pid 77595] [client 20.100.195.34:0] script '/domains/hand-hammerweb/ak.php' not found or unable to stat
[Tue Feb 17 02:46:04.617210 2026] [php:error] [pid 77590] [client 194.61.41.34:0] script '/domains/oneylaw/wsa.php' not found or unable to stat
[Tue Feb 17 02:46:04.668126 2026] [php:error] [pid 77595] [client 20.100.195.34:0] script '/domains/hand-hammerweb/bjfl.php' not found or unable to stat
[Tue Feb 17 02:46:04.780480 2026] [php:error] [pid 77595] [client 20.100.195.34:0] script '/domains/hand-hammerweb/vx.php' not found or unable to stat
[Tue Feb 17 02:46:04.854429 2026] [php:error] [pid 77590] [client 194.61.41.34:0] script '/domains/oneylaw/tinyfilemanager.php' not found or unable to stat
[Tue Feb 17 02:46:04.876843 2026] [php:error] [pid 77595] [client 20.100.195.34:0] script '/domains/hand-hammerweb/jga.php' not found or unable to stat
[Tue Feb 17 02:46:04.973016 2026] [php:error] [pid 77595] [client 20.100.195.34:0] script '/domains/hand-hammerweb/a4.php' not found or unable to stat
[Tue Feb 17 02:46:05.176311 2026] [php:error] [pid 77595] [client 20.100.195.34:0] script '/domains/hand-hammerweb/inege.php' not found or unable to stat
[Tue Feb 17 02:46:05.528623 2026] [php:error] [pid 77590] [client 194.61.41.34:0] script '/domains/oneylaw/cgi-bin/index.php' not found or unable to stat
[Tue Feb 17 02:46:05.763887 2026] [php:error] [pid 77590] [client 194.61.41.34:0] script '/domains/oneylaw/woh.php' not found or unable to stat
[Tue Feb 17 02:46:06.441622 2026] [php:error] [pid 77590] [client 194.61.41.34:0] script '/domains/oneylaw/bless.php' not found or unable to stat
[Tue Feb 17 02:46:06.591935 2026] [php:error] [pid 77592] [client 35.247.243.251:0] script '/domains/machinadynamica/adminer-5.2.0-en.php' not found or unable to stat
[Tue Feb 17 02:46:06.677054 2026] [php:error] [pid 77590] [client 194.61.41.34:0] script '/domains/oneylaw/wp-trackback.php' not found or unable to stat
[Tue Feb 17 02:46:06.773759 2026] [php:error] [pid 77581] [client 34.96.162.58:0] script '/domains/machinadynamica/adminer-5.0.3-mysql-en.php' not found or unable to stat
[Tue Feb 17 02:46:06.890230 2026] [php:error] [pid 77590] [client 194.61.41.34:0] script '/domains/oneylaw/info.php' not found or unable to stat
[Tue Feb 17 02:46:07.561392 2026] [php:error] [pid 77590] [client 194.61.41.34:0] script '/domains/oneylaw/buy.php' not found or unable to stat
[Tue Feb 17 02:46:08.013958 2026] [php:error] [pid 77590] [client 194.61.41.34:0] script '/domains/oneylaw/readme.php' not found or unable to stat
[Tue Feb 17 02:46:08.234876 2026] [php:error] [pid 77590] [client 194.61.41.34:0] script '/domains/oneylaw/sck.php' not found or unable to stat
[Tue Feb 17 02:46:08.464045 2026] [php:error] [pid 77590] [client 194.61.41.34:0] script '/domains/oneylaw/fm.php' not found or unable to stat
[Tue Feb 17 02:46:08.901018 2026] [php:error] [pid 77590] [client 194.61.41.34:0] script '/domains/oneylaw/packed.php' not found or unable to stat
[Tue Feb 17 02:46:09.190978 2026] [php:error] [pid 77590] [client 194.61.41.34:0] script '/domains/oneylaw/about.php' not found or unable to stat
[Tue Feb 17 02:46:09.623681 2026] [php:error] [pid 77598] [client 34.96.162.51:0] script '/domains/machinadynamica/adminer-5.0.0.php' not found or unable to stat
[Tue Feb 17 02:46:10.108563 2026] [php:error] [pid 77590] [client 194.61.41.34:0] script '/domains/oneylaw/plugin.php' not found or unable to stat
[Tue Feb 17 02:46:11.010895 2026] [php:error] [pid 77590] [client 194.61.41.34:0] script '/domains/oneylaw/chosen.php' not found or unable to stat
[Tue Feb 17 02:46:11.243756 2026] [php:error] [pid 77590] [client 194.61.41.34:0] script '/domains/oneylaw/load.php' not found or unable to stat
[Tue Feb 17 02:46:11.709891 2026] [php:error] [pid 77590] [client 194.61.41.34:0] script '/domains/oneylaw/edit-tags.php' not found or unable to stat
[Tue Feb 17 02:46:12.433977 2026] [php:error] [pid 77590] [client 194.61.41.34:0] script '/domains/oneylaw/autoload_classmap.php' not found or unable to stat
[Tue Feb 17 02:46:12.651272 2026] [php:error] [pid 77590] [client 194.61.41.34:0] script '/domains/oneylaw/lock.php' not found or unable to stat
[Tue Feb 17 02:46:14.283572 2026] [php:error] [pid 77592] [client 194.61.41.35:0] script '/domains/oneylaw/product.php' not found or unable to stat
[Tue Feb 17 02:46:15.469732 2026] [php:error] [pid 77593] [client 194.61.41.21:0] script '/domains/oneylaw/base.php' not found or unable to stat
[Tue Feb 17 02:46:15.922596 2026] [php:error] [pid 77593] [client 194.61.41.21:0] script '/domains/oneylaw/zero.php' not found or unable to stat
[Tue Feb 17 02:46:16.056710 2026] [php:error] [pid 77590] [client 145.239.10.137:0] script '/domains/csiniaws/tcb.php' not found or unable to stat, referer: http://webminded.com/tcb.php
[Tue Feb 17 02:46:16.612510 2026] [php:error] [pid 77593] [client 194.61.41.21:0] script '/domains/oneylaw/style.php' not found or unable to stat
[Tue Feb 17 02:46:16.823015 2026] [php:error] [pid 77593] [client 194.61.41.21:0] script '/domains/oneylaw/db.php' not found or unable to stat
[Tue Feb 17 02:46:17.861205 2026] [php:error] [pid 77590] [client 35.247.243.245:0] script '/domains/machinadynamica/adminer-5.0.4-mysql.php' not found or unable to stat
[Tue Feb 17 02:46:17.932688 2026] [php:error] [pid 77598] [client 194.61.41.2:0] script '/domains/oneylaw/wp-set.php' not found or unable to stat
[Tue Feb 17 02:46:18.217413 2026] [php:error] [pid 77598] [client 194.61.41.2:0] script '/domains/oneylaw/file.php' not found or unable to stat
[Tue Feb 17 02:46:19.144553 2026] [php:error] [pid 77593] [client 35.247.243.250:0] script '/domains/machinadynamica/adminer-5.4.0.php' not found or unable to stat
[Tue Feb 17 02:46:21.941032 2026] [php:error] [pid 77581] [client 194.61.41.44:0] script '/domains/oneylaw/moon.php' not found or unable to stat
[Tue Feb 17 02:46:23.568883 2026] [php:error] [pid 77581] [client 194.61.41.44:0] script '/domains/oneylaw/pages.php' not found or unable to stat
[Tue Feb 17 02:46:23.791000 2026] [php:error] [pid 77581] [client 194.61.41.44:0] script '/domains/oneylaw/bulk.php' not found or unable to stat
[Tue Feb 17 02:46:24.031695 2026] [php:error] [pid 77581] [client 194.61.41.44:0] script '/domains/oneylaw/kk.php' not found or unable to stat
[Tue Feb 17 02:46:24.557282 2026] [php:error] [pid 77581] [client 194.61.41.44:0] script '/domains/oneylaw/wp-logout.php' not found or unable to stat
[Tue Feb 17 02:46:25.479776 2026] [php:error] [pid 77581] [client 194.61.41.44:0] script '/domains/oneylaw/classwithtostring.php' not found or unable to stat
[Tue Feb 17 02:46:25.724003 2026] [php:error] [pid 77581] [client 194.61.41.44:0] script '/domains/oneylaw/wp-setup.php' not found or unable to stat
[Tue Feb 17 02:46:26.422237 2026] [php:error] [pid 77581] [client 194.61.41.44:0] script '/domains/oneylaw/wp-editor.php' not found or unable to stat
[Tue Feb 17 02:46:26.671095 2026] [php:error] [pid 77581] [client 194.61.41.44:0] script '/domains/oneylaw/wp-simple.php' not found or unable to stat
[Tue Feb 17 02:46:26.729211 2026] [php:error] [pid 77585] [client 34.96.162.52:0] script '/domains/machinadynamica/adminer-5.0.3.php' not found or unable to stat
[Tue Feb 17 02:46:28.499957 2026] [php:error] [pid 77581] [client 194.61.41.44:0] script '/domains/oneylaw/hehehehe.php' not found or unable to stat
[Tue Feb 17 02:46:30.758052 2026] [php:error] [pid 77581] [client 194.61.41.44:0] script '/domains/oneylaw/header.php' not found or unable to stat
[Tue Feb 17 02:46:30.980318 2026] [php:error] [pid 77581] [client 194.61.41.44:0] script '/domains/oneylaw/gecko.php' not found or unable to stat
[Tue Feb 17 02:46:31.937691 2026] [php:error] [pid 77581] [client 194.61.41.44:0] script '/domains/oneylaw/bk.php' not found or unable to stat
[Tue Feb 17 02:46:34.543443 2026] [php:error] [pid 77581] [client 194.61.41.18:0] script '/domains/oneylaw/about.php' not found or unable to stat
[Tue Feb 17 02:46:34.815035 2026] [php:error] [pid 77581] [client 194.61.41.18:0] script '/domains/oneylaw/sym.php' not found or unable to stat
[Tue Feb 17 02:46:36.496174 2026] [php:error] [pid 77581] [client 194.61.41.18:0] script '/domains/oneylaw/sk.php' not found or unable to stat
[Tue Feb 17 02:46:37.879839 2026] [php:error] [pid 77600] [client 194.61.41.25:0] script '/domains/oneylaw/images/Marvins.php' not found or unable to stat
[Tue Feb 17 02:46:38.564498 2026] [php:error] [pid 77600] [client 194.61.41.25:0] script '/domains/oneylaw/images/index.php' not found or unable to stat
[Tue Feb 17 02:46:39.780345 2026] [php:error] [pid 77600] [client 194.61.41.25:0] script '/domains/oneylaw/sys.php' not found or unable to stat
[Tue Feb 17 02:46:40.450354 2026] [php:error] [pid 77600] [client 194.61.41.25:0] script '/domains/oneylaw/wp-user.php' not found or unable to stat
[Tue Feb 17 02:46:40.708405 2026] [php:error] [pid 77600] [client 194.61.41.25:0] script '/domains/oneylaw/customize.php' not found or unable to stat
[Tue Feb 17 02:46:42.063849 2026] [php:error] [pid 77601] [client 194.61.41.14:0] script '/domains/oneylaw/fm1.php' not found or unable to stat
[Tue Feb 17 02:46:42.379296 2026] [php:error] [pid 77585] [client 35.247.243.242:0] script '/domains/machinadynamica/adminer-4.7.5.php' not found or unable to stat
[Tue Feb 17 02:46:42.379443 2026] [php:error] [pid 77600] [client 34.96.162.49:0] script '/domains/machinadynamica/adminer-5.0.2.php' not found or unable to stat
[Tue Feb 17 02:46:42.731489 2026] [php:error] [pid 77601] [client 194.61.41.14:0] script '/domains/oneylaw/wp-settings.php' not found or unable to stat
[Tue Feb 17 02:46:43.205138 2026] [php:error] [pid 77601] [client 194.61.41.14:0] script '/domains/oneylaw/wp-file.php' not found or unable to stat
[Tue Feb 17 02:46:43.437952 2026] [php:error] [pid 77601] [client 194.61.41.14:0] script '/domains/oneylaw/wp-content.php' not found or unable to stat
[Tue Feb 17 02:46:43.923202 2026] [php:error] [pid 77601] [client 194.61.41.14:0] script '/domains/oneylaw/log.php' not found or unable to stat
[Tue Feb 17 02:46:44.355070 2026] [php:error] [pid 77601] [client 194.61.41.14:0] script '/domains/oneylaw/ioxi01.php' not found or unable to stat
[Tue Feb 17 02:46:47.450261 2026] [php:error] [pid 77601] [client 194.61.41.14:0] script '/domains/oneylaw/xx.php' not found or unable to stat
[Tue Feb 17 02:46:47.926421 2026] [php:error] [pid 77601] [client 194.61.41.14:0] script '/domains/oneylaw/cgi-bin/cyohbodf.php' not found or unable to stat
[Tue Feb 17 02:46:48.180373 2026] [php:error] [pid 77601] [client 194.61.41.14:0] script '/domains/oneylaw/css/content.php' not found or unable to stat
[Tue Feb 17 02:46:48.560550 2026] [php:error] [pid 77592] [client 35.247.243.254:0] script '/domains/machinadynamica/db.php' not found or unable to stat
