[Tue Feb 17 02:32:13.713763 2026] [php:error] [pid 71787] [client 98.159.43.150:0] script '/domains/rnachum/simple.php' not found or unable to stat
[Tue Feb 17 02:32:14.356101 2026] [php:error] [pid 71787] [client 98.159.43.150:0] script '/domains/rnachum/inputs.php' not found or unable to stat
[Tue Feb 17 02:32:14.939989 2026] [php:error] [pid 71787] [client 98.159.43.150:0] script '/domains/rnachum/autoload_classmap.php' not found or unable to stat
[Tue Feb 17 02:32:14.961262 2026] [php:error] [pid 71815] [client 194.61.40.12:0] script '/domains/magicjim/header.php' not found or unable to stat
[Tue Feb 17 02:32:15.239204 2026] [php:error] [pid 71815] [client 194.61.40.12:0] script '/domains/magicjim/gecko.php' not found or unable to stat
[Tue Feb 17 02:32:15.567792 2026] [php:error] [pid 71787] [client 98.159.43.150:0] script '/domains/rnachum/file2.php' not found or unable to stat
[Tue Feb 17 02:32:16.165245 2026] [php:error] [pid 71787] [client 98.159.43.150:0] script '/domains/rnachum/file.php' not found or unable to stat
[Tue Feb 17 02:32:16.442889 2026] [php:error] [pid 71787] [client 98.159.43.150:0] script '/domains/rnachum/chosen.php' not found or unable to stat
[Tue Feb 17 02:32:16.774952 2026] [php:error] [pid 71787] [client 98.159.43.150:0] script '/domains/rnachum/item.php' not found or unable to stat
[Tue Feb 17 02:32:16.920810 2026] [php:error] [pid 71815] [client 194.61.40.12:0] script '/domains/magicjim/bk.php' not found or unable to stat
[Tue Feb 17 02:32:16.959483 2026] [php:error] [pid 71824] [client 34.96.162.53:0] script '/domains/machinadynamica/adminer-4.2.1.php' not found or unable to stat
[Tue Feb 17 02:32:17.215442 2026] [php:error] [pid 71780] [client 35.247.243.242:0] script '/domains/machinadynamica/adminer-5.0.1-en.php' not found or unable to stat
[Tue Feb 17 02:32:17.659358 2026] [php:error] [pid 71787] [client 98.159.43.150:0] script '/domains/rnachum/zwso.php' not found or unable to stat
[Tue Feb 17 02:32:17.948658 2026] [php:error] [pid 71787] [client 98.159.43.150:0] script '/domains/rnachum/wp-conflg.php' not found or unable to stat
[Tue Feb 17 02:32:18.623360 2026] [php:error] [pid 71825] [client 35.247.243.250:0] script '/domains/machinadynamica/adminer-4.3.1.php' not found or unable to stat
[Tue Feb 17 02:32:20.847600 2026] [php:error] [pid 71787] [client 98.159.43.150:0] script '/domains/rnachum/cong.php' not found or unable to stat
[Tue Feb 17 02:32:21.154808 2026] [php:error] [pid 71815] [client 194.61.40.8:0] script '/domains/magicjim/about.php' not found or unable to stat
[Tue Feb 17 02:32:21.460698 2026] [php:error] [pid 71815] [client 194.61.40.8:0] script '/domains/magicjim/sym.php' not found or unable to stat
[Tue Feb 17 02:32:21.708819 2026] [php:error] [pid 71829] [client 117.68.86.161:0] script '/domains/hdickens.enteract/a.php' not found or unable to stat, referer: http://www.hollydickens.com/a.php
[Tue Feb 17 02:32:21.762816 2026] [php:error] [pid 71787] [client 98.159.43.150:0] script '/domains/rnachum/dropdown.php' not found or unable to stat
[Tue Feb 17 02:32:23.049718 2026] [php:error] [pid 71787] [client 98.159.43.150:0] script '/domains/rnachum/repeater.php' not found or unable to stat
[Tue Feb 17 02:32:23.090501 2026] [php:error] [pid 71814] [client 34.96.162.61:0] script '/domains/machinadynamica/adminer-5.0.2-en.php' not found or unable to stat
[Tue Feb 17 02:32:23.350668 2026] [php:error] [pid 71787] [client 98.159.43.150:0] script '/domains/rnachum/wp-2019.php' not found or unable to stat
[Tue Feb 17 02:32:23.470728 2026] [php:error] [pid 71814] [client 34.96.162.50:0] script '/domains/machinadynamica/adminer-4.6.3.php' not found or unable to stat
[Tue Feb 17 02:32:23.597876 2026] [php:error] [pid 71787] [client 98.159.43.150:0] script '/domains/rnachum/atomlib.php' not found or unable to stat
[Tue Feb 17 02:32:23.875280 2026] [php:error] [pid 71787] [client 98.159.43.150:0] script '/domains/rnachum/css.php' not found or unable to stat
[Tue Feb 17 02:32:24.175280 2026] [php:error] [pid 71787] [client 98.159.43.150:0] script '/domains/rnachum/log.php' not found or unable to stat
[Tue Feb 17 02:32:24.450933 2026] [php:error] [pid 71787] [client 98.159.43.150:0] script '/domains/rnachum/mail.php' not found or unable to stat
[Tue Feb 17 02:32:24.739219 2026] [php:error] [pid 71787] [client 98.159.43.150:0] script '/domains/rnachum/lufix.php' not found or unable to stat
[Tue Feb 17 02:32:25.039785 2026] [php:error] [pid 71787] [client 98.159.43.150:0] script '/domains/rnachum/doc.php' not found or unable to stat
[Tue Feb 17 02:32:25.368203 2026] [php:error] [pid 71787] [client 98.159.43.150:0] script '/domains/rnachum/bak.php' not found or unable to stat
[Tue Feb 17 02:32:25.656931 2026] [php:error] [pid 71787] [client 98.159.43.150:0] script '/domains/rnachum/content.php' not found or unable to stat
[Tue Feb 17 02:32:25.861197 2026] [php:error] [pid 71815] [client 194.61.40.8:0] script '/domains/magicjim/sk.php' not found or unable to stat
[Tue Feb 17 02:32:25.893482 2026] [php:error] [pid 71787] [client 98.159.43.150:0] script '/domains/rnachum/upfile.php' not found or unable to stat
[Tue Feb 17 02:32:26.193496 2026] [php:error] [pid 71787] [client 98.159.43.150:0] script '/domains/rnachum/wp.php' not found or unable to stat
[Tue Feb 17 02:32:26.468892 2026] [php:error] [pid 71787] [client 98.159.43.150:0] script '/domains/rnachum/bypass.php' not found or unable to stat
[Tue Feb 17 02:32:26.769645 2026] [php:error] [pid 71787] [client 98.159.43.150:0] script '/domains/rnachum/wp-activate.php' not found or unable to stat
[Tue Feb 17 02:32:27.054730 2026] [php:error] [pid 71787] [client 98.159.43.150:0] script '/domains/rnachum/updates.php' not found or unable to stat
[Tue Feb 17 02:32:27.345089 2026] [php:error] [pid 71787] [client 98.159.43.150:0] script '/domains/rnachum/radio.php' not found or unable to stat
[Tue Feb 17 02:32:27.590345 2026] [php:error] [pid 71787] [client 98.159.43.150:0] script '/domains/rnachum/plugins.php' not found or unable to stat
[Tue Feb 17 02:32:27.878100 2026] [php:error] [pid 71787] [client 98.159.43.150:0] script '/domains/rnachum/xmrlpc.php' not found or unable to stat
[Tue Feb 17 02:32:28.151522 2026] [php:error] [pid 71787] [client 98.159.43.150:0] script '/domains/rnachum/ae.php' not found or unable to stat
[Tue Feb 17 02:32:28.556532 2026] [php:error] [pid 71787] [client 98.159.43.150:0] script '/domains/rnachum/moon.php' not found or unable to stat
[Tue Feb 17 02:32:28.954272 2026] [php:error] [pid 71787] [client 98.159.43.150:0] script '/domains/rnachum/blog.php' not found or unable to stat
[Tue Feb 17 02:32:29.253739 2026] [php:error] [pid 71787] [client 98.159.43.150:0] script '/domains/rnachum/themes.php' not found or unable to stat
[Tue Feb 17 02:32:29.645147 2026] [php:error] [pid 71787] [client 98.159.43.150:0] script '/domains/rnachum/ini.php' not found or unable to stat
[Tue Feb 17 02:32:29.953033 2026] [php:error] [pid 71787] [client 98.159.43.150:0] script '/domains/rnachum/as.php' not found or unable to stat
[Tue Feb 17 02:32:30.190667 2026] [php:error] [pid 71787] [client 98.159.43.150:0] script '/domains/rnachum/shell.php' not found or unable to stat
[Tue Feb 17 02:32:30.895815 2026] [php:error] [pid 71787] [client 98.159.43.150:0] script '/domains/rnachum/ws.php' not found or unable to stat
[Tue Feb 17 02:32:31.267787 2026] [php:error] [pid 71787] [client 98.159.43.150:0] script '/domains/rnachum/makeasmtp.php' not found or unable to stat
[Tue Feb 17 02:32:31.584830 2026] [php:error] [pid 71787] [client 98.159.43.150:0] script '/domains/rnachum/wp-sigunq.php' not found or unable to stat
[Tue Feb 17 02:32:31.868098 2026] [php:error] [pid 71787] [client 98.159.43.150:0] script '/domains/rnachum/wso112233.php' not found or unable to stat
[Tue Feb 17 02:32:32.208353 2026] [php:error] [pid 71787] [client 98.159.43.150:0] script '/domains/rnachum/wp-atom.php' not found or unable to stat
[Tue Feb 17 02:32:32.566549 2026] [php:error] [pid 71787] [client 98.159.43.150:0] script '/domains/rnachum/alfanew.php' not found or unable to stat
[Tue Feb 17 02:32:32.847342 2026] [php:error] [pid 71787] [client 98.159.43.150:0] script '/domains/rnachum/fw.php' not found or unable to stat
[Tue Feb 17 02:32:33.162746 2026] [php:error] [pid 71787] [client 98.159.43.150:0] script '/domains/rnachum/install.php' not found or unable to stat
[Tue Feb 17 02:32:33.466167 2026] [php:error] [pid 71787] [client 98.159.43.150:0] script '/domains/rnachum/wp-login.php' not found or unable to stat
[Tue Feb 17 02:32:34.055065 2026] [php:error] [pid 71787] [client 98.159.43.150:0] script '/domains/rnachum/XxX.php' not found or unable to stat
[Tue Feb 17 02:32:34.354835 2026] [php:error] [pid 71787] [client 98.159.43.150:0] script '/domains/rnachum/Marvins.php' not found or unable to stat
[Tue Feb 17 02:32:34.899341 2026] [php:error] [pid 71787] [client 98.159.43.150:0] script '/domains/rnachum/olux.php' not found or unable to stat
[Tue Feb 17 02:32:35.187785 2026] [php:error] [pid 71787] [client 98.159.43.150:0] script '/domains/rnachum/wso.php' not found or unable to stat
[Tue Feb 17 02:32:35.850762 2026] [php:error] [pid 71787] [client 98.159.43.150:0] script '/domains/rnachum/uploader.php' not found or unable to stat
[Tue Feb 17 02:32:35.921905 2026] [php:error] [pid 71780] [client 194.61.40.14:0] script '/domains/magicjim/sys.php' not found or unable to stat
[Tue Feb 17 02:32:36.158011 2026] [php:error] [pid 71787] [client 98.159.43.150:0] script '/domains/rnachum/1337.php' not found or unable to stat
[Tue Feb 17 02:32:36.401276 2026] [php:error] [pid 71825] [client 35.247.243.243:0] script '/domains/machinadynamica/adminer-5.4.0-mysql-en.php' not found or unable to stat
[Tue Feb 17 02:32:36.455286 2026] [php:error] [pid 71787] [client 98.159.43.150:0] script '/domains/rnachum/user.php' not found or unable to stat
[Tue Feb 17 02:32:36.710562 2026] [php:error] [pid 71787] [client 98.159.43.150:0] script '/domains/rnachum/wp-info.php' not found or unable to stat
[Tue Feb 17 02:32:37.048582 2026] [php:error] [pid 71787] [client 98.159.43.150:0] script '/domains/rnachum/wxo.php' not found or unable to stat
[Tue Feb 17 02:32:37.342656 2026] [php:error] [pid 71787] [client 98.159.43.150:0] script '/domains/rnachum/amigo.php' not found or unable to stat
[Tue Feb 17 02:32:37.669285 2026] [php:error] [pid 71787] [client 98.159.43.150:0] script '/domains/rnachum/yoi.php' not found or unable to stat
[Tue Feb 17 02:32:38.670396 2026] [php:error] [pid 71787] [client 98.159.43.150:0] script '/domains/rnachum/wp-contentt.php' not found or unable to stat
[Tue Feb 17 02:32:38.972513 2026] [php:error] [pid 71787] [client 98.159.43.150:0] script '/domains/rnachum/we1y8.php' not found or unable to stat
[Tue Feb 17 02:32:39.189698 2026] [php:error] [pid 71825] [client 52.169.217.234:0] script '/domains/tbarnhil/pass4.php' not found or unable to stat
[Tue Feb 17 02:32:39.266019 2026] [php:error] [pid 71825] [client 52.169.217.234:0] script '/domains/tbarnhil/term.php' not found or unable to stat
[Tue Feb 17 02:32:39.340661 2026] [php:error] [pid 71825] [client 52.169.217.234:0] script '/domains/tbarnhil/lp6.php' not found or unable to stat
[Tue Feb 17 02:32:39.415570 2026] [php:error] [pid 71825] [client 52.169.217.234:0] script '/domains/tbarnhil/we.php' not found or unable to stat
[Tue Feb 17 02:32:39.489995 2026] [php:error] [pid 71825] [client 52.169.217.234:0] script '/domains/tbarnhil/asax.php' not found or unable to stat
[Tue Feb 17 02:32:39.516706 2026] [php:error] [pid 71780] [client 194.61.40.14:0] script '/domains/magicjim/wp-user.php' not found or unable to stat
[Tue Feb 17 02:32:39.564192 2026] [php:error] [pid 71825] [client 52.169.217.234:0] script '/domains/tbarnhil/co.php' not found or unable to stat
[Tue Feb 17 02:32:39.649160 2026] [php:error] [pid 71825] [client 52.169.217.234:0] script '/domains/tbarnhil/wp-k3w6g9s4h2.php' not found or unable to stat
[Tue Feb 17 02:32:39.723782 2026] [php:error] [pid 71825] [client 52.169.217.234:0] script '/domains/tbarnhil/ahax.php' not found or unable to stat
[Tue Feb 17 02:32:39.798764 2026] [php:error] [pid 71825] [client 52.169.217.234:0] script '/domains/tbarnhil/Okxob.php' not found or unable to stat
[Tue Feb 17 02:32:39.873209 2026] [php:error] [pid 71825] [client 52.169.217.234:0] script '/domains/tbarnhil/acfdr.php' not found or unable to stat
[Tue Feb 17 02:32:39.947650 2026] [php:error] [pid 71825] [client 52.169.217.234:0] script '/domains/tbarnhil/init.php' not found or unable to stat
[Tue Feb 17 02:32:40.012477 2026] [php:error] [pid 71780] [client 194.61.40.14:0] script '/domains/magicjim/customize.php' not found or unable to stat
[Tue Feb 17 02:32:40.022110 2026] [php:error] [pid 71825] [client 52.169.217.234:0] script '/domains/tbarnhil/themes.php' not found or unable to stat
[Tue Feb 17 02:32:40.096993 2026] [php:error] [pid 71825] [client 52.169.217.234:0] script '/domains/tbarnhil/ff.php' not found or unable to stat
[Tue Feb 17 02:32:40.171612 2026] [php:error] [pid 71825] [client 52.169.217.234:0] script '/domains/tbarnhil/ak.php' not found or unable to stat
[Tue Feb 17 02:32:40.245903 2026] [php:error] [pid 71825] [client 52.169.217.234:0] script '/domains/tbarnhil/bjfl.php' not found or unable to stat
[Tue Feb 17 02:32:40.320374 2026] [php:error] [pid 71825] [client 52.169.217.234:0] script '/domains/tbarnhil/vx.php' not found or unable to stat
[Tue Feb 17 02:32:40.394932 2026] [php:error] [pid 71825] [client 52.169.217.234:0] script '/domains/tbarnhil/jga.php' not found or unable to stat
[Tue Feb 17 02:32:40.469334 2026] [php:error] [pid 71825] [client 52.169.217.234:0] script '/domains/tbarnhil/a4.php' not found or unable to stat
[Tue Feb 17 02:32:40.558593 2026] [php:error] [pid 71787] [client 98.159.43.150:0] script '/domains/rnachum/hehe.php' not found or unable to stat
[Tue Feb 17 02:32:40.621585 2026] [php:error] [pid 71825] [client 52.169.217.234:0] script '/domains/tbarnhil/inege.php' not found or unable to stat
[Tue Feb 17 02:32:40.843990 2026] [php:error] [pid 71787] [client 98.159.43.150:0] script '/domains/rnachum/post-data.php' not found or unable to stat
[Tue Feb 17 02:32:41.139980 2026] [php:error] [pid 71787] [client 98.159.43.150:0] script '/domains/rnachum/w0.php' not found or unable to stat
[Tue Feb 17 02:32:41.423805 2026] [php:error] [pid 71787] [client 98.159.43.150:0] script '/domains/rnachum/old-index.php' not found or unable to stat
[Tue Feb 17 02:32:41.685215 2026] [php:error] [pid 71787] [client 98.159.43.150:0] script '/domains/rnachum/wsanon.php' not found or unable to stat
[Tue Feb 17 02:32:42.571294 2026] [php:error] [pid 71787] [client 98.159.43.150:0] script '/domains/rnachum/indo.php' not found or unable to stat
[Tue Feb 17 02:32:42.635151 2026] [php:error] [pid 71780] [client 194.61.40.36:0] script '/domains/magicjim/fm1.php' not found or unable to stat
[Tue Feb 17 02:32:42.911385 2026] [php:error] [pid 71787] [client 98.159.43.150:0] script '/domains/rnachum/beence.php' not found or unable to stat
[Tue Feb 17 02:32:43.205608 2026] [php:error] [pid 71787] [client 98.159.43.150:0] script '/domains/rnachum/indosec.php' not found or unable to stat
[Tue Feb 17 02:32:43.471647 2026] [php:error] [pid 71787] [client 98.159.43.150:0] script '/domains/rnachum/archives.php' not found or unable to stat
[Tue Feb 17 02:32:43.744090 2026] [php:error] [pid 71787] [client 98.159.43.150:0] script '/domains/rnachum/po8sa.php' not found or unable to stat
[Tue Feb 17 02:32:43.878788 2026] [php:error] [pid 71780] [client 194.61.40.36:0] script '/domains/magicjim/wp-settings.php' not found or unable to stat
[Tue Feb 17 02:32:44.059669 2026] [php:error] [pid 71787] [client 98.159.43.150:0] script '/domains/rnachum/thesmartestx.php' not found or unable to stat
[Tue Feb 17 02:32:44.342955 2026] [php:error] [pid 71787] [client 98.159.43.150:0] script '/domains/rnachum/zcanp.php' not found or unable to stat
[Tue Feb 17 02:32:45.549719 2026] [php:error] [pid 71829] [client 98.159.43.158:0] script '/domains/rnachum/pvt.php' not found or unable to stat
[Tue Feb 17 02:32:45.868556 2026] [php:error] [pid 71829] [client 98.159.43.158:0] script '/domains/rnachum/shell20211028.php' not found or unable to stat
[Tue Feb 17 02:32:46.087369 2026] [php:error] [pid 71780] [client 194.61.40.36:0] script '/domains/magicjim/wp-file.php' not found or unable to stat
[Tue Feb 17 02:32:46.551583 2026] [php:error] [pid 71829] [client 98.159.43.158:0] script '/domains/rnachum/crypted.php' not found or unable to stat
[Tue Feb 17 02:32:46.986943 2026] [php:error] [pid 71829] [client 98.159.43.158:0] script '/domains/rnachum/h0110w4y.php' not found or unable to stat
[Tue Feb 17 02:32:47.066513 2026] [php:error] [pid 71780] [client 194.61.40.36:0] script '/domains/magicjim/wp-content.php' not found or unable to stat
[Tue Feb 17 02:32:47.601909 2026] [php:error] [pid 71829] [client 98.159.43.158:0] script '/domains/rnachum/vesiw.php' not found or unable to stat
[Tue Feb 17 02:32:47.903666 2026] [php:error] [pid 71829] [client 98.159.43.158:0] script '/domains/rnachum/w.php' not found or unable to stat
[Tue Feb 17 02:32:48.038164 2026] [php:error] [pid 71780] [client 194.61.40.36:0] script '/domains/magicjim/log.php' not found or unable to stat
[Tue Feb 17 02:32:48.191330 2026] [php:error] [pid 71829] [client 98.159.43.158:0] script '/domains/rnachum/wp-db.php' not found or unable to stat
[Tue Feb 17 02:32:48.644597 2026] [php:error] [pid 71780] [client 194.61.40.36:0] script '/domains/magicjim/ioxi01.php' not found or unable to stat
[Tue Feb 17 02:32:49.391846 2026] [php:error] [pid 71829] [client 98.159.43.158:0] script '/domains/rnachum/lx.php' not found or unable to stat
[Tue Feb 17 02:32:49.768369 2026] [php:error] [pid 71829] [client 98.159.43.158:0] script '/domains/rnachum/tonant.php' not found or unable to stat
[Tue Feb 17 02:32:50.060714 2026] [php:error] [pid 71829] [client 98.159.43.158:0] script '/domains/rnachum/f0x.php' not found or unable to stat
[Tue Feb 17 02:32:50.394580 2026] [php:error] [pid 71829] [client 98.159.43.158:0] script '/domains/rnachum/config.bak.php' not found or unable to stat
[Tue Feb 17 02:32:50.655119 2026] [php:error] [pid 71829] [client 98.159.43.158:0] script '/domains/rnachum/bypass403.php' not found or unable to stat
[Tue Feb 17 02:32:50.950415 2026] [php:error] [pid 71829] [client 98.159.43.158:0] script '/domains/rnachum/adminer.php' not found or unable to stat
[Tue Feb 17 02:32:51.287059 2026] [php:error] [pid 71829] [client 98.159.43.158:0] script '/domains/rnachum/allahnaber.php' not found or unable to stat
[Tue Feb 17 02:32:51.590617 2026] [php:error] [pid 71829] [client 98.159.43.158:0] script '/domains/rnachum/AK-74.php' not found or unable to stat
[Tue Feb 17 02:32:51.878603 2026] [php:error] [pid 71829] [client 98.159.43.158:0] script '/domains/rnachum/alfa3.php' not found or unable to stat
[Tue Feb 17 02:32:52.101795 2026] [php:error] [pid 71837] [client 34.96.162.55:0] script '/domains/machinadynamica/sql.php' not found or unable to stat
[Tue Feb 17 02:32:52.210074 2026] [php:error] [pid 71829] [client 98.159.43.158:0] script '/domains/rnachum/alfaindex.php' not found or unable to stat
[Tue Feb 17 02:32:52.499395 2026] [php:error] [pid 71829] [client 98.159.43.158:0] script '/domains/rnachum/alfa.php' not found or unable to stat
[Tue Feb 17 02:32:52.865078 2026] [php:error] [pid 71829] [client 98.159.43.158:0] script '/domains/rnachum/c99.php' not found or unable to stat
[Tue Feb 17 02:32:53.099021 2026] [php:error] [pid 71835] [client 34.96.162.50:0] script '/domains/machinadynamica/adminer-5.4.1-mysql.php' not found or unable to stat
[Tue Feb 17 02:32:53.175200 2026] [php:error] [pid 71829] [client 98.159.43.158:0] script '/domains/rnachum/cmd.php' not found or unable to stat
[Tue Feb 17 02:32:53.422867 2026] [php:error] [pid 71834] [client 34.96.162.50:0] script '/domains/machinadynamica/adminer-5.4.1-mysql.php' not found or unable to stat
[Tue Feb 17 02:32:53.485211 2026] [php:error] [pid 71829] [client 98.159.43.158:0] script '/domains/rnachum/cw.php' not found or unable to stat
[Tue Feb 17 02:32:53.786603 2026] [php:error] [pid 71829] [client 98.159.43.158:0] script '/domains/rnachum/date.php' not found or unable to stat
[Tue Feb 17 02:32:53.974477 2026] [php:error] [pid 71780] [client 194.61.40.36:0] script '/domains/magicjim/xx.php' not found or unable to stat
[Tue Feb 17 02:32:54.070249 2026] [php:error] [pid 71829] [client 98.159.43.158:0] script '/domains/rnachum/haxor.php' not found or unable to stat
[Tue Feb 17 02:32:54.367958 2026] [php:error] [pid 71829] [client 98.159.43.158:0] script '/domains/rnachum/icomsium.php' not found or unable to stat
[Tue Feb 17 02:32:54.688141 2026] [php:error] [pid 71829] [client 98.159.43.158:0] script '/domains/rnachum/ico.php' not found or unable to stat
[Tue Feb 17 02:32:54.983900 2026] [php:error] [pid 71829] [client 98.159.43.158:0] script '/domains/rnachum/leaf.php' not found or unable to stat
[Tue Feb 17 02:32:55.342510 2026] [php:error] [pid 71829] [client 98.159.43.158:0] script '/domains/rnachum/marijuana.php' not found or unable to stat
[Tue Feb 17 02:32:55.664250 2026] [php:error] [pid 71829] [client 98.159.43.158:0] script '/domains/rnachum/mass.php' not found or unable to stat
[Tue Feb 17 02:32:55.983244 2026] [php:error] [pid 71829] [client 98.159.43.158:0] script '/domains/rnachum/mini.php' not found or unable to stat
[Tue Feb 17 02:32:56.371495 2026] [php:error] [pid 71829] [client 98.159.43.158:0] script '/domains/rnachum/priv8.php' not found or unable to stat
[Tue Feb 17 02:32:56.645387 2026] [php:error] [pid 71780] [client 194.61.40.36:0] script '/domains/magicjim/images.php' not found or unable to stat
[Tue Feb 17 02:32:56.697643 2026] [php:error] [pid 71829] [client 98.159.43.158:0] script '/domains/rnachum/pws.php' not found or unable to stat
[Tue Feb 17 02:32:56.729939 2026] [php:error] [pid 71837] [client 34.96.162.55:0] script '/domains/machinadynamica/adminer-5.0.3-en.php' not found or unable to stat
[Tue Feb 17 02:32:56.930100 2026] [php:error] [pid 71780] [client 194.61.40.36:0] script '/domains/magicjim/wp-aespa.php' not found or unable to stat
[Tue Feb 17 02:32:56.930630 2026] [php:error] [pid 71815] [client 34.96.162.54:0] script '/domains/machinadynamica/ADMINER.php' not found or unable to stat
[Tue Feb 17 02:32:56.974664 2026] [php:error] [pid 71829] [client 98.159.43.158:0] script '/domains/rnachum/r57.php' not found or unable to stat
[Tue Feb 17 02:32:57.263632 2026] [php:error] [pid 71829] [client 98.159.43.158:0] script '/domains/rnachum/robots.php' not found or unable to stat
[Tue Feb 17 02:32:57.564402 2026] [php:error] [pid 71829] [client 98.159.43.158:0] script '/domains/rnachum/snd.php' not found or unable to stat
[Tue Feb 17 02:32:57.850630 2026] [php:error] [pid 71829] [client 98.159.43.158:0] script '/domains/rnachum/wp-class.php' not found or unable to stat
[Tue Feb 17 02:32:58.143388 2026] [php:error] [pid 71829] [client 98.159.43.158:0] script '/domains/rnachum/new-index.php' not found or unable to stat
[Tue Feb 17 02:33:03.322523 2026] [php:error] [pid 71787] [client 194.61.40.9:0] script '/domains/magicjim/wp-l0gin.php' not found or unable to stat
[Tue Feb 17 02:33:05.149454 2026] [php:error] [pid 71829] [client 98.159.43.158:0] script '/domains/rnachum/class-wp-widget-archives.php' not found or unable to stat
[Tue Feb 17 02:33:06.742582 2026] [php:error] [pid 71837] [client 34.96.162.58:0] script '/domains/machinadynamica/adminer-5.0.5.php' not found or unable to stat
[Tue Feb 17 02:33:07.360810 2026] [php:error] [pid 71787] [client 194.61.40.9:0] script '/domains/magicjim/wp-conflg.php' not found or unable to stat
[Tue Feb 17 02:33:07.873142 2026] [php:error] [pid 71829] [client 98.159.43.158:0] script '/domains/rnachum/xleet-shell.php' not found or unable to stat
[Tue Feb 17 02:33:08.116923 2026] [php:error] [pid 71846] [client 34.96.162.57:0] script '/domains/machinadynamica/adminer-5.0.6-mysql-en.php' not found or unable to stat
[Tue Feb 17 02:33:08.196329 2026] [php:error] [pid 71829] [client 98.159.43.158:0] script '/domains/rnachum/xleet.php' not found or unable to stat
[Tue Feb 17 02:33:08.647459 2026] [php:error] [pid 71829] [client 98.159.43.158:0] script '/domains/rnachum/xleetshell.php' not found or unable to stat
[Tue Feb 17 02:33:09.641975 2026] [php:error] [pid 71829] [client 98.159.43.158:0] script '/domains/rnachum/xlt.php' not found or unable to stat
[Tue Feb 17 02:33:11.164329 2026] [php:error] [pid 71847] [client 34.96.162.63:0] script '/domains/machinadynamica/mydb.php' not found or unable to stat
[Tue Feb 17 02:33:11.354335 2026] [php:error] [pid 71829] [client 98.159.43.158:0] script '/domains/rnachum/wp-apxupx.php' not found or unable to stat
[Tue Feb 17 02:33:12.079392 2026] [php:error] [pid 71829] [client 98.159.43.158:0] script '/domains/rnachum/nf_tracking.php' not found or unable to stat
[Tue Feb 17 02:33:12.459390 2026] [php:error] [pid 71829] [client 98.159.43.158:0] script '/domains/rnachum/class.api.php' not found or unable to stat
[Tue Feb 17 02:33:12.709796 2026] [php:error] [pid 71829] [client 98.159.43.158:0] script '/domains/rnachum/xl2023.php' not found or unable to stat
[Tue Feb 17 02:33:12.975178 2026] [php:error] [pid 71829] [client 98.159.43.158:0] script '/domains/rnachum/wp-head.php' not found or unable to stat
[Tue Feb 17 02:33:13.281728 2026] [php:error] [pid 71829] [client 98.159.43.158:0] script '/domains/rnachum/wp-pano.php' not found or unable to stat
[Tue Feb 17 02:33:13.504694 2026] [php:error] [pid 71846] [client 35.247.243.241:0] script '/domains/machinadynamica/adminer-5.0.1-en.php' not found or unable to stat
[Tue Feb 17 02:33:14.190000 2026] [php:error] [pid 71829] [client 98.159.43.158:0] script '/domains/rnachum/xmlrpc.php' not found or unable to stat
[Tue Feb 17 02:33:14.522087 2026] [php:error] [pid 71829] [client 98.159.43.158:0] script '/domains/rnachum/wp-admin.php' not found or unable to stat
[Tue Feb 17 02:33:14.573688 2026] [php:error] [pid 71787] [client 157.245.68.182:0] script '/domains/ferguson.interport/wp-login.php' not found or unable to stat
[Tue Feb 17 02:33:15.595440 2026] [php:error] [pid 71829] [client 98.159.43.158:0] script '/domains/rnachum/WSOEnigma.php' not found or unable to stat
[Tue Feb 17 02:33:16.618720 2026] [php:error] [pid 71837] [client 194.61.40.25:0] script '/domains/magicjim/0x.php' not found or unable to stat
[Tue Feb 17 02:33:17.074186 2026] [php:error] [pid 71829] [client 98.159.43.158:0] script '/domains/rnachum/mah.php' not found or unable to stat
[Tue Feb 17 02:33:18.779711 2026] [php:error] [pid 71829] [client 98.159.43.110:0] script '/domains/rnachum/test.php' not found or unable to stat
[Tue Feb 17 02:33:19.386953 2026] [php:error] [pid 71829] [client 98.159.43.110:0] script '/domains/rnachum/gebase.php' not found or unable to stat
[Tue Feb 17 02:33:19.698748 2026] [php:error] [pid 71829] [client 98.159.43.110:0] script '/domains/rnachum/defaults.php' not found or unable to stat
[Tue Feb 17 02:33:20.050312 2026] [php:error] [pid 71829] [client 98.159.43.110:0] script '/domains/rnachum/asasx.php' not found or unable to stat
[Tue Feb 17 02:33:20.623326 2026] [php:error] [pid 71834] [client 40.113.19.56:0] script '/domains/system_default/new4.php' not found or unable to stat
[Tue Feb 17 02:33:20.697211 2026] [php:error] [pid 71834] [client 40.113.19.56:0] script '/domains/system_default/sc.php' not found or unable to stat
[Tue Feb 17 02:33:20.773090 2026] [php:error] [pid 71834] [client 40.113.19.56:0] script '/domains/system_default/pouhg.php' not found or unable to stat
[Tue Feb 17 02:33:20.846353 2026] [php:error] [pid 71834] [client 40.113.19.56:0] script '/domains/system_default/vgtyu.php' not found or unable to stat
[Tue Feb 17 02:33:20.925173 2026] [php:error] [pid 71834] [client 40.113.19.56:0] script '/domains/system_default/aq.php' not found or unable to stat
[Tue Feb 17 02:33:20.971125 2026] [php:error] [pid 71837] [client 194.61.40.25:0] script '/domains/magicjim/wpn.php' not found or unable to stat
[Tue Feb 17 02:33:20.998463 2026] [php:error] [pid 71834] [client 40.113.19.56:0] script '/domains/system_default/opts.php' not found or unable to stat
[Tue Feb 17 02:33:21.071632 2026] [php:error] [pid 71834] [client 40.113.19.56:0] script '/domains/system_default/x123.php' not found or unable to stat
[Tue Feb 17 02:33:21.144900 2026] [php:error] [pid 71834] [client 40.113.19.56:0] script '/domains/system_default/wp-act.php' not found or unable to stat
[Tue Feb 17 02:33:21.218563 2026] [php:error] [pid 71834] [client 40.113.19.56:0] script '/domains/system_default/moshou.php' not found or unable to stat
[Tue Feb 17 02:33:21.252795 2026] [php:error] [pid 71829] [client 98.159.43.110:0] script '/domains/rnachum/contact.php' not found or unable to stat
[Tue Feb 17 02:33:21.292100 2026] [php:error] [pid 71834] [client 40.113.19.56:0] script '/domains/system_default/seetox.php' not found or unable to stat
[Tue Feb 17 02:33:21.366430 2026] [php:error] [pid 71834] [client 40.113.19.56:0] script '/domains/system_default/dom.php' not found or unable to stat
[Tue Feb 17 02:33:21.440655 2026] [php:error] [pid 71834] [client 40.113.19.56:0] script '/domains/system_default/ws60.php' not found or unable to stat
[Tue Feb 17 02:33:21.513928 2026] [php:error] [pid 71834] [client 40.113.19.56:0] script '/domains/system_default/samiri.php' not found or unable to stat
[Tue Feb 17 02:33:21.546798 2026] [php:error] [pid 71829] [client 98.159.43.110:0] script '/domains/rnachum/classwithtostring.php' not found or unable to stat
[Tue Feb 17 02:33:21.592490 2026] [php:error] [pid 71834] [client 40.113.19.56:0] script '/domains/system_default/plugins.php' not found or unable to stat
[Tue Feb 17 02:33:21.666494 2026] [php:error] [pid 71834] [client 40.113.19.56:0] script '/domains/system_default/xoot.php' not found or unable to stat
[Tue Feb 17 02:33:21.739841 2026] [php:error] [pid 71834] [client 40.113.19.56:0] script '/domains/system_default/X57.php' not found or unable to stat
[Tue Feb 17 02:33:21.811437 2026] [php:error] [pid 71829] [client 98.159.43.110:0] script '/domains/rnachum/mah.php' not found or unable to stat
[Tue Feb 17 02:33:21.830214 2026] [php:error] [pid 71834] [client 40.113.19.56:0] script '/domains/system_default/vx.php' not found or unable to stat
[Tue Feb 17 02:33:21.903765 2026] [php:error] [pid 71834] [client 40.113.19.56:0] script '/domains/system_default/file59.php' not found or unable to stat
[Tue Feb 17 02:33:21.944716 2026] [php:error] [pid 71837] [client 194.61.40.25:0] script '/domains/magicjim/cloud.php' not found or unable to stat
[Tue Feb 17 02:33:22.050686 2026] [php:error] [pid 71834] [client 40.113.19.56:0] script '/domains/system_default/shas.php' not found or unable to stat
[Tue Feb 17 02:33:22.090449 2026] [php:error] [pid 71829] [client 98.159.43.110:0] script '/domains/rnachum/wp-add.php' not found or unable to stat
[Tue Feb 17 02:33:22.124399 2026] [php:error] [pid 71834] [client 40.113.19.56:0] script '/domains/system_default/xa.php' not found or unable to stat
[Tue Feb 17 02:33:22.198653 2026] [php:error] [pid 71834] [client 40.113.19.56:0] script '/domains/system_default/xda.php' not found or unable to stat
[Tue Feb 17 02:33:22.272581 2026] [php:error] [pid 71834] [client 40.113.19.56:0] script '/domains/system_default/er.php' not found or unable to stat
[Tue Feb 17 02:33:22.347351 2026] [php:error] [pid 71834] [client 40.113.19.56:0] script '/domains/system_default/fault.php' not found or unable to stat
[Tue Feb 17 02:33:22.421139 2026] [php:error] [pid 71834] [client 40.113.19.56:0] script '/domains/system_default/motu.php' not found or unable to stat
[Tue Feb 17 02:33:22.486972 2026] [php:error] [pid 71837] [client 194.61.40.25:0] script '/domains/magicjim/upload.php' not found or unable to stat
[Tue Feb 17 02:33:22.494795 2026] [php:error] [pid 71834] [client 40.113.19.56:0] script '/domains/system_default/66.php' not found or unable to stat
[Tue Feb 17 02:33:22.568804 2026] [php:error] [pid 71834] [client 40.113.19.56:0] script '/domains/system_default/leuk.php' not found or unable to stat
[Tue Feb 17 02:33:22.642288 2026] [php:error] [pid 71834] [client 40.113.19.56:0] script '/domains/system_default/xqq.php' not found or unable to stat
[Tue Feb 17 02:33:22.718196 2026] [php:error] [pid 71834] [client 40.113.19.56:0] script '/domains/system_default/kolda.php' not found or unable to stat
[Tue Feb 17 02:33:22.794577 2026] [php:error] [pid 71834] [client 40.113.19.56:0] script '/domains/system_default/nw.php' not found or unable to stat
[Tue Feb 17 02:33:22.868430 2026] [php:error] [pid 71834] [client 40.113.19.56:0] script '/domains/system_default/god.php' not found or unable to stat
[Tue Feb 17 02:33:22.880586 2026] [php:error] [pid 71837] [client 194.61.40.25:0] script '/domains/magicjim/init.php' not found or unable to stat
[Tue Feb 17 02:33:22.941955 2026] [php:error] [pid 71834] [client 40.113.19.56:0] script '/domains/system_default/666.php' not found or unable to stat
[Tue Feb 17 02:33:23.020529 2026] [php:error] [pid 71834] [client 40.113.19.56:0] script '/domains/system_default/kj.php' not found or unable to stat
[Tue Feb 17 02:33:23.098770 2026] [php:error] [pid 71834] [client 40.113.19.56:0] script '/domains/system_default/un.php' not found or unable to stat
[Tue Feb 17 02:33:23.172291 2026] [php:error] [pid 71834] [client 40.113.19.56:0] script '/domains/system_default/fs.php' not found or unable to stat
[Tue Feb 17 02:33:23.245934 2026] [php:error] [pid 71834] [client 40.113.19.56:0] script '/domains/system_default/ms.php' not found or unable to stat
[Tue Feb 17 02:33:23.319091 2026] [php:error] [pid 71834] [client 40.113.19.56:0] script '/domains/system_default/login8.php' not found or unable to stat
[Tue Feb 17 02:33:23.392505 2026] [php:error] [pid 71834] [client 40.113.19.56:0] script '/domains/system_default/nnyvn.php' not found or unable to stat
[Tue Feb 17 02:33:23.468779 2026] [php:error] [pid 71834] [client 40.113.19.56:0] script '/domains/system_default/cu.php' not found or unable to stat
[Tue Feb 17 02:33:23.543015 2026] [php:error] [pid 71834] [client 40.113.19.56:0] script '/domains/system_default/lul.php' not found or unable to stat
[Tue Feb 17 02:33:23.577359 2026] [php:error] [pid 71829] [client 98.159.43.110:0] script '/domains/rnachum/403.php' not found or unable to stat
[Tue Feb 17 02:33:23.616156 2026] [php:error] [pid 71834] [client 40.113.19.56:0] script '/domains/system_default/0.php' not found or unable to stat
[Tue Feb 17 02:33:23.690131 2026] [php:error] [pid 71834] [client 40.113.19.56:0] script '/domains/system_default/ms-edit.php' not found or unable to stat
[Tue Feb 17 02:33:23.763478 2026] [php:error] [pid 71834] [client 40.113.19.56:0] script '/domains/system_default/ya.php' not found or unable to stat
[Tue Feb 17 02:33:23.836842 2026] [php:error] [pid 71834] [client 40.113.19.56:0] script '/domains/system_default/grsiuk.php' not found or unable to stat
[Tue Feb 17 02:33:23.910406 2026] [php:error] [pid 71834] [client 40.113.19.56:0] script '/domains/system_default/wp-blog.php' not found or unable to stat
[Tue Feb 17 02:33:23.971458 2026] [php:error] [pid 71837] [client 194.61.40.25:0] script '/domains/magicjim/wp-blog.php' not found or unable to stat
[Tue Feb 17 02:33:23.984898 2026] [php:error] [pid 71834] [client 40.113.19.56:0] script '/domains/system_default/wp-access.php' not found or unable to stat
[Tue Feb 17 02:33:23.987544 2026] [php:error] [pid 71851] [client 34.96.162.60:0] script '/domains/machinadynamica/adminer-5.4.1-mysql-en.php' not found or unable to stat
[Tue Feb 17 02:33:24.059121 2026] [php:error] [pid 71834] [client 40.113.19.56:0] script '/domains/system_default/a1vx.php' not found or unable to stat
[Tue Feb 17 02:33:24.134015 2026] [php:error] [pid 71834] [client 40.113.19.56:0] script '/domains/system_default/sbhu.php' not found or unable to stat
[Tue Feb 17 02:33:24.207140 2026] [php:error] [pid 71834] [client 40.113.19.56:0] script '/domains/system_default/wp-the.php' not found or unable to stat
[Tue Feb 17 02:33:24.280314 2026] [php:error] [pid 71834] [client 40.113.19.56:0] script '/domains/system_default/06.php' not found or unable to stat
[Tue Feb 17 02:33:24.353840 2026] [php:error] [pid 71834] [client 40.113.19.56:0] script '/domains/system_default/wp5.php' not found or unable to stat
[Tue Feb 17 02:33:24.426882 2026] [php:error] [pid 71834] [client 40.113.19.56:0] script '/domains/system_default/fot.php' not found or unable to stat
[Tue Feb 17 02:33:24.500015 2026] [php:error] [pid 71834] [client 40.113.19.56:0] script '/domains/system_default/ff1.php' not found or unable to stat
[Tue Feb 17 02:33:24.854799 2026] [php:error] [pid 71834] [client 40.113.19.56:0] script '/domains/system_default/forbidals.php' not found or unable to stat
[Tue Feb 17 02:33:24.929739 2026] [php:error] [pid 71834] [client 40.113.19.56:0] script '/domains/system_default/erty.php' not found or unable to stat
[Tue Feb 17 02:33:25.002898 2026] [php:error] [pid 71834] [client 40.113.19.56:0] script '/domains/system_default/dev1s.php' not found or unable to stat
[Tue Feb 17 02:33:25.076251 2026] [php:error] [pid 71834] [client 40.113.19.56:0] script '/domains/system_default/ffd.php' not found or unable to stat
[Tue Feb 17 02:33:25.149628 2026] [php:error] [pid 71834] [client 40.113.19.56:0] script '/domains/system_default/admiin.php' not found or unable to stat
[Tue Feb 17 02:33:25.223184 2026] [php:error] [pid 71834] [client 40.113.19.56:0] script '/domains/system_default/ol.php' not found or unable to stat
[Tue Feb 17 02:33:25.296983 2026] [php:error] [pid 71834] [client 40.113.19.56:0] script '/domains/system_default/Sanskrit.php' not found or unable to stat
[Tue Feb 17 02:33:25.370432 2026] [php:error] [pid 71834] [client 40.113.19.56:0] script '/domains/system_default/vxrl.php' not found or unable to stat
[Tue Feb 17 02:33:25.446052 2026] [php:error] [pid 71834] [client 40.113.19.56:0] script '/domains/system_default/re.php' not found or unable to stat
[Tue Feb 17 02:33:25.461095 2026] [php:error] [pid 71829] [client 98.159.43.110:0] script '/domains/rnachum/text.php' not found or unable to stat
[Tue Feb 17 02:33:25.519270 2026] [php:error] [pid 71834] [client 40.113.19.56:0] script '/domains/system_default/num.php' not found or unable to stat
[Tue Feb 17 02:33:25.597922 2026] [php:error] [pid 71834] [client 40.113.19.56:0] script '/domains/system_default/axx.php' not found or unable to stat
[Tue Feb 17 02:33:25.671108 2026] [php:error] [pid 71834] [client 40.113.19.56:0] script '/domains/system_default/vxrl.php' not found or unable to stat
[Tue Feb 17 02:33:25.744529 2026] [php:error] [pid 71834] [client 40.113.19.56:0] script '/domains/system_default/in.php' not found or unable to stat
[Tue Feb 17 02:33:25.765203 2026] [php:error] [pid 71829] [client 98.159.43.110:0] script '/domains/rnachum/xc.php' not found or unable to stat
[Tue Feb 17 02:33:25.817766 2026] [php:error] [pid 71834] [client 40.113.19.56:0] script '/domains/system_default/style.php' not found or unable to stat
[Tue Feb 17 02:33:25.891718 2026] [php:error] [pid 71834] [client 40.113.19.56:0] script '/domains/system_default/we.php' not found or unable to stat
[Tue Feb 17 02:33:25.964972 2026] [php:error] [pid 71834] [client 40.113.19.56:0] script '/domains/system_default/zwso.php' not found or unable to stat
[Tue Feb 17 02:33:26.038556 2026] [php:error] [pid 71834] [client 40.113.19.56:0] script '/domains/system_default/karak.php' not found or unable to stat
[Tue Feb 17 02:33:26.116582 2026] [php:error] [pid 71834] [client 40.113.19.56:0] script '/domains/system_default/prv8.php' not found or unable to stat
[Tue Feb 17 02:33:26.190026 2026] [php:error] [pid 71834] [client 40.113.19.56:0] script '/domains/system_default/i.php' not found or unable to stat
[Tue Feb 17 02:33:26.709910 2026] [php:error] [pid 71834] [client 40.113.19.56:0] script '/domains/system_default/xmlrpc.php' not found or unable to stat
[Tue Feb 17 02:33:26.783891 2026] [php:error] [pid 71834] [client 40.113.19.56:0] script '/domains/system_default/aw.php' not found or unable to stat
[Tue Feb 17 02:33:26.870709 2026] [php:error] [pid 71834] [client 40.113.19.56:0] script '/domains/system_default/dev.php' not found or unable to stat
[Tue Feb 17 02:33:26.944279 2026] [php:error] [pid 71834] [client 40.113.19.56:0] script '/domains/system_default/lock360.php' not found or unable to stat
[Tue Feb 17 02:33:27.017478 2026] [php:error] [pid 71834] [client 40.113.19.56:0] script '/domains/system_default/155.php' not found or unable to stat
[Tue Feb 17 02:33:27.090882 2026] [php:error] [pid 71834] [client 40.113.19.56:0] script '/domains/system_default/goat.php' not found or unable to stat
[Tue Feb 17 02:33:27.164621 2026] [php:error] [pid 71834] [client 40.113.19.56:0] script '/domains/system_default/tcp.php' not found or unable to stat
[Tue Feb 17 02:33:27.253887 2026] [php:error] [pid 71834] [client 40.113.19.56:0] script '/domains/system_default/ext.php' not found or unable to stat
[Tue Feb 17 02:33:27.328235 2026] [php:error] [pid 71834] [client 40.113.19.56:0] script '/domains/system_default/inputs.php' not found or unable to stat
[Tue Feb 17 02:33:27.402284 2026] [php:error] [pid 71834] [client 40.113.19.56:0] script '/domains/system_default/ioxi.php' not found or unable to stat
[Tue Feb 17 02:33:27.476015 2026] [php:error] [pid 71834] [client 40.113.19.56:0] script '/domains/system_default/fe5.php' not found or unable to stat
[Tue Feb 17 02:33:27.551156 2026] [php:error] [pid 71834] [client 40.113.19.56:0] script '/domains/system_default/ov.php' not found or unable to stat
[Tue Feb 17 02:33:27.699848 2026] [php:error] [pid 71834] [client 40.113.19.56:0] script '/domains/system_default/default.php' not found or unable to stat
[Tue Feb 17 02:33:27.773797 2026] [php:error] [pid 71834] [client 40.113.19.56:0] script '/domains/system_default/goods.php' not found or unable to stat
[Tue Feb 17 02:33:27.847102 2026] [php:error] [pid 71834] [client 40.113.19.56:0] script '/domains/system_default/abcd.php' not found or unable to stat
[Tue Feb 17 02:33:27.920615 2026] [php:error] [pid 71834] [client 40.113.19.56:0] script '/domains/system_default/class.1.php' not found or unable to stat
[Tue Feb 17 02:33:27.962534 2026] [php:error] [pid 71837] [client 194.61.40.25:0] script '/domains/magicjim/payout.php' not found or unable to stat
[Tue Feb 17 02:33:27.994842 2026] [php:error] [pid 71834] [client 40.113.19.56:0] script '/domains/system_default/async.php' not found or unable to stat
[Tue Feb 17 02:33:28.070147 2026] [php:error] [pid 71834] [client 40.113.19.56:0] script '/domains/system_default/ff.php' not found or unable to stat
[Tue Feb 17 02:33:28.146533 2026] [php:error] [pid 71834] [client 40.113.19.56:0] script '/domains/system_default/ioxi-o.php' not found or unable to stat
[Tue Feb 17 02:33:28.213264 2026] [php:error] [pid 71837] [client 194.61.40.25:0] script '/domains/magicjim/lock360.php' not found or unable to stat
[Tue Feb 17 02:33:28.219903 2026] [php:error] [pid 71834] [client 40.113.19.56:0] script '/domains/system_default/manager.php' not found or unable to stat
[Tue Feb 17 02:33:28.254410 2026] [php:error] [pid 71850] [client 45.149.173.233:0] script '/domains/machinadynamica/xmlrpc.php' not found or unable to stat
[Tue Feb 17 02:33:28.294256 2026] [php:error] [pid 71834] [client 40.113.19.56:0] script '/domains/system_default/wp-update.php' not found or unable to stat
[Tue Feb 17 02:33:28.302104 2026] [php:error] [pid 71829] [client 98.159.43.110:0] script '/domains/rnachum/go.php' not found or unable to stat
[Tue Feb 17 02:33:28.368338 2026] [php:error] [pid 71834] [client 40.113.19.56:0] script '/domains/system_default/file.php' not found or unable to stat
[Tue Feb 17 02:33:28.513991 2026] [php:error] [pid 71837] [client 194.61.40.25:0] script '/domains/magicjim/x.php' not found or unable to stat
[Tue Feb 17 02:33:28.518975 2026] [php:error] [pid 71834] [client 40.113.19.56:0] script '/domains/system_default/lc.php' not found or unable to stat
[Tue Feb 17 02:33:28.592216 2026] [php:error] [pid 71834] [client 40.113.19.56:0] script '/domains/system_default/cbrfo.php' not found or unable to stat
[Tue Feb 17 02:33:28.665939 2026] [php:error] [pid 71834] [client 40.113.19.56:0] script '/domains/system_default/inc.php' not found or unable to stat
[Tue Feb 17 02:33:28.799098 2026] [php:error] [pid 71837] [client 194.61.40.25:0] script '/domains/magicjim/wp_info.php' not found or unable to stat
[Tue Feb 17 02:33:28.970169 2026] [php:error] [pid 71829] [client 98.159.43.110:0] script '/domains/rnachum/byp.php' not found or unable to stat
[Tue Feb 17 02:33:29.765699 2026] [php:error] [pid 71837] [client 194.61.40.25:0] script '/domains/magicjim/xml.php' not found or unable to stat
[Tue Feb 17 02:33:30.767851 2026] [php:error] [pid 71837] [client 194.61.40.25:0] script '/domains/magicjim/by.php' not found or unable to stat
[Tue Feb 17 02:33:31.250841 2026] [php:error] [pid 71829] [client 98.159.43.110:0] script '/domains/rnachum/click.php' not found or unable to stat
[Tue Feb 17 02:33:32.046395 2026] [php:error] [pid 71848] [client 40.113.19.56:0] script '/domains/system_default/gifclass.php' not found or unable to stat
[Tue Feb 17 02:33:32.119867 2026] [php:error] [pid 71848] [client 40.113.19.56:0] script '/domains/system_default/miansha.php' not found or unable to stat
[Tue Feb 17 02:33:32.192274 2026] [php:error] [pid 71848] [client 40.113.19.56:0] script '/domains/system_default/tinyfilemanager.php' not found or unable to stat
[Tue Feb 17 02:33:32.264986 2026] [php:error] [pid 71848] [client 40.113.19.56:0] script '/domains/system_default/admin.php' not found or unable to stat
[Tue Feb 17 02:33:32.336695 2026] [php:error] [pid 71848] [client 40.113.19.56:0] script '/domains/system_default/ok.php' not found or unable to stat
[Tue Feb 17 02:33:32.409511 2026] [php:error] [pid 71848] [client 40.113.19.56:0] script '/domains/system_default/fi.php' not found or unable to stat
[Tue Feb 17 02:33:32.459556 2026] [php:error] [pid 71829] [client 98.159.43.110:0] script '/domains/rnachum/baxa1.php' not found or unable to stat
[Tue Feb 17 02:33:32.481319 2026] [php:error] [pid 71848] [client 40.113.19.56:0] script '/domains/system_default/muzu.php' not found or unable to stat
[Tue Feb 17 02:33:32.553609 2026] [php:error] [pid 71848] [client 40.113.19.56:0] script '/domains/system_default/reze.php' not found or unable to stat
[Tue Feb 17 02:33:32.627585 2026] [php:error] [pid 71848] [client 40.113.19.56:0] script '/domains/system_default/styll.php' not found or unable to stat
[Tue Feb 17 02:33:32.699928 2026] [php:error] [pid 71848] [client 40.113.19.56:0] script '/domains/system_default/x7.php' not found or unable to stat
[Tue Feb 17 02:33:32.771965 2026] [php:error] [pid 71848] [client 40.113.19.56:0] script '/domains/system_default/thebe.php' not found or unable to stat
[Tue Feb 17 02:33:32.845069 2026] [php:error] [pid 71848] [client 40.113.19.56:0] script '/domains/system_default/ddd.php' not found or unable to stat
[Tue Feb 17 02:33:32.922966 2026] [php:error] [pid 71848] [client 40.113.19.56:0] script '/domains/system_default/bgymj.php' not found or unable to stat
[Tue Feb 17 02:33:32.994741 2026] [php:error] [pid 71848] [client 40.113.19.56:0] script '/domains/system_default/8xyz.php' not found or unable to stat
[Tue Feb 17 02:33:33.068280 2026] [php:error] [pid 71848] [client 40.113.19.56:0] script '/domains/system_default/ioxi.php' not found or unable to stat
[Tue Feb 17 02:33:33.091899 2026] [php:error] [pid 71829] [client 98.159.43.110:0] script '/domains/rnachum/in.php' not found or unable to stat
[Tue Feb 17 02:33:33.110798 2026] [php:error] [pid 71851] [client 34.96.162.62:0] script '/domains/machinadynamica/adminer-5.3.0.php' not found or unable to stat
[Tue Feb 17 02:33:33.141241 2026] [php:error] [pid 71848] [client 40.113.19.56:0] script '/domains/system_default/xpwer1.php' not found or unable to stat
[Tue Feb 17 02:33:33.215684 2026] [php:error] [pid 71848] [client 40.113.19.56:0] script '/domains/system_default/lala.php' not found or unable to stat
[Tue Feb 17 02:33:33.288009 2026] [php:error] [pid 71848] [client 40.113.19.56:0] script '/domains/system_default/about.php' not found or unable to stat
[Tue Feb 17 02:33:33.391662 2026] [php:error] [pid 71829] [client 98.159.43.110:0] script '/domains/rnachum/geju.php' not found or unable to stat
[Tue Feb 17 02:33:33.649723 2026] [php:error] [pid 71848] [client 40.113.19.56:0] script '/domains/system_default/info.php' not found or unable to stat
[Tue Feb 17 02:33:33.732665 2026] [php:error] [pid 71848] [client 40.113.19.56:0] script '/domains/system_default/about.php' not found or unable to stat
[Tue Feb 17 02:33:33.876859 2026] [php:error] [pid 71848] [client 40.113.19.56:0] script '/domains/system_default/222.php' not found or unable to stat
[Tue Feb 17 02:33:33.949006 2026] [php:error] [pid 71848] [client 40.113.19.56:0] script '/domains/system_default/adminfuns.php' not found or unable to stat
[Tue Feb 17 02:33:34.038852 2026] [php:error] [pid 71829] [client 98.159.43.110:0] script '/domains/rnachum/wp-signup.php' not found or unable to stat
[Tue Feb 17 02:33:34.094633 2026] [php:error] [pid 71848] [client 40.113.19.56:0] script '/domains/system_default/xx.php' not found or unable to stat
[Tue Feb 17 02:33:34.238432 2026] [php:error] [pid 71848] [client 40.113.19.56:0] script '/domains/system_default/f5.php' not found or unable to stat
[Tue Feb 17 02:33:34.310147 2026] [php:error] [pid 71848] [client 40.113.19.56:0] script '/domains/system_default/flower.php' not found or unable to stat
[Tue Feb 17 02:33:34.364349 2026] [php:error] [pid 71829] [client 98.159.43.110:0] script '/domains/rnachum/elp.php' not found or unable to stat
