[Tue Feb 17 02:33:34.384124 2026] [php:error] [pid 71848] [client 40.113.19.56:0] script '/domains/system_default/f6.php' not found or unable to stat
[Tue Feb 17 02:33:34.456845 2026] [php:error] [pid 71848] [client 40.113.19.56:0] script '/domains/system_default/edit.php' not found or unable to stat
[Tue Feb 17 02:33:34.677583 2026] [php:error] [pid 71848] [client 40.113.19.56:0] script '/domains/system_default/av.php' not found or unable to stat
[Tue Feb 17 02:33:34.822025 2026] [php:error] [pid 71848] [client 40.113.19.56:0] script '/domains/system_default/wsd.php' not found or unable to stat
[Tue Feb 17 02:33:34.893950 2026] [php:error] [pid 71848] [client 40.113.19.56:0] script '/domains/system_default/jane.php' not found or unable to stat
[Tue Feb 17 02:33:34.965799 2026] [php:error] [pid 71848] [client 40.113.19.56:0] script '/domains/system_default/css.php' not found or unable to stat
[Tue Feb 17 02:33:35.039243 2026] [php:error] [pid 71848] [client 40.113.19.56:0] script '/domains/system_default/alfa.php' not found or unable to stat
[Tue Feb 17 02:33:35.111272 2026] [php:error] [pid 71848] [client 40.113.19.56:0] script '/domains/system_default/wen.php' not found or unable to stat
[Tue Feb 17 02:33:35.184111 2026] [php:error] [pid 71848] [client 40.113.19.56:0] script '/domains/system_default/x.php' not found or unable to stat
[Tue Feb 17 02:33:35.256663 2026] [php:error] [pid 71848] [client 40.113.19.56:0] script '/domains/system_default/xxxx.php' not found or unable to stat
[Tue Feb 17 02:33:35.287161 2026] [php:error] [pid 71829] [client 98.159.43.110:0] script '/domains/rnachum/chosen-667.php' not found or unable to stat
[Tue Feb 17 02:33:35.328751 2026] [php:error] [pid 71848] [client 40.113.19.56:0] script '/domains/system_default/class.php' not found or unable to stat
[Tue Feb 17 02:33:35.400447 2026] [php:error] [pid 71848] [client 40.113.19.56:0] script '/domains/system_default/f35.php' not found or unable to stat
[Tue Feb 17 02:33:35.556942 2026] [php:error] [pid 71829] [client 98.159.43.110:0] script '/domains/rnachum/network.php' not found or unable to stat
[Tue Feb 17 02:33:35.698366 2026] [php:error] [pid 71848] [client 40.113.19.56:0] script '/domains/system_default/class-t.api.php' not found or unable to stat
[Tue Feb 17 02:33:35.770104 2026] [php:error] [pid 71848] [client 40.113.19.56:0] script '/domains/system_default/blurbs18.php' not found or unable to stat
[Tue Feb 17 02:33:36.283387 2026] [php:error] [pid 71848] [client 40.113.19.56:0] script '/domains/system_default/bless11.php' not found or unable to stat
[Tue Feb 17 02:33:36.358250 2026] [php:error] [pid 71848] [client 40.113.19.56:0] script '/domains/system_default/init.php' not found or unable to stat
[Tue Feb 17 02:33:36.506018 2026] [php:error] [pid 71848] [client 40.113.19.56:0] script '/domains/system_default/k.php' not found or unable to stat
[Tue Feb 17 02:33:36.506046 2026] [php:error] [pid 71849] [client 98.159.43.137:0] script '/domains/rnachum/wp-mail.php' not found or unable to stat
[Tue Feb 17 02:33:36.579578 2026] [php:error] [pid 71848] [client 40.113.19.56:0] script '/domains/system_default/bless.php' not found or unable to stat
[Tue Feb 17 02:33:36.658392 2026] [php:error] [pid 71848] [client 40.113.19.56:0] script '/domains/system_default/X7x.php' not found or unable to stat
[Tue Feb 17 02:33:36.730859 2026] [php:error] [pid 71848] [client 40.113.19.56:0] script '/domains/system_default/166.php' not found or unable to stat
[Tue Feb 17 02:33:36.802770 2026] [php:error] [pid 71848] [client 40.113.19.56:0] script '/domains/system_default/plss3.php' not found or unable to stat
[Tue Feb 17 02:33:36.949851 2026] [php:error] [pid 71848] [client 40.113.19.56:0] script '/domains/system_default/admins.php' not found or unable to stat
[Tue Feb 17 02:33:36.963973 2026] [php:error] [pid 71837] [client 194.61.40.25:0] script '/domains/magicjim/default.php' not found or unable to stat
[Tue Feb 17 02:33:37.021890 2026] [php:error] [pid 71848] [client 40.113.19.56:0] script '/domains/system_default/wp.php' not found or unable to stat
[Tue Feb 17 02:33:37.094238 2026] [php:error] [pid 71848] [client 40.113.19.56:0] script '/domains/system_default/main.php' not found or unable to stat
[Tue Feb 17 02:33:37.166370 2026] [php:error] [pid 71848] [client 40.113.19.56:0] script '/domains/system_default/a1.php' not found or unable to stat
[Tue Feb 17 02:33:37.238134 2026] [php:error] [pid 71848] [client 40.113.19.56:0] script '/domains/system_default/lala.php' not found or unable to stat
[Tue Feb 17 02:33:37.310067 2026] [php:error] [pid 71848] [client 40.113.19.56:0] script '/domains/system_default/aaa.php' not found or unable to stat
[Tue Feb 17 02:33:37.346404 2026] [php:error] [pid 71849] [client 98.159.43.137:0] script '/domains/rnachum/yanz.php' not found or unable to stat
[Tue Feb 17 02:33:37.366418 2026] [php:error] [pid 71837] [client 194.61.40.25:0] script '/domains/magicjim/fox.php' not found or unable to stat
[Tue Feb 17 02:33:37.387464 2026] [php:error] [pid 71848] [client 40.113.19.56:0] script '/domains/system_default/a2.php' not found or unable to stat
[Tue Feb 17 02:33:37.533810 2026] [php:error] [pid 71848] [client 40.113.19.56:0] script '/domains/system_default/jsond.php' not found or unable to stat
[Tue Feb 17 02:33:37.659601 2026] [php:error] [pid 71837] [client 194.61.40.25:0] script '/domains/magicjim/google.php' not found or unable to stat
[Tue Feb 17 02:33:38.730218 2026] [php:error] [pid 71837] [client 194.61.40.25:0] script '/domains/magicjim/ovatools.php' not found or unable to stat
[Tue Feb 17 02:33:39.740420 2026] [php:error] [pid 71837] [client 194.61.40.25:0] script '/domains/magicjim/sidwso.php' not found or unable to stat
[Tue Feb 17 02:33:40.022890 2026] [php:error] [pid 71837] [client 194.61.40.25:0] script '/domains/magicjim/worksec.php' not found or unable to stat
[Tue Feb 17 02:33:40.577235 2026] [php:error] [pid 71787] [client 35.247.243.252:0] script '/domains/machinadynamica/adminer-4.7.2.php' not found or unable to stat
[Tue Feb 17 02:33:40.713969 2026] [php:error] [pid 71829] [client 35.247.243.245:0] script '/domains/machinadynamica/adminer-5.3.0-en.php' not found or unable to stat
[Tue Feb 17 02:33:41.913572 2026] [php:error] [pid 71837] [client 194.61.40.25:0] script '/domains/magicjim/Simple.php' not found or unable to stat
[Tue Feb 17 02:33:42.063398 2026] [php:error] [pid 71853] [client 98.159.43.144:0] script '/domains/rnachum/tiny.php' not found or unable to stat
[Tue Feb 17 02:33:42.385729 2026] [php:error] [pid 71853] [client 98.159.43.144:0] script '/domains/rnachum/edit.php' not found or unable to stat
[Tue Feb 17 02:33:42.480924 2026] [php:error] [pid 71837] [client 194.61.40.25:0] script '/domains/magicjim/wp-blog-header.php' not found or unable to stat
[Tue Feb 17 02:33:42.747580 2026] [php:error] [pid 71853] [client 98.159.43.144:0] script '/domains/rnachum/first.php' not found or unable to stat
[Tue Feb 17 02:33:42.897653 2026] [php:error] [pid 71837] [client 194.61.40.25:0] script '/domains/magicjim/style2.php' not found or unable to stat
[Tue Feb 17 02:33:43.272700 2026] [php:error] [pid 71837] [client 194.61.40.25:0] script '/domains/magicjim/wp-scripts.php' not found or unable to stat
[Tue Feb 17 02:33:44.077520 2026] [php:error] [pid 71837] [client 194.61.40.25:0] script '/domains/magicjim/adminfuns.php' not found or unable to stat
[Tue Feb 17 02:33:44.497982 2026] [php:error] [pid 71837] [client 194.61.40.25:0] script '/domains/magicjim/cjfuns.php' not found or unable to stat
[Tue Feb 17 02:33:44.783900 2026] [php:error] [pid 71837] [client 194.61.40.25:0] script '/domains/magicjim/comfunctions.php' not found or unable to stat
[Tue Feb 17 02:33:45.148775 2026] [php:error] [pid 71837] [client 194.61.40.25:0] script '/domains/magicjim/delpaths.php' not found or unable to stat
[Tue Feb 17 02:33:45.159916 2026] [php:error] [pid 71853] [client 98.159.43.144:0] script '/domains/rnachum/bs1.php' not found or unable to stat
[Tue Feb 17 02:33:45.475116 2026] [php:error] [pid 71837] [client 194.61.40.25:0] script '/domains/magicjim/epinyins.php' not found or unable to stat
[Tue Feb 17 02:33:45.995324 2026] [php:error] [pid 71837] [client 194.61.40.25:0] script '/domains/magicjim/filefuns.php' not found or unable to stat
[Tue Feb 17 02:33:46.393523 2026] [php:error] [pid 71853] [client 98.159.43.144:0] script '/domains/rnachum/cron.php' not found or unable to stat
[Tue Feb 17 02:33:46.602028 2026] [php:error] [pid 71837] [client 194.61.40.25:0] script '/domains/magicjim/hinfofuns.php' not found or unable to stat
[Tue Feb 17 02:33:46.863638 2026] [php:error] [pid 71837] [client 194.61.40.25:0] script '/domains/magicjim/qfunctions.php' not found or unable to stat
[Tue Feb 17 02:33:47.062918 2026] [php:error] [pid 71853] [client 98.159.43.144:0] script '/domains/rnachum/db.php' not found or unable to stat
[Tue Feb 17 02:33:47.095223 2026] [php:error] [pid 71829] [client 35.247.243.253:0] script '/domains/machinadynamica/adminer-5.1.0.php' not found or unable to stat
[Tue Feb 17 02:33:47.095383 2026] [php:error] [pid 71849] [client 34.96.162.63:0] script '/domains/machinadynamica/adminer-5.0.0-en.php' not found or unable to stat
[Tue Feb 17 02:33:47.096809 2026] [php:error] [pid 71815] [client 35.247.243.254:0] script '/domains/machinadynamica/adminer-4.3.1.php' not found or unable to stat
[Tue Feb 17 02:33:47.097457 2026] [php:error] [pid 71848] [client 34.96.162.59:0] script '/domains/machinadynamica/adminer-4.7.0.php' not found or unable to stat
[Tue Feb 17 02:33:47.135340 2026] [php:error] [pid 71837] [client 194.61.40.25:0] script '/domains/magicjim/qinfofuns.php' not found or unable to stat
[Tue Feb 17 02:33:47.375721 2026] [php:error] [pid 71853] [client 98.159.43.144:0] script '/domains/rnachum/fm.php' not found or unable to stat
[Tue Feb 17 02:33:47.400688 2026] [php:error] [pid 71837] [client 194.61.40.25:0] script '/domains/magicjim/thoms.php' not found or unable to stat
[Tue Feb 17 02:33:47.735357 2026] [php:error] [pid 71837] [client 194.61.40.25:0] script '/domains/magicjim/postnews.php' not found or unable to stat
[Tue Feb 17 02:33:48.042822 2026] [php:error] [pid 71837] [client 194.61.40.25:0] script '/domains/magicjim/admin-ajax.php' not found or unable to stat
[Tue Feb 17 02:33:48.286874 2026] [php:error] [pid 71853] [client 98.159.43.144:0] script '/domains/rnachum/a.php' not found or unable to stat
[Tue Feb 17 02:33:48.479455 2026] [php:error] [pid 71837] [client 194.61.40.25:0] script '/domains/magicjim/link.php' not found or unable to stat
[Tue Feb 17 02:33:48.896353 2026] [php:error] [pid 71837] [client 194.61.40.25:0] script '/domains/magicjim/ms-themes.php' not found or unable to stat
[Tue Feb 17 02:33:49.159845 2026] [php:error] [pid 71853] [client 98.159.43.144:0] script '/domains/rnachum/chosen.php' not found or unable to stat
[Tue Feb 17 02:33:49.279496 2026] [php:error] [pid 71837] [client 194.61.40.25:0] script '/domains/magicjim/my-sites.php' not found or unable to stat
[Tue Feb 17 02:33:49.758587 2026] [php:error] [pid 71853] [client 98.159.43.144:0] script '/domains/rnachum/back.php' not found or unable to stat
[Tue Feb 17 02:33:50.079916 2026] [php:error] [pid 71837] [client 194.61.40.25:0] script '/domains/magicjim/media.php' not found or unable to stat
[Tue Feb 17 02:33:50.511303 2026] [php:error] [pid 71837] [client 194.61.40.25:0] script '/domains/magicjim/nav-menus.php' not found or unable to stat
[Tue Feb 17 02:33:50.866298 2026] [php:error] [pid 71837] [client 194.61.40.25:0] script '/domains/magicjim/menu.php' not found or unable to stat
[Tue Feb 17 02:33:51.186052 2026] [php:error] [pid 71837] [client 194.61.40.25:0] script '/domains/magicjim/options-head.php' not found or unable to stat
[Tue Feb 17 02:33:51.498798 2026] [php:error] [pid 71837] [client 194.61.40.25:0] script '/domains/magicjim/revision.php' not found or unable to stat
[Tue Feb 17 02:33:51.572480 2026] [php:error] [pid 71853] [client 98.159.43.144:0] script '/domains/rnachum/new.php' not found or unable to stat
[Tue Feb 17 02:33:51.731164 2026] [php:error] [pid 71837] [client 194.61.40.25:0] script '/domains/magicjim/widgets.php' not found or unable to stat
[Tue Feb 17 02:33:51.983164 2026] [php:error] [pid 71837] [client 194.61.40.25:0] script '/domains/magicjim/term.php' not found or unable to stat
[Tue Feb 17 02:33:52.255878 2026] [php:error] [pid 71837] [client 194.61.40.25:0] script '/domains/magicjim/system_log.php' not found or unable to stat
[Tue Feb 17 02:33:52.396561 2026] [php:error] [pid 71829] [client 35.247.243.253:0] script '/domains/machinadynamica/adminer-5.1.0.php' not found or unable to stat
[Tue Feb 17 02:33:52.406635 2026] [php:error] [pid 71829] [client 34.96.162.63:0] script '/domains/machinadynamica/adminer-5.0.0-en.php' not found or unable to stat
[Tue Feb 17 02:33:52.407354 2026] [php:error] [pid 71857] [client 34.96.162.59:0] script '/domains/machinadynamica/adminer-4.7.0.php' not found or unable to stat
[Tue Feb 17 02:33:52.994089 2026] [php:error] [pid 71853] [client 98.159.43.144:0] script '/domains/rnachum/phpfm3.php' not found or unable to stat
[Tue Feb 17 02:33:53.825793 2026] [php:error] [pid 71815] [client 34.96.162.60:0] script '/domains/machinadynamica/adminer-4.7.3.php' not found or unable to stat
[Tue Feb 17 02:33:53.901510 2026] [php:error] [pid 71851] [client 35.247.243.250:0] script '/domains/machinadynamica/adminer-5.0.3.php' not found or unable to stat
[Tue Feb 17 02:33:53.984267 2026] [php:error] [pid 71829] [client 194.61.40.17:0] script '/domains/magicjim/moded.php' not found or unable to stat
[Tue Feb 17 02:33:54.621533 2026] [php:error] [pid 71829] [client 194.61.40.17:0] script '/domains/magicjim/upgrade.php' not found or unable to stat
[Tue Feb 17 02:33:54.770940 2026] [php:error] [pid 71853] [client 98.159.43.144:0] script '/domains/rnachum/post.php' not found or unable to stat
[Tue Feb 17 02:33:54.858578 2026] [php:error] [pid 71829] [client 194.61.40.17:0] script '/domains/magicjim/gh.php' not found or unable to stat
[Tue Feb 17 02:33:54.961159 2026] [php:error] [pid 71859] [client 20.238.87.60:0] script '/domains/pbuilder/pass4.php' not found or unable to stat
[Tue Feb 17 02:33:55.034315 2026] [php:error] [pid 71859] [client 20.238.87.60:0] script '/domains/pbuilder/term.php' not found or unable to stat
[Tue Feb 17 02:33:55.107892 2026] [php:error] [pid 71859] [client 20.238.87.60:0] script '/domains/pbuilder/lp6.php' not found or unable to stat
[Tue Feb 17 02:33:55.165860 2026] [php:error] [pid 71829] [client 194.61.40.17:0] script '/domains/magicjim/version.php' not found or unable to stat
[Tue Feb 17 02:33:55.180745 2026] [php:error] [pid 71859] [client 20.238.87.60:0] script '/domains/pbuilder/we.php' not found or unable to stat
[Tue Feb 17 02:33:55.254151 2026] [php:error] [pid 71859] [client 20.238.87.60:0] script '/domains/pbuilder/asax.php' not found or unable to stat
[Tue Feb 17 02:33:55.327177 2026] [php:error] [pid 71859] [client 20.238.87.60:0] script '/domains/pbuilder/co.php' not found or unable to stat
[Tue Feb 17 02:33:55.400680 2026] [php:error] [pid 71859] [client 20.238.87.60:0] script '/domains/pbuilder/wp-k3w6g9s4h2.php' not found or unable to stat
[Tue Feb 17 02:33:55.473609 2026] [php:error] [pid 71859] [client 20.238.87.60:0] script '/domains/pbuilder/ahax.php' not found or unable to stat
[Tue Feb 17 02:33:55.543610 2026] [php:error] [pid 71829] [client 194.61.40.17:0] script '/domains/magicjim/head.php' not found or unable to stat
[Tue Feb 17 02:33:55.546464 2026] [php:error] [pid 71859] [client 20.238.87.60:0] script '/domains/pbuilder/Okxob.php' not found or unable to stat
[Tue Feb 17 02:33:55.619510 2026] [php:error] [pid 71859] [client 20.238.87.60:0] script '/domains/pbuilder/acfdr.php' not found or unable to stat
[Tue Feb 17 02:33:55.692590 2026] [php:error] [pid 71859] [client 20.238.87.60:0] script '/domains/pbuilder/init.php' not found or unable to stat
[Tue Feb 17 02:33:55.765491 2026] [php:error] [pid 71859] [client 20.238.87.60:0] script '/domains/pbuilder/themes.php' not found or unable to stat
[Tue Feb 17 02:33:55.823539 2026] [php:error] [pid 71829] [client 194.61.40.17:0] script '/domains/magicjim/index1.php' not found or unable to stat
[Tue Feb 17 02:33:55.838338 2026] [php:error] [pid 71859] [client 20.238.87.60:0] script '/domains/pbuilder/ff.php' not found or unable to stat
[Tue Feb 17 02:33:55.911379 2026] [php:error] [pid 71859] [client 20.238.87.60:0] script '/domains/pbuilder/ak.php' not found or unable to stat
[Tue Feb 17 02:33:55.984355 2026] [php:error] [pid 71859] [client 20.238.87.60:0] script '/domains/pbuilder/bjfl.php' not found or unable to stat
[Tue Feb 17 02:33:56.057394 2026] [php:error] [pid 71859] [client 20.238.87.60:0] script '/domains/pbuilder/vx.php' not found or unable to stat
[Tue Feb 17 02:33:56.131176 2026] [php:error] [pid 71859] [client 20.238.87.60:0] script '/domains/pbuilder/jga.php' not found or unable to stat
[Tue Feb 17 02:33:56.204193 2026] [php:error] [pid 71859] [client 20.238.87.60:0] script '/domains/pbuilder/a4.php' not found or unable to stat
[Tue Feb 17 02:33:56.232941 2026] [php:error] [pid 71829] [client 194.61.40.17:0] script '/domains/magicjim/theme-insqbzk.php' not found or unable to stat
[Tue Feb 17 02:33:56.351002 2026] [php:error] [pid 71859] [client 20.238.87.60:0] script '/domains/pbuilder/inege.php' not found or unable to stat
[Tue Feb 17 02:33:56.510185 2026] [php:error] [pid 71829] [client 194.61.40.17:0] script '/domains/magicjim/good.php' not found or unable to stat
[Tue Feb 17 02:33:56.812520 2026] [php:error] [pid 71829] [client 194.61.40.17:0] script '/domains/magicjim/main.php' not found or unable to stat
[Tue Feb 17 02:33:57.319136 2026] [php:error] [pid 71829] [client 194.61.40.17:0] script '/domains/magicjim/wsoyanz.php' not found or unable to stat
[Tue Feb 17 02:33:57.859531 2026] [php:error] [pid 71853] [client 98.159.43.144:0] script '/domains/rnachum/randkeyword.php' not found or unable to stat
[Tue Feb 17 02:33:58.550037 2026] [php:error] [pid 71829] [client 194.61.40.17:0] script '/domains/magicjim/alfa-rex.php' not found or unable to stat
[Tue Feb 17 02:33:58.748554 2026] [php:error] [pid 71853] [client 98.159.43.144:0] script '/domains/rnachum/xxx.php' not found or unable to stat
[Tue Feb 17 02:33:59.356961 2026] [php:error] [pid 71853] [client 98.159.43.144:0] script '/domains/rnachum/lv.php' not found or unable to stat
[Tue Feb 17 02:33:59.683947 2026] [php:error] [pid 71853] [client 98.159.43.144:0] script '/domains/rnachum/zip.php' not found or unable to stat
[Tue Feb 17 02:34:03.891521 2026] [php:error] [pid 71853] [client 98.159.43.144:0] script '/domains/rnachum/wp-cron.php' not found or unable to stat
[Tue Feb 17 02:34:04.790499 2026] [php:error] [pid 71853] [client 98.159.43.144:0] script '/domains/rnachum/jp.php' not found or unable to stat
[Tue Feb 17 02:34:05.123942 2026] [php:error] [pid 71853] [client 98.159.43.144:0] script '/domains/rnachum/rcc.php' not found or unable to stat
[Tue Feb 17 02:34:05.761728 2026] [php:error] [pid 71853] [client 98.159.43.144:0] script '/domains/rnachum/class.api.php' not found or unable to stat
[Tue Feb 17 02:34:06.067867 2026] [php:error] [pid 71853] [client 98.159.43.144:0] script '/domains/rnachum/layout.php' not found or unable to stat
[Tue Feb 17 02:34:06.759699 2026] [php:error] [pid 71853] [client 98.159.43.144:0] script '/domains/rnachum/history.php' not found or unable to stat
[Tue Feb 17 02:34:07.420885 2026] [php:error] [pid 71829] [client 194.61.40.17:0] script '/domains/magicjim/cache-compat.php' not found or unable to stat
[Tue Feb 17 02:34:07.642840 2026] [php:error] [pid 71829] [client 194.61.40.17:0] script '/domains/magicjim/ajax-actions.php' not found or unable to stat
[Tue Feb 17 02:34:08.120965 2026] [php:error] [pid 71829] [client 194.61.40.17:0] script '/domains/magicjim/wp-consar.php' not found or unable to stat
[Tue Feb 17 02:34:10.054067 2026] [php:error] [pid 71853] [client 98.159.43.144:0] script '/domains/rnachum/about.php' not found or unable to stat
[Tue Feb 17 02:34:10.768769 2026] [php:error] [pid 71853] [client 98.159.43.144:0] script '/domains/rnachum/cong.php' not found or unable to stat
[Tue Feb 17 02:34:12.382806 2026] [php:error] [pid 71853] [client 98.159.43.144:0] script '/domains/rnachum/wp-links.php' not found or unable to stat
[Tue Feb 17 02:34:12.713916 2026] [php:error] [pid 71829] [client 194.61.40.17:0] script '/domains/magicjim/sx.php' not found or unable to stat
[Tue Feb 17 02:34:13.574090 2026] [php:error] [pid 71848] [client 98.159.43.111:0] script '/domains/rnachum/makeasmtp.php' not found or unable to stat
[Tue Feb 17 02:34:14.666781 2026] [php:error] [pid 71848] [client 98.159.43.111:0] script '/domains/rnachum/login.php' not found or unable to stat
[Tue Feb 17 02:34:15.619011 2026] [php:error] [pid 71829] [client 194.61.40.17:0] script '/domains/magicjim/web.php' not found or unable to stat
[Tue Feb 17 02:34:16.810018 2026] [php:error] [pid 71829] [client 194.61.40.17:0] script '/domains/magicjim/wp-uploads-config.php' not found or unable to stat
[Tue Feb 17 02:34:17.574318 2026] [php:error] [pid 71848] [client 98.159.43.111:0] script '/domains/rnachum/wander.php' not found or unable to stat
[Tue Feb 17 02:34:18.386179 2026] [php:error] [pid 71848] [client 98.159.43.111:0] script '/domains/rnachum/wp-config-sample.php' not found or unable to stat
[Tue Feb 17 02:34:19.845049 2026] [php:error] [pid 71848] [client 98.159.43.111:0] script '/domains/rnachum/manager.php' not found or unable to stat
[Tue Feb 17 02:34:20.191984 2026] [php:error] [pid 71863] [client 35.247.243.242:0] script '/domains/machinadynamica/adminer-5.4.1-mysql-en.php' not found or unable to stat
[Tue Feb 17 02:34:20.668872 2026] [php:error] [pid 71848] [client 98.159.43.111:0] script '/domains/rnachum/users.php' not found or unable to stat
[Tue Feb 17 02:34:20.710359 2026] [php:error] [pid 71864] [client 20.100.191.215:0] script '/domains/telacomp/pass4.php' not found or unable to stat
[Tue Feb 17 02:34:20.806133 2026] [php:error] [pid 71864] [client 20.100.191.215:0] script '/domains/telacomp/term.php' not found or unable to stat
[Tue Feb 17 02:34:20.952723 2026] [php:error] [pid 71864] [client 20.100.191.215:0] script '/domains/telacomp/lp6.php' not found or unable to stat
[Tue Feb 17 02:34:21.050294 2026] [php:error] [pid 71864] [client 20.100.191.215:0] script '/domains/telacomp/we.php' not found or unable to stat
[Tue Feb 17 02:34:21.146373 2026] [php:error] [pid 71864] [client 20.100.191.215:0] script '/domains/telacomp/asax.php' not found or unable to stat
[Tue Feb 17 02:34:21.220075 2026] [php:error] [pid 71859] [client 194.61.40.41:0] script '/domains/magicjim/upload.php' not found or unable to stat
[Tue Feb 17 02:34:21.243185 2026] [php:error] [pid 71864] [client 20.100.191.215:0] script '/domains/telacomp/co.php' not found or unable to stat
[Tue Feb 17 02:34:21.338897 2026] [php:error] [pid 71864] [client 20.100.191.215:0] script '/domains/telacomp/wp-k3w6g9s4h2.php' not found or unable to stat
[Tue Feb 17 02:34:21.435225 2026] [php:error] [pid 71864] [client 20.100.191.215:0] script '/domains/telacomp/ahax.php' not found or unable to stat
[Tue Feb 17 02:34:21.543042 2026] [php:error] [pid 71864] [client 20.100.191.215:0] script '/domains/telacomp/Okxob.php' not found or unable to stat
[Tue Feb 17 02:34:21.571544 2026] [php:error] [pid 71848] [client 98.159.43.111:0] script '/domains/rnachum/sim.php' not found or unable to stat
[Tue Feb 17 02:34:21.639076 2026] [php:error] [pid 71864] [client 20.100.191.215:0] script '/domains/telacomp/acfdr.php' not found or unable to stat
[Tue Feb 17 02:34:21.746033 2026] [php:error] [pid 71864] [client 20.100.191.215:0] script '/domains/telacomp/init.php' not found or unable to stat
[Tue Feb 17 02:34:21.812542 2026] [php:error] [pid 71859] [client 194.61.40.41:0] script '/domains/magicjim/indeex.php' not found or unable to stat
[Tue Feb 17 02:34:21.857232 2026] [php:error] [pid 71864] [client 20.100.191.215:0] script '/domains/telacomp/themes.php' not found or unable to stat
[Tue Feb 17 02:34:21.952846 2026] [php:error] [pid 71864] [client 20.100.191.215:0] script '/domains/telacomp/ff.php' not found or unable to stat
[Tue Feb 17 02:34:22.059904 2026] [php:error] [pid 71864] [client 20.100.191.215:0] script '/domains/telacomp/ak.php' not found or unable to stat
[Tue Feb 17 02:34:22.112769 2026] [php:error] [pid 71859] [client 194.61.40.41:0] script '/domains/magicjim/dropdown.php' not found or unable to stat
[Tue Feb 17 02:34:22.155615 2026] [php:error] [pid 71864] [client 20.100.191.215:0] script '/domains/telacomp/bjfl.php' not found or unable to stat
[Tue Feb 17 02:34:22.262713 2026] [php:error] [pid 71864] [client 20.100.191.215:0] script '/domains/telacomp/vx.php' not found or unable to stat
[Tue Feb 17 02:34:22.358940 2026] [php:error] [pid 71864] [client 20.100.191.215:0] script '/domains/telacomp/jga.php' not found or unable to stat
[Tue Feb 17 02:34:22.561953 2026] [php:error] [pid 71864] [client 20.100.191.215:0] script '/domains/telacomp/a4.php' not found or unable to stat
[Tue Feb 17 02:34:22.757815 2026] [php:error] [pid 71864] [client 20.100.191.215:0] script '/domains/telacomp/inege.php' not found or unable to stat
[Tue Feb 17 02:34:22.961853 2026] [php:error] [pid 71848] [client 98.159.43.111:0] script '/domains/rnachum/function.php' not found or unable to stat
[Tue Feb 17 02:34:23.456273 2026] [php:error] [pid 71859] [client 194.61.40.41:0] script '/domains/magicjim/bs.php' not found or unable to stat
[Tue Feb 17 02:34:24.030269 2026] [php:error] [pid 71859] [client 194.61.40.41:0] script '/domains/magicjim/credits.php' not found or unable to stat
[Tue Feb 17 02:34:24.456469 2026] [php:error] [pid 71859] [client 194.61.40.41:0] script '/domains/magicjim/edit-comments.php' not found or unable to stat
[Tue Feb 17 02:34:24.941674 2026] [php:error] [pid 71859] [client 194.61.40.41:0] script '/domains/magicjim/checkbox.php' not found or unable to stat
[Tue Feb 17 02:34:25.234143 2026] [php:error] [pid 71829] [client 35.247.243.245:0] script '/domains/machinadynamica/adminer-db.php' not found or unable to stat
[Tue Feb 17 02:34:25.263899 2026] [php:error] [pid 71859] [client 194.61.40.41:0] script '/domains/magicjim/export.php' not found or unable to stat
[Tue Feb 17 02:34:25.715880 2026] [php:error] [pid 71859] [client 194.61.40.41:0] script '/domains/magicjim/input.php' not found or unable to stat
[Tue Feb 17 02:34:26.216925 2026] [php:error] [pid 71859] [client 194.61.40.41:0] script '/domains/magicjim/load-scripts.php' not found or unable to stat
[Tue Feb 17 02:34:26.784915 2026] [php:error] [pid 71859] [client 194.61.40.41:0] script '/domains/magicjim/load-styles.php' not found or unable to stat
[Tue Feb 17 02:34:27.326992 2026] [php:error] [pid 71859] [client 194.61.40.41:0] script '/domains/magicjim/options-discussion.php' not found or unable to stat
[Tue Feb 17 02:34:27.868308 2026] [php:error] [pid 71848] [client 98.159.43.111:0] script '/domains/rnachum/wp-mail.php' not found or unable to stat
[Tue Feb 17 02:34:28.501872 2026] [php:error] [pid 71859] [client 194.61.40.41:0] script '/domains/magicjim/options-general.php' not found or unable to stat
[Tue Feb 17 02:34:28.896986 2026] [php:error] [pid 71859] [client 194.61.40.41:0] script '/domains/magicjim/options-permalink.php' not found or unable to stat
[Tue Feb 17 02:34:29.051007 2026] [php:error] [pid 71848] [client 98.159.43.111:0] script '/domains/rnachum/admin-post.php' not found or unable to stat
[Tue Feb 17 02:34:29.225694 2026] [php:error] [pid 71859] [client 194.61.40.41:0] script '/domains/magicjim/options-privacy.php' not found or unable to stat
[Tue Feb 17 02:34:29.344478 2026] [php:error] [pid 71848] [client 98.159.43.111:0] script '/domains/rnachum/conf_upload.php' not found or unable to stat
[Tue Feb 17 02:34:29.557276 2026] [php:error] [pid 71859] [client 194.61.40.41:0] script '/domains/magicjim/options-reading.php' not found or unable to stat
[Tue Feb 17 02:34:29.775377 2026] [php:error] [pid 71860] [client 34.96.162.61:0] script '/domains/machinadynamica/adminer-5.0.0.php' not found or unable to stat
[Tue Feb 17 02:34:30.388593 2026] [php:error] [pid 71859] [client 194.61.40.41:0] script '/domains/magicjim/options-writing.php' not found or unable to stat
[Tue Feb 17 02:34:30.903154 2026] [php:error] [pid 71848] [client 98.159.43.111:0] script '/domains/rnachum/wp-configs.php' not found or unable to stat
[Tue Feb 17 02:34:31.220057 2026] [php:error] [pid 71859] [client 194.61.40.41:0] script '/domains/magicjim/post-new.php' not found or unable to stat
[Tue Feb 17 02:34:31.514821 2026] [php:error] [pid 71859] [client 194.61.40.41:0] script '/domains/magicjim/privacy.php' not found or unable to stat
[Tue Feb 17 02:34:31.758078 2026] [php:error] [pid 71859] [client 194.61.40.41:0] script '/domains/magicjim/profile.php' not found or unable to stat
[Tue Feb 17 02:34:32.100004 2026] [php:error] [pid 71859] [client 194.61.40.41:0] script '/domains/magicjim/site-health.php' not found or unable to stat
[Tue Feb 17 02:34:32.337307 2026] [php:error] [pid 71859] [client 194.61.40.41:0] script '/domains/magicjim/tools.php' not found or unable to stat
[Tue Feb 17 02:34:32.552157 2026] [php:error] [pid 71859] [client 194.61.40.41:0] script '/domains/magicjim/update-core.php' not found or unable to stat
[Tue Feb 17 02:34:32.797350 2026] [php:error] [pid 71859] [client 194.61.40.41:0] script '/domains/magicjim/user-edit.php' not found or unable to stat
[Tue Feb 17 02:34:32.887403 2026] [php:error] [pid 71860] [client 98.159.43.118:0] script '/domains/rnachum/f35.php' not found or unable to stat
[Tue Feb 17 02:34:33.054725 2026] [php:error] [pid 71859] [client 194.61.40.41:0] script '/domains/magicjim/user-new.php' not found or unable to stat
[Tue Feb 17 02:34:33.346474 2026] [php:error] [pid 71859] [client 194.61.40.41:0] script '/domains/magicjim/wp-cron.php' not found or unable to stat
[Tue Feb 17 02:34:33.600999 2026] [php:error] [pid 71859] [client 194.61.40.41:0] script '/domains/magicjim/bar.php' not found or unable to stat
[Tue Feb 17 02:34:33.791191 2026] [php:error] [pid 71860] [client 98.159.43.118:0] script '/domains/rnachum/edit.php' not found or unable to stat
[Tue Feb 17 02:34:34.022344 2026] [php:error] [pid 71859] [client 194.61.40.41:0] script '/domains/magicjim/samll.php' not found or unable to stat
[Tue Feb 17 02:34:34.260413 2026] [php:error] [pid 71859] [client 194.61.40.41:0] script '/domains/magicjim/webdb.php' not found or unable to stat
[Tue Feb 17 02:34:34.690526 2026] [php:error] [pid 71860] [client 98.159.43.118:0] script '/domains/rnachum/files.php' not found or unable to stat
[Tue Feb 17 02:34:34.704401 2026] [php:error] [pid 71859] [client 194.61.40.41:0] script '/domains/magicjim/100.php' not found or unable to stat
[Tue Feb 17 02:34:34.985399 2026] [php:error] [pid 71860] [client 98.159.43.118:0] script '/domains/rnachum/webadmin.php' not found or unable to stat
[Tue Feb 17 02:34:35.012932 2026] [php:error] [pid 71859] [client 194.61.40.41:0] script '/domains/magicjim/plugin-install.php' not found or unable to stat
[Tue Feb 17 02:34:35.300537 2026] [php:error] [pid 71859] [client 194.61.40.41:0] script '/domains/magicjim/km.php' not found or unable to stat
[Tue Feb 17 02:34:35.563079 2026] [php:error] [pid 71859] [client 194.61.40.41:0] script '/domains/magicjim/LA.php' not found or unable to stat
[Tue Feb 17 02:34:35.862758 2026] [php:error] [pid 71860] [client 98.159.43.118:0] script '/domains/rnachum/wsa.php' not found or unable to stat
[Tue Feb 17 02:34:35.867451 2026] [php:error] [pid 71859] [client 194.61.40.41:0] script '/domains/magicjim/wp-good.php' not found or unable to stat
[Tue Feb 17 02:34:36.178944 2026] [php:error] [pid 71859] [client 194.61.40.41:0] script '/domains/magicjim/wp-ldd.php' not found or unable to stat
[Tue Feb 17 02:34:36.298895 2026] [php:error] [pid 71860] [client 98.159.43.118:0] script '/domains/rnachum/tinyfilemanager.php' not found or unable to stat
[Tue Feb 17 02:34:36.435802 2026] [php:error] [pid 71859] [client 194.61.40.41:0] script '/domains/magicjim/sgd.php' not found or unable to stat
[Tue Feb 17 02:34:37.281940 2026] [php:error] [pid 71859] [client 194.61.40.41:0] script '/domains/magicjim/wzy.php' not found or unable to stat
[Tue Feb 17 02:34:37.567063 2026] [php:error] [pid 71860] [client 98.159.43.118:0] script '/domains/rnachum/woh.php' not found or unable to stat
[Tue Feb 17 02:34:38.199266 2026] [php:error] [pid 71859] [client 194.61.40.41:0] script '/domains/magicjim/chosen.php' not found or unable to stat
[Tue Feb 17 02:34:38.495690 2026] [php:error] [pid 71860] [client 98.159.43.118:0] script '/domains/rnachum/bless.php' not found or unable to stat
[Tue Feb 17 02:34:38.729973 2026] [php:error] [pid 71859] [client 194.61.40.41:0] script '/domains/magicjim/wp-signup.php' not found or unable to stat
[Tue Feb 17 02:34:38.819309 2026] [php:error] [pid 71860] [client 98.159.43.118:0] script '/domains/rnachum/wp-trackback.php' not found or unable to stat
[Tue Feb 17 02:34:39.138803 2026] [php:error] [pid 71860] [client 98.159.43.118:0] script '/domains/rnachum/info.php' not found or unable to stat
[Tue Feb 17 02:34:40.058272 2026] [php:error] [pid 71860] [client 98.159.43.118:0] script '/domains/rnachum/buy.php' not found or unable to stat
[Tue Feb 17 02:34:40.175910 2026] [php:error] [pid 71859] [client 194.61.40.41:0] script '/domains/magicjim/class.php' not found or unable to stat
[Tue Feb 17 02:34:40.680678 2026] [php:error] [pid 71860] [client 98.159.43.118:0] script '/domains/rnachum/readme.php' not found or unable to stat
[Tue Feb 17 02:34:40.720242 2026] [php:error] [pid 71859] [client 194.61.40.41:0] script '/domains/magicjim/Njima.php' not found or unable to stat
[Tue Feb 17 02:34:40.958044 2026] [php:error] [pid 71860] [client 98.159.43.118:0] script '/domains/rnachum/sck.php' not found or unable to stat
[Tue Feb 17 02:34:41.195813 2026] [php:error] [pid 71860] [client 98.159.43.118:0] script '/domains/rnachum/fm.php' not found or unable to stat
[Tue Feb 17 02:34:41.790623 2026] [php:error] [pid 71860] [client 98.159.43.118:0] script '/domains/rnachum/packed.php' not found or unable to stat
[Tue Feb 17 02:34:42.015379 2026] [php:error] [pid 71859] [client 194.61.40.41:0] script '/domains/magicjim/FroggBaba.php' not found or unable to stat
[Tue Feb 17 02:34:42.086191 2026] [php:error] [pid 71860] [client 98.159.43.118:0] script '/domains/rnachum/about.php' not found or unable to stat
[Tue Feb 17 02:34:43.146069 2026] [php:error] [pid 71859] [client 194.61.40.41:0] script '/domains/magicjim/sts.php' not found or unable to stat
[Tue Feb 17 02:34:43.281145 2026] [php:error] [pid 71860] [client 98.159.43.118:0] script '/domains/rnachum/plugin.php' not found or unable to stat
[Tue Feb 17 02:34:44.481057 2026] [php:error] [pid 71860] [client 98.159.43.118:0] script '/domains/rnachum/chosen.php' not found or unable to stat
[Tue Feb 17 02:34:44.734176 2026] [php:error] [pid 71859] [client 194.61.40.41:0] script '/domains/magicjim/st.php' not found or unable to stat
[Tue Feb 17 02:34:44.754524 2026] [php:error] [pid 71860] [client 98.159.43.118:0] script '/domains/rnachum/load.php' not found or unable to stat
[Tue Feb 17 02:34:45.003013 2026] [php:error] [pid 71859] [client 194.61.40.41:0] script '/domains/magicjim/GA13.php' not found or unable to stat
[Tue Feb 17 02:34:45.578814 2026] [php:error] [pid 71860] [client 98.159.43.118:0] script '/domains/rnachum/edit-tags.php' not found or unable to stat
[Tue Feb 17 02:34:46.778316 2026] [php:error] [pid 71860] [client 98.159.43.118:0] script '/domains/rnachum/autoload_classmap.php' not found or unable to stat
[Tue Feb 17 02:34:47.096178 2026] [php:error] [pid 71859] [client 194.61.40.41:0] script '/domains/magicjim/crop.php' not found or unable to stat
[Tue Feb 17 02:34:47.366370 2026] [php:error] [pid 71860] [client 98.159.43.118:0] script '/domains/rnachum/lock.php' not found or unable to stat
[Tue Feb 17 02:34:48.499225 2026] [php:error] [pid 71859] [client 194.61.40.41:0] script '/domains/magicjim/gali.php' not found or unable to stat
[Tue Feb 17 02:34:49.419196 2026] [php:error] [pid 71860] [client 35.247.243.254:0] script '/domains/machinadynamica/adminer-5.3.0-en.php' not found or unable to stat
[Tue Feb 17 02:34:49.648814 2026] [php:error] [pid 71859] [client 194.61.40.41:0] script '/domains/magicjim/dir.php' not found or unable to stat
[Tue Feb 17 02:34:49.901001 2026] [php:error] [pid 71859] [client 194.61.40.41:0] script '/domains/magicjim/dirs.php' not found or unable to stat
[Tue Feb 17 02:34:50.057696 2026] [php:error] [pid 71867] [client 98.159.43.158:0] script '/domains/rnachum/product.php' not found or unable to stat
[Tue Feb 17 02:34:50.196749 2026] [php:error] [pid 71859] [client 194.61.40.41:0] script '/domains/magicjim/abouts.php' not found or unable to stat
[Tue Feb 17 02:34:50.424817 2026] [php:error] [pid 71859] [client 194.61.40.41:0] script '/domains/magicjim/malls.php' not found or unable to stat
[Tue Feb 17 02:34:50.704002 2026] [php:error] [pid 71859] [client 194.61.40.41:0] script '/domains/magicjim/liefs.php' not found or unable to stat
[Tue Feb 17 02:34:50.963339 2026] [php:error] [pid 71859] [client 194.61.40.41:0] script '/domains/magicjim/uc.php' not found or unable to stat
[Tue Feb 17 02:34:51.355371 2026] [php:error] [pid 71859] [client 194.61.40.41:0] script '/domains/magicjim/locks.php' not found or unable to stat
[Tue Feb 17 02:34:51.657269 2026] [php:error] [pid 71859] [client 194.61.40.41:0] script '/domains/magicjim/wp-dsdd.php' not found or unable to stat
[Tue Feb 17 02:34:52.479115 2026] [php:error] [pid 71861] [client 98.159.43.156:0] script '/domains/rnachum/base.php' not found or unable to stat
[Tue Feb 17 02:34:53.080281 2026] [php:error] [pid 71861] [client 98.159.43.156:0] script '/domains/rnachum/zero.php' not found or unable to stat
[Tue Feb 17 02:34:53.245128 2026] [php:error] [pid 71859] [client 194.61.40.41:0] script '/domains/magicjim/wp-themes.php' not found or unable to stat
[Tue Feb 17 02:34:53.413515 2026] [php:error] [pid 71860] [client 35.247.243.245:0] script '/domains/machinadynamica/__adm.php' not found or unable to stat
[Tue Feb 17 02:34:53.503293 2026] [php:error] [pid 71859] [client 194.61.40.41:0] script '/domains/magicjim/wp-uploads.php' not found or unable to stat
[Tue Feb 17 02:34:53.778783 2026] [php:error] [pid 71859] [client 194.61.40.41:0] script '/domains/magicjim/wp-files.php' not found or unable to stat
[Tue Feb 17 02:34:54.072246 2026] [php:error] [pid 71859] [client 194.61.40.41:0] script '/domains/magicjim/t.php' not found or unable to stat
[Tue Feb 17 02:34:54.089480 2026] [php:error] [pid 71861] [client 98.159.43.156:0] script '/domains/rnachum/style.php' not found or unable to stat
[Tue Feb 17 02:34:54.349124 2026] [php:error] [pid 71859] [client 194.61.40.41:0] script '/domains/magicjim/stindex.php' not found or unable to stat
[Tue Feb 17 02:34:54.394003 2026] [php:error] [pid 71861] [client 98.159.43.156:0] script '/domains/rnachum/db.php' not found or unable to stat
[Tue Feb 17 02:34:54.621054 2026] [php:error] [pid 71859] [client 194.61.40.41:0] script '/domains/magicjim/shop.php' not found or unable to stat
[Tue Feb 17 02:34:56.455987 2026] [php:error] [pid 71861] [client 194.61.40.13:0] script '/domains/magicjim/exit.php' not found or unable to stat
[Tue Feb 17 02:34:56.768000 2026] [php:error] [pid 71859] [client 98.159.43.115:0] script '/domains/rnachum/wp-set.php' not found or unable to stat
[Tue Feb 17 02:34:56.900887 2026] [php:error] [pid 71861] [client 194.61.40.13:0] script '/domains/magicjim/install.php' not found or unable to stat
[Tue Feb 17 02:34:57.122163 2026] [php:error] [pid 71861] [client 194.61.40.13:0] script '/domains/magicjim/max.php' not found or unable to stat
[Tue Feb 17 02:34:57.159216 2026] [php:error] [pid 71859] [client 98.159.43.115:0] script '/domains/rnachum/file.php' not found or unable to stat
[Tue Feb 17 02:34:57.412594 2026] [php:error] [pid 71861] [client 194.61.40.13:0] script '/domains/magicjim/wp-load.php' not found or unable to stat
[Tue Feb 17 02:34:58.545306 2026] [php:error] [pid 71861] [client 194.61.40.13:0] script '/domains/magicjim/aa.php' not found or unable to stat
[Tue Feb 17 02:34:59.874426 2026] [php:error] [pid 71859] [client 98.159.43.115:0] script '/domains/rnachum/assets/radio.php' not found or unable to stat
[Tue Feb 17 02:35:03.081885 2026] [php:error] [pid 71867] [client 98.159.43.108:0] script '/domains/rnachum/moon.php' not found or unable to stat
[Tue Feb 17 02:35:04.818961 2026] [php:error] [pid 71861] [client 194.61.40.13:0] script '/domains/magicjim/shellv3.php' not found or unable to stat
[Tue Feb 17 02:35:05.168904 2026] [php:error] [pid 71861] [client 194.61.40.13:0] script '/domains/magicjim/sh.php' not found or unable to stat
[Tue Feb 17 02:35:05.244177 2026] [php:error] [pid 71867] [client 98.159.43.108:0] script '/domains/rnachum/pages.php' not found or unable to stat
[Tue Feb 17 02:35:05.565250 2026] [php:error] [pid 71867] [client 98.159.43.108:0] script '/domains/rnachum/bulk.php' not found or unable to stat
[Tue Feb 17 02:35:05.877357 2026] [php:error] [pid 71867] [client 98.159.43.108:0] script '/domains/rnachum/kk.php' not found or unable to stat
[Tue Feb 17 02:35:06.247559 2026] [php:error] [pid 71861] [client 194.61.40.13:0] script '/domains/magicjim/function.php' not found or unable to stat
[Tue Feb 17 02:35:06.462740 2026] [php:error] [pid 71867] [client 98.159.43.108:0] script '/domains/rnachum/wp-logout.php' not found or unable to stat
[Tue Feb 17 02:35:06.534687 2026] [php:error] [pid 71861] [client 194.61.40.13:0] script '/domains/magicjim/m.php' not found or unable to stat
[Tue Feb 17 02:35:06.879529 2026] [php:error] [pid 71875] [client 34.96.162.55:0] script '/domains/machinadynamica/adminer-5.2.0-mysql-en.php' not found or unable to stat
[Tue Feb 17 02:35:07.514800 2026] [php:error] [pid 71861] [client 194.61.40.13:0] script '/domains/magicjim/delete3.php' not found or unable to stat
[Tue Feb 17 02:35:07.673091 2026] [php:error] [pid 71867] [client 98.159.43.108:0] script '/domains/rnachum/classwithtostring.php' not found or unable to stat
[Tue Feb 17 02:35:07.983220 2026] [php:error] [pid 71867] [client 98.159.43.108:0] script '/domains/rnachum/wp-setup.php' not found or unable to stat
[Tue Feb 17 02:35:08.877542 2026] [php:error] [pid 71867] [client 98.159.43.108:0] script '/domains/rnachum/wp-editor.php' not found or unable to stat
[Tue Feb 17 02:35:09.191492 2026] [php:error] [pid 71867] [client 98.159.43.108:0] script '/domains/rnachum/wp-simple.php' not found or unable to stat
[Tue Feb 17 02:35:09.595749 2026] [php:error] [pid 71860] [client 74.248.96.218:0] script '/domains/fryer/pass4.php' not found or unable to stat
[Tue Feb 17 02:35:09.700779 2026] [php:error] [pid 71860] [client 74.248.96.218:0] script '/domains/fryer/term.php' not found or unable to stat
[Tue Feb 17 02:35:09.802731 2026] [php:error] [pid 71860] [client 74.248.96.218:0] script '/domains/fryer/lp6.php' not found or unable to stat
[Tue Feb 17 02:35:09.904728 2026] [php:error] [pid 71860] [client 74.248.96.218:0] script '/domains/fryer/we.php' not found or unable to stat
[Tue Feb 17 02:35:09.952184 2026] [php:error] [pid 71861] [client 194.61.40.13:0] script '/domains/magicjim/mm.php' not found or unable to stat
[Tue Feb 17 02:35:10.006941 2026] [php:error] [pid 71860] [client 74.248.96.218:0] script '/domains/fryer/asax.php' not found or unable to stat
[Tue Feb 17 02:35:10.117653 2026] [php:error] [pid 71860] [client 74.248.96.218:0] script '/domains/fryer/co.php' not found or unable to stat
[Tue Feb 17 02:35:10.220554 2026] [php:error] [pid 71860] [client 74.248.96.218:0] script '/domains/fryer/wp-k3w6g9s4h2.php' not found or unable to stat
[Tue Feb 17 02:35:10.339003 2026] [php:error] [pid 71860] [client 74.248.96.218:0] script '/domains/fryer/ahax.php' not found or unable to stat
[Tue Feb 17 02:35:10.667050 2026] [php:error] [pid 71860] [client 74.248.96.218:0] script '/domains/fryer/Okxob.php' not found or unable to stat
[Tue Feb 17 02:35:10.780729 2026] [php:error] [pid 71860] [client 74.248.96.218:0] script '/domains/fryer/acfdr.php' not found or unable to stat
[Tue Feb 17 02:35:10.972525 2026] [php:error] [pid 71860] [client 74.248.96.218:0] script '/domains/fryer/init.php' not found or unable to stat
[Tue Feb 17 02:35:11.082898 2026] [php:error] [pid 71860] [client 74.248.96.218:0] script '/domains/fryer/themes.php' not found or unable to stat
[Tue Feb 17 02:35:11.186054 2026] [php:error] [pid 71860] [client 74.248.96.218:0] script '/domains/fryer/ff.php' not found or unable to stat
[Tue Feb 17 02:35:11.277984 2026] [php:error] [pid 71872] [client 35.247.243.250:0] script '/domains/machinadynamica/adminer-4.8.1-mysql-en.php' not found or unable to stat
[Tue Feb 17 02:35:11.298508 2026] [php:error] [pid 71860] [client 74.248.96.218:0] script '/domains/fryer/ak.php' not found or unable to stat
[Tue Feb 17 02:35:11.326150 2026] [php:error] [pid 71861] [client 194.61.40.13:0] script '/domains/magicjim/server.php' not found or unable to stat
[Tue Feb 17 02:35:11.414610 2026] [php:error] [pid 71860] [client 74.248.96.218:0] script '/domains/fryer/bjfl.php' not found or unable to stat
[Tue Feb 17 02:35:11.522049 2026] [php:error] [pid 71860] [client 74.248.96.218:0] script '/domains/fryer/vx.php' not found or unable to stat
[Tue Feb 17 02:35:11.632140 2026] [php:error] [pid 71860] [client 74.248.96.218:0] script '/domains/fryer/jga.php' not found or unable to stat
[Tue Feb 17 02:35:11.736284 2026] [php:error] [pid 71860] [client 74.248.96.218:0] script '/domains/fryer/a4.php' not found or unable to stat
[Tue Feb 17 02:35:11.781030 2026] [php:error] [pid 71867] [client 98.159.43.108:0] script '/domains/rnachum/hehehehe.php' not found or unable to stat
[Tue Feb 17 02:35:11.969811 2026] [php:error] [pid 71860] [client 74.248.96.218:0] script '/domains/fryer/inege.php' not found or unable to stat
[Tue Feb 17 02:35:12.286697 2026] [php:error] [pid 71861] [client 194.61.40.13:0] script '/domains/magicjim/mailer.php' not found or unable to stat
[Tue Feb 17 02:35:12.657494 2026] [php:error] [pid 71861] [client 194.61.40.13:0] script '/domains/magicjim/www.php' not found or unable to stat
[Tue Feb 17 02:35:13.141005 2026] [php:error] [pid 71861] [client 194.61.40.13:0] script '/domains/magicjim/cache.php' not found or unable to stat
[Tue Feb 17 02:35:13.986481 2026] [php:error] [pid 71861] [client 194.61.40.13:0] script '/domains/magicjim/wp-header.php' not found or unable to stat
[Tue Feb 17 02:35:14.232305 2026] [php:error] [pid 71869] [client 35.247.243.255:0] script '/domains/machinadynamica/adminer-5.0.4-en.php' not found or unable to stat
[Tue Feb 17 02:35:14.462986 2026] [php:error] [pid 71867] [client 98.159.43.108:0] script '/domains/rnachum/header.php' not found or unable to stat
[Tue Feb 17 02:35:14.538011 2026] [php:error] [pid 71861] [client 194.61.40.13:0] script '/domains/magicjim/shop.php' not found or unable to stat
[Tue Feb 17 02:35:14.952754 2026] [php:error] [pid 71867] [client 98.159.43.108:0] script '/domains/rnachum/gecko.php' not found or unable to stat
[Tue Feb 17 02:35:16.180133 2026] [php:error] [pid 71867] [client 98.159.43.108:0] script '/domains/rnachum/bk.php' not found or unable to stat
[Tue Feb 17 02:35:20.564101 2026] [php:error] [pid 71865] [client 98.159.43.151:0] script '/domains/rnachum/about.php' not found or unable to stat
[Tue Feb 17 02:35:20.850319 2026] [php:error] [pid 71865] [client 98.159.43.151:0] script '/domains/rnachum/sym.php' not found or unable to stat
[Tue Feb 17 02:35:22.983496 2026] [php:error] [pid 71865] [client 98.159.43.151:0] script '/domains/rnachum/sk.php' not found or unable to stat
[Tue Feb 17 02:35:25.465820 2026] [php:error] [pid 71865] [client 35.247.243.253:0] script '/domains/machinadynamica/adminer-5.0.3-en.php' not found or unable to stat
[Tue Feb 17 02:35:28.082249 2026] [php:error] [pid 71872] [client 35.247.243.243:0] script '/domains/machinadynamica/adminer-5.2.0-en.php' not found or unable to stat
[Tue Feb 17 02:35:28.190641 2026] [php:error] [pid 71869] [client 98.159.43.116:0] script '/domains/rnachum/sys.php' not found or unable to stat
[Tue Feb 17 02:35:29.072074 2026] [php:error] [pid 71869] [client 98.159.43.116:0] script '/domains/rnachum/wp-user.php' not found or unable to stat
[Tue Feb 17 02:35:29.375467 2026] [php:error] [pid 71869] [client 98.159.43.116:0] script '/domains/rnachum/customize.php' not found or unable to stat
[Tue Feb 17 02:35:32.032162 2026] [php:error] [pid 71860] [client 98.159.43.112:0] script '/domains/rnachum/fm1.php' not found or unable to stat
[Tue Feb 17 02:35:32.976889 2026] [php:error] [pid 71860] [client 98.159.43.112:0] script '/domains/rnachum/wp-settings.php' not found or unable to stat
[Tue Feb 17 02:35:33.566001 2026] [php:error] [pid 71860] [client 98.159.43.112:0] script '/domains/rnachum/wp-file.php' not found or unable to stat
[Tue Feb 17 02:35:33.902477 2026] [php:error] [pid 71860] [client 98.159.43.112:0] script '/domains/rnachum/wp-content.php' not found or unable to stat
[Tue Feb 17 02:35:34.470490 2026] [php:error] [pid 71860] [client 98.159.43.112:0] script '/domains/rnachum/log.php' not found or unable to stat
[Tue Feb 17 02:35:35.070770 2026] [php:error] [pid 71860] [client 98.159.43.112:0] script '/domains/rnachum/ioxi01.php' not found or unable to stat
[Tue Feb 17 02:35:36.244430 2026] [php:error] [pid 71872] [client 34.96.162.62:0] script '/domains/machinadynamica/mydb.php' not found or unable to stat
[Tue Feb 17 02:35:36.488166 2026] [php:error] [pid 71859] [client 45.149.173.233:0] script '/domains/perless2web/xmlrpc.php' not found or unable to stat
