[Tue Feb 17 02:46:49.622715 2026] [php:error] [pid 77601] [client 194.61.41.14:0] script '/domains/oneylaw/images.php' not found or unable to stat
[Tue Feb 17 02:46:49.883067 2026] [php:error] [pid 77601] [client 194.61.41.14:0] script '/domains/oneylaw/wp-aespa.php' not found or unable to stat
[Tue Feb 17 02:46:50.347075 2026] [php:error] [pid 77601] [client 194.61.41.14:0] script '/domains/oneylaw/cgi-bin/install.php' not found or unable to stat
[Tue Feb 17 02:46:53.632251 2026] [php:error] [pid 77600] [client 194.61.41.25:0] script '/domains/oneylaw/wp-l0gin.php' not found or unable to stat
[Tue Feb 17 02:46:55.474493 2026] [php:error] [pid 77600] [client 194.61.41.25:0] script '/domains/oneylaw/wp-conflg.php' not found or unable to stat
[Tue Feb 17 02:46:56.653044 2026] [php:error] [pid 77600] [client 194.61.41.25:0] script '/domains/oneylaw/images/worksec.php' not found or unable to stat
[Tue Feb 17 02:46:56.885361 2026] [php:error] [pid 77600] [client 194.61.41.25:0] script '/domains/oneylaw/images/rest.php' not found or unable to stat
[Tue Feb 17 02:46:59.532764 2026] [php:error] [pid 77598] [client 194.61.41.5:0] script '/domains/oneylaw/0x.php' not found or unable to stat
[Tue Feb 17 02:47:00.439019 2026] [php:error] [pid 77598] [client 194.61.41.5:0] script '/domains/oneylaw/wpn.php' not found or unable to stat
[Tue Feb 17 02:47:00.710947 2026] [php:error] [pid 77598] [client 194.61.41.5:0] script '/domains/oneylaw/cloud.php' not found or unable to stat
[Tue Feb 17 02:47:00.940399 2026] [php:error] [pid 77598] [client 194.61.41.5:0] script '/domains/oneylaw/upload.php' not found or unable to stat
[Tue Feb 17 02:47:01.170520 2026] [php:error] [pid 77598] [client 194.61.41.5:0] script '/domains/oneylaw/init.php' not found or unable to stat
[Tue Feb 17 02:47:01.607189 2026] [php:error] [pid 77598] [client 194.61.41.5:0] script '/domains/oneylaw/wp-blog.php' not found or unable to stat
[Tue Feb 17 02:47:02.746276 2026] [php:error] [pid 77598] [client 194.61.41.5:0] script '/domains/oneylaw/payout.php' not found or unable to stat
[Tue Feb 17 02:47:02.978057 2026] [php:error] [pid 77598] [client 194.61.41.5:0] script '/domains/oneylaw/lock360.php' not found or unable to stat
[Tue Feb 17 02:47:03.240230 2026] [php:error] [pid 77598] [client 194.61.41.5:0] script '/domains/oneylaw/x.php' not found or unable to stat
[Tue Feb 17 02:47:03.464320 2026] [php:error] [pid 77598] [client 194.61.41.5:0] script '/domains/oneylaw/wp_info.php' not found or unable to stat
[Tue Feb 17 02:47:03.923844 2026] [php:error] [pid 77598] [client 194.61.41.5:0] script '/domains/oneylaw/xml.php' not found or unable to stat
[Tue Feb 17 02:47:04.165486 2026] [php:error] [pid 77598] [client 194.61.41.5:0] script '/domains/oneylaw/by.php' not found or unable to stat
[Tue Feb 17 02:47:06.726112 2026] [php:error] [pid 77598] [client 194.61.41.5:0] script '/domains/oneylaw/default.php' not found or unable to stat
[Tue Feb 17 02:47:06.980318 2026] [php:error] [pid 77598] [client 194.61.41.5:0] script '/domains/oneylaw/fox.php' not found or unable to stat
[Tue Feb 17 02:47:07.214165 2026] [php:error] [pid 77598] [client 194.61.41.5:0] script '/domains/oneylaw/google.php' not found or unable to stat
[Tue Feb 17 02:47:07.702179 2026] [php:error] [pid 77598] [client 194.61.41.5:0] script '/domains/oneylaw/ovatools.php' not found or unable to stat
[Tue Feb 17 02:47:07.940962 2026] [php:error] [pid 77598] [client 194.61.41.5:0] script '/domains/oneylaw/sidwso.php' not found or unable to stat
[Tue Feb 17 02:47:08.160867 2026] [php:error] [pid 77598] [client 194.61.41.5:0] script '/domains/oneylaw/worksec.php' not found or unable to stat
[Tue Feb 17 02:47:09.428742 2026] [php:error] [pid 77601] [client 35.247.243.255:0] script '/domains/machinadynamica/ADMINER.php' not found or unable to stat
[Tue Feb 17 02:47:09.429152 2026] [php:error] [pid 77585] [client 34.96.162.61:0] script '/domains/machinadynamica/adminer-5.4.0-en.php' not found or unable to stat
[Tue Feb 17 02:47:09.740705 2026] [php:error] [pid 77598] [client 194.61.41.5:0] script '/domains/oneylaw/Simple.php' not found or unable to stat
[Tue Feb 17 02:47:09.992057 2026] [php:error] [pid 77598] [client 194.61.41.5:0] script '/domains/oneylaw/wp-blog-header.php' not found or unable to stat
[Tue Feb 17 02:47:10.205907 2026] [php:error] [pid 77598] [client 194.61.41.5:0] script '/domains/oneylaw/style2.php' not found or unable to stat
[Tue Feb 17 02:47:10.458849 2026] [php:error] [pid 77598] [client 194.61.41.5:0] script '/domains/oneylaw/wp-scripts.php' not found or unable to stat
[Tue Feb 17 02:47:10.710017 2026] [php:error] [pid 77598] [client 194.61.41.5:0] script '/domains/oneylaw/adminfuns.php' not found or unable to stat
[Tue Feb 17 02:47:10.928209 2026] [php:error] [pid 77598] [client 194.61.41.5:0] script '/domains/oneylaw/cjfuns.php' not found or unable to stat
[Tue Feb 17 02:47:11.169946 2026] [php:error] [pid 77598] [client 194.61.41.5:0] script '/domains/oneylaw/comfunctions.php' not found or unable to stat
[Tue Feb 17 02:47:11.401050 2026] [php:error] [pid 77598] [client 194.61.41.5:0] script '/domains/oneylaw/delpaths.php' not found or unable to stat
[Tue Feb 17 02:47:11.624722 2026] [php:error] [pid 77598] [client 194.61.41.5:0] script '/domains/oneylaw/epinyins.php' not found or unable to stat
[Tue Feb 17 02:47:11.852274 2026] [php:error] [pid 77598] [client 194.61.41.5:0] script '/domains/oneylaw/filefuns.php' not found or unable to stat
[Tue Feb 17 02:47:12.070002 2026] [php:error] [pid 77598] [client 194.61.41.5:0] script '/domains/oneylaw/hinfofuns.php' not found or unable to stat
[Tue Feb 17 02:47:12.432056 2026] [php:error] [pid 77598] [client 194.61.41.5:0] script '/domains/oneylaw/qfunctions.php' not found or unable to stat
[Tue Feb 17 02:47:12.649736 2026] [php:error] [pid 77598] [client 194.61.41.5:0] script '/domains/oneylaw/qinfofuns.php' not found or unable to stat
[Tue Feb 17 02:47:12.870697 2026] [php:error] [pid 77598] [client 194.61.41.5:0] script '/domains/oneylaw/thoms.php' not found or unable to stat
[Tue Feb 17 02:47:13.125498 2026] [php:error] [pid 77598] [client 194.61.41.5:0] script '/domains/oneylaw/postnews.php' not found or unable to stat
[Tue Feb 17 02:47:13.357230 2026] [php:error] [pid 77598] [client 194.61.41.5:0] script '/domains/oneylaw/admin-ajax.php' not found or unable to stat
[Tue Feb 17 02:47:13.577715 2026] [php:error] [pid 77598] [client 194.61.41.5:0] script '/domains/oneylaw/link.php' not found or unable to stat
[Tue Feb 17 02:47:13.815205 2026] [php:error] [pid 77598] [client 194.61.41.5:0] script '/domains/oneylaw/ms-themes.php' not found or unable to stat
[Tue Feb 17 02:47:14.032739 2026] [php:error] [pid 77598] [client 194.61.41.5:0] script '/domains/oneylaw/my-sites.php' not found or unable to stat
[Tue Feb 17 02:47:14.250886 2026] [php:error] [pid 77598] [client 194.61.41.5:0] script '/domains/oneylaw/media.php' not found or unable to stat
[Tue Feb 17 02:47:14.473237 2026] [php:error] [pid 77598] [client 194.61.41.5:0] script '/domains/oneylaw/nav-menus.php' not found or unable to stat
[Tue Feb 17 02:47:14.697997 2026] [php:error] [pid 77598] [client 194.61.41.5:0] script '/domains/oneylaw/menu.php' not found or unable to stat
[Tue Feb 17 02:47:14.924586 2026] [php:error] [pid 77598] [client 194.61.41.5:0] script '/domains/oneylaw/options-head.php' not found or unable to stat
[Tue Feb 17 02:47:15.148184 2026] [php:error] [pid 77598] [client 194.61.41.5:0] script '/domains/oneylaw/revision.php' not found or unable to stat
[Tue Feb 17 02:47:15.379190 2026] [php:error] [pid 77598] [client 194.61.41.5:0] script '/domains/oneylaw/widgets.php' not found or unable to stat
[Tue Feb 17 02:47:15.614109 2026] [php:error] [pid 77598] [client 194.61.41.5:0] script '/domains/oneylaw/term.php' not found or unable to stat
[Tue Feb 17 02:47:15.833153 2026] [php:error] [pid 77598] [client 194.61.41.5:0] script '/domains/oneylaw/system_log.php' not found or unable to stat
[Tue Feb 17 02:47:16.528062 2026] [php:error] [pid 77603] [client 194.61.41.14:0] script '/domains/oneylaw/moded.php' not found or unable to stat
[Tue Feb 17 02:47:16.982271 2026] [php:error] [pid 77603] [client 194.61.41.14:0] script '/domains/oneylaw/upgrade.php' not found or unable to stat
[Tue Feb 17 02:47:17.213840 2026] [php:error] [pid 77603] [client 194.61.41.14:0] script '/domains/oneylaw/gh.php' not found or unable to stat
[Tue Feb 17 02:47:17.452564 2026] [php:error] [pid 77603] [client 194.61.41.14:0] script '/domains/oneylaw/version.php' not found or unable to stat
[Tue Feb 17 02:47:17.682052 2026] [php:error] [pid 77603] [client 194.61.41.14:0] script '/domains/oneylaw/head.php' not found or unable to stat
[Tue Feb 17 02:47:17.965732 2026] [php:error] [pid 77603] [client 194.61.41.14:0] script '/domains/oneylaw/index1.php' not found or unable to stat
[Tue Feb 17 02:47:18.221430 2026] [php:error] [pid 77603] [client 194.61.41.14:0] script '/domains/oneylaw/theme-insqbzk.php' not found or unable to stat
[Tue Feb 17 02:47:18.435867 2026] [php:error] [pid 77603] [client 194.61.41.14:0] script '/domains/oneylaw/good.php' not found or unable to stat
[Tue Feb 17 02:47:18.551801 2026] [php:error] [pid 77598] [client 34.96.162.51:0] script '/domains/machinadynamica/adminer-5.4.1-mysql-en.php' not found or unable to stat
[Tue Feb 17 02:47:18.656917 2026] [php:error] [pid 77603] [client 194.61.41.14:0] script '/domains/oneylaw/main.php' not found or unable to stat
[Tue Feb 17 02:47:19.127800 2026] [php:error] [pid 77603] [client 194.61.41.14:0] script '/domains/oneylaw/wsoyanz.php' not found or unable to stat
[Tue Feb 17 02:47:20.283864 2026] [php:error] [pid 77603] [client 194.61.41.14:0] script '/domains/oneylaw/alfa-rex.php' not found or unable to stat
[Tue Feb 17 02:47:20.507954 2026] [php:error] [pid 77598] [client 34.96.162.58:0] script '/domains/machinadynamica/adminer-5.0.5-en.php' not found or unable to stat
[Tue Feb 17 02:47:20.755306 2026] [php:error] [pid 77603] [client 194.61.41.14:0] script '/domains/oneylaw/cgi-bin/cloud.php' not found or unable to stat
[Tue Feb 17 02:47:20.976678 2026] [php:error] [pid 77603] [client 194.61.41.14:0] script '/domains/oneylaw/css/cloud.php' not found or unable to stat
[Tue Feb 17 02:47:24.911071 2026] [php:error] [pid 77603] [client 194.61.41.14:0] script '/domains/oneylaw/cache-compat.php' not found or unable to stat
[Tue Feb 17 02:47:25.149485 2026] [php:error] [pid 77603] [client 194.61.41.14:0] script '/domains/oneylaw/ajax-actions.php' not found or unable to stat
[Tue Feb 17 02:47:25.633989 2026] [php:error] [pid 77603] [client 194.61.41.14:0] script '/domains/oneylaw/wp-consar.php' not found or unable to stat
[Tue Feb 17 02:47:27.916577 2026] [php:error] [pid 77603] [client 194.61.41.14:0] script '/domains/oneylaw/cgi-bin/mariju.php' not found or unable to stat
[Tue Feb 17 02:47:28.385942 2026] [php:error] [pid 77603] [client 194.61.41.14:0] script '/domains/oneylaw/sx.php' not found or unable to stat
[Tue Feb 17 02:47:29.758593 2026] [php:error] [pid 77603] [client 194.61.41.14:0] script '/domains/oneylaw/images/wp-login.php' not found or unable to stat
[Tue Feb 17 02:47:29.997868 2026] [php:error] [pid 77603] [client 194.61.41.14:0] script '/domains/oneylaw/web.php' not found or unable to stat
[Tue Feb 17 02:47:30.914580 2026] [php:error] [pid 77603] [client 194.61.41.14:0] script '/domains/oneylaw/wp-uploads-config.php' not found or unable to stat
[Tue Feb 17 02:47:32.931791 2026] [php:error] [pid 77598] [client 194.61.41.23:0] script '/domains/oneylaw/upload.php' not found or unable to stat
[Tue Feb 17 02:47:33.406663 2026] [php:error] [pid 77598] [client 194.61.41.23:0] script '/domains/oneylaw/indeex.php' not found or unable to stat
[Tue Feb 17 02:47:33.648974 2026] [php:error] [pid 77598] [client 194.61.41.23:0] script '/domains/oneylaw/dropdown.php' not found or unable to stat
[Tue Feb 17 02:47:34.571526 2026] [php:error] [pid 77598] [client 194.61.41.23:0] script '/domains/oneylaw/bs.php' not found or unable to stat
[Tue Feb 17 02:47:35.019381 2026] [php:error] [pid 77598] [client 194.61.41.23:0] script '/domains/oneylaw/credits.php' not found or unable to stat
[Tue Feb 17 02:47:35.239790 2026] [php:error] [pid 77598] [client 194.61.41.23:0] script '/domains/oneylaw/edit-comments.php' not found or unable to stat
[Tue Feb 17 02:47:35.456005 2026] [php:error] [pid 77598] [client 194.61.41.23:0] script '/domains/oneylaw/checkbox.php' not found or unable to stat
[Tue Feb 17 02:47:35.701930 2026] [php:error] [pid 77598] [client 194.61.41.23:0] script '/domains/oneylaw/export.php' not found or unable to stat
[Tue Feb 17 02:47:35.937221 2026] [php:error] [pid 77598] [client 194.61.41.23:0] script '/domains/oneylaw/input.php' not found or unable to stat
[Tue Feb 17 02:47:36.187651 2026] [php:error] [pid 77598] [client 194.61.41.23:0] script '/domains/oneylaw/load-scripts.php' not found or unable to stat
[Tue Feb 17 02:47:36.407611 2026] [php:error] [pid 77598] [client 194.61.41.23:0] script '/domains/oneylaw/load-styles.php' not found or unable to stat
[Tue Feb 17 02:47:36.642813 2026] [php:error] [pid 77598] [client 194.61.41.23:0] script '/domains/oneylaw/options-discussion.php' not found or unable to stat
[Tue Feb 17 02:47:36.874248 2026] [php:error] [pid 77598] [client 194.61.41.23:0] script '/domains/oneylaw/options-general.php' not found or unable to stat
[Tue Feb 17 02:47:37.139063 2026] [php:error] [pid 77598] [client 194.61.41.23:0] script '/domains/oneylaw/options-permalink.php' not found or unable to stat
[Tue Feb 17 02:47:37.379738 2026] [php:error] [pid 77598] [client 194.61.41.23:0] script '/domains/oneylaw/options-privacy.php' not found or unable to stat
[Tue Feb 17 02:47:37.605830 2026] [php:error] [pid 77598] [client 194.61.41.23:0] script '/domains/oneylaw/options-reading.php' not found or unable to stat
[Tue Feb 17 02:47:37.897781 2026] [php:error] [pid 77598] [client 194.61.41.23:0] script '/domains/oneylaw/options-writing.php' not found or unable to stat
[Tue Feb 17 02:47:38.122130 2026] [php:error] [pid 77598] [client 194.61.41.23:0] script '/domains/oneylaw/post-new.php' not found or unable to stat
[Tue Feb 17 02:47:38.372960 2026] [php:error] [pid 77598] [client 194.61.41.23:0] script '/domains/oneylaw/privacy.php' not found or unable to stat
[Tue Feb 17 02:47:38.622484 2026] [php:error] [pid 77598] [client 194.61.41.23:0] script '/domains/oneylaw/profile.php' not found or unable to stat
[Tue Feb 17 02:47:38.835560 2026] [php:error] [pid 77598] [client 194.61.41.23:0] script '/domains/oneylaw/site-health.php' not found or unable to stat
[Tue Feb 17 02:47:39.065949 2026] [php:error] [pid 77598] [client 194.61.41.23:0] script '/domains/oneylaw/tools.php' not found or unable to stat
[Tue Feb 17 02:47:39.268899 2026] [php:error] [pid 77581] [client 35.247.243.241:0] script '/domains/machinadynamica/adminer-5.2.1.php' not found or unable to stat
[Tue Feb 17 02:47:39.318516 2026] [php:error] [pid 77598] [client 194.61.41.23:0] script '/domains/oneylaw/update-core.php' not found or unable to stat
[Tue Feb 17 02:47:39.604409 2026] [php:error] [pid 77598] [client 194.61.41.23:0] script '/domains/oneylaw/user-edit.php' not found or unable to stat
[Tue Feb 17 02:47:39.820595 2026] [php:error] [pid 77598] [client 194.61.41.23:0] script '/domains/oneylaw/user-new.php' not found or unable to stat
[Tue Feb 17 02:47:40.054218 2026] [php:error] [pid 77598] [client 194.61.41.23:0] script '/domains/oneylaw/wp-cron.php' not found or unable to stat
[Tue Feb 17 02:47:40.294243 2026] [php:error] [pid 77598] [client 194.61.41.23:0] script '/domains/oneylaw/bar.php' not found or unable to stat
[Tue Feb 17 02:47:40.547451 2026] [php:error] [pid 77598] [client 194.61.41.23:0] script '/domains/oneylaw/samll.php' not found or unable to stat
[Tue Feb 17 02:47:40.791900 2026] [php:error] [pid 77598] [client 194.61.41.23:0] script '/domains/oneylaw/webdb.php' not found or unable to stat
[Tue Feb 17 02:47:40.882648 2026] [php:error] [pid 77603] [client 35.247.243.252:0] script '/domains/machinadynamica/adminer-4.6.0.php' not found or unable to stat
[Tue Feb 17 02:47:41.012331 2026] [php:error] [pid 77598] [client 194.61.41.23:0] script '/domains/oneylaw/100.php' not found or unable to stat
[Tue Feb 17 02:47:41.264073 2026] [php:error] [pid 77598] [client 194.61.41.23:0] script '/domains/oneylaw/plugin-install.php' not found or unable to stat
[Tue Feb 17 02:47:41.372024 2026] [php:error] [pid 77581] [client 35.247.243.241:0] script '/domains/machinadynamica/adminer-5.3.0.php' not found or unable to stat
[Tue Feb 17 02:47:41.492161 2026] [php:error] [pid 77598] [client 194.61.41.23:0] script '/domains/oneylaw/km.php' not found or unable to stat
[Tue Feb 17 02:47:41.656251 2026] [php:error] [pid 77585] [client 34.96.162.51:0] script '/domains/machinadynamica/adminer-4.8.1.php' not found or unable to stat
[Tue Feb 17 02:47:41.750446 2026] [php:error] [pid 77598] [client 194.61.41.23:0] script '/domains/oneylaw/LA.php' not found or unable to stat
[Tue Feb 17 02:47:41.961665 2026] [php:error] [pid 77598] [client 194.61.41.23:0] script '/domains/oneylaw/wp-good.php' not found or unable to stat
[Tue Feb 17 02:47:42.185216 2026] [php:error] [pid 77598] [client 194.61.41.23:0] script '/domains/oneylaw/wp-ldd.php' not found or unable to stat
[Tue Feb 17 02:47:42.408980 2026] [php:error] [pid 77598] [client 194.61.41.23:0] script '/domains/oneylaw/sgd.php' not found or unable to stat
[Tue Feb 17 02:47:42.639861 2026] [php:error] [pid 77598] [client 194.61.41.23:0] script '/domains/oneylaw/wzy.php' not found or unable to stat
[Tue Feb 17 02:47:43.316758 2026] [php:error] [pid 77598] [client 194.61.41.23:0] script '/domains/oneylaw/chosen.php' not found or unable to stat
[Tue Feb 17 02:47:43.770444 2026] [php:error] [pid 77598] [client 194.61.41.23:0] script '/domains/oneylaw/wp-signup.php' not found or unable to stat
[Tue Feb 17 02:47:44.690237 2026] [php:error] [pid 77598] [client 194.61.41.23:0] script '/domains/oneylaw/class.php' not found or unable to stat
[Tue Feb 17 02:47:44.980905 2026] [php:error] [pid 77600] [client 35.247.243.245:0] script '/domains/machinadynamica/adminer-5.0.1-mysql.php' not found or unable to stat
[Tue Feb 17 02:47:45.150521 2026] [php:error] [pid 77598] [client 194.61.41.23:0] script '/domains/oneylaw/Njima.php' not found or unable to stat
[Tue Feb 17 02:47:45.725685 2026] [php:error] [pid 77585] [client 35.247.243.251:0] script '/domains/machinadynamica/adminer-5.2.0-en.php' not found or unable to stat
[Tue Feb 17 02:47:46.290369 2026] [php:error] [pid 77598] [client 194.61.41.23:0] script '/domains/oneylaw/FroggBaba.php' not found or unable to stat
[Tue Feb 17 02:47:47.202456 2026] [php:error] [pid 77598] [client 194.61.41.23:0] script '/domains/oneylaw/sts.php' not found or unable to stat
[Tue Feb 17 02:47:47.896898 2026] [core:crit] [pid 77604] (13)Permission denied: [client 114.119.128.237:0] AH00529: /domains/performancepartsinc/graphics/psd/.htaccess pcfg_openfile: unable to check htaccess file, ensure it is readable and that '/domains/performancepartsinc/graphics/psd/' is executable, referer: http://www.performancepartsinc.com/graphics/psd/q.php?%2Ffree-personals-colorines%2F
[Tue Feb 17 02:47:48.542489 2026] [php:error] [pid 77598] [client 194.61.41.23:0] script '/domains/oneylaw/st.php' not found or unable to stat
[Tue Feb 17 02:47:48.780094 2026] [php:error] [pid 77598] [client 194.61.41.23:0] script '/domains/oneylaw/GA13.php' not found or unable to stat
[Tue Feb 17 02:47:50.370355 2026] [php:error] [pid 77601] [client 34.96.162.56:0] script '/domains/machinadynamica/adminer-4.8.1-mysql-en.php' not found or unable to stat
[Tue Feb 17 02:47:50.400705 2026] [php:error] [pid 77598] [client 194.61.41.23:0] script '/domains/oneylaw/crop.php' not found or unable to stat
[Tue Feb 17 02:47:50.567703 2026] [php:error] [pid 77603] [client 34.96.162.56:0] script '/domains/machinadynamica/adminer-5.4.1-mysql-en.php' not found or unable to stat
[Tue Feb 17 02:47:51.062573 2026] [php:error] [pid 77598] [client 194.61.41.23:0] script '/domains/oneylaw/gali.php' not found or unable to stat
[Tue Feb 17 02:47:51.783730 2026] [php:error] [pid 77598] [client 194.61.41.23:0] script '/domains/oneylaw/dir.php' not found or unable to stat
[Tue Feb 17 02:47:52.038794 2026] [php:error] [pid 77598] [client 194.61.41.23:0] script '/domains/oneylaw/dirs.php' not found or unable to stat
[Tue Feb 17 02:47:52.332396 2026] [php:error] [pid 77598] [client 194.61.41.23:0] script '/domains/oneylaw/abouts.php' not found or unable to stat
[Tue Feb 17 02:47:52.569883 2026] [php:error] [pid 77598] [client 194.61.41.23:0] script '/domains/oneylaw/malls.php' not found or unable to stat
[Tue Feb 17 02:47:52.693435 2026] [php:error] [pid 77604] [client 35.247.243.254:0] script '/domains/machinadynamica/adminer-4.6.1.php' not found or unable to stat
[Tue Feb 17 02:47:52.803629 2026] [php:error] [pid 77598] [client 194.61.41.23:0] script '/domains/oneylaw/liefs.php' not found or unable to stat
[Tue Feb 17 02:47:53.023237 2026] [php:error] [pid 77598] [client 194.61.41.23:0] script '/domains/oneylaw/uc.php' not found or unable to stat
[Tue Feb 17 02:47:53.257563 2026] [php:error] [pid 77598] [client 194.61.41.23:0] script '/domains/oneylaw/locks.php' not found or unable to stat
[Tue Feb 17 02:47:53.501887 2026] [php:error] [pid 77598] [client 194.61.41.23:0] script '/domains/oneylaw/wp-dsdd.php' not found or unable to stat
[Tue Feb 17 02:47:53.986007 2026] [php:error] [pid 77598] [client 194.61.41.23:0] script '/domains/oneylaw/css/bun.php' not found or unable to stat
[Tue Feb 17 02:47:54.730265 2026] [php:error] [pid 77598] [client 194.61.41.23:0] script '/domains/oneylaw/wp-themes.php' not found or unable to stat
[Tue Feb 17 02:47:54.950943 2026] [php:error] [pid 77598] [client 194.61.41.23:0] script '/domains/oneylaw/wp-uploads.php' not found or unable to stat
[Tue Feb 17 02:47:55.197058 2026] [php:error] [pid 77598] [client 194.61.41.23:0] script '/domains/oneylaw/wp-files.php' not found or unable to stat
[Tue Feb 17 02:47:55.423324 2026] [php:error] [pid 77598] [client 194.61.41.23:0] script '/domains/oneylaw/t.php' not found or unable to stat
[Tue Feb 17 02:47:55.679686 2026] [php:error] [pid 77598] [client 194.61.41.23:0] script '/domains/oneylaw/stindex.php' not found or unable to stat
[Tue Feb 17 02:47:55.902685 2026] [php:error] [pid 77598] [client 194.61.41.23:0] script '/domains/oneylaw/shop.php' not found or unable to stat
[Tue Feb 17 02:47:56.600624 2026] [php:error] [pid 77581] [client 194.61.41.42:0] script '/domains/oneylaw/exit.php' not found or unable to stat
[Tue Feb 17 02:47:56.839295 2026] [php:error] [pid 77581] [client 194.61.41.42:0] script '/domains/oneylaw/install.php' not found or unable to stat
[Tue Feb 17 02:47:57.052417 2026] [php:error] [pid 77581] [client 194.61.41.42:0] script '/domains/oneylaw/max.php' not found or unable to stat
[Tue Feb 17 02:47:57.274547 2026] [php:error] [pid 77581] [client 194.61.41.42:0] script '/domains/oneylaw/wp-load.php' not found or unable to stat
[Tue Feb 17 02:47:57.715782 2026] [php:error] [pid 77581] [client 194.61.41.42:0] script '/domains/oneylaw/aa.php' not found or unable to stat
[Tue Feb 17 02:47:58.415817 2026] [php:error] [pid 77581] [client 194.61.41.42:0] script '/domains/oneylaw/shellv3.php' not found or unable to stat
[Tue Feb 17 02:47:58.674055 2026] [php:error] [pid 77581] [client 194.61.41.42:0] script '/domains/oneylaw/sh.php' not found or unable to stat
[Tue Feb 17 02:47:58.890102 2026] [php:error] [pid 77581] [client 194.61.41.42:0] script '/domains/oneylaw/cgi-bin/moon.php' not found or unable to stat
[Tue Feb 17 02:47:59.120994 2026] [php:error] [pid 77581] [client 194.61.41.42:0] script '/domains/oneylaw/cgi-bin/users.php' not found or unable to stat
[Tue Feb 17 02:47:59.353458 2026] [php:error] [pid 77581] [client 194.61.41.42:0] script '/domains/oneylaw/function.php' not found or unable to stat
[Tue Feb 17 02:47:59.597216 2026] [php:error] [pid 77581] [client 194.61.41.42:0] script '/domains/oneylaw/m.php' not found or unable to stat
[Tue Feb 17 02:47:59.809146 2026] [php:error] [pid 77581] [client 194.61.41.42:0] script '/domains/oneylaw/delete3.php' not found or unable to stat
[Tue Feb 17 02:48:00.246959 2026] [php:error] [pid 77581] [client 194.61.41.42:0] script '/domains/oneylaw/mm.php' not found or unable to stat
[Tue Feb 17 02:48:00.540536 2026] [php:error] [pid 77581] [client 194.61.41.42:0] script '/domains/oneylaw/cgi-bin/plugins.php' not found or unable to stat
[Tue Feb 17 02:48:00.985390 2026] [php:error] [pid 77581] [client 194.61.41.42:0] script '/domains/oneylaw/server.php' not found or unable to stat
[Tue Feb 17 02:48:01.434547 2026] [php:error] [pid 77581] [client 194.61.41.42:0] script '/domains/oneylaw/mailer.php' not found or unable to stat
[Tue Feb 17 02:48:01.696531 2026] [php:error] [pid 77581] [client 194.61.41.42:0] script '/domains/oneylaw/www.php' not found or unable to stat
[Tue Feb 17 02:48:01.911260 2026] [php:error] [pid 77581] [client 194.61.41.42:0] script '/domains/oneylaw/css/wp-casper.php' not found or unable to stat
[Tue Feb 17 02:48:02.129705 2026] [php:error] [pid 77581] [client 194.61.41.42:0] script '/domains/oneylaw/cache.php' not found or unable to stat
[Tue Feb 17 02:48:02.786330 2026] [php:error] [pid 77581] [client 194.61.41.42:0] script '/domains/oneylaw/wp-header.php' not found or unable to stat
[Tue Feb 17 02:48:03.013199 2026] [php:error] [pid 77581] [client 194.61.41.42:0] script '/domains/oneylaw/shop.php' not found or unable to stat
[Tue Feb 17 02:48:09.811923 2026] [php:error] [pid 77598] [client 34.96.162.51:0] script '/domains/machinadynamica/SQL.php' not found or unable to stat
[Tue Feb 17 02:48:13.904140 2026] [php:error] [pid 77607] [client 103.42.158.71:0] script '/domains/highlandlabs/xmlrpc.php' not found or unable to stat
[Tue Feb 17 02:48:15.388633 2026] [php:error] [pid 77585] [client 34.96.162.52:0] script '/domains/machinadynamica/adminer-4.6.2.php' not found or unable to stat
[Tue Feb 17 02:48:18.706983 2026] [php:error] [pid 77610] [client 35.247.243.255:0] script '/domains/machinadynamica/adminer-5.3.0-en.php' not found or unable to stat
[Tue Feb 17 02:48:19.109534 2026] [php:error] [pid 77585] [client 34.96.162.59:0] script '/domains/machinadynamica/adminer-4.6.2.php' not found or unable to stat
[Tue Feb 17 02:48:24.159057 2026] [php:error] [pid 77581] [client 34.96.162.57:0] script '/domains/machinadynamica/sql.php' not found or unable to stat
[Tue Feb 17 02:48:24.163126 2026] [php:error] [pid 77598] [client 34.96.162.55:0] script '/domains/machinadynamica/adminer-5.4.1.php' not found or unable to stat
[Tue Feb 17 02:48:31.298860 2026] [php:error] [pid 77581] [client 35.247.243.247:0] script '/domains/machinadynamica/adminer-5.0.6-en.php' not found or unable to stat
[Tue Feb 17 02:48:31.300166 2026] [php:error] [pid 77607] [client 34.96.162.63:0] script '/domains/machinadynamica/adminer-5.3.0-mysql-en.php' not found or unable to stat
[Tue Feb 17 02:48:34.963892 2026] [php:error] [pid 77607] [client 51.107.69.151:0] script '/domains/emsco1/pass4.php' not found or unable to stat
[Tue Feb 17 02:48:35.059129 2026] [php:error] [pid 77607] [client 51.107.69.151:0] script '/domains/emsco1/term.php' not found or unable to stat
[Tue Feb 17 02:48:35.156673 2026] [php:error] [pid 77607] [client 51.107.69.151:0] script '/domains/emsco1/lp6.php' not found or unable to stat
[Tue Feb 17 02:48:35.252019 2026] [php:error] [pid 77607] [client 51.107.69.151:0] script '/domains/emsco1/we.php' not found or unable to stat
[Tue Feb 17 02:48:35.363166 2026] [php:error] [pid 77607] [client 51.107.69.151:0] script '/domains/emsco1/asax.php' not found or unable to stat
[Tue Feb 17 02:48:35.458361 2026] [php:error] [pid 77607] [client 51.107.69.151:0] script '/domains/emsco1/co.php' not found or unable to stat
[Tue Feb 17 02:48:35.571094 2026] [php:error] [pid 77607] [client 51.107.69.151:0] script '/domains/emsco1/wp-k3w6g9s4h2.php' not found or unable to stat
[Tue Feb 17 02:48:35.666678 2026] [php:error] [pid 77607] [client 51.107.69.151:0] script '/domains/emsco1/ahax.php' not found or unable to stat
[Tue Feb 17 02:48:35.762071 2026] [php:error] [pid 77607] [client 51.107.69.151:0] script '/domains/emsco1/Okxob.php' not found or unable to stat
[Tue Feb 17 02:48:35.866676 2026] [php:error] [pid 77607] [client 51.107.69.151:0] script '/domains/emsco1/acfdr.php' not found or unable to stat
[Tue Feb 17 02:48:35.977122 2026] [php:error] [pid 77607] [client 51.107.69.151:0] script '/domains/emsco1/init.php' not found or unable to stat
[Tue Feb 17 02:48:36.077574 2026] [php:error] [pid 77607] [client 51.107.69.151:0] script '/domains/emsco1/themes.php' not found or unable to stat
[Tue Feb 17 02:48:36.175068 2026] [php:error] [pid 77607] [client 51.107.69.151:0] script '/domains/emsco1/ff.php' not found or unable to stat
[Tue Feb 17 02:48:36.270532 2026] [php:error] [pid 77607] [client 51.107.69.151:0] script '/domains/emsco1/ak.php' not found or unable to stat
[Tue Feb 17 02:48:36.384361 2026] [php:error] [pid 77607] [client 51.107.69.151:0] script '/domains/emsco1/bjfl.php' not found or unable to stat
[Tue Feb 17 02:48:36.757142 2026] [php:error] [pid 77607] [client 51.107.69.151:0] script '/domains/emsco1/vx.php' not found or unable to stat
[Tue Feb 17 02:48:36.938117 2026] [php:error] [pid 77607] [client 51.107.69.151:0] script '/domains/emsco1/jga.php' not found or unable to stat
[Tue Feb 17 02:48:37.051184 2026] [php:error] [pid 77607] [client 51.107.69.151:0] script '/domains/emsco1/a4.php' not found or unable to stat
[Tue Feb 17 02:48:37.439220 2026] [php:error] [pid 77607] [client 51.107.69.151:0] script '/domains/emsco1/inege.php' not found or unable to stat
[Tue Feb 17 02:48:40.605794 2026] [php:error] [pid 77581] [client 35.247.243.245:0] script '/domains/machinadynamica/adminer-4.8.1.php' not found or unable to stat
[Tue Feb 17 02:48:42.396094 2026] [php:error] [pid 77581] [client 34.96.162.63:0] script '/domains/machinadynamica/adminer-5.0.6.php' not found or unable to stat
[Tue Feb 17 02:48:52.797674 2026] [php:error] [pid 77612] [client 35.247.243.251:0] script '/domains/machinadynamica/adminer-5.0.5.php' not found or unable to stat
[Tue Feb 17 02:48:53.001414 2026] [php:error] [pid 77612] [client 35.247.243.248:0] script '/domains/machinadynamica/Adminer.php' not found or unable to stat
[Tue Feb 17 02:48:53.251907 2026] [php:error] [pid 77607] [client 35.247.243.255:0] script '/domains/machinadynamica/adminer-5.4.1.php' not found or unable to stat
[Tue Feb 17 02:48:55.175629 2026] [php:error] [pid 77612] [client 34.96.162.57:0] script '/domains/machinadynamica/adminer-5.4.1-en.php' not found or unable to stat
[Tue Feb 17 02:48:58.846388 2026] [php:error] [pid 77623] [client 4.232.88.90:0] script '/domains/nlyfoods/pass4.php' not found or unable to stat
[Tue Feb 17 02:48:58.938775 2026] [php:error] [pid 77623] [client 4.232.88.90:0] script '/domains/nlyfoods/term.php' not found or unable to stat
[Tue Feb 17 02:48:59.031066 2026] [php:error] [pid 77623] [client 4.232.88.90:0] script '/domains/nlyfoods/lp6.php' not found or unable to stat
[Tue Feb 17 02:48:59.057262 2026] [php:error] [pid 77625] [client 35.247.243.248:0] script '/domains/machinadynamica/adminer-5.1.1.php' not found or unable to stat
[Tue Feb 17 02:48:59.123540 2026] [php:error] [pid 77623] [client 4.232.88.90:0] script '/domains/nlyfoods/we.php' not found or unable to stat
[Tue Feb 17 02:48:59.256060 2026] [php:error] [pid 77623] [client 4.232.88.90:0] script '/domains/nlyfoods/asax.php' not found or unable to stat
[Tue Feb 17 02:48:59.349000 2026] [php:error] [pid 77623] [client 4.232.88.90:0] script '/domains/nlyfoods/co.php' not found or unable to stat
[Tue Feb 17 02:48:59.445205 2026] [php:error] [pid 77623] [client 4.232.88.90:0] script '/domains/nlyfoods/wp-k3w6g9s4h2.php' not found or unable to stat
[Tue Feb 17 02:48:59.539317 2026] [php:error] [pid 77623] [client 4.232.88.90:0] script '/domains/nlyfoods/ahax.php' not found or unable to stat
[Tue Feb 17 02:48:59.631613 2026] [php:error] [pid 77623] [client 4.232.88.90:0] script '/domains/nlyfoods/Okxob.php' not found or unable to stat
[Tue Feb 17 02:48:59.723744 2026] [php:error] [pid 77623] [client 4.232.88.90:0] script '/domains/nlyfoods/acfdr.php' not found or unable to stat
[Tue Feb 17 02:48:59.836398 2026] [php:error] [pid 77623] [client 4.232.88.90:0] script '/domains/nlyfoods/init.php' not found or unable to stat
[Tue Feb 17 02:48:59.936231 2026] [php:error] [pid 77623] [client 4.232.88.90:0] script '/domains/nlyfoods/themes.php' not found or unable to stat
[Tue Feb 17 02:49:00.028671 2026] [php:error] [pid 77623] [client 4.232.88.90:0] script '/domains/nlyfoods/ff.php' not found or unable to stat
[Tue Feb 17 02:49:00.127645 2026] [php:error] [pid 77623] [client 4.232.88.90:0] script '/domains/nlyfoods/ak.php' not found or unable to stat
[Tue Feb 17 02:49:00.230282 2026] [php:error] [pid 77623] [client 4.232.88.90:0] script '/domains/nlyfoods/bjfl.php' not found or unable to stat
[Tue Feb 17 02:49:00.331088 2026] [php:error] [pid 77623] [client 4.232.88.90:0] script '/domains/nlyfoods/vx.php' not found or unable to stat
[Tue Feb 17 02:49:00.437407 2026] [php:error] [pid 77623] [client 4.232.88.90:0] script '/domains/nlyfoods/jga.php' not found or unable to stat
[Tue Feb 17 02:49:00.538619 2026] [php:error] [pid 77623] [client 4.232.88.90:0] script '/domains/nlyfoods/a4.php' not found or unable to stat
[Tue Feb 17 02:49:00.902479 2026] [php:error] [pid 77623] [client 4.232.88.90:0] script '/domains/nlyfoods/inege.php' not found or unable to stat
[Tue Feb 17 02:49:04.242866 2026] [php:error] [pid 77607] [client 35.247.243.251:0] script '/domains/machinadynamica/adminer-4.8.1-mysql.php' not found or unable to stat
[Tue Feb 17 02:49:04.323766 2026] [php:error] [pid 77610] [client 145.239.10.137:0] script '/domains/fayemoran/o.php' not found or unable to stat, referer: http://fmoran.com/o.php
[Tue Feb 17 02:49:04.353651 2026] [php:error] [pid 77615] [client 145.239.10.137:0] script '/domains/fayemoran/op.php' not found or unable to stat, referer: http://fmoran.com/op.php
[Tue Feb 17 02:49:05.742864 2026] [php:error] [pid 77612] [client 34.96.162.58:0] script '/domains/machinadynamica/adminer-4.7.5.php' not found or unable to stat
[Tue Feb 17 02:49:09.162206 2026] [php:error] [pid 77607] [client 35.247.243.249:0] script '/domains/machinadynamica/adminer-5.2.1.php' not found or unable to stat
[Tue Feb 17 02:49:11.325502 2026] [php:error] [pid 77612] [client 34.96.162.57:0] script '/domains/machinadynamica/adminer-5.2.1-en.php' not found or unable to stat
[Tue Feb 17 02:49:14.491324 2026] [php:error] [pid 77612] [client 34.96.162.49:0] script '/domains/machinadynamica/adminer-4.8.1-en.php' not found or unable to stat
[Tue Feb 17 02:49:18.420929 2026] [php:error] [pid 77607] [client 35.247.243.252:0] script '/domains/machinadynamica/adminer-5.0.0-mysql.php' not found or unable to stat
[Tue Feb 17 02:49:21.612127 2026] [php:error] [pid 77607] [client 35.247.243.252:0] script '/domains/machinadynamica/unzipper.php' not found or unable to stat
[Tue Feb 17 02:49:27.559841 2026] [php:error] [pid 77618] [client 34.96.162.54:0] script '/domains/machinadynamica/adminer-5.1.1-en.php' not found or unable to stat
[Tue Feb 17 02:49:27.852262 2026] [php:error] [pid 77623] [client 35.247.243.247:0] script '/domains/machinadynamica/adminer-5.2.1-mysql-en.php' not found or unable to stat
[Tue Feb 17 02:49:29.106824 2026] [php:error] [pid 77607] [client 34.96.162.51:0] script '/domains/machinadynamica/adminer-5.1.0-en.php' not found or unable to stat
[Tue Feb 17 02:49:30.911394 2026] [php:error] [pid 77618] [client 35.247.243.245:0] script '/domains/machinadynamica/adminer-5.4.0.php' not found or unable to stat
[Tue Feb 17 02:49:32.189898 2026] [php:error] [pid 77598] [client 34.96.162.51:0] script '/domains/machinadynamica/adminer.php' not found or unable to stat
[Tue Feb 17 02:49:33.045776 2026] [php:error] [pid 77612] [client 35.247.243.249:0] script '/domains/machinadynamica/adminer-4.6.3.php' not found or unable to stat
[Tue Feb 17 02:49:33.410390 2026] [php:error] [pid 77598] [client 34.96.162.55:0] script '/domains/machinadynamica/sql.php' not found or unable to stat
[Tue Feb 17 02:49:33.657858 2026] [php:error] [pid 77612] [client 35.247.243.246:0] script '/domains/machinadynamica/adminer-5.1.1.php' not found or unable to stat
[Tue Feb 17 02:49:39.301602 2026] [php:error] [pid 77598] [client 35.247.243.250:0] script '/domains/machinadynamica/adminer-5.0.5-mysql.php' not found or unable to stat
[Tue Feb 17 02:49:40.050758 2026] [php:error] [pid 77612] [client 34.96.162.56:0] script '/domains/machinadynamica/adminer-5.4.0-en.php' not found or unable to stat
[Tue Feb 17 02:49:44.946137 2026] [php:error] [pid 77628] [client 34.96.162.49:0] script '/domains/machinadynamica/mydb.php' not found or unable to stat
[Tue Feb 17 02:49:46.471693 2026] [php:error] [pid 77618] [client 35.247.243.254:0] script '/domains/machinadynamica/adminer.php' not found or unable to stat
[Tue Feb 17 02:49:53.386157 2026] [php:error] [pid 77612] [client 34.96.162.52:0] script '/domains/machinadynamica/adminer-5.0.3-mysql-en.php' not found or unable to stat
[Tue Feb 17 02:49:53.394586 2026] [php:error] [pid 77623] [client 35.247.243.252:0] script '/domains/machinadynamica/adminer-5.0.1.php' not found or unable to stat
[Tue Feb 17 02:49:57.977176 2026] [php:error] [pid 77629] [client 34.96.162.55:0] script '/domains/machinadynamica/adminer-5.4.0.php' not found or unable to stat
[Tue Feb 17 02:49:58.627303 2026] [php:error] [pid 77615] [client 34.96.162.62:0] script '/domains/machinadynamica/adminer-5.0.0-en.php' not found or unable to stat
[Tue Feb 17 02:50:13.224856 2026] [php:error] [pid 77598] [client 35.247.243.241:0] script '/domains/machinadynamica/adminer-4.8.1.php' not found or unable to stat
[Tue Feb 17 02:50:13.376274 2026] [php:error] [pid 77629] [client 35.247.243.243:0] script '/domains/machinadynamica/adminer-5.2.0.php' not found or unable to stat
[Tue Feb 17 02:50:16.165589 2026] [php:error] [pid 77598] [client 34.96.162.54:0] script '/domains/machinadynamica/Adminer.php' not found or unable to stat
[Tue Feb 17 02:50:22.219177 2026] [php:error] [pid 77636] [client 35.247.243.248:0] script '/domains/machinadynamica/adminer-4.3.1.php' not found or unable to stat
[Tue Feb 17 02:50:24.112667 2026] [php:error] [pid 77635] [client 20.100.195.34:0] script '/domains/hdickens.enteract/pass4.php' not found or unable to stat
[Tue Feb 17 02:50:24.222216 2026] [php:error] [pid 77635] [client 20.100.195.34:0] script '/domains/hdickens.enteract/term.php' not found or unable to stat
[Tue Feb 17 02:50:24.333411 2026] [php:error] [pid 77635] [client 20.100.195.34:0] script '/domains/hdickens.enteract/lp6.php' not found or unable to stat
[Tue Feb 17 02:50:24.437735 2026] [php:error] [pid 77635] [client 20.100.195.34:0] script '/domains/hdickens.enteract/we.php' not found or unable to stat
[Tue Feb 17 02:50:24.532339 2026] [php:error] [pid 77635] [client 20.100.195.34:0] script '/domains/hdickens.enteract/asax.php' not found or unable to stat
[Tue Feb 17 02:50:24.699750 2026] [php:error] [pid 77635] [client 20.100.195.34:0] script '/domains/hdickens.enteract/co.php' not found or unable to stat
[Tue Feb 17 02:50:24.795214 2026] [php:error] [pid 77635] [client 20.100.195.34:0] script '/domains/hdickens.enteract/wp-k3w6g9s4h2.php' not found or unable to stat
[Tue Feb 17 02:50:24.904742 2026] [php:error] [pid 77635] [client 20.100.195.34:0] script '/domains/hdickens.enteract/ahax.php' not found or unable to stat
[Tue Feb 17 02:50:25.000937 2026] [php:error] [pid 77635] [client 20.100.195.34:0] script '/domains/hdickens.enteract/Okxob.php' not found or unable to stat
[Tue Feb 17 02:50:25.116400 2026] [php:error] [pid 77635] [client 20.100.195.34:0] script '/domains/hdickens.enteract/acfdr.php' not found or unable to stat
[Tue Feb 17 02:50:25.228973 2026] [php:error] [pid 77635] [client 20.100.195.34:0] script '/domains/hdickens.enteract/init.php' not found or unable to stat
[Tue Feb 17 02:50:25.338934 2026] [php:error] [pid 77635] [client 20.100.195.34:0] script '/domains/hdickens.enteract/themes.php' not found or unable to stat
[Tue Feb 17 02:50:25.443909 2026] [php:error] [pid 77635] [client 20.100.195.34:0] script '/domains/hdickens.enteract/ff.php' not found or unable to stat
[Tue Feb 17 02:50:25.547836 2026] [php:error] [pid 77635] [client 20.100.195.34:0] script '/domains/hdickens.enteract/ak.php' not found or unable to stat
[Tue Feb 17 02:50:25.642375 2026] [php:error] [pid 77635] [client 20.100.195.34:0] script '/domains/hdickens.enteract/bjfl.php' not found or unable to stat
[Tue Feb 17 02:50:25.742259 2026] [php:error] [pid 77635] [client 20.100.195.34:0] script '/domains/hdickens.enteract/vx.php' not found or unable to stat
[Tue Feb 17 02:50:25.837777 2026] [php:error] [pid 77635] [client 20.100.195.34:0] script '/domains/hdickens.enteract/jga.php' not found or unable to stat
[Tue Feb 17 02:50:25.932658 2026] [php:error] [pid 77635] [client 20.100.195.34:0] script '/domains/hdickens.enteract/a4.php' not found or unable to stat
[Tue Feb 17 02:50:26.154872 2026] [php:error] [pid 77635] [client 20.100.195.34:0] script '/domains/hdickens.enteract/inege.php' not found or unable to stat
[Tue Feb 17 02:50:27.839298 2026] [php:error] [pid 77607] [client 34.96.162.51:0] script '/domains/machinadynamica/mydb.php' not found or unable to stat
[Tue Feb 17 02:50:28.714807 2026] [php:error] [pid 77637] [client 35.247.243.251:0] script '/domains/machinadynamica/__adm.php' not found or unable to stat
[Tue Feb 17 02:50:34.150747 2026] [php:error] [pid 77612] [client 35.247.243.244:0] script '/domains/machinadynamica/adminer-4.8.1-en.php' not found or unable to stat
[Tue Feb 17 02:50:37.401828 2026] [php:error] [pid 77635] [client 35.247.243.255:0] script '/domains/machinadynamica/adminer.php' not found or unable to stat
[Tue Feb 17 02:50:51.580349 2026] [php:error] [pid 77634] [client 35.247.243.253:0] script '/domains/machinadynamica/adminer-4.7.7.php' not found or unable to stat
[Tue Feb 17 02:50:55.832849 2026] [php:error] [pid 77635] [client 34.96.162.62:0] script '/domains/machinadynamica/ADMINER.php' not found or unable to stat
[Tue Feb 17 02:51:01.167742 2026] [php:error] [pid 77637] [client 34.96.162.59:0] script '/domains/machinadynamica/adminer-5.0.1-en.php' not found or unable to stat
[Tue Feb 17 02:51:01.357985 2026] [php:error] [pid 77635] [client 34.96.162.57:0] script '/domains/machinadynamica/adminer-4.7.2.php' not found or unable to stat
[Tue Feb 17 02:51:07.683190 2026] [php:error] [pid 77637] [client 34.96.162.62:0] script '/domains/machinadynamica/adminer-5.0.4.php' not found or unable to stat
[Tue Feb 17 02:51:07.685835 2026] [php:error] [pid 77637] [client 35.247.243.242:0] script '/domains/machinadynamica/adminer-5.0.3-mysql.php' not found or unable to stat
[Tue Feb 17 02:51:10.892067 2026] [php:error] [pid 77637] [client 34.96.162.51:0] script '/domains/machinadynamica/adminer-4.7.2.php' not found or unable to stat
[Tue Feb 17 02:51:12.035635 2026] [php:error] [pid 77629] [client 35.247.243.245:0] script '/domains/machinadynamica/adminer-4.7.0.php' not found or unable to stat
[Tue Feb 17 02:51:25.679023 2026] [php:error] [pid 77638] [client 35.247.243.243:0] script '/domains/machinadynamica/adminer-4.7.0.php' not found or unable to stat
[Tue Feb 17 02:51:35.870809 2026] [php:error] [pid 77635] [client 35.247.243.245:0] script '/domains/machinadynamica/adminer-5.0.0-mysql.php' not found or unable to stat
[Tue Feb 17 02:51:39.472615 2026] [php:error] [pid 77640] [client 35.247.243.246:0] script '/domains/machinadynamica/sql.php' not found or unable to stat
[Tue Feb 17 02:51:39.601131 2026] [php:error] [pid 77636] [client 34.96.162.50:0] script '/domains/machinadynamica/adminer-4.5.0.php' not found or unable to stat
[Tue Feb 17 02:51:41.888673 2026] [php:error] [pid 77635] [client 34.96.162.48:0] script '/domains/machinadynamica/adminer-5.1.1-mysql-en.php' not found or unable to stat
[Tue Feb 17 02:51:58.880275 2026] [php:error] [pid 77639] [client 35.247.243.251:0] script '/domains/machinadynamica/adminer-5.0.1-mysql-en.php' not found or unable to stat
[Tue Feb 17 02:51:59.474817 2026] [php:error] [pid 77635] [client 35.247.243.251:0] script '/domains/machinadynamica/adminer-5.4.1-mysql.php' not found or unable to stat
[Tue Feb 17 02:52:03.164668 2026] [php:error] [pid 77641] [client 35.247.243.241:0] script '/domains/machinadynamica/adminer-5.3.0-mysql.php' not found or unable to stat
[Tue Feb 17 02:52:06.615093 2026] [php:error] [pid 77639] [client 35.247.243.252:0] script '/domains/machinadynamica/adminer-5.0.6-mysql.php' not found or unable to stat
[Tue Feb 17 02:52:07.459389 2026] [php:error] [pid 77640] [client 40.69.66.178:0] script '/domains/wsmith.enteract/pass4.php' not found or unable to stat
[Tue Feb 17 02:52:07.531856 2026] [php:error] [pid 77640] [client 40.69.66.178:0] script '/domains/wsmith.enteract/term.php' not found or unable to stat
[Tue Feb 17 02:52:07.603652 2026] [php:error] [pid 77640] [client 40.69.66.178:0] script '/domains/wsmith.enteract/lp6.php' not found or unable to stat
[Tue Feb 17 02:52:07.675636 2026] [php:error] [pid 77640] [client 40.69.66.178:0] script '/domains/wsmith.enteract/we.php' not found or unable to stat
[Tue Feb 17 02:52:07.747658 2026] [php:error] [pid 77640] [client 40.69.66.178:0] script '/domains/wsmith.enteract/asax.php' not found or unable to stat
[Tue Feb 17 02:52:07.819871 2026] [php:error] [pid 77640] [client 40.69.66.178:0] script '/domains/wsmith.enteract/co.php' not found or unable to stat
[Tue Feb 17 02:52:07.891992 2026] [php:error] [pid 77640] [client 40.69.66.178:0] script '/domains/wsmith.enteract/wp-k3w6g9s4h2.php' not found or unable to stat
[Tue Feb 17 02:52:07.963961 2026] [php:error] [pid 77640] [client 40.69.66.178:0] script '/domains/wsmith.enteract/ahax.php' not found or unable to stat
[Tue Feb 17 02:52:08.036026 2026] [php:error] [pid 77640] [client 40.69.66.178:0] script '/domains/wsmith.enteract/Okxob.php' not found or unable to stat
[Tue Feb 17 02:52:08.108179 2026] [php:error] [pid 77640] [client 40.69.66.178:0] script '/domains/wsmith.enteract/acfdr.php' not found or unable to stat
[Tue Feb 17 02:52:08.188724 2026] [php:error] [pid 77640] [client 40.69.66.178:0] script '/domains/wsmith.enteract/init.php' not found or unable to stat
[Tue Feb 17 02:52:08.260483 2026] [php:error] [pid 77640] [client 40.69.66.178:0] script '/domains/wsmith.enteract/themes.php' not found or unable to stat
[Tue Feb 17 02:52:08.332506 2026] [php:error] [pid 77640] [client 40.69.66.178:0] script '/domains/wsmith.enteract/ff.php' not found or unable to stat
[Tue Feb 17 02:52:08.412737 2026] [php:error] [pid 77640] [client 40.69.66.178:0] script '/domains/wsmith.enteract/ak.php' not found or unable to stat
[Tue Feb 17 02:52:08.484754 2026] [php:error] [pid 77640] [client 40.69.66.178:0] script '/domains/wsmith.enteract/bjfl.php' not found or unable to stat
[Tue Feb 17 02:52:08.556752 2026] [php:error] [pid 77640] [client 40.69.66.178:0] script '/domains/wsmith.enteract/vx.php' not found or unable to stat
[Tue Feb 17 02:52:08.629633 2026] [php:error] [pid 77640] [client 40.69.66.178:0] script '/domains/wsmith.enteract/jga.php' not found or unable to stat
[Tue Feb 17 02:52:08.701576 2026] [php:error] [pid 77640] [client 40.69.66.178:0] script '/domains/wsmith.enteract/a4.php' not found or unable to stat
[Tue Feb 17 02:52:08.845346 2026] [php:error] [pid 77640] [client 40.69.66.178:0] script '/domains/wsmith.enteract/inege.php' not found or unable to stat
[Tue Feb 17 02:52:15.031267 2026] [php:error] [pid 77639] [client 34.96.162.54:0] script '/domains/machinadynamica/ADMINER.php' not found or unable to stat
[Tue Feb 17 02:52:17.557766 2026] [php:error] [pid 77639] [client 34.96.162.48:0] script '/domains/machinadynamica/adminer-5.4.0.php' not found or unable to stat
[Tue Feb 17 02:52:26.263803 2026] [php:error] [pid 77629] [client 35.247.243.251:0] script '/domains/machinadynamica/adminer.php' not found or unable to stat
[Tue Feb 17 02:52:31.857499 2026] [php:error] [pid 77641] [client 35.247.243.246:0] script '/domains/machinadynamica/adminer-5.0.5-en.php' not found or unable to stat
[Tue Feb 17 02:52:33.344804 2026] [php:error] [pid 77639] [client 34.96.162.57:0] script '/domains/machinadynamica/adminer-5.0.5-mysql.php' not found or unable to stat
[Tue Feb 17 02:52:38.107773 2026] [php:error] [pid 77641] [client 20.100.191.215:0] script '/domains/dcarlone/pass4.php' not found or unable to stat
[Tue Feb 17 02:52:38.219234 2026] [php:error] [pid 77641] [client 20.100.191.215:0] script '/domains/dcarlone/term.php' not found or unable to stat
[Tue Feb 17 02:52:38.323608 2026] [php:error] [pid 77641] [client 20.100.191.215:0] script '/domains/dcarlone/lp6.php' not found or unable to stat
[Tue Feb 17 02:52:38.418773 2026] [php:error] [pid 77641] [client 20.100.191.215:0] script '/domains/dcarlone/we.php' not found or unable to stat
[Tue Feb 17 02:52:38.513734 2026] [php:error] [pid 77641] [client 20.100.191.215:0] script '/domains/dcarlone/asax.php' not found or unable to stat
[Tue Feb 17 02:52:38.608995 2026] [php:error] [pid 77641] [client 20.100.191.215:0] script '/domains/dcarlone/co.php' not found or unable to stat
[Tue Feb 17 02:52:38.704248 2026] [php:error] [pid 77641] [client 20.100.191.215:0] script '/domains/dcarlone/wp-k3w6g9s4h2.php' not found or unable to stat
[Tue Feb 17 02:52:38.802875 2026] [php:error] [pid 77641] [client 20.100.191.215:0] script '/domains/dcarlone/ahax.php' not found or unable to stat
[Tue Feb 17 02:52:38.906925 2026] [php:error] [pid 77641] [client 20.100.191.215:0] script '/domains/dcarlone/Okxob.php' not found or unable to stat
