[Tue Feb 17 00:51:05.321491 2026] [php:error] [pid 53958] [client 45.146.55.9:0] script '/domains/oneylaw/classwithtostring.php' not found or unable to stat
[Tue Feb 17 00:51:05.461081 2026] [php:error] [pid 53958] [client 45.146.55.9:0] script '/domains/oneylaw/tinyfilemanager.php' not found or unable to stat
[Tue Feb 17 00:51:05.701920 2026] [php:error] [pid 53958] [client 45.146.55.9:0] script '/domains/oneylaw/file.php' not found or unable to stat
[Tue Feb 17 00:51:05.811899 2026] [php:error] [pid 53958] [client 45.146.55.9:0] script '/domains/oneylaw/buy.php' not found or unable to stat
[Tue Feb 17 00:51:07.136682 2026] [php:error] [pid 53958] [client 45.146.55.9:0] script '/domains/oneylaw/inc.php' not found or unable to stat
[Tue Feb 17 00:51:07.260423 2026] [php:error] [pid 53958] [client 45.146.55.9:0] script '/domains/oneylaw/filemanager.php' not found or unable to stat
[Tue Feb 17 00:51:07.300408 2026] [php:error] [pid 53958] [client 45.146.55.9:0] script '/domains/oneylaw/cgi-bin/bypass.php' not found or unable to stat
[Tue Feb 17 00:51:07.630811 2026] [php:error] [pid 53958] [client 45.146.55.9:0] script '/domains/oneylaw/function.php' not found or unable to stat
[Tue Feb 17 00:51:07.843745 2026] [php:error] [pid 53958] [client 45.146.55.9:0] script '/domains/oneylaw/wp-signup.php' not found or unable to stat
[Tue Feb 17 00:51:07.954192 2026] [php:error] [pid 53958] [client 45.146.55.9:0] script '/domains/oneylaw/wp-blog.php' not found or unable to stat
[Tue Feb 17 00:51:08.131909 2026] [php:error] [pid 53958] [client 45.146.55.9:0] script '/domains/oneylaw/wp-l0gin.php' not found or unable to stat
[Tue Feb 17 00:51:08.257283 2026] [php:error] [pid 53958] [client 45.146.55.9:0] script '/domains/oneylaw/new.php' not found or unable to stat
[Tue Feb 17 00:51:08.381864 2026] [php:error] [pid 53958] [client 45.146.55.9:0] script '/domains/oneylaw/images/DJP9.php' not found or unable to stat
[Tue Feb 17 00:51:08.512938 2026] [php:error] [pid 53958] [client 45.146.55.9:0] script '/domains/oneylaw/natural.php' not found or unable to stat
[Tue Feb 17 00:51:08.876838 2026] [php:error] [pid 53958] [client 45.146.55.9:0] script '/domains/oneylaw/item.php' not found or unable to stat
[Tue Feb 17 00:51:09.396890 2026] [php:error] [pid 53963] [client 193.56.116.218:0] script '/domains/oneylaw/default.php' not found or unable to stat
[Tue Feb 17 00:51:09.690570 2026] [php:error] [pid 53963] [client 193.56.116.218:0] script '/domains/oneylaw/dropdown.php' not found or unable to stat
[Tue Feb 17 00:51:09.731801 2026] [php:error] [pid 53963] [client 193.56.116.218:0] script '/domains/oneylaw/images/admin.php' not found or unable to stat
[Tue Feb 17 00:51:09.817291 2026] [php:error] [pid 53963] [client 193.56.116.218:0] script '/domains/oneylaw/db.php' not found or unable to stat
[Tue Feb 17 00:51:10.276085 2026] [php:error] [pid 53963] [client 193.56.116.218:0] script '/domains/oneylaw/install.php' not found or unable to stat
[Tue Feb 17 00:51:10.358473 2026] [php:error] [pid 53963] [client 193.56.116.218:0] script '/domains/oneylaw/images/class-config.php' not found or unable to stat
[Tue Feb 17 00:51:10.458977 2026] [php:error] [pid 53963] [client 193.56.116.218:0] script '/domains/oneylaw/bypass.php' not found or unable to stat
[Tue Feb 17 00:51:10.507513 2026] [php:error] [pid 53963] [client 193.56.116.218:0] script '/domains/oneylaw/class.php' not found or unable to stat
[Tue Feb 17 00:51:10.927764 2026] [php:error] [pid 53963] [client 193.56.116.218:0] script '/domains/oneylaw/css/css.php' not found or unable to stat
[Tue Feb 17 00:51:10.982124 2026] [php:error] [pid 53963] [client 193.56.116.218:0] script '/domains/oneylaw/init.php' not found or unable to stat
[Tue Feb 17 00:51:11.338531 2026] [php:error] [pid 53963] [client 193.56.116.218:0] script '/domains/oneylaw/css/admin.php' not found or unable to stat
[Tue Feb 17 00:51:11.406701 2026] [php:error] [pid 53963] [client 193.56.116.218:0] script '/domains/oneylaw/adminfuns.php' not found or unable to stat
[Tue Feb 17 00:51:11.481522 2026] [php:error] [pid 53963] [client 193.56.116.218:0] script '/domains/oneylaw/wp_wlx.php' not found or unable to stat
[Tue Feb 17 00:51:11.670218 2026] [php:error] [pid 53963] [client 193.56.116.218:0] script '/domains/oneylaw/wp.php' not found or unable to stat
[Tue Feb 17 00:51:11.780554 2026] [php:error] [pid 53963] [client 193.56.116.218:0] script '/domains/oneylaw/wp-header.php' not found or unable to stat
[Tue Feb 17 00:51:11.886190 2026] [php:error] [pid 53963] [client 193.56.116.218:0] script '/domains/oneylaw/Marvins.php' not found or unable to stat
[Tue Feb 17 00:51:11.953392 2026] [php:error] [pid 53963] [client 193.56.116.218:0] script '/domains/oneylaw/wp-class.php' not found or unable to stat
[Tue Feb 17 00:51:12.297989 2026] [php:error] [pid 53963] [client 193.56.116.218:0] script '/domains/oneylaw/xx.php' not found or unable to stat
[Tue Feb 17 00:51:12.373956 2026] [php:error] [pid 53963] [client 193.56.116.218:0] script '/domains/oneylaw/autoload_classmap.php' not found or unable to stat
[Tue Feb 17 00:51:12.494594 2026] [php:error] [pid 53963] [client 193.56.116.218:0] script '/domains/oneylaw/content.php' not found or unable to stat
[Tue Feb 17 00:51:12.763669 2026] [php:error] [pid 53958] [client 194.61.40.53:0] script '/domains/king1969/0x.php' not found or unable to stat
[Tue Feb 17 00:51:13.240844 2026] [php:error] [pid 53963] [client 193.56.116.218:0] script '/domains/oneylaw/images/class.php' not found or unable to stat
[Tue Feb 17 00:51:13.346445 2026] [php:error] [pid 53963] [client 193.56.116.218:0] script '/domains/oneylaw/web.php' not found or unable to stat
[Tue Feb 17 00:51:13.416984 2026] [php:error] [pid 53963] [client 193.56.116.218:0] script '/domains/oneylaw/images/index.php' not found or unable to stat
[Tue Feb 17 00:51:13.716633 2026] [php:error] [pid 53963] [client 193.56.116.218:0] script '/domains/oneylaw/wp-trackback.php' not found or unable to stat
[Tue Feb 17 00:51:13.792750 2026] [php:error] [pid 53963] [client 193.56.116.218:0] script '/domains/oneylaw/radio.php' not found or unable to stat
[Tue Feb 17 00:51:13.879772 2026] [php:error] [pid 53958] [client 194.61.40.53:0] script '/domains/king1969/wpn.php' not found or unable to stat
[Tue Feb 17 00:51:13.981408 2026] [php:error] [pid 53963] [client 193.56.116.218:0] script '/domains/oneylaw/wp-conflg.php' not found or unable to stat
[Tue Feb 17 00:51:14.019204 2026] [php:error] [pid 53963] [client 193.56.116.218:0] script '/domains/oneylaw/wp-setup.php' not found or unable to stat
[Tue Feb 17 00:51:14.087378 2026] [php:error] [pid 53963] [client 193.56.116.218:0] script '/domains/oneylaw/ms-themes.php' not found or unable to stat
[Tue Feb 17 00:51:14.183791 2026] [php:error] [pid 53963] [client 193.56.116.218:0] script '/domains/oneylaw/style.php' not found or unable to stat
[Tue Feb 17 00:51:14.319149 2026] [php:error] [pid 53963] [client 193.56.116.218:0] script '/domains/oneylaw/x.php' not found or unable to stat
[Tue Feb 17 00:51:14.349493 2026] [php:error] [pid 53958] [client 194.61.40.53:0] script '/domains/king1969/cloud.php' not found or unable to stat
[Tue Feb 17 00:51:14.424032 2026] [php:error] [pid 53963] [client 193.56.116.218:0] script '/domains/oneylaw/css/index.php' not found or unable to stat
[Tue Feb 17 00:51:14.523424 2026] [php:error] [pid 53963] [client 193.56.116.218:0] script '/domains/oneylaw/images/index22.php' not found or unable to stat
[Tue Feb 17 00:51:14.569137 2026] [php:error] [pid 53958] [client 194.61.40.53:0] script '/domains/king1969/upload.php' not found or unable to stat
[Tue Feb 17 00:51:14.678682 2026] [php:error] [pid 53963] [client 193.56.116.218:0] script '/domains/oneylaw/wp-user.php' not found or unable to stat
[Tue Feb 17 00:51:14.797053 2026] [php:error] [pid 53963] [client 193.56.116.218:0] script '/domains/oneylaw/config.php' not found or unable to stat
[Tue Feb 17 00:51:14.825123 2026] [php:error] [pid 53958] [client 194.61.40.53:0] script '/domains/king1969/init.php' not found or unable to stat
[Tue Feb 17 00:51:14.896464 2026] [php:error] [pid 53963] [client 193.56.116.218:0] script '/domains/oneylaw/special.php' not found or unable to stat
[Tue Feb 17 00:51:15.238803 2026] [php:error] [pid 53931] [client 193.56.116.207:0] script '/domains/oneylaw/cgi-bin/class.api.php' not found or unable to stat
[Tue Feb 17 00:51:15.400597 2026] [php:error] [pid 53958] [client 194.61.40.53:0] script '/domains/king1969/wp-blog.php' not found or unable to stat
[Tue Feb 17 00:51:15.410299 2026] [php:error] [pid 53931] [client 193.56.116.207:0] script '/domains/oneylaw/webdb.php' not found or unable to stat
[Tue Feb 17 00:51:15.500565 2026] [php:error] [pid 53931] [client 193.56.116.207:0] script '/domains/oneylaw/file2.php' not found or unable to stat
[Tue Feb 17 00:51:15.643493 2026] [php:error] [pid 53931] [client 193.56.116.207:0] script '/domains/oneylaw/alfa.php' not found or unable to stat
[Tue Feb 17 00:51:16.005167 2026] [php:error] [pid 53931] [client 193.56.116.207:0] script '/domains/oneylaw/edit.php' not found or unable to stat
[Tue Feb 17 00:51:16.079741 2026] [php:error] [pid 53931] [client 193.56.116.207:0] script '/domains/oneylaw/cgi-bin/autoload_classmap.php' not found or unable to stat
[Tue Feb 17 00:51:16.141578 2026] [php:error] [pid 53931] [client 193.56.116.207:0] script '/domains/oneylaw/wp-links-opml.php' not found or unable to stat
[Tue Feb 17 00:51:16.258037 2026] [php:error] [pid 53931] [client 193.56.116.207:0] script '/domains/oneylaw/atomlib.php' not found or unable to stat
[Tue Feb 17 00:51:16.497299 2026] [php:error] [pid 53931] [client 193.56.116.207:0] script '/domains/oneylaw/xp.php' not found or unable to stat
[Tue Feb 17 00:51:16.682522 2026] [php:error] [pid 53931] [client 193.56.116.207:0] script '/domains/oneylaw/wp-links.php' not found or unable to stat
[Tue Feb 17 00:51:16.769156 2026] [php:error] [pid 53958] [client 194.61.40.53:0] script '/domains/king1969/payout.php' not found or unable to stat
[Tue Feb 17 00:51:17.083897 2026] [php:error] [pid 53958] [client 194.61.40.53:0] script '/domains/king1969/lock360.php' not found or unable to stat
[Tue Feb 17 00:51:17.319324 2026] [php:error] [pid 53931] [client 193.56.116.207:0] script '/domains/oneylaw/moon.php' not found or unable to stat
[Tue Feb 17 00:51:17.380833 2026] [php:error] [pid 53958] [client 194.61.40.53:0] script '/domains/king1969/x.php' not found or unable to stat
[Tue Feb 17 00:51:17.498260 2026] [php:error] [pid 53931] [client 193.56.116.207:0] script '/domains/oneylaw/webadmin.php' not found or unable to stat
[Tue Feb 17 00:51:17.670330 2026] [php:error] [pid 53931] [client 193.56.116.207:0] script '/domains/oneylaw/xl2023.php' not found or unable to stat
[Tue Feb 17 00:51:17.714505 2026] [php:error] [pid 53931] [client 193.56.116.207:0] script '/domains/oneylaw/go.php' not found or unable to stat
[Tue Feb 17 00:51:17.728190 2026] [php:error] [pid 53958] [client 194.61.40.53:0] script '/domains/king1969/wp_info.php' not found or unable to stat
[Tue Feb 17 00:51:18.050225 2026] [php:error] [pid 53931] [client 193.56.116.207:0] script '/domains/oneylaw/cgi-bin/index.php' not found or unable to stat
[Tue Feb 17 00:51:18.328829 2026] [php:error] [pid 53958] [client 194.61.40.53:0] script '/domains/king1969/xml.php' not found or unable to stat
[Tue Feb 17 00:51:18.564049 2026] [php:error] [pid 53931] [client 193.56.116.207:0] script '/domains/oneylaw/hehehehe.php' not found or unable to stat
[Tue Feb 17 00:51:18.643423 2026] [php:error] [pid 53958] [client 194.61.40.53:0] script '/domains/king1969/by.php' not found or unable to stat
[Tue Feb 17 00:51:20.390665 2026] [php:error] [pid 53968] [client 193.56.116.245:0] script '/domains/oneylaw/byp.php' not found or unable to stat
[Tue Feb 17 00:51:21.086043 2026] [php:error] [pid 53968] [client 193.56.116.245:0] script '/domains/oneylaw/cgi-bin/install.php' not found or unable to stat
[Tue Feb 17 00:51:21.173129 2026] [php:error] [pid 53968] [client 193.56.116.245:0] script '/domains/oneylaw/class.api.php' not found or unable to stat
[Tue Feb 17 00:51:21.285706 2026] [php:error] [pid 53968] [client 193.56.116.245:0] script '/domains/oneylaw/system_log.php' not found or unable to stat
[Tue Feb 17 00:51:21.323024 2026] [php:error] [pid 53968] [client 193.56.116.245:0] script '/domains/oneylaw/.alf.php' not found or unable to stat
[Tue Feb 17 00:51:21.367512 2026] [php:error] [pid 53968] [client 193.56.116.245:0] script '/domains/oneylaw/wso.php' not found or unable to stat
[Tue Feb 17 00:51:21.467069 2026] [php:error] [pid 53968] [client 193.56.116.245:0] script '/domains/oneylaw/flower.php' not found or unable to stat
[Tue Feb 17 00:51:21.914253 2026] [php:error] [pid 53968] [client 193.56.116.245:0] script '/domains/oneylaw/ioxi-o.php' not found or unable to stat
[Tue Feb 17 00:51:21.944526 2026] [php:error] [pid 53958] [client 194.61.40.53:0] script '/domains/king1969/default.php' not found or unable to stat
[Tue Feb 17 00:51:21.977072 2026] [php:error] [pid 53968] [client 193.56.116.245:0] script '/domains/oneylaw/info.php' not found or unable to stat
[Tue Feb 17 00:51:22.035597 2026] [php:error] [pid 53968] [client 193.56.116.245:0] script '/domains/oneylaw/setup.php' not found or unable to stat
[Tue Feb 17 00:51:22.234556 2026] [php:error] [pid 53958] [client 194.61.40.53:0] script '/domains/king1969/fox.php' not found or unable to stat
[Tue Feb 17 00:51:22.373309 2026] [php:error] [pid 53968] [client 193.56.116.245:0] script '/domains/oneylaw/as.php' not found or unable to stat
[Tue Feb 17 00:51:22.424033 2026] [php:error] [pid 53968] [client 193.56.116.245:0] script '/domains/oneylaw/cc.php' not found or unable to stat
[Tue Feb 17 00:51:22.511932 2026] [php:error] [pid 53968] [client 193.56.116.245:0] script '/domains/oneylaw/ab.php' not found or unable to stat
[Tue Feb 17 00:51:22.524968 2026] [php:error] [pid 53958] [client 194.61.40.53:0] script '/domains/king1969/google.php' not found or unable to stat
[Tue Feb 17 00:51:22.791172 2026] [php:error] [pid 53968] [client 193.56.116.245:0] script '/domains/oneylaw/doc.php' not found or unable to stat
[Tue Feb 17 00:51:22.957077 2026] [php:error] [pid 53968] [client 193.56.116.245:0] script '/domains/oneylaw/wp-login.php' not found or unable to stat
[Tue Feb 17 00:51:23.002945 2026] [php:error] [pid 53968] [client 193.56.116.245:0] script '/domains/oneylaw/mar.php' not found or unable to stat
[Tue Feb 17 00:51:23.084330 2026] [php:error] [pid 53958] [client 194.61.40.53:0] script '/domains/king1969/ovatools.php' not found or unable to stat
[Tue Feb 17 00:51:23.134078 2026] [php:error] [pid 53968] [client 193.56.116.245:0] script '/domains/oneylaw/1.php' not found or unable to stat
[Tue Feb 17 00:51:23.360735 2026] [php:error] [pid 53958] [client 194.61.40.53:0] script '/domains/king1969/sidwso.php' not found or unable to stat
[Tue Feb 17 00:51:23.664983 2026] [php:error] [pid 53958] [client 194.61.40.53:0] script '/domains/king1969/worksec.php' not found or unable to stat
[Tue Feb 17 00:51:23.770797 2026] [php:error] [pid 53968] [client 193.56.116.245:0] script '/domains/oneylaw/fm.php' not found or unable to stat
[Tue Feb 17 00:51:23.992555 2026] [php:error] [pid 53968] [client 193.56.116.245:0] script '/domains/oneylaw/ini.php' not found or unable to stat
[Tue Feb 17 00:51:24.580044 2026] [php:error] [pid 53955] [client 45.146.55.9:0] script '/domains/oneylaw/wp-content.php' not found or unable to stat
[Tue Feb 17 00:51:24.890456 2026] [php:error] [pid 53955] [client 45.146.55.9:0] script '/domains/oneylaw/customize.php' not found or unable to stat
[Tue Feb 17 00:51:24.929291 2026] [php:error] [pid 53955] [client 45.146.55.9:0] script '/domains/oneylaw/license.php' not found or unable to stat
[Tue Feb 17 00:51:25.016704 2026] [php:error] [pid 53955] [client 45.146.55.9:0] script '/domains/oneylaw/lock.php' not found or unable to stat
[Tue Feb 17 00:51:25.481493 2026] [php:error] [pid 53955] [client 45.146.55.9:0] script '/domains/oneylaw/wp-good.php' not found or unable to stat
[Tue Feb 17 00:51:25.857310 2026] [php:error] [pid 53958] [client 194.61.40.53:0] script '/domains/king1969/Simple.php' not found or unable to stat
[Tue Feb 17 00:51:25.867087 2026] [php:error] [pid 53955] [client 45.146.55.9:0] script '/domains/oneylaw/ff2.php' not found or unable to stat
[Tue Feb 17 00:51:26.131365 2026] [php:error] [pid 53958] [client 194.61.40.53:0] script '/domains/king1969/wp-blog-header.php' not found or unable to stat
[Tue Feb 17 00:51:26.292030 2026] [php:error] [pid 53955] [client 45.146.55.9:0] script '/domains/oneylaw/jp.php' not found or unable to stat
[Tue Feb 17 00:51:26.341530 2026] [php:error] [pid 53955] [client 45.146.55.9:0] script '/domains/oneylaw/wp-atom.php' not found or unable to stat
[Tue Feb 17 00:51:26.383891 2026] [php:error] [pid 53958] [client 194.61.40.53:0] script '/domains/king1969/style2.php' not found or unable to stat
[Tue Feb 17 00:51:26.419535 2026] [php:error] [pid 53955] [client 45.146.55.9:0] script '/domains/oneylaw/up.php' not found or unable to stat
[Tue Feb 17 00:51:26.656906 2026] [php:error] [pid 53958] [client 194.61.40.53:0] script '/domains/king1969/wp-scripts.php' not found or unable to stat
[Tue Feb 17 00:51:26.748244 2026] [php:error] [pid 53955] [client 45.146.55.9:0] script '/domains/oneylaw/worm.PhP' not found or unable to stat
[Tue Feb 17 00:51:26.790442 2026] [php:error] [pid 53955] [client 45.146.55.9:0] script '/domains/oneylaw/ext.php' not found or unable to stat
[Tue Feb 17 00:51:26.828425 2026] [php:error] [pid 53955] [client 45.146.55.9:0] script '/domains/oneylaw/delpaths.php' not found or unable to stat
[Tue Feb 17 00:51:26.952572 2026] [php:error] [pid 53958] [client 194.61.40.53:0] script '/domains/king1969/adminfuns.php' not found or unable to stat
[Tue Feb 17 00:51:27.169759 2026] [php:error] [pid 53955] [client 45.146.55.9:0] script '/domains/oneylaw/gifclass.php' not found or unable to stat
[Tue Feb 17 00:51:27.222466 2026] [php:error] [pid 53955] [client 45.146.55.9:0] script '/domains/oneylaw/plugin.php' not found or unable to stat
[Tue Feb 17 00:51:27.227081 2026] [php:error] [pid 53958] [client 194.61.40.53:0] script '/domains/king1969/cjfuns.php' not found or unable to stat
[Tue Feb 17 00:51:27.323200 2026] [php:error] [pid 53955] [client 45.146.55.9:0] script '/domains/oneylaw/update-core.php' not found or unable to stat
[Tue Feb 17 00:51:27.402797 2026] [php:error] [pid 53955] [client 45.146.55.9:0] script '/domains/oneylaw/wp-mail.php' not found or unable to stat
[Tue Feb 17 00:51:27.529253 2026] [php:error] [pid 53958] [client 194.61.40.53:0] script '/domains/king1969/comfunctions.php' not found or unable to stat
[Tue Feb 17 00:51:27.833452 2026] [php:error] [pid 53958] [client 194.61.40.53:0] script '/domains/king1969/delpaths.php' not found or unable to stat
[Tue Feb 17 00:51:28.124601 2026] [php:error] [pid 53958] [client 194.61.40.53:0] script '/domains/king1969/epinyins.php' not found or unable to stat
[Tue Feb 17 00:51:28.390854 2026] [php:error] [pid 53958] [client 194.61.40.53:0] script '/domains/king1969/filefuns.php' not found or unable to stat
[Tue Feb 17 00:51:28.665171 2026] [php:error] [pid 53958] [client 194.61.40.53:0] script '/domains/king1969/hinfofuns.php' not found or unable to stat
[Tue Feb 17 00:51:29.015792 2026] [php:error] [pid 53955] [client 193.56.116.235:0] script '/domains/oneylaw/aa.php' not found or unable to stat
[Tue Feb 17 00:51:29.052738 2026] [php:error] [pid 53955] [client 193.56.116.235:0] script '/domains/oneylaw/index2.php' not found or unable to stat
[Tue Feb 17 00:51:29.058059 2026] [php:error] [pid 53958] [client 194.61.40.53:0] script '/domains/king1969/qfunctions.php' not found or unable to stat
[Tue Feb 17 00:51:29.296739 2026] [php:error] [pid 53955] [client 193.56.116.235:0] script '/domains/oneylaw/shell.php' not found or unable to stat
[Tue Feb 17 00:51:29.333003 2026] [php:error] [pid 53958] [client 194.61.40.53:0] script '/domains/king1969/qinfofuns.php' not found or unable to stat
[Tue Feb 17 00:51:29.511355 2026] [php:error] [pid 53955] [client 193.56.116.235:0] script '/domains/oneylaw/hehe.php' not found or unable to stat
[Tue Feb 17 00:51:29.597865 2026] [php:error] [pid 53955] [client 193.56.116.235:0] script '/domains/oneylaw/css/slider.php' not found or unable to stat
[Tue Feb 17 00:51:29.636459 2026] [php:error] [pid 53955] [client 193.56.116.235:0] script '/domains/oneylaw/dir.php' not found or unable to stat
[Tue Feb 17 00:51:29.758190 2026] [php:error] [pid 53958] [client 194.61.40.53:0] script '/domains/king1969/thoms.php' not found or unable to stat
[Tue Feb 17 00:51:29.816756 2026] [php:error] [pid 53955] [client 193.56.116.235:0] script '/domains/oneylaw/nf_tracking.php' not found or unable to stat
[Tue Feb 17 00:51:29.896606 2026] [php:error] [pid 53955] [client 193.56.116.235:0] script '/domains/oneylaw/filefuns.php' not found or unable to stat
[Tue Feb 17 00:51:29.995983 2026] [php:error] [pid 53955] [client 193.56.116.235:0] script '/domains/oneylaw/l.php' not found or unable to stat
[Tue Feb 17 00:51:30.025722 2026] [php:error] [pid 53958] [client 194.61.40.53:0] script '/domains/king1969/postnews.php' not found or unable to stat
[Tue Feb 17 00:51:30.032686 2026] [php:error] [pid 53955] [client 193.56.116.235:0] script '/domains/oneylaw/repeater.php' not found or unable to stat
[Tue Feb 17 00:51:30.172839 2026] [php:error] [pid 53955] [client 193.56.116.235:0] script '/domains/oneylaw/contacts.php' not found or unable to stat
[Tue Feb 17 00:51:30.218550 2026] [php:error] [pid 53955] [client 193.56.116.235:0] script '/domains/oneylaw/wsa.php' not found or unable to stat
[Tue Feb 17 00:51:30.417387 2026] [php:error] [pid 53955] [client 193.56.116.235:0] script '/domains/oneylaw/lv.php' not found or unable to stat
[Tue Feb 17 00:51:30.429313 2026] [php:error] [pid 53958] [client 194.61.40.53:0] script '/domains/king1969/admin-ajax.php' not found or unable to stat
[Tue Feb 17 00:51:30.544734 2026] [php:error] [pid 53955] [client 193.56.116.235:0] script '/domains/oneylaw/images/js1.php' not found or unable to stat
[Tue Feb 17 00:51:30.716576 2026] [php:error] [pid 53958] [client 194.61.40.53:0] script '/domains/king1969/link.php' not found or unable to stat
[Tue Feb 17 00:51:31.022751 2026] [php:error] [pid 53958] [client 194.61.40.53:0] script '/domains/king1969/ms-themes.php' not found or unable to stat
[Tue Feb 17 00:51:31.315499 2026] [php:error] [pid 53958] [client 194.61.40.53:0] script '/domains/king1969/my-sites.php' not found or unable to stat
[Tue Feb 17 00:51:31.452246 2026] [php:error] [pid 53957] [client 193.56.116.243:0] script '/domains/oneylaw/tox.php' not found or unable to stat
[Tue Feb 17 00:51:31.646661 2026] [php:error] [pid 53958] [client 194.61.40.53:0] script '/domains/king1969/media.php' not found or unable to stat
[Tue Feb 17 00:51:31.649808 2026] [php:error] [pid 53957] [client 193.56.116.243:0] script '/domains/oneylaw/tiny.php' not found or unable to stat
[Tue Feb 17 00:51:31.738184 2026] [php:error] [pid 53957] [client 193.56.116.243:0] script '/domains/oneylaw/themes.php' not found or unable to stat
[Tue Feb 17 00:51:31.792620 2026] [php:error] [pid 53957] [client 193.56.116.243:0] script '/domains/oneylaw/wp-themes.php' not found or unable to stat
[Tue Feb 17 00:51:31.949202 2026] [php:error] [pid 53958] [client 194.61.40.53:0] script '/domains/king1969/nav-menus.php' not found or unable to stat
[Tue Feb 17 00:51:31.981044 2026] [php:error] [pid 53957] [client 193.56.116.243:0] script '/domains/oneylaw/mariju.php' not found or unable to stat
[Tue Feb 17 00:51:32.036063 2026] [php:error] [pid 53957] [client 193.56.116.243:0] script '/domains/oneylaw/waf_defender.php' not found or unable to stat
[Tue Feb 17 00:51:32.244733 2026] [php:error] [pid 53958] [client 194.61.40.53:0] script '/domains/king1969/menu.php' not found or unable to stat
[Tue Feb 17 00:51:32.266360 2026] [php:error] [pid 53957] [client 193.56.116.243:0] script '/domains/oneylaw/av.php' not found or unable to stat
[Tue Feb 17 00:51:32.417063 2026] [php:error] [pid 53966] [client 158.158.33.103:0] script '/domains/agribiz/pass4.php' not found or unable to stat
[Tue Feb 17 00:51:32.509891 2026] [php:error] [pid 53966] [client 158.158.33.103:0] script '/domains/agribiz/term.php' not found or unable to stat
[Tue Feb 17 00:51:32.550404 2026] [php:error] [pid 53958] [client 194.61.40.53:0] script '/domains/king1969/options-head.php' not found or unable to stat
[Tue Feb 17 00:51:32.594334 2026] [php:error] [pid 53966] [client 158.158.33.103:0] script '/domains/agribiz/lp6.php' not found or unable to stat
[Tue Feb 17 00:51:32.756431 2026] [php:error] [pid 53966] [client 158.158.33.103:0] script '/domains/agribiz/we.php' not found or unable to stat
[Tue Feb 17 00:51:32.830801 2026] [php:error] [pid 53958] [client 194.61.40.53:0] script '/domains/king1969/revision.php' not found or unable to stat
[Tue Feb 17 00:51:32.846718 2026] [php:error] [pid 53966] [client 158.158.33.103:0] script '/domains/agribiz/asax.php' not found or unable to stat
[Tue Feb 17 00:51:32.937543 2026] [php:error] [pid 53966] [client 158.158.33.103:0] script '/domains/agribiz/co.php' not found or unable to stat
[Tue Feb 17 00:51:32.984655 2026] [php:error] [pid 53960] [client 193.56.116.223:0] script '/domains/oneylaw/theme.php' not found or unable to stat
[Tue Feb 17 00:51:33.037260 2026] [php:error] [pid 53966] [client 158.158.33.103:0] script '/domains/agribiz/wp-k3w6g9s4h2.php' not found or unable to stat
[Tue Feb 17 00:51:33.083880 2026] [php:error] [pid 53958] [client 194.61.40.53:0] script '/domains/king1969/widgets.php' not found or unable to stat
[Tue Feb 17 00:51:33.098026 2026] [php:error] [pid 53960] [client 193.56.116.223:0] script '/domains/oneylaw/Simple.php' not found or unable to stat
[Tue Feb 17 00:51:33.139157 2026] [php:error] [pid 53966] [client 158.158.33.103:0] script '/domains/agribiz/ahax.php' not found or unable to stat
[Tue Feb 17 00:51:33.223786 2026] [php:error] [pid 53966] [client 158.158.33.103:0] script '/domains/agribiz/Okxob.php' not found or unable to stat
[Tue Feb 17 00:51:33.308566 2026] [php:error] [pid 53966] [client 158.158.33.103:0] script '/domains/agribiz/acfdr.php' not found or unable to stat
[Tue Feb 17 00:51:33.344121 2026] [php:error] [pid 53958] [client 194.61.40.53:0] script '/domains/king1969/term.php' not found or unable to stat
[Tue Feb 17 00:51:33.398542 2026] [php:error] [pid 53966] [client 158.158.33.103:0] script '/domains/agribiz/init.php' not found or unable to stat
[Tue Feb 17 00:51:33.483088 2026] [php:error] [pid 53966] [client 158.158.33.103:0] script '/domains/agribiz/themes.php' not found or unable to stat
[Tue Feb 17 00:51:33.567832 2026] [php:error] [pid 53966] [client 158.158.33.103:0] script '/domains/agribiz/ff.php' not found or unable to stat
[Tue Feb 17 00:51:33.663412 2026] [php:error] [pid 53966] [client 158.158.33.103:0] script '/domains/agribiz/ak.php' not found or unable to stat
[Tue Feb 17 00:51:33.679645 2026] [php:error] [pid 53958] [client 194.61.40.53:0] script '/domains/king1969/system_log.php' not found or unable to stat
[Tue Feb 17 00:51:33.749196 2026] [php:error] [pid 53955] [client 193.56.116.221:0] script '/domains/oneylaw/css/av.php' not found or unable to stat
[Tue Feb 17 00:51:33.759459 2026] [php:error] [pid 53966] [client 158.158.33.103:0] script '/domains/agribiz/bjfl.php' not found or unable to stat
[Tue Feb 17 00:51:33.822911 2026] [php:error] [pid 53955] [client 193.56.116.221:0] script '/domains/oneylaw/images/waf_defender.php' not found or unable to stat
[Tue Feb 17 00:51:33.843866 2026] [php:error] [pid 53966] [client 158.158.33.103:0] script '/domains/agribiz/vx.php' not found or unable to stat
[Tue Feb 17 00:51:33.928517 2026] [php:error] [pid 53966] [client 158.158.33.103:0] script '/domains/agribiz/jga.php' not found or unable to stat
[Tue Feb 17 00:51:33.960070 2026] [php:error] [pid 53955] [client 193.56.116.221:0] script '/domains/oneylaw/small.php' not found or unable to stat
[Tue Feb 17 00:51:34.024364 2026] [php:error] [pid 53966] [client 158.158.33.103:0] script '/domains/agribiz/a4.php' not found or unable to stat
[Tue Feb 17 00:51:34.047762 2026] [php:error] [pid 53955] [client 193.56.116.221:0] script '/domains/oneylaw/NewFile.php' not found or unable to stat
[Tue Feb 17 00:51:34.117617 2026] [php:error] [pid 53955] [client 193.56.116.221:0] script '/domains/oneylaw/error.php' not found or unable to stat
[Tue Feb 17 00:51:34.238834 2026] [php:error] [pid 53966] [client 158.158.33.103:0] script '/domains/agribiz/inege.php' not found or unable to stat
[Tue Feb 17 00:51:34.274928 2026] [php:error] [pid 53955] [client 193.56.116.221:0] script '/domains/oneylaw/wp-files.php' not found or unable to stat
[Tue Feb 17 00:51:34.308999 2026] [php:error] [pid 53955] [client 193.56.116.221:0] script '/domains/oneylaw/functions.php' not found or unable to stat
[Tue Feb 17 00:51:34.518890 2026] [php:error] [pid 53955] [client 193.56.116.221:0] script '/domains/oneylaw/aks.php' not found or unable to stat
[Tue Feb 17 00:51:34.565211 2026] [php:error] [pid 53955] [client 193.56.116.221:0] script '/domains/oneylaw/litespeed.php' not found or unable to stat
[Tue Feb 17 00:51:34.845019 2026] [php:error] [pid 53955] [client 193.56.116.221:0] script '/domains/oneylaw/wpn.php' not found or unable to stat
[Tue Feb 17 00:51:35.827728 2026] [php:error] [pid 53955] [client 194.61.40.28:0] script '/domains/king1969/moded.php' not found or unable to stat
[Tue Feb 17 00:51:36.365721 2026] [php:error] [pid 53955] [client 194.61.40.28:0] script '/domains/king1969/upgrade.php' not found or unable to stat
[Tue Feb 17 00:51:36.374643 2026] [php:error] [pid 53957] [client 193.56.116.225:0] script '/domains/oneylaw/images/wp-aespa.php' not found or unable to stat
[Tue Feb 17 00:51:36.665142 2026] [php:error] [pid 53955] [client 194.61.40.28:0] script '/domains/king1969/gh.php' not found or unable to stat
[Tue Feb 17 00:51:36.969548 2026] [php:error] [pid 53955] [client 194.61.40.28:0] script '/domains/king1969/version.php' not found or unable to stat
[Tue Feb 17 00:51:37.169095 2026] [php:error] [pid 53960] [client 193.56.116.236:0] script '/domains/oneylaw/Sanskrit.php' not found or unable to stat
[Tue Feb 17 00:51:37.201618 2026] [php:error] [pid 53960] [client 193.56.116.236:0] script '/domains/oneylaw/wp-fmfile.php' not found or unable to stat
[Tue Feb 17 00:51:37.321898 2026] [php:error] [pid 53955] [client 194.61.40.28:0] script '/domains/king1969/head.php' not found or unable to stat
[Tue Feb 17 00:51:37.366548 2026] [php:error] [pid 53960] [client 193.56.116.236:0] script '/domains/oneylaw/memberfuns.php' not found or unable to stat
[Tue Feb 17 00:51:37.415850 2026] [php:error] [pid 53960] [client 193.56.116.236:0] script '/domains/oneylaw/infos.php' not found or unable to stat
[Tue Feb 17 00:51:37.583021 2026] [php:error] [pid 53955] [client 194.61.40.28:0] script '/domains/king1969/index1.php' not found or unable to stat
[Tue Feb 17 00:51:37.591931 2026] [php:error] [pid 53960] [client 193.56.116.236:0] script '/domains/oneylaw/options-writing.php' not found or unable to stat
[Tue Feb 17 00:51:37.663310 2026] [php:error] [pid 53960] [client 193.56.116.236:0] script '/domains/oneylaw/options-reading.php' not found or unable to stat
[Tue Feb 17 00:51:37.715187 2026] [php:error] [pid 53960] [client 193.56.116.236:0] script '/domains/oneylaw/wsad.php' not found or unable to stat
[Tue Feb 17 00:51:37.758211 2026] [php:error] [pid 53960] [client 193.56.116.236:0] script '/domains/oneylaw/nation.php' not found or unable to stat
[Tue Feb 17 00:51:37.879419 2026] [php:error] [pid 53955] [client 194.61.40.28:0] script '/domains/king1969/theme-insqbzk.php' not found or unable to stat
[Tue Feb 17 00:51:38.063479 2026] [php:error] [pid 53960] [client 193.56.116.236:0] script '/domains/oneylaw/wp-atomx.php' not found or unable to stat
[Tue Feb 17 00:51:38.101206 2026] [php:error] [pid 53960] [client 193.56.116.236:0] script '/domains/oneylaw/admin-footer.php' not found or unable to stat
[Tue Feb 17 00:51:38.161400 2026] [php:error] [pid 53955] [client 194.61.40.28:0] script '/domains/king1969/good.php' not found or unable to stat
[Tue Feb 17 00:51:38.179629 2026] [php:error] [pid 53960] [client 193.56.116.236:0] script '/domains/oneylaw/XxX.php' not found or unable to stat
[Tue Feb 17 00:51:38.448567 2026] [php:error] [pid 53955] [client 194.61.40.28:0] script '/domains/king1969/main.php' not found or unable to stat
[Tue Feb 17 00:51:38.593261 2026] [php:error] [pid 53960] [client 193.56.116.236:0] script '/domains/oneylaw/css/media-widget-vide02.php' not found or unable to stat
[Tue Feb 17 00:51:38.704184 2026] [php:error] [pid 53960] [client 193.56.116.236:0] script '/domains/oneylaw/images/buy.php' not found or unable to stat
[Tue Feb 17 00:51:39.038026 2026] [php:error] [pid 53955] [client 194.61.40.28:0] script '/domains/king1969/wsoyanz.php' not found or unable to stat
[Tue Feb 17 00:51:39.385648 2026] [php:error] [pid 53960] [client 193.56.116.236:0] script '/domains/oneylaw/xex.php' not found or unable to stat
[Tue Feb 17 00:51:39.637380 2026] [php:error] [pid 53960] [client 193.56.116.236:0] script '/domains/oneylaw/wp-head.php' not found or unable to stat
[Tue Feb 17 00:51:39.754571 2026] [php:error] [pid 53960] [client 193.56.116.236:0] script '/domains/oneylaw/makeasmtp.php' not found or unable to stat
[Tue Feb 17 00:51:39.861745 2026] [php:error] [pid 53960] [client 193.56.116.236:0] script '/domains/oneylaw/images/bypass.php' not found or unable to stat
[Tue Feb 17 00:51:40.376115 2026] [php:error] [pid 53955] [client 194.61.40.28:0] script '/domains/king1969/alfa-rex.php' not found or unable to stat
[Tue Feb 17 00:51:40.499881 2026] [php:error] [pid 53960] [client 193.56.116.236:0] script '/domains/oneylaw/click.php' not found or unable to stat
[Tue Feb 17 00:51:40.884226 2026] [php:error] [pid 53960] [client 193.56.116.236:0] script '/domains/oneylaw/wp-admin.php' not found or unable to stat
[Tue Feb 17 00:51:41.050779 2026] [php:error] [pid 53960] [client 193.56.116.236:0] script '/domains/oneylaw/wp-editor.php' not found or unable to stat
[Tue Feb 17 00:51:41.149819 2026] [php:error] [pid 53955] [client 194.61.40.28:0] script '/domains/king1969/css/cloud.php' not found or unable to stat
[Tue Feb 17 00:51:41.185095 2026] [php:error] [pid 53957] [client 193.56.116.218:0] script '/domains/oneylaw/images/install.php' not found or unable to stat
[Tue Feb 17 00:51:41.262550 2026] [php:error] [pid 53957] [client 193.56.116.218:0] script '/domains/oneylaw/adminfusm.php' not found or unable to stat
[Tue Feb 17 00:51:41.436228 2026] [php:error] [pid 53957] [client 193.56.116.218:0] script '/domains/oneylaw/images/habhan.php' not found or unable to stat
[Tue Feb 17 00:51:41.873315 2026] [php:error] [pid 53957] [client 193.56.116.218:0] script '/domains/oneylaw/f35_SpaceTn.php' not found or unable to stat
[Tue Feb 17 00:51:42.389442 2026] [php:error] [pid 53957] [client 193.56.116.218:0] script '/domains/oneylaw/gm.php' not found or unable to stat
[Tue Feb 17 00:51:42.990507 2026] [php:error] [pid 53957] [client 193.56.116.218:0] script '/domains/oneylaw/plugin-install.php' not found or unable to stat
[Tue Feb 17 00:51:43.425784 2026] [php:error] [pid 53957] [client 193.56.116.218:0] script '/domains/oneylaw/css/fan.php' not found or unable to stat
[Tue Feb 17 00:51:43.522044 2026] [php:error] [pid 53957] [client 193.56.116.218:0] script '/domains/oneylaw/images/mah.php' not found or unable to stat
[Tue Feb 17 00:51:44.152019 2026] [php:error] [pid 53957] [client 193.56.116.218:0] script '/domains/oneylaw/b.php' not found or unable to stat
[Tue Feb 17 00:51:44.287828 2026] [php:error] [pid 53957] [client 193.56.116.218:0] script '/domains/oneylaw/css/as.php' not found or unable to stat
[Tue Feb 17 00:51:44.401555 2026] [php:error] [pid 53957] [client 193.56.116.218:0] script '/domains/oneylaw/wsax.php' not found or unable to stat
[Tue Feb 17 00:51:45.304536 2026] [php:error] [pid 53957] [client 193.56.116.218:0] script '/domains/oneylaw/images/Marvins.php' not found or unable to stat
[Tue Feb 17 00:51:46.141919 2026] [php:error] [pid 53955] [client 194.61.40.28:0] script '/domains/king1969/cache-compat.php' not found or unable to stat
[Tue Feb 17 00:51:46.423696 2026] [php:error] [pid 53955] [client 194.61.40.28:0] script '/domains/king1969/ajax-actions.php' not found or unable to stat
[Tue Feb 17 00:51:46.469315 2026] [php:error] [pid 53968] [client 193.56.116.224:0] script '/domains/oneylaw/bs1.php' not found or unable to stat
[Tue Feb 17 00:51:46.603869 2026] [php:error] [pid 53968] [client 193.56.116.224:0] script '/domains/oneylaw/page.php' not found or unable to stat
[Tue Feb 17 00:51:47.269817 2026] [php:error] [pid 53955] [client 194.61.40.28:0] script '/domains/king1969/wp-consar.php' not found or unable to stat
[Tue Feb 17 00:51:47.385006 2026] [php:error] [pid 53973] [client 193.56.116.217:0] script '/domains/oneylaw/images/autoload_classmap.php' not found or unable to stat
[Tue Feb 17 00:51:47.740158 2026] [php:error] [pid 53973] [client 193.56.116.217:0] script '/domains/oneylaw/ws.php' not found or unable to stat
[Tue Feb 17 00:51:47.890758 2026] [php:error] [pid 53973] [client 193.56.116.217:0] script '/domains/oneylaw/shop.php' not found or unable to stat
[Tue Feb 17 00:51:48.262153 2026] [php:error] [pid 53973] [client 193.56.116.217:0] script '/domains/oneylaw/wp-api.php' not found or unable to stat
[Tue Feb 17 00:51:48.369583 2026] [php:error] [pid 53973] [client 193.56.116.217:0] script '/domains/oneylaw/css.php' not found or unable to stat
[Tue Feb 17 00:51:48.636295 2026] [php:error] [pid 53973] [client 193.56.116.217:0] script '/domains/oneylaw/wp-error_log.php' not found or unable to stat
[Tue Feb 17 00:51:49.613948 2026] [php:error] [pid 53973] [client 193.56.116.217:0] script '/domains/oneylaw/files.php' not found or unable to stat
[Tue Feb 17 00:51:50.263435 2026] [php:error] [pid 53973] [client 193.56.116.217:0] script '/domains/oneylaw/blog.php' not found or unable to stat
[Tue Feb 17 00:51:50.452763 2026] [php:error] [pid 53973] [client 193.56.116.217:0] script '/domains/oneylaw/images/av.php' not found or unable to stat
[Tue Feb 17 00:51:50.697510 2026] [php:error] [pid 53973] [client 193.56.116.217:0] script '/domains/oneylaw/elp.php' not found or unable to stat
[Tue Feb 17 00:51:50.929562 2026] [php:error] [pid 53955] [client 194.61.40.28:0] script '/domains/king1969/sx.php' not found or unable to stat
[Tue Feb 17 00:51:51.317302 2026] [php:error] [pid 53973] [client 193.56.116.217:0] script '/domains/oneylaw/entrepreneuse.php' not found or unable to stat
[Tue Feb 17 00:51:51.899757 2026] [php:error] [pid 53973] [client 193.56.116.217:0] script '/domains/oneylaw/testt.php' not found or unable to stat
[Tue Feb 17 00:51:52.182573 2026] [php:error] [pid 53973] [client 193.56.116.217:0] script '/domains/oneylaw/network.php' not found or unable to stat
[Tue Feb 17 00:51:52.358193 2026] [php:error] [pid 53973] [client 193.56.116.217:0] script '/domains/oneylaw/wikindex.php' not found or unable to stat
[Tue Feb 17 00:51:53.269407 2026] [php:error] [pid 53955] [client 194.61.40.28:0] script '/domains/king1969/web.php' not found or unable to stat
[Tue Feb 17 00:51:54.090586 2026] [php:error] [pid 53958] [client 193.56.116.232:0] script '/domains/oneylaw/css/adminfusm.php' not found or unable to stat
[Tue Feb 17 00:51:54.425749 2026] [php:error] [pid 53955] [client 194.61.40.28:0] script '/domains/king1969/wp-uploads-config.php' not found or unable to stat
[Tue Feb 17 00:51:54.490542 2026] [php:error] [pid 53958] [client 193.56.116.232:0] script '/domains/oneylaw/media-new.php' not found or unable to stat
[Tue Feb 17 00:51:55.110445 2026] [php:error] [pid 53958] [client 193.56.116.232:0] script '/domains/oneylaw/pages.php' not found or unable to stat
[Tue Feb 17 00:51:55.570330 2026] [php:error] [pid 53958] [client 193.56.116.232:0] script '/domains/oneylaw/css/adminfus.php' not found or unable to stat
[Tue Feb 17 00:51:55.647793 2026] [php:error] [pid 53958] [client 193.56.116.232:0] script '/domains/oneylaw/adminfus.php' not found or unable to stat
[Tue Feb 17 00:51:55.757989 2026] [php:error] [pid 53958] [client 193.56.116.232:0] script '/domains/oneylaw/images/as.php' not found or unable to stat
[Tue Feb 17 00:51:56.150166 2026] [php:error] [pid 53958] [client 193.56.116.232:0] script '/domains/oneylaw/cong.php' not found or unable to stat
[Tue Feb 17 00:51:56.423800 2026] [php:error] [pid 53958] [client 193.56.116.232:0] script '/domains/oneylaw/css/install.php' not found or unable to stat
[Tue Feb 17 00:51:56.688927 2026] [php:error] [pid 53958] [client 193.56.116.232:0] script '/domains/oneylaw/wp-configs.php' not found or unable to stat
[Tue Feb 17 00:51:57.269567 2026] [php:error] [pid 53968] [client 193.56.116.206:0] script '/domains/oneylaw/ms-users.php' not found or unable to stat
[Tue Feb 17 00:51:57.719922 2026] [php:error] [pid 53968] [client 193.56.116.206:0] script '/domains/oneylaw/css/file.php' not found or unable to stat
[Tue Feb 17 00:51:58.129996 2026] [php:error] [pid 53971] [client 194.61.40.52:0] script '/domains/king1969/upload.php' not found or unable to stat
[Tue Feb 17 00:51:58.678042 2026] [php:error] [pid 53971] [client 194.61.40.52:0] script '/domains/king1969/indeex.php' not found or unable to stat
[Tue Feb 17 00:51:58.874307 2026] [php:error] [pid 53968] [client 193.56.116.206:0] script '/domains/oneylaw/top.php' not found or unable to stat
[Tue Feb 17 00:51:59.157520 2026] [php:error] [pid 53971] [client 194.61.40.52:0] script '/domains/king1969/dropdown.php' not found or unable to stat
[Tue Feb 17 00:52:00.447741 2026] [php:error] [pid 53968] [client 193.56.116.206:0] script '/domains/oneylaw/images/c99.php' not found or unable to stat
[Tue Feb 17 00:52:00.521485 2026] [php:error] [pid 53971] [client 194.61.40.52:0] script '/domains/king1969/bs.php' not found or unable to stat
[Tue Feb 17 00:52:00.882544 2026] [php:error] [pid 53968] [client 193.56.116.206:0] script '/domains/oneylaw/setup-config.php' not found or unable to stat
[Tue Feb 17 00:52:01.125513 2026] [php:error] [pid 53968] [client 193.56.116.206:0] script '/domains/oneylaw/type.php' not found or unable to stat
[Tue Feb 17 00:52:01.226415 2026] [php:error] [pid 53971] [client 194.61.40.52:0] script '/domains/king1969/credits.php' not found or unable to stat
[Tue Feb 17 00:52:01.575004 2026] [php:error] [pid 53971] [client 194.61.40.52:0] script '/domains/king1969/edit-comments.php' not found or unable to stat
[Tue Feb 17 00:52:01.734830 2026] [php:error] [pid 53968] [client 193.56.116.206:0] script '/domains/oneylaw/css/about.php' not found or unable to stat
[Tue Feb 17 00:52:01.844110 2026] [php:error] [pid 53971] [client 194.61.40.52:0] script '/domains/king1969/checkbox.php' not found or unable to stat
[Tue Feb 17 00:52:01.902167 2026] [php:error] [pid 53968] [client 193.56.116.206:0] script '/domains/oneylaw/css/hekokstyle.php' not found or unable to stat
[Tue Feb 17 00:52:02.209226 2026] [php:error] [pid 53971] [client 194.61.40.52:0] script '/domains/king1969/export.php' not found or unable to stat
[Tue Feb 17 00:52:02.531892 2026] [php:error] [pid 53971] [client 194.61.40.52:0] script '/domains/king1969/input.php' not found or unable to stat
[Tue Feb 17 00:52:02.825355 2026] [php:error] [pid 53968] [client 193.56.116.206:0] script '/domains/oneylaw/goat.php' not found or unable to stat
[Tue Feb 17 00:52:02.833677 2026] [php:error] [pid 53971] [client 194.61.40.52:0] script '/domains/king1969/load-scripts.php' not found or unable to stat
[Tue Feb 17 00:52:03.085322 2026] [php:error] [pid 53971] [client 194.61.40.52:0] script '/domains/king1969/load-styles.php' not found or unable to stat
[Tue Feb 17 00:52:03.161194 2026] [php:error] [pid 53968] [client 193.56.116.206:0] script '/domains/oneylaw/images/file.php' not found or unable to stat
[Tue Feb 17 00:52:03.348852 2026] [php:error] [pid 53971] [client 194.61.40.52:0] script '/domains/king1969/options-discussion.php' not found or unable to stat
[Tue Feb 17 00:52:03.624728 2026] [php:error] [pid 53971] [client 194.61.40.52:0] script '/domains/king1969/options-general.php' not found or unable to stat
[Tue Feb 17 00:52:03.950580 2026] [php:error] [pid 53971] [client 194.61.40.52:0] script '/domains/king1969/options-permalink.php' not found or unable to stat
[Tue Feb 17 00:52:04.236020 2026] [php:error] [pid 53971] [client 194.61.40.52:0] script '/domains/king1969/options-privacy.php' not found or unable to stat
[Tue Feb 17 00:52:04.536723 2026] [php:error] [pid 53971] [client 194.61.40.52:0] script '/domains/king1969/options-reading.php' not found or unable to stat
[Tue Feb 17 00:52:04.844175 2026] [php:error] [pid 53971] [client 194.61.40.52:0] script '/domains/king1969/options-writing.php' not found or unable to stat
[Tue Feb 17 00:52:05.130133 2026] [php:error] [pid 53971] [client 194.61.40.52:0] script '/domains/king1969/post-new.php' not found or unable to stat
[Tue Feb 17 00:52:05.432879 2026] [php:error] [pid 53971] [client 194.61.40.52:0] script '/domains/king1969/privacy.php' not found or unable to stat
[Tue Feb 17 00:52:05.748126 2026] [php:error] [pid 53971] [client 194.61.40.52:0] script '/domains/king1969/profile.php' not found or unable to stat
[Tue Feb 17 00:52:06.050527 2026] [php:error] [pid 53971] [client 194.61.40.52:0] script '/domains/king1969/site-health.php' not found or unable to stat
[Tue Feb 17 00:52:06.341971 2026] [php:error] [pid 53971] [client 194.61.40.52:0] script '/domains/king1969/tools.php' not found or unable to stat
[Tue Feb 17 00:52:06.629408 2026] [php:error] [pid 53971] [client 194.61.40.52:0] script '/domains/king1969/update-core.php' not found or unable to stat
[Tue Feb 17 00:52:06.932271 2026] [php:error] [pid 53971] [client 194.61.40.52:0] script '/domains/king1969/user-edit.php' not found or unable to stat
[Tue Feb 17 00:52:07.223500 2026] [php:error] [pid 53971] [client 194.61.40.52:0] script '/domains/king1969/user-new.php' not found or unable to stat
[Tue Feb 17 00:52:07.527727 2026] [php:error] [pid 53971] [client 194.61.40.52:0] script '/domains/king1969/wp-cron.php' not found or unable to stat
[Tue Feb 17 00:52:08.170583 2026] [php:error] [pid 53971] [client 194.61.40.52:0] script '/domains/king1969/bar.php' not found or unable to stat
[Tue Feb 17 00:52:08.446027 2026] [php:error] [pid 53971] [client 194.61.40.52:0] script '/domains/king1969/samll.php' not found or unable to stat
[Tue Feb 17 00:52:08.688973 2026] [php:error] [pid 53971] [client 194.61.40.52:0] script '/domains/king1969/webdb.php' not found or unable to stat
[Tue Feb 17 00:52:08.979909 2026] [php:error] [pid 53971] [client 194.61.40.52:0] script '/domains/king1969/100.php' not found or unable to stat
[Tue Feb 17 00:52:09.274345 2026] [php:error] [pid 53971] [client 194.61.40.52:0] script '/domains/king1969/plugin-install.php' not found or unable to stat
[Tue Feb 17 00:52:09.567679 2026] [php:error] [pid 53971] [client 194.61.40.52:0] script '/domains/king1969/km.php' not found or unable to stat
[Tue Feb 17 00:52:09.841830 2026] [php:error] [pid 53971] [client 194.61.40.52:0] script '/domains/king1969/LA.php' not found or unable to stat
[Tue Feb 17 00:52:10.131564 2026] [php:error] [pid 53971] [client 194.61.40.52:0] script '/domains/king1969/wp-good.php' not found or unable to stat
[Tue Feb 17 00:52:10.633713 2026] [php:error] [pid 53971] [client 194.61.40.52:0] script '/domains/king1969/wp-ldd.php' not found or unable to stat
[Tue Feb 17 00:52:11.100425 2026] [php:error] [pid 53955] [client 145.239.10.137:0] script '/domains/gk3c/p.php' not found or unable to stat, referer: http://cluffassociates.com/p.php
[Tue Feb 17 00:52:11.236371 2026] [php:error] [pid 53971] [client 194.61.40.52:0] script '/domains/king1969/sgd.php' not found or unable to stat
[Tue Feb 17 00:52:11.623844 2026] [php:error] [pid 53971] [client 194.61.40.52:0] script '/domains/king1969/wzy.php' not found or unable to stat
[Tue Feb 17 00:52:12.457369 2026] [php:error] [pid 53971] [client 194.61.40.52:0] script '/domains/king1969/chosen.php' not found or unable to stat
[Tue Feb 17 00:52:13.026916 2026] [php:error] [pid 53971] [client 194.61.40.52:0] script '/domains/king1969/wp-signup.php' not found or unable to stat
[Tue Feb 17 00:52:14.242027 2026] [php:error] [pid 53971] [client 194.61.40.52:0] script '/domains/king1969/class.php' not found or unable to stat
[Tue Feb 17 00:52:14.844186 2026] [php:error] [pid 53971] [client 194.61.40.52:0] script '/domains/king1969/Njima.php' not found or unable to stat
[Tue Feb 17 00:52:16.261135 2026] [php:error] [pid 53971] [client 194.61.40.52:0] script '/domains/king1969/FroggBaba.php' not found or unable to stat
[Tue Feb 17 00:52:17.322716 2026] [php:error] [pid 53971] [client 194.61.40.52:0] script '/domains/king1969/sts.php' not found or unable to stat
[Tue Feb 17 00:52:19.061343 2026] [php:error] [pid 53971] [client 194.61.40.52:0] script '/domains/king1969/st.php' not found or unable to stat
[Tue Feb 17 00:52:19.278491 2026] [php:error] [pid 53971] [client 194.61.40.52:0] script '/domains/king1969/GA13.php' not found or unable to stat
[Tue Feb 17 00:52:21.376917 2026] [php:error] [pid 53971] [client 194.61.40.52:0] script '/domains/king1969/crop.php' not found or unable to stat
[Tue Feb 17 00:52:22.140955 2026] [php:error] [pid 53971] [client 194.61.40.52:0] script '/domains/king1969/gali.php' not found or unable to stat
[Tue Feb 17 00:52:22.932782 2026] [php:error] [pid 53971] [client 194.61.40.52:0] script '/domains/king1969/dir.php' not found or unable to stat
[Tue Feb 17 00:52:23.167423 2026] [php:error] [pid 53971] [client 194.61.40.52:0] script '/domains/king1969/dirs.php' not found or unable to stat
