[Tue Feb 17 01:57:30.533631 2026] [php:error] [pid 65842] [client 20.24.204.137:0] script '/domains/rainho/wp-act.php' not found or unable to stat
[Tue Feb 17 01:57:30.734062 2026] [php:error] [pid 65827] [client 20.205.115.105:0] script '/domains/system_default/payment.php' not found or unable to stat
[Tue Feb 17 01:57:30.744322 2026] [php:error] [pid 65842] [client 20.24.204.137:0] script '/domains/rainho/moshou.php' not found or unable to stat
[Tue Feb 17 01:57:30.951197 2026] [php:error] [pid 65827] [client 20.205.115.105:0] script '/domains/system_default/plugins.php' not found or unable to stat
[Tue Feb 17 01:57:31.037019 2026] [php:error] [pid 65842] [client 20.24.204.137:0] script '/domains/rainho/seetox.php' not found or unable to stat
[Tue Feb 17 01:57:31.168222 2026] [php:error] [pid 65827] [client 20.205.115.105:0] script '/domains/system_default/server_info.php' not found or unable to stat
[Tue Feb 17 01:57:31.247576 2026] [php:error] [pid 65842] [client 20.24.204.137:0] script '/domains/rainho/dom.php' not found or unable to stat
[Tue Feb 17 01:57:31.458228 2026] [php:error] [pid 65842] [client 20.24.204.137:0] script '/domains/rainho/ws60.php' not found or unable to stat
[Tue Feb 17 01:57:31.608084 2026] [php:error] [pid 65827] [client 20.205.115.105:0] script '/domains/system_default/moded.php' not found or unable to stat
[Tue Feb 17 01:57:31.671089 2026] [php:error] [pid 65842] [client 20.24.204.137:0] script '/domains/rainho/samiri.php' not found or unable to stat
[Tue Feb 17 01:57:31.826122 2026] [php:error] [pid 65827] [client 20.205.115.105:0] script '/domains/system_default/h.php' not found or unable to stat
[Tue Feb 17 01:57:31.887420 2026] [php:error] [pid 65842] [client 20.24.204.137:0] script '/domains/rainho/plugins.php' not found or unable to stat
[Tue Feb 17 01:57:32.043134 2026] [php:error] [pid 65827] [client 20.205.115.105:0] script '/domains/system_default/checkbex.php' not found or unable to stat
[Tue Feb 17 01:57:32.139858 2026] [php:error] [pid 65842] [client 20.24.204.137:0] script '/domains/rainho/xoot.php' not found or unable to stat
[Tue Feb 17 01:57:32.260828 2026] [php:error] [pid 65827] [client 20.205.115.105:0] script '/domains/system_default/ds.php' not found or unable to stat
[Tue Feb 17 01:57:32.364836 2026] [php:error] [pid 65842] [client 20.24.204.137:0] script '/domains/rainho/X57.php' not found or unable to stat
[Tue Feb 17 01:57:32.485419 2026] [php:error] [pid 65827] [client 20.205.115.105:0] script '/domains/system_default/en.php' not found or unable to stat
[Tue Feb 17 01:57:32.583886 2026] [php:error] [pid 65842] [client 20.24.204.137:0] script '/domains/rainho/vx.php' not found or unable to stat
[Tue Feb 17 01:57:32.702133 2026] [php:error] [pid 65827] [client 20.205.115.105:0] script '/domains/system_default/owlmailer.php' not found or unable to stat
[Tue Feb 17 01:57:32.824513 2026] [php:error] [pid 65842] [client 20.24.204.137:0] script '/domains/rainho/file59.php' not found or unable to stat
[Tue Feb 17 01:57:32.919501 2026] [php:error] [pid 65827] [client 20.205.115.105:0] script '/domains/system_default/api.php' not found or unable to stat
[Tue Feb 17 01:57:33.136254 2026] [php:error] [pid 65827] [client 20.205.115.105:0] script '/domains/system_default/gf.php' not found or unable to stat
[Tue Feb 17 01:57:33.261486 2026] [php:error] [pid 65842] [client 20.24.204.137:0] script '/domains/rainho/shas.php' not found or unable to stat
[Tue Feb 17 01:57:33.353019 2026] [php:error] [pid 65827] [client 20.205.115.105:0] script '/domains/system_default/styles.php' not found or unable to stat
[Tue Feb 17 01:57:33.490086 2026] [php:error] [pid 65842] [client 20.24.204.137:0] script '/domains/rainho/xa.php' not found or unable to stat
[Tue Feb 17 01:57:33.595082 2026] [php:error] [pid 65827] [client 20.205.115.105:0] script '/domains/system_default/infophp.php' not found or unable to stat
[Tue Feb 17 01:57:33.708002 2026] [php:error] [pid 65842] [client 20.24.204.137:0] script '/domains/rainho/xda.php' not found or unable to stat
[Tue Feb 17 01:57:33.840181 2026] [php:error] [pid 65838] [client 34.96.162.57:0] script '/domains/machinadynamica/adminer-db.php' not found or unable to stat
[Tue Feb 17 01:57:33.919020 2026] [php:error] [pid 65842] [client 20.24.204.137:0] script '/domains/rainho/er.php' not found or unable to stat
[Tue Feb 17 01:57:34.033694 2026] [php:error] [pid 65827] [client 20.205.115.105:0] script '/domains/system_default/depotcv.php' not found or unable to stat
[Tue Feb 17 01:57:34.133320 2026] [php:error] [pid 65842] [client 20.24.204.137:0] script '/domains/rainho/fault.php' not found or unable to stat
[Tue Feb 17 01:57:34.344061 2026] [php:error] [pid 65842] [client 20.24.204.137:0] script '/domains/rainho/motu.php' not found or unable to stat
[Tue Feb 17 01:57:34.562629 2026] [php:error] [pid 65842] [client 20.24.204.137:0] script '/domains/rainho/66.php' not found or unable to stat
[Tue Feb 17 01:57:34.694754 2026] [php:error] [pid 65827] [client 20.205.115.105:0] script '/domains/system_default/gebase.php' not found or unable to stat
[Tue Feb 17 01:57:34.773553 2026] [php:error] [pid 65842] [client 20.24.204.137:0] script '/domains/rainho/leuk.php' not found or unable to stat
[Tue Feb 17 01:57:34.911785 2026] [php:error] [pid 65827] [client 20.205.115.105:0] script '/domains/system_default/NewFile.php' not found or unable to stat
[Tue Feb 17 01:57:34.985914 2026] [php:error] [pid 65842] [client 20.24.204.137:0] script '/domains/rainho/xqq.php' not found or unable to stat
[Tue Feb 17 01:57:35.129075 2026] [php:error] [pid 65827] [client 20.205.115.105:0] script '/domains/system_default/wp-crom.php' not found or unable to stat
[Tue Feb 17 01:57:35.196589 2026] [php:error] [pid 65842] [client 20.24.204.137:0] script '/domains/rainho/kolda.php' not found or unable to stat
[Tue Feb 17 01:57:35.346264 2026] [php:error] [pid 65827] [client 20.205.115.105:0] script '/domains/system_default/engine.php' not found or unable to stat
[Tue Feb 17 01:57:35.419880 2026] [php:error] [pid 65842] [client 20.24.204.137:0] script '/domains/rainho/nw.php' not found or unable to stat
[Tue Feb 17 01:57:35.563017 2026] [php:error] [pid 65827] [client 20.205.115.105:0] script '/domains/system_default/data.php' not found or unable to stat
[Tue Feb 17 01:57:35.631463 2026] [php:error] [pid 65842] [client 20.24.204.137:0] script '/domains/rainho/god.php' not found or unable to stat
[Tue Feb 17 01:57:35.888760 2026] [php:error] [pid 65842] [client 20.24.204.137:0] script '/domains/rainho/666.php' not found or unable to stat
[Tue Feb 17 01:57:36.001338 2026] [php:error] [pid 65827] [client 20.205.115.105:0] script '/domains/system_default/disagraeosc.php' not found or unable to stat
[Tue Feb 17 01:57:36.192217 2026] [php:error] [pid 65842] [client 20.24.204.137:0] script '/domains/rainho/kj.php' not found or unable to stat
[Tue Feb 17 01:57:36.221484 2026] [php:error] [pid 65827] [client 20.205.115.105:0] script '/domains/system_default/uuj9wgn1.php' not found or unable to stat
[Tue Feb 17 01:57:36.423823 2026] [php:error] [pid 65842] [client 20.24.204.137:0] script '/domains/rainho/un.php' not found or unable to stat
[Tue Feb 17 01:57:36.437902 2026] [php:error] [pid 65827] [client 20.205.115.105:0] script '/domains/system_default/config_load.php' not found or unable to stat
[Tue Feb 17 01:57:36.645532 2026] [php:error] [pid 65842] [client 20.24.204.137:0] script '/domains/rainho/fs.php' not found or unable to stat
[Tue Feb 17 01:57:36.658579 2026] [php:error] [pid 65827] [client 20.205.115.105:0] script '/domains/system_default/sim.php' not found or unable to stat
[Tue Feb 17 01:57:36.856538 2026] [php:error] [pid 65842] [client 20.24.204.137:0] script '/domains/rainho/ms.php' not found or unable to stat
[Tue Feb 17 01:57:36.875018 2026] [php:error] [pid 65827] [client 20.205.115.105:0] script '/domains/system_default/inf.php' not found or unable to stat
[Tue Feb 17 01:57:37.091863 2026] [php:error] [pid 65827] [client 20.205.115.105:0] script '/domains/system_default/optimizer.php' not found or unable to stat
[Tue Feb 17 01:57:37.201976 2026] [php:error] [pid 65842] [client 20.24.204.137:0] script '/domains/rainho/login8.php' not found or unable to stat
[Tue Feb 17 01:57:37.308558 2026] [php:error] [pid 65827] [client 20.205.115.105:0] script '/domains/system_default/gettest.php' not found or unable to stat
[Tue Feb 17 01:57:37.510503 2026] [php:error] [pid 65842] [client 20.24.204.137:0] script '/domains/rainho/nnyvn.php' not found or unable to stat
[Tue Feb 17 01:57:37.526784 2026] [php:error] [pid 65827] [client 20.205.115.105:0] script '/domains/system_default/aks.php' not found or unable to stat
[Tue Feb 17 01:57:37.721781 2026] [php:error] [pid 65842] [client 20.24.204.137:0] script '/domains/rainho/cu.php' not found or unable to stat
[Tue Feb 17 01:57:37.743779 2026] [php:error] [pid 65827] [client 20.205.115.105:0] script '/domains/system_default/nice.php' not found or unable to stat
[Tue Feb 17 01:57:37.938343 2026] [php:error] [pid 65842] [client 20.24.204.137:0] script '/domains/rainho/lul.php' not found or unable to stat
[Tue Feb 17 01:57:37.961306 2026] [php:error] [pid 65827] [client 20.205.115.105:0] script '/domains/system_default/admin-header.php' not found or unable to stat
[Tue Feb 17 01:57:38.149095 2026] [php:error] [pid 65842] [client 20.24.204.137:0] script '/domains/rainho/0.php' not found or unable to stat
[Tue Feb 17 01:57:38.360075 2026] [php:error] [pid 65842] [client 20.24.204.137:0] script '/domains/rainho/ms-edit.php' not found or unable to stat
[Tue Feb 17 01:57:38.395040 2026] [php:error] [pid 65827] [client 20.205.115.105:0] script '/domains/system_default/c.php' not found or unable to stat
[Tue Feb 17 01:57:38.611552 2026] [php:error] [pid 65827] [client 20.205.115.105:0] script '/domains/system_default/dfgev2ig.php' not found or unable to stat
[Tue Feb 17 01:57:38.758020 2026] [php:error] [pid 65842] [client 20.24.204.137:0] script '/domains/rainho/ya.php' not found or unable to stat
[Tue Feb 17 01:57:38.831224 2026] [php:error] [pid 65827] [client 20.205.115.105:0] script '/domains/system_default/wizard.php' not found or unable to stat
[Tue Feb 17 01:57:38.980016 2026] [php:error] [pid 65842] [client 20.24.204.137:0] script '/domains/rainho/grsiuk.php' not found or unable to stat
[Tue Feb 17 01:57:39.191979 2026] [php:error] [pid 65842] [client 20.24.204.137:0] script '/domains/rainho/wp-blog.php' not found or unable to stat
[Tue Feb 17 01:57:39.289640 2026] [php:error] [pid 65827] [client 20.205.115.105:0] script '/domains/system_default/eplzpmzn.php' not found or unable to stat
[Tue Feb 17 01:57:39.506123 2026] [php:error] [pid 65827] [client 20.205.115.105:0] script '/domains/system_default/jasmine.php' not found or unable to stat
[Tue Feb 17 01:57:39.645691 2026] [php:error] [pid 65842] [client 20.24.204.137:0] script '/domains/rainho/wp-access.php' not found or unable to stat
[Tue Feb 17 01:57:39.856325 2026] [php:error] [pid 65842] [client 20.24.204.137:0] script '/domains/rainho/a1vx.php' not found or unable to stat
[Tue Feb 17 01:57:39.941535 2026] [php:error] [pid 65827] [client 20.205.115.105:0] script '/domains/system_default/phpinfo1.php' not found or unable to stat
[Tue Feb 17 01:57:40.067435 2026] [php:error] [pid 65842] [client 20.24.204.137:0] script '/domains/rainho/sbhu.php' not found or unable to stat
[Tue Feb 17 01:57:40.159327 2026] [php:error] [pid 65827] [client 20.205.115.105:0] script '/domains/system_default/cJLGqzB.php' not found or unable to stat
[Tue Feb 17 01:57:40.278090 2026] [php:error] [pid 65842] [client 20.24.204.137:0] script '/domains/rainho/wp-the.php' not found or unable to stat
[Tue Feb 17 01:57:40.376088 2026] [php:error] [pid 65827] [client 20.205.115.105:0] script '/domains/system_default/lig.php' not found or unable to stat
[Tue Feb 17 01:57:40.488918 2026] [php:error] [pid 65842] [client 20.24.204.137:0] script '/domains/rainho/06.php' not found or unable to stat
[Tue Feb 17 01:57:40.596105 2026] [php:error] [pid 65827] [client 20.205.115.105:0] script '/domains/system_default/addslashes.php' not found or unable to stat
[Tue Feb 17 01:57:40.701087 2026] [php:error] [pid 65842] [client 20.24.204.137:0] script '/domains/rainho/wp5.php' not found or unable to stat
[Tue Feb 17 01:57:40.812948 2026] [php:error] [pid 65827] [client 20.205.115.105:0] script '/domains/system_default/latest-en.php' not found or unable to stat
[Tue Feb 17 01:57:40.914181 2026] [php:error] [pid 65842] [client 20.24.204.137:0] script '/domains/rainho/fot.php' not found or unable to stat
[Tue Feb 17 01:57:41.029953 2026] [php:error] [pid 65827] [client 20.205.115.105:0] script '/domains/system_default/ffAA531.php' not found or unable to stat
[Tue Feb 17 01:57:41.261179 2026] [php:error] [pid 65827] [client 20.205.115.105:0] script '/domains/system_default/smile.php' not found or unable to stat
[Tue Feb 17 01:57:41.285914 2026] [php:error] [pid 65842] [client 20.24.204.137:0] script '/domains/rainho/ff1.php' not found or unable to stat
[Tue Feb 17 01:57:41.478039 2026] [php:error] [pid 65827] [client 20.205.115.105:0] script '/domains/system_default/admin-post.php' not found or unable to stat
[Tue Feb 17 01:57:41.509009 2026] [php:error] [pid 65842] [client 20.24.204.137:0] script '/domains/rainho/forbidals.php' not found or unable to stat
[Tue Feb 17 01:57:41.695393 2026] [php:error] [pid 65827] [client 20.205.115.105:0] script '/domains/system_default/ajax-actions.php' not found or unable to stat
[Tue Feb 17 01:57:41.720840 2026] [php:error] [pid 65842] [client 20.24.204.137:0] script '/domains/rainho/erty.php' not found or unable to stat
[Tue Feb 17 01:57:41.912082 2026] [php:error] [pid 65827] [client 20.205.115.105:0] script '/domains/system_default/upload_handler.php' not found or unable to stat
[Tue Feb 17 01:57:41.933047 2026] [php:error] [pid 65829] [client 62.164.177.252:0] script '/domains/wsmith.enteract/xmlrpc.php' not found or unable to stat
[Tue Feb 17 01:57:42.052788 2026] [php:error] [pid 65842] [client 20.24.204.137:0] script '/domains/rainho/dev1s.php' not found or unable to stat
[Tue Feb 17 01:57:42.263473 2026] [php:error] [pid 65842] [client 20.24.204.137:0] script '/domains/rainho/ffd.php' not found or unable to stat
[Tue Feb 17 01:57:42.346676 2026] [php:error] [pid 65827] [client 20.205.115.105:0] script '/domains/system_default/cangma.php' not found or unable to stat
[Tue Feb 17 01:57:42.477602 2026] [php:error] [pid 65842] [client 20.24.204.137:0] script '/domains/rainho/admiin.php' not found or unable to stat
[Tue Feb 17 01:57:42.700524 2026] [php:error] [pid 65842] [client 20.24.204.137:0] script '/domains/rainho/ol.php' not found or unable to stat
[Tue Feb 17 01:57:42.779416 2026] [php:error] [pid 65827] [client 20.205.115.105:0] script '/domains/system_default/compressor.php' not found or unable to stat
[Tue Feb 17 01:57:42.921942 2026] [php:error] [pid 65842] [client 20.24.204.137:0] script '/domains/rainho/Sanskrit.php' not found or unable to stat
[Tue Feb 17 01:57:42.996045 2026] [php:error] [pid 65827] [client 20.205.115.105:0] script '/domains/system_default/simple.php' not found or unable to stat
[Tue Feb 17 01:57:43.178632 2026] [php:error] [pid 65842] [client 20.24.204.137:0] script '/domains/rainho/vxrl.php' not found or unable to stat
[Tue Feb 17 01:57:43.212473 2026] [php:error] [pid 65827] [client 20.205.115.105:0] script '/domains/system_default/mc.php' not found or unable to stat
[Tue Feb 17 01:57:43.416735 2026] [php:error] [pid 65842] [client 20.24.204.137:0] script '/domains/rainho/re.php' not found or unable to stat
[Tue Feb 17 01:57:43.429208 2026] [php:error] [pid 65827] [client 20.205.115.105:0] script '/domains/system_default/archives.php' not found or unable to stat
[Tue Feb 17 01:57:43.637999 2026] [php:error] [pid 65842] [client 20.24.204.137:0] script '/domains/rainho/num.php' not found or unable to stat
[Tue Feb 17 01:57:43.649784 2026] [php:error] [pid 65827] [client 20.205.115.105:0] script '/domains/system_default/app_dev.php' not found or unable to stat
[Tue Feb 17 01:57:43.870902 2026] [php:error] [pid 65827] [client 20.205.115.105:0] script '/domains/system_default/AUHZ05.php' not found or unable to stat
[Tue Feb 17 01:57:43.906934 2026] [php:error] [pid 65842] [client 20.24.204.137:0] script '/domains/rainho/axx.php' not found or unable to stat
[Tue Feb 17 01:57:44.120973 2026] [php:error] [pid 65842] [client 20.24.204.137:0] script '/domains/rainho/vxrl.php' not found or unable to stat
[Tue Feb 17 01:57:44.304788 2026] [php:error] [pid 65827] [client 20.205.115.105:0] script '/domains/system_default/ioxi01.php' not found or unable to stat
[Tue Feb 17 01:57:44.385303 2026] [php:error] [pid 65842] [client 20.24.204.137:0] script '/domains/rainho/in.php' not found or unable to stat
[Tue Feb 17 01:57:44.523722 2026] [php:error] [pid 65827] [client 20.205.115.105:0] script '/domains/system_default/rlpc.php' not found or unable to stat
[Tue Feb 17 01:57:44.597301 2026] [php:error] [pid 65842] [client 20.24.204.137:0] script '/domains/rainho/style.php' not found or unable to stat
[Tue Feb 17 01:57:44.807857 2026] [php:error] [pid 65842] [client 20.24.204.137:0] script '/domains/rainho/we.php' not found or unable to stat
[Tue Feb 17 01:57:44.957181 2026] [php:error] [pid 65827] [client 20.205.115.105:0] script '/domains/system_default/migrate.php' not found or unable to stat
[Tue Feb 17 01:57:45.026453 2026] [php:error] [pid 65842] [client 20.24.204.137:0] script '/domains/rainho/zwso.php' not found or unable to stat
[Tue Feb 17 01:57:45.174019 2026] [php:error] [pid 65827] [client 20.205.115.105:0] script '/domains/system_default/loghandler.php' not found or unable to stat
[Tue Feb 17 01:57:45.237045 2026] [php:error] [pid 65842] [client 20.24.204.137:0] script '/domains/rainho/karak.php' not found or unable to stat
[Tue Feb 17 01:57:45.390888 2026] [php:error] [pid 65827] [client 20.205.115.105:0] script '/domains/system_default/gold.php' not found or unable to stat
[Tue Feb 17 01:57:45.448151 2026] [php:error] [pid 65842] [client 20.24.204.137:0] script '/domains/rainho/prv8.php' not found or unable to stat
[Tue Feb 17 01:57:45.607968 2026] [php:error] [pid 65827] [client 20.205.115.105:0] script '/domains/system_default/wp-plugins.php' not found or unable to stat
[Tue Feb 17 01:57:45.699143 2026] [php:error] [pid 65842] [client 20.24.204.137:0] script '/domains/rainho/i.php' not found or unable to stat
[Tue Feb 17 01:57:45.833660 2026] [php:error] [pid 65827] [client 20.205.115.105:0] script '/domains/system_default/lock.php' not found or unable to stat
[Tue Feb 17 01:57:45.970156 2026] [php:error] [pid 65842] [client 20.24.204.137:0] script '/domains/rainho/a.php' not found or unable to stat
[Tue Feb 17 01:57:46.264736 2026] [php:error] [pid 65842] [client 20.24.204.137:0] script '/domains/rainho/xmlrpc.php' not found or unable to stat
[Tue Feb 17 01:57:46.266617 2026] [php:error] [pid 65827] [client 20.205.115.105:0] script '/domains/system_default/api_logs.php' not found or unable to stat
[Tue Feb 17 01:57:46.484070 2026] [php:error] [pid 65827] [client 20.205.115.105:0] script '/domains/system_default/download.php' not found or unable to stat
[Tue Feb 17 01:57:46.592071 2026] [php:error] [pid 65842] [client 20.24.204.137:0] script '/domains/rainho/aw.php' not found or unable to stat
[Tue Feb 17 01:57:46.701354 2026] [php:error] [pid 65827] [client 20.205.115.105:0] script '/domains/system_default/default-constants.php' not found or unable to stat
[Tue Feb 17 01:57:46.810626 2026] [php:error] [pid 65842] [client 20.24.204.137:0] script '/domains/rainho/dev.php' not found or unable to stat
[Tue Feb 17 01:57:46.918113 2026] [php:error] [pid 65827] [client 20.205.115.105:0] script '/domains/system_default/dqbayyrz.php' not found or unable to stat
[Tue Feb 17 01:57:47.027475 2026] [php:error] [pid 65842] [client 20.24.204.137:0] script '/domains/rainho/lock360.php' not found or unable to stat
[Tue Feb 17 01:57:47.138607 2026] [php:error] [pid 65827] [client 20.205.115.105:0] script '/domains/system_default/j.php' not found or unable to stat
[Tue Feb 17 01:57:47.238527 2026] [php:error] [pid 65842] [client 20.24.204.137:0] script '/domains/rainho/155.php' not found or unable to stat
[Tue Feb 17 01:57:47.357576 2026] [php:error] [pid 65827] [client 20.205.115.105:0] script '/domains/system_default/logs.php' not found or unable to stat
[Tue Feb 17 01:57:47.452913 2026] [php:error] [pid 65842] [client 20.24.204.137:0] script '/domains/rainho/goat.php' not found or unable to stat
[Tue Feb 17 01:57:47.576028 2026] [php:error] [pid 65827] [client 20.205.115.105:0] script '/domains/system_default/wp-log1n.php' not found or unable to stat
[Tue Feb 17 01:57:47.694712 2026] [php:error] [pid 65842] [client 20.24.204.137:0] script '/domains/rainho/tcp.php' not found or unable to stat
[Tue Feb 17 01:57:47.919804 2026] [php:error] [pid 65842] [client 20.24.204.137:0] script '/domains/rainho/ext.php' not found or unable to stat
[Tue Feb 17 01:57:48.015741 2026] [php:error] [pid 65827] [client 20.205.115.105:0] script '/domains/system_default/admin-heade.php' not found or unable to stat
[Tue Feb 17 01:57:48.196718 2026] [php:error] [pid 65842] [client 20.24.204.137:0] script '/domains/rainho/inputs.php' not found or unable to stat
[Tue Feb 17 01:57:48.232672 2026] [php:error] [pid 65827] [client 20.205.115.105:0] script '/domains/system_default/Password.php' not found or unable to stat
[Tue Feb 17 01:57:48.407813 2026] [php:error] [pid 65842] [client 20.24.204.137:0] script '/domains/rainho/ioxi.php' not found or unable to stat
[Tue Feb 17 01:57:48.449783 2026] [php:error] [pid 65827] [client 20.205.115.105:0] script '/domains/system_default/fierzashell.php' not found or unable to stat
[Tue Feb 17 01:57:48.624225 2026] [php:error] [pid 65842] [client 20.24.204.137:0] script '/domains/rainho/fe5.php' not found or unable to stat
[Tue Feb 17 01:57:48.666568 2026] [php:error] [pid 65827] [client 20.205.115.105:0] script '/domains/system_default/source.php' not found or unable to stat
[Tue Feb 17 01:57:48.840442 2026] [php:error] [pid 65842] [client 20.24.204.137:0] script '/domains/rainho/ov.php' not found or unable to stat
[Tue Feb 17 01:57:48.883097 2026] [php:error] [pid 65827] [client 20.205.115.105:0] script '/domains/system_default/class-db.php' not found or unable to stat
[Tue Feb 17 01:57:49.099688 2026] [php:error] [pid 65827] [client 20.205.115.105:0] script '/domains/system_default/excel.php' not found or unable to stat
[Tue Feb 17 01:57:49.266671 2026] [php:error] [pid 65842] [client 20.24.204.137:0] script '/domains/rainho/default.php' not found or unable to stat
[Tue Feb 17 01:57:49.316233 2026] [php:error] [pid 65827] [client 20.205.115.105:0] script '/domains/system_default/makhdmax.php' not found or unable to stat
[Tue Feb 17 01:57:49.513318 2026] [php:error] [pid 65842] [client 20.24.204.137:0] script '/domains/rainho/goods.php' not found or unable to stat
[Tue Feb 17 01:57:49.539511 2026] [php:error] [pid 65827] [client 20.205.115.105:0] script '/domains/system_default/wso2.php' not found or unable to stat
[Tue Feb 17 01:57:49.756427 2026] [php:error] [pid 65827] [client 20.205.115.105:0] script '/domains/system_default/role.php' not found or unable to stat
[Tue Feb 17 01:57:49.787215 2026] [php:error] [pid 65842] [client 20.24.204.137:0] script '/domains/rainho/abcd.php' not found or unable to stat
[Tue Feb 17 01:57:49.976496 2026] [php:error] [pid 65827] [client 20.205.115.105:0] script '/domains/system_default/menu-header.php' not found or unable to stat
[Tue Feb 17 01:57:50.025807 2026] [php:error] [pid 65842] [client 20.24.204.137:0] script '/domains/rainho/class.1.php' not found or unable to stat
[Tue Feb 17 01:57:50.193264 2026] [php:error] [pid 65827] [client 20.205.115.105:0] script '/domains/system_default/cms.php' not found or unable to stat
[Tue Feb 17 01:57:50.236561 2026] [php:error] [pid 65842] [client 20.24.204.137:0] script '/domains/rainho/async.php' not found or unable to stat
[Tue Feb 17 01:57:50.414790 2026] [php:error] [pid 65827] [client 20.205.115.105:0] script '/domains/system_default/phpinfo3.php' not found or unable to stat
[Tue Feb 17 01:57:50.454976 2026] [php:error] [pid 65842] [client 20.24.204.137:0] script '/domains/rainho/ff.php' not found or unable to stat
[Tue Feb 17 01:57:50.631671 2026] [php:error] [pid 65827] [client 20.205.115.105:0] script '/domains/system_default/kill.php' not found or unable to stat
[Tue Feb 17 01:57:50.667000 2026] [php:error] [pid 65842] [client 20.24.204.137:0] script '/domains/rainho/ioxi-o.php' not found or unable to stat
[Tue Feb 17 01:57:50.877562 2026] [php:error] [pid 65842] [client 20.24.204.137:0] script '/domains/rainho/manager.php' not found or unable to stat
[Tue Feb 17 01:57:51.065540 2026] [php:error] [pid 65827] [client 20.205.115.105:0] script '/domains/system_default/thumbnail.php' not found or unable to stat
[Tue Feb 17 01:57:51.108257 2026] [php:error] [pid 65842] [client 20.24.204.137:0] script '/domains/rainho/wp-update.php' not found or unable to stat
[Tue Feb 17 01:57:51.319933 2026] [php:error] [pid 65842] [client 20.24.204.137:0] script '/domains/rainho/file.php' not found or unable to stat
[Tue Feb 17 01:57:51.504933 2026] [php:error] [pid 65827] [client 20.205.115.105:0] script '/domains/system_default/qfunctions.php' not found or unable to stat
[Tue Feb 17 01:57:51.722130 2026] [php:error] [pid 65827] [client 20.205.115.105:0] script '/domains/system_default/media-upload.php' not found or unable to stat
[Tue Feb 17 01:57:51.741038 2026] [php:error] [pid 65842] [client 20.24.204.137:0] script '/domains/rainho/lc.php' not found or unable to stat
[Tue Feb 17 01:57:51.939012 2026] [php:error] [pid 65827] [client 20.205.115.105:0] script '/domains/system_default/shellx.php' not found or unable to stat
[Tue Feb 17 01:57:52.128608 2026] [php:error] [pid 65842] [client 20.24.204.137:0] script '/domains/rainho/cbrfo.php' not found or unable to stat
[Tue Feb 17 01:57:52.155888 2026] [php:error] [pid 65827] [client 20.205.115.105:0] script '/domains/system_default/headerg.php' not found or unable to stat
[Tue Feb 17 01:57:52.339216 2026] [php:error] [pid 65842] [client 20.24.204.137:0] script '/domains/rainho/inc.php' not found or unable to stat
[Tue Feb 17 01:57:52.372495 2026] [php:error] [pid 65827] [client 20.205.115.105:0] script '/domains/system_default/reg.php' not found or unable to stat
[Tue Feb 17 01:57:52.813220 2026] [php:error] [pid 65834] [client 20.205.115.105:0] script '/domains/system_default/wsoyanzfv3.php' not found or unable to stat
[Tue Feb 17 01:57:52.905143 2026] [php:error] [pid 65842] [client 20.24.204.137:0] script '/domains/rainho/gifclass.php' not found or unable to stat
[Tue Feb 17 01:57:53.024372 2026] [php:error] [pid 65834] [client 20.205.115.105:0] script '/domains/system_default/luuf.php' not found or unable to stat
[Tue Feb 17 01:57:53.156185 2026] [php:error] [pid 65842] [client 20.24.204.137:0] script '/domains/rainho/miansha.php' not found or unable to stat
[Tue Feb 17 01:57:53.367018 2026] [php:error] [pid 65842] [client 20.24.204.137:0] script '/domains/rainho/tinyfilemanager.php' not found or unable to stat
[Tue Feb 17 01:57:53.454273 2026] [php:error] [pid 65834] [client 20.205.115.105:0] script '/domains/system_default/class-wp-ajax-response.php' not found or unable to stat
[Tue Feb 17 01:57:53.593678 2026] [php:error] [pid 65842] [client 20.24.204.137:0] script '/domains/rainho/admin.php' not found or unable to stat
[Tue Feb 17 01:57:53.665096 2026] [php:error] [pid 65834] [client 20.205.115.105:0] script '/domains/system_default/test_info.php' not found or unable to stat
[Tue Feb 17 01:57:53.817797 2026] [php:error] [pid 65842] [client 20.24.204.137:0] script '/domains/rainho/ok.php' not found or unable to stat
[Tue Feb 17 01:57:53.875973 2026] [php:error] [pid 65834] [client 20.205.115.105:0] script '/domains/system_default/priv8.php' not found or unable to stat
[Tue Feb 17 01:57:54.049436 2026] [php:error] [pid 65842] [client 20.24.204.137:0] script '/domains/rainho/fi.php' not found or unable to stat
[Tue Feb 17 01:57:54.089835 2026] [php:error] [pid 65834] [client 20.205.115.105:0] script '/domains/system_default/pinuseren.php' not found or unable to stat
[Tue Feb 17 01:57:54.263025 2026] [php:error] [pid 65842] [client 20.24.204.137:0] script '/domains/rainho/muzu.php' not found or unable to stat
[Tue Feb 17 01:57:54.302491 2026] [php:error] [pid 65834] [client 20.205.115.105:0] script '/domains/system_default/users.php' not found or unable to stat
[Tue Feb 17 01:57:54.481516 2026] [php:error] [pid 65842] [client 20.24.204.137:0] script '/domains/rainho/reze.php' not found or unable to stat
[Tue Feb 17 01:57:54.515572 2026] [php:error] [pid 65834] [client 20.205.115.105:0] script '/domains/system_default/mcs.php' not found or unable to stat
[Tue Feb 17 01:57:54.702573 2026] [php:error] [pid 65842] [client 20.24.204.137:0] script '/domains/rainho/styll.php' not found or unable to stat
[Tue Feb 17 01:57:54.730878 2026] [php:error] [pid 65834] [client 20.205.115.105:0] script '/domains/system_default/mariju.php' not found or unable to stat
[Tue Feb 17 01:57:54.915994 2026] [php:error] [pid 65842] [client 20.24.204.137:0] script '/domains/rainho/x7.php' not found or unable to stat
[Tue Feb 17 01:57:54.942286 2026] [php:error] [pid 65834] [client 20.205.115.105:0] script '/domains/system_default/IOptimize.php' not found or unable to stat
[Tue Feb 17 01:57:55.126835 2026] [php:error] [pid 65842] [client 20.24.204.137:0] script '/domains/rainho/thebe.php' not found or unable to stat
[Tue Feb 17 01:57:55.154095 2026] [php:error] [pid 65834] [client 20.205.115.105:0] script '/domains/system_default/image.php' not found or unable to stat
[Tue Feb 17 01:57:55.351629 2026] [php:error] [pid 65842] [client 20.24.204.137:0] script '/domains/rainho/ddd.php' not found or unable to stat
[Tue Feb 17 01:57:55.367025 2026] [php:error] [pid 65834] [client 20.205.115.105:0] script '/domains/system_default/s.php' not found or unable to stat
[Tue Feb 17 01:57:55.568676 2026] [php:error] [pid 65842] [client 20.24.204.137:0] script '/domains/rainho/bgymj.php' not found or unable to stat
[Tue Feb 17 01:57:55.584970 2026] [php:error] [pid 65834] [client 20.205.115.105:0] script '/domains/system_default/old.php' not found or unable to stat
[Tue Feb 17 01:57:55.779407 2026] [php:error] [pid 65842] [client 20.24.204.137:0] script '/domains/rainho/8xyz.php' not found or unable to stat
[Tue Feb 17 01:57:55.795626 2026] [php:error] [pid 65834] [client 20.205.115.105:0] script '/domains/system_default/issue.php' not found or unable to stat
[Tue Feb 17 01:57:55.990180 2026] [php:error] [pid 65842] [client 20.24.204.137:0] script '/domains/rainho/ioxi.php' not found or unable to stat
[Tue Feb 17 01:57:56.010403 2026] [php:error] [pid 65834] [client 20.205.115.105:0] script '/domains/system_default/Xsam_Xadoo_00Bot.php' not found or unable to stat
[Tue Feb 17 01:57:56.203070 2026] [php:error] [pid 65842] [client 20.24.204.137:0] script '/domains/rainho/xpwer1.php' not found or unable to stat
[Tue Feb 17 01:57:56.222775 2026] [php:error] [pid 65834] [client 20.205.115.105:0] script '/domains/system_default/options-discussion.php' not found or unable to stat
[Tue Feb 17 01:57:56.413836 2026] [php:error] [pid 65842] [client 20.24.204.137:0] script '/domains/rainho/lala.php' not found or unable to stat
[Tue Feb 17 01:57:56.433604 2026] [php:error] [pid 65834] [client 20.205.115.105:0] script '/domains/system_default/wp-login.php' not found or unable to stat
[Tue Feb 17 01:57:56.644746 2026] [php:error] [pid 65834] [client 20.205.115.105:0] script '/domains/system_default/1post.php' not found or unable to stat
[Tue Feb 17 01:57:56.645266 2026] [php:error] [pid 65842] [client 20.24.204.137:0] script '/domains/rainho/about.php' not found or unable to stat
[Tue Feb 17 01:57:56.855611 2026] [php:error] [pid 65834] [client 20.205.115.105:0] script '/domains/system_default/smaxx.php' not found or unable to stat
[Tue Feb 17 01:57:57.067029 2026] [php:error] [pid 65834] [client 20.205.115.105:0] script '/domains/system_default/delete3.php' not found or unable to stat
[Tue Feb 17 01:57:57.278079 2026] [php:error] [pid 65834] [client 20.205.115.105:0] script '/domains/system_default/_adminer.php' not found or unable to stat
[Tue Feb 17 01:57:57.492797 2026] [php:error] [pid 65834] [client 20.205.115.105:0] script '/domains/system_default/Auth.php' not found or unable to stat
[Tue Feb 17 01:57:57.703819 2026] [php:error] [pid 65834] [client 20.205.115.105:0] script '/domains/system_default/me.php' not found or unable to stat
[Tue Feb 17 01:57:57.709079 2026] [php:error] [pid 65842] [client 20.24.204.137:0] script '/domains/rainho/info.php' not found or unable to stat
[Tue Feb 17 01:57:57.915355 2026] [php:error] [pid 65834] [client 20.205.115.105:0] script '/domains/system_default/analytics.php' not found or unable to stat
[Tue Feb 17 01:57:57.934749 2026] [php:error] [pid 65842] [client 20.24.204.137:0] script '/domains/rainho/about.php' not found or unable to stat
[Tue Feb 17 01:57:58.140869 2026] [php:error] [pid 65834] [client 20.205.115.105:0] script '/domains/system_default/rfgsrd.php' not found or unable to stat
[Tue Feb 17 01:57:58.146381 2026] [php:error] [pid 65818] [client 173.249.9.17:0] script '/domains/performancepartsinc/env.php' not found or unable to stat
[Tue Feb 17 01:57:58.352321 2026] [php:error] [pid 65834] [client 20.205.115.105:0] script '/domains/system_default/5173e.php' not found or unable to stat
[Tue Feb 17 01:57:58.361455 2026] [php:error] [pid 65842] [client 20.24.204.137:0] script '/domains/rainho/222.php' not found or unable to stat
[Tue Feb 17 01:57:58.563685 2026] [php:error] [pid 65834] [client 20.205.115.105:0] script '/domains/system_default/malware.php' not found or unable to stat
[Tue Feb 17 01:57:58.572323 2026] [php:error] [pid 65842] [client 20.24.204.137:0] script '/domains/rainho/adminfuns.php' not found or unable to stat
[Tue Feb 17 01:57:58.794305 2026] [php:error] [pid 65834] [client 20.205.115.105:0] script '/domains/system_default/yut.php' not found or unable to stat
[Tue Feb 17 01:57:58.799483 2026] [php:error] [pid 65818] [client 173.249.9.17:0] script '/domains/performancepartsinc/config.php' not found or unable to stat
[Tue Feb 17 01:57:59.002395 2026] [php:error] [pid 65842] [client 20.24.204.137:0] script '/domains/rainho/xx.php' not found or unable to stat
[Tue Feb 17 01:57:59.007284 2026] [php:error] [pid 65834] [client 20.205.115.105:0] script '/domains/system_default/nowpf.php' not found or unable to stat
[Tue Feb 17 01:57:59.223136 2026] [php:error] [pid 65834] [client 20.205.115.105:0] script '/domains/system_default/nywmftcj.php' not found or unable to stat
[Tue Feb 17 01:57:59.434153 2026] [php:error] [pid 65834] [client 20.205.115.105:0] script '/domains/system_default/minik.php' not found or unable to stat
[Tue Feb 17 01:57:59.470661 2026] [php:error] [pid 65842] [client 20.24.204.137:0] script '/domains/rainho/f5.php' not found or unable to stat
[Tue Feb 17 01:57:59.645476 2026] [php:error] [pid 65834] [client 20.205.115.105:0] script '/domains/system_default/uwu.php' not found or unable to stat
[Tue Feb 17 01:57:59.706460 2026] [php:error] [pid 65842] [client 20.24.204.137:0] script '/domains/rainho/flower.php' not found or unable to stat
[Tue Feb 17 01:57:59.864387 2026] [php:error] [pid 65834] [client 20.205.115.105:0] script '/domains/system_default/wp-taglin.php' not found or unable to stat
[Tue Feb 17 01:57:59.919636 2026] [php:error] [pid 65842] [client 20.24.204.137:0] script '/domains/rainho/f6.php' not found or unable to stat
[Tue Feb 17 01:58:00.130400 2026] [php:error] [pid 65842] [client 20.24.204.137:0] script '/domains/rainho/edit.php' not found or unable to stat
[Tue Feb 17 01:58:00.288964 2026] [php:error] [pid 65834] [client 20.205.115.105:0] script '/domains/system_default/AE5VAL.php' not found or unable to stat
[Tue Feb 17 01:58:00.500231 2026] [php:error] [pid 65834] [client 20.205.115.105:0] script '/domains/system_default/root.php' not found or unable to stat
[Tue Feb 17 01:58:00.713929 2026] [php:error] [pid 65834] [client 20.205.115.105:0] script '/domains/system_default/defaults.php' not found or unable to stat
[Tue Feb 17 01:58:00.793681 2026] [php:error] [pid 65842] [client 20.24.204.137:0] script '/domains/rainho/av.php' not found or unable to stat
[Tue Feb 17 01:58:00.924759 2026] [php:error] [pid 65834] [client 20.205.115.105:0] script '/domains/system_default/eNtnKM.php' not found or unable to stat
[Tue Feb 17 01:58:01.135891 2026] [php:error] [pid 65834] [client 20.205.115.105:0] script '/domains/system_default/berlin.php' not found or unable to stat
[Tue Feb 17 01:58:01.222088 2026] [php:error] [pid 65842] [client 20.24.204.137:0] script '/domains/rainho/wsd.php' not found or unable to stat
[Tue Feb 17 01:58:01.454680 2026] [php:error] [pid 65842] [client 20.24.204.137:0] script '/domains/rainho/jane.php' not found or unable to stat
[Tue Feb 17 01:58:01.560604 2026] [php:error] [pid 65834] [client 20.205.115.105:0] script '/domains/system_default/extractable-loader-head.php' not found or unable to stat
[Tue Feb 17 01:58:01.666175 2026] [php:error] [pid 65842] [client 20.24.204.137:0] script '/domains/rainho/css.php' not found or unable to stat
[Tue Feb 17 01:58:01.802109 2026] [php:error] [pid 65834] [client 20.205.115.105:0] script '/domains/system_default/hinfofuns.php' not found or unable to stat
[Tue Feb 17 01:58:01.882587 2026] [php:error] [pid 65842] [client 20.24.204.137:0] script '/domains/rainho/alfa.php' not found or unable to stat
[Tue Feb 17 01:58:02.016641 2026] [php:error] [pid 65834] [client 20.205.115.105:0] script '/domains/system_default/wp-aa.php' not found or unable to stat
[Tue Feb 17 01:58:02.102669 2026] [php:error] [pid 65842] [client 20.24.204.137:0] script '/domains/rainho/wen.php' not found or unable to stat
[Tue Feb 17 01:58:02.269620 2026] [php:error] [pid 65834] [client 20.205.115.105:0] script '/domains/system_default/444.php' not found or unable to stat
[Tue Feb 17 01:58:02.331411 2026] [php:error] [pid 65842] [client 20.24.204.137:0] script '/domains/rainho/x.php' not found or unable to stat
[Tue Feb 17 01:58:02.542709 2026] [php:error] [pid 65842] [client 20.24.204.137:0] script '/domains/rainho/xxxx.php' not found or unable to stat
[Tue Feb 17 01:58:02.693197 2026] [php:error] [pid 65834] [client 20.205.115.105:0] script '/domains/system_default/orqdvcag.php' not found or unable to stat
[Tue Feb 17 01:58:02.756089 2026] [php:error] [pid 65842] [client 20.24.204.137:0] script '/domains/rainho/class.php' not found or unable to stat
[Tue Feb 17 01:58:02.905795 2026] [php:error] [pid 65834] [client 20.205.115.105:0] script '/domains/system_default/zjifnzog.php' not found or unable to stat
[Tue Feb 17 01:58:02.978766 2026] [php:error] [pid 65842] [client 20.24.204.137:0] script '/domains/rainho/f35.php' not found or unable to stat
[Tue Feb 17 01:58:03.116721 2026] [php:error] [pid 65834] [client 20.205.115.105:0] script '/domains/system_default/db.php' not found or unable to stat
[Tue Feb 17 01:58:03.327998 2026] [php:error] [pid 65834] [client 20.205.115.105:0] script '/domains/system_default/ioxi02.php' not found or unable to stat
[Tue Feb 17 01:58:03.539108 2026] [php:error] [pid 65834] [client 20.205.115.105:0] script '/domains/system_default/adminer-4.3.0.php' not found or unable to stat
[Tue Feb 17 01:58:03.751180 2026] [php:error] [pid 65834] [client 20.205.115.105:0] script '/domains/system_default/ms-themes.php' not found or unable to stat
[Tue Feb 17 01:58:03.893178 2026] [php:error] [pid 65842] [client 20.24.204.137:0] script '/domains/rainho/class-t.api.php' not found or unable to stat
[Tue Feb 17 01:58:03.965407 2026] [php:error] [pid 65834] [client 20.205.115.105:0] script '/domains/system_default/mari.php' not found or unable to stat
[Tue Feb 17 01:58:04.123084 2026] [php:error] [pid 65842] [client 20.24.204.137:0] script '/domains/rainho/blurbs18.php' not found or unable to stat
[Tue Feb 17 01:58:04.176674 2026] [php:error] [pid 65834] [client 20.205.115.105:0] script '/domains/system_default/bmlfvgdl.php' not found or unable to stat
[Tue Feb 17 01:58:04.391822 2026] [php:error] [pid 65834] [client 20.205.115.105:0] script '/domains/system_default/mah.php' not found or unable to stat
[Tue Feb 17 01:58:04.602637 2026] [php:error] [pid 65834] [client 20.205.115.105:0] script '/domains/system_default/daddy.php' not found or unable to stat
[Tue Feb 17 01:58:04.813524 2026] [php:error] [pid 65834] [client 20.205.115.105:0] script '/domains/system_default/lalala.php' not found or unable to stat
[Tue Feb 17 01:58:05.024418 2026] [php:error] [pid 65834] [client 20.205.115.105:0] script '/domains/system_default/api_upload.php' not found or unable to stat
[Tue Feb 17 01:58:05.419133 2026] [php:error] [pid 65818] [client 173.249.9.17:0] script '/domains/performancepartsinc/configuration.php' not found or unable to stat
[Tue Feb 17 01:58:05.457210 2026] [php:error] [pid 65834] [client 20.205.115.105:0] script '/domains/system_default/newsr.php' not found or unable to stat
[Tue Feb 17 01:58:05.705867 2026] [php:error] [pid 65842] [client 20.24.204.137:0] script '/domains/rainho/bless11.php' not found or unable to stat
[Tue Feb 17 01:58:05.879396 2026] [php:error] [pid 65834] [client 20.205.115.105:0] script '/domains/system_default/sidebarg.php' not found or unable to stat
[Tue Feb 17 01:58:05.923558 2026] [php:error] [pid 65842] [client 20.24.204.137:0] script '/domains/rainho/init.php' not found or unable to stat
[Tue Feb 17 01:58:06.113914 2026] [php:error] [pid 65834] [client 20.205.115.105:0] script '/domains/system_default/crack_self_restore.php' not found or unable to stat
[Tue Feb 17 01:58:06.132710 2026] [php:error] [pid 65818] [client 173.249.9.17:0] script '/domains/performancepartsinc/settings.php' not found or unable to stat
[Tue Feb 17 01:58:06.328568 2026] [php:error] [pid 65834] [client 20.205.115.105:0] script '/domains/system_default/php_editor.php' not found or unable to stat
[Tue Feb 17 01:58:06.345259 2026] [php:error] [pid 65842] [client 20.24.204.137:0] script '/domains/rainho/k.php' not found or unable to stat
[Tue Feb 17 01:58:06.539748 2026] [php:error] [pid 65834] [client 20.205.115.105:0] script '/domains/system_default/shell20211022.php' not found or unable to stat
[Tue Feb 17 01:58:06.556995 2026] [php:error] [pid 65842] [client 20.24.204.137:0] script '/domains/rainho/bless.php' not found or unable to stat
[Tue Feb 17 01:58:06.752796 2026] [php:error] [pid 65834] [client 20.205.115.105:0] script '/domains/system_default/utchiha505.php' not found or unable to stat
[Tue Feb 17 01:58:06.767779 2026] [php:error] [pid 65842] [client 20.24.204.137:0] script '/domains/rainho/X7x.php' not found or unable to stat
[Tue Feb 17 01:58:06.963638 2026] [php:error] [pid 65834] [client 20.205.115.105:0] script '/domains/system_default/mirasvit_adminer_425.php' not found or unable to stat
[Tue Feb 17 01:58:06.978965 2026] [php:error] [pid 65842] [client 20.24.204.137:0] script '/domains/rainho/166.php' not found or unable to stat
[Tue Feb 17 01:58:06.993040 2026] [php:error] [pid 65818] [client 173.249.9.17:0] script '/domains/performancepartsinc/database.php' not found or unable to stat
[Tue Feb 17 01:58:07.159643 2026] [php:error] [pid 65818] [client 173.249.9.17:0] script '/domains/performancepartsinc/db.php' not found or unable to stat
[Tue Feb 17 01:58:07.174465 2026] [php:error] [pid 65834] [client 20.205.115.105:0] script '/domains/system_default/aa.php' not found or unable to stat
[Tue Feb 17 01:58:07.190056 2026] [php:error] [pid 65842] [client 20.24.204.137:0] script '/domains/rainho/plss3.php' not found or unable to stat
[Tue Feb 17 01:58:07.385437 2026] [php:error] [pid 65834] [client 20.205.115.105:0] script '/domains/system_default/yl10gohp.php' not found or unable to stat
[Tue Feb 17 01:58:07.596190 2026] [php:error] [pid 65834] [client 20.205.115.105:0] script '/domains/system_default/class-wp-image-editor-imagick-interface.php' not found or unable to stat
[Tue Feb 17 01:58:07.614966 2026] [php:error] [pid 65842] [client 20.24.204.137:0] script '/domains/rainho/admins.php' not found or unable to stat
[Tue Feb 17 01:58:07.806986 2026] [php:error] [pid 65834] [client 20.205.115.105:0] script '/domains/system_default/options.php' not found or unable to stat
[Tue Feb 17 01:58:07.826314 2026] [php:error] [pid 65842] [client 20.24.204.137:0] script '/domains/rainho/wp.php' not found or unable to stat
[Tue Feb 17 01:58:08.028704 2026] [php:error] [pid 65834] [client 20.205.115.105:0] script '/domains/system_default/GOD.php' not found or unable to stat
[Tue Feb 17 01:58:08.037063 2026] [php:error] [pid 65842] [client 20.24.204.137:0] script '/domains/rainho/main.php' not found or unable to stat
[Tue Feb 17 01:58:08.263010 2026] [php:error] [pid 65834] [client 20.205.115.105:0] script '/domains/system_default/my.php' not found or unable to stat
[Tue Feb 17 01:58:08.326123 2026] [php:error] [pid 65842] [client 20.24.204.137:0] script '/domains/rainho/a1.php' not found or unable to stat
[Tue Feb 17 01:58:08.475467 2026] [php:error] [pid 65834] [client 20.205.115.105:0] script '/domains/system_default/eq2hbpgs.php' not found or unable to stat
[Tue Feb 17 01:58:08.536586 2026] [php:error] [pid 65842] [client 20.24.204.137:0] script '/domains/rainho/lala.php' not found or unable to stat
[Tue Feb 17 01:58:08.686617 2026] [php:error] [pid 65834] [client 20.205.115.105:0] script '/domains/system_default/0z.php' not found or unable to stat
[Tue Feb 17 01:58:08.750958 2026] [php:error] [pid 65842] [client 20.24.204.137:0] script '/domains/rainho/aaa.php' not found or unable to stat
[Tue Feb 17 01:58:08.898573 2026] [php:error] [pid 65834] [client 20.205.115.105:0] script '/domains/system_default/down.php' not found or unable to stat
[Tue Feb 17 01:58:08.961782 2026] [php:error] [pid 65842] [client 20.24.204.137:0] script '/domains/rainho/a2.php' not found or unable to stat
[Tue Feb 17 01:58:09.109510 2026] [php:error] [pid 65834] [client 20.205.115.105:0] script '/domains/system_default/2index.php' not found or unable to stat
[Tue Feb 17 01:58:09.341072 2026] [php:error] [pid 65834] [client 20.205.115.105:0] script '/domains/system_default/ms-upgrade-network.php' not found or unable to stat
[Tue Feb 17 01:58:09.406997 2026] [php:error] [pid 65842] [client 20.24.204.137:0] script '/domains/rainho/jsond.php' not found or unable to stat
[Tue Feb 17 01:58:09.551954 2026] [php:error] [pid 65834] [client 20.205.115.105:0] script '/domains/system_default/wp-settings.php' not found or unable to stat
[Tue Feb 17 01:58:09.763368 2026] [php:error] [pid 65834] [client 20.205.115.105:0] script '/domains/system_default/wficyctk.php' not found or unable to stat
[Tue Feb 17 01:58:09.974454 2026] [php:error] [pid 65834] [client 20.205.115.105:0] script '/domains/system_default/mirasvit_adminer-4.2.3.php' not found or unable to stat
[Tue Feb 17 01:58:10.185279 2026] [php:error] [pid 65834] [client 20.205.115.105:0] script '/domains/system_default/qaivbilq.php' not found or unable to stat
[Tue Feb 17 01:58:10.396350 2026] [php:error] [pid 65834] [client 20.205.115.105:0] script '/domains/system_default/taf.php' not found or unable to stat
[Tue Feb 17 01:58:10.470779 2026] [php:error] [pid 65818] [client 173.249.9.17:0] script '/domains/performancepartsinc/wp-config.php' not found or unable to stat
[Tue Feb 17 01:58:10.578829 2026] [php:error] [pid 65829] [client 35.247.243.245:0] script '/domains/machinadynamica/adminer-5.4.0.php' not found or unable to stat
[Tue Feb 17 01:58:10.590976 2026] [php:error] [pid 65818] [client 173.249.9.17:0] script '/domains/performancepartsinc/wp-config.php.bak' not found or unable to stat
[Tue Feb 17 01:58:10.607463 2026] [php:error] [pid 65834] [client 20.205.115.105:0] script '/domains/system_default/OA1sSIWxZLY.php' not found or unable to stat
[Tue Feb 17 01:58:10.819502 2026] [php:error] [pid 65834] [client 20.205.115.105:0] script '/domains/system_default/haiterus.php' not found or unable to stat
[Tue Feb 17 01:58:10.999428 2026] [php:error] [pid 65818] [client 173.249.9.17:0] script '/domains/performancepartsinc/config.inc.php' not found or unable to stat
[Tue Feb 17 01:58:11.030805 2026] [php:error] [pid 65834] [client 20.205.115.105:0] script '/domains/system_default/cron.php' not found or unable to stat
[Tue Feb 17 01:58:11.242794 2026] [php:error] [pid 65834] [client 20.205.115.105:0] script '/domains/system_default/wp-2020.php' not found or unable to stat
[Tue Feb 17 01:58:11.453590 2026] [php:error] [pid 65834] [client 20.205.115.105:0] script '/domains/system_default/predeploy.php' not found or unable to stat
[Tue Feb 17 01:58:11.470040 2026] [php:error] [pid 65818] [client 173.249.9.17:0] script '/domains/performancepartsinc/phpinfo.php' not found or unable to stat
[Tue Feb 17 01:58:26.356480 2026] [php:error] [pid 65846] [client 35.247.243.250:0] script '/domains/machinadynamica/adminer-5.0.5-mysql-en.php' not found or unable to stat
[Tue Feb 17 01:58:31.253117 2026] [php:error] [pid 65848] [client 34.96.162.62:0] script '/domains/machinadynamica/adminer-5.4.0.php' not found or unable to stat
[Tue Feb 17 01:58:35.247622 2026] [php:error] [pid 65856] [client 51.107.69.151:0] script '/domains/system_suspended/pass4.php' not found or unable to stat
[Tue Feb 17 01:58:35.352844 2026] [php:error] [pid 65856] [client 51.107.69.151:0] script '/domains/system_suspended/term.php' not found or unable to stat
[Tue Feb 17 01:58:35.484315 2026] [php:error] [pid 65856] [client 51.107.69.151:0] script '/domains/system_suspended/lp6.php' not found or unable to stat
