[Tue Feb 17 03:14:09.502163 2026] [php:error] [pid 78225] [client 20.100.191.215:0] script '/domains/proinc/bjfl.php' not found or unable to stat
[Tue Feb 17 03:14:09.599805 2026] [php:error] [pid 78225] [client 20.100.191.215:0] script '/domains/proinc/vx.php' not found or unable to stat
[Tue Feb 17 03:14:09.702863 2026] [php:error] [pid 78225] [client 20.100.191.215:0] script '/domains/proinc/jga.php' not found or unable to stat
[Tue Feb 17 03:14:10.054379 2026] [php:error] [pid 78225] [client 20.100.191.215:0] script '/domains/proinc/a4.php' not found or unable to stat
[Tue Feb 17 03:14:10.252280 2026] [php:error] [pid 78225] [client 20.100.191.215:0] script '/domains/proinc/inege.php' not found or unable to stat
[Tue Feb 17 03:14:11.691653 2026] [php:error] [pid 78228] [client 34.96.162.61:0] script '/domains/machinadynamica/adminer-4.7.7.php' not found or unable to stat
[Tue Feb 17 03:14:13.766310 2026] [php:error] [pid 78224] [client 51.107.69.151:0] script '/domains/system_default/pass4.php' not found or unable to stat
[Tue Feb 17 03:14:13.866145 2026] [php:error] [pid 78224] [client 51.107.69.151:0] script '/domains/system_default/term.php' not found or unable to stat
[Tue Feb 17 03:14:13.968301 2026] [php:error] [pid 78224] [client 51.107.69.151:0] script '/domains/system_default/lp6.php' not found or unable to stat
[Tue Feb 17 03:14:14.072474 2026] [php:error] [pid 78224] [client 51.107.69.151:0] script '/domains/system_default/we.php' not found or unable to stat
[Tue Feb 17 03:14:14.179775 2026] [php:error] [pid 78224] [client 51.107.69.151:0] script '/domains/system_default/asax.php' not found or unable to stat
[Tue Feb 17 03:14:14.289127 2026] [php:error] [pid 78224] [client 51.107.69.151:0] script '/domains/system_default/co.php' not found or unable to stat
[Tue Feb 17 03:14:14.399456 2026] [php:error] [pid 78224] [client 51.107.69.151:0] script '/domains/system_default/wp-k3w6g9s4h2.php' not found or unable to stat
[Tue Feb 17 03:14:14.498849 2026] [php:error] [pid 78224] [client 51.107.69.151:0] script '/domains/system_default/ahax.php' not found or unable to stat
[Tue Feb 17 03:14:14.598731 2026] [php:error] [pid 78224] [client 51.107.69.151:0] script '/domains/system_default/Okxob.php' not found or unable to stat
[Tue Feb 17 03:14:14.711447 2026] [php:error] [pid 78224] [client 51.107.69.151:0] script '/domains/system_default/acfdr.php' not found or unable to stat
[Tue Feb 17 03:14:14.810973 2026] [php:error] [pid 78224] [client 51.107.69.151:0] script '/domains/system_default/init.php' not found or unable to stat
[Tue Feb 17 03:14:14.921954 2026] [php:error] [pid 78224] [client 51.107.69.151:0] script '/domains/system_default/themes.php' not found or unable to stat
[Tue Feb 17 03:14:15.023529 2026] [php:error] [pid 78224] [client 51.107.69.151:0] script '/domains/system_default/ff.php' not found or unable to stat
[Tue Feb 17 03:14:15.123558 2026] [php:error] [pid 78224] [client 51.107.69.151:0] script '/domains/system_default/ak.php' not found or unable to stat
[Tue Feb 17 03:14:15.269243 2026] [php:error] [pid 78224] [client 51.107.69.151:0] script '/domains/system_default/bjfl.php' not found or unable to stat
[Tue Feb 17 03:14:15.380094 2026] [php:error] [pid 78224] [client 51.107.69.151:0] script '/domains/system_default/vx.php' not found or unable to stat
[Tue Feb 17 03:14:15.491138 2026] [php:error] [pid 78224] [client 51.107.69.151:0] script '/domains/system_default/jga.php' not found or unable to stat
[Tue Feb 17 03:14:15.674061 2026] [php:error] [pid 78224] [client 51.107.69.151:0] script '/domains/system_default/a4.php' not found or unable to stat
[Tue Feb 17 03:14:15.877111 2026] [php:error] [pid 78224] [client 51.107.69.151:0] script '/domains/system_default/inege.php' not found or unable to stat
[Tue Feb 17 03:14:16.530767 2026] [php:error] [pid 83859] [client 35.247.243.251:0] script '/domains/machinadynamica/adminer-5.3.0-en.php' not found or unable to stat
[Tue Feb 17 03:14:17.434122 2026] [core:crit] [pid 78226] (13)Permission denied: [client 114.119.134.230:0] AH00529: /domains/performancepartsinc/graphics/psd/.htaccess pcfg_openfile: unable to check htaccess file, ensure it is readable and that '/domains/performancepartsinc/graphics/psd/' is executable, referer: http://www.performancepartsinc.com/graphics/psd/q.php?%2Fsexuall-dating-in-cold-spring%2F
[Tue Feb 17 03:14:19.611943 2026] [php:error] [pid 78225] [client 35.247.243.244:0] script '/domains/machinadynamica/adminer-5.2.1-mysql.php' not found or unable to stat
[Tue Feb 17 03:14:23.088860 2026] [php:error] [pid 78223] [client 37.77.150.124:0] script '/domains/ebon/wp-login.php' not found or unable to stat, referer: http://nervepool.net/wp-login.php
[Tue Feb 17 03:14:24.733884 2026] [php:error] [pid 78228] [client 35.247.243.252:0] script '/domains/machinadynamica/adminer-5.2.0-en.php' not found or unable to stat
[Tue Feb 17 03:14:25.167839 2026] [core:crit] [pid 83859] (13)Permission denied: [client 3.222.85.38:0] AH00529: /domains/performancepartsinc/graphics/psd/.htaccess pcfg_openfile: unable to check htaccess file, ensure it is readable and that '/domains/performancepartsinc/graphics/psd/' is executable
[Tue Feb 17 03:14:26.537964 2026] [php:error] [pid 78217] [client 37.77.150.124:0] script '/domains/ebon/xmlrpc.php' not found or unable to stat, referer: http://nervepool.net/xmlrpc.php
[Tue Feb 17 03:14:27.762683 2026] [php:error] [pid 78223] [client 35.247.243.253:0] script '/domains/machinadynamica/adminer-5.1.1.php' not found or unable to stat
[Tue Feb 17 03:14:30.150666 2026] [php:error] [pid 78228] [client 35.247.243.250:0] script '/domains/machinadynamica/adminer-5.1.0.php' not found or unable to stat
[Tue Feb 17 03:14:32.519393 2026] [php:error] [pid 83859] [client 34.96.162.60:0] script '/domains/machinadynamica/adminer-4.8.1-mysql.php' not found or unable to stat
[Tue Feb 17 03:14:43.296413 2026] [php:error] [pid 83859] [client 35.247.243.240:0] script '/domains/machinadynamica/adminer-5.0.3-mysql.php' not found or unable to stat
[Tue Feb 17 03:14:44.427088 2026] [php:error] [pid 83859] [client 20.203.180.135:0] script '/domains/jeffbell/new4.php' not found or unable to stat
[Tue Feb 17 03:14:44.545038 2026] [php:error] [pid 83859] [client 20.203.180.135:0] script '/domains/jeffbell/xoot.php' not found or unable to stat
[Tue Feb 17 03:14:44.639553 2026] [php:error] [pid 83859] [client 20.203.180.135:0] script '/domains/jeffbell/er.php' not found or unable to stat
[Tue Feb 17 03:14:44.780253 2026] [php:error] [pid 83859] [client 20.203.180.135:0] script '/domains/jeffbell/fault.php' not found or unable to stat
[Tue Feb 17 03:14:44.874547 2026] [php:error] [pid 83859] [client 20.203.180.135:0] script '/domains/jeffbell/x2x.php' not found or unable to stat
[Tue Feb 17 03:14:44.968682 2026] [php:error] [pid 83859] [client 20.203.180.135:0] script '/domains/jeffbell/motu.php' not found or unable to stat
[Tue Feb 17 03:14:45.133469 2026] [php:error] [pid 83859] [client 20.203.180.135:0] script '/domains/jeffbell/66.php' not found or unable to stat
[Tue Feb 17 03:14:45.230622 2026] [php:error] [pid 83859] [client 20.203.180.135:0] script '/domains/jeffbell/leuk.php' not found or unable to stat
[Tue Feb 17 03:14:45.384330 2026] [php:error] [pid 83859] [client 20.203.180.135:0] script '/domains/jeffbell/bc-456.php' not found or unable to stat
[Tue Feb 17 03:14:45.543094 2026] [php:error] [pid 83859] [client 20.203.180.135:0] script '/domains/jeffbell/wo.php' not found or unable to stat
[Tue Feb 17 03:14:45.767948 2026] [php:error] [pid 83859] [client 20.203.180.135:0] script '/domains/jeffbell/bvb.php' not found or unable to stat
[Tue Feb 17 03:14:45.874279 2026] [php:error] [pid 83859] [client 20.203.180.135:0] script '/domains/jeffbell/xqq.php' not found or unable to stat
[Tue Feb 17 03:14:45.968570 2026] [php:error] [pid 83859] [client 20.203.180.135:0] script '/domains/jeffbell/kolda.php' not found or unable to stat
[Tue Feb 17 03:14:46.064358 2026] [php:error] [pid 83859] [client 20.203.180.135:0] script '/domains/jeffbell/nw.php' not found or unable to stat
[Tue Feb 17 03:14:46.162752 2026] [php:error] [pid 83859] [client 20.203.180.135:0] script '/domains/jeffbell/god.php' not found or unable to stat
[Tue Feb 17 03:14:46.260918 2026] [php:error] [pid 83859] [client 20.203.180.135:0] script '/domains/jeffbell/666.php' not found or unable to stat
[Tue Feb 17 03:14:46.381173 2026] [php:error] [pid 83859] [client 20.203.180.135:0] script '/domains/jeffbell/kj.php' not found or unable to stat
[Tue Feb 17 03:14:46.475062 2026] [php:error] [pid 83859] [client 20.203.180.135:0] script '/domains/jeffbell/un.php' not found or unable to stat
[Tue Feb 17 03:14:46.558824 2026] [php:error] [pid 78228] [client 35.247.243.245:0] script '/domains/machinadynamica/adminer-4.6.1.php' not found or unable to stat
[Tue Feb 17 03:14:46.570076 2026] [php:error] [pid 83859] [client 20.203.180.135:0] script '/domains/jeffbell/fs.php' not found or unable to stat
[Tue Feb 17 03:14:46.682789 2026] [php:error] [pid 83859] [client 20.203.180.135:0] script '/domains/jeffbell/lts.php' not found or unable to stat
[Tue Feb 17 03:14:46.830791 2026] [php:error] [pid 83859] [client 20.203.180.135:0] script '/domains/jeffbell/ms.php' not found or unable to stat
[Tue Feb 17 03:14:46.927007 2026] [php:error] [pid 83859] [client 20.203.180.135:0] script '/domains/jeffbell/login8.php' not found or unable to stat
[Tue Feb 17 03:14:47.028968 2026] [php:error] [pid 83859] [client 20.203.180.135:0] script '/domains/jeffbell/nnyvn.php' not found or unable to stat
[Tue Feb 17 03:14:47.157885 2026] [php:error] [pid 83859] [client 20.203.180.135:0] script '/domains/jeffbell/cu.php' not found or unable to stat
[Tue Feb 17 03:14:47.351289 2026] [php:error] [pid 83859] [client 20.203.180.135:0] script '/domains/jeffbell/lul.php' not found or unable to stat
[Tue Feb 17 03:14:47.581145 2026] [php:error] [pid 83859] [client 20.203.180.135:0] script '/domains/jeffbell/0.php' not found or unable to stat
[Tue Feb 17 03:14:47.675636 2026] [php:error] [pid 83859] [client 20.203.180.135:0] script '/domains/jeffbell/ms-edit.php' not found or unable to stat
[Tue Feb 17 03:14:47.795036 2026] [php:error] [pid 83859] [client 20.203.180.135:0] script '/domains/jeffbell/ya.php' not found or unable to stat
[Tue Feb 17 03:14:47.889516 2026] [php:error] [pid 83859] [client 20.203.180.135:0] script '/domains/jeffbell/grsiuk.php' not found or unable to stat
[Tue Feb 17 03:14:47.983373 2026] [php:error] [pid 83859] [client 20.203.180.135:0] script '/domains/jeffbell/wp-blog.php' not found or unable to stat
[Tue Feb 17 03:14:48.090618 2026] [php:error] [pid 83859] [client 20.203.180.135:0] script '/domains/jeffbell/ftem.php' not found or unable to stat
[Tue Feb 17 03:14:48.184745 2026] [php:error] [pid 83859] [client 20.203.180.135:0] script '/domains/jeffbell/7wom.php' not found or unable to stat
[Tue Feb 17 03:14:48.278488 2026] [php:error] [pid 83859] [client 20.203.180.135:0] script '/domains/jeffbell/wp-access.php' not found or unable to stat
[Tue Feb 17 03:14:48.372649 2026] [php:error] [pid 83859] [client 20.203.180.135:0] script '/domains/jeffbell/a1vx.php' not found or unable to stat
[Tue Feb 17 03:14:48.466314 2026] [php:error] [pid 83859] [client 20.203.180.135:0] script '/domains/jeffbell/sbhu.php' not found or unable to stat
[Tue Feb 17 03:14:48.559972 2026] [php:error] [pid 83859] [client 20.203.180.135:0] script '/domains/jeffbell/wp-the.php' not found or unable to stat
[Tue Feb 17 03:14:48.704169 2026] [php:error] [pid 83859] [client 20.203.180.135:0] script '/domains/jeffbell/06.php' not found or unable to stat
[Tue Feb 17 03:14:48.874752 2026] [php:error] [pid 83859] [client 20.203.180.135:0] script '/domains/jeffbell/wp5.php' not found or unable to stat
[Tue Feb 17 03:14:48.968913 2026] [php:error] [pid 83859] [client 20.203.180.135:0] script '/domains/jeffbell/fot.php' not found or unable to stat
[Tue Feb 17 03:14:49.063107 2026] [php:error] [pid 83859] [client 20.203.180.135:0] script '/domains/jeffbell/ff1.php' not found or unable to stat
[Tue Feb 17 03:14:49.157057 2026] [php:error] [pid 83859] [client 20.203.180.135:0] script '/domains/jeffbell/forbidals.php' not found or unable to stat
[Tue Feb 17 03:14:49.251277 2026] [php:error] [pid 83859] [client 20.203.180.135:0] script '/domains/jeffbell/erty.php' not found or unable to stat
[Tue Feb 17 03:14:49.345377 2026] [php:error] [pid 83859] [client 20.203.180.135:0] script '/domains/jeffbell/dev1s.php' not found or unable to stat
[Tue Feb 17 03:14:49.448674 2026] [php:error] [pid 83859] [client 20.203.180.135:0] script '/domains/jeffbell/ffd.php' not found or unable to stat
[Tue Feb 17 03:14:49.547029 2026] [php:error] [pid 83859] [client 20.203.180.135:0] script '/domains/jeffbell/admiin.php' not found or unable to stat
[Tue Feb 17 03:14:49.706429 2026] [php:error] [pid 83859] [client 20.203.180.135:0] script '/domains/jeffbell/ol.php' not found or unable to stat
[Tue Feb 17 03:14:49.827868 2026] [php:error] [pid 83859] [client 20.203.180.135:0] script '/domains/jeffbell/Sanskrit.php' not found or unable to stat
[Tue Feb 17 03:14:49.921891 2026] [php:error] [pid 83859] [client 20.203.180.135:0] script '/domains/jeffbell/vxrl.php' not found or unable to stat
[Tue Feb 17 03:14:50.269901 2026] [php:error] [pid 83859] [client 20.203.180.135:0] script '/domains/jeffbell/re.php' not found or unable to stat
[Tue Feb 17 03:14:50.382710 2026] [php:error] [pid 83859] [client 20.203.180.135:0] script '/domains/jeffbell/num.php' not found or unable to stat
[Tue Feb 17 03:14:50.479943 2026] [php:error] [pid 83859] [client 20.203.180.135:0] script '/domains/jeffbell/axx.php' not found or unable to stat
[Tue Feb 17 03:14:50.574248 2026] [php:error] [pid 83859] [client 20.203.180.135:0] script '/domains/jeffbell/vxrl.php' not found or unable to stat
[Tue Feb 17 03:14:50.704588 2026] [php:error] [pid 83859] [client 20.203.180.135:0] script '/domains/jeffbell/in.php' not found or unable to stat
[Tue Feb 17 03:14:50.898362 2026] [php:error] [pid 83859] [client 20.203.180.135:0] script '/domains/jeffbell/style.php' not found or unable to stat
[Tue Feb 17 03:14:50.994880 2026] [php:error] [pid 83859] [client 20.203.180.135:0] script '/domains/jeffbell/we.php' not found or unable to stat
[Tue Feb 17 03:14:51.097264 2026] [php:error] [pid 83859] [client 20.203.180.135:0] script '/domains/jeffbell/zwso.php' not found or unable to stat
[Tue Feb 17 03:14:51.208384 2026] [php:error] [pid 83859] [client 20.203.180.135:0] script '/domains/jeffbell/karak.php' not found or unable to stat
[Tue Feb 17 03:14:51.302573 2026] [php:error] [pid 83859] [client 20.203.180.135:0] script '/domains/jeffbell/trd.php' not found or unable to stat
[Tue Feb 17 03:14:51.442634 2026] [php:error] [pid 83859] [client 20.203.180.135:0] script '/domains/jeffbell/past.php' not found or unable to stat
[Tue Feb 17 03:14:51.524417 2026] [php:error] [pid 78228] [client 34.96.162.55:0] script '/domains/machinadynamica/adminer-5.0.6-mysql.php' not found or unable to stat
[Tue Feb 17 03:14:51.539301 2026] [php:error] [pid 83859] [client 20.203.180.135:0] script '/domains/jeffbell/prv8.php' not found or unable to stat
[Tue Feb 17 03:14:51.633101 2026] [php:error] [pid 83859] [client 20.203.180.135:0] script '/domains/jeffbell/i.php' not found or unable to stat
[Tue Feb 17 03:14:52.187399 2026] [php:error] [pid 83859] [client 20.203.180.135:0] script '/domains/jeffbell/xmlrpc.php' not found or unable to stat
[Tue Feb 17 03:14:52.281326 2026] [php:error] [pid 83859] [client 20.203.180.135:0] script '/domains/jeffbell/aw.php' not found or unable to stat
[Tue Feb 17 03:14:52.408968 2026] [php:error] [pid 83859] [client 20.203.180.135:0] script '/domains/jeffbell/dev.php' not found or unable to stat
[Tue Feb 17 03:14:52.727938 2026] [php:error] [pid 83859] [client 20.203.180.135:0] script '/domains/jeffbell/lock360.php' not found or unable to stat
[Tue Feb 17 03:14:52.834940 2026] [php:error] [pid 83859] [client 20.203.180.135:0] script '/domains/jeffbell/155.php' not found or unable to stat
[Tue Feb 17 03:14:52.973160 2026] [php:error] [pid 83859] [client 20.203.180.135:0] script '/domains/jeffbell/goat.php' not found or unable to stat
[Tue Feb 17 03:14:52.984105 2026] [core:crit] [pid 83862] (13)Permission denied: [client 3.216.13.10:0] AH00529: /domains/performancepartsinc/graphics/psd/.htaccess pcfg_openfile: unable to check htaccess file, ensure it is readable and that '/domains/performancepartsinc/graphics/psd/' is executable
[Tue Feb 17 03:14:53.067316 2026] [php:error] [pid 83859] [client 20.203.180.135:0] script '/domains/jeffbell/tcp.php' not found or unable to stat
[Tue Feb 17 03:14:53.161350 2026] [php:error] [pid 83859] [client 20.203.180.135:0] script '/domains/jeffbell/ext.php' not found or unable to stat
[Tue Feb 17 03:14:53.255540 2026] [php:error] [pid 83859] [client 20.203.180.135:0] script '/domains/jeffbell/inputs.php' not found or unable to stat
[Tue Feb 17 03:14:53.351052 2026] [php:error] [pid 83859] [client 20.203.180.135:0] script '/domains/jeffbell/ioxi.php' not found or unable to stat
[Tue Feb 17 03:14:53.468002 2026] [php:error] [pid 83859] [client 20.203.180.135:0] script '/domains/jeffbell/fe5.php' not found or unable to stat
[Tue Feb 17 03:14:53.565792 2026] [php:error] [pid 83859] [client 20.203.180.135:0] script '/domains/jeffbell/ov.php' not found or unable to stat
[Tue Feb 17 03:14:53.662410 2026] [php:error] [pid 83859] [client 20.203.180.135:0] script '/domains/jeffbell/past1.php' not found or unable to stat
[Tue Feb 17 03:14:53.855593 2026] [php:error] [pid 83859] [client 20.203.180.135:0] script '/domains/jeffbell/default.php' not found or unable to stat
[Tue Feb 17 03:14:53.940793 2026] [php:error] [pid 78224] [client 34.96.162.55:0] script '/domains/machinadynamica/adminer-4.8.1-en.php' not found or unable to stat
[Tue Feb 17 03:14:53.954770 2026] [php:error] [pid 83859] [client 20.203.180.135:0] script '/domains/jeffbell/goods.php' not found or unable to stat
[Tue Feb 17 03:14:54.048643 2026] [php:error] [pid 83859] [client 20.203.180.135:0] script '/domains/jeffbell/abcd.php' not found or unable to stat
[Tue Feb 17 03:14:54.142433 2026] [php:error] [pid 83859] [client 20.203.180.135:0] script '/domains/jeffbell/yos.php' not found or unable to stat
[Tue Feb 17 03:14:54.236154 2026] [php:error] [pid 83859] [client 20.203.180.135:0] script '/domains/jeffbell/nope.php' not found or unable to stat
[Tue Feb 17 03:14:54.280759 2026] [authz_core:error] [pid 78223] [client 162.216.16.109:0] AH01630: client denied by server configuration: /
[Tue Feb 17 03:14:54.330085 2026] [php:error] [pid 83859] [client 20.203.180.135:0] script '/domains/jeffbell/class.1.php' not found or unable to stat
[Tue Feb 17 03:14:54.450360 2026] [php:error] [pid 83859] [client 20.203.180.135:0] script '/domains/jeffbell/file5.php' not found or unable to stat
[Tue Feb 17 03:14:54.578400 2026] [php:error] [pid 83859] [client 20.203.180.135:0] script '/domains/jeffbell/async.php' not found or unable to stat
[Tue Feb 17 03:14:54.672452 2026] [php:error] [pid 83859] [client 20.203.180.135:0] script '/domains/jeffbell/ff.php' not found or unable to stat
[Tue Feb 17 03:14:54.767803 2026] [php:error] [pid 83859] [client 20.203.180.135:0] script '/domains/jeffbell/ioxi-o.php' not found or unable to stat
[Tue Feb 17 03:14:54.869528 2026] [php:error] [pid 83859] [client 20.203.180.135:0] script '/domains/jeffbell/manager.php' not found or unable to stat
[Tue Feb 17 03:14:55.358187 2026] [php:error] [pid 83859] [client 20.203.180.135:0] script '/domains/jeffbell/wp-update.php' not found or unable to stat
[Tue Feb 17 03:14:55.452004 2026] [php:error] [pid 83859] [client 20.203.180.135:0] script '/domains/jeffbell/file.php' not found or unable to stat
[Tue Feb 17 03:14:55.640654 2026] [php:error] [pid 83859] [client 20.203.180.135:0] script '/domains/jeffbell/lc.php' not found or unable to stat
[Tue Feb 17 03:14:55.751057 2026] [php:error] [pid 83859] [client 20.203.180.135:0] script '/domains/jeffbell/hexx.php' not found or unable to stat
[Tue Feb 17 03:14:55.845190 2026] [php:error] [pid 83859] [client 20.203.180.135:0] script '/domains/jeffbell/cbrfo.php' not found or unable to stat
[Tue Feb 17 03:14:55.939533 2026] [php:error] [pid 83859] [client 20.203.180.135:0] script '/domains/jeffbell/inc.php' not found or unable to stat
[Tue Feb 17 03:14:56.033293 2026] [php:error] [pid 83859] [client 20.203.180.135:0] script '/domains/jeffbell/gifclass.php' not found or unable to stat
[Tue Feb 17 03:14:56.150286 2026] [php:error] [pid 83859] [client 20.203.180.135:0] script '/domains/jeffbell/miansha.php' not found or unable to stat
[Tue Feb 17 03:14:56.262004 2026] [php:error] [pid 83859] [client 20.203.180.135:0] script '/domains/jeffbell/tinyfilemanager.php' not found or unable to stat
[Tue Feb 17 03:14:56.368115 2026] [php:error] [pid 83859] [client 20.203.180.135:0] script '/domains/jeffbell/xfile25.php' not found or unable to stat
[Tue Feb 17 03:14:56.491013 2026] [php:error] [pid 83859] [client 20.203.180.135:0] script '/domains/jeffbell/ok.php' not found or unable to stat
[Tue Feb 17 03:14:56.602760 2026] [php:error] [pid 78228] [client 35.247.243.244:0] script '/domains/machinadynamica/adminer-4.3.0.php' not found or unable to stat
[Tue Feb 17 03:14:56.646380 2026] [php:error] [pid 83859] [client 20.203.180.135:0] script '/domains/jeffbell/fi.php' not found or unable to stat
[Tue Feb 17 03:14:56.888304 2026] [php:error] [pid 83866] [client 20.203.180.135:0] script '/domains/jeffbell/muzu.php' not found or unable to stat
[Tue Feb 17 03:14:57.026057 2026] [php:error] [pid 83866] [client 20.203.180.135:0] script '/domains/jeffbell/reze.php' not found or unable to stat
[Tue Feb 17 03:14:57.158388 2026] [php:error] [pid 83866] [client 20.203.180.135:0] script '/domains/jeffbell/styll.php' not found or unable to stat
[Tue Feb 17 03:14:57.257583 2026] [php:error] [pid 83866] [client 20.203.180.135:0] script '/domains/jeffbell/x7.php' not found or unable to stat
[Tue Feb 17 03:14:57.359748 2026] [php:error] [pid 83866] [client 20.203.180.135:0] script '/domains/jeffbell/thebe.php' not found or unable to stat
[Tue Feb 17 03:14:57.462503 2026] [php:error] [pid 83866] [client 20.203.180.135:0] script '/domains/jeffbell/ddd.php' not found or unable to stat
[Tue Feb 17 03:14:57.672783 2026] [php:error] [pid 83866] [client 20.203.180.135:0] script '/domains/jeffbell/ccs.php' not found or unable to stat
[Tue Feb 17 03:14:57.943979 2026] [php:error] [pid 83866] [client 20.203.180.135:0] script '/domains/jeffbell/bgymj.php' not found or unable to stat
[Tue Feb 17 03:14:58.043104 2026] [php:error] [pid 83866] [client 20.203.180.135:0] script '/domains/jeffbell/8xyz.php' not found or unable to stat
[Tue Feb 17 03:14:58.177393 2026] [php:error] [pid 83866] [client 20.203.180.135:0] script '/domains/jeffbell/la.php' not found or unable to stat
[Tue Feb 17 03:14:58.275830 2026] [php:error] [pid 83866] [client 20.203.180.135:0] script '/domains/jeffbell/ioxi.php' not found or unable to stat
[Tue Feb 17 03:14:58.385529 2026] [php:error] [pid 83866] [client 20.203.180.135:0] script '/domains/jeffbell/xpwer1.php' not found or unable to stat
[Tue Feb 17 03:14:58.486372 2026] [php:error] [pid 83866] [client 20.203.180.135:0] script '/domains/jeffbell/lala.php' not found or unable to stat
[Tue Feb 17 03:14:58.729746 2026] [php:error] [pid 83866] [client 20.203.180.135:0] script '/domains/jeffbell/about.php' not found or unable to stat
[Tue Feb 17 03:14:59.230982 2026] [php:error] [pid 83866] [client 20.203.180.135:0] script '/domains/jeffbell/info.php' not found or unable to stat
[Tue Feb 17 03:14:59.331307 2026] [php:error] [pid 83866] [client 20.203.180.135:0] script '/domains/jeffbell/about.php' not found or unable to stat
[Tue Feb 17 03:14:59.661164 2026] [php:error] [pid 83866] [client 20.203.180.135:0] script '/domains/jeffbell/222.php' not found or unable to stat
[Tue Feb 17 03:14:59.760488 2026] [php:error] [pid 83866] [client 20.203.180.135:0] script '/domains/jeffbell/adminfuns.php' not found or unable to stat
[Tue Feb 17 03:14:59.981447 2026] [php:error] [pid 83866] [client 20.203.180.135:0] script '/domains/jeffbell/xx.php' not found or unable to stat
[Tue Feb 17 03:15:00.235084 2026] [php:error] [pid 83866] [client 20.203.180.135:0] script '/domains/jeffbell/f5.php' not found or unable to stat
[Tue Feb 17 03:15:00.311225 2026] [authz_core:error] [pid 78224] [client 162.216.16.109:0] AH01630: client denied by server configuration: /
[Tue Feb 17 03:15:00.334023 2026] [php:error] [pid 83866] [client 20.203.180.135:0] script '/domains/jeffbell/flower.php' not found or unable to stat
[Tue Feb 17 03:15:00.433701 2026] [php:error] [pid 83866] [client 20.203.180.135:0] script '/domains/jeffbell/f6.php' not found or unable to stat
[Tue Feb 17 03:15:00.507186 2026] [php:error] [pid 83859] [client 162.216.16.109:0] script '/domains/biehlweb/login.php' not found or unable to stat
[Tue Feb 17 03:15:00.539688 2026] [php:error] [pid 83866] [client 20.203.180.135:0] script '/domains/jeffbell/edit.php' not found or unable to stat
[Tue Feb 17 03:15:00.693093 2026] [php:error] [pid 83866] [client 20.203.180.135:0] script '/domains/jeffbell/aa.php' not found or unable to stat
[Tue Feb 17 03:15:00.965868 2026] [php:error] [pid 83862] [client 162.216.16.109:0] script '/domains/biehlweb/login.php' not found or unable to stat
[Tue Feb 17 03:15:01.061238 2026] [php:error] [pid 83866] [client 20.203.180.135:0] script '/domains/jeffbell/av.php' not found or unable to stat
[Tue Feb 17 03:15:01.148536 2026] [cgi:error] [pid 78223] [client 162.216.16.109:0] AH02811: stderr from /domains/biehlweb/cgi-bin/info.cgi: script not found or unable to stat
[Tue Feb 17 03:15:01.149594 2026] [cgi:error] [pid 83859] [client 162.216.16.109:0] AH02811: stderr from /domains/biehlweb/cgi-bin/info.cgi: script not found or unable to stat
[Tue Feb 17 03:15:01.261365 2026] [php:error] [pid 83866] [client 20.203.180.135:0] script '/domains/jeffbell/wsd.php' not found or unable to stat
[Tue Feb 17 03:15:01.402621 2026] [php:error] [pid 83866] [client 20.203.180.135:0] script '/domains/jeffbell/jane.php' not found or unable to stat
[Tue Feb 17 03:15:01.649343 2026] [php:error] [pid 83866] [client 20.203.180.135:0] script '/domains/jeffbell/css.php' not found or unable to stat
[Tue Feb 17 03:15:01.667063 2026] [cgi:error] [pid 83862] [client 162.216.16.109:0] AH02811: stderr from /domains/biehlweb/cgi-bin/param.cgi: script not found or unable to stat
[Tue Feb 17 03:15:01.667968 2026] [cgi:error] [pid 78228] [client 162.216.16.109:0] AH02811: stderr from /domains/biehlweb/cgi-bin/param.cgi: script not found or unable to stat
[Tue Feb 17 03:15:01.757714 2026] [php:error] [pid 83866] [client 20.203.180.135:0] script '/domains/jeffbell/alfa.php' not found or unable to stat
[Tue Feb 17 03:15:01.856542 2026] [php:error] [pid 83866] [client 20.203.180.135:0] script '/domains/jeffbell/wen.php' not found or unable to stat
[Tue Feb 17 03:15:01.955387 2026] [php:error] [pid 83866] [client 20.203.180.135:0] script '/domains/jeffbell/x.php' not found or unable to stat
[Tue Feb 17 03:15:02.254992 2026] [php:error] [pid 83866] [client 20.203.180.135:0] script '/domains/jeffbell/xxxx.php' not found or unable to stat
[Tue Feb 17 03:15:02.271863 2026] [cgi:error] [pid 78223] [client 162.216.16.109:0] AH02811: stderr from /domains/biehlweb/webportal.cgi: script not found or unable to stat
[Tue Feb 17 03:15:02.353711 2026] [php:error] [pid 83866] [client 20.203.180.135:0] script '/domains/jeffbell/class.php' not found or unable to stat
[Tue Feb 17 03:15:02.374015 2026] [cgi:error] [pid 78223] [client 162.216.16.109:0] AH02811: stderr from /domains/biehlweb/webportal.cgi: script not found or unable to stat
[Tue Feb 17 03:15:02.375294 2026] [cgi:error] [pid 78223] [client 162.216.16.109:0] AH02811: stderr from /domains/biehlweb/cgi-bin/authLogin.cgi: script not found or unable to stat
[Tue Feb 17 03:15:02.452918 2026] [php:error] [pid 83866] [client 20.203.180.135:0] script '/domains/jeffbell/f35.php' not found or unable to stat
[Tue Feb 17 03:15:02.573086 2026] [cgi:error] [pid 78224] [client 162.216.16.109:0] AH02811: stderr from /domains/biehlweb/cgi-bin/authLogin.cgi: script not found or unable to stat
[Tue Feb 17 03:15:03.034463 2026] [php:error] [pid 83866] [client 20.203.180.135:0] script '/domains/jeffbell/class-t.api.php' not found or unable to stat
[Tue Feb 17 03:15:03.139079 2026] [php:error] [pid 83866] [client 20.203.180.135:0] script '/domains/jeffbell/blurbs18.php' not found or unable to stat
[Tue Feb 17 03:15:03.588135 2026] [cgi:error] [pid 83859] [client 162.216.16.109:0] AH02811: stderr from /domains/biehlweb/cgi-bin/meteobridge.cgi: script not found or unable to stat
[Tue Feb 17 03:15:03.692540 2026] [cgi:error] [pid 78224] [client 162.216.16.109:0] AH02811: stderr from /domains/biehlweb/cgi-bin/meteobridge.cgi: script not found or unable to stat
[Tue Feb 17 03:15:03.898871 2026] [cgi:error] [pid 78223] [client 162.216.16.109:0] AH02811: stderr from /domains/biehlweb/cgi-bin/getagent.cgi: script not found or unable to stat
[Tue Feb 17 03:15:03.940528 2026] [php:error] [pid 83866] [client 20.203.180.135:0] script '/domains/jeffbell/bless11.php' not found or unable to stat
[Tue Feb 17 03:15:04.104729 2026] [cgi:error] [pid 83859] [client 162.216.16.109:0] AH02811: stderr from /domains/biehlweb/cgi-bin/getagent.cgi: script not found or unable to stat
[Tue Feb 17 03:15:04.274873 2026] [php:error] [pid 83866] [client 20.203.180.135:0] script '/domains/jeffbell/init.php' not found or unable to stat
[Tue Feb 17 03:15:04.482062 2026] [php:error] [pid 83866] [client 20.203.180.135:0] script '/domains/jeffbell/k.php' not found or unable to stat
[Tue Feb 17 03:15:04.581238 2026] [php:error] [pid 83866] [client 20.203.180.135:0] script '/domains/jeffbell/bless.php' not found or unable to stat
[Tue Feb 17 03:15:04.596278 2026] [authz_core:error] [pid 83862] [client 162.216.16.109:0] AH01630: client denied by server configuration: /
[Tue Feb 17 03:15:04.596601 2026] [authz_core:error] [pid 78228] [client 162.216.16.109:0] AH01630: client denied by server configuration: /
[Tue Feb 17 03:15:04.717716 2026] [php:error] [pid 83866] [client 20.203.180.135:0] script '/domains/jeffbell/X7x.php' not found or unable to stat
[Tue Feb 17 03:15:04.918553 2026] [php:error] [pid 83866] [client 20.203.180.135:0] script '/domains/jeffbell/166.php' not found or unable to stat
[Tue Feb 17 03:15:05.034024 2026] [php:error] [pid 83866] [client 20.203.180.135:0] script '/domains/jeffbell/plss3.php' not found or unable to stat
[Tue Feb 17 03:15:05.232141 2026] [php:error] [pid 83866] [client 20.203.180.135:0] script '/domains/jeffbell/admins.php' not found or unable to stat
[Tue Feb 17 03:15:05.331006 2026] [php:error] [pid 83866] [client 20.203.180.135:0] script '/domains/jeffbell/wp.php' not found or unable to stat
[Tue Feb 17 03:15:05.435474 2026] [php:error] [pid 83866] [client 20.203.180.135:0] script '/domains/jeffbell/main.php' not found or unable to stat
[Tue Feb 17 03:15:05.783344 2026] [php:error] [pid 78228] [client 34.96.162.55:0] script '/domains/machinadynamica/adminer-5.0.1-mysql.php' not found or unable to stat
[Tue Feb 17 03:15:05.834463 2026] [php:error] [pid 83866] [client 20.203.180.135:0] script '/domains/jeffbell/a1.php' not found or unable to stat
[Tue Feb 17 03:15:05.933024 2026] [php:error] [pid 83866] [client 20.203.180.135:0] script '/domains/jeffbell/lala.php' not found or unable to stat
[Tue Feb 17 03:15:06.291041 2026] [php:error] [pid 83866] [client 20.203.180.135:0] script '/domains/jeffbell/aaa.php' not found or unable to stat
[Tue Feb 17 03:15:06.543241 2026] [php:error] [pid 83866] [client 20.203.180.135:0] script '/domains/jeffbell/a2.php' not found or unable to stat
[Tue Feb 17 03:15:06.963542 2026] [php:error] [pid 83866] [client 20.203.180.135:0] script '/domains/jeffbell/nyan.php' not found or unable to stat
[Tue Feb 17 03:15:07.069124 2026] [php:error] [pid 83866] [client 20.203.180.135:0] script '/domains/jeffbell/jsond.php' not found or unable to stat
[Tue Feb 17 03:15:14.163152 2026] [core:crit] [pid 83862] (13)Permission denied: [client 44.223.115.10:0] AH00529: /domains/performancepartsinc/graphics/psd/.htaccess pcfg_openfile: unable to check htaccess file, ensure it is readable and that '/domains/performancepartsinc/graphics/psd/' is executable
[Tue Feb 17 03:15:26.492023 2026] [php:error] [pid 83862] [client 35.247.243.242:0] script '/domains/machinadynamica/adminer-5.0.0-mysql.php' not found or unable to stat
[Tue Feb 17 03:15:39.228570 2026] [php:error] [pid 83869] [client 34.96.162.57:0] script '/domains/machinadynamica/adminer-4.7.0.php' not found or unable to stat
[Tue Feb 17 03:15:41.795040 2026] [php:error] [pid 78223] [client 35.247.243.241:0] script '/domains/machinadynamica/adminer-4.2.5.php' not found or unable to stat
[Tue Feb 17 03:15:42.746019 2026] [php:error] [pid 78228] [client 34.96.162.55:0] script '/domains/machinadynamica/adminer-5.2.0-en.php' not found or unable to stat
[Tue Feb 17 03:15:43.990633 2026] [php:error] [pid 78223] [client 34.96.162.58:0] script '/domains/machinadynamica/sql.php' not found or unable to stat
[Tue Feb 17 03:15:47.417679 2026] [core:crit] [pid 78223] (13)Permission denied: [client 35.153.86.200:0] AH00529: /domains/performancepartsinc/graphics/psd/.htaccess pcfg_openfile: unable to check htaccess file, ensure it is readable and that '/domains/performancepartsinc/graphics/psd/' is executable
[Tue Feb 17 03:15:54.299387 2026] [php:error] [pid 83873] [client 51.107.69.151:0] script '/domains/proinc/pass4.php' not found or unable to stat
[Tue Feb 17 03:15:54.392832 2026] [php:error] [pid 83873] [client 51.107.69.151:0] script '/domains/proinc/term.php' not found or unable to stat
[Tue Feb 17 03:15:54.494788 2026] [php:error] [pid 83873] [client 51.107.69.151:0] script '/domains/proinc/lp6.php' not found or unable to stat
[Tue Feb 17 03:15:54.690888 2026] [php:error] [pid 83873] [client 51.107.69.151:0] script '/domains/proinc/we.php' not found or unable to stat
[Tue Feb 17 03:15:54.789068 2026] [php:error] [pid 83873] [client 51.107.69.151:0] script '/domains/proinc/asax.php' not found or unable to stat
[Tue Feb 17 03:15:54.896725 2026] [php:error] [pid 83873] [client 51.107.69.151:0] script '/domains/proinc/co.php' not found or unable to stat
[Tue Feb 17 03:15:54.990159 2026] [php:error] [pid 83873] [client 51.107.69.151:0] script '/domains/proinc/wp-k3w6g9s4h2.php' not found or unable to stat
[Tue Feb 17 03:15:55.100319 2026] [php:error] [pid 83873] [client 51.107.69.151:0] script '/domains/proinc/ahax.php' not found or unable to stat
[Tue Feb 17 03:15:55.210670 2026] [php:error] [pid 83873] [client 51.107.69.151:0] script '/domains/proinc/Okxob.php' not found or unable to stat
[Tue Feb 17 03:15:55.310368 2026] [php:error] [pid 83873] [client 51.107.69.151:0] script '/domains/proinc/acfdr.php' not found or unable to stat
[Tue Feb 17 03:15:55.414951 2026] [php:error] [pid 83873] [client 51.107.69.151:0] script '/domains/proinc/init.php' not found or unable to stat
[Tue Feb 17 03:15:55.508142 2026] [php:error] [pid 83873] [client 51.107.69.151:0] script '/domains/proinc/themes.php' not found or unable to stat
[Tue Feb 17 03:15:55.602316 2026] [php:error] [pid 83873] [client 51.107.69.151:0] script '/domains/proinc/ff.php' not found or unable to stat
[Tue Feb 17 03:15:55.711209 2026] [php:error] [pid 83873] [client 51.107.69.151:0] script '/domains/proinc/ak.php' not found or unable to stat
[Tue Feb 17 03:15:55.737768 2026] [php:error] [pid 83874] [client 35.247.243.250:0] script '/domains/machinadynamica/adminer-5.0.2-en.php' not found or unable to stat
[Tue Feb 17 03:15:55.814488 2026] [php:error] [pid 83873] [client 51.107.69.151:0] script '/domains/proinc/bjfl.php' not found or unable to stat
[Tue Feb 17 03:15:55.907900 2026] [php:error] [pid 83873] [client 51.107.69.151:0] script '/domains/proinc/vx.php' not found or unable to stat
[Tue Feb 17 03:15:56.138392 2026] [php:error] [pid 83873] [client 51.107.69.151:0] script '/domains/proinc/jga.php' not found or unable to stat
[Tue Feb 17 03:15:56.231865 2026] [php:error] [pid 83873] [client 51.107.69.151:0] script '/domains/proinc/a4.php' not found or unable to stat
[Tue Feb 17 03:15:56.468467 2026] [php:error] [pid 83873] [client 51.107.69.151:0] script '/domains/proinc/inege.php' not found or unable to stat
[Tue Feb 17 03:15:56.597532 2026] [php:error] [pid 83859] [client 34.96.162.54:0] script '/domains/machinadynamica/adminer-5.0.6-mysql.php' not found or unable to stat
[Tue Feb 17 03:16:06.636295 2026] [php:error] [pid 83873] [client 35.247.243.255:0] script '/domains/machinadynamica/adminer-4.6.1.php' not found or unable to stat
[Tue Feb 17 03:16:13.420647 2026] [php:error] [pid 83874] [client 35.247.243.241:0] script '/domains/machinadynamica/adminer-4.8.1-mysql-en.php' not found or unable to stat
[Tue Feb 17 03:16:14.777227 2026] [php:error] [pid 78223] [client 34.96.162.58:0] script '/domains/machinadynamica/adminer-5.0.5-mysql-en.php' not found or unable to stat
sendmail: bad mail input format: from www (uid 80) (envelope-from [email protected])
sendmail: bad mail input format: from www (uid 80) (envelope-from [email protected])
sendmail: bad mail input format: from www (uid 80) (envelope-from [email protected])
[Tue Feb 17 03:17:01.378175 2026] [php:error] [pid 83873] [client 112.208.73.89:0] script '/domains/hungariantasteweb/xmlrpc.php' not found or unable to stat
[Tue Feb 17 03:17:25.068206 2026] [php:error] [pid 83876] [client 216.24.213.153:0] script '/domains/machinadynamica/wp-login.php' not found or unable to stat
[Tue Feb 17 03:17:25.381689 2026] [php:error] [pid 83876] [client 34.96.162.62:0] script '/domains/machinadynamica/adminer-4.4.0.php' not found or unable to stat
[Tue Feb 17 03:17:25.749628 2026] [php:error] [pid 83873] [client 34.96.162.48:0] script '/domains/machinadynamica/adminer-4.8.1-en.php' not found or unable to stat
[Tue Feb 17 03:17:35.826481 2026] [php:error] [pid 83876] [client 35.247.243.254:0] script '/domains/machinadynamica/adminer-4.7.7.php' not found or unable to stat
[Tue Feb 17 03:18:41.284859 2026] [php:error] [pid 83883] [client 35.247.243.251:0] script '/domains/machinadynamica/adminer-4.8.1-mysql-en.php' not found or unable to stat
[Tue Feb 17 03:18:55.141819 2026] [php:error] [pid 83888] [client 34.96.162.58:0] script '/domains/machinadynamica/adminer-4.8.1.php' not found or unable to stat
[Tue Feb 17 03:18:59.318549 2026] [php:error] [pid 83875] [client 35.247.243.253:0] script '/domains/machinadynamica/adminer-4.8.1-en.php' not found or unable to stat
[Tue Feb 17 03:19:15.817271 2026] [include:error] [pid 83875] [client 45.138.16.248:0] AH01371: unknown directive "code" in parsed doc /domains/testregisgroup/index.shtml, referer: http://regisgroup.org/index.shtml
[Tue Feb 17 03:19:15.817294 2026] [include:error] [pid 83875] [client 45.138.16.248:0] AH01371: unknown directive "#code" in parsed doc /domains/testregisgroup/index.shtml, referer: http://regisgroup.org/index.shtml
[Tue Feb 17 03:19:15.817321 2026] [include:error] [pid 83875] [client 45.138.16.248:0] AH01371: unknown directive "code" in parsed doc /domains/testregisgroup/index.shtml, referer: http://regisgroup.org/index.shtml
[Tue Feb 17 03:19:15.817328 2026] [include:error] [pid 83875] [client 45.138.16.248:0] AH01371: unknown directive "code" in parsed doc /domains/testregisgroup/index.shtml, referer: http://regisgroup.org/index.shtml
[Tue Feb 17 03:19:35.377077 2026] [php:error] [pid 83887] [client 51.107.69.151:0] script '/domains/windsorweb/pass4.php' not found or unable to stat
[Tue Feb 17 03:19:35.476708 2026] [php:error] [pid 83887] [client 51.107.69.151:0] script '/domains/windsorweb/term.php' not found or unable to stat
[Tue Feb 17 03:19:35.583814 2026] [php:error] [pid 83887] [client 51.107.69.151:0] script '/domains/windsorweb/lp6.php' not found or unable to stat
[Tue Feb 17 03:19:35.683121 2026] [php:error] [pid 83887] [client 51.107.69.151:0] script '/domains/windsorweb/we.php' not found or unable to stat
[Tue Feb 17 03:19:35.783049 2026] [php:error] [pid 83887] [client 51.107.69.151:0] script '/domains/windsorweb/asax.php' not found or unable to stat
[Tue Feb 17 03:19:35.882623 2026] [php:error] [pid 83887] [client 51.107.69.151:0] script '/domains/windsorweb/co.php' not found or unable to stat
[Tue Feb 17 03:19:35.993089 2026] [php:error] [pid 83887] [client 51.107.69.151:0] script '/domains/windsorweb/wp-k3w6g9s4h2.php' not found or unable to stat
[Tue Feb 17 03:19:36.092735 2026] [php:error] [pid 83887] [client 51.107.69.151:0] script '/domains/windsorweb/ahax.php' not found or unable to stat
[Tue Feb 17 03:19:36.192700 2026] [php:error] [pid 83887] [client 51.107.69.151:0] script '/domains/windsorweb/Okxob.php' not found or unable to stat
[Tue Feb 17 03:19:36.298169 2026] [php:error] [pid 83887] [client 51.107.69.151:0] script '/domains/windsorweb/acfdr.php' not found or unable to stat
[Tue Feb 17 03:19:36.497514 2026] [php:error] [pid 83887] [client 51.107.69.151:0] script '/domains/windsorweb/init.php' not found or unable to stat
[Tue Feb 17 03:19:36.720340 2026] [php:error] [pid 83887] [client 51.107.69.151:0] script '/domains/windsorweb/themes.php' not found or unable to stat
[Tue Feb 17 03:19:36.830655 2026] [php:error] [pid 83887] [client 51.107.69.151:0] script '/domains/windsorweb/ff.php' not found or unable to stat
[Tue Feb 17 03:19:36.933201 2026] [php:error] [pid 83887] [client 51.107.69.151:0] script '/domains/windsorweb/ak.php' not found or unable to stat
[Tue Feb 17 03:19:37.038668 2026] [php:error] [pid 83887] [client 51.107.69.151:0] script '/domains/windsorweb/bjfl.php' not found or unable to stat
[Tue Feb 17 03:19:37.138122 2026] [php:error] [pid 83887] [client 51.107.69.151:0] script '/domains/windsorweb/vx.php' not found or unable to stat
[Tue Feb 17 03:19:37.427616 2026] [php:error] [pid 83887] [client 51.107.69.151:0] script '/domains/windsorweb/jga.php' not found or unable to stat
[Tue Feb 17 03:19:37.527150 2026] [php:error] [pid 83887] [client 51.107.69.151:0] script '/domains/windsorweb/a4.php' not found or unable to stat
[Tue Feb 17 03:19:37.796534 2026] [php:error] [pid 83887] [client 51.107.69.151:0] script '/domains/windsorweb/inege.php' not found or unable to stat
[Tue Feb 17 03:20:10.773596 2026] [php:error] [pid 83903] [client 74.248.132.176:0] script '/domains/viamonte3/pass4.php' not found or unable to stat
[Tue Feb 17 03:20:10.894970 2026] [php:error] [pid 83903] [client 74.248.132.176:0] script '/domains/viamonte3/term.php' not found or unable to stat
[Tue Feb 17 03:20:11.014678 2026] [php:error] [pid 83903] [client 74.248.132.176:0] script '/domains/viamonte3/lp6.php' not found or unable to stat
[Tue Feb 17 03:20:11.125166 2026] [php:error] [pid 83903] [client 74.248.132.176:0] script '/domains/viamonte3/we.php' not found or unable to stat
[Tue Feb 17 03:20:11.229025 2026] [php:error] [pid 83903] [client 74.248.132.176:0] script '/domains/viamonte3/asax.php' not found or unable to stat
[Tue Feb 17 03:20:11.349128 2026] [php:error] [pid 83903] [client 74.248.132.176:0] script '/domains/viamonte3/co.php' not found or unable to stat
[Tue Feb 17 03:20:11.452843 2026] [php:error] [pid 83903] [client 74.248.132.176:0] script '/domains/viamonte3/wp-k3w6g9s4h2.php' not found or unable to stat
[Tue Feb 17 03:20:11.556810 2026] [php:error] [pid 83903] [client 74.248.132.176:0] script '/domains/viamonte3/ahax.php' not found or unable to stat
[Tue Feb 17 03:20:11.660395 2026] [php:error] [pid 83903] [client 74.248.132.176:0] script '/domains/viamonte3/Okxob.php' not found or unable to stat
[Tue Feb 17 03:20:11.764331 2026] [php:error] [pid 83903] [client 74.248.132.176:0] script '/domains/viamonte3/acfdr.php' not found or unable to stat
[Tue Feb 17 03:20:11.877392 2026] [php:error] [pid 83903] [client 74.248.132.176:0] script '/domains/viamonte3/init.php' not found or unable to stat
[Tue Feb 17 03:20:11.984093 2026] [php:error] [pid 83903] [client 74.248.132.176:0] script '/domains/viamonte3/themes.php' not found or unable to stat
[Tue Feb 17 03:20:12.087745 2026] [php:error] [pid 83903] [client 74.248.132.176:0] script '/domains/viamonte3/ff.php' not found or unable to stat
[Tue Feb 17 03:20:12.192047 2026] [php:error] [pid 83903] [client 74.248.132.176:0] script '/domains/viamonte3/ak.php' not found or unable to stat
[Tue Feb 17 03:20:12.295808 2026] [php:error] [pid 83903] [client 74.248.132.176:0] script '/domains/viamonte3/bjfl.php' not found or unable to stat
[Tue Feb 17 03:20:12.411597 2026] [php:error] [pid 83903] [client 74.248.132.176:0] script '/domains/viamonte3/vx.php' not found or unable to stat
[Tue Feb 17 03:20:12.526073 2026] [php:error] [pid 83903] [client 74.248.132.176:0] script '/domains/viamonte3/jga.php' not found or unable to stat
[Tue Feb 17 03:20:12.629931 2026] [php:error] [pid 83903] [client 74.248.132.176:0] script '/domains/viamonte3/a4.php' not found or unable to stat
[Tue Feb 17 03:20:12.837576 2026] [php:error] [pid 83903] [client 74.248.132.176:0] script '/domains/viamonte3/inege.php' not found or unable to stat
[Tue Feb 17 03:20:16.026463 2026] [php:error] [pid 83896] [client 74.248.96.218:0] script '/domains/conceptlabs1/wp-blog.php' not found or unable to stat
[Tue Feb 17 03:20:16.212219 2026] [php:error] [pid 83896] [client 74.248.96.218:0] script '/domains/conceptlabs1/ge.php' not found or unable to stat
[Tue Feb 17 03:20:16.396266 2026] [php:error] [pid 83896] [client 74.248.96.218:0] script '/domains/conceptlabs1/class20.php' not found or unable to stat
[Tue Feb 17 03:20:16.511465 2026] [php:error] [pid 83896] [client 74.248.96.218:0] script '/domains/conceptlabs1/ssxsl.php' not found or unable to stat
[Tue Feb 17 03:20:16.638867 2026] [php:error] [pid 83896] [client 74.248.96.218:0] script '/domains/conceptlabs1/str.php' not found or unable to stat
[Tue Feb 17 03:20:16.762739 2026] [php:error] [pid 83896] [client 74.248.96.218:0] script '/domains/conceptlabs1/xwpg.php' not found or unable to stat
[Tue Feb 17 03:20:17.021654 2026] [php:error] [pid 83896] [client 74.248.96.218:0] script '/domains/conceptlabs1/zz.php' not found or unable to stat
[Tue Feb 17 03:20:17.310005 2026] [php:error] [pid 83896] [client 74.248.96.218:0] script '/domains/conceptlabs1/tanjiro.php' not found or unable to stat
[Tue Feb 17 03:20:17.421779 2026] [php:error] [pid 83896] [client 74.248.96.218:0] script '/domains/conceptlabs1/up.php' not found or unable to stat
[Tue Feb 17 03:20:17.533986 2026] [php:error] [pid 83896] [client 74.248.96.218:0] script '/domains/conceptlabs1/class.php' not found or unable to stat
[Tue Feb 17 03:20:17.656764 2026] [php:error] [pid 83896] [client 74.248.96.218:0] script '/domains/conceptlabs1/nope.php' not found or unable to stat
[Tue Feb 17 03:20:17.781284 2026] [php:error] [pid 83896] [client 74.248.96.218:0] script '/domains/conceptlabs1/kwm4.php' not found or unable to stat
[Tue Feb 17 03:20:17.900580 2026] [php:error] [pid 83896] [client 74.248.96.218:0] script '/domains/conceptlabs1/wp-aa.php' not found or unable to stat
[Tue Feb 17 03:20:18.217683 2026] [php:error] [pid 83896] [client 74.248.96.218:0] script '/domains/conceptlabs1/byp.php' not found or unable to stat
[Tue Feb 17 03:20:18.461028 2026] [php:error] [pid 83896] [client 74.248.96.218:0] script '/domains/conceptlabs1/0.php' not found or unable to stat
[Tue Feb 17 03:20:18.565024 2026] [php:error] [pid 83896] [client 74.248.96.218:0] script '/domains/conceptlabs1/F0x.php' not found or unable to stat
[Tue Feb 17 03:20:18.861035 2026] [php:error] [pid 83896] [client 74.248.96.218:0] script '/domains/conceptlabs1/wp-mail.php' not found or unable to stat
[Tue Feb 17 03:20:19.073831 2026] [php:error] [pid 83896] [client 74.248.96.218:0] script '/domains/conceptlabs1/fan.php' not found or unable to stat
[Tue Feb 17 03:20:19.205696 2026] [php:error] [pid 83896] [client 74.248.96.218:0] script '/domains/conceptlabs1/ztv.php' not found or unable to stat
[Tue Feb 17 03:20:19.339037 2026] [php:error] [pid 83896] [client 74.248.96.218:0] script '/domains/conceptlabs1/bras.php' not found or unable to stat
[Tue Feb 17 03:20:19.455618 2026] [php:error] [pid 83896] [client 74.248.96.218:0] script '/domains/conceptlabs1/wziar.php' not found or unable to stat
[Tue Feb 17 03:20:19.562764 2026] [php:error] [pid 83896] [client 74.248.96.218:0] script '/domains/conceptlabs1/wpup.php' not found or unable to stat
[Tue Feb 17 03:20:19.665128 2026] [php:error] [pid 83896] [client 74.248.96.218:0] script '/domains/conceptlabs1/x50.php' not found or unable to stat
[Tue Feb 17 03:20:19.767544 2026] [php:error] [pid 83896] [client 74.248.96.218:0] script '/domains/conceptlabs1/ee.php' not found or unable to stat
[Tue Feb 17 03:20:19.873049 2026] [php:error] [pid 83896] [client 74.248.96.218:0] script '/domains/conceptlabs1/xz89.php' not found or unable to stat
[Tue Feb 17 03:20:20.142251 2026] [php:error] [pid 83896] [client 74.248.96.218:0] script '/domains/conceptlabs1/updates.php' not found or unable to stat
[Tue Feb 17 03:20:20.245738 2026] [php:error] [pid 83896] [client 74.248.96.218:0] script '/domains/conceptlabs1/vxnxvgfw.php' not found or unable to stat
[Tue Feb 17 03:20:20.370176 2026] [php:error] [pid 83896] [client 74.248.96.218:0] script '/domains/conceptlabs1/mapi.php' not found or unable to stat
[Tue Feb 17 03:20:20.472705 2026] [php:error] [pid 83896] [client 74.248.96.218:0] script '/domains/conceptlabs1/f2r4.php' not found or unable to stat
[Tue Feb 17 03:20:20.578093 2026] [php:error] [pid 83896] [client 74.248.96.218:0] script '/domains/conceptlabs1/item.php' not found or unable to stat
