[Thu Feb 12 03:15:31.150192 2026] [php:error] [pid 31666] [client 20.203.240.131:0] script '/domains/pauljbrock/aa.php' not found or unable to stat
[Thu Feb 12 03:15:31.245230 2026] [php:error] [pid 31666] [client 20.203.240.131:0] script '/domains/pauljbrock/.info.php' not found or unable to stat
[Thu Feb 12 03:15:31.341782 2026] [php:error] [pid 31666] [client 20.203.240.131:0] script '/domains/pauljbrock/info.php' not found or unable to stat
[Thu Feb 12 03:15:38.451080 2026] [authz_core:error] [pid 26032] [client 93.174.93.12:0] AH01630: client denied by server configuration: /
[Thu Feb 12 03:15:53.645401 2026] [php:error] [pid 31666] [client 34.158.132.15:0] script '/domains/hdickens.enteract/kmnj.php' not found or unable to stat
sendmail: invalid recipient `#'
[Thu Feb 12 03:16:53.360285 2026] [php:error] [pid 31686] [client 20.166.49.198:0] script '/domains/tinatina/fff.php' not found or unable to stat
[Thu Feb 12 03:17:10.898526 2026] [php:error] [pid 31690] [client 34.32.249.17:0] script '/domains/hdickens.enteract/kmnj.php' not found or unable to stat
[Thu Feb 12 03:17:13.347255 2026] [php:error] [pid 31693] [client 20.111.32.128:0] script '/domains/bburke/aa.php' not found or unable to stat
[Thu Feb 12 03:17:13.434249 2026] [php:error] [pid 31693] [client 20.111.32.128:0] script '/domains/bburke/.info.php' not found or unable to stat
[Thu Feb 12 03:17:13.520845 2026] [php:error] [pid 31693] [client 20.111.32.128:0] script '/domains/bburke/info.php' not found or unable to stat
[Thu Feb 12 03:17:14.981867 2026] [php:error] [pid 31694] [client 34.6.50.251:0] script '/domains/hdickens.enteract/kmnj.php' not found or unable to stat
[Thu Feb 12 03:17:19.091562 2026] [php:error] [pid 31681] [client 74.248.153.203:0] script '/domains/metrolighting/we.php' not found or unable to stat
[Thu Feb 12 03:17:19.232331 2026] [php:error] [pid 31681] [client 74.248.153.203:0] script '/domains/metrolighting/a4.php' not found or unable to stat
[Thu Feb 12 03:17:19.396182 2026] [php:error] [pid 31681] [client 74.248.153.203:0] script '/domains/metrolighting/themes.php' not found or unable to stat
[Thu Feb 12 03:17:19.589602 2026] [php:error] [pid 31681] [client 74.248.153.203:0] script '/domains/metrolighting/a4.php' not found or unable to stat
[Thu Feb 12 03:17:19.690820 2026] [php:error] [pid 31681] [client 74.248.153.203:0] script '/domains/metrolighting/luuuf.php' not found or unable to stat
[Thu Feb 12 03:17:19.794548 2026] [php:error] [pid 31681] [client 74.248.153.203:0] script '/domains/metrolighting/maraz.php' not found or unable to stat
[Thu Feb 12 03:17:19.895560 2026] [php:error] [pid 31681] [client 74.248.153.203:0] script '/domains/metrolighting/bayss.php' not found or unable to stat
[Thu Feb 12 03:17:19.996545 2026] [php:error] [pid 31681] [client 74.248.153.203:0] script '/domains/metrolighting/bjfl.php' not found or unable to stat
[Thu Feb 12 03:17:20.161340 2026] [php:error] [pid 31681] [client 74.248.153.203:0] script '/domains/metrolighting/asd67.php' not found or unable to stat
[Thu Feb 12 03:17:20.266902 2026] [php:error] [pid 31681] [client 74.248.153.203:0] script '/domains/metrolighting/Geforce.php' not found or unable to stat
[Thu Feb 12 03:17:20.383466 2026] [php:error] [pid 31681] [client 74.248.153.203:0] script '/domains/metrolighting/wp-k3w6g9s4h2.php' not found or unable to stat
[Thu Feb 12 03:17:20.384825 2026] [php:error] [pid 31690] [client 20.203.169.128:0] script '/domains/system_default/new4.php' not found or unable to stat
[Thu Feb 12 03:17:20.480377 2026] [php:error] [pid 31690] [client 20.203.169.128:0] script '/domains/system_default/xoot.php' not found or unable to stat
[Thu Feb 12 03:17:20.491856 2026] [php:error] [pid 31681] [client 74.248.153.203:0] script '/domains/metrolighting/007xx.php' not found or unable to stat
[Thu Feb 12 03:17:20.589929 2026] [php:error] [pid 31690] [client 20.203.169.128:0] script '/domains/system_default/er.php' not found or unable to stat
[Thu Feb 12 03:17:20.594937 2026] [php:error] [pid 31681] [client 74.248.153.203:0] script '/domains/metrolighting/l3gi0n.php' not found or unable to stat
[Thu Feb 12 03:17:20.686821 2026] [php:error] [pid 31690] [client 20.203.169.128:0] script '/domains/system_default/fault.php' not found or unable to stat
[Thu Feb 12 03:17:20.782044 2026] [php:error] [pid 31690] [client 20.203.169.128:0] script '/domains/system_default/x2x.php' not found or unable to stat
[Thu Feb 12 03:17:20.843394 2026] [php:error] [pid 31681] [client 74.248.153.203:0] script '/domains/metrolighting/sldnjqlm.php' not found or unable to stat
[Thu Feb 12 03:17:20.878775 2026] [php:error] [pid 31690] [client 20.203.169.128:0] script '/domains/system_default/motu.php' not found or unable to stat
[Thu Feb 12 03:17:20.973828 2026] [php:error] [pid 31690] [client 20.203.169.128:0] script '/domains/system_default/66.php' not found or unable to stat
[Thu Feb 12 03:17:21.069396 2026] [php:error] [pid 31690] [client 20.203.169.128:0] script '/domains/system_default/leuk.php' not found or unable to stat
[Thu Feb 12 03:17:21.164824 2026] [php:error] [pid 31690] [client 20.203.169.128:0] script '/domains/system_default/bc-456.php' not found or unable to stat
[Thu Feb 12 03:17:21.179651 2026] [php:error] [pid 31681] [client 74.248.153.203:0] script '/domains/metrolighting/s3.php' not found or unable to stat
[Thu Feb 12 03:17:21.270724 2026] [php:error] [pid 31690] [client 20.203.169.128:0] script '/domains/system_default/wo.php' not found or unable to stat
[Thu Feb 12 03:17:21.355473 2026] [php:error] [pid 31681] [client 74.248.153.203:0] script '/domains/metrolighting/co.php' not found or unable to stat
[Thu Feb 12 03:17:21.382980 2026] [php:error] [pid 31690] [client 20.203.169.128:0] script '/domains/system_default/bvb.php' not found or unable to stat
[Thu Feb 12 03:17:21.456558 2026] [php:error] [pid 31681] [client 74.248.153.203:0] script '/domains/metrolighting/cmd2.php' not found or unable to stat
[Thu Feb 12 03:17:21.477982 2026] [php:error] [pid 31690] [client 20.203.169.128:0] script '/domains/system_default/xqq.php' not found or unable to stat
[Thu Feb 12 03:17:21.559828 2026] [php:error] [pid 31681] [client 74.248.153.203:0] script '/domains/metrolighting/qasfrhau.php' not found or unable to stat
[Thu Feb 12 03:17:21.577083 2026] [php:error] [pid 31690] [client 20.203.169.128:0] script '/domains/system_default/kolda.php' not found or unable to stat
[Thu Feb 12 03:17:21.663954 2026] [php:error] [pid 31681] [client 74.248.153.203:0] script '/domains/metrolighting/lp6.php' not found or unable to stat
[Thu Feb 12 03:17:21.672078 2026] [php:error] [pid 31690] [client 20.203.169.128:0] script '/domains/system_default/nw.php' not found or unable to stat
[Thu Feb 12 03:17:21.765075 2026] [php:error] [pid 31681] [client 74.248.153.203:0] script '/domains/metrolighting/f.php' not found or unable to stat
[Thu Feb 12 03:17:21.770045 2026] [php:error] [pid 31690] [client 20.203.169.128:0] script '/domains/system_default/god.php' not found or unable to stat
[Thu Feb 12 03:17:21.868468 2026] [php:error] [pid 31690] [client 20.203.169.128:0] script '/domains/system_default/666.php' not found or unable to stat
[Thu Feb 12 03:17:21.880533 2026] [php:error] [pid 31681] [client 74.248.153.203:0] script '/domains/metrolighting/24.php' not found or unable to stat
[Thu Feb 12 03:17:21.965245 2026] [php:error] [pid 31690] [client 20.203.169.128:0] script '/domains/system_default/kj.php' not found or unable to stat
[Thu Feb 12 03:17:21.995120 2026] [php:error] [pid 31681] [client 74.248.153.203:0] script '/domains/metrolighting/kolda.php' not found or unable to stat
[Thu Feb 12 03:17:22.060640 2026] [php:error] [pid 31690] [client 20.203.169.128:0] script '/domains/system_default/un.php' not found or unable to stat
[Thu Feb 12 03:17:22.109018 2026] [php:error] [pid 31681] [client 74.248.153.203:0] script '/domains/metrolighting/reujz.php' not found or unable to stat
[Thu Feb 12 03:17:22.155971 2026] [php:error] [pid 31690] [client 20.203.169.128:0] script '/domains/system_default/fs.php' not found or unable to stat
[Thu Feb 12 03:17:22.251249 2026] [php:error] [pid 31690] [client 20.203.169.128:0] script '/domains/system_default/lts.php' not found or unable to stat
[Thu Feb 12 03:17:22.269523 2026] [php:error] [pid 31681] [client 74.248.153.203:0] script '/domains/metrolighting/acfdr.php' not found or unable to stat
[Thu Feb 12 03:17:22.347384 2026] [php:error] [pid 31690] [client 20.203.169.128:0] script '/domains/system_default/ms.php' not found or unable to stat
[Thu Feb 12 03:17:22.442670 2026] [php:error] [pid 31690] [client 20.203.169.128:0] script '/domains/system_default/login8.php' not found or unable to stat
[Thu Feb 12 03:17:22.538112 2026] [php:error] [pid 31690] [client 20.203.169.128:0] script '/domains/system_default/nnyvn.php' not found or unable to stat
[Thu Feb 12 03:17:22.568026 2026] [php:error] [pid 31681] [client 74.248.153.203:0] script '/domains/metrolighting/php8.php' not found or unable to stat
[Thu Feb 12 03:17:22.637631 2026] [php:error] [pid 31690] [client 20.203.169.128:0] script '/domains/system_default/cu.php' not found or unable to stat
[Thu Feb 12 03:17:22.746095 2026] [php:error] [pid 31690] [client 20.203.169.128:0] script '/domains/system_default/lul.php' not found or unable to stat
[Thu Feb 12 03:17:22.871841 2026] [php:error] [pid 31690] [client 20.203.169.128:0] script '/domains/system_default/0.php' not found or unable to stat
[Thu Feb 12 03:17:22.888235 2026] [php:error] [pid 31681] [client 74.248.153.203:0] script '/domains/metrolighting/kgmuq.php' not found or unable to stat
[Thu Feb 12 03:17:22.970591 2026] [php:error] [pid 31690] [client 20.203.169.128:0] script '/domains/system_default/ms-edit.php' not found or unable to stat
[Thu Feb 12 03:17:23.000382 2026] [php:error] [pid 31681] [client 74.248.153.203:0] script '/domains/metrolighting/pass4.php' not found or unable to stat
[Thu Feb 12 03:17:23.065905 2026] [php:error] [pid 31690] [client 20.203.169.128:0] script '/domains/system_default/ya.php' not found or unable to stat
[Thu Feb 12 03:17:23.111024 2026] [php:error] [pid 31681] [client 74.248.153.203:0] script '/domains/metrolighting/nux.php' not found or unable to stat
[Thu Feb 12 03:17:23.165988 2026] [php:error] [pid 31690] [client 20.203.169.128:0] script '/domains/system_default/grsiuk.php' not found or unable to stat
[Thu Feb 12 03:17:23.228527 2026] [php:error] [pid 31681] [client 74.248.153.203:0] script '/domains/metrolighting/fff.php' not found or unable to stat
[Thu Feb 12 03:17:23.261478 2026] [php:error] [pid 31690] [client 20.203.169.128:0] script '/domains/system_default/wp-blog.php' not found or unable to stat
[Thu Feb 12 03:17:23.329921 2026] [php:error] [pid 31681] [client 74.248.153.203:0] script '/domains/metrolighting/Okxob.php' not found or unable to stat
[Thu Feb 12 03:17:23.356615 2026] [php:error] [pid 31690] [client 20.203.169.128:0] script '/domains/system_default/ftem.php' not found or unable to stat
[Thu Feb 12 03:17:23.452232 2026] [php:error] [pid 31690] [client 20.203.169.128:0] script '/domains/system_default/7wom.php' not found or unable to stat
[Thu Feb 12 03:17:23.547851 2026] [php:error] [pid 31690] [client 20.203.169.128:0] script '/domains/system_default/wp-access.php' not found or unable to stat
[Thu Feb 12 03:17:23.643673 2026] [php:error] [pid 31690] [client 20.203.169.128:0] script '/domains/system_default/a1vx.php' not found or unable to stat
[Thu Feb 12 03:17:23.739319 2026] [php:error] [pid 31690] [client 20.203.169.128:0] script '/domains/system_default/sbhu.php' not found or unable to stat
[Thu Feb 12 03:17:23.857036 2026] [php:error] [pid 31690] [client 20.203.169.128:0] script '/domains/system_default/wp-the.php' not found or unable to stat
[Thu Feb 12 03:17:23.866844 2026] [php:error] [pid 31681] [client 74.248.153.203:0] script '/domains/metrolighting/wfwdhsjo.php' not found or unable to stat
[Thu Feb 12 03:17:23.957858 2026] [php:error] [pid 31690] [client 20.203.169.128:0] script '/domains/system_default/06.php' not found or unable to stat
[Thu Feb 12 03:17:23.968148 2026] [php:error] [pid 31681] [client 74.248.153.203:0] script '/domains/metrolighting/init.php' not found or unable to stat
[Thu Feb 12 03:17:24.088419 2026] [php:error] [pid 31690] [client 20.203.169.128:0] script '/domains/system_default/wp5.php' not found or unable to stat
[Thu Feb 12 03:17:24.099176 2026] [php:error] [pid 31681] [client 74.248.153.203:0] script '/domains/metrolighting/sfcl.php' not found or unable to stat
[Thu Feb 12 03:17:24.183636 2026] [php:error] [pid 31690] [client 20.203.169.128:0] script '/domains/system_default/fot.php' not found or unable to stat
[Thu Feb 12 03:17:24.208047 2026] [php:error] [pid 31681] [client 74.248.153.203:0] script '/domains/metrolighting/mjq.php' not found or unable to stat
[Thu Feb 12 03:17:24.278757 2026] [php:error] [pid 31690] [client 20.203.169.128:0] script '/domains/system_default/ff1.php' not found or unable to stat
[Thu Feb 12 03:17:24.376050 2026] [php:error] [pid 31690] [client 20.203.169.128:0] script '/domains/system_default/forbidals.php' not found or unable to stat
[Thu Feb 12 03:17:24.436549 2026] [php:error] [pid 31681] [client 74.248.153.203:0] script '/domains/metrolighting/sl.php' not found or unable to stat
[Thu Feb 12 03:17:24.472140 2026] [php:error] [pid 31690] [client 20.203.169.128:0] script '/domains/system_default/erty.php' not found or unable to stat
[Thu Feb 12 03:17:24.537764 2026] [php:error] [pid 31681] [client 74.248.153.203:0] script '/domains/metrolighting/flex.php' not found or unable to stat
[Thu Feb 12 03:17:24.569250 2026] [php:error] [pid 31690] [client 20.203.169.128:0] script '/domains/system_default/dev1s.php' not found or unable to stat
[Thu Feb 12 03:17:24.639336 2026] [php:error] [pid 31681] [client 74.248.153.203:0] script '/domains/metrolighting/c4.php' not found or unable to stat
[Thu Feb 12 03:17:24.664598 2026] [php:error] [pid 31690] [client 20.203.169.128:0] script '/domains/system_default/ffd.php' not found or unable to stat
[Thu Feb 12 03:17:24.747794 2026] [php:error] [pid 31681] [client 74.248.153.203:0] script '/domains/metrolighting/zr.php' not found or unable to stat
[Thu Feb 12 03:17:24.760341 2026] [php:error] [pid 31690] [client 20.203.169.128:0] script '/domains/system_default/admiin.php' not found or unable to stat
[Thu Feb 12 03:17:24.848694 2026] [php:error] [pid 31681] [client 74.248.153.203:0] script '/domains/metrolighting/themes.php' not found or unable to stat
[Thu Feb 12 03:17:24.858418 2026] [php:error] [pid 31690] [client 20.203.169.128:0] script '/domains/system_default/ol.php' not found or unable to stat
[Thu Feb 12 03:17:24.953486 2026] [php:error] [pid 31690] [client 20.203.169.128:0] script '/domains/system_default/Sanskrit.php' not found or unable to stat
[Thu Feb 12 03:17:25.049212 2026] [php:error] [pid 31690] [client 20.203.169.128:0] script '/domains/system_default/vxrl.php' not found or unable to stat
[Thu Feb 12 03:17:25.156790 2026] [php:error] [pid 31690] [client 20.203.169.128:0] script '/domains/system_default/re.php' not found or unable to stat
[Thu Feb 12 03:17:25.252093 2026] [php:error] [pid 31690] [client 20.203.169.128:0] script '/domains/system_default/num.php' not found or unable to stat
[Thu Feb 12 03:17:25.350937 2026] [php:error] [pid 31690] [client 20.203.169.128:0] script '/domains/system_default/axx.php' not found or unable to stat
[Thu Feb 12 03:17:25.446871 2026] [php:error] [pid 31690] [client 20.203.169.128:0] script '/domains/system_default/vxrl.php' not found or unable to stat
[Thu Feb 12 03:17:25.542059 2026] [php:error] [pid 31690] [client 20.203.169.128:0] script '/domains/system_default/in.php' not found or unable to stat
[Thu Feb 12 03:17:25.643561 2026] [php:error] [pid 31690] [client 20.203.169.128:0] script '/domains/system_default/style.php' not found or unable to stat
[Thu Feb 12 03:17:25.739465 2026] [php:error] [pid 31690] [client 20.203.169.128:0] script '/domains/system_default/we.php' not found or unable to stat
[Thu Feb 12 03:17:25.834647 2026] [php:error] [pid 31690] [client 20.203.169.128:0] script '/domains/system_default/zwso.php' not found or unable to stat
[Thu Feb 12 03:17:25.937195 2026] [php:error] [pid 31690] [client 20.203.169.128:0] script '/domains/system_default/karak.php' not found or unable to stat
[Thu Feb 12 03:17:26.037177 2026] [php:error] [pid 31690] [client 20.203.169.128:0] script '/domains/system_default/trd.php' not found or unable to stat
[Thu Feb 12 03:17:26.133325 2026] [php:error] [pid 31690] [client 20.203.169.128:0] script '/domains/system_default/past.php' not found or unable to stat
[Thu Feb 12 03:17:26.230202 2026] [php:error] [pid 31690] [client 20.203.169.128:0] script '/domains/system_default/prv8.php' not found or unable to stat
[Thu Feb 12 03:17:26.325492 2026] [php:error] [pid 31690] [client 20.203.169.128:0] script '/domains/system_default/i.php' not found or unable to stat
[Thu Feb 12 03:17:26.528606 2026] [php:error] [pid 31690] [client 20.203.169.128:0] script '/domains/system_default/xmlrpc.php' not found or unable to stat
[Thu Feb 12 03:17:26.626335 2026] [php:error] [pid 31690] [client 20.203.169.128:0] script '/domains/system_default/aw.php' not found or unable to stat
[Thu Feb 12 03:17:26.721534 2026] [php:error] [pid 31690] [client 20.203.169.128:0] script '/domains/system_default/dev.php' not found or unable to stat
[Thu Feb 12 03:17:26.823777 2026] [php:error] [pid 31690] [client 20.203.169.128:0] script '/domains/system_default/lock360.php' not found or unable to stat
[Thu Feb 12 03:17:26.934981 2026] [php:error] [pid 31690] [client 20.203.169.128:0] script '/domains/system_default/155.php' not found or unable to stat
[Thu Feb 12 03:17:27.030489 2026] [php:error] [pid 31690] [client 20.203.169.128:0] script '/domains/system_default/goat.php' not found or unable to stat
[Thu Feb 12 03:17:27.125861 2026] [php:error] [pid 31690] [client 20.203.169.128:0] script '/domains/system_default/tcp.php' not found or unable to stat
[Thu Feb 12 03:17:27.229351 2026] [php:error] [pid 31690] [client 20.203.169.128:0] script '/domains/system_default/ext.php' not found or unable to stat
[Thu Feb 12 03:17:27.341954 2026] [php:error] [pid 31690] [client 20.203.169.128:0] script '/domains/system_default/inputs.php' not found or unable to stat
[Thu Feb 12 03:17:27.439454 2026] [php:error] [pid 31690] [client 20.203.169.128:0] script '/domains/system_default/ioxi.php' not found or unable to stat
[Thu Feb 12 03:17:27.542731 2026] [php:error] [pid 31690] [client 20.203.169.128:0] script '/domains/system_default/fe5.php' not found or unable to stat
[Thu Feb 12 03:17:27.643701 2026] [php:error] [pid 31690] [client 20.203.169.128:0] script '/domains/system_default/ov.php' not found or unable to stat
[Thu Feb 12 03:17:27.740691 2026] [php:error] [pid 31690] [client 20.203.169.128:0] script '/domains/system_default/past1.php' not found or unable to stat
[Thu Feb 12 03:17:27.940035 2026] [php:error] [pid 31690] [client 20.203.169.128:0] script '/domains/system_default/default.php' not found or unable to stat
[Thu Feb 12 03:17:28.035706 2026] [php:error] [pid 31690] [client 20.203.169.128:0] script '/domains/system_default/goods.php' not found or unable to stat
[Thu Feb 12 03:17:28.137049 2026] [php:error] [pid 31690] [client 20.203.169.128:0] script '/domains/system_default/abcd.php' not found or unable to stat
[Thu Feb 12 03:17:28.255693 2026] [php:error] [pid 31690] [client 20.203.169.128:0] script '/domains/system_default/yos.php' not found or unable to stat
[Thu Feb 12 03:17:28.350937 2026] [php:error] [pid 31690] [client 20.203.169.128:0] script '/domains/system_default/nope.php' not found or unable to stat
[Thu Feb 12 03:17:28.448535 2026] [php:error] [pid 31690] [client 20.203.169.128:0] script '/domains/system_default/class.1.php' not found or unable to stat
[Thu Feb 12 03:17:28.543840 2026] [php:error] [pid 31690] [client 20.203.169.128:0] script '/domains/system_default/file5.php' not found or unable to stat
[Thu Feb 12 03:17:28.645201 2026] [php:error] [pid 31690] [client 20.203.169.128:0] script '/domains/system_default/async.php' not found or unable to stat
[Thu Feb 12 03:17:28.746513 2026] [php:error] [pid 31690] [client 20.203.169.128:0] script '/domains/system_default/ff.php' not found or unable to stat
[Thu Feb 12 03:17:28.848982 2026] [php:error] [pid 31690] [client 20.203.169.128:0] script '/domains/system_default/ioxi-o.php' not found or unable to stat
[Thu Feb 12 03:17:28.944649 2026] [php:error] [pid 31690] [client 20.203.169.128:0] script '/domains/system_default/manager.php' not found or unable to stat
[Thu Feb 12 03:17:29.045954 2026] [php:error] [pid 31690] [client 20.203.169.128:0] script '/domains/system_default/wp-update.php' not found or unable to stat
[Thu Feb 12 03:17:29.141431 2026] [php:error] [pid 31690] [client 20.203.169.128:0] script '/domains/system_default/file.php' not found or unable to stat
[Thu Feb 12 03:17:29.335970 2026] [php:error] [pid 31690] [client 20.203.169.128:0] script '/domains/system_default/lc.php' not found or unable to stat
[Thu Feb 12 03:17:29.446586 2026] [php:error] [pid 31690] [client 20.203.169.128:0] script '/domains/system_default/hexx.php' not found or unable to stat
[Thu Feb 12 03:17:29.541885 2026] [php:error] [pid 31690] [client 20.203.169.128:0] script '/domains/system_default/cbrfo.php' not found or unable to stat
[Thu Feb 12 03:17:29.637085 2026] [php:error] [pid 31690] [client 20.203.169.128:0] script '/domains/system_default/inc.php' not found or unable to stat
[Thu Feb 12 03:17:29.734141 2026] [php:error] [pid 31690] [client 20.203.169.128:0] script '/domains/system_default/gifclass.php' not found or unable to stat
[Thu Feb 12 03:17:29.829765 2026] [php:error] [pid 31690] [client 20.203.169.128:0] script '/domains/system_default/miansha.php' not found or unable to stat
[Thu Feb 12 03:17:29.925326 2026] [php:error] [pid 31690] [client 20.203.169.128:0] script '/domains/system_default/tinyfilemanager.php' not found or unable to stat
[Thu Feb 12 03:17:30.033839 2026] [php:error] [pid 31690] [client 20.203.169.128:0] script '/domains/system_default/xfile25.php' not found or unable to stat
[Thu Feb 12 03:17:30.129627 2026] [php:error] [pid 31690] [client 20.203.169.128:0] script '/domains/system_default/ok.php' not found or unable to stat
[Thu Feb 12 03:17:30.234902 2026] [php:error] [pid 31690] [client 20.203.169.128:0] script '/domains/system_default/fi.php' not found or unable to stat
[Thu Feb 12 03:17:30.452951 2026] [php:error] [pid 31697] [client 20.203.169.128:0] script '/domains/system_default/muzu.php' not found or unable to stat
[Thu Feb 12 03:17:30.555112 2026] [php:error] [pid 31697] [client 20.203.169.128:0] script '/domains/system_default/reze.php' not found or unable to stat
[Thu Feb 12 03:17:30.660370 2026] [php:error] [pid 31697] [client 20.203.169.128:0] script '/domains/system_default/styll.php' not found or unable to stat
[Thu Feb 12 03:17:30.761021 2026] [php:error] [pid 31697] [client 20.203.169.128:0] script '/domains/system_default/x7.php' not found or unable to stat
[Thu Feb 12 03:17:30.866552 2026] [php:error] [pid 31697] [client 20.203.169.128:0] script '/domains/system_default/thebe.php' not found or unable to stat
[Thu Feb 12 03:17:30.967215 2026] [php:error] [pid 31697] [client 20.203.169.128:0] script '/domains/system_default/ddd.php' not found or unable to stat
[Thu Feb 12 03:17:31.069291 2026] [php:error] [pid 31697] [client 20.203.169.128:0] script '/domains/system_default/ccs.php' not found or unable to stat
[Thu Feb 12 03:17:31.172929 2026] [php:error] [pid 31697] [client 20.203.169.128:0] script '/domains/system_default/bgymj.php' not found or unable to stat
[Thu Feb 12 03:17:31.277050 2026] [php:error] [pid 31697] [client 20.203.169.128:0] script '/domains/system_default/8xyz.php' not found or unable to stat
[Thu Feb 12 03:17:31.379164 2026] [php:error] [pid 31697] [client 20.203.169.128:0] script '/domains/system_default/la.php' not found or unable to stat
[Thu Feb 12 03:17:31.489959 2026] [php:error] [pid 31697] [client 20.203.169.128:0] script '/domains/system_default/ioxi.php' not found or unable to stat
[Thu Feb 12 03:17:31.601207 2026] [php:error] [pid 31697] [client 20.203.169.128:0] script '/domains/system_default/xpwer1.php' not found or unable to stat
[Thu Feb 12 03:17:31.713208 2026] [php:error] [pid 31697] [client 20.203.169.128:0] script '/domains/system_default/lala.php' not found or unable to stat
[Thu Feb 12 03:17:31.814160 2026] [php:error] [pid 31697] [client 20.203.169.128:0] script '/domains/system_default/about.php' not found or unable to stat
[Thu Feb 12 03:17:32.377125 2026] [php:error] [pid 31697] [client 20.203.169.128:0] script '/domains/system_default/info.php' not found or unable to stat
[Thu Feb 12 03:17:32.478159 2026] [php:error] [pid 31697] [client 20.203.169.128:0] script '/domains/system_default/about.php' not found or unable to stat
[Thu Feb 12 03:17:32.682075 2026] [php:error] [pid 31697] [client 20.203.169.128:0] script '/domains/system_default/222.php' not found or unable to stat
[Thu Feb 12 03:17:32.818079 2026] [php:error] [pid 31697] [client 20.203.169.128:0] script '/domains/system_default/adminfuns.php' not found or unable to stat
[Thu Feb 12 03:17:33.029315 2026] [php:error] [pid 31697] [client 20.203.169.128:0] script '/domains/system_default/xx.php' not found or unable to stat
[Thu Feb 12 03:17:33.234232 2026] [php:error] [pid 31697] [client 20.203.169.128:0] script '/domains/system_default/f5.php' not found or unable to stat
[Thu Feb 12 03:17:33.340125 2026] [php:error] [pid 31697] [client 20.203.169.128:0] script '/domains/system_default/flower.php' not found or unable to stat
[Thu Feb 12 03:17:33.441059 2026] [php:error] [pid 31697] [client 20.203.169.128:0] script '/domains/system_default/f6.php' not found or unable to stat
[Thu Feb 12 03:17:33.541528 2026] [php:error] [pid 31697] [client 20.203.169.128:0] script '/domains/system_default/edit.php' not found or unable to stat
[Thu Feb 12 03:17:33.642194 2026] [php:error] [pid 31697] [client 20.203.169.128:0] script '/domains/system_default/aa.php' not found or unable to stat
[Thu Feb 12 03:17:33.953621 2026] [php:error] [pid 31697] [client 20.203.169.128:0] script '/domains/system_default/av.php' not found or unable to stat
[Thu Feb 12 03:17:34.164722 2026] [php:error] [pid 31697] [client 20.203.169.128:0] script '/domains/system_default/wsd.php' not found or unable to stat
[Thu Feb 12 03:17:34.265817 2026] [php:error] [pid 31697] [client 20.203.169.128:0] script '/domains/system_default/jane.php' not found or unable to stat
[Thu Feb 12 03:17:34.368848 2026] [php:error] [pid 31697] [client 20.203.169.128:0] script '/domains/system_default/css.php' not found or unable to stat
[Thu Feb 12 03:17:34.469163 2026] [php:error] [pid 31697] [client 20.203.169.128:0] script '/domains/system_default/alfa.php' not found or unable to stat
[Thu Feb 12 03:17:34.571119 2026] [php:error] [pid 31697] [client 20.203.169.128:0] script '/domains/system_default/wen.php' not found or unable to stat
[Thu Feb 12 03:17:34.671801 2026] [php:error] [pid 31697] [client 20.203.169.128:0] script '/domains/system_default/x.php' not found or unable to stat
[Thu Feb 12 03:17:34.772086 2026] [php:error] [pid 31697] [client 20.203.169.128:0] script '/domains/system_default/xxxx.php' not found or unable to stat
[Thu Feb 12 03:17:34.878513 2026] [php:error] [pid 31697] [client 20.203.169.128:0] script '/domains/system_default/class.php' not found or unable to stat
[Thu Feb 12 03:17:34.979247 2026] [php:error] [pid 31697] [client 20.203.169.128:0] script '/domains/system_default/f35.php' not found or unable to stat
[Thu Feb 12 03:17:35.381045 2026] [php:error] [pid 31697] [client 20.203.169.128:0] script '/domains/system_default/class-t.api.php' not found or unable to stat
[Thu Feb 12 03:17:35.481213 2026] [php:error] [pid 31697] [client 20.203.169.128:0] script '/domains/system_default/blurbs18.php' not found or unable to stat
[Thu Feb 12 03:17:36.205649 2026] [php:error] [pid 31697] [client 20.203.169.128:0] script '/domains/system_default/bless11.php' not found or unable to stat
[Thu Feb 12 03:17:36.306094 2026] [php:error] [pid 31697] [client 20.203.169.128:0] script '/domains/system_default/init.php' not found or unable to stat
[Thu Feb 12 03:17:36.524141 2026] [php:error] [pid 31697] [client 20.203.169.128:0] script '/domains/system_default/k.php' not found or unable to stat
[Thu Feb 12 03:17:36.625906 2026] [php:error] [pid 31697] [client 20.203.169.128:0] script '/domains/system_default/bless.php' not found or unable to stat
[Thu Feb 12 03:17:36.728562 2026] [php:error] [pid 31697] [client 20.203.169.128:0] script '/domains/system_default/X7x.php' not found or unable to stat
[Thu Feb 12 03:17:36.832330 2026] [php:error] [pid 31697] [client 20.203.169.128:0] script '/domains/system_default/166.php' not found or unable to stat
[Thu Feb 12 03:17:36.939924 2026] [php:error] [pid 31697] [client 20.203.169.128:0] script '/domains/system_default/plss3.php' not found or unable to stat
[Thu Feb 12 03:17:37.143579 2026] [php:error] [pid 31697] [client 20.203.169.128:0] script '/domains/system_default/admins.php' not found or unable to stat
[Thu Feb 12 03:17:37.243850 2026] [php:error] [pid 31697] [client 20.203.169.128:0] script '/domains/system_default/wp.php' not found or unable to stat
[Thu Feb 12 03:17:37.348027 2026] [php:error] [pid 31697] [client 20.203.169.128:0] script '/domains/system_default/main.php' not found or unable to stat
[Thu Feb 12 03:17:37.449770 2026] [php:error] [pid 31697] [client 20.203.169.128:0] script '/domains/system_default/a1.php' not found or unable to stat
[Thu Feb 12 03:17:37.553024 2026] [php:error] [pid 31697] [client 20.203.169.128:0] script '/domains/system_default/lala.php' not found or unable to stat
[Thu Feb 12 03:17:37.653388 2026] [php:error] [pid 31697] [client 20.203.169.128:0] script '/domains/system_default/aaa.php' not found or unable to stat
[Thu Feb 12 03:17:37.755144 2026] [php:error] [pid 31697] [client 20.203.169.128:0] script '/domains/system_default/a2.php' not found or unable to stat
[Thu Feb 12 03:17:38.059648 2026] [php:error] [pid 31697] [client 20.203.169.128:0] script '/domains/system_default/nyan.php' not found or unable to stat
[Thu Feb 12 03:17:38.160021 2026] [php:error] [pid 31697] [client 20.203.169.128:0] script '/domains/system_default/jsond.php' not found or unable to stat
[Thu Feb 12 03:19:05.907939 2026] [php:error] [pid 31700] [client 103.59.161.78:0] script '/domains/hungariantasteweb/xmlrpc.php' not found or unable to stat
[Thu Feb 12 03:19:08.239008 2026] [php:error] [pid 31710] [client 149.102.225.184:0] script '/domains/redpeninc/xmlrpc.php' not found or unable to stat
[Thu Feb 12 03:19:41.363158 2026] [php:error] [pid 31707] [client 51.120.78.0:0] script '/domains/brigadeweb/we.php' not found or unable to stat
[Thu Feb 12 03:19:41.486277 2026] [php:error] [pid 31707] [client 51.120.78.0:0] script '/domains/brigadeweb/a4.php' not found or unable to stat
[Thu Feb 12 03:19:41.583389 2026] [php:error] [pid 31707] [client 51.120.78.0:0] script '/domains/brigadeweb/themes.php' not found or unable to stat
[Thu Feb 12 03:19:41.679522 2026] [php:error] [pid 31707] [client 51.120.78.0:0] script '/domains/brigadeweb/a4.php' not found or unable to stat
[Thu Feb 12 03:19:41.789244 2026] [php:error] [pid 31707] [client 51.120.78.0:0] script '/domains/brigadeweb/luuuf.php' not found or unable to stat
[Thu Feb 12 03:19:41.885872 2026] [php:error] [pid 31707] [client 51.120.78.0:0] script '/domains/brigadeweb/maraz.php' not found or unable to stat
[Thu Feb 12 03:19:41.983576 2026] [php:error] [pid 31707] [client 51.120.78.0:0] script '/domains/brigadeweb/bayss.php' not found or unable to stat
[Thu Feb 12 03:19:42.093892 2026] [php:error] [pid 31707] [client 51.120.78.0:0] script '/domains/brigadeweb/bjfl.php' not found or unable to stat
[Thu Feb 12 03:19:42.190625 2026] [php:error] [pid 31707] [client 51.120.78.0:0] script '/domains/brigadeweb/asd67.php' not found or unable to stat
[Thu Feb 12 03:19:42.287309 2026] [php:error] [pid 31707] [client 51.120.78.0:0] script '/domains/brigadeweb/Geforce.php' not found or unable to stat
[Thu Feb 12 03:19:42.383991 2026] [php:error] [pid 31707] [client 51.120.78.0:0] script '/domains/brigadeweb/wp-k3w6g9s4h2.php' not found or unable to stat
[Thu Feb 12 03:19:42.480649 2026] [php:error] [pid 31707] [client 51.120.78.0:0] script '/domains/brigadeweb/007xx.php' not found or unable to stat
[Thu Feb 12 03:19:42.588719 2026] [php:error] [pid 31707] [client 51.120.78.0:0] script '/domains/brigadeweb/l3gi0n.php' not found or unable to stat
[Thu Feb 12 03:19:42.706239 2026] [php:error] [pid 31707] [client 51.120.78.0:0] script '/domains/brigadeweb/sldnjqlm.php' not found or unable to stat
[Thu Feb 12 03:19:42.814153 2026] [php:error] [pid 31707] [client 51.120.78.0:0] script '/domains/brigadeweb/s3.php' not found or unable to stat
[Thu Feb 12 03:19:42.922030 2026] [php:error] [pid 31707] [client 51.120.78.0:0] script '/domains/brigadeweb/co.php' not found or unable to stat
[Thu Feb 12 03:19:43.021585 2026] [php:error] [pid 31707] [client 51.120.78.0:0] script '/domains/brigadeweb/cmd2.php' not found or unable to stat
[Thu Feb 12 03:19:43.127094 2026] [php:error] [pid 31707] [client 51.120.78.0:0] script '/domains/brigadeweb/qasfrhau.php' not found or unable to stat
[Thu Feb 12 03:19:43.242670 2026] [php:error] [pid 31707] [client 51.120.78.0:0] script '/domains/brigadeweb/lp6.php' not found or unable to stat
[Thu Feb 12 03:19:43.349853 2026] [php:error] [pid 31707] [client 51.120.78.0:0] script '/domains/brigadeweb/f.php' not found or unable to stat
[Thu Feb 12 03:19:43.454774 2026] [php:error] [pid 31707] [client 51.120.78.0:0] script '/domains/brigadeweb/24.php' not found or unable to stat
[Thu Feb 12 03:19:43.565070 2026] [php:error] [pid 31707] [client 51.120.78.0:0] script '/domains/brigadeweb/kolda.php' not found or unable to stat
[Thu Feb 12 03:19:43.689156 2026] [php:error] [pid 31707] [client 51.120.78.0:0] script '/domains/brigadeweb/reujz.php' not found or unable to stat
[Thu Feb 12 03:19:43.796115 2026] [php:error] [pid 31707] [client 51.120.78.0:0] script '/domains/brigadeweb/acfdr.php' not found or unable to stat
[Thu Feb 12 03:19:43.892607 2026] [php:error] [pid 31707] [client 51.120.78.0:0] script '/domains/brigadeweb/php8.php' not found or unable to stat
[Thu Feb 12 03:19:43.991769 2026] [php:error] [pid 31707] [client 51.120.78.0:0] script '/domains/brigadeweb/kgmuq.php' not found or unable to stat
[Thu Feb 12 03:19:44.099122 2026] [php:error] [pid 31707] [client 51.120.78.0:0] script '/domains/brigadeweb/pass4.php' not found or unable to stat
[Thu Feb 12 03:19:44.202964 2026] [php:error] [pid 31707] [client 51.120.78.0:0] script '/domains/brigadeweb/nux.php' not found or unable to stat
[Thu Feb 12 03:19:44.305742 2026] [php:error] [pid 31707] [client 51.120.78.0:0] script '/domains/brigadeweb/fff.php' not found or unable to stat
[Thu Feb 12 03:19:44.402379 2026] [php:error] [pid 31707] [client 51.120.78.0:0] script '/domains/brigadeweb/Okxob.php' not found or unable to stat
[Thu Feb 12 03:19:44.516270 2026] [php:error] [pid 31707] [client 51.120.78.0:0] script '/domains/brigadeweb/wfwdhsjo.php' not found or unable to stat
[Thu Feb 12 03:19:44.625221 2026] [php:error] [pid 31707] [client 51.120.78.0:0] script '/domains/brigadeweb/init.php' not found or unable to stat
[Thu Feb 12 03:19:44.729105 2026] [php:error] [pid 31707] [client 51.120.78.0:0] script '/domains/brigadeweb/sfcl.php' not found or unable to stat
[Thu Feb 12 03:19:44.842709 2026] [php:error] [pid 31707] [client 51.120.78.0:0] script '/domains/brigadeweb/mjq.php' not found or unable to stat
[Thu Feb 12 03:19:44.965313 2026] [php:error] [pid 31707] [client 51.120.78.0:0] script '/domains/brigadeweb/sl.php' not found or unable to stat
[Thu Feb 12 03:19:45.066770 2026] [php:error] [pid 31707] [client 51.120.78.0:0] script '/domains/brigadeweb/flex.php' not found or unable to stat
[Thu Feb 12 03:19:45.182787 2026] [php:error] [pid 31707] [client 51.120.78.0:0] script '/domains/brigadeweb/c4.php' not found or unable to stat
[Thu Feb 12 03:19:45.280178 2026] [php:error] [pid 31707] [client 51.120.78.0:0] script '/domains/brigadeweb/zr.php' not found or unable to stat
[Thu Feb 12 03:19:45.378917 2026] [php:error] [pid 31707] [client 51.120.78.0:0] script '/domains/brigadeweb/themes.php' not found or unable to stat
[Thu Feb 12 03:20:26.812459 2026] [php:error] [pid 31706] [client 52.167.144.227:0] script '/domains/markrose/veikals.php' not found or unable to stat
[Thu Feb 12 03:20:40.726711 2026] [rewrite:error] [pid 31731] [client 17.246.19.135:0] AH10508: Unsafe URL with %3f URL rewritten without UnsafeAllow3F
[Thu Feb 12 03:20:56.355779 2026] [php:error] [pid 31710] [client 52.167.144.227:0] script '/domains/markrose/veikals.php' not found or unable to stat
[Thu Feb 12 03:21:13.369836 2026] [php:error] [pid 31710] [client 176.65.132.73:0] script '/domains/system_suspended/xmlrpc.php' not found or unable to stat
[Thu Feb 12 03:22:28.101773 2026] [php:error] [pid 31768] [client 74.248.153.203:0] script '/domains/tamara1/we.php' not found or unable to stat
[Thu Feb 12 03:22:28.212349 2026] [php:error] [pid 31768] [client 74.248.153.203:0] script '/domains/tamara1/a4.php' not found or unable to stat
[Thu Feb 12 03:22:28.334468 2026] [php:error] [pid 31768] [client 74.248.153.203:0] script '/domains/tamara1/themes.php' not found or unable to stat
[Thu Feb 12 03:22:28.793560 2026] [php:error] [pid 31768] [client 74.248.153.203:0] script '/domains/tamara1/a4.php' not found or unable to stat
[Thu Feb 12 03:22:28.905992 2026] [php:error] [pid 31768] [client 74.248.153.203:0] script '/domains/tamara1/luuuf.php' not found or unable to stat
[Thu Feb 12 03:22:29.014182 2026] [php:error] [pid 31768] [client 74.248.153.203:0] script '/domains/tamara1/maraz.php' not found or unable to stat
[Thu Feb 12 03:22:29.127584 2026] [php:error] [pid 31768] [client 74.248.153.203:0] script '/domains/tamara1/bayss.php' not found or unable to stat
[Thu Feb 12 03:22:29.228420 2026] [php:error] [pid 31768] [client 74.248.153.203:0] script '/domains/tamara1/bjfl.php' not found or unable to stat
[Thu Feb 12 03:22:29.348261 2026] [php:error] [pid 31768] [client 74.248.153.203:0] script '/domains/tamara1/asd67.php' not found or unable to stat
[Thu Feb 12 03:22:29.461516 2026] [php:error] [pid 31768] [client 74.248.153.203:0] script '/domains/tamara1/Geforce.php' not found or unable to stat
[Thu Feb 12 03:22:29.605165 2026] [php:error] [pid 31768] [client 74.248.153.203:0] script '/domains/tamara1/wp-k3w6g9s4h2.php' not found or unable to stat
[Thu Feb 12 03:22:29.720322 2026] [php:error] [pid 31768] [client 74.248.153.203:0] script '/domains/tamara1/007xx.php' not found or unable to stat
[Thu Feb 12 03:22:29.842827 2026] [php:error] [pid 31768] [client 74.248.153.203:0] script '/domains/tamara1/l3gi0n.php' not found or unable to stat
[Thu Feb 12 03:22:29.958279 2026] [php:error] [pid 31768] [client 74.248.153.203:0] script '/domains/tamara1/sldnjqlm.php' not found or unable to stat
[Thu Feb 12 03:22:30.060711 2026] [php:error] [pid 31768] [client 74.248.153.203:0] script '/domains/tamara1/s3.php' not found or unable to stat
[Thu Feb 12 03:22:30.161848 2026] [php:error] [pid 31768] [client 74.248.153.203:0] script '/domains/tamara1/co.php' not found or unable to stat
[Thu Feb 12 03:22:30.286439 2026] [php:error] [pid 31768] [client 74.248.153.203:0] script '/domains/tamara1/cmd2.php' not found or unable to stat
[Thu Feb 12 03:22:30.388309 2026] [php:error] [pid 31768] [client 74.248.153.203:0] script '/domains/tamara1/qasfrhau.php' not found or unable to stat
[Thu Feb 12 03:22:30.494465 2026] [php:error] [pid 31768] [client 74.248.153.203:0] script '/domains/tamara1/lp6.php' not found or unable to stat
[Thu Feb 12 03:22:30.606039 2026] [php:error] [pid 31768] [client 74.248.153.203:0] script '/domains/tamara1/f.php' not found or unable to stat
[Thu Feb 12 03:22:30.710544 2026] [php:error] [pid 31768] [client 74.248.153.203:0] script '/domains/tamara1/24.php' not found or unable to stat
[Thu Feb 12 03:22:30.812027 2026] [php:error] [pid 31768] [client 74.248.153.203:0] script '/domains/tamara1/kolda.php' not found or unable to stat
[Thu Feb 12 03:22:30.922399 2026] [php:error] [pid 31768] [client 74.248.153.203:0] script '/domains/tamara1/reujz.php' not found or unable to stat
[Thu Feb 12 03:22:31.037653 2026] [php:error] [pid 31768] [client 74.248.153.203:0] script '/domains/tamara1/acfdr.php' not found or unable to stat
[Thu Feb 12 03:22:31.144094 2026] [php:error] [pid 31768] [client 74.248.153.203:0] script '/domains/tamara1/php8.php' not found or unable to stat
[Thu Feb 12 03:22:31.264420 2026] [php:error] [pid 31768] [client 74.248.153.203:0] script '/domains/tamara1/kgmuq.php' not found or unable to stat
[Thu Feb 12 03:22:31.388650 2026] [php:error] [pid 31768] [client 74.248.153.203:0] script '/domains/tamara1/pass4.php' not found or unable to stat
[Thu Feb 12 03:22:31.490511 2026] [php:error] [pid 31768] [client 74.248.153.203:0] script '/domains/tamara1/nux.php' not found or unable to stat
[Thu Feb 12 03:22:31.601911 2026] [php:error] [pid 31768] [client 74.248.153.203:0] script '/domains/tamara1/fff.php' not found or unable to stat
[Thu Feb 12 03:22:31.708188 2026] [php:error] [pid 31768] [client 74.248.153.203:0] script '/domains/tamara1/Okxob.php' not found or unable to stat
[Thu Feb 12 03:22:31.809889 2026] [php:error] [pid 31768] [client 74.248.153.203:0] script '/domains/tamara1/wfwdhsjo.php' not found or unable to stat
[Thu Feb 12 03:22:31.911423 2026] [php:error] [pid 31768] [client 74.248.153.203:0] script '/domains/tamara1/init.php' not found or unable to stat
[Thu Feb 12 03:22:32.022687 2026] [php:error] [pid 31768] [client 74.248.153.203:0] script '/domains/tamara1/sfcl.php' not found or unable to stat
[Thu Feb 12 03:22:32.123761 2026] [php:error] [pid 31768] [client 74.248.153.203:0] script '/domains/tamara1/mjq.php' not found or unable to stat
[Thu Feb 12 03:22:32.239829 2026] [php:error] [pid 31768] [client 74.248.153.203:0] script '/domains/tamara1/sl.php' not found or unable to stat
[Thu Feb 12 03:22:32.352298 2026] [php:error] [pid 31768] [client 74.248.153.203:0] script '/domains/tamara1/flex.php' not found or unable to stat
[Thu Feb 12 03:22:32.453845 2026] [php:error] [pid 31768] [client 74.248.153.203:0] script '/domains/tamara1/c4.php' not found or unable to stat
[Thu Feb 12 03:22:32.555062 2026] [php:error] [pid 31768] [client 74.248.153.203:0] script '/domains/tamara1/zr.php' not found or unable to stat
[Thu Feb 12 03:22:32.664056 2026] [php:error] [pid 31768] [client 74.248.153.203:0] script '/domains/tamara1/themes.php' not found or unable to stat
[Thu Feb 12 03:23:44.153332 2026] [php:error] [pid 31779] [client 34.6.241.230:0] script '/domains/hdickens.enteract/kmnj.php' not found or unable to stat
[Thu Feb 12 03:23:49.437501 2026] [php:error] [pid 31771] [client 57.141.0.41:0] script '/domains/hdickens.enteract/hyyj.php' not found or unable to stat
[Thu Feb 12 03:24:35.061784 2026] [php:error] [pid 31797] [client 158.158.100.90:0] script '/domains/gohover/fff.php' not found or unable to stat
[Thu Feb 12 03:25:34.412722 2026] [core:crit] [pid 31808] (13)Permission denied: [client 107.23.62.75:0] AH00529: /domains/performancepartsinc/graphics/psd/.htaccess pcfg_openfile: unable to check htaccess file, ensure it is readable and that '/domains/performancepartsinc/graphics/psd/' is executable
[Thu Feb 12 03:26:05.339391 2026] [php:error] [pid 31815] [client 129.150.62.199:0] script '/domains/covertcomic/xmlrpc.php' not found or unable to stat
[Thu Feb 12 03:26:27.416717 2026] [php:error] [pid 31815] [client 51.103.141.136:0] script '/domains/memanuel/about.php' not found or unable to stat
[Thu Feb 12 03:26:27.621070 2026] [php:error] [pid 31815] [client 51.103.141.136:0] script '/domains/memanuel/system.php' not found or unable to stat
[Thu Feb 12 03:26:27.812857 2026] [php:error] [pid 31815] [client 51.103.141.136:0] script '/domains/memanuel/ini.php' not found or unable to stat
[Thu Feb 12 03:26:29.267144 2026] [php:error] [pid 31822] [client 51.103.141.136:0] script '/domains/memanuel/content.php' not found or unable to stat
[Thu Feb 12 03:26:29.701877 2026] [php:error] [pid 31822] [client 51.103.141.136:0] script '/domains/memanuel/elp.php' not found or unable to stat
[Thu Feb 12 03:26:29.798690 2026] [php:error] [pid 31822] [client 51.103.141.136:0] script '/domains/memanuel/FII.php' not found or unable to stat
[Thu Feb 12 03:26:30.126989 2026] [php:error] [pid 31822] [client 51.103.141.136:0] script '/domains/memanuel/bolt.php' not found or unable to stat
[Thu Feb 12 03:26:30.260670 2026] [php:error] [pid 31822] [client 51.103.141.136:0] script '/domains/memanuel/api.php' not found or unable to stat
[Thu Feb 12 03:26:30.499492 2026] [php:error] [pid 31822] [client 51.103.141.136:0] script '/domains/memanuel/mini.php' not found or unable to stat
[Thu Feb 12 03:26:31.114263 2026] [php:error] [pid 31822] [client 51.103.141.136:0] script '/domains/memanuel/dropdown.php' not found or unable to stat
[Thu Feb 12 03:26:32.133046 2026] [php:error] [pid 31822] [client 51.103.141.136:0] script '/domains/memanuel/wp-file.php' not found or unable to stat
[Thu Feb 12 03:26:33.077274 2026] [php:error] [pid 31822] [client 51.103.141.136:0] script '/domains/memanuel/alfa-rex.php' not found or unable to stat
[Thu Feb 12 03:26:34.232309 2026] [php:error] [pid 31822] [client 51.103.141.136:0] script '/domains/memanuel/abcd.php' not found or unable to stat
[Thu Feb 12 03:26:34.745167 2026] [php:error] [pid 31822] [client 51.103.141.136:0] script '/domains/memanuel/lib.php' not found or unable to stat
[Thu Feb 12 03:26:35.556999 2026] [php:error] [pid 31822] [client 51.103.141.136:0] script '/domains/memanuel/shell.php' not found or unable to stat
[Thu Feb 12 03:26:36.180660 2026] [php:error] [pid 31822] [client 51.103.141.136:0] script '/domains/memanuel/ds.php' not found or unable to stat
[Thu Feb 12 03:26:36.453600 2026] [php:error] [pid 31822] [client 51.103.141.136:0] script '/domains/memanuel/makeasmtp.php' not found or unable to stat
[Thu Feb 12 03:26:37.372528 2026] [php:error] [pid 31812] [client 51.103.141.136:0] script '/domains/memanuel/buy.php' not found or unable to stat
[Thu Feb 12 03:26:37.828821 2026] [php:error] [pid 31812] [client 51.103.141.136:0] script '/domains/memanuel/theme.php' not found or unable to stat
[Thu Feb 12 03:26:37.949997 2026] [php:error] [pid 31815] [client 34.32.204.182:0] script '/domains/hdickens.enteract/kmnj.php' not found or unable to stat
[Thu Feb 12 03:26:37.954280 2026] [php:error] [pid 31812] [client 51.103.141.136:0] script '/domains/memanuel/chosen.php' not found or unable to stat
[Thu Feb 12 03:26:38.457999 2026] [php:error] [pid 31812] [client 51.103.141.136:0] script '/domains/memanuel/st.php' not found or unable to stat
[Thu Feb 12 03:26:38.566547 2026] [php:error] [pid 31812] [client 51.103.141.136:0] script '/domains/memanuel/inputs.php' not found or unable to stat
[Thu Feb 12 03:26:39.462159 2026] [php:error] [pid 31812] [client 51.103.141.136:0] script '/domains/memanuel/aaa.php' not found or unable to stat
[Thu Feb 12 03:26:39.738696 2026] [php:error] [pid 31812] [client 51.103.141.136:0] script '/domains/memanuel/wp-login.php' not found or unable to stat
[Thu Feb 12 03:26:40.470010 2026] [php:error] [pid 31812] [client 51.103.141.136:0] script '/domains/memanuel/wp-signup.php' not found or unable to stat
[Thu Feb 12 03:26:40.573545 2026] [php:error] [pid 31812] [client 51.103.141.136:0] script '/domains/memanuel/core.php' not found or unable to stat
[Thu Feb 12 03:26:40.767707 2026] [php:error] [pid 31812] [client 51.103.141.136:0] script '/domains/memanuel/403.php' not found or unable to stat
[Thu Feb 12 03:26:41.811530 2026] [php:error] [pid 31812] [client 51.103.141.136:0] script '/domains/memanuel/new4.php' not found or unable to stat
[Thu Feb 12 03:26:41.970089 2026] [php:error] [pid 31812] [client 51.103.141.136:0] script '/domains/memanuel/adminfuns.php' not found or unable to stat
[Thu Feb 12 03:26:42.136026 2026] [php:error] [pid 31812] [client 51.103.141.136:0] script '/domains/memanuel/radio.php' not found or unable to stat
[Thu Feb 12 03:26:43.105616 2026] [php:error] [pid 31812] [client 51.103.141.136:0] script '/domains/memanuel/mah.php' not found or unable to stat
[Thu Feb 12 03:26:43.576559 2026] [php:error] [pid 31812] [client 51.103.141.136:0] script '/domains/memanuel/sim.php' not found or unable to stat
[Thu Feb 12 03:26:43.887588 2026] [php:error] [pid 31812] [client 51.103.141.136:0] script '/domains/memanuel/error.php' not found or unable to stat
[Thu Feb 12 03:26:44.359001 2026] [php:error] [pid 31812] [client 51.103.141.136:0] script '/domains/memanuel/cong.php' not found or unable to stat
[Thu Feb 12 03:26:45.211077 2026] [php:error] [pid 31812] [client 51.103.141.136:0] script '/domains/memanuel/kyami.php' not found or unable to stat
[Thu Feb 12 03:26:45.948127 2026] [php:error] [pid 31812] [client 51.103.141.136:0] script '/domains/memanuel/1.php' not found or unable to stat
[Thu Feb 12 03:26:46.187849 2026] [php:error] [pid 31812] [client 51.103.141.136:0] script '/domains/memanuel/gecko-new.php' not found or unable to stat
[Thu Feb 12 03:26:46.779106 2026] [php:error] [pid 31812] [client 51.103.141.136:0] script '/domains/memanuel/wp-blog-header.php' not found or unable to stat
[Thu Feb 12 03:26:47.061977 2026] [php:error] [pid 31812] [client 51.103.141.136:0] script '/domains/memanuel/item.php' not found or unable to stat
