[Thu Feb 12 03:40:11.387751 2026] [php:error] [pid 32011] [client 158.173.36.134:0] script '/domains/mschmid/contacts.php' not found or unable to stat
[Thu Feb 12 03:40:11.489017 2026] [php:error] [pid 32017] [client 158.173.36.169:0] script '/domains/ecernstelectric/mariju.php' not found or unable to stat
[Thu Feb 12 03:40:11.531012 2026] [php:error] [pid 32004] [client 158.173.36.230:0] script '/domains/mjbradley/NewFile.php' not found or unable to stat
[Thu Feb 12 03:40:11.538769 2026] [php:error] [pid 31998] [client 158.173.36.217:0] script '/domains/egmaweb/fm.php' not found or unable to stat
[Thu Feb 12 03:40:11.595192 2026] [php:error] [pid 32011] [client 158.173.36.134:0] script '/domains/mschmid/wsa.php' not found or unable to stat
[Thu Feb 12 03:40:11.596755 2026] [php:error] [pid 32016] [client 158.173.36.164:0] script '/domains/hdickens.enteract/l.php' not found or unable to stat
[Thu Feb 12 03:40:11.597030 2026] [php:error] [pid 32013] [client 158.173.36.134:0] script '/domains/peterbmiller/1.php' not found or unable to stat
[Thu Feb 12 03:40:11.597314 2026] [php:error] [pid 31980] [client 158.173.36.68:0] script '/domains/nlyfoods/aa.php' not found or unable to stat
[Thu Feb 12 03:40:11.689803 2026] [php:error] [pid 32017] [client 158.173.36.169:0] script '/domains/ecernstelectric/waf_defender.php' not found or unable to stat
[Thu Feb 12 03:40:11.768799 2026] [php:error] [pid 32016] [client 158.173.36.164:0] script '/domains/hdickens.enteract/repeater.php' not found or unable to stat
[Thu Feb 12 03:40:11.770431 2026] [php:error] [pid 31980] [client 158.173.36.68:0] script '/domains/nlyfoods/index2.php' not found or unable to stat
[Thu Feb 12 03:40:11.825579 2026] [php:error] [pid 31996] [client 158.173.36.210:0] script '/domains/ebon/tiny.php' not found or unable to stat
[Thu Feb 12 03:40:11.834301 2026] [php:error] [pid 32003] [client 158.173.36.80:0] script '/domains/system_suspended/wp-files.php' not found or unable to stat
[Thu Feb 12 03:40:11.950553 2026] [php:error] [pid 31994] [client 158.173.36.70:0] script '/domains/hdickens.enteract/aks.php' not found or unable to stat
[Thu Feb 12 03:40:12.046819 2026] [php:error] [pid 32003] [client 158.173.36.80:0] script '/domains/system_suspended/functions.php' not found or unable to stat
[Thu Feb 12 03:40:12.123107 2026] [php:error] [pid 32017] [client 158.173.36.169:0] script '/domains/ecernstelectric/av.php' not found or unable to stat
[Thu Feb 12 03:40:12.160658 2026] [php:error] [pid 31986] [client 158.173.36.240:0] script '/domains/wsmith.enteract/aks.php' not found or unable to stat
[Thu Feb 12 03:40:12.160906 2026] [php:error] [pid 32012] [client 158.173.36.49:0] script '/domains/piltdweb1/as.php' not found or unable to stat
[Thu Feb 12 03:40:12.160971 2026] [php:error] [pid 31994] [client 158.173.36.70:0] script '/domains/hdickens.enteract/litespeed.php' not found or unable to stat
[Thu Feb 12 03:40:12.218479 2026] [php:error] [pid 32004] [client 158.173.36.230:0] script '/domains/mjbradley/error.php' not found or unable to stat
[Thu Feb 12 03:40:12.252227 2026] [php:error] [pid 32015] [client 158.173.36.171:0] script '/domains/astrosfm/hehe.php' not found or unable to stat
[Thu Feb 12 03:40:12.253621 2026] [php:error] [pid 31996] [client 158.173.36.210:0] script '/domains/ebon/themes.php' not found or unable to stat
[Thu Feb 12 03:40:12.276658 2026] [php:error] [pid 31926] [client 158.173.36.227:0] script '/domains/markrose/lv.php' not found or unable to stat
[Thu Feb 12 03:40:12.324887 2026] [php:error] [pid 31986] [client 158.173.36.240:0] script '/domains/wsmith.enteract/litespeed.php' not found or unable to stat
[Thu Feb 12 03:40:12.326512 2026] [php:error] [pid 32016] [client 158.173.36.164:0] script '/domains/hdickens.enteract/contacts.php' not found or unable to stat
[Thu Feb 12 03:40:12.344656 2026] [php:error] [pid 32012] [client 158.173.36.49:0] script '/domains/piltdweb1/cc.php' not found or unable to stat
[Thu Feb 12 03:40:12.345030 2026] [php:error] [pid 31998] [client 158.173.36.217:0] script '/domains/egmaweb/ini.php' not found or unable to stat
[Thu Feb 12 03:40:12.345349 2026] [php:error] [pid 31994] [client 158.173.36.70:0] script '/domains/hdickens.enteract/img/about.php' not found or unable to stat
[Thu Feb 12 03:40:12.425467 2026] [php:error] [pid 31996] [client 158.173.36.210:0] script '/domains/ebon/wp-themes.php' not found or unable to stat
[Thu Feb 12 03:40:12.483124 2026] [php:error] [pid 32011] [client 158.173.36.134:0] script '/domains/mschmid/lv.php' not found or unable to stat
[Thu Feb 12 03:40:12.483304 2026] [php:error] [pid 32016] [client 158.173.36.164:0] script '/domains/hdickens.enteract/wsa.php' not found or unable to stat
[Thu Feb 12 03:40:12.594477 2026] [php:error] [pid 32015] [client 158.173.36.171:0] script '/domains/astrosfm/css/slider.php' not found or unable to stat
[Thu Feb 12 03:40:12.655033 2026] [php:error] [pid 32011] [client 158.173.36.134:0] script '/domains/mschmid/images/js1.php' not found or unable to stat
[Thu Feb 12 03:40:12.655088 2026] [php:error] [pid 31980] [client 158.173.36.68:0] script '/domains/nlyfoods/shell.php' not found or unable to stat
[Thu Feb 12 03:40:12.677399 2026] [php:error] [pid 32012] [client 158.173.36.49:0] script '/domains/piltdweb1/ab.php' not found or unable to stat
[Thu Feb 12 03:40:12.677534 2026] [php:error] [pid 31994] [client 158.173.36.70:0] script '/domains/hdickens.enteract/wpn.php' not found or unable to stat
[Thu Feb 12 03:40:12.804845 2026] [php:error] [pid 32015] [client 158.173.36.171:0] script '/domains/astrosfm/dir.php' not found or unable to stat
[Thu Feb 12 03:40:12.904438 2026] [php:error] [pid 31986] [client 158.173.36.240:0] script '/domains/wsmith.enteract/wpn.php' not found or unable to stat
[Thu Feb 12 03:40:12.953301 2026] [php:error] [pid 32004] [client 158.173.36.230:0] script '/domains/mjbradley/wp-files.php' not found or unable to stat
[Thu Feb 12 03:40:13.004513 2026] [php:error] [pid 32003] [client 158.173.36.80:0] script '/domains/system_suspended/aks.php' not found or unable to stat
[Thu Feb 12 03:40:13.004652 2026] [php:error] [pid 31996] [client 158.173.36.210:0] script '/domains/ebon/mariju.php' not found or unable to stat
[Thu Feb 12 03:40:13.128502 2026] [php:error] [pid 32004] [client 158.173.36.230:0] script '/domains/mjbradley/functions.php' not found or unable to stat
[Thu Feb 12 03:40:13.198971 2026] [php:error] [pid 32003] [client 158.173.36.80:0] script '/domains/system_suspended/litespeed.php' not found or unable to stat
[Thu Feb 12 03:40:13.199745 2026] [php:error] [pid 31996] [client 158.173.36.210:0] script '/domains/ebon/waf_defender.php' not found or unable to stat
[Thu Feb 12 03:40:13.297962 2026] [php:error] [pid 32012] [client 158.173.36.49:0] script '/domains/piltdweb1/doc.php' not found or unable to stat
[Thu Feb 12 03:40:13.297963 2026] [php:error] [pid 32013] [client 158.173.36.134:0] script '/domains/peterbmiller/fm.php' not found or unable to stat
[Thu Feb 12 03:40:13.333138 2026] [php:error] [pid 31979] [client 158.173.36.80:0] script '/domains/awciii/wp-content.php' not found or unable to stat
[Thu Feb 12 03:40:13.422175 2026] [php:error] [pid 31990] [client 158.173.36.68:0] script '/domains/markrose/wp-content.php' not found or unable to stat
[Thu Feb 12 03:40:13.493652 2026] [php:error] [pid 32016] [client 158.173.36.164:0] script '/domains/hdickens.enteract/lv.php' not found or unable to stat
[Thu Feb 12 03:40:13.672096 2026] [php:error] [pid 32015] [client 158.173.36.171:0] script '/domains/astrosfm/nf_tracking.php' not found or unable to stat
[Thu Feb 12 03:40:13.672422 2026] [php:error] [pid 31996] [client 158.173.36.210:0] script '/domains/ebon/av.php' not found or unable to stat
[Thu Feb 12 03:40:13.693949 2026] [php:error] [pid 32016] [client 158.173.36.164:0] script '/domains/hdickens.enteract/images/js1.php' not found or unable to stat
[Thu Feb 12 03:40:13.849526 2026] [php:error] [pid 32003] [client 158.173.36.80:0] script '/domains/system_suspended/wpn.php' not found or unable to stat
[Thu Feb 12 03:40:13.849524 2026] [php:error] [pid 31980] [client 158.173.36.68:0] script '/domains/nlyfoods/hehe.php' not found or unable to stat
[Thu Feb 12 03:40:13.883583 2026] [php:error] [pid 32012] [client 158.173.36.49:0] script '/domains/piltdweb1/wp-login.php' not found or unable to stat
[Thu Feb 12 03:40:14.239025 2026] [php:error] [pid 32013] [client 158.173.36.134:0] script '/domains/peterbmiller/ini.php' not found or unable to stat
[Thu Feb 12 03:40:14.239026 2026] [php:error] [pid 32012] [client 158.173.36.49:0] script '/domains/piltdweb1/mar.php' not found or unable to stat
[Thu Feb 12 03:40:14.239224 2026] [php:error] [pid 32015] [client 158.173.36.171:0] script '/domains/astrosfm/filefuns.php' not found or unable to stat
[Thu Feb 12 03:40:14.531401 2026] [php:error] [pid 32004] [client 158.173.36.230:0] script '/domains/mjbradley/aks.php' not found or unable to stat
[Thu Feb 12 03:40:14.636005 2026] [php:error] [pid 31980] [client 158.173.36.68:0] script '/domains/nlyfoods/css/slider.php' not found or unable to stat
[Thu Feb 12 03:40:14.653491 2026] [php:error] [pid 32002] [client 158.173.36.169:0] script '/domains/ecernstelectric/theme.php' not found or unable to stat
[Thu Feb 12 03:40:14.725316 2026] [php:error] [pid 31979] [client 158.173.36.80:0] script '/domains/awciii/customize.php' not found or unable to stat
[Thu Feb 12 03:40:14.725322 2026] [php:error] [pid 32004] [client 158.173.36.230:0] script '/domains/mjbradley/litespeed.php' not found or unable to stat
[Thu Feb 12 03:40:14.778689 2026] [php:error] [pid 31990] [client 158.173.36.68:0] script '/domains/markrose/customize.php' not found or unable to stat
[Thu Feb 12 03:40:14.779911 2026] [php:error] [pid 31980] [client 158.173.36.68:0] script '/domains/nlyfoods/dir.php' not found or unable to stat
[Thu Feb 12 03:40:14.804963 2026] [php:error] [pid 32015] [client 158.173.36.171:0] script '/domains/astrosfm/l.php' not found or unable to stat
[Thu Feb 12 03:40:14.872365 2026] [php:error] [pid 31979] [client 158.173.36.80:0] script '/domains/awciii/license.php' not found or unable to stat
[Thu Feb 12 03:40:14.884428 2026] [php:error] [pid 32012] [client 158.173.36.49:0] script '/domains/piltdweb1/1.php' not found or unable to stat
[Thu Feb 12 03:40:14.948420 2026] [php:error] [pid 31926] [client 158.173.36.134:0] script '/domains/egmaweb/wp-content.php' not found or unable to stat
[Thu Feb 12 03:40:14.948655 2026] [php:error] [pid 31990] [client 158.173.36.68:0] script '/domains/markrose/license.php' not found or unable to stat
[Thu Feb 12 03:40:14.957857 2026] [php:error] [pid 32015] [client 158.173.36.171:0] script '/domains/astrosfm/repeater.php' not found or unable to stat
[Thu Feb 12 03:40:15.190532 2026] [php:error] [pid 32002] [client 158.173.36.169:0] script '/domains/ecernstelectric/Simple.php' not found or unable to stat
[Thu Feb 12 03:40:15.226229 2026] [php:error] [pid 31979] [client 158.173.36.80:0] script '/domains/awciii/lock.php' not found or unable to stat
[Thu Feb 12 03:40:15.226234 2026] [php:error] [pid 32004] [client 158.173.36.230:0] script '/domains/mjbradley/wpn.php' not found or unable to stat
[Thu Feb 12 03:40:15.274126 2026] [php:error] [pid 31990] [client 158.173.36.68:0] script '/domains/markrose/lock.php' not found or unable to stat
[Thu Feb 12 03:40:15.350310 2026] [php:error] [pid 32021] [client 158.173.36.164:0] script '/domains/markrose/tox.php' not found or unable to stat
[Thu Feb 12 03:40:15.414927 2026] [php:error] [pid 32012] [client 158.173.36.49:0] script '/domains/piltdweb1/js/fm.php' not found or unable to stat
[Thu Feb 12 03:40:15.457222 2026] [php:error] [pid 31980] [client 158.173.36.68:0] script '/domains/nlyfoods/nf_tracking.php' not found or unable to stat
[Thu Feb 12 03:40:15.524038 2026] [php:error] [pid 32015] [client 158.173.36.171:0] script '/domains/astrosfm/contacts.php' not found or unable to stat
[Thu Feb 12 03:40:15.556029 2026] [php:error] [pid 32017] [client 158.173.36.70:0] script '/domains/mschmid/tox.php' not found or unable to stat
[Thu Feb 12 03:40:15.728730 2026] [php:error] [pid 32015] [client 158.173.36.171:0] script '/domains/astrosfm/wsa.php' not found or unable to stat
[Thu Feb 12 03:40:15.821104 2026] [php:error] [pid 31926] [client 158.173.36.134:0] script '/domains/egmaweb/customize.php' not found or unable to stat
[Thu Feb 12 03:40:15.826256 2026] [php:error] [pid 31980] [client 158.173.36.68:0] script '/domains/nlyfoods/filefuns.php' not found or unable to stat
[Thu Feb 12 03:40:15.861566 2026] [php:error] [pid 31998] [client 158.173.36.31:0] script '/domains/ebon/theme.php' not found or unable to stat
[Thu Feb 12 03:40:16.028663 2026] [php:error] [pid 31926] [client 158.173.36.134:0] script '/domains/egmaweb/license.php' not found or unable to stat
[Thu Feb 12 03:40:16.173794 2026] [php:error] [pid 32021] [client 158.173.36.164:0] script '/domains/markrose/tiny.php' not found or unable to stat
[Thu Feb 12 03:40:16.245310 2026] [php:error] [pid 31980] [client 158.173.36.68:0] script '/domains/nlyfoods/l.php' not found or unable to stat
[Thu Feb 12 03:40:16.422941 2026] [php:error] [pid 32012] [client 158.173.36.49:0] script '/domains/piltdweb1/fm.php' not found or unable to stat
[Thu Feb 12 03:40:16.431386 2026] [php:error] [pid 31926] [client 158.173.36.134:0] script '/domains/egmaweb/lock.php' not found or unable to stat
[Thu Feb 12 03:40:16.432438 2026] [php:error] [pid 31980] [client 158.173.36.68:0] script '/domains/nlyfoods/repeater.php' not found or unable to stat
[Thu Feb 12 03:40:16.505832 2026] [php:error] [pid 32016] [client 158.173.36.171:0] script '/domains/hdickens.enteract/tox.php' not found or unable to stat
[Thu Feb 12 03:40:16.506750 2026] [php:error] [pid 32011] [client 158.173.36.241:0] script '/domains/peterbmiller/wp-content.php' not found or unable to stat
[Thu Feb 12 03:40:16.516838 2026] [php:error] [pid 31998] [client 158.173.36.31:0] script '/domains/ebon/Simple.php' not found or unable to stat
[Thu Feb 12 03:40:16.579507 2026] [php:error] [pid 32017] [client 158.173.36.70:0] script '/domains/mschmid/tiny.php' not found or unable to stat
[Thu Feb 12 03:40:16.643047 2026] [php:error] [pid 32021] [client 158.173.36.164:0] script '/domains/markrose/themes.php' not found or unable to stat
[Thu Feb 12 03:40:16.643823 2026] [php:error] [pid 31990] [client 158.173.36.68:0] script '/domains/markrose/wp-good.php' not found or unable to stat
[Thu Feb 12 03:40:16.684494 2026] [php:error] [pid 31979] [client 158.173.36.80:0] script '/domains/awciii/wp-good.php' not found or unable to stat
[Thu Feb 12 03:40:16.756485 2026] [php:error] [pid 32015] [client 158.173.36.171:0] script '/domains/astrosfm/lv.php' not found or unable to stat
[Thu Feb 12 03:40:16.814483 2026] [php:error] [pid 32010] [client 158.173.36.171:0] script '/domains/hdickens.enteract/images/wp-aespa.php' not found or unable to stat
[Thu Feb 12 03:40:16.827878 2026] [php:error] [pid 32021] [client 158.173.36.164:0] script '/domains/markrose/wp-themes.php' not found or unable to stat
[Thu Feb 12 03:40:16.839993 2026] [php:error] [pid 32003] [client 158.173.36.169:0] script '/domains/ecernstelectric/images/waf_defender.php' not found or unable to stat
[Thu Feb 12 03:40:16.925759 2026] [php:error] [pid 32017] [client 158.173.36.70:0] script '/domains/mschmid/themes.php' not found or unable to stat
[Thu Feb 12 03:40:17.030141 2026] [php:error] [pid 31980] [client 158.173.36.68:0] script '/domains/nlyfoods/contacts.php' not found or unable to stat
[Thu Feb 12 03:40:17.086742 2026] [php:error] [pid 32017] [client 158.173.36.70:0] script '/domains/mschmid/wp-themes.php' not found or unable to stat
[Thu Feb 12 03:40:17.232590 2026] [php:error] [pid 31980] [client 158.173.36.68:0] script '/domains/nlyfoods/wsa.php' not found or unable to stat
[Thu Feb 12 03:40:17.232910 2026] [php:error] [pid 32012] [client 158.173.36.49:0] script '/domains/piltdweb1/ini.php' not found or unable to stat
[Thu Feb 12 03:40:17.233787 2026] [php:error] [pid 32016] [client 158.173.36.171:0] script '/domains/hdickens.enteract/tiny.php' not found or unable to stat
[Thu Feb 12 03:40:17.244337 2026] [php:error] [pid 32003] [client 158.173.36.169:0] script '/domains/ecernstelectric/small.php' not found or unable to stat
[Thu Feb 12 03:40:17.397380 2026] [php:error] [pid 32011] [client 158.173.36.241:0] script '/domains/peterbmiller/customize.php' not found or unable to stat
[Thu Feb 12 03:40:17.415989 2026] [php:error] [pid 32021] [client 158.173.36.164:0] script '/domains/markrose/mariju.php' not found or unable to stat
[Thu Feb 12 03:40:17.561665 2026] [php:error] [pid 32016] [client 158.173.36.171:0] script '/domains/hdickens.enteract/themes.php' not found or unable to stat
[Thu Feb 12 03:40:17.563009 2026] [php:error] [pid 32011] [client 158.173.36.241:0] script '/domains/peterbmiller/license.php' not found or unable to stat
[Thu Feb 12 03:40:17.580128 2026] [php:error] [pid 32021] [client 158.173.36.164:0] script '/domains/markrose/waf_defender.php' not found or unable to stat
[Thu Feb 12 03:40:17.580527 2026] [php:error] [pid 32017] [client 158.173.36.70:0] script '/domains/mschmid/mariju.php' not found or unable to stat
[Thu Feb 12 03:40:17.603764 2026] [php:error] [pid 32003] [client 158.173.36.169:0] script '/domains/ecernstelectric/NewFile.php' not found or unable to stat
[Thu Feb 12 03:40:17.733990 2026] [php:error] [pid 32016] [client 158.173.36.171:0] script '/domains/hdickens.enteract/wp-themes.php' not found or unable to stat
[Thu Feb 12 03:40:17.734489 2026] [php:error] [pid 31926] [client 158.173.36.134:0] script '/domains/egmaweb/wp-good.php' not found or unable to stat
[Thu Feb 12 03:40:17.756353 2026] [php:error] [pid 32017] [client 158.173.36.70:0] script '/domains/mschmid/waf_defender.php' not found or unable to stat
[Thu Feb 12 03:40:17.925221 2026] [php:error] [pid 32011] [client 158.173.36.241:0] script '/domains/peterbmiller/lock.php' not found or unable to stat
[Thu Feb 12 03:40:17.926693 2026] [php:error] [pid 31990] [client 158.173.36.68:0] script '/domains/markrose/fonts/database.php' not found or unable to stat
[Thu Feb 12 03:40:17.968636 2026] [php:error] [pid 32021] [client 158.173.36.164:0] script '/domains/markrose/av.php' not found or unable to stat
[Thu Feb 12 03:40:18.059830 2026] [php:error] [pid 32013] [client 158.173.36.31:0] script '/domains/ebon/images/waf_defender.php' not found or unable to stat
[Thu Feb 12 03:40:18.069026 2026] [php:error] [pid 32003] [client 158.173.36.169:0] script '/domains/ecernstelectric/error.php' not found or unable to stat
[Thu Feb 12 03:40:18.105552 2026] [php:error] [pid 31980] [client 158.173.36.68:0] script '/domains/nlyfoods/lv.php' not found or unable to stat
[Thu Feb 12 03:40:18.106756 2026] [php:error] [pid 31990] [client 158.173.36.68:0] script '/domains/markrose/ff2.php' not found or unable to stat
[Thu Feb 12 03:40:18.125319 2026] [php:error] [pid 32017] [client 158.173.36.70:0] script '/domains/mschmid/av.php' not found or unable to stat
[Thu Feb 12 03:40:18.223136 2026] [php:error] [pid 31979] [client 158.173.36.80:0] script '/domains/awciii/ff2.php' not found or unable to stat
[Thu Feb 12 03:40:18.430456 2026] [php:error] [pid 32016] [client 158.173.36.171:0] script '/domains/hdickens.enteract/mariju.php' not found or unable to stat
[Thu Feb 12 03:40:18.493081 2026] [php:error] [pid 32013] [client 158.173.36.31:0] script '/domains/ebon/small.php' not found or unable to stat
[Thu Feb 12 03:40:18.588425 2026] [php:error] [pid 32016] [client 158.173.36.171:0] script '/domains/hdickens.enteract/waf_defender.php' not found or unable to stat
[Thu Feb 12 03:40:18.874725 2026] [php:error] [pid 32016] [client 158.173.36.171:0] script '/domains/hdickens.enteract/av.php' not found or unable to stat
[Thu Feb 12 03:40:18.875242 2026] [php:error] [pid 31996] [client 158.173.36.161:0] script '/domains/mjbradley/images/wp-aespa.php' not found or unable to stat
[Thu Feb 12 03:40:19.043954 2026] [php:error] [pid 32003] [client 158.173.36.169:0] script '/domains/ecernstelectric/wp-files.php' not found or unable to stat
[Thu Feb 12 03:40:19.106957 2026] [php:error] [pid 31990] [client 158.173.36.68:0] script '/domains/markrose/jp.php' not found or unable to stat
[Thu Feb 12 03:40:19.130836 2026] [php:error] [pid 32013] [client 158.173.36.31:0] script '/domains/ebon/NewFile.php' not found or unable to stat
[Thu Feb 12 03:40:19.140116 2026] [php:error] [pid 32011] [client 158.173.36.241:0] script '/domains/peterbmiller/wp-good.php' not found or unable to stat
[Thu Feb 12 03:40:19.264949 2026] [php:error] [pid 32003] [client 158.173.36.169:0] script '/domains/ecernstelectric/functions.php' not found or unable to stat
[Thu Feb 12 03:40:19.339308 2026] [php:error] [pid 31990] [client 158.173.36.68:0] script '/domains/markrose/wp-atom.php' not found or unable to stat
[Thu Feb 12 03:40:19.374967 2026] [php:error] [pid 31979] [client 158.173.36.80:0] script '/domains/awciii/jp.php' not found or unable to stat
[Thu Feb 12 03:40:19.394210 2026] [php:error] [pid 31926] [client 158.173.36.134:0] script '/domains/egmaweb/ff2.php' not found or unable to stat
[Thu Feb 12 03:40:19.450284 2026] [php:error] [pid 31993] [client 158.173.36.124:0] script '/domains/astrosfm/tox.php' not found or unable to stat
[Thu Feb 12 03:40:19.648219 2026] [php:error] [pid 32013] [client 158.173.36.31:0] script '/domains/ebon/error.php' not found or unable to stat
[Thu Feb 12 03:40:19.648266 2026] [php:error] [pid 31979] [client 158.173.36.80:0] script '/domains/awciii/wp-atom.php' not found or unable to stat
[Thu Feb 12 03:40:19.809035 2026] [php:error] [pid 31990] [client 158.173.36.68:0] script '/domains/markrose/up.php' not found or unable to stat
[Thu Feb 12 03:40:20.022313 2026] [php:error] [pid 31987] [client 158.173.36.63:0] script '/domains/mschmid/theme.php' not found or unable to stat
[Thu Feb 12 03:40:20.023435 2026] [php:error] [pid 31998] [client 158.173.36.245:0] script '/domains/piltdweb1/wp-content.php' not found or unable to stat
[Thu Feb 12 03:40:20.110321 2026] [php:error] [pid 31979] [client 158.173.36.80:0] script '/domains/awciii/up.php' not found or unable to stat
[Thu Feb 12 03:40:20.171547 2026] [php:error] [pid 31926] [client 158.173.36.134:0] script '/domains/egmaweb/jp.php' not found or unable to stat
[Thu Feb 12 03:40:20.285841 2026] [php:error] [pid 31993] [client 158.173.36.124:0] script '/domains/astrosfm/tiny.php' not found or unable to stat
[Thu Feb 12 03:40:20.342274 2026] [php:error] [pid 31926] [client 158.173.36.134:0] script '/domains/egmaweb/wp-atom.php' not found or unable to stat
[Thu Feb 12 03:40:20.483325 2026] [php:error] [pid 32013] [client 158.173.36.31:0] script '/domains/ebon/wp-files.php' not found or unable to stat
[Thu Feb 12 03:40:20.647839 2026] [php:error] [pid 31993] [client 158.173.36.124:0] script '/domains/astrosfm/themes.php' not found or unable to stat
[Thu Feb 12 03:40:20.648285 2026] [php:error] [pid 31986] [client 158.173.36.134:0] script '/domains/markrose/theme.php' not found or unable to stat
[Thu Feb 12 03:40:20.649064 2026] [php:error] [pid 32013] [client 158.173.36.31:0] script '/domains/ebon/functions.php' not found or unable to stat
[Thu Feb 12 03:40:20.660868 2026] [php:error] [pid 31987] [client 158.173.36.63:0] script '/domains/mschmid/Simple.php' not found or unable to stat
[Thu Feb 12 03:40:20.856722 2026] [php:error] [pid 32002] [client 158.173.36.29:0] script '/domains/hdickens.enteract/Sanskrit.php' not found or unable to stat
[Thu Feb 12 03:40:20.856910 2026] [php:error] [pid 31993] [client 158.173.36.124:0] script '/domains/astrosfm/wp-themes.php' not found or unable to stat
[Thu Feb 12 03:40:20.857734 2026] [php:error] [pid 32017] [client 158.173.36.80:0] script '/domains/hdickens.enteract/theme.php' not found or unable to stat
[Thu Feb 12 03:40:20.868262 2026] [php:error] [pid 32011] [client 158.173.36.241:0] script '/domains/peterbmiller/ff2.php' not found or unable to stat
[Thu Feb 12 03:40:20.868380 2026] [php:error] [pid 31926] [client 158.173.36.134:0] script '/domains/egmaweb/up.php' not found or unable to stat
[Thu Feb 12 03:40:20.937396 2026] [php:error] [pid 31990] [client 158.173.36.68:0] script '/domains/markrose/worm.PhP' not found or unable to stat
[Thu Feb 12 03:40:21.018082 2026] [php:error] [pid 32002] [client 158.173.36.29:0] script '/domains/hdickens.enteract/wp-fmfile.php' not found or unable to stat
[Thu Feb 12 03:40:21.022886 2026] [php:error] [pid 31998] [client 158.173.36.245:0] script '/domains/piltdweb1/customize.php' not found or unable to stat
[Thu Feb 12 03:40:21.080209 2026] [php:error] [pid 31990] [client 158.173.36.68:0] script '/domains/markrose/ext.php' not found or unable to stat
[Thu Feb 12 03:40:21.185955 2026] [php:error] [pid 31998] [client 158.173.36.245:0] script '/domains/piltdweb1/license.php' not found or unable to stat
[Thu Feb 12 03:40:21.187999 2026] [php:error] [pid 31986] [client 158.173.36.134:0] script '/domains/markrose/Simple.php' not found or unable to stat
[Thu Feb 12 03:40:21.188506 2026] [php:error] [pid 31979] [client 158.173.36.80:0] script '/domains/awciii/worm.PhP' not found or unable to stat
[Thu Feb 12 03:40:21.240276 2026] [php:error] [pid 32003] [client 158.173.36.169:0] script '/domains/ecernstelectric/aks.php' not found or unable to stat
[Thu Feb 12 03:40:21.277621 2026] [php:error] [pid 31990] [client 158.173.36.68:0] script '/domains/markrose/delpaths.php' not found or unable to stat
[Thu Feb 12 03:40:21.545038 2026] [php:error] [pid 32003] [client 158.173.36.169:0] script '/domains/ecernstelectric/litespeed.php' not found or unable to stat
[Thu Feb 12 03:40:21.664767 2026] [php:error] [pid 32011] [client 158.173.36.241:0] script '/domains/peterbmiller/jp.php' not found or unable to stat
[Thu Feb 12 03:40:21.688868 2026] [php:error] [pid 31979] [client 158.173.36.80:0] script '/domains/awciii/ext.php' not found or unable to stat
[Thu Feb 12 03:40:21.702609 2026] [php:error] [pid 32013] [client 158.173.36.31:0] script '/domains/ebon/aks.php' not found or unable to stat
[Thu Feb 12 03:40:21.744587 2026] [php:error] [pid 32017] [client 158.173.36.80:0] script '/domains/hdickens.enteract/Simple.php' not found or unable to stat
[Thu Feb 12 03:40:21.767414 2026] [php:error] [pid 32010] [client 158.173.36.245:0] script '/domains/system_suspended/Sanskrit.php' not found or unable to stat
[Thu Feb 12 03:40:21.811392 2026] [php:error] [pid 31998] [client 158.173.36.245:0] script '/domains/piltdweb1/lock.php' not found or unable to stat
[Thu Feb 12 03:40:21.852124 2026] [php:error] [pid 32011] [client 158.173.36.241:0] script '/domains/peterbmiller/wp-atom.php' not found or unable to stat
[Thu Feb 12 03:40:21.852912 2026] [php:error] [pid 32004] [client 158.173.36.171:0] script '/domains/wsmith.enteract/Sanskrit.php' not found or unable to stat
[Thu Feb 12 03:40:21.853190 2026] [php:error] [pid 31993] [client 158.173.36.124:0] script '/domains/astrosfm/mariju.php' not found or unable to stat
[Thu Feb 12 03:40:21.884101 2026] [php:error] [pid 31979] [client 158.173.36.80:0] script '/domains/awciii/delpaths.php' not found or unable to stat
[Thu Feb 12 03:40:21.895008 2026] [php:error] [pid 32013] [client 158.173.36.31:0] script '/domains/ebon/litespeed.php' not found or unable to stat
[Thu Feb 12 03:40:22.030892 2026] [php:error] [pid 32010] [client 158.173.36.245:0] script '/domains/system_suspended/wp-fmfile.php' not found or unable to stat
[Thu Feb 12 03:40:22.057972 2026] [php:error] [pid 32004] [client 158.173.36.171:0] script '/domains/wsmith.enteract/wp-fmfile.php' not found or unable to stat
[Thu Feb 12 03:40:22.058647 2026] [php:error] [pid 31993] [client 158.173.36.124:0] script '/domains/astrosfm/waf_defender.php' not found or unable to stat
[Thu Feb 12 03:40:22.094109 2026] [php:error] [pid 32002] [client 158.173.36.29:0] script '/domains/hdickens.enteract/memberfuns.php' not found or unable to stat
[Thu Feb 12 03:40:22.232266 2026] [php:error] [pid 31926] [client 158.173.36.134:0] script '/domains/egmaweb/worm.PhP' not found or unable to stat
[Thu Feb 12 03:40:22.234239 2026] [php:error] [pid 32003] [client 158.173.36.169:0] script '/domains/ecernstelectric/wpn.php' not found or unable to stat
[Thu Feb 12 03:40:22.236729 2026] [php:error] [pid 32011] [client 158.173.36.241:0] script '/domains/peterbmiller/up.php' not found or unable to stat
[Thu Feb 12 03:40:22.270615 2026] [php:error] [pid 32002] [client 158.173.36.29:0] script '/domains/hdickens.enteract/infos.php' not found or unable to stat
[Thu Feb 12 03:40:22.390875 2026] [php:error] [pid 31926] [client 158.173.36.134:0] script '/domains/egmaweb/ext.php' not found or unable to stat
[Thu Feb 12 03:40:22.401037 2026] [php:error] [pid 31993] [client 158.173.36.124:0] script '/domains/astrosfm/av.php' not found or unable to stat
[Thu Feb 12 03:40:22.440894 2026] [php:error] [pid 32013] [client 158.173.36.31:0] script '/domains/ebon/wpn.php' not found or unable to stat
[Thu Feb 12 03:40:22.440921 2026] [php:error] [pid 32016] [client 158.173.36.31:0] script '/domains/mschmid/images/waf_defender.php' not found or unable to stat
[Thu Feb 12 03:40:22.491693 2026] [php:error] [pid 31990] [client 158.173.36.68:0] script '/domains/markrose/gifclass.php' not found or unable to stat
[Thu Feb 12 03:40:22.572544 2026] [php:error] [pid 31926] [client 158.173.36.134:0] script '/domains/egmaweb/delpaths.php' not found or unable to stat
[Thu Feb 12 03:40:22.572948 2026] [php:error] [pid 32021] [client 158.173.36.230:0] script '/domains/nlyfoods/tox.php' not found or unable to stat
[Thu Feb 12 03:40:22.626828 2026] [php:error] [pid 31990] [client 158.173.36.68:0] script '/domains/markrose/plugin.php' not found or unable to stat
[Thu Feb 12 03:40:22.628789 2026] [php:error] [pid 32010] [client 158.173.36.245:0] script '/domains/system_suspended/memberfuns.php' not found or unable to stat
[Thu Feb 12 03:40:22.742000 2026] [php:error] [pid 32004] [client 158.173.36.171:0] script '/domains/wsmith.enteract/memberfuns.php' not found or unable to stat
[Thu Feb 12 03:40:22.743075 2026] [php:error] [pid 32016] [client 158.173.36.31:0] script '/domains/mschmid/small.php' not found or unable to stat
[Thu Feb 12 03:40:22.782071 2026] [php:error] [pid 32010] [client 158.173.36.245:0] script '/domains/system_suspended/infos.php' not found or unable to stat
[Thu Feb 12 03:40:22.876168 2026] [php:error] [pid 31979] [client 158.173.36.80:0] script '/domains/awciii/gifclass.php' not found or unable to stat
[Thu Feb 12 03:40:22.898068 2026] [php:error] [pid 32002] [client 158.173.36.29:0] script '/domains/hdickens.enteract/options-writing.php' not found or unable to stat
[Thu Feb 12 03:40:22.898490 2026] [php:error] [pid 32004] [client 158.173.36.171:0] script '/domains/wsmith.enteract/infos.php' not found or unable to stat
[Thu Feb 12 03:40:22.938016 2026] [php:error] [pid 31990] [client 158.173.36.68:0] script '/domains/markrose/update-core.php' not found or unable to stat
[Thu Feb 12 03:40:23.040077 2026] [php:error] [pid 31987] [client 158.173.36.241:0] script '/domains/hdickens.enteract/css/av.php' not found or unable to stat
[Thu Feb 12 03:40:23.044457 2026] [php:error] [pid 31979] [client 158.173.36.80:0] script '/domains/awciii/plugin.php' not found or unable to stat
[Thu Feb 12 03:40:23.190367 2026] [php:error] [pid 31998] [client 158.173.36.245:0] script '/domains/piltdweb1/wp-good.php' not found or unable to stat
[Thu Feb 12 03:40:23.191563 2026] [php:error] [pid 32016] [client 158.173.36.31:0] script '/domains/mschmid/NewFile.php' not found or unable to stat
[Thu Feb 12 03:40:23.191852 2026] [php:error] [pid 32002] [client 158.173.36.29:0] script '/domains/hdickens.enteract/options-reading.php' not found or unable to stat
[Thu Feb 12 03:40:23.199218 2026] [php:error] [pid 31996] [client 158.173.36.217:0] script '/domains/mjbradley/Sanskrit.php' not found or unable to stat
[Thu Feb 12 03:40:23.209450 2026] [php:error] [pid 32011] [client 158.173.36.241:0] script '/domains/peterbmiller/worm.PhP' not found or unable to stat
[Thu Feb 12 03:40:23.209657 2026] [php:error] [pid 31987] [client 158.173.36.241:0] script '/domains/hdickens.enteract/images/waf_defender.php' not found or unable to stat
[Thu Feb 12 03:40:23.210115 2026] [php:error] [pid 32021] [client 158.173.36.230:0] script '/domains/nlyfoods/tiny.php' not found or unable to stat
[Thu Feb 12 03:40:23.378869 2026] [php:error] [pid 31996] [client 158.173.36.217:0] script '/domains/mjbradley/wp-fmfile.php' not found or unable to stat
[Thu Feb 12 03:40:23.387936 2026] [php:error] [pid 31990] [client 158.173.36.68:0] script '/domains/markrose/wp-mail.php' not found or unable to stat
[Thu Feb 12 03:40:23.390248 2026] [php:error] [pid 32002] [client 158.173.36.29:0] script '/domains/hdickens.enteract/wsad.php' not found or unable to stat
[Thu Feb 12 03:40:23.401206 2026] [php:error] [pid 32012] [client 158.173.36.241:0] script '/domains/markrose/small.php' not found or unable to stat
[Thu Feb 12 03:40:23.401371 2026] [php:error] [pid 32011] [client 158.173.36.241:0] script '/domains/peterbmiller/ext.php' not found or unable to stat
[Thu Feb 12 03:40:23.424688 2026] [php:error] [pid 31979] [client 158.173.36.80:0] script '/domains/awciii/update-core.php' not found or unable to stat
[Thu Feb 12 03:40:23.647144 2026] [php:error] [pid 32011] [client 158.173.36.241:0] script '/domains/peterbmiller/delpaths.php' not found or unable to stat
[Thu Feb 12 03:40:23.647577 2026] [php:error] [pid 32021] [client 158.173.36.230:0] script '/domains/nlyfoods/themes.php' not found or unable to stat
[Thu Feb 12 03:40:23.648978 2026] [php:error] [pid 31926] [client 158.173.36.134:0] script '/domains/egmaweb/gifclass.php' not found or unable to stat
[Thu Feb 12 03:40:23.649163 2026] [php:error] [pid 32016] [client 158.173.36.31:0] script '/domains/mschmid/error.php' not found or unable to stat
[Thu Feb 12 03:40:23.649190 2026] [php:error] [pid 32002] [client 158.173.36.29:0] script '/domains/hdickens.enteract/nation.php' not found or unable to stat
[Thu Feb 12 03:40:23.649466 2026] [php:error] [pid 31987] [client 158.173.36.241:0] script '/domains/hdickens.enteract/small.php' not found or unable to stat
[Thu Feb 12 03:40:23.649758 2026] [php:error] [pid 32010] [client 158.173.36.245:0] script '/domains/system_suspended/options-writing.php' not found or unable to stat
[Thu Feb 12 03:40:23.814412 2026] [php:error] [pid 31926] [client 158.173.36.134:0] script '/domains/egmaweb/plugin.php' not found or unable to stat
[Thu Feb 12 03:40:23.814883 2026] [php:error] [pid 32021] [client 158.173.36.230:0] script '/domains/nlyfoods/wp-themes.php' not found or unable to stat
[Thu Feb 12 03:40:23.815215 2026] [php:error] [pid 32012] [client 158.173.36.241:0] script '/domains/markrose/NewFile.php' not found or unable to stat
[Thu Feb 12 03:40:23.816233 2026] [php:error] [pid 32010] [client 158.173.36.245:0] script '/domains/system_suspended/options-reading.php' not found or unable to stat
[Thu Feb 12 03:40:23.816885 2026] [php:error] [pid 32004] [client 158.173.36.171:0] script '/domains/wsmith.enteract/options-writing.php' not found or unable to stat
[Thu Feb 12 03:40:23.834734 2026] [php:error] [pid 31979] [client 158.173.36.80:0] script '/domains/awciii/wp-mail.php' not found or unable to stat
[Thu Feb 12 03:40:23.949376 2026] [php:error] [pid 31987] [client 158.173.36.241:0] script '/domains/hdickens.enteract/NewFile.php' not found or unable to stat
[Thu Feb 12 03:40:23.949514 2026] [php:error] [pid 32010] [client 158.173.36.245:0] script '/domains/system_suspended/wsad.php' not found or unable to stat
[Thu Feb 12 03:40:23.960202 2026] [php:error] [pid 32004] [client 158.173.36.171:0] script '/domains/wsmith.enteract/options-reading.php' not found or unable to stat
[Thu Feb 12 03:40:24.136061 2026] [php:error] [pid 31996] [client 158.173.36.217:0] script '/domains/mjbradley/memberfuns.php' not found or unable to stat
[Thu Feb 12 03:40:24.136147 2026] [php:error] [pid 32010] [client 158.173.36.245:0] script '/domains/system_suspended/nation.php' not found or unable to stat
[Thu Feb 12 03:40:24.137214 2026] [php:error] [pid 31926] [client 158.173.36.134:0] script '/domains/egmaweb/update-core.php' not found or unable to stat
[Thu Feb 12 03:40:24.137605 2026] [php:error] [pid 32012] [client 158.173.36.241:0] script '/domains/markrose/error.php' not found or unable to stat
[Thu Feb 12 03:40:24.253049 2026] [php:error] [pid 32004] [client 158.173.36.171:0] script '/domains/wsmith.enteract/wsad.php' not found or unable to stat
[Thu Feb 12 03:40:24.294767 2026] [php:error] [pid 32013] [client 158.173.36.164:0] script '/domains/astrosfm/theme.php' not found or unable to stat
[Thu Feb 12 03:40:24.325460 2026] [php:error] [pid 32021] [client 158.173.36.230:0] script '/domains/nlyfoods/mariju.php' not found or unable to stat
[Thu Feb 12 03:40:24.326328 2026] [php:error] [pid 31996] [client 158.173.36.217:0] script '/domains/mjbradley/infos.php' not found or unable to stat
[Thu Feb 12 03:40:24.326381 2026] [php:error] [pid 31987] [client 158.173.36.241:0] script '/domains/hdickens.enteract/error.php' not found or unable to stat
[Thu Feb 12 03:40:24.354461 2026] [php:error] [pid 32016] [client 158.173.36.31:0] script '/domains/mschmid/wp-files.php' not found or unable to stat
[Thu Feb 12 03:40:24.423426 2026] [php:error] [pid 32004] [client 158.173.36.171:0] script '/domains/wsmith.enteract/nation.php' not found or unable to stat
[Thu Feb 12 03:40:24.482980 2026] [php:error] [pid 32021] [client 158.173.36.230:0] script '/domains/nlyfoods/waf_defender.php' not found or unable to stat
[Thu Feb 12 03:40:24.483062 2026] [php:error] [pid 31926] [client 158.173.36.134:0] script '/domains/egmaweb/wp-mail.php' not found or unable to stat
[Thu Feb 12 03:40:24.508785 2026] [php:error] [pid 32002] [client 158.173.36.29:0] script '/domains/hdickens.enteract/wp-atomx.php' not found or unable to stat
[Thu Feb 12 03:40:24.523897 2026] [php:error] [pid 31998] [client 158.173.36.245:0] script '/domains/piltdweb1/fonts/database.php' not found or unable to stat
[Thu Feb 12 03:40:24.535323 2026] [php:error] [pid 32016] [client 158.173.36.31:0] script '/domains/mschmid/functions.php' not found or unable to stat
[Thu Feb 12 03:40:24.633528 2026] [php:error] [pid 32011] [client 158.173.36.241:0] script '/domains/peterbmiller/gifclass.php' not found or unable to stat
[Thu Feb 12 03:40:24.665887 2026] [php:error] [pid 32002] [client 158.173.36.29:0] script '/domains/hdickens.enteract/admin-footer.php' not found or unable to stat
[Thu Feb 12 03:40:24.693268 2026] [php:error] [pid 31998] [client 158.173.36.245:0] script '/domains/piltdweb1/ff2.php' not found or unable to stat
[Thu Feb 12 03:40:24.762900 2026] [php:error] [pid 32013] [client 158.173.36.164:0] script '/domains/astrosfm/Simple.php' not found or unable to stat
[Thu Feb 12 03:40:24.811556 2026] [php:error] [pid 32021] [client 158.173.36.230:0] script '/domains/nlyfoods/av.php' not found or unable to stat
[Thu Feb 12 03:40:24.955327 2026] [php:error] [pid 32011] [client 158.173.36.241:0] script '/domains/peterbmiller/plugin.php' not found or unable to stat
[Thu Feb 12 03:40:24.956124 2026] [php:error] [pid 32012] [client 158.173.36.241:0] script '/domains/markrose/wp-files.php' not found or unable to stat
[Thu Feb 12 03:40:25.124150 2026] [php:error] [pid 31987] [client 158.173.36.241:0] script '/domains/hdickens.enteract/wp-files.php' not found or unable to stat
[Thu Feb 12 03:40:25.124387 2026] [php:error] [pid 31996] [client 158.173.36.217:0] script '/domains/mjbradley/options-writing.php' not found or unable to stat
[Thu Feb 12 03:40:25.125707 2026] [php:error] [pid 32010] [client 158.173.36.245:0] script '/domains/system_suspended/wp-atomx.php' not found or unable to stat
[Thu Feb 12 03:40:25.126377 2026] [php:error] [pid 32012] [client 158.173.36.241:0] script '/domains/markrose/functions.php' not found or unable to stat
[Thu Feb 12 03:40:25.134116 2026] [php:error] [pid 32002] [client 158.173.36.29:0] script '/domains/hdickens.enteract/XxX.php' not found or unable to stat
[Thu Feb 12 03:40:25.308592 2026] [php:error] [pid 31987] [client 158.173.36.241:0] script '/domains/hdickens.enteract/functions.php' not found or unable to stat
[Thu Feb 12 03:40:25.309339 2026] [php:error] [pid 31996] [client 158.173.36.217:0] script '/domains/mjbradley/options-reading.php' not found or unable to stat
[Thu Feb 12 03:40:25.311142 2026] [php:error] [pid 32010] [client 158.173.36.245:0] script '/domains/system_suspended/admin-footer.php' not found or unable to stat
[Thu Feb 12 03:40:25.311246 2026] [php:error] [pid 32011] [client 158.173.36.241:0] script '/domains/peterbmiller/update-core.php' not found or unable to stat
[Thu Feb 12 03:40:25.459978 2026] [php:error] [pid 31993] [client 158.173.36.245:0] script '/domains/markrose/aa.php' not found or unable to stat
[Thu Feb 12 03:40:25.461371 2026] [php:error] [pid 32004] [client 158.173.36.171:0] script '/domains/wsmith.enteract/wp-atomx.php' not found or unable to stat
[Thu Feb 12 03:40:25.461728 2026] [php:error] [pid 31996] [client 158.173.36.217:0] script '/domains/mjbradley/wsad.php' not found or unable to stat
[Thu Feb 12 03:40:25.523275 2026] [php:error] [pid 31998] [client 158.173.36.245:0] script '/domains/piltdweb1/jp.php' not found or unable to stat
[Thu Feb 12 03:40:25.523375 2026] [php:error] [pid 32016] [client 158.173.36.31:0] script '/domains/mschmid/aks.php' not found or unable to stat
[Thu Feb 12 03:40:25.739945 2026] [php:error] [pid 32011] [client 158.173.36.241:0] script '/domains/peterbmiller/wp-mail.php' not found or unable to stat
[Thu Feb 12 03:40:25.740261 2026] [php:error] [pid 31993] [client 158.173.36.245:0] script '/domains/markrose/index2.php' not found or unable to stat
[Thu Feb 12 03:40:25.740315 2026] [php:error] [pid 32010] [client 158.173.36.245:0] script '/domains/system_suspended/XxX.php' not found or unable to stat
[Thu Feb 12 03:40:25.743738 2026] [php:error] [pid 31996] [client 158.173.36.217:0] script '/domains/mjbradley/nation.php' not found or unable to stat
[Thu Feb 12 03:40:25.769349 2026] [php:error] [pid 31998] [client 158.173.36.245:0] script '/domains/piltdweb1/wp-atom.php' not found or unable to stat
[Thu Feb 12 03:40:25.769419 2026] [php:error] [pid 32016] [client 158.173.36.31:0] script '/domains/mschmid/litespeed.php' not found or unable to stat
[Thu Feb 12 03:40:25.977215 2026] [php:error] [pid 32004] [client 158.173.36.171:0] script '/domains/wsmith.enteract/admin-footer.php' not found or unable to stat
[Thu Feb 12 03:40:26.135215 2026] [php:error] [pid 32012] [client 158.173.36.241:0] script '/domains/markrose/aks.php' not found or unable to stat
[Thu Feb 12 03:40:26.209728 2026] [php:error] [pid 31998] [client 158.173.36.245:0] script '/domains/piltdweb1/up.php' not found or unable to stat
[Thu Feb 12 03:40:26.299335 2026] [php:error] [pid 32003] [client 158.173.36.80:0] script '/domains/astrosfm/css/av.php' not found or unable to stat
[Thu Feb 12 03:40:26.301928 2026] [php:error] [pid 31987] [client 158.173.36.241:0] script '/domains/hdickens.enteract/aks.php' not found or unable to stat
[Thu Feb 12 03:40:26.302174 2026] [php:error] [pid 32012] [client 158.173.36.241:0] script '/domains/markrose/litespeed.php' not found or unable to stat
[Thu Feb 12 03:40:26.409533 2026] [php:error] [pid 32016] [client 158.173.36.31:0] script '/domains/mschmid/wpn.php' not found or unable to stat
[Thu Feb 12 03:40:26.409561 2026] [php:error] [pid 32022] [client 158.173.36.240:0] script '/domains/awciii/aa.php' not found or unable to stat
[Thu Feb 12 03:40:26.417509 2026] [php:error] [pid 32004] [client 158.173.36.171:0] script '/domains/wsmith.enteract/XxX.php' not found or unable to stat
[Thu Feb 12 03:40:26.450289 2026] [php:error] [pid 31986] [client 158.173.36.169:0] script '/domains/ecernstelectric/images/wp-aespa.php' not found or unable to stat
[Thu Feb 12 03:40:26.513753 2026] [php:error] [pid 32017] [client 158.173.36.210:0] script '/domains/ebon/images/wp-aespa.php' not found or unable to stat
[Thu Feb 12 03:40:26.515156 2026] [php:error] [pid 31987] [client 158.173.36.241:0] script '/domains/hdickens.enteract/litespeed.php' not found or unable to stat
[Thu Feb 12 03:40:26.603154 2026] [php:error] [pid 32022] [client 158.173.36.240:0] script '/domains/awciii/index2.php' not found or unable to stat
[Thu Feb 12 03:40:26.676508 2026] [php:error] [pid 31996] [client 158.173.36.217:0] script '/domains/mjbradley/wp-atomx.php' not found or unable to stat
[Thu Feb 12 03:40:26.694044 2026] [php:error] [pid 31987] [client 158.173.36.241:0] script '/domains/hdickens.enteract/img/about.php' not found or unable to stat
[Thu Feb 12 03:40:26.694316 2026] [php:error] [pid 31993] [client 158.173.36.245:0] script '/domains/markrose/shell.php' not found or unable to stat
[Thu Feb 12 03:40:26.822295 2026] [php:error] [pid 31979] [client 158.173.36.68:0] script '/domains/egmaweb/aa.php' not found or unable to stat
[Thu Feb 12 03:40:26.874733 2026] [php:error] [pid 31996] [client 158.173.36.217:0] script '/domains/mjbradley/admin-footer.php' not found or unable to stat
[Thu Feb 12 03:40:26.874800 2026] [php:error] [pid 32003] [client 158.173.36.80:0] script '/domains/astrosfm/small.php' not found or unable to stat
[Thu Feb 12 03:40:26.875746 2026] [php:error] [pid 32012] [client 158.173.36.241:0] script '/domains/markrose/wpn.php' not found or unable to stat
[Thu Feb 12 03:40:26.992892 2026] [php:error] [pid 31998] [client 158.173.36.245:0] script '/domains/piltdweb1/js/wp-login.php' not found or unable to stat
[Thu Feb 12 03:40:26.997007 2026] [php:error] [pid 31979] [client 158.173.36.68:0] script '/domains/egmaweb/index2.php' not found or unable to stat
[Thu Feb 12 03:40:27.051818 2026] [php:error] [pid 31987] [client 158.173.36.241:0] script '/domains/hdickens.enteract/wpn.php' not found or unable to stat
[Thu Feb 12 03:40:27.052678 2026] [php:error] [pid 32013] [client 158.173.36.230:0] script '/domains/nlyfoods/theme.php' not found or unable to stat
[Thu Feb 12 03:40:27.208966 2026] [php:error] [pid 31996] [client 158.173.36.217:0] script '/domains/mjbradley/XxX.php' not found or unable to stat
[Thu Feb 12 03:40:27.212498 2026] [php:error] [pid 32003] [client 158.173.36.80:0] script '/domains/astrosfm/NewFile.php' not found or unable to stat
[Thu Feb 12 03:40:27.262165 2026] [php:error] [pid 32002] [client 158.173.36.29:0] script '/domains/hdickens.enteract/css/media-widget-vide02.php' not found or unable to stat
[Thu Feb 12 03:40:27.330318 2026] [php:error] [pid 31998] [client 158.173.36.245:0] script '/domains/piltdweb1/worm.PhP' not found or unable to stat
[Thu Feb 12 03:40:27.497279 2026] [php:error] [pid 31998] [client 158.173.36.245:0] script '/domains/piltdweb1/ext.php' not found or unable to stat
[Thu Feb 12 03:40:27.497511 2026] [php:error] [pid 32022] [client 158.173.36.240:0] script '/domains/awciii/shell.php' not found or unable to stat
[Thu Feb 12 03:40:27.520347 2026] [php:error] [pid 32003] [client 158.173.36.80:0] script '/domains/astrosfm/error.php' not found or unable to stat
[Thu Feb 12 03:40:27.520501 2026] [php:error] [pid 32013] [client 158.173.36.230:0] script '/domains/nlyfoods/Simple.php' not found or unable to stat
[Thu Feb 12 03:40:27.520808 2026] [php:error] [pid 31993] [client 158.173.36.245:0] script '/domains/markrose/hehe.php' not found or unable to stat
[Thu Feb 12 03:40:27.590501 2026] [php:error] [pid 32002] [client 158.173.36.29:0] script '/domains/hdickens.enteract/images/buy.php' not found or unable to stat
[Thu Feb 12 03:40:27.674296 2026] [php:error] [pid 31998] [client 158.173.36.245:0] script '/domains/piltdweb1/delpaths.php' not found or unable to stat
[Thu Feb 12 03:40:27.693108 2026] [php:error] [pid 31926] [client 158.173.36.85:0] script '/domains/peterbmiller/aa.php' not found or unable to stat
[Thu Feb 12 03:40:27.854748 2026] [php:error] [pid 31979] [client 158.173.36.68:0] script '/domains/egmaweb/shell.php' not found or unable to stat
[Thu Feb 12 03:40:27.856172 2026] [php:error] [pid 31926] [client 158.173.36.85:0] script '/domains/peterbmiller/index2.php' not found or unable to stat
[Thu Feb 12 03:40:28.033016 2026] [php:error] [pid 31993] [client 158.173.36.245:0] script '/domains/markrose/dir.php' not found or unable to stat
[Thu Feb 12 03:40:28.190487 2026] [php:error] [pid 32003] [client 158.173.36.80:0] script '/domains/astrosfm/wp-files.php' not found or unable to stat
[Thu Feb 12 03:40:28.341395 2026] [php:error] [pid 32003] [client 158.173.36.80:0] script '/domains/astrosfm/functions.php' not found or unable to stat
[Thu Feb 12 03:40:28.379876 2026] [php:error] [pid 32022] [client 158.173.36.240:0] script '/domains/awciii/hehe.php' not found or unable to stat
[Thu Feb 12 03:40:28.658462 2026] [php:error] [pid 31926] [client 158.173.36.85:0] script '/domains/peterbmiller/shell.php' not found or unable to stat
[Thu Feb 12 03:40:28.661059 2026] [php:error] [pid 31993] [client 158.173.36.245:0] script '/domains/markrose/nf_tracking.php' not found or unable to stat
[Thu Feb 12 03:40:28.742083 2026] [php:error] [pid 31979] [client 158.173.36.68:0] script '/domains/egmaweb/hehe.php' not found or unable to stat
[Thu Feb 12 03:40:28.742301 2026] [php:error] [pid 31998] [client 158.173.36.245:0] script '/domains/piltdweb1/gifclass.php' not found or unable to stat
[Thu Feb 12 03:40:28.757309 2026] [php:error] [pid 32012] [client 158.173.36.57:0] script '/domains/nlyfoods/css/av.php' not found or unable to stat
[Thu Feb 12 03:40:28.910967 2026] [php:error] [pid 32022] [client 158.173.36.240:0] script '/domains/awciii/dir.php' not found or unable to stat
[Thu Feb 12 03:40:28.912882 2026] [php:error] [pid 31998] [client 158.173.36.245:0] script '/domains/piltdweb1/plugin.php' not found or unable to stat
