[Thu Feb 12 04:56:22.005696 2026] [php:error] [pid 49849] [client 132.164.252.220:0] script '/domains/system_suspended/ss.php' not found or unable to stat
[Thu Feb 12 04:56:22.077848 2026] [php:error] [pid 49849] [client 132.164.252.220:0] script '/domains/system_suspended/ftp.php' not found or unable to stat
[Thu Feb 12 04:56:22.316223 2026] [php:error] [pid 49849] [client 132.164.252.220:0] script '/domains/system_suspended/ahax.php' not found or unable to stat
[Thu Feb 12 04:56:22.436715 2026] [php:error] [pid 49849] [client 132.164.252.220:0] script '/domains/system_suspended/bolt.php' not found or unable to stat
[Thu Feb 12 04:56:22.510995 2026] [php:error] [pid 49849] [client 132.164.252.220:0] script '/domains/system_suspended/elp.php' not found or unable to stat
[Thu Feb 12 04:56:22.595610 2026] [php:error] [pid 49849] [client 132.164.252.220:0] script '/domains/system_suspended/adminfuns.php' not found or unable to stat
[Thu Feb 12 04:56:22.668258 2026] [php:error] [pid 49849] [client 132.164.252.220:0] script '/domains/system_suspended/cache.php' not found or unable to stat
[Thu Feb 12 04:56:22.950455 2026] [php:error] [pid 49849] [client 132.164.252.220:0] script '/domains/system_suspended/w.php' not found or unable to stat
[Thu Feb 12 04:56:23.033287 2026] [php:error] [pid 49849] [client 132.164.252.220:0] script '/domains/system_suspended/zaa.php' not found or unable to stat
[Thu Feb 12 04:56:23.181045 2026] [php:error] [pid 49849] [client 132.164.252.220:0] script '/domains/system_suspended/wp-miiss.php.php' not found or unable to stat
[Thu Feb 12 04:56:23.283312 2026] [php:error] [pid 49849] [client 132.164.252.220:0] script '/domains/system_suspended/gmo.php' not found or unable to stat
[Thu Feb 12 04:56:23.525205 2026] [php:error] [pid 49849] [client 132.164.252.220:0] script '/domains/system_suspended/gettest.php' not found or unable to stat
[Thu Feb 12 04:56:23.720780 2026] [php:error] [pid 49849] [client 132.164.252.220:0] script '/domains/system_suspended/a1.php' not found or unable to stat
[Thu Feb 12 04:56:23.793010 2026] [php:error] [pid 49849] [client 132.164.252.220:0] script '/domains/system_suspended/ma.php' not found or unable to stat
[Thu Feb 12 04:56:24.091945 2026] [php:error] [pid 49849] [client 132.164.252.220:0] script '/domains/system_suspended/fetch.php' not found or unable to stat
[Thu Feb 12 04:56:24.163878 2026] [php:error] [pid 49849] [client 132.164.252.220:0] script '/domains/system_suspended/v2.php' not found or unable to stat
[Thu Feb 12 04:56:24.235696 2026] [php:error] [pid 49849] [client 132.164.252.220:0] script '/domains/system_suspended/ton.php' not found or unable to stat
[Thu Feb 12 04:56:24.692584 2026] [php:error] [pid 49849] [client 132.164.252.220:0] script '/domains/system_suspended/des.php' not found or unable to stat
[Thu Feb 12 04:56:24.798844 2026] [php:error] [pid 49849] [client 132.164.252.220:0] script '/domains/system_suspended/mans.php' not found or unable to stat
[Thu Feb 12 04:56:24.988064 2026] [php:error] [pid 49849] [client 132.164.252.220:0] script '/domains/system_suspended/about.php' not found or unable to stat
[Thu Feb 12 04:56:25.154235 2026] [php:error] [pid 49849] [client 132.164.252.220:0] script '/domains/system_suspended/dr.php' not found or unable to stat
[Thu Feb 12 04:56:25.508697 2026] [php:error] [pid 49849] [client 132.164.252.220:0] script '/domains/system_suspended/autoload_classmap.php' not found or unable to stat
[Thu Feb 12 04:56:25.639585 2026] [php:error] [pid 49849] [client 132.164.252.220:0] script '/domains/system_suspended/zwso.php' not found or unable to stat
[Thu Feb 12 04:56:25.795501 2026] [php:error] [pid 49849] [client 132.164.252.220:0] script '/domains/system_suspended/geck.php' not found or unable to stat
[Thu Feb 12 04:56:25.924738 2026] [php:error] [pid 49849] [client 132.164.252.220:0] script '/domains/system_suspended/errw.php' not found or unable to stat
[Thu Feb 12 04:56:26.012779 2026] [php:error] [pid 49849] [client 132.164.252.220:0] script '/domains/system_suspended/wp.php' not found or unable to stat
[Thu Feb 12 04:56:26.084870 2026] [php:error] [pid 49849] [client 132.164.252.220:0] script '/domains/system_suspended/jsond.php' not found or unable to stat
[Thu Feb 12 04:56:26.189009 2026] [php:error] [pid 49849] [client 132.164.252.220:0] script '/domains/system_suspended/configuration.php' not found or unable to stat
[Thu Feb 12 04:56:26.403534 2026] [php:error] [pid 49849] [client 132.164.252.220:0] script '/domains/system_suspended/100.kb.php' not found or unable to stat
[Thu Feb 12 04:56:26.476759 2026] [php:error] [pid 49849] [client 132.164.252.220:0] script '/domains/system_suspended/rip.php' not found or unable to stat
[Thu Feb 12 04:56:26.683312 2026] [php:error] [pid 49849] [client 132.164.252.220:0] script '/domains/system_suspended/class-t.api.php' not found or unable to stat
[Thu Feb 12 04:56:26.801302 2026] [php:error] [pid 49849] [client 132.164.252.220:0] script '/domains/system_suspended/lala.php' not found or unable to stat
[Thu Feb 12 04:56:26.876990 2026] [php:error] [pid 49849] [client 132.164.252.220:0] script '/domains/system_suspended/lp6.php' not found or unable to stat
[Thu Feb 12 04:56:27.137464 2026] [php:error] [pid 49849] [client 132.164.252.220:0] script '/domains/system_suspended/bk.php' not found or unable to stat
[Thu Feb 12 04:56:27.209045 2026] [php:error] [pid 49849] [client 132.164.252.220:0] script '/domains/system_suspended/bolt.php' not found or unable to stat
[Thu Feb 12 04:56:27.281634 2026] [php:error] [pid 49849] [client 132.164.252.220:0] script '/domains/system_suspended/m.php' not found or unable to stat
[Thu Feb 12 04:56:27.569974 2026] [php:error] [pid 49849] [client 132.164.252.220:0] script '/domains/system_suspended/alfa.php' not found or unable to stat
[Thu Feb 12 04:56:27.664734 2026] [php:error] [pid 49849] [client 132.164.252.220:0] script '/domains/system_suspended/ap.php' not found or unable to stat
[Thu Feb 12 04:56:27.737186 2026] [php:error] [pid 49849] [client 132.164.252.220:0] script '/domains/system_suspended/doc.php' not found or unable to stat
[Thu Feb 12 04:56:27.823060 2026] [php:error] [pid 49849] [client 132.164.252.220:0] script '/domains/system_suspended/clasa99.php' not found or unable to stat
[Thu Feb 12 04:56:27.974815 2026] [php:error] [pid 49849] [client 132.164.252.220:0] script '/domains/system_suspended/an.php' not found or unable to stat
[Thu Feb 12 04:56:28.071197 2026] [php:error] [pid 49849] [client 132.164.252.220:0] script '/domains/system_suspended/assacc.php' not found or unable to stat
[Thu Feb 12 04:56:28.143535 2026] [php:error] [pid 49849] [client 132.164.252.220:0] script '/domains/system_suspended/hzz.php' not found or unable to stat
[Thu Feb 12 04:56:28.324184 2026] [php:error] [pid 49849] [client 132.164.252.220:0] script '/domains/system_suspended/system.php' not found or unable to stat
[Thu Feb 12 04:56:28.418939 2026] [php:error] [pid 49849] [client 132.164.252.220:0] script '/domains/system_suspended/shell.php' not found or unable to stat
[Thu Feb 12 04:56:28.495464 2026] [php:error] [pid 49849] [client 132.164.252.220:0] script '/domains/system_suspended/zwq13.php' not found or unable to stat
[Thu Feb 12 04:56:28.805145 2026] [php:error] [pid 49849] [client 132.164.252.220:0] script '/domains/system_suspended/la.php' not found or unable to stat
[Thu Feb 12 04:56:29.033814 2026] [php:error] [pid 49849] [client 132.164.252.220:0] script '/domains/system_suspended/install.php' not found or unable to stat
[Thu Feb 12 04:56:29.159087 2026] [php:error] [pid 49849] [client 132.164.252.220:0] script '/domains/system_suspended/Geforce.php' not found or unable to stat
[Thu Feb 12 04:56:29.231112 2026] [php:error] [pid 49849] [client 132.164.252.220:0] script '/domains/system_suspended/nyan.php' not found or unable to stat
[Thu Feb 12 04:56:29.572364 2026] [php:error] [pid 49849] [client 132.164.252.220:0] script '/domains/system_suspended/wrt.php' not found or unable to stat
[Thu Feb 12 04:56:29.698337 2026] [php:error] [pid 49849] [client 132.164.252.220:0] script '/domains/system_suspended/403.php' not found or unable to stat
[Thu Feb 12 04:56:29.807571 2026] [php:error] [pid 49849] [client 132.164.252.220:0] script '/domains/system_suspended/shell20211028.php' not found or unable to stat
[Thu Feb 12 04:56:29.885217 2026] [php:error] [pid 49849] [client 132.164.252.220:0] script '/domains/system_suspended/gm.php' not found or unable to stat
[Thu Feb 12 04:56:30.031302 2026] [php:error] [pid 49849] [client 132.164.252.220:0] script '/domains/system_suspended/n3.php' not found or unable to stat
[Thu Feb 12 04:56:30.295901 2026] [php:error] [pid 49849] [client 132.164.252.220:0] script '/domains/system_suspended/environment.php' not found or unable to stat
[Thu Feb 12 04:56:30.495693 2026] [php:error] [pid 49849] [client 132.164.252.220:0] script '/domains/system_suspended/bnn_.php' not found or unable to stat
[Thu Feb 12 04:56:30.567495 2026] [php:error] [pid 49849] [client 132.164.252.220:0] script '/domains/system_suspended/1337.php' not found or unable to stat
[Thu Feb 12 04:56:30.658031 2026] [php:error] [pid 49849] [client 132.164.252.220:0] script '/domains/system_suspended/test.php' not found or unable to stat
[Thu Feb 12 04:56:30.730334 2026] [php:error] [pid 49849] [client 132.164.252.220:0] script '/domains/system_suspended/menu.php' not found or unable to stat
[Thu Feb 12 04:56:30.830024 2026] [php:error] [pid 49849] [client 132.164.252.220:0] script '/domains/system_suspended/content.php' not found or unable to stat
[Thu Feb 12 04:56:30.916816 2026] [php:error] [pid 49849] [client 132.164.252.220:0] script '/domains/system_suspended/wqqs.php' not found or unable to stat
[Thu Feb 12 04:56:30.990327 2026] [php:error] [pid 49849] [client 132.164.252.220:0] script '/domains/system_suspended/ole.php' not found or unable to stat
[Thu Feb 12 04:56:31.137101 2026] [php:error] [pid 49849] [client 132.164.252.220:0] script '/domains/system_suspended/p.php' not found or unable to stat
[Thu Feb 12 04:56:31.208904 2026] [php:error] [pid 49849] [client 132.164.252.220:0] script '/domains/system_suspended/ak.php' not found or unable to stat
[Thu Feb 12 04:56:31.354908 2026] [php:error] [pid 49849] [client 132.164.252.220:0] script '/domains/system_suspended/mds.php' not found or unable to stat
[Thu Feb 12 04:56:31.430236 2026] [php:error] [pid 49849] [client 132.164.252.220:0] script '/domains/system_suspended/ellv3.php' not found or unable to stat
[Thu Feb 12 04:56:31.575132 2026] [php:error] [pid 49849] [client 132.164.252.220:0] script '/domains/system_suspended/inputs.php' not found or unable to stat
[Thu Feb 12 04:56:31.735282 2026] [php:error] [pid 49849] [client 132.164.252.220:0] script '/domains/system_suspended/ffd.php' not found or unable to stat
[Thu Feb 12 04:56:31.918962 2026] [php:error] [pid 49849] [client 132.164.252.220:0] script '/domains/system_suspended/x_3.php' not found or unable to stat
[Thu Feb 12 04:56:31.992128 2026] [php:error] [pid 49849] [client 132.164.252.220:0] script '/domains/system_suspended/wp_wlx.php' not found or unable to stat
[Thu Feb 12 04:56:34.003265 2026] [php:error] [pid 49849] [client 132.164.252.220:0] script '/domains/system_suspended/oivcl.php' not found or unable to stat
[Thu Feb 12 04:56:34.162169 2026] [php:error] [pid 49849] [client 132.164.252.220:0] script '/domains/system_suspended/o.php' not found or unable to stat
[Thu Feb 12 04:56:34.234954 2026] [php:error] [pid 49849] [client 132.164.252.220:0] script '/domains/system_suspended/asd67.php' not found or unable to stat
[Thu Feb 12 04:56:34.485321 2026] [php:error] [pid 49849] [client 132.164.252.220:0] script '/domains/system_suspended/mar.php' not found or unable to stat
[Thu Feb 12 04:56:34.558864 2026] [php:error] [pid 49849] [client 132.164.252.220:0] script '/domains/system_suspended/raw.php' not found or unable to stat
[Thu Feb 12 04:56:34.632223 2026] [php:error] [pid 49849] [client 132.164.252.220:0] script '/domains/system_suspended/a2.php' not found or unable to stat
[Thu Feb 12 04:56:35.115687 2026] [php:error] [pid 49849] [client 132.164.252.220:0] script '/domains/system_suspended/mal.php' not found or unable to stat
[Thu Feb 12 04:56:35.300879 2026] [php:error] [pid 49849] [client 132.164.252.220:0] script '/domains/system_suspended/flower.php' not found or unable to stat
[Thu Feb 12 04:56:35.582260 2026] [php:error] [pid 49849] [client 132.164.252.220:0] script '/domains/system_suspended/ph33w.php' not found or unable to stat
[Thu Feb 12 04:56:35.663517 2026] [php:error] [pid 49849] [client 132.164.252.220:0] script '/domains/system_suspended/cv.php' not found or unable to stat
[Thu Feb 12 04:56:36.217116 2026] [php:error] [pid 49849] [client 132.164.252.220:0] script '/domains/system_suspended/wp4.php' not found or unable to stat
[Thu Feb 12 04:56:36.652430 2026] [php:error] [pid 49849] [client 132.164.252.220:0] script '/domains/system_suspended/dropdown.php' not found or unable to stat
[Thu Feb 12 04:56:36.757388 2026] [php:error] [pid 49849] [client 132.164.252.220:0] script '/domains/system_suspended/sxo.php' not found or unable to stat
[Thu Feb 12 04:56:36.836437 2026] [php:error] [pid 49849] [client 132.164.252.220:0] script '/domains/system_suspended/2026.php' not found or unable to stat
[Thu Feb 12 04:56:37.033265 2026] [php:error] [pid 49849] [client 132.164.252.220:0] script '/domains/system_suspended/wp.php' not found or unable to stat
[Thu Feb 12 04:56:37.106255 2026] [php:error] [pid 49849] [client 132.164.252.220:0] script '/domains/system_suspended/sto.php' not found or unable to stat
[Thu Feb 12 04:56:37.202347 2026] [php:error] [pid 49849] [client 132.164.252.220:0] script '/domains/system_suspended/h.php' not found or unable to stat
[Thu Feb 12 04:56:37.293872 2026] [php:error] [pid 49849] [client 132.164.252.220:0] script '/domains/system_suspended/tphp.php' not found or unable to stat
[Thu Feb 12 04:56:37.380065 2026] [php:error] [pid 49849] [client 132.164.252.220:0] script '/domains/system_suspended/cs.php' not found or unable to stat
[Thu Feb 12 04:56:37.452787 2026] [php:error] [pid 49849] [client 132.164.252.220:0] script '/domains/system_suspended/user.php' not found or unable to stat
[Thu Feb 12 04:56:37.601872 2026] [php:error] [pid 49849] [client 132.164.252.220:0] script '/domains/system_suspended/8xyz.php' not found or unable to stat
[Thu Feb 12 04:56:38.008312 2026] [php:error] [pid 49849] [client 132.164.252.220:0] script '/domains/system_suspended/rezor.php' not found or unable to stat
[Thu Feb 12 04:56:38.087710 2026] [php:error] [pid 49849] [client 132.164.252.220:0] script '/domains/system_suspended/Wp-good.php' not found or unable to stat
[Thu Feb 12 04:56:38.160247 2026] [php:error] [pid 49849] [client 132.164.252.220:0] script '/domains/system_suspended/ze.php' not found or unable to stat
[Thu Feb 12 04:56:38.234292 2026] [php:error] [pid 49849] [client 132.164.252.220:0] script '/domains/system_suspended/bgymj.php' not found or unable to stat
[Thu Feb 12 04:56:38.311425 2026] [php:error] [pid 49849] [client 132.164.252.220:0] script '/domains/system_suspended/jmfi2.php' not found or unable to stat
[Thu Feb 12 04:56:38.589854 2026] [php:error] [pid 49849] [client 132.164.252.220:0] script '/domains/system_suspended/x7.php' not found or unable to stat
[Thu Feb 12 04:56:38.669055 2026] [php:error] [pid 49849] [client 132.164.252.220:0] script '/domains/system_suspended/hey.php' not found or unable to stat
[Thu Feb 12 04:56:38.989869 2026] [php:error] [pid 49849] [client 132.164.252.220:0] script '/domains/system_suspended/gib.php' not found or unable to stat
[Thu Feb 12 04:56:39.062779 2026] [php:error] [pid 49849] [client 132.164.252.220:0] script '/domains/system_suspended/wso.php' not found or unable to stat
[Thu Feb 12 04:56:39.135446 2026] [php:error] [pid 49849] [client 132.164.252.220:0] script '/domains/system_suspended/x.php' not found or unable to stat
[Thu Feb 12 04:57:30.612104 2026] [php:error] [pid 49849] [client 145.239.10.137:0] script '/domains/machinadynamica/k.php' not found or unable to stat, referer: http://machinadynamica.com/k.php
[Thu Feb 12 04:57:53.914705 2026] [php:error] [pid 49866] [client 158.158.42.54:0] script '/domains/agribiz/fff.php' not found or unable to stat
[Thu Feb 12 04:59:19.263158 2026] [php:error] [pid 49878] [client 20.203.180.35:0] script '/domains/sjsachs/fff.php' not found or unable to stat
[Thu Feb 12 04:59:58.502434 2026] [php:error] [pid 49881] [client 158.158.100.90:0] script '/domains/ceonlinenews/fff.php' not found or unable to stat
[Thu Feb 12 04:59:59.766270 2026] [php:error] [pid 49885] [client 20.215.48.26:0] script '/domains/bruceweb/fff.php' not found or unable to stat
[Thu Feb 12 05:00:02.110006 2026] [php:error] [pid 49874] [client 216.118.251.130:0] script '/domains/wsmith.enteract/login.php' not found or unable to stat
[Thu Feb 12 05:00:13.466952 2026] [core:crit] [pid 49881] (13)Permission denied: [client 17.22.237.7:0] AH00529: /domains/performancepartsinc/graphics/psd/.htaccess pcfg_openfile: unable to check htaccess file, ensure it is readable and that '/domains/performancepartsinc/graphics/psd/' is executable
[Thu Feb 12 05:00:29.719190 2026] [php:error] [pid 49881] [client 172.213.161.82:0] script '/domains/acagolf1/fff.php' not found or unable to stat
[Thu Feb 12 05:00:37.370946 2026] [php:error] [pid 49899] [client 20.111.32.128:0] script '/domains/apunderkofler/aa.php' not found or unable to stat
[Thu Feb 12 05:00:37.457824 2026] [php:error] [pid 49899] [client 20.111.32.128:0] script '/domains/apunderkofler/.info.php' not found or unable to stat
[Thu Feb 12 05:00:37.544013 2026] [php:error] [pid 49899] [client 20.111.32.128:0] script '/domains/apunderkofler/info.php' not found or unable to stat
[Thu Feb 12 05:00:46.099468 2026] [php:error] [pid 49882] [client 158.173.36.31:0] script '/domains/apunderkofler/manager.php' not found or unable to stat
[Thu Feb 12 05:00:46.298299 2026] [php:error] [pid 49901] [client 158.173.36.70:0] script '/domains/fayemoran/manager.php' not found or unable to stat
[Thu Feb 12 05:00:46.367587 2026] [php:error] [pid 49882] [client 158.173.36.31:0] script '/domains/apunderkofler/bless.php' not found or unable to stat
[Thu Feb 12 05:00:46.480472 2026] [php:error] [pid 49901] [client 158.173.36.70:0] script '/domains/fayemoran/bless.php' not found or unable to stat
[Thu Feb 12 05:00:46.539664 2026] [php:error] [pid 49882] [client 158.173.36.31:0] script '/domains/apunderkofler/O-Simple.php' not found or unable to stat
[Thu Feb 12 05:00:46.646291 2026] [php:error] [pid 49901] [client 158.173.36.70:0] script '/domains/fayemoran/O-Simple.php' not found or unable to stat
[Thu Feb 12 05:00:46.672245 2026] [php:error] [pid 49882] [client 158.173.36.31:0] script '/domains/apunderkofler/lock360.php' not found or unable to stat
[Thu Feb 12 05:00:46.806355 2026] [php:error] [pid 49901] [client 158.173.36.70:0] script '/domains/fayemoran/lock360.php' not found or unable to stat
[Thu Feb 12 05:00:46.821478 2026] [php:error] [pid 49882] [client 158.173.36.31:0] script '/domains/apunderkofler/zwso.php' not found or unable to stat
[Thu Feb 12 05:00:46.975176 2026] [php:error] [pid 49882] [client 158.173.36.31:0] script '/domains/apunderkofler/chosen.php' not found or unable to stat
[Thu Feb 12 05:00:46.975455 2026] [php:error] [pid 49901] [client 158.173.36.70:0] script '/domains/fayemoran/zwso.php' not found or unable to stat
[Thu Feb 12 05:00:47.257037 2026] [php:error] [pid 49882] [client 158.173.36.31:0] script '/domains/apunderkofler/about.php' not found or unable to stat
[Thu Feb 12 05:00:47.260434 2026] [php:error] [pid 49901] [client 158.173.36.70:0] script '/domains/fayemoran/chosen.php' not found or unable to stat
[Thu Feb 12 05:00:47.441088 2026] [php:error] [pid 49882] [client 158.173.36.31:0] script '/domains/apunderkofler/admin.php' not found or unable to stat
[Thu Feb 12 05:00:47.448041 2026] [php:error] [pid 49901] [client 158.173.36.70:0] script '/domains/fayemoran/about.php' not found or unable to stat
[Thu Feb 12 05:00:47.595269 2026] [php:error] [pid 49901] [client 158.173.36.70:0] script '/domains/fayemoran/admin.php' not found or unable to stat
[Thu Feb 12 05:00:47.710939 2026] [php:error] [pid 49882] [client 158.173.36.31:0] script '/domains/apunderkofler/mah.php' not found or unable to stat
[Thu Feb 12 05:00:47.921781 2026] [php:error] [pid 49901] [client 158.173.36.70:0] script '/domains/fayemoran/mah.php' not found or unable to stat
[Thu Feb 12 05:00:48.020162 2026] [php:error] [pid 49882] [client 158.173.36.31:0] script '/domains/apunderkofler/core.php' not found or unable to stat
[Thu Feb 12 05:00:48.259340 2026] [php:error] [pid 49882] [client 158.173.36.31:0] script '/domains/apunderkofler/robots.php' not found or unable to stat
[Thu Feb 12 05:00:48.292818 2026] [php:error] [pid 49901] [client 158.173.36.70:0] script '/domains/fayemoran/core.php' not found or unable to stat
[Thu Feb 12 05:00:48.457467 2026] [php:error] [pid 49882] [client 158.173.36.31:0] script '/domains/apunderkofler/inputs.php' not found or unable to stat
[Thu Feb 12 05:00:48.457765 2026] [php:error] [pid 49901] [client 158.173.36.70:0] script '/domains/fayemoran/robots.php' not found or unable to stat
[Thu Feb 12 05:00:48.600077 2026] [php:error] [pid 49882] [client 158.173.36.31:0] script '/domains/apunderkofler/mini.php' not found or unable to stat
[Thu Feb 12 05:00:48.618143 2026] [php:error] [pid 49901] [client 158.173.36.70:0] script '/domains/fayemoran/inputs.php' not found or unable to stat
[Thu Feb 12 05:00:48.751315 2026] [php:error] [pid 49882] [client 158.173.36.31:0] script '/domains/apunderkofler/goods.php' not found or unable to stat
[Thu Feb 12 05:00:48.779642 2026] [php:error] [pid 49901] [client 158.173.36.70:0] script '/domains/fayemoran/mini.php' not found or unable to stat
[Thu Feb 12 05:00:48.913367 2026] [php:error] [pid 49882] [client 158.173.36.31:0] script '/domains/apunderkofler/file5.php' not found or unable to stat
[Thu Feb 12 05:00:48.967996 2026] [php:error] [pid 49901] [client 158.173.36.70:0] script '/domains/fayemoran/goods.php' not found or unable to stat
[Thu Feb 12 05:00:49.068579 2026] [php:error] [pid 49882] [client 158.173.36.31:0] script '/domains/apunderkofler/ahax.php' not found or unable to stat
[Thu Feb 12 05:00:49.129752 2026] [php:error] [pid 49901] [client 158.173.36.70:0] script '/domains/fayemoran/file5.php' not found or unable to stat
[Thu Feb 12 05:00:49.248336 2026] [php:error] [pid 49882] [client 158.173.36.31:0] script '/domains/apunderkofler/f35.php' not found or unable to stat
[Thu Feb 12 05:00:49.320745 2026] [php:error] [pid 49899] [client 158.173.36.171:0] script '/domains/windsorweb/manager.php' not found or unable to stat
[Thu Feb 12 05:00:49.331315 2026] [php:error] [pid 49901] [client 158.173.36.70:0] script '/domains/fayemoran/ahax.php' not found or unable to stat
[Thu Feb 12 05:00:49.381706 2026] [php:error] [pid 49882] [client 158.173.36.31:0] script '/domains/apunderkofler/simple.php' not found or unable to stat
[Thu Feb 12 05:00:49.487030 2026] [php:error] [pid 49899] [client 158.173.36.171:0] script '/domains/windsorweb/bless.php' not found or unable to stat
[Thu Feb 12 05:00:49.506843 2026] [php:error] [pid 49901] [client 158.173.36.70:0] script '/domains/fayemoran/f35.php' not found or unable to stat
[Thu Feb 12 05:00:49.679460 2026] [php:error] [pid 49899] [client 158.173.36.171:0] script '/domains/windsorweb/O-Simple.php' not found or unable to stat
[Thu Feb 12 05:00:49.696350 2026] [php:error] [pid 49901] [client 158.173.36.70:0] script '/domains/fayemoran/simple.php' not found or unable to stat
[Thu Feb 12 05:00:49.879551 2026] [php:error] [pid 49899] [client 158.173.36.171:0] script '/domains/windsorweb/lock360.php' not found or unable to stat
[Thu Feb 12 05:00:50.102712 2026] [php:error] [pid 49899] [client 158.173.36.171:0] script '/domains/windsorweb/zwso.php' not found or unable to stat
[Thu Feb 12 05:00:50.321250 2026] [php:error] [pid 49899] [client 158.173.36.171:0] script '/domains/windsorweb/chosen.php' not found or unable to stat
[Thu Feb 12 05:00:50.497602 2026] [php:error] [pid 49899] [client 158.173.36.171:0] script '/domains/windsorweb/about.php' not found or unable to stat
[Thu Feb 12 05:00:50.699769 2026] [php:error] [pid 49899] [client 158.173.36.171:0] script '/domains/windsorweb/admin.php' not found or unable to stat
[Thu Feb 12 05:00:51.042799 2026] [php:error] [pid 49908] [client 158.173.36.230:0] script '/domains/brenties/manager.php' not found or unable to stat
[Thu Feb 12 05:00:51.132730 2026] [php:error] [pid 49882] [client 158.173.36.31:0] script '/domains/apunderkofler/images/upload.php' not found or unable to stat
[Thu Feb 12 05:00:51.300330 2026] [php:error] [pid 49908] [client 158.173.36.230:0] script '/domains/brenties/bless.php' not found or unable to stat
[Thu Feb 12 05:00:51.350825 2026] [php:error] [pid 49899] [client 158.173.36.171:0] script '/domains/windsorweb/mah.php' not found or unable to stat
[Thu Feb 12 05:00:51.502551 2026] [php:error] [pid 49904] [client 158.173.36.124:0] script '/domains/sjsachs/manager.php' not found or unable to stat
[Thu Feb 12 05:00:51.518231 2026] [php:error] [pid 49908] [client 158.173.36.230:0] script '/domains/brenties/O-Simple.php' not found or unable to stat
[Thu Feb 12 05:00:51.672350 2026] [php:error] [pid 49899] [client 158.173.36.171:0] script '/domains/windsorweb/core.php' not found or unable to stat
[Thu Feb 12 05:00:51.672945 2026] [php:error] [pid 49904] [client 158.173.36.124:0] script '/domains/sjsachs/bless.php' not found or unable to stat
[Thu Feb 12 05:00:51.672962 2026] [php:error] [pid 49908] [client 158.173.36.230:0] script '/domains/brenties/lock360.php' not found or unable to stat
[Thu Feb 12 05:00:51.826551 2026] [php:error] [pid 49899] [client 158.173.36.171:0] script '/domains/windsorweb/robots.php' not found or unable to stat
[Thu Feb 12 05:00:51.827996 2026] [php:error] [pid 49901] [client 158.173.36.70:0] script '/domains/fayemoran/images/upload.php' not found or unable to stat
[Thu Feb 12 05:00:51.828025 2026] [php:error] [pid 49904] [client 158.173.36.124:0] script '/domains/sjsachs/O-Simple.php' not found or unable to stat
[Thu Feb 12 05:00:51.828053 2026] [php:error] [pid 49908] [client 158.173.36.230:0] script '/domains/brenties/zwso.php' not found or unable to stat
[Thu Feb 12 05:00:52.085742 2026] [php:error] [pid 49908] [client 158.173.36.230:0] script '/domains/brenties/chosen.php' not found or unable to stat
[Thu Feb 12 05:00:52.085748 2026] [php:error] [pid 49904] [client 158.173.36.124:0] script '/domains/sjsachs/lock360.php' not found or unable to stat
[Thu Feb 12 05:00:52.085763 2026] [php:error] [pid 49899] [client 158.173.36.171:0] script '/domains/windsorweb/inputs.php' not found or unable to stat
[Thu Feb 12 05:00:52.289618 2026] [php:error] [pid 49899] [client 158.173.36.171:0] script '/domains/windsorweb/mini.php' not found or unable to stat
[Thu Feb 12 05:00:52.289719 2026] [php:error] [pid 49908] [client 158.173.36.230:0] script '/domains/brenties/about.php' not found or unable to stat
[Thu Feb 12 05:00:52.290153 2026] [php:error] [pid 49904] [client 158.173.36.124:0] script '/domains/sjsachs/zwso.php' not found or unable to stat
[Thu Feb 12 05:00:52.448104 2026] [php:error] [pid 49908] [client 158.173.36.230:0] script '/domains/brenties/admin.php' not found or unable to stat
[Thu Feb 12 05:00:52.448122 2026] [php:error] [pid 49899] [client 158.173.36.171:0] script '/domains/windsorweb/goods.php' not found or unable to stat
[Thu Feb 12 05:00:52.448348 2026] [php:error] [pid 49904] [client 158.173.36.124:0] script '/domains/sjsachs/chosen.php' not found or unable to stat
[Thu Feb 12 05:00:52.720840 2026] [php:error] [pid 49899] [client 158.173.36.171:0] script '/domains/windsorweb/file5.php' not found or unable to stat
[Thu Feb 12 05:00:52.721248 2026] [php:error] [pid 49904] [client 158.173.36.124:0] script '/domains/sjsachs/about.php' not found or unable to stat
[Thu Feb 12 05:00:52.874285 2026] [php:error] [pid 49908] [client 158.173.36.230:0] script '/domains/brenties/mah.php' not found or unable to stat
[Thu Feb 12 05:00:52.874681 2026] [php:error] [pid 49899] [client 158.173.36.171:0] script '/domains/windsorweb/ahax.php' not found or unable to stat
[Thu Feb 12 05:00:52.874948 2026] [php:error] [pid 49904] [client 158.173.36.124:0] script '/domains/sjsachs/admin.php' not found or unable to stat
[Thu Feb 12 05:00:53.073883 2026] [php:error] [pid 49899] [client 158.173.36.171:0] script '/domains/windsorweb/f35.php' not found or unable to stat
[Thu Feb 12 05:00:53.236363 2026] [php:error] [pid 49899] [client 158.173.36.171:0] script '/domains/windsorweb/simple.php' not found or unable to stat
[Thu Feb 12 05:00:53.236428 2026] [php:error] [pid 49908] [client 158.173.36.230:0] script '/domains/brenties/core.php' not found or unable to stat
[Thu Feb 12 05:00:53.236569 2026] [php:error] [pid 49904] [client 158.173.36.124:0] script '/domains/sjsachs/mah.php' not found or unable to stat
[Thu Feb 12 05:00:53.413897 2026] [php:error] [pid 49908] [client 158.173.36.230:0] script '/domains/brenties/robots.php' not found or unable to stat
[Thu Feb 12 05:00:53.616614 2026] [php:error] [pid 49908] [client 158.173.36.230:0] script '/domains/brenties/inputs.php' not found or unable to stat
[Thu Feb 12 05:00:53.616642 2026] [php:error] [pid 49904] [client 158.173.36.124:0] script '/domains/sjsachs/core.php' not found or unable to stat
[Thu Feb 12 05:00:53.714806 2026] [php:error] [pid 49882] [client 158.173.36.31:0] script '/domains/apunderkofler/classwithtostring.php' not found or unable to stat
[Thu Feb 12 05:00:53.793497 2026] [php:error] [pid 49908] [client 158.173.36.230:0] script '/domains/brenties/mini.php' not found or unable to stat
[Thu Feb 12 05:00:53.793512 2026] [php:error] [pid 49904] [client 158.173.36.124:0] script '/domains/sjsachs/robots.php' not found or unable to stat
[Thu Feb 12 05:00:53.987310 2026] [php:error] [pid 49908] [client 158.173.36.230:0] script '/domains/brenties/goods.php' not found or unable to stat
[Thu Feb 12 05:00:53.987712 2026] [php:error] [pid 49904] [client 158.173.36.124:0] script '/domains/sjsachs/inputs.php' not found or unable to stat
[Thu Feb 12 05:00:54.151743 2026] [php:error] [pid 49904] [client 158.173.36.124:0] script '/domains/sjsachs/mini.php' not found or unable to stat
[Thu Feb 12 05:00:54.151776 2026] [php:error] [pid 49908] [client 158.173.36.230:0] script '/domains/brenties/file5.php' not found or unable to stat
[Thu Feb 12 05:00:54.394495 2026] [php:error] [pid 49882] [client 158.173.36.31:0] script '/domains/apunderkofler/tinyfilemanager.php' not found or unable to stat
[Thu Feb 12 05:00:54.420390 2026] [php:error] [pid 49904] [client 158.173.36.124:0] script '/domains/sjsachs/goods.php' not found or unable to stat
[Thu Feb 12 05:00:54.422565 2026] [php:error] [pid 49908] [client 158.173.36.230:0] script '/domains/brenties/ahax.php' not found or unable to stat
[Thu Feb 12 05:00:54.585319 2026] [php:error] [pid 49908] [client 158.173.36.230:0] script '/domains/brenties/f35.php' not found or unable to stat
[Thu Feb 12 05:00:54.587388 2026] [php:error] [pid 49904] [client 158.173.36.124:0] script '/domains/sjsachs/file5.php' not found or unable to stat
[Thu Feb 12 05:00:54.622884 2026] [php:error] [pid 49901] [client 158.173.36.70:0] script '/domains/fayemoran/classwithtostring.php' not found or unable to stat
[Thu Feb 12 05:00:54.809250 2026] [php:error] [pid 49904] [client 158.173.36.124:0] script '/domains/sjsachs/ahax.php' not found or unable to stat
[Thu Feb 12 05:00:54.809588 2026] [php:error] [pid 49908] [client 158.173.36.230:0] script '/domains/brenties/simple.php' not found or unable to stat
[Thu Feb 12 05:00:54.834822 2026] [php:error] [pid 49899] [client 158.173.36.171:0] script '/domains/windsorweb/images/upload.php' not found or unable to stat
[Thu Feb 12 05:00:54.926574 2026] [php:error] [pid 49882] [client 158.173.36.31:0] script '/domains/apunderkofler/file.php' not found or unable to stat
[Thu Feb 12 05:00:55.025284 2026] [php:error] [pid 49904] [client 158.173.36.124:0] script '/domains/sjsachs/f35.php' not found or unable to stat
[Thu Feb 12 05:00:55.232656 2026] [php:error] [pid 49904] [client 158.173.36.124:0] script '/domains/sjsachs/simple.php' not found or unable to stat
[Thu Feb 12 05:00:55.251983 2026] [php:error] [pid 49901] [client 158.173.36.70:0] script '/domains/fayemoran/tinyfilemanager.php' not found or unable to stat
[Thu Feb 12 05:00:55.453852 2026] [php:error] [pid 49882] [client 158.173.36.31:0] script '/domains/apunderkofler/buy.php' not found or unable to stat
[Thu Feb 12 05:00:55.946242 2026] [php:error] [pid 49901] [client 158.173.36.70:0] script '/domains/fayemoran/file.php' not found or unable to stat
[Thu Feb 12 05:00:56.511444 2026] [php:error] [pid 49901] [client 158.173.36.70:0] script '/domains/fayemoran/buy.php' not found or unable to stat
[Thu Feb 12 05:00:56.811261 2026] [php:error] [pid 49904] [client 158.173.36.124:0] script '/domains/sjsachs/images/upload.php' not found or unable to stat
[Thu Feb 12 05:00:57.953067 2026] [php:error] [pid 49899] [client 158.173.36.171:0] script '/domains/windsorweb/classwithtostring.php' not found or unable to stat
[Thu Feb 12 05:00:58.116480 2026] [php:error] [pid 49882] [client 158.173.36.31:0] script '/domains/apunderkofler/inc.php' not found or unable to stat
[Thu Feb 12 05:00:58.767314 2026] [php:error] [pid 49882] [client 158.173.36.31:0] script '/domains/apunderkofler/filemanager.php' not found or unable to stat
[Thu Feb 12 05:00:58.770962 2026] [php:error] [pid 49899] [client 158.173.36.171:0] script '/domains/windsorweb/tinyfilemanager.php' not found or unable to stat
[Thu Feb 12 05:00:59.410927 2026] [php:error] [pid 49899] [client 158.173.36.171:0] script '/domains/windsorweb/file.php' not found or unable to stat
[Thu Feb 12 05:00:59.411425 2026] [php:error] [pid 49908] [client 158.173.36.230:0] script '/domains/brenties/classwithtostring.php' not found or unable to stat
[Thu Feb 12 05:00:59.873912 2026] [php:error] [pid 49901] [client 158.173.36.70:0] script '/domains/fayemoran/inc.php' not found or unable to stat
[Thu Feb 12 05:00:59.932858 2026] [php:error] [pid 49882] [client 158.173.36.31:0] script '/domains/apunderkofler/function.php' not found or unable to stat
[Thu Feb 12 05:00:59.933140 2026] [php:error] [pid 49904] [client 158.173.36.124:0] script '/domains/sjsachs/classwithtostring.php' not found or unable to stat
[Thu Feb 12 05:01:00.059494 2026] [php:error] [pid 49899] [client 158.173.36.171:0] script '/domains/windsorweb/buy.php' not found or unable to stat
[Thu Feb 12 05:01:00.059659 2026] [php:error] [pid 49908] [client 158.173.36.230:0] script '/domains/brenties/tinyfilemanager.php' not found or unable to stat
[Thu Feb 12 05:01:00.291170 2026] [php:error] [pid 49901] [client 158.173.36.70:0] script '/domains/fayemoran/filemanager.php' not found or unable to stat
[Thu Feb 12 05:01:00.921127 2026] [php:error] [pid 49882] [client 158.173.36.31:0] script '/domains/apunderkofler/wp-signup.php' not found or unable to stat
[Thu Feb 12 05:01:01.129245 2026] [php:error] [pid 49904] [client 158.173.36.124:0] script '/domains/sjsachs/tinyfilemanager.php' not found or unable to stat
[Thu Feb 12 05:01:01.160853 2026] [php:error] [pid 49908] [client 158.173.36.230:0] script '/domains/brenties/file.php' not found or unable to stat
[Thu Feb 12 05:01:01.416202 2026] [php:error] [pid 49882] [client 158.173.36.31:0] script '/domains/apunderkofler/wp-blog.php' not found or unable to stat
[Thu Feb 12 05:01:01.658582 2026] [php:error] [pid 49904] [client 158.173.36.124:0] script '/domains/sjsachs/file.php' not found or unable to stat
[Thu Feb 12 05:01:01.662123 2026] [php:error] [pid 49908] [client 158.173.36.230:0] script '/domains/brenties/buy.php' not found or unable to stat
[Thu Feb 12 05:01:01.970100 2026] [php:error] [pid 49901] [client 158.173.36.70:0] script '/domains/fayemoran/function.php' not found or unable to stat
[Thu Feb 12 05:01:02.173852 2026] [php:error] [pid 49882] [client 158.173.36.31:0] script '/domains/apunderkofler/wp-l0gin.php' not found or unable to stat
[Thu Feb 12 05:01:02.278313 2026] [php:error] [pid 49904] [client 158.173.36.124:0] script '/domains/sjsachs/buy.php' not found or unable to stat
[Thu Feb 12 05:01:02.396838 2026] [php:error] [pid 49901] [client 158.173.36.70:0] script '/domains/fayemoran/wp-signup.php' not found or unable to stat
[Thu Feb 12 05:01:02.955343 2026] [php:error] [pid 49882] [client 158.173.36.31:0] script '/domains/apunderkofler/new.php' not found or unable to stat
[Thu Feb 12 05:01:03.253865 2026] [php:error] [pid 49901] [client 158.173.36.70:0] script '/domains/fayemoran/wp-blog.php' not found or unable to stat
[Thu Feb 12 05:01:03.487161 2026] [php:error] [pid 49882] [client 158.173.36.31:0] script '/domains/apunderkofler/images/DJP9.php' not found or unable to stat
[Thu Feb 12 05:01:03.513091 2026] [php:error] [pid 49899] [client 158.173.36.171:0] script '/domains/windsorweb/inc.php' not found or unable to stat
[Thu Feb 12 05:01:03.838881 2026] [php:error] [pid 49899] [client 158.173.36.171:0] script '/domains/windsorweb/filemanager.php' not found or unable to stat
[Thu Feb 12 05:01:03.963873 2026] [php:error] [pid 49901] [client 158.173.36.70:0] script '/domains/fayemoran/wp-l0gin.php' not found or unable to stat
[Thu Feb 12 05:01:04.032742 2026] [php:error] [pid 49882] [client 158.173.36.31:0] script '/domains/apunderkofler/natural.php' not found or unable to stat
[Thu Feb 12 05:01:04.062106 2026] [php:error] [pid 49899] [client 158.173.36.171:0] script '/domains/windsorweb/cgi-bin/bypass.php' not found or unable to stat
[Thu Feb 12 05:01:04.233905 2026] [php:error] [pid 49882] [client 158.173.36.31:0] script '/domains/apunderkofler/item.php' not found or unable to stat
[Thu Feb 12 05:01:04.446518 2026] [php:error] [pid 49901] [client 158.173.36.70:0] script '/domains/fayemoran/new.php' not found or unable to stat
[Thu Feb 12 05:01:04.747337 2026] [php:error] [pid 49908] [client 158.173.36.230:0] script '/domains/brenties/inc.php' not found or unable to stat
[Thu Feb 12 05:01:05.041081 2026] [php:error] [pid 49901] [client 158.173.36.70:0] script '/domains/fayemoran/images/DJP9.php' not found or unable to stat
[Thu Feb 12 05:01:05.363548 2026] [php:error] [pid 49899] [client 158.173.36.171:0] script '/domains/windsorweb/function.php' not found or unable to stat
[Thu Feb 12 05:01:05.545371 2026] [php:error] [pid 49908] [client 158.173.36.230:0] script '/domains/brenties/filemanager.php' not found or unable to stat
[Thu Feb 12 05:01:05.552202 2026] [php:error] [pid 49904] [client 158.173.36.124:0] script '/domains/sjsachs/inc.php' not found or unable to stat
[Thu Feb 12 05:01:05.745912 2026] [php:error] [pid 49901] [client 158.173.36.70:0] script '/domains/fayemoran/natural.php' not found or unable to stat
[Thu Feb 12 05:01:05.761723 2026] [php:error] [pid 49899] [client 158.173.36.171:0] script '/domains/windsorweb/wp-signup.php' not found or unable to stat
[Thu Feb 12 05:01:05.956659 2026] [php:error] [pid 49901] [client 158.173.36.70:0] script '/domains/fayemoran/item.php' not found or unable to stat
[Thu Feb 12 05:01:06.236741 2026] [php:error] [pid 49904] [client 158.173.36.124:0] script '/domains/sjsachs/filemanager.php' not found or unable to stat
[Thu Feb 12 05:01:06.618999 2026] [php:error] [pid 49899] [client 158.173.36.171:0] script '/domains/windsorweb/wp-blog.php' not found or unable to stat
[Thu Feb 12 05:01:06.629050 2026] [php:error] [pid 49904] [client 158.173.36.124:0] script '/domains/sjsachs/cgi-bin/bypass.php' not found or unable to stat
[Thu Feb 12 05:01:06.927562 2026] [php:error] [pid 49908] [client 158.173.36.230:0] script '/domains/brenties/function.php' not found or unable to stat
[Thu Feb 12 05:01:07.113347 2026] [php:error] [pid 49884] [client 158.173.36.245:0] script '/domains/apunderkofler/default.php' not found or unable to stat
[Thu Feb 12 05:01:07.227686 2026] [php:error] [pid 49908] [client 158.173.36.230:0] script '/domains/brenties/wp-signup.php' not found or unable to stat
[Thu Feb 12 05:01:07.551512 2026] [php:error] [pid 49899] [client 158.173.36.171:0] script '/domains/windsorweb/wp-l0gin.php' not found or unable to stat
[Thu Feb 12 05:01:07.685357 2026] [php:error] [pid 49904] [client 158.173.36.124:0] script '/domains/sjsachs/function.php' not found or unable to stat
[Thu Feb 12 05:01:07.905255 2026] [php:error] [pid 49908] [client 158.173.36.230:0] script '/domains/brenties/wp-blog.php' not found or unable to stat
[Thu Feb 12 05:01:08.097762 2026] [php:error] [pid 49899] [client 158.173.36.171:0] script '/domains/windsorweb/new.php' not found or unable to stat
[Thu Feb 12 05:01:08.099196 2026] [php:error] [pid 49904] [client 158.173.36.124:0] script '/domains/sjsachs/wp-signup.php' not found or unable to stat
[Thu Feb 12 05:01:08.391120 2026] [php:error] [pid 49884] [client 158.173.36.245:0] script '/domains/apunderkofler/dropdown.php' not found or unable to stat
[Thu Feb 12 05:01:08.495445 2026] [php:error] [pid 49882] [client 158.173.36.4:0] script '/domains/fayemoran/default.php' not found or unable to stat
[Thu Feb 12 05:01:08.582111 2026] [php:error] [pid 49884] [client 158.173.36.245:0] script '/domains/apunderkofler/images/admin.php' not found or unable to stat
[Thu Feb 12 05:01:08.684452 2026] [php:error] [pid 49899] [client 158.173.36.171:0] script '/domains/windsorweb/images/DJP9.php' not found or unable to stat
[Thu Feb 12 05:01:08.684464 2026] [php:error] [pid 49904] [client 158.173.36.124:0] script '/domains/sjsachs/wp-blog.php' not found or unable to stat
[Thu Feb 12 05:01:08.685032 2026] [php:error] [pid 49908] [client 158.173.36.230:0] script '/domains/brenties/wp-l0gin.php' not found or unable to stat
[Thu Feb 12 05:01:08.781214 2026] [php:error] [pid 49884] [client 158.173.36.245:0] script '/domains/apunderkofler/db.php' not found or unable to stat
[Thu Feb 12 05:01:08.843423 2026] [php:error] [pid 49911] [client 40.89.152.156:0] script '/domains/schellin/fff.php' not found or unable to stat
[Thu Feb 12 05:01:09.035776 2026] [php:error] [pid 49908] [client 158.173.36.230:0] script '/domains/brenties/new.php' not found or unable to stat
[Thu Feb 12 05:01:09.218749 2026] [php:error] [pid 49899] [client 158.173.36.171:0] script '/domains/windsorweb/natural.php' not found or unable to stat
[Thu Feb 12 05:01:09.436221 2026] [php:error] [pid 49899] [client 158.173.36.171:0] script '/domains/windsorweb/item.php' not found or unable to stat
[Thu Feb 12 05:01:09.436525 2026] [php:error] [pid 49904] [client 158.173.36.124:0] script '/domains/sjsachs/wp-l0gin.php' not found or unable to stat
[Thu Feb 12 05:01:09.668425 2026] [php:error] [pid 49882] [client 158.173.36.4:0] script '/domains/fayemoran/dropdown.php' not found or unable to stat
[Thu Feb 12 05:01:09.839156 2026] [php:error] [pid 49882] [client 158.173.36.4:0] script '/domains/fayemoran/images/admin.php' not found or unable to stat
[Thu Feb 12 05:01:09.840224 2026] [php:error] [pid 49904] [client 158.173.36.124:0] script '/domains/sjsachs/new.php' not found or unable to stat
[Thu Feb 12 05:01:09.981052 2026] [php:error] [pid 49882] [client 158.173.36.4:0] script '/domains/fayemoran/db.php' not found or unable to stat
[Thu Feb 12 05:01:10.129076 2026] [php:error] [pid 49908] [client 158.173.36.230:0] script '/domains/brenties/natural.php' not found or unable to stat
[Thu Feb 12 05:01:10.276801 2026] [php:error] [pid 49884] [client 158.173.36.245:0] script '/domains/apunderkofler/install.php' not found or unable to stat
[Thu Feb 12 05:01:10.302911 2026] [php:error] [pid 49904] [client 158.173.36.124:0] script '/domains/sjsachs/images/DJP9.php' not found or unable to stat
[Thu Feb 12 05:01:10.302913 2026] [php:error] [pid 49908] [client 158.173.36.230:0] script '/domains/brenties/item.php' not found or unable to stat
[Thu Feb 12 05:01:10.814155 2026] [php:error] [pid 49884] [client 158.173.36.245:0] script '/domains/apunderkofler/images/class-config.php' not found or unable to stat
[Thu Feb 12 05:01:11.150150 2026] [php:error] [pid 49904] [client 158.173.36.124:0] script '/domains/sjsachs/natural.php' not found or unable to stat
[Thu Feb 12 05:01:11.286578 2026] [php:error] [pid 49884] [client 158.173.36.245:0] script '/domains/apunderkofler/bypass.php' not found or unable to stat
[Thu Feb 12 05:01:11.351491 2026] [php:error] [pid 49904] [client 158.173.36.124:0] script '/domains/sjsachs/item.php' not found or unable to stat
[Thu Feb 12 05:01:11.473883 2026] [php:error] [pid 49884] [client 158.173.36.245:0] script '/domains/apunderkofler/class.php' not found or unable to stat
[Thu Feb 12 05:01:11.931889 2026] [php:error] [pid 49882] [client 158.173.36.4:0] script '/domains/fayemoran/install.php' not found or unable to stat
[Thu Feb 12 05:01:11.979598 2026] [php:error] [pid 49907] [client 158.173.36.164:0] script '/domains/windsorweb/default.php' not found or unable to stat
[Thu Feb 12 05:01:12.531229 2026] [php:error] [pid 49882] [client 158.173.36.4:0] script '/domains/fayemoran/images/class-config.php' not found or unable to stat
[Thu Feb 12 05:01:12.904826 2026] [php:error] [pid 49884] [client 158.173.36.245:0] script '/domains/apunderkofler/init.php' not found or unable to stat
[Thu Feb 12 05:01:12.962529 2026] [php:error] [pid 49899] [client 158.173.36.210:0] script '/domains/abtechsci/manager.php' not found or unable to stat
[Thu Feb 12 05:01:13.124161 2026] [php:error] [pid 49918] [client 158.173.36.80:0] script '/domains/brenties/default.php' not found or unable to stat
[Thu Feb 12 05:01:13.176514 2026] [php:error] [pid 49882] [client 158.173.36.4:0] script '/domains/fayemoran/bypass.php' not found or unable to stat
[Thu Feb 12 05:01:13.205738 2026] [php:error] [pid 49899] [client 158.173.36.210:0] script '/domains/abtechsci/bless.php' not found or unable to stat
[Thu Feb 12 05:01:13.210817 2026] [php:error] [pid 49907] [client 158.173.36.164:0] script '/domains/windsorweb/dropdown.php' not found or unable to stat
[Thu Feb 12 05:01:13.380525 2026] [php:error] [pid 49882] [client 158.173.36.4:0] script '/domains/fayemoran/class.php' not found or unable to stat
[Thu Feb 12 05:01:13.392146 2026] [php:error] [pid 49899] [client 158.173.36.210:0] script '/domains/abtechsci/O-Simple.php' not found or unable to stat
[Thu Feb 12 05:01:13.392444 2026] [php:error] [pid 49907] [client 158.173.36.164:0] script '/domains/windsorweb/images/admin.php' not found or unable to stat
[Thu Feb 12 05:01:13.565150 2026] [php:error] [pid 49907] [client 158.173.36.164:0] script '/domains/windsorweb/db.php' not found or unable to stat
[Thu Feb 12 05:01:13.576033 2026] [php:error] [pid 49899] [client 158.173.36.210:0] script '/domains/abtechsci/lock360.php' not found or unable to stat
[Thu Feb 12 05:01:13.753426 2026] [php:error] [pid 49899] [client 158.173.36.210:0] script '/domains/abtechsci/zwso.php' not found or unable to stat
[Thu Feb 12 05:01:13.978094 2026] [php:error] [pid 49899] [client 158.173.36.210:0] script '/domains/abtechsci/chosen.php' not found or unable to stat
[Thu Feb 12 05:01:14.125486 2026] [php:error] [pid 49886] [client 158.173.36.57:0] script '/domains/sjsachs/default.php' not found or unable to stat
[Thu Feb 12 05:01:14.136089 2026] [php:error] [pid 49908] [client 158.173.36.210:0] script '/domains/brenties/manager.php' not found or unable to stat
[Thu Feb 12 05:01:14.151892 2026] [php:error] [pid 49899] [client 158.173.36.210:0] script '/domains/abtechsci/about.php' not found or unable to stat
[Thu Feb 12 05:01:14.566575 2026] [php:error] [pid 49918] [client 158.173.36.80:0] script '/domains/brenties/dropdown.php' not found or unable to stat
[Thu Feb 12 05:01:14.566602 2026] [php:error] [pid 49899] [client 158.173.36.210:0] script '/domains/abtechsci/admin.php' not found or unable to stat
[Thu Feb 12 05:01:14.706407 2026] [php:error] [pid 49908] [client 158.173.36.210:0] script '/domains/brenties/bless.php' not found or unable to stat
[Thu Feb 12 05:01:14.706439 2026] [php:error] [pid 49884] [client 158.173.36.245:0] script '/domains/apunderkofler/adminfuns.php' not found or unable to stat
[Thu Feb 12 05:01:14.950114 2026] [php:error] [pid 49908] [client 158.173.36.210:0] script '/domains/brenties/O-Simple.php' not found or unable to stat
[Thu Feb 12 05:01:14.952609 2026] [php:error] [pid 49899] [client 158.173.36.210:0] script '/domains/abtechsci/mah.php' not found or unable to stat
[Thu Feb 12 05:01:14.952745 2026] [php:error] [pid 49918] [client 158.173.36.80:0] script '/domains/brenties/db.php' not found or unable to stat
[Thu Feb 12 05:01:15.143984 2026] [php:error] [pid 49908] [client 158.173.36.210:0] script '/domains/brenties/lock360.php' not found or unable to stat
[Thu Feb 12 05:01:15.144159 2026] [php:error] [pid 49884] [client 158.173.36.245:0] script '/domains/apunderkofler/wp_wlx.php' not found or unable to stat
[Thu Feb 12 05:01:15.145581 2026] [php:error] [pid 49882] [client 158.173.36.4:0] script '/domains/fayemoran/init.php' not found or unable to stat
[Thu Feb 12 05:01:15.315861 2026] [php:error] [pid 49908] [client 158.173.36.210:0] script '/domains/brenties/zwso.php' not found or unable to stat
[Thu Feb 12 05:01:15.316777 2026] [php:error] [pid 49899] [client 158.173.36.210:0] script '/domains/abtechsci/core.php' not found or unable to stat
[Thu Feb 12 05:01:15.580649 2026] [php:error] [pid 49886] [client 158.173.36.57:0] script '/domains/sjsachs/dropdown.php' not found or unable to stat
[Thu Feb 12 05:01:15.609819 2026] [php:error] [pid 49899] [client 158.173.36.210:0] script '/domains/abtechsci/robots.php' not found or unable to stat
