[Thu Feb 12 05:02:10.297932 2026] [php:error] [pid 49948] [client 158.173.36.240:0] script '/domains/homesbyaudrey1/simple.php' not found or unable to stat
[Thu Feb 12 05:02:10.298481 2026] [php:error] [pid 49952] [client 158.173.36.217:0] script '/domains/mschmid/file5.php' not found or unable to stat
[Thu Feb 12 05:02:10.299901 2026] [php:error] [pid 49922] [client 158.173.36.164:0] script '/domains/windsorweb/wp-atom.php' not found or unable to stat
[Thu Feb 12 05:02:10.300130 2026] [php:error] [pid 49953] [client 158.173.36.71:0] script '/domains/system_suspended/mah.php' not found or unable to stat
[Thu Feb 12 05:02:10.335582 2026] [php:error] [pid 49908] [client 158.173.36.245:0] script '/domains/fayemoran/ff2.php' not found or unable to stat
[Thu Feb 12 05:02:10.343273 2026] [php:error] [pid 49960] [client 158.173.36.160:0] script '/domains/fifibear/default.php' not found or unable to stat
[Thu Feb 12 05:02:10.403475 2026] [php:error] [pid 49907] [client 158.173.36.171:0] script '/domains/pauljbrock/images/DJP9.php' not found or unable to stat
[Thu Feb 12 05:02:10.425450 2026] [php:error] [pid 49933] [client 158.173.36.12:0] script '/domains/deltaele/adminfuns.php' not found or unable to stat
[Thu Feb 12 05:02:10.425548 2026] [php:error] [pid 49954] [client 158.173.36.161:0] script '/domains/deltaele/mah.php' not found or unable to stat
[Thu Feb 12 05:02:10.445677 2026] [php:error] [pid 49952] [client 158.173.36.217:0] script '/domains/mschmid/ahax.php' not found or unable to stat
[Thu Feb 12 05:02:10.599924 2026] [php:error] [pid 49882] [client 158.173.36.68:0] script '/domains/abtechsci/hehehehe.php' not found or unable to stat
[Thu Feb 12 05:02:10.643420 2026] [php:error] [pid 49899] [client 158.173.36.57:0] script '/domains/machinadynamica/edit.php' not found or unable to stat
[Thu Feb 12 05:02:10.655083 2026] [php:error] [pid 49943] [client 158.173.36.68:0] script '/domains/brenties/wp-good.php' not found or unable to stat
[Thu Feb 12 05:02:10.655491 2026] [php:error] [pid 49952] [client 158.173.36.217:0] script '/domains/mschmid/f35.php' not found or unable to stat
[Thu Feb 12 05:02:10.655499 2026] [php:error] [pid 49922] [client 158.173.36.164:0] script '/domains/windsorweb/up.php' not found or unable to stat
[Thu Feb 12 05:02:10.656118 2026] [php:error] [pid 49953] [client 158.173.36.71:0] script '/domains/system_suspended/core.php' not found or unable to stat
[Thu Feb 12 05:02:10.720488 2026] [php:error] [pid 49942] [client 158.173.36.63:0] script '/domains/cccweb/config.php' not found or unable to stat
[Thu Feb 12 05:02:10.761016 2026] [php:error] [pid 49927] [client 158.173.36.134:0] script '/domains/rfisher.dnai/xl2023.php' not found or unable to stat
[Thu Feb 12 05:02:10.788600 2026] [php:error] [pid 49954] [client 158.173.36.161:0] script '/domains/deltaele/core.php' not found or unable to stat
[Thu Feb 12 05:02:10.788658 2026] [php:error] [pid 49933] [client 158.173.36.12:0] script '/domains/deltaele/wp_wlx.php' not found or unable to stat
[Thu Feb 12 05:02:10.811583 2026] [php:error] [pid 49952] [client 158.173.36.217:0] script '/domains/mschmid/simple.php' not found or unable to stat
[Thu Feb 12 05:02:10.813295 2026] [php:error] [pid 49955] [client 158.173.36.241:0] script '/domains/sjsachs/customize.php' not found or unable to stat
[Thu Feb 12 05:02:10.813641 2026] [php:error] [pid 49953] [client 158.173.36.71:0] script '/domains/system_suspended/robots.php' not found or unable to stat
[Thu Feb 12 05:02:10.904827 2026] [php:error] [pid 49942] [client 158.173.36.63:0] script '/domains/cccweb/special.php' not found or unable to stat
[Thu Feb 12 05:02:10.937142 2026] [php:error] [pid 49927] [client 158.173.36.134:0] script '/domains/rfisher.dnai/go.php' not found or unable to stat
[Thu Feb 12 05:02:10.955484 2026] [php:error] [pid 49954] [client 158.173.36.161:0] script '/domains/deltaele/robots.php' not found or unable to stat
[Thu Feb 12 05:02:10.982916 2026] [php:error] [pid 49936] [client 158.173.36.54:0] script '/domains/rfisher.dnai/xp.php' not found or unable to stat
[Thu Feb 12 05:02:10.983471 2026] [php:error] [pid 49955] [client 158.173.36.241:0] script '/domains/sjsachs/license.php' not found or unable to stat
[Thu Feb 12 05:02:10.983455 2026] [php:error] [pid 49907] [client 158.173.36.171:0] script '/domains/pauljbrock/natural.php' not found or unable to stat
[Thu Feb 12 05:02:10.987140 2026] [php:error] [pid 49953] [client 158.173.36.71:0] script '/domains/system_suspended/inputs.php' not found or unable to stat
[Thu Feb 12 05:02:11.030976 2026] [php:error] [pid 49908] [client 158.173.36.245:0] script '/domains/fayemoran/jp.php' not found or unable to stat
[Thu Feb 12 05:02:11.126312 2026] [php:error] [pid 49954] [client 158.173.36.161:0] script '/domains/deltaele/inputs.php' not found or unable to stat
[Thu Feb 12 05:02:11.188608 2026] [php:error] [pid 49953] [client 158.173.36.71:0] script '/domains/system_suspended/mini.php' not found or unable to stat
[Thu Feb 12 05:02:11.188647 2026] [php:error] [pid 49907] [client 158.173.36.171:0] script '/domains/pauljbrock/item.php' not found or unable to stat
[Thu Feb 12 05:02:11.189577 2026] [php:error] [pid 49899] [client 158.173.36.57:0] script '/domains/machinadynamica/wp-links-opml.php' not found or unable to stat
[Thu Feb 12 05:02:11.222008 2026] [php:error] [pid 49925] [client 158.173.36.230:0] script '/domains/msintl/manager.php' not found or unable to stat
[Thu Feb 12 05:02:11.222955 2026] [php:error] [pid 49908] [client 158.173.36.245:0] script '/domains/fayemoran/wp-atom.php' not found or unable to stat
[Thu Feb 12 05:02:11.291764 2026] [php:error] [pid 49933] [client 158.173.36.12:0] script '/domains/deltaele/wp.php' not found or unable to stat
[Thu Feb 12 05:02:11.292127 2026] [php:error] [pid 49954] [client 158.173.36.161:0] script '/domains/deltaele/mini.php' not found or unable to stat
[Thu Feb 12 05:02:11.338534 2026] [php:error] [pid 49953] [client 158.173.36.71:0] script '/domains/system_suspended/goods.php' not found or unable to stat
[Thu Feb 12 05:02:11.341869 2026] [php:error] [pid 49955] [client 158.173.36.241:0] script '/domains/sjsachs/lock.php' not found or unable to stat
[Thu Feb 12 05:02:11.387086 2026] [php:error] [pid 49925] [client 158.173.36.230:0] script '/domains/msintl/bless.php' not found or unable to stat
[Thu Feb 12 05:02:11.423975 2026] [php:error] [pid 49954] [client 158.173.36.161:0] script '/domains/deltaele/goods.php' not found or unable to stat
[Thu Feb 12 05:02:11.437837 2026] [php:error] [pid 49960] [client 158.173.36.160:0] script '/domains/fifibear/dropdown.php' not found or unable to stat
[Thu Feb 12 05:02:11.461979 2026] [php:error] [pid 49950] [client 158.158.72.119:0] script '/domains/smartny/666.php' not found or unable to stat
[Thu Feb 12 05:02:11.467471 2026] [php:error] [pid 49953] [client 158.173.36.71:0] script '/domains/system_suspended/file5.php' not found or unable to stat
[Thu Feb 12 05:02:11.481714 2026] [php:error] [pid 49936] [client 158.173.36.54:0] script '/domains/rfisher.dnai/wp-links.php' not found or unable to stat
[Thu Feb 12 05:02:11.503360 2026] [php:error] [pid 49899] [client 158.173.36.57:0] script '/domains/machinadynamica/atomlib.php' not found or unable to stat
[Thu Feb 12 05:02:11.520513 2026] [php:error] [pid 49925] [client 158.173.36.230:0] script '/domains/msintl/O-Simple.php' not found or unable to stat
[Thu Feb 12 05:02:11.532533 2026] [php:error] [pid 49918] [client 158.173.36.45:0] script '/domains/nostrada/manager.php' not found or unable to stat
[Thu Feb 12 05:02:11.533196 2026] [php:error] [pid 49908] [client 158.173.36.245:0] script '/domains/fayemoran/up.php' not found or unable to stat
[Thu Feb 12 05:02:11.623296 2026] [php:error] [pid 49954] [client 158.173.36.161:0] script '/domains/deltaele/file5.php' not found or unable to stat
[Thu Feb 12 05:02:11.628254 2026] [php:error] [pid 49953] [client 158.173.36.71:0] script '/domains/system_suspended/ahax.php' not found or unable to stat
[Thu Feb 12 05:02:11.629431 2026] [php:error] [pid 49922] [client 158.173.36.164:0] script '/domains/windsorweb/worm.PhP' not found or unable to stat
[Thu Feb 12 05:02:11.679003 2026] [php:error] [pid 49925] [client 158.173.36.230:0] script '/domains/msintl/lock360.php' not found or unable to stat
[Thu Feb 12 05:02:11.707984 2026] [php:error] [pid 49918] [client 158.173.36.45:0] script '/domains/nostrada/bless.php' not found or unable to stat
[Thu Feb 12 05:02:11.818465 2026] [php:error] [pid 49954] [client 158.173.36.161:0] script '/domains/deltaele/ahax.php' not found or unable to stat
[Thu Feb 12 05:02:11.818511 2026] [php:error] [pid 49933] [client 158.173.36.12:0] script '/domains/deltaele/wp-header.php' not found or unable to stat
[Thu Feb 12 05:02:11.832295 2026] [php:error] [pid 49922] [client 158.173.36.164:0] script '/domains/windsorweb/ext.php' not found or unable to stat
[Thu Feb 12 05:02:11.832305 2026] [php:error] [pid 49960] [client 158.173.36.160:0] script '/domains/fifibear/db.php' not found or unable to stat
[Thu Feb 12 05:02:11.832951 2026] [php:error] [pid 49953] [client 158.173.36.71:0] script '/domains/system_suspended/f35.php' not found or unable to stat
[Thu Feb 12 05:02:11.865169 2026] [php:error] [pid 49923] [client 158.173.36.241:0] script '/domains/nostrada/manager.php' not found or unable to stat
[Thu Feb 12 05:02:11.877295 2026] [php:error] [pid 49925] [client 158.173.36.230:0] script '/domains/msintl/zwso.php' not found or unable to stat
[Thu Feb 12 05:02:11.907322 2026] [php:error] [pid 49918] [client 158.173.36.45:0] script '/domains/nostrada/O-Simple.php' not found or unable to stat
[Thu Feb 12 05:02:12.014887 2026] [php:error] [pid 49954] [client 158.173.36.161:0] script '/domains/deltaele/f35.php' not found or unable to stat
[Thu Feb 12 05:02:12.014967 2026] [php:error] [pid 49943] [client 158.173.36.68:0] script '/domains/brenties/ff2.php' not found or unable to stat
[Thu Feb 12 05:02:12.025592 2026] [php:error] [pid 49922] [client 158.173.36.164:0] script '/domains/windsorweb/delpaths.php' not found or unable to stat
[Thu Feb 12 05:02:12.025622 2026] [php:error] [pid 49953] [client 158.173.36.71:0] script '/domains/system_suspended/simple.php' not found or unable to stat
[Thu Feb 12 05:02:12.028490 2026] [php:error] [pid 49938] [client 158.173.36.85:0] script '/domains/brenties/hehehehe.php' not found or unable to stat
[Thu Feb 12 05:02:12.028898 2026] [php:error] [pid 49944] [client 158.173.36.12:0] script '/domains/apunderkofler/aa.php' not found or unable to stat
[Thu Feb 12 05:02:12.042263 2026] [php:error] [pid 49923] [client 158.173.36.241:0] script '/domains/nostrada/bless.php' not found or unable to stat
[Thu Feb 12 05:02:12.059926 2026] [php:error] [pid 49925] [client 158.173.36.230:0] script '/domains/msintl/chosen.php' not found or unable to stat
[Thu Feb 12 05:02:12.099512 2026] [php:error] [pid 49918] [client 158.173.36.45:0] script '/domains/nostrada/lock360.php' not found or unable to stat
[Thu Feb 12 05:02:12.322798 2026] [php:error] [pid 49933] [client 158.173.36.12:0] script '/domains/deltaele/Marvins.php' not found or unable to stat
[Thu Feb 12 05:02:12.331996 2026] [php:error] [pid 49954] [client 158.173.36.161:0] script '/domains/deltaele/simple.php' not found or unable to stat
[Thu Feb 12 05:02:12.441756 2026] [php:error] [pid 49944] [client 158.173.36.12:0] script '/domains/apunderkofler/index2.php' not found or unable to stat
[Thu Feb 12 05:02:12.443665 2026] [php:error] [pid 49918] [client 158.173.36.45:0] script '/domains/nostrada/zwso.php' not found or unable to stat
[Thu Feb 12 05:02:12.446057 2026] [php:error] [pid 49952] [client 158.173.36.217:0] script '/domains/mschmid/images/upload.php' not found or unable to stat
[Thu Feb 12 05:02:12.446655 2026] [php:error] [pid 49925] [client 158.173.36.230:0] script '/domains/msintl/about.php' not found or unable to stat
[Thu Feb 12 05:02:12.446905 2026] [php:error] [pid 49923] [client 158.173.36.241:0] script '/domains/nostrada/O-Simple.php' not found or unable to stat
[Thu Feb 12 05:02:12.448312 2026] [php:error] [pid 49961] [client 158.173.36.217:0] script '/domains/cccweb/webdb.php' not found or unable to stat
[Thu Feb 12 05:02:12.671680 2026] [php:error] [pid 49899] [client 158.173.36.57:0] script '/domains/machinadynamica/xp.php' not found or unable to stat
[Thu Feb 12 05:02:12.671708 2026] [php:error] [pid 49918] [client 158.173.36.45:0] script '/domains/nostrada/chosen.php' not found or unable to stat
[Thu Feb 12 05:02:12.673254 2026] [php:error] [pid 49923] [client 158.173.36.241:0] script '/domains/nostrada/lock360.php' not found or unable to stat
[Thu Feb 12 05:02:12.674482 2026] [php:error] [pid 49925] [client 158.173.36.230:0] script '/domains/msintl/admin.php' not found or unable to stat
[Thu Feb 12 05:02:12.675614 2026] [php:error] [pid 49955] [client 158.173.36.241:0] script '/domains/sjsachs/wp-good.php' not found or unable to stat
[Thu Feb 12 05:02:12.705262 2026] [php:error] [pid 49933] [client 158.173.36.12:0] script '/domains/deltaele/wp-class.php' not found or unable to stat
[Thu Feb 12 05:02:12.823715 2026] [php:error] [pid 49923] [client 158.173.36.241:0] script '/domains/nostrada/zwso.php' not found or unable to stat
[Thu Feb 12 05:02:12.829746 2026] [php:error] [pid 49961] [client 158.173.36.217:0] script '/domains/cccweb/file2.php' not found or unable to stat
[Thu Feb 12 05:02:12.832816 2026] [php:error] [pid 49918] [client 158.173.36.45:0] script '/domains/nostrada/about.php' not found or unable to stat
[Thu Feb 12 05:02:12.833205 2026] [php:error] [pid 49908] [client 158.173.36.245:0] script '/domains/fayemoran/worm.PhP' not found or unable to stat
[Thu Feb 12 05:02:13.049405 2026] [php:error] [pid 49908] [client 158.173.36.245:0] script '/domains/fayemoran/ext.php' not found or unable to stat
[Thu Feb 12 05:02:13.052426 2026] [php:error] [pid 49923] [client 158.173.36.241:0] script '/domains/nostrada/chosen.php' not found or unable to stat
[Thu Feb 12 05:02:13.053222 2026] [php:error] [pid 49943] [client 158.173.36.68:0] script '/domains/brenties/jp.php' not found or unable to stat
[Thu Feb 12 05:02:13.053605 2026] [php:error] [pid 49925] [client 158.173.36.230:0] script '/domains/msintl/mah.php' not found or unable to stat
[Thu Feb 12 05:02:13.058357 2026] [php:error] [pid 49933] [client 158.173.36.12:0] script '/domains/deltaele/xx.php' not found or unable to stat
[Thu Feb 12 05:02:13.059562 2026] [php:error] [pid 49918] [client 158.173.36.45:0] script '/domains/nostrada/admin.php' not found or unable to stat
[Thu Feb 12 05:02:13.240779 2026] [php:error] [pid 49933] [client 158.173.36.12:0] script '/domains/deltaele/autoload_classmap.php' not found or unable to stat
[Thu Feb 12 05:02:13.242448 2026] [php:error] [pid 49908] [client 158.173.36.245:0] script '/domains/fayemoran/delpaths.php' not found or unable to stat
[Thu Feb 12 05:02:13.242922 2026] [php:error] [pid 49943] [client 158.173.36.68:0] script '/domains/brenties/wp-atom.php' not found or unable to stat
[Thu Feb 12 05:02:13.243932 2026] [php:error] [pid 49923] [client 158.173.36.241:0] script '/domains/nostrada/about.php' not found or unable to stat
[Thu Feb 12 05:02:13.244124 2026] [php:error] [pid 49946] [client 158.173.36.49:0] script '/domains/cccweb/webdb.php' not found or unable to stat
[Thu Feb 12 05:02:13.245181 2026] [php:error] [pid 49922] [client 158.173.36.164:0] script '/domains/windsorweb/gifclass.php' not found or unable to stat
[Thu Feb 12 05:02:13.245896 2026] [php:error] [pid 49947] [client 158.173.36.71:0] script '/domains/rnachum/classwithtostring.php' not found or unable to stat
[Thu Feb 12 05:02:13.246247 2026] [php:error] [pid 49961] [client 158.173.36.217:0] script '/domains/cccweb/alfa.php' not found or unable to stat
[Thu Feb 12 05:02:13.248702 2026] [php:error] [pid 49899] [client 158.173.36.57:0] script '/domains/machinadynamica/wp-links.php' not found or unable to stat
[Thu Feb 12 05:02:13.408831 2026] [php:error] [pid 49934] [client 158.173.36.230:0] script '/domains/pauljbrock/default.php' not found or unable to stat
[Thu Feb 12 05:02:13.503081 2026] [php:error] [pid 49922] [client 158.173.36.164:0] script '/domains/windsorweb/plugin.php' not found or unable to stat
[Thu Feb 12 05:02:13.503728 2026] [php:error] [pid 49923] [client 158.173.36.241:0] script '/domains/nostrada/admin.php' not found or unable to stat
[Thu Feb 12 05:02:13.504883 2026] [php:error] [pid 49925] [client 158.173.36.230:0] script '/domains/msintl/core.php' not found or unable to stat
[Thu Feb 12 05:02:13.510073 2026] [php:error] [pid 49918] [client 158.173.36.45:0] script '/domains/nostrada/mah.php' not found or unable to stat
[Thu Feb 12 05:02:13.517262 2026] [php:error] [pid 49944] [client 158.173.36.12:0] script '/domains/apunderkofler/shell.php' not found or unable to stat
[Thu Feb 12 05:02:13.612750 2026] [php:error] [pid 49916] [client 158.173.36.54:0] script '/domains/apunderkofler/manager.php' not found or unable to stat
[Thu Feb 12 05:02:13.691301 2026] [php:error] [pid 49936] [client 158.173.36.54:0] script '/domains/rfisher.dnai/moon.php' not found or unable to stat
[Thu Feb 12 05:02:13.691565 2026] [php:error] [pid 49943] [client 158.173.36.68:0] script '/domains/brenties/up.php' not found or unable to stat
[Thu Feb 12 05:02:13.691596 2026] [php:error] [pid 49925] [client 158.173.36.230:0] script '/domains/msintl/robots.php' not found or unable to stat
[Thu Feb 12 05:02:13.692642 2026] [php:error] [pid 49946] [client 158.173.36.49:0] script '/domains/cccweb/file2.php' not found or unable to stat
[Thu Feb 12 05:02:13.704015 2026] [php:error] [pid 49907] [client 158.173.36.49:0] script '/domains/antiqueweb1/manager.php' not found or unable to stat
[Thu Feb 12 05:02:13.793753 2026] [php:error] [pid 49916] [client 158.173.36.54:0] script '/domains/apunderkofler/bless.php' not found or unable to stat
[Thu Feb 12 05:02:13.885388 2026] [php:error] [pid 49923] [client 158.173.36.241:0] script '/domains/nostrada/mah.php' not found or unable to stat
[Thu Feb 12 05:02:13.886467 2026] [php:error] [pid 49947] [client 158.173.36.71:0] script '/domains/rnachum/tinyfilemanager.php' not found or unable to stat
[Thu Feb 12 05:02:13.886486 2026] [php:error] [pid 49933] [client 158.173.36.12:0] script '/domains/deltaele/content.php' not found or unable to stat
[Thu Feb 12 05:02:13.887466 2026] [php:error] [pid 49922] [client 158.173.36.164:0] script '/domains/windsorweb/update-core.php' not found or unable to stat
[Thu Feb 12 05:02:13.887851 2026] [php:error] [pid 49925] [client 158.173.36.230:0] script '/domains/msintl/inputs.php' not found or unable to stat
[Thu Feb 12 05:02:13.905435 2026] [php:error] [pid 49907] [client 158.173.36.49:0] script '/domains/antiqueweb1/bless.php' not found or unable to stat
[Thu Feb 12 05:02:13.919235 2026] [php:error] [pid 49918] [client 158.173.36.45:0] script '/domains/nostrada/core.php' not found or unable to stat
[Thu Feb 12 05:02:13.962353 2026] [php:error] [pid 49960] [client 158.173.36.160:0] script '/domains/fifibear/install.php' not found or unable to stat
[Thu Feb 12 05:02:13.994550 2026] [php:error] [pid 49916] [client 158.173.36.54:0] script '/domains/apunderkofler/O-Simple.php' not found or unable to stat
[Thu Feb 12 05:02:14.039009 2026] [php:error] [pid 49950] [client 158.158.72.119:0] script '/domains/smartny/wp-admin.php' not found or unable to stat
[Thu Feb 12 05:02:14.055788 2026] [php:error] [pid 49946] [client 158.173.36.49:0] script '/domains/cccweb/alfa.php' not found or unable to stat
[Thu Feb 12 05:02:14.057122 2026] [php:error] [pid 49925] [client 158.173.36.230:0] script '/domains/msintl/mini.php' not found or unable to stat
[Thu Feb 12 05:02:14.121410 2026] [php:error] [pid 49918] [client 158.173.36.45:0] script '/domains/nostrada/robots.php' not found or unable to stat
[Thu Feb 12 05:02:14.121440 2026] [php:error] [pid 49907] [client 158.173.36.49:0] script '/domains/antiqueweb1/O-Simple.php' not found or unable to stat
[Thu Feb 12 05:02:14.143808 2026] [php:error] [pid 49916] [client 158.173.36.54:0] script '/domains/apunderkofler/lock360.php' not found or unable to stat
[Thu Feb 12 05:02:14.204585 2026] [php:error] [pid 49955] [client 158.173.36.241:0] script '/domains/sjsachs/ff2.php' not found or unable to stat
[Thu Feb 12 05:02:14.206923 2026] [php:error] [pid 49936] [client 158.173.36.54:0] script '/domains/rfisher.dnai/webadmin.php' not found or unable to stat
[Thu Feb 12 05:02:14.207227 2026] [php:error] [pid 49923] [client 158.173.36.241:0] script '/domains/nostrada/core.php' not found or unable to stat
[Thu Feb 12 05:02:14.209492 2026] [php:error] [pid 49922] [client 158.173.36.164:0] script '/domains/windsorweb/wp-mail.php' not found or unable to stat
[Thu Feb 12 05:02:14.210330 2026] [php:error] [pid 49925] [client 158.173.36.230:0] script '/domains/msintl/goods.php' not found or unable to stat
[Thu Feb 12 05:02:14.264711 2026] [php:error] [pid 49907] [client 158.173.36.49:0] script '/domains/antiqueweb1/lock360.php' not found or unable to stat
[Thu Feb 12 05:02:14.266880 2026] [php:error] [pid 49918] [client 158.173.36.45:0] script '/domains/nostrada/inputs.php' not found or unable to stat
[Thu Feb 12 05:02:14.267890 2026] [php:error] [pid 49949] [client 158.173.36.227:0] script '/domains/homesbyaudrey1/classwithtostring.php' not found or unable to stat
[Thu Feb 12 05:02:14.286294 2026] [php:error] [pid 49916] [client 158.173.36.54:0] script '/domains/apunderkofler/zwso.php' not found or unable to stat
[Thu Feb 12 05:02:14.404556 2026] [php:error] [pid 49923] [client 158.173.36.241:0] script '/domains/nostrada/robots.php' not found or unable to stat
[Thu Feb 12 05:02:14.406376 2026] [php:error] [pid 49947] [client 158.173.36.71:0] script '/domains/rnachum/file.php' not found or unable to stat
[Thu Feb 12 05:02:14.407453 2026] [php:error] [pid 49925] [client 158.173.36.230:0] script '/domains/msintl/file5.php' not found or unable to stat
[Thu Feb 12 05:02:14.520077 2026] [php:error] [pid 49882] [client 158.173.36.161:0] script '/domains/antiqueweb1/manager.php' not found or unable to stat
[Thu Feb 12 05:02:14.580336 2026] [php:error] [pid 49934] [client 158.173.36.230:0] script '/domains/pauljbrock/dropdown.php' not found or unable to stat
[Thu Feb 12 05:02:14.738484 2026] [php:error] [pid 49907] [client 158.173.36.49:0] script '/domains/antiqueweb1/zwso.php' not found or unable to stat
[Thu Feb 12 05:02:14.759608 2026] [php:error] [pid 49908] [client 158.173.36.245:0] script '/domains/fayemoran/gifclass.php' not found or unable to stat
[Thu Feb 12 05:02:14.770161 2026] [php:error] [pid 49934] [client 158.173.36.230:0] script '/domains/pauljbrock/images/admin.php' not found or unable to stat
[Thu Feb 12 05:02:14.784935 2026] [php:error] [pid 49927] [client 158.173.36.134:0] script '/domains/rfisher.dnai/hehehehe.php' not found or unable to stat
[Thu Feb 12 05:02:14.785809 2026] [php:error] [pid 49944] [client 158.173.36.12:0] script '/domains/apunderkofler/hehe.php' not found or unable to stat
[Thu Feb 12 05:02:14.841668 2026] [php:error] [pid 49882] [client 158.173.36.161:0] script '/domains/antiqueweb1/bless.php' not found or unable to stat
[Thu Feb 12 05:02:14.841832 2026] [php:error] [pid 49923] [client 158.173.36.241:0] script '/domains/nostrada/inputs.php' not found or unable to stat
[Thu Feb 12 05:02:14.879485 2026] [php:error] [pid 49925] [client 158.173.36.230:0] script '/domains/msintl/ahax.php' not found or unable to stat
[Thu Feb 12 05:02:14.946396 2026] [php:error] [pid 49918] [client 158.173.36.45:0] script '/domains/nostrada/mini.php' not found or unable to stat
[Thu Feb 12 05:02:14.946418 2026] [php:error] [pid 49907] [client 158.173.36.49:0] script '/domains/antiqueweb1/chosen.php' not found or unable to stat
[Thu Feb 12 05:02:14.998125 2026] [php:error] [pid 49960] [client 158.173.36.160:0] script '/domains/fifibear/bypass.php' not found or unable to stat
[Thu Feb 12 05:02:14.999921 2026] [php:error] [pid 49961] [client 158.173.36.217:0] script '/domains/cccweb/edit.php' not found or unable to stat
[Thu Feb 12 05:02:14.999921 2026] [php:error] [pid 49908] [client 158.173.36.245:0] script '/domains/fayemoran/plugin.php' not found or unable to stat
[Thu Feb 12 05:02:15.001252 2026] [php:error] [pid 49948] [client 158.173.36.240:0] script '/domains/homesbyaudrey1/classwithtostring.php' not found or unable to stat
[Thu Feb 12 05:02:15.002297 2026] [php:error] [pid 49934] [client 158.173.36.230:0] script '/domains/pauljbrock/db.php' not found or unable to stat
[Thu Feb 12 05:02:15.019026 2026] [php:error] [pid 49882] [client 158.173.36.161:0] script '/domains/antiqueweb1/O-Simple.php' not found or unable to stat
[Thu Feb 12 05:02:15.019253 2026] [php:error] [pid 49943] [client 158.173.36.68:0] script '/domains/brenties/worm.PhP' not found or unable to stat
[Thu Feb 12 05:02:15.019537 2026] [php:error] [pid 49936] [client 158.173.36.54:0] script '/domains/rfisher.dnai/xl2023.php' not found or unable to stat
[Thu Feb 12 05:02:15.019812 2026] [php:error] [pid 49923] [client 158.173.36.241:0] script '/domains/nostrada/mini.php' not found or unable to stat
[Thu Feb 12 05:02:15.027711 2026] [php:error] [pid 49925] [client 158.173.36.230:0] script '/domains/msintl/f35.php' not found or unable to stat
[Thu Feb 12 05:02:15.101378 2026] [php:error] [pid 49907] [client 158.173.36.49:0] script '/domains/antiqueweb1/about.php' not found or unable to stat
[Thu Feb 12 05:02:15.109746 2026] [php:error] [pid 49918] [client 158.173.36.45:0] script '/domains/nostrada/goods.php' not found or unable to stat
[Thu Feb 12 05:02:15.110227 2026] [php:error] [pid 49916] [client 158.173.36.54:0] script '/domains/apunderkofler/chosen.php' not found or unable to stat
[Thu Feb 12 05:02:15.159813 2026] [php:error] [pid 49960] [client 158.173.36.160:0] script '/domains/fifibear/class.php' not found or unable to stat
[Thu Feb 12 05:02:15.222212 2026] [php:error] [pid 49882] [client 158.173.36.161:0] script '/domains/antiqueweb1/lock360.php' not found or unable to stat
[Thu Feb 12 05:02:15.222312 2026] [php:error] [pid 49936] [client 158.173.36.54:0] script '/domains/rfisher.dnai/go.php' not found or unable to stat
[Thu Feb 12 05:02:15.222575 2026] [php:error] [pid 49923] [client 158.173.36.241:0] script '/domains/nostrada/goods.php' not found or unable to stat
[Thu Feb 12 05:02:15.224601 2026] [php:error] [pid 49943] [client 158.173.36.68:0] script '/domains/brenties/ext.php' not found or unable to stat
[Thu Feb 12 05:02:15.224712 2026] [php:error] [pid 49955] [client 158.173.36.241:0] script '/domains/sjsachs/jp.php' not found or unable to stat
[Thu Feb 12 05:02:15.225525 2026] [php:error] [pid 49925] [client 158.173.36.230:0] script '/domains/msintl/simple.php' not found or unable to stat
[Thu Feb 12 05:02:15.268059 2026] [php:error] [pid 49907] [client 158.173.36.49:0] script '/domains/antiqueweb1/admin.php' not found or unable to stat
[Thu Feb 12 05:02:15.268339 2026] [php:error] [pid 49947] [client 158.173.36.71:0] script '/domains/rnachum/buy.php' not found or unable to stat
[Thu Feb 12 05:02:15.289513 2026] [php:error] [pid 49918] [client 158.173.36.45:0] script '/domains/nostrada/file5.php' not found or unable to stat
[Thu Feb 12 05:02:15.289794 2026] [php:error] [pid 49916] [client 158.173.36.54:0] script '/domains/apunderkofler/about.php' not found or unable to stat
[Thu Feb 12 05:02:15.290205 2026] [php:error] [pid 49949] [client 158.173.36.227:0] script '/domains/homesbyaudrey1/tinyfilemanager.php' not found or unable to stat
[Thu Feb 12 05:02:15.308001 2026] [php:error] [pid 49908] [client 158.173.36.245:0] script '/domains/fayemoran/update-core.php' not found or unable to stat
[Thu Feb 12 05:02:15.313599 2026] [php:error] [pid 49944] [client 158.173.36.12:0] script '/domains/apunderkofler/dir.php' not found or unable to stat
[Thu Feb 12 05:02:15.385611 2026] [php:error] [pid 49923] [client 158.173.36.241:0] script '/domains/nostrada/file5.php' not found or unable to stat
[Thu Feb 12 05:02:15.387323 2026] [php:error] [pid 49882] [client 158.173.36.161:0] script '/domains/antiqueweb1/zwso.php' not found or unable to stat
[Thu Feb 12 05:02:15.387632 2026] [php:error] [pid 49943] [client 158.173.36.68:0] script '/domains/brenties/delpaths.php' not found or unable to stat
[Thu Feb 12 05:02:15.387733 2026] [php:error] [pid 49955] [client 158.173.36.241:0] script '/domains/sjsachs/wp-atom.php' not found or unable to stat
[Thu Feb 12 05:02:15.446986 2026] [php:error] [pid 49916] [client 158.173.36.54:0] script '/domains/apunderkofler/admin.php' not found or unable to stat
[Thu Feb 12 05:02:15.447324 2026] [php:error] [pid 49918] [client 158.173.36.45:0] script '/domains/nostrada/ahax.php' not found or unable to stat
[Thu Feb 12 05:02:15.452161 2026] [php:error] [pid 49956] [client 158.173.36.164:0] script '/domains/dcoffman/manager.php' not found or unable to stat
[Thu Feb 12 05:02:15.459484 2026] [php:error] [pid 49948] [client 158.173.36.240:0] script '/domains/homesbyaudrey1/tinyfilemanager.php' not found or unable to stat
[Thu Feb 12 05:02:15.459918 2026] [php:error] [pid 49961] [client 158.173.36.217:0] script '/domains/cccweb/wp-links-opml.php' not found or unable to stat
[Thu Feb 12 05:02:15.597659 2026] [php:error] [pid 49923] [client 158.173.36.241:0] script '/domains/nostrada/ahax.php' not found or unable to stat
[Thu Feb 12 05:02:15.606406 2026] [php:error] [pid 49882] [client 158.173.36.161:0] script '/domains/antiqueweb1/chosen.php' not found or unable to stat
[Thu Feb 12 05:02:15.608427 2026] [php:error] [pid 49907] [client 158.173.36.49:0] script '/domains/antiqueweb1/mah.php' not found or unable to stat
[Thu Feb 12 05:02:15.625741 2026] [php:error] [pid 49908] [client 158.173.36.245:0] script '/domains/fayemoran/wp-mail.php' not found or unable to stat
[Thu Feb 12 05:02:15.626518 2026] [php:error] [pid 49918] [client 158.173.36.45:0] script '/domains/nostrada/f35.php' not found or unable to stat
[Thu Feb 12 05:02:15.627422 2026] [php:error] [pid 49956] [client 158.173.36.164:0] script '/domains/dcoffman/bless.php' not found or unable to stat
[Thu Feb 12 05:02:15.628089 2026] [php:error] [pid 49946] [client 158.173.36.49:0] script '/domains/cccweb/edit.php' not found or unable to stat
[Thu Feb 12 05:02:15.728574 2026] [php:error] [pid 49955] [client 158.173.36.241:0] script '/domains/sjsachs/up.php' not found or unable to stat
[Thu Feb 12 05:02:15.729392 2026] [php:error] [pid 49923] [client 158.173.36.241:0] script '/domains/nostrada/f35.php' not found or unable to stat
[Thu Feb 12 05:02:15.739069 2026] [php:error] [pid 49882] [client 158.173.36.161:0] script '/domains/antiqueweb1/about.php' not found or unable to stat
[Thu Feb 12 05:02:15.747611 2026] [php:error] [pid 49899] [client 158.173.36.57:0] script '/domains/machinadynamica/moon.php' not found or unable to stat
[Thu Feb 12 05:02:15.775119 2026] [php:error] [pid 49956] [client 158.173.36.164:0] script '/domains/dcoffman/O-Simple.php' not found or unable to stat
[Thu Feb 12 05:02:15.775216 2026] [php:error] [pid 49952] [client 158.173.36.217:0] script '/domains/mschmid/classwithtostring.php' not found or unable to stat
[Thu Feb 12 05:02:15.780154 2026] [php:error] [pid 49918] [client 158.173.36.45:0] script '/domains/nostrada/simple.php' not found or unable to stat
[Thu Feb 12 05:02:15.780534 2026] [php:error] [pid 49949] [client 158.173.36.227:0] script '/domains/homesbyaudrey1/file.php' not found or unable to stat
[Thu Feb 12 05:02:15.780595 2026] [php:error] [pid 49916] [client 158.173.36.54:0] script '/domains/apunderkofler/mah.php' not found or unable to stat
[Thu Feb 12 05:02:15.786333 2026] [php:error] [pid 49961] [client 158.173.36.217:0] script '/domains/cccweb/atomlib.php' not found or unable to stat
[Thu Feb 12 05:02:15.811306 2026] [php:error] [pid 49964] [client 158.173.36.240:0] script '/domains/system_cancel/manager.php' not found or unable to stat
[Thu Feb 12 05:02:15.967813 2026] [php:error] [pid 49956] [client 158.173.36.164:0] script '/domains/dcoffman/lock360.php' not found or unable to stat
[Thu Feb 12 05:02:15.970613 2026] [php:error] [pid 49948] [client 158.173.36.240:0] script '/domains/homesbyaudrey1/file.php' not found or unable to stat
[Thu Feb 12 05:02:15.971402 2026] [php:error] [pid 49944] [client 158.173.36.12:0] script '/domains/apunderkofler/nf_tracking.php' not found or unable to stat
[Thu Feb 12 05:02:16.105637 2026] [php:error] [pid 49923] [client 158.173.36.241:0] script '/domains/nostrada/simple.php' not found or unable to stat
[Thu Feb 12 05:02:16.146590 2026] [php:error] [pid 49956] [client 158.173.36.164:0] script '/domains/dcoffman/zwso.php' not found or unable to stat
[Thu Feb 12 05:02:16.150491 2026] [php:error] [pid 49946] [client 158.173.36.49:0] script '/domains/cccweb/wp-links-opml.php' not found or unable to stat
[Thu Feb 12 05:02:16.167532 2026] [php:error] [pid 49907] [client 158.173.36.49:0] script '/domains/antiqueweb1/core.php' not found or unable to stat
[Thu Feb 12 05:02:16.168987 2026] [php:error] [pid 49882] [client 158.173.36.161:0] script '/domains/antiqueweb1/admin.php' not found or unable to stat
[Thu Feb 12 05:02:16.188404 2026] [php:error] [pid 49929] [client 158.173.36.71:0] script '/domains/abtechsci/byp.php' not found or unable to stat
[Thu Feb 12 05:02:16.194388 2026] [php:error] [pid 49916] [client 158.173.36.54:0] script '/domains/apunderkofler/core.php' not found or unable to stat
[Thu Feb 12 05:02:16.308543 2026] [php:error] [pid 49956] [client 158.173.36.164:0] script '/domains/dcoffman/chosen.php' not found or unable to stat
[Thu Feb 12 05:02:16.310628 2026] [php:error] [pid 49964] [client 158.173.36.240:0] script '/domains/system_cancel/lock360.php' not found or unable to stat
[Thu Feb 12 05:02:16.310795 2026] [php:error] [pid 49960] [client 158.173.36.160:0] script '/domains/fifibear/init.php' not found or unable to stat
[Thu Feb 12 05:02:16.310893 2026] [php:error] [pid 49944] [client 158.173.36.12:0] script '/domains/apunderkofler/filefuns.php' not found or unable to stat
[Thu Feb 12 05:02:16.323433 2026] [php:error] [pid 49907] [client 158.173.36.49:0] script '/domains/antiqueweb1/robots.php' not found or unable to stat
[Thu Feb 12 05:02:16.393761 2026] [php:error] [pid 49899] [client 158.173.36.57:0] script '/domains/machinadynamica/webadmin.php' not found or unable to stat
[Thu Feb 12 05:02:16.394194 2026] [php:error] [pid 49916] [client 158.173.36.54:0] script '/domains/apunderkofler/robots.php' not found or unable to stat
[Thu Feb 12 05:02:16.494731 2026] [php:error] [pid 49946] [client 158.173.36.49:0] script '/domains/cccweb/atomlib.php' not found or unable to stat
[Thu Feb 12 05:02:16.495278 2026] [php:error] [pid 49952] [client 158.173.36.217:0] script '/domains/mschmid/tinyfilemanager.php' not found or unable to stat
[Thu Feb 12 05:02:16.498503 2026] [php:error] [pid 49956] [client 158.173.36.164:0] script '/domains/dcoffman/about.php' not found or unable to stat
[Thu Feb 12 05:02:16.509188 2026] [php:error] [pid 49948] [client 158.173.36.240:0] script '/domains/homesbyaudrey1/buy.php' not found or unable to stat
[Thu Feb 12 05:02:16.512975 2026] [php:error] [pid 49907] [client 158.173.36.49:0] script '/domains/antiqueweb1/inputs.php' not found or unable to stat
[Thu Feb 12 05:02:16.515873 2026] [php:error] [pid 49882] [client 158.173.36.161:0] script '/domains/antiqueweb1/mah.php' not found or unable to stat
[Thu Feb 12 05:02:16.588922 2026] [php:error] [pid 49949] [client 158.173.36.227:0] script '/domains/homesbyaudrey1/buy.php' not found or unable to stat
[Thu Feb 12 05:02:16.597003 2026] [php:error] [pid 49916] [client 158.173.36.54:0] script '/domains/apunderkofler/inputs.php' not found or unable to stat
[Thu Feb 12 05:02:16.676879 2026] [php:error] [pid 49953] [client 158.173.36.71:0] script '/domains/system_suspended/classwithtostring.php' not found or unable to stat
[Thu Feb 12 05:02:16.683196 2026] [php:error] [pid 49925] [client 158.173.36.230:0] script '/domains/msintl/images/upload.php' not found or unable to stat
[Thu Feb 12 05:02:16.684833 2026] [php:error] [pid 49956] [client 158.173.36.164:0] script '/domains/dcoffman/admin.php' not found or unable to stat
[Thu Feb 12 05:02:16.708226 2026] [php:error] [pid 49907] [client 158.173.36.49:0] script '/domains/antiqueweb1/mini.php' not found or unable to stat
[Thu Feb 12 05:02:16.708419 2026] [php:error] [pid 49961] [client 158.173.36.217:0] script '/domains/cccweb/xp.php' not found or unable to stat
[Thu Feb 12 05:02:16.708624 2026] [php:error] [pid 49944] [client 158.173.36.12:0] script '/domains/apunderkofler/l.php' not found or unable to stat
[Thu Feb 12 05:02:16.709146 2026] [php:error] [pid 49934] [client 158.173.36.230:0] script '/domains/pauljbrock/install.php' not found or unable to stat
[Thu Feb 12 05:02:16.710488 2026] [php:error] [pid 49943] [client 158.173.36.68:0] script '/domains/brenties/gifclass.php' not found or unable to stat
[Thu Feb 12 05:02:16.750341 2026] [php:error] [pid 49916] [client 158.173.36.54:0] script '/domains/apunderkofler/mini.php' not found or unable to stat
[Thu Feb 12 05:02:16.792066 2026] [php:error] [pid 49962] [client 158.173.36.68:0] script '/domains/windsorweb/aa.php' not found or unable to stat
[Thu Feb 12 05:02:16.802507 2026] [php:error] [pid 49954] [client 158.173.36.161:0] script '/domains/deltaele/classwithtostring.php' not found or unable to stat
[Thu Feb 12 05:02:16.835169 2026] [php:error] [pid 49964] [client 158.173.36.240:0] script '/domains/system_cancel/chosen.php' not found or unable to stat
[Thu Feb 12 05:02:16.849926 2026] [php:error] [pid 49943] [client 158.173.36.68:0] script '/domains/brenties/plugin.php' not found or unable to stat
[Thu Feb 12 05:02:16.850340 2026] [php:error] [pid 49907] [client 158.173.36.49:0] script '/domains/antiqueweb1/goods.php' not found or unable to stat
[Thu Feb 12 05:02:16.851020 2026] [php:error] [pid 49882] [client 158.173.36.161:0] script '/domains/antiqueweb1/core.php' not found or unable to stat
[Thu Feb 12 05:02:16.853406 2026] [php:error] [pid 49944] [client 158.173.36.12:0] script '/domains/apunderkofler/repeater.php' not found or unable to stat
[Thu Feb 12 05:02:16.897882 2026] [php:error] [pid 49916] [client 158.173.36.54:0] script '/domains/apunderkofler/goods.php' not found or unable to stat
[Thu Feb 12 05:02:16.900247 2026] [php:error] [pid 49899] [client 158.173.36.57:0] script '/domains/machinadynamica/xl2023.php' not found or unable to stat
[Thu Feb 12 05:02:16.950610 2026] [php:error] [pid 49962] [client 158.173.36.68:0] script '/domains/windsorweb/index2.php' not found or unable to stat
[Thu Feb 12 05:02:16.974051 2026] [php:error] [pid 49955] [client 158.173.36.241:0] script '/domains/sjsachs/worm.PhP' not found or unable to stat
[Thu Feb 12 05:02:16.974073 2026] [php:error] [pid 49956] [client 158.173.36.164:0] script '/domains/dcoffman/mah.php' not found or unable to stat
[Thu Feb 12 05:02:16.974395 2026] [php:error] [pid 49964] [client 158.173.36.240:0] script '/domains/system_cancel/about.php' not found or unable to stat
[Thu Feb 12 05:02:16.984267 2026] [php:error] [pid 49952] [client 158.173.36.217:0] script '/domains/mschmid/file.php' not found or unable to stat
[Thu Feb 12 05:02:16.991646 2026] [php:error] [pid 49907] [client 158.173.36.49:0] script '/domains/antiqueweb1/file5.php' not found or unable to stat
[Thu Feb 12 05:02:16.999132 2026] [php:error] [pid 49933] [client 158.173.36.12:0] script '/domains/deltaele/web.php' not found or unable to stat
[Thu Feb 12 05:02:16.999370 2026] [php:error] [pid 49882] [client 158.173.36.161:0] script '/domains/antiqueweb1/robots.php' not found or unable to stat
[Thu Feb 12 05:02:17.014938 2026] [php:error] [pid 49934] [client 158.173.36.230:0] script '/domains/pauljbrock/images/class-config.php' not found or unable to stat
[Thu Feb 12 05:02:17.107915 2026] [php:error] [pid 49916] [client 158.173.36.54:0] script '/domains/apunderkofler/file5.php' not found or unable to stat
[Thu Feb 12 05:02:17.107934 2026] [php:error] [pid 49899] [client 158.173.36.57:0] script '/domains/machinadynamica/go.php' not found or unable to stat
[Thu Feb 12 05:02:17.125588 2026] [php:error] [pid 49955] [client 158.173.36.241:0] script '/domains/sjsachs/ext.php' not found or unable to stat
[Thu Feb 12 05:02:17.126107 2026] [php:error] [pid 49964] [client 158.173.36.240:0] script '/domains/system_cancel/admin.php' not found or unable to stat
[Thu Feb 12 05:02:17.127826 2026] [php:error] [pid 49953] [client 158.173.36.71:0] script '/domains/system_suspended/tinyfilemanager.php' not found or unable to stat
[Thu Feb 12 05:02:17.144946 2026] [php:error] [pid 49882] [client 158.173.36.161:0] script '/domains/antiqueweb1/inputs.php' not found or unable to stat
[Thu Feb 12 05:02:17.146728 2026] [php:error] [pid 49907] [client 158.173.36.49:0] script '/domains/antiqueweb1/ahax.php' not found or unable to stat
[Thu Feb 12 05:02:17.147684 2026] [php:error] [pid 49943] [client 158.173.36.68:0] script '/domains/brenties/update-core.php' not found or unable to stat
[Thu Feb 12 05:02:17.174764 2026] [php:error] [pid 49961] [client 158.173.36.217:0] script '/domains/cccweb/wp-links.php' not found or unable to stat
[Thu Feb 12 05:02:17.276891 2026] [php:error] [pid 49950] [client 158.158.72.119:0] script '/domains/smartny/h02ugyh.php' not found or unable to stat
[Thu Feb 12 05:02:17.290327 2026] [php:error] [pid 49929] [client 158.173.36.71:0] script '/domains/abtechsci/cgi-bin/install.php' not found or unable to stat
[Thu Feb 12 05:02:17.330086 2026] [php:error] [pid 49916] [client 158.173.36.54:0] script '/domains/apunderkofler/ahax.php' not found or unable to stat
[Thu Feb 12 05:02:17.339126 2026] [php:error] [pid 49946] [client 158.173.36.49:0] script '/domains/cccweb/xp.php' not found or unable to stat
[Thu Feb 12 05:02:17.339159 2026] [php:error] [pid 49882] [client 158.173.36.161:0] script '/domains/antiqueweb1/mini.php' not found or unable to stat
[Thu Feb 12 05:02:17.340157 2026] [php:error] [pid 49954] [client 158.173.36.161:0] script '/domains/deltaele/tinyfilemanager.php' not found or unable to stat
[Thu Feb 12 05:02:17.340543 2026] [php:error] [pid 49955] [client 158.173.36.241:0] script '/domains/sjsachs/delpaths.php' not found or unable to stat
[Thu Feb 12 05:02:17.341183 2026] [php:error] [pid 49956] [client 158.173.36.164:0] script '/domains/dcoffman/core.php' not found or unable to stat
[Thu Feb 12 05:02:17.341928 2026] [php:error] [pid 49918] [client 158.173.36.45:0] script '/domains/nostrada/images/upload.php' not found or unable to stat
[Thu Feb 12 05:02:17.344472 2026] [php:error] [pid 49944] [client 158.173.36.12:0] script '/domains/apunderkofler/contacts.php' not found or unable to stat
[Thu Feb 12 05:02:17.344770 2026] [php:error] [pid 49907] [client 158.173.36.49:0] script '/domains/antiqueweb1/f35.php' not found or unable to stat
[Thu Feb 12 05:02:17.447286 2026] [php:error] [pid 49908] [client 158.173.36.49:0] script '/domains/conceptlabs1/manager.php' not found or unable to stat
[Thu Feb 12 05:02:17.477173 2026] [php:error] [pid 49882] [client 158.173.36.161:0] script '/domains/antiqueweb1/goods.php' not found or unable to stat
[Thu Feb 12 05:02:17.478130 2026] [php:error] [pid 49916] [client 158.173.36.54:0] script '/domains/apunderkofler/f35.php' not found or unable to stat
[Thu Feb 12 05:02:17.483583 2026] [php:error] [pid 49923] [client 158.173.36.241:0] script '/domains/nostrada/images/upload.php' not found or unable to stat
[Thu Feb 12 05:02:17.484040 2026] [php:error] [pid 49956] [client 158.173.36.164:0] script '/domains/dcoffman/robots.php' not found or unable to stat
[Thu Feb 12 05:02:17.484065 2026] [php:error] [pid 49907] [client 158.173.36.49:0] script '/domains/antiqueweb1/simple.php' not found or unable to stat
[Thu Feb 12 05:02:17.485138 2026] [php:error] [pid 49943] [client 158.173.36.68:0] script '/domains/brenties/wp-mail.php' not found or unable to stat
[Thu Feb 12 05:02:17.485616 2026] [php:error] [pid 49952] [client 158.173.36.217:0] script '/domains/mschmid/buy.php' not found or unable to stat
[Thu Feb 12 05:02:17.486272 2026] [php:error] [pid 49964] [client 158.173.36.240:0] script '/domains/system_cancel/mah.php' not found or unable to stat
[Thu Feb 12 05:02:17.495039 2026] [php:error] [pid 49922] [client 158.173.36.164:0] script '/domains/fayemoran/aa.php' not found or unable to stat
[Thu Feb 12 05:02:17.495158 2026] [php:error] [pid 49944] [client 158.173.36.12:0] script '/domains/apunderkofler/wsa.php' not found or unable to stat
[Thu Feb 12 05:02:17.496545 2026] [php:error] [pid 49934] [client 158.173.36.230:0] script '/domains/pauljbrock/bypass.php' not found or unable to stat
[Thu Feb 12 05:02:17.538804 2026] [php:error] [pid 49958] [client 158.173.36.4:0] script '/domains/ceonlinenews/manager.php' not found or unable to stat
[Thu Feb 12 05:02:17.817215 2026] [php:error] [pid 49947] [client 158.173.36.71:0] script '/domains/rnachum/inc.php' not found or unable to stat
[Thu Feb 12 05:02:17.817932 2026] [php:error] [pid 49953] [client 158.173.36.71:0] script '/domains/system_suspended/file.php' not found or unable to stat
[Thu Feb 12 05:02:17.819077 2026] [php:error] [pid 49916] [client 158.173.36.54:0] script '/domains/apunderkofler/simple.php' not found or unable to stat
[Thu Feb 12 05:02:17.822875 2026] [php:error] [pid 49934] [client 158.173.36.230:0] script '/domains/pauljbrock/class.php' not found or unable to stat
[Thu Feb 12 05:02:17.823078 2026] [php:error] [pid 49922] [client 158.173.36.164:0] script '/domains/fayemoran/index2.php' not found or unable to stat
[Thu Feb 12 05:02:17.823851 2026] [php:error] [pid 49960] [client 158.173.36.160:0] script '/domains/fifibear/adminfuns.php' not found or unable to stat
[Thu Feb 12 05:02:17.823893 2026] [php:error] [pid 49929] [client 158.173.36.71:0] script '/domains/abtechsci/class.api.php' not found or unable to stat
[Thu Feb 12 05:02:17.827940 2026] [php:error] [pid 49882] [client 158.173.36.161:0] script '/domains/antiqueweb1/file5.php' not found or unable to stat
[Thu Feb 12 05:02:17.827985 2026] [php:error] [pid 49938] [client 158.173.36.230:0] script '/domains/brenties/byp.php' not found or unable to stat
[Thu Feb 12 05:02:17.828459 2026] [php:error] [pid 49908] [client 158.173.36.49:0] script '/domains/conceptlabs1/bless.php' not found or unable to stat
[Thu Feb 12 05:02:17.829437 2026] [php:error] [pid 49956] [client 158.173.36.164:0] script '/domains/dcoffman/inputs.php' not found or unable to stat
[Thu Feb 12 05:02:17.830613 2026] [php:error] [pid 49958] [client 158.173.36.4:0] script '/domains/ceonlinenews/bless.php' not found or unable to stat
[Thu Feb 12 05:02:17.935851 2026] [php:error] [pid 49884] [client 51.120.78.0:0] script '/domains/byardrealestate/fff.php' not found or unable to stat
[Thu Feb 12 05:02:18.027956 2026] [php:error] [pid 49966] [client 158.173.36.210:0] script '/domains/egmaweb/manager.php' not found or unable to stat
[Thu Feb 12 05:02:18.033212 2026] [php:error] [pid 49946] [client 158.173.36.49:0] script '/domains/cccweb/wp-links.php' not found or unable to stat
[Thu Feb 12 05:02:18.036269 2026] [php:error] [pid 49964] [client 158.173.36.240:0] script '/domains/system_cancel/core.php' not found or unable to stat
[Thu Feb 12 05:02:18.205124 2026] [php:error] [pid 49908] [client 158.173.36.49:0] script '/domains/conceptlabs1/O-Simple.php' not found or unable to stat
[Thu Feb 12 05:02:18.224833 2026] [php:error] [pid 49966] [client 158.173.36.210:0] script '/domains/egmaweb/bless.php' not found or unable to stat
[Thu Feb 12 05:02:18.228562 2026] [php:error] [pid 49933] [client 158.173.36.12:0] script '/domains/deltaele/wp-trackback.php' not found or unable to stat
[Thu Feb 12 05:02:18.230469 2026] [php:error] [pid 49947] [client 158.173.36.71:0] script '/domains/rnachum/filemanager.php' not found or unable to stat
[Thu Feb 12 05:02:18.231410 2026] [php:error] [pid 49964] [client 158.173.36.240:0] script '/domains/system_cancel/robots.php' not found or unable to stat
[Thu Feb 12 05:02:18.245114 2026] [php:error] [pid 49958] [client 158.173.36.4:0] script '/domains/ceonlinenews/O-Simple.php' not found or unable to stat
[Thu Feb 12 05:02:18.314534 2026] [php:error] [pid 49882] [client 158.173.36.161:0] script '/domains/antiqueweb1/ahax.php' not found or unable to stat
[Thu Feb 12 05:02:18.314846 2026] [php:error] [pid 49956] [client 158.173.36.164:0] script '/domains/dcoffman/mini.php' not found or unable to stat
[Thu Feb 12 05:02:18.429446 2026] [php:error] [pid 49966] [client 158.173.36.210:0] script '/domains/egmaweb/O-Simple.php' not found or unable to stat
[Thu Feb 12 05:02:18.430447 2026] [php:error] [pid 49908] [client 158.173.36.49:0] script '/domains/conceptlabs1/lock360.php' not found or unable to stat
[Thu Feb 12 05:02:18.432971 2026] [php:error] [pid 49953] [client 158.173.36.71:0] script '/domains/system_suspended/buy.php' not found or unable to stat
[Thu Feb 12 05:02:18.439605 2026] [php:error] [pid 49964] [client 158.173.36.240:0] script '/domains/system_cancel/inputs.php' not found or unable to stat
[Thu Feb 12 05:02:18.485395 2026] [php:error] [pid 49929] [client 158.173.36.71:0] script '/domains/abtechsci/system_log.php' not found or unable to stat
[Thu Feb 12 05:02:18.485807 2026] [php:error] [pid 49958] [client 158.173.36.4:0] script '/domains/ceonlinenews/lock360.php' not found or unable to stat
[Thu Feb 12 05:02:18.485971 2026] [php:error] [pid 49960] [client 158.173.36.160:0] script '/domains/fifibear/wp_wlx.php' not found or unable to stat
[Thu Feb 12 05:02:18.488947 2026] [php:error] [pid 49882] [client 158.173.36.161:0] script '/domains/antiqueweb1/f35.php' not found or unable to stat
[Thu Feb 12 05:02:18.489543 2026] [php:error] [pid 49956] [client 158.173.36.164:0] script '/domains/dcoffman/goods.php' not found or unable to stat
