[Thu Feb 12 05:02:25.865698 2026] [php:error] [pid 49953] [client 158.173.36.71:0] script '/domains/system_suspended/new.php' not found or unable to stat
[Thu Feb 12 05:02:25.870439 2026] [php:error] [pid 49918] [client 158.173.36.45:0] script '/domains/nostrada/cgi-bin/bypass.php' not found or unable to stat
[Thu Feb 12 05:02:25.872390 2026] [php:error] [pid 49899] [client 158.173.36.49:0] script '/domains/fryer/core.php' not found or unable to stat
[Thu Feb 12 05:02:25.876136 2026] [php:error] [pid 49965] [client 158.173.36.49:0] script '/domains/gk3c/about.php' not found or unable to stat
[Thu Feb 12 05:02:25.876233 2026] [php:error] [pid 49967] [client 158.173.36.71:0] script '/domains/brenties/wsa.php' not found or unable to stat
[Thu Feb 12 05:02:25.883828 2026] [php:error] [pid 49955] [client 158.173.36.240:0] script '/domains/familyplayhouse2/inputs.php' not found or unable to stat
[Thu Feb 12 05:02:26.070044 2026] [php:error] [pid 49955] [client 158.173.36.240:0] script '/domains/familyplayhouse2/mini.php' not found or unable to stat
[Thu Feb 12 05:02:26.070058 2026] [php:error] [pid 49925] [client 158.173.36.230:0] script '/domains/msintl/function.php' not found or unable to stat
[Thu Feb 12 05:02:26.070274 2026] [php:error] [pid 49971] [client 158.173.36.31:0] script '/domains/apunderkofler/theme.php' not found or unable to stat
[Thu Feb 12 05:02:26.070788 2026] [php:error] [pid 49965] [client 158.173.36.49:0] script '/domains/gk3c/admin.php' not found or unable to stat
[Thu Feb 12 05:02:26.070846 2026] [php:error] [pid 49963] [client 158.173.36.85:0] script '/domains/machinadynamica/byp.php' not found or unable to stat
[Thu Feb 12 05:02:26.071654 2026] [php:error] [pid 49899] [client 158.173.36.49:0] script '/domains/fryer/robots.php' not found or unable to stat
[Thu Feb 12 05:02:26.071672 2026] [php:error] [pid 49960] [client 158.173.36.160:0] script '/domains/fifibear/wp-trackback.php' not found or unable to stat
[Thu Feb 12 05:02:26.074425 2026] [php:error] [pid 49969] [client 158.173.36.57:0] script '/domains/davidbacker/images/upload.php' not found or unable to stat
[Thu Feb 12 05:02:26.076125 2026] [php:error] [pid 49952] [client 158.173.36.217:0] script '/domains/mschmid/natural.php' not found or unable to stat
[Thu Feb 12 05:02:26.076138 2026] [php:error] [pid 49972] [client 158.173.36.164:0] script '/domains/icrse/mah.php' not found or unable to stat
[Thu Feb 12 05:02:26.076568 2026] [php:error] [pid 49968] [client 158.173.36.4:0] script '/domains/sjsachs/l.php' not found or unable to stat
[Thu Feb 12 05:02:26.209550 2026] [php:error] [pid 49956] [client 158.173.36.164:0] script '/domains/dcoffman/buy.php' not found or unable to stat
[Thu Feb 12 05:02:26.209993 2026] [php:error] [pid 49955] [client 158.173.36.240:0] script '/domains/familyplayhouse2/goods.php' not found or unable to stat
[Thu Feb 12 05:02:26.240436 2026] [php:error] [pid 49899] [client 158.173.36.49:0] script '/domains/fryer/inputs.php' not found or unable to stat
[Thu Feb 12 05:02:26.241329 2026] [php:error] [pid 49952] [client 158.173.36.217:0] script '/domains/mschmid/item.php' not found or unable to stat
[Thu Feb 12 05:02:26.244293 2026] [php:error] [pid 49908] [client 158.173.36.49:0] script '/domains/conceptlabs1/classwithtostring.php' not found or unable to stat
[Thu Feb 12 05:02:26.244381 2026] [php:error] [pid 49958] [client 158.173.36.4:0] script '/domains/ceonlinenews/classwithtostring.php' not found or unable to stat
[Thu Feb 12 05:02:26.244438 2026] [php:error] [pid 49968] [client 158.173.36.4:0] script '/domains/sjsachs/repeater.php' not found or unable to stat
[Thu Feb 12 05:02:26.475785 2026] [php:error] [pid 49925] [client 158.173.36.230:0] script '/domains/msintl/wp-signup.php' not found or unable to stat
[Thu Feb 12 05:02:26.493748 2026] [php:error] [pid 49951] [client 158.173.36.68:0] script '/domains/rfisher.dnai/as.php' not found or unable to stat
[Thu Feb 12 05:02:26.493780 2026] [php:error] [pid 49972] [client 158.173.36.164:0] script '/domains/icrse/core.php' not found or unable to stat
[Thu Feb 12 05:02:26.613080 2026] [php:error] [pid 49960] [client 158.173.36.160:0] script '/domains/fifibear/radio.php' not found or unable to stat
[Thu Feb 12 05:02:26.692102 2026] [php:error] [pid 49951] [client 158.173.36.68:0] script '/domains/rfisher.dnai/cc.php' not found or unable to stat
[Thu Feb 12 05:02:26.692402 2026] [php:error] [pid 49972] [client 158.173.36.164:0] script '/domains/icrse/robots.php' not found or unable to stat
[Thu Feb 12 05:02:26.692921 2026] [php:error] [pid 49929] [client 158.173.36.71:0] script '/domains/abtechsci/fm.php' not found or unable to stat
[Thu Feb 12 05:02:26.714522 2026] [php:error] [pid 49955] [client 158.173.36.240:0] script '/domains/familyplayhouse2/file5.php' not found or unable to stat
[Thu Feb 12 05:02:26.746138 2026] [php:error] [pid 49899] [client 158.173.36.49:0] script '/domains/fryer/mini.php' not found or unable to stat
[Thu Feb 12 05:02:26.747097 2026] [php:error] [pid 49965] [client 158.173.36.49:0] script '/domains/gk3c/mah.php' not found or unable to stat
[Thu Feb 12 05:02:26.779572 2026] [php:error] [pid 49944] [client 158.173.36.217:0] script '/domains/rfisher.dnai/class.api.php' not found or unable to stat
[Thu Feb 12 05:02:26.892777 2026] [php:error] [pid 49966] [client 158.173.36.210:0] script '/domains/egmaweb/classwithtostring.php' not found or unable to stat
[Thu Feb 12 05:02:26.894191 2026] [php:error] [pid 49922] [client 158.173.36.45:0] script '/domains/windsorweb/tox.php' not found or unable to stat
[Thu Feb 12 05:02:26.970806 2026] [php:error] [pid 49971] [client 158.173.36.31:0] script '/domains/apunderkofler/Simple.php' not found or unable to stat
[Thu Feb 12 05:02:26.970938 2026] [php:error] [pid 49958] [client 158.173.36.4:0] script '/domains/ceonlinenews/tinyfilemanager.php' not found or unable to stat
[Thu Feb 12 05:02:26.972219 2026] [php:error] [pid 49972] [client 158.173.36.164:0] script '/domains/icrse/inputs.php' not found or unable to stat
[Thu Feb 12 05:02:26.972935 2026] [php:error] [pid 49923] [client 158.173.36.241:0] script '/domains/nostrada/function.php' not found or unable to stat
[Thu Feb 12 05:02:26.975555 2026] [php:error] [pid 49955] [client 158.173.36.240:0] script '/domains/familyplayhouse2/ahax.php' not found or unable to stat
[Thu Feb 12 05:02:26.978975 2026] [php:error] [pid 49899] [client 158.173.36.49:0] script '/domains/fryer/goods.php' not found or unable to stat
[Thu Feb 12 05:02:26.983708 2026] [php:error] [pid 49954] [client 158.173.36.161:0] script '/domains/deltaele/natural.php' not found or unable to stat
[Thu Feb 12 05:02:26.984404 2026] [php:error] [pid 49967] [client 158.173.36.71:0] script '/domains/brenties/lv.php' not found or unable to stat
[Thu Feb 12 05:02:27.041353 2026] [php:error] [pid 49943] [client 158.173.36.240:0] script '/domains/rnachum/dropdown.php' not found or unable to stat
[Thu Feb 12 05:02:27.042297 2026] [php:error] [pid 49968] [client 158.173.36.4:0] script '/domains/sjsachs/contacts.php' not found or unable to stat
[Thu Feb 12 05:02:27.042906 2026] [php:error] [pid 49925] [client 158.173.36.230:0] script '/domains/msintl/wp-blog.php' not found or unable to stat
[Thu Feb 12 05:02:27.189624 2026] [php:error] [pid 49918] [client 158.173.36.45:0] script '/domains/nostrada/function.php' not found or unable to stat
[Thu Feb 12 05:02:27.190265 2026] [php:error] [pid 49955] [client 158.173.36.240:0] script '/domains/familyplayhouse2/f35.php' not found or unable to stat
[Thu Feb 12 05:02:27.191348 2026] [php:error] [pid 49954] [client 158.173.36.161:0] script '/domains/deltaele/item.php' not found or unable to stat
[Thu Feb 12 05:02:27.192020 2026] [php:error] [pid 49951] [client 158.173.36.68:0] script '/domains/rfisher.dnai/ab.php' not found or unable to stat
[Thu Feb 12 05:02:27.192840 2026] [php:error] [pid 49972] [client 158.173.36.164:0] script '/domains/icrse/mini.php' not found or unable to stat
[Thu Feb 12 05:02:27.245249 2026] [php:error] [pid 49899] [client 158.173.36.49:0] script '/domains/fryer/file5.php' not found or unable to stat
[Thu Feb 12 05:02:27.245883 2026] [php:error] [pid 49965] [client 158.173.36.49:0] script '/domains/gk3c/core.php' not found or unable to stat
[Thu Feb 12 05:02:27.247293 2026] [php:error] [pid 49907] [client 158.173.36.49:0] script '/domains/antiqueweb1/inc.php' not found or unable to stat
[Thu Feb 12 05:02:27.247999 2026] [php:error] [pid 49968] [client 158.173.36.4:0] script '/domains/sjsachs/wsa.php' not found or unable to stat
[Thu Feb 12 05:02:27.248834 2026] [php:error] [pid 49927] [client 158.173.36.57:0] script '/domains/deltaele/edit.php' not found or unable to stat
[Thu Feb 12 05:02:27.249536 2026] [php:error] [pid 49953] [client 158.173.36.71:0] script '/domains/system_suspended/natural.php' not found or unable to stat
[Thu Feb 12 05:02:27.250198 2026] [php:error] [pid 49908] [client 158.173.36.49:0] script '/domains/conceptlabs1/tinyfilemanager.php' not found or unable to stat
[Thu Feb 12 05:02:27.332412 2026] [php:error] [pid 49938] [client 158.173.36.230:0] script '/domains/brenties/fm.php' not found or unable to stat
[Thu Feb 12 05:02:27.332864 2026] [php:error] [pid 49955] [client 158.173.36.240:0] script '/domains/familyplayhouse2/simple.php' not found or unable to stat
[Thu Feb 12 05:02:27.336677 2026] [php:error] [pid 49882] [client 158.173.36.161:0] script '/domains/antiqueweb1/inc.php' not found or unable to stat
[Thu Feb 12 05:02:27.337307 2026] [php:error] [pid 49923] [client 158.173.36.241:0] script '/domains/nostrada/wp-signup.php' not found or unable to stat
[Thu Feb 12 05:02:27.389807 2026] [php:error] [pid 49972] [client 158.173.36.164:0] script '/domains/icrse/goods.php' not found or unable to stat
[Thu Feb 12 05:02:27.392402 2026] [php:error] [pid 49943] [client 158.173.36.240:0] script '/domains/rnachum/db.php' not found or unable to stat
[Thu Feb 12 05:02:27.392992 2026] [php:error] [pid 49966] [client 158.173.36.210:0] script '/domains/egmaweb/tinyfilemanager.php' not found or unable to stat
[Thu Feb 12 05:02:27.394770 2026] [php:error] [pid 49934] [client 158.173.36.230:0] script '/domains/pauljbrock/images/class.php' not found or unable to stat
[Thu Feb 12 05:02:27.394905 2026] [php:error] [pid 49899] [client 158.173.36.49:0] script '/domains/fryer/ahax.php' not found or unable to stat
[Thu Feb 12 05:02:27.394908 2026] [php:error] [pid 49960] [client 158.173.36.160:0] script '/domains/fifibear/wp-conflg.php' not found or unable to stat
[Thu Feb 12 05:02:27.396064 2026] [php:error] [pid 49965] [client 158.173.36.49:0] script '/domains/gk3c/robots.php' not found or unable to stat
[Thu Feb 12 05:02:27.399538 2026] [php:error] [pid 49953] [client 158.173.36.71:0] script '/domains/system_suspended/item.php' not found or unable to stat
[Thu Feb 12 05:02:27.435761 2026] [php:error] [pid 49944] [client 158.173.36.217:0] script '/domains/rfisher.dnai/system_log.php' not found or unable to stat
[Thu Feb 12 05:02:27.437364 2026] [php:error] [pid 49908] [client 158.173.36.49:0] script '/domains/conceptlabs1/js/bas.php' not found or unable to stat
[Thu Feb 12 05:02:27.566609 2026] [php:error] [pid 49946] [client 158.173.36.227:0] script '/domains/fayemoran/tox.php' not found or unable to stat
[Thu Feb 12 05:02:27.568498 2026] [php:error] [pid 49907] [client 158.173.36.49:0] script '/domains/antiqueweb1/filemanager.php' not found or unable to stat
[Thu Feb 12 05:02:27.571126 2026] [php:error] [pid 49918] [client 158.173.36.45:0] script '/domains/nostrada/wp-signup.php' not found or unable to stat
[Thu Feb 12 05:02:27.571474 2026] [php:error] [pid 49965] [client 158.173.36.49:0] script '/domains/gk3c/inputs.php' not found or unable to stat
[Thu Feb 12 05:02:27.571802 2026] [php:error] [pid 49958] [client 158.173.36.4:0] script '/domains/ceonlinenews/file.php' not found or unable to stat
[Thu Feb 12 05:02:27.572589 2026] [php:error] [pid 49929] [client 158.173.36.71:0] script '/domains/abtechsci/ini.php' not found or unable to stat
[Thu Feb 12 05:02:27.573130 2026] [php:error] [pid 49972] [client 158.173.36.164:0] script '/domains/icrse/file5.php' not found or unable to stat
[Thu Feb 12 05:02:27.574305 2026] [php:error] [pid 49922] [client 158.173.36.45:0] script '/domains/windsorweb/tiny.php' not found or unable to stat
[Thu Feb 12 05:02:27.576383 2026] [php:error] [pid 49960] [client 158.173.36.160:0] script '/domains/fifibear/wp-setup.php' not found or unable to stat
[Thu Feb 12 05:02:27.576754 2026] [php:error] [pid 49899] [client 158.173.36.49:0] script '/domains/fryer/f35.php' not found or unable to stat
[Thu Feb 12 05:02:27.629427 2026] [php:error] [pid 49944] [client 158.173.36.217:0] script '/domains/rfisher.dnai/.alf.php' not found or unable to stat
[Thu Feb 12 05:02:27.772530 2026] [php:error] [pid 49963] [client 158.173.36.85:0] script '/domains/machinadynamica/class.api.php' not found or unable to stat
[Thu Feb 12 05:02:27.773379 2026] [php:error] [pid 49925] [client 158.173.36.230:0] script '/domains/msintl/wp-l0gin.php' not found or unable to stat
[Thu Feb 12 05:02:27.773536 2026] [php:error] [pid 49965] [client 158.173.36.49:0] script '/domains/gk3c/mini.php' not found or unable to stat
[Thu Feb 12 05:02:27.775547 2026] [php:error] [pid 49951] [client 158.173.36.68:0] script '/domains/rfisher.dnai/doc.php' not found or unable to stat
[Thu Feb 12 05:02:27.780694 2026] [php:error] [pid 49960] [client 158.173.36.160:0] script '/domains/fifibear/ms-themes.php' not found or unable to stat
[Thu Feb 12 05:02:27.801843 2026] [php:error] [pid 49944] [client 158.173.36.217:0] script '/domains/rfisher.dnai/wso.php' not found or unable to stat
[Thu Feb 12 05:02:27.823705 2026] [php:error] [pid 49908] [client 158.173.36.49:0] script '/domains/conceptlabs1/file.php' not found or unable to stat
[Thu Feb 12 05:02:27.942594 2026] [php:error] [pid 49934] [client 158.173.36.230:0] script '/domains/pauljbrock/web.php' not found or unable to stat
[Thu Feb 12 05:02:27.976296 2026] [php:error] [pid 49965] [client 158.173.36.49:0] script '/domains/gk3c/goods.php' not found or unable to stat
[Thu Feb 12 05:02:27.978005 2026] [php:error] [pid 49966] [client 158.173.36.210:0] script '/domains/egmaweb/file.php' not found or unable to stat
[Thu Feb 12 05:02:27.978349 2026] [php:error] [pid 49922] [client 158.173.36.45:0] script '/domains/windsorweb/themes.php' not found or unable to stat
[Thu Feb 12 05:02:27.985706 2026] [php:error] [pid 49961] [client 158.173.36.29:0] script '/domains/homesbyaudrey1/default.php' not found or unable to stat
[Thu Feb 12 05:02:27.988933 2026] [php:error] [pid 49927] [client 158.173.36.57:0] script '/domains/deltaele/wp-links-opml.php' not found or unable to stat
[Thu Feb 12 05:02:28.036361 2026] [php:error] [pid 49882] [client 158.173.36.161:0] script '/domains/antiqueweb1/filemanager.php' not found or unable to stat
[Thu Feb 12 05:02:28.037367 2026] [php:error] [pid 49916] [client 158.173.36.54:0] script '/domains/apunderkofler/inc.php' not found or unable to stat
[Thu Feb 12 05:02:28.037511 2026] [php:error] [pid 49972] [client 158.173.36.164:0] script '/domains/icrse/ahax.php' not found or unable to stat
[Thu Feb 12 05:02:28.037918 2026] [php:error] [pid 49899] [client 158.173.36.49:0] script '/domains/fryer/simple.php' not found or unable to stat
[Thu Feb 12 05:02:28.123561 2026] [php:error] [pid 49925] [client 158.173.36.230:0] script '/domains/msintl/new.php' not found or unable to stat
[Thu Feb 12 05:02:28.139185 2026] [php:error] [pid 49918] [client 158.173.36.45:0] script '/domains/nostrada/wp-blog.php' not found or unable to stat
[Thu Feb 12 05:02:28.139220 2026] [php:error] [pid 49965] [client 158.173.36.49:0] script '/domains/gk3c/file5.php' not found or unable to stat
[Thu Feb 12 05:02:28.140598 2026] [php:error] [pid 49922] [client 158.173.36.45:0] script '/domains/windsorweb/wp-themes.php' not found or unable to stat
[Thu Feb 12 05:02:28.140781 2026] [php:error] [pid 49968] [client 158.173.36.4:0] script '/domains/sjsachs/lv.php' not found or unable to stat
[Thu Feb 12 05:02:28.177334 2026] [php:error] [pid 49960] [client 158.173.36.160:0] script '/domains/fifibear/style.php' not found or unable to stat
[Thu Feb 12 05:02:28.209057 2026] [php:error] [pid 49971] [client 158.173.36.85:0] script '/domains/homesbyaudrey1/default.php' not found or unable to stat
[Thu Feb 12 05:02:28.230237 2026] [php:error] [pid 49944] [client 158.173.36.217:0] script '/domains/rfisher.dnai/flower.php' not found or unable to stat
[Thu Feb 12 05:02:28.231441 2026] [php:error] [pid 49907] [client 158.173.36.49:0] script '/domains/antiqueweb1/cgi-bin/bypass.php' not found or unable to stat
[Thu Feb 12 05:02:28.254242 2026] [php:error] [pid 49972] [client 158.173.36.164:0] script '/domains/icrse/f35.php' not found or unable to stat
[Thu Feb 12 05:02:28.255941 2026] [php:error] [pid 49882] [client 158.173.36.161:0] script '/domains/antiqueweb1/cgi-bin/bypass.php' not found or unable to stat
[Thu Feb 12 05:02:28.256283 2026] [php:error] [pid 49923] [client 158.173.36.241:0] script '/domains/nostrada/wp-blog.php' not found or unable to stat
[Thu Feb 12 05:02:28.301675 2026] [php:error] [pid 49934] [client 158.173.36.230:0] script '/domains/pauljbrock/images/index.php' not found or unable to stat
[Thu Feb 12 05:02:28.364192 2026] [php:error] [pid 49951] [client 158.173.36.68:0] script '/domains/rfisher.dnai/wp-login.php' not found or unable to stat
[Thu Feb 12 05:02:28.364598 2026] [php:error] [pid 49938] [client 158.173.36.230:0] script '/domains/brenties/ini.php' not found or unable to stat
[Thu Feb 12 05:02:28.366659 2026] [php:error] [pid 49963] [client 158.173.36.85:0] script '/domains/machinadynamica/system_log.php' not found or unable to stat
[Thu Feb 12 05:02:28.368357 2026] [php:error] [pid 49968] [client 158.173.36.4:0] script '/domains/sjsachs/images/js1.php' not found or unable to stat
[Thu Feb 12 05:02:28.369007 2026] [php:error] [pid 49965] [client 158.173.36.49:0] script '/domains/gk3c/ahax.php' not found or unable to stat
[Thu Feb 12 05:02:28.370621 2026] [php:error] [pid 49927] [client 158.173.36.57:0] script '/domains/deltaele/atomlib.php' not found or unable to stat
[Thu Feb 12 05:02:28.411755 2026] [php:error] [pid 49916] [client 158.173.36.54:0] script '/domains/apunderkofler/filemanager.php' not found or unable to stat
[Thu Feb 12 05:02:28.412240 2026] [php:error] [pid 49908] [client 158.173.36.49:0] script '/domains/conceptlabs1/buy.php' not found or unable to stat
[Thu Feb 12 05:02:28.412489 2026] [php:error] [pid 49972] [client 158.173.36.164:0] script '/domains/icrse/simple.php' not found or unable to stat
[Thu Feb 12 05:02:28.412994 2026] [php:error] [pid 49958] [client 158.173.36.4:0] script '/domains/ceonlinenews/buy.php' not found or unable to stat
[Thu Feb 12 05:02:28.503257 2026] [php:error] [pid 49946] [client 158.173.36.227:0] script '/domains/fayemoran/tiny.php' not found or unable to stat
[Thu Feb 12 05:02:28.503394 2026] [php:error] [pid 49963] [client 158.173.36.85:0] script '/domains/machinadynamica/.alf.php' not found or unable to stat
[Thu Feb 12 05:02:28.511857 2026] [php:error] [pid 49966] [client 158.173.36.210:0] script '/domains/egmaweb/buy.php' not found or unable to stat
[Thu Feb 12 05:02:28.516422 2026] [php:error] [pid 49951] [client 158.173.36.68:0] script '/domains/rfisher.dnai/mar.php' not found or unable to stat
[Thu Feb 12 05:02:28.517264 2026] [php:error] [pid 49965] [client 158.173.36.49:0] script '/domains/gk3c/f35.php' not found or unable to stat
[Thu Feb 12 05:02:28.602819 2026] [php:error] [pid 49925] [client 158.173.36.230:0] script '/domains/msintl/images/DJP9.php' not found or unable to stat
[Thu Feb 12 05:02:28.613952 2026] [php:error] [pid 49933] [client 158.173.36.57:0] script '/domains/apunderkofler/images/waf_defender.php' not found or unable to stat
[Thu Feb 12 05:02:28.645220 2026] [php:error] [pid 49963] [client 158.173.36.85:0] script '/domains/machinadynamica/wso.php' not found or unable to stat
[Thu Feb 12 05:02:28.660051 2026] [php:error] [pid 49922] [client 158.173.36.45:0] script '/domains/windsorweb/mariju.php' not found or unable to stat
[Thu Feb 12 05:02:28.702174 2026] [php:error] [pid 49965] [client 158.173.36.49:0] script '/domains/gk3c/simple.php' not found or unable to stat
[Thu Feb 12 05:02:28.725071 2026] [php:error] [pid 49960] [client 158.173.36.160:0] script '/domains/fifibear/x.php' not found or unable to stat
[Thu Feb 12 05:02:28.828163 2026] [php:error] [pid 49946] [client 158.173.36.227:0] script '/domains/fayemoran/themes.php' not found or unable to stat
[Thu Feb 12 05:02:28.835729 2026] [php:error] [pid 49922] [client 158.173.36.45:0] script '/domains/windsorweb/waf_defender.php' not found or unable to stat
[Thu Feb 12 05:02:28.836115 2026] [php:error] [pid 49969] [client 158.173.36.57:0] script '/domains/davidbacker/classwithtostring.php' not found or unable to stat
[Thu Feb 12 05:02:28.900062 2026] [php:error] [pid 49918] [client 158.173.36.45:0] script '/domains/nostrada/wp-l0gin.php' not found or unable to stat
[Thu Feb 12 05:02:28.922246 2026] [php:error] [pid 49923] [client 158.173.36.241:0] script '/domains/nostrada/wp-l0gin.php' not found or unable to stat
[Thu Feb 12 05:02:28.935285 2026] [php:error] [pid 49949] [client 158.173.36.169:0] script '/domains/mschmid/default.php' not found or unable to stat
[Thu Feb 12 05:02:28.991649 2026] [php:error] [pid 49950] [client 158.158.72.119:0] script '/domains/smartny/bolt.php' not found or unable to stat
[Thu Feb 12 05:02:28.999436 2026] [php:error] [pid 49963] [client 158.173.36.85:0] script '/domains/machinadynamica/flower.php' not found or unable to stat
[Thu Feb 12 05:02:29.001124 2026] [php:error] [pid 49933] [client 158.173.36.57:0] script '/domains/apunderkofler/small.php' not found or unable to stat
[Thu Feb 12 05:02:29.001817 2026] [php:error] [pid 49934] [client 158.173.36.230:0] script '/domains/pauljbrock/wp-trackback.php' not found or unable to stat
[Thu Feb 12 05:02:29.001830 2026] [php:error] [pid 49956] [client 158.173.36.164:0] script '/domains/dcoffman/inc.php' not found or unable to stat
[Thu Feb 12 05:02:29.001878 2026] [php:error] [pid 49961] [client 158.173.36.29:0] script '/domains/homesbyaudrey1/dropdown.php' not found or unable to stat
[Thu Feb 12 05:02:29.002861 2026] [php:error] [pid 49944] [client 158.173.36.217:0] script '/domains/rfisher.dnai/ioxi-o.php' not found or unable to stat
[Thu Feb 12 05:02:29.005163 2026] [php:error] [pid 49946] [client 158.173.36.227:0] script '/domains/fayemoran/wp-themes.php' not found or unable to stat
[Thu Feb 12 05:02:29.010234 2026] [php:error] [pid 49955] [client 158.173.36.240:0] script '/domains/familyplayhouse2/images/upload.php' not found or unable to stat
[Thu Feb 12 05:02:29.032465 2026] [php:error] [pid 49951] [client 158.173.36.68:0] script '/domains/rfisher.dnai/1.php' not found or unable to stat
[Thu Feb 12 05:02:29.045280 2026] [php:error] [pid 49907] [client 158.173.36.49:0] script '/domains/antiqueweb1/function.php' not found or unable to stat
[Thu Feb 12 05:02:29.087605 2026] [php:error] [pid 49882] [client 158.173.36.161:0] script '/domains/antiqueweb1/function.php' not found or unable to stat
[Thu Feb 12 05:02:29.158059 2026] [php:error] [pid 49925] [client 158.173.36.230:0] script '/domains/msintl/natural.php' not found or unable to stat
[Thu Feb 12 05:02:29.158832 2026] [php:error] [pid 49922] [client 158.173.36.45:0] script '/domains/windsorweb/av.php' not found or unable to stat
[Thu Feb 12 05:02:29.163803 2026] [php:error] [pid 49927] [client 158.173.36.57:0] script '/domains/deltaele/xp.php' not found or unable to stat
[Thu Feb 12 05:02:29.172794 2026] [php:error] [pid 49944] [client 158.173.36.217:0] script '/domains/rfisher.dnai/info.php' not found or unable to stat
[Thu Feb 12 05:02:29.235891 2026] [php:error] [pid 49918] [client 158.173.36.45:0] script '/domains/nostrada/new.php' not found or unable to stat
[Thu Feb 12 05:02:29.376735 2026] [php:error] [pid 49925] [client 158.173.36.230:0] script '/domains/msintl/item.php' not found or unable to stat
[Thu Feb 12 05:02:29.376733 2026] [php:error] [pid 49969] [client 158.173.36.57:0] script '/domains/davidbacker/tinyfilemanager.php' not found or unable to stat
[Thu Feb 12 05:02:29.377979 2026] [php:error] [pid 49961] [client 158.173.36.29:0] script '/domains/homesbyaudrey1/db.php' not found or unable to stat
[Thu Feb 12 05:02:29.382119 2026] [php:error] [pid 49934] [client 158.173.36.230:0] script '/domains/pauljbrock/radio.php' not found or unable to stat
[Thu Feb 12 05:02:29.382594 2026] [php:error] [pid 49933] [client 158.173.36.57:0] script '/domains/apunderkofler/NewFile.php' not found or unable to stat
[Thu Feb 12 05:02:29.384216 2026] [php:error] [pid 49944] [client 158.173.36.217:0] script '/domains/rfisher.dnai/setup.php' not found or unable to stat
[Thu Feb 12 05:02:29.388753 2026] [php:error] [pid 49923] [client 158.173.36.241:0] script '/domains/nostrada/new.php' not found or unable to stat
[Thu Feb 12 05:02:29.389234 2026] [php:error] [pid 49943] [client 158.173.36.240:0] script '/domains/rnachum/install.php' not found or unable to stat
[Thu Feb 12 05:02:29.390093 2026] [php:error] [pid 49964] [client 158.173.36.240:0] script '/domains/system_cancel/inc.php' not found or unable to stat
[Thu Feb 12 05:02:29.391141 2026] [php:error] [pid 49971] [client 158.173.36.85:0] script '/domains/homesbyaudrey1/dropdown.php' not found or unable to stat
[Thu Feb 12 05:02:29.391881 2026] [php:error] [pid 49956] [client 158.173.36.164:0] script '/domains/dcoffman/filemanager.php' not found or unable to stat
[Thu Feb 12 05:02:29.477266 2026] [php:error] [pid 49907] [client 158.173.36.49:0] script '/domains/antiqueweb1/wp-signup.php' not found or unable to stat
[Thu Feb 12 05:02:29.567118 2026] [php:error] [pid 49960] [client 158.173.36.160:0] script '/domains/fifibear/wp-user.php' not found or unable to stat
[Thu Feb 12 05:02:29.645374 2026] [php:error] [pid 49946] [client 158.173.36.227:0] script '/domains/fayemoran/mariju.php' not found or unable to stat
[Thu Feb 12 05:02:29.645836 2026] [php:error] [pid 49967] [client 158.173.36.31:0] script '/domains/brenties/tox.php' not found or unable to stat
[Thu Feb 12 05:02:29.645984 2026] [php:error] [pid 49882] [client 158.173.36.161:0] script '/domains/antiqueweb1/wp-signup.php' not found or unable to stat
[Thu Feb 12 05:02:29.648690 2026] [php:error] [pid 49916] [client 158.173.36.54:0] script '/domains/apunderkofler/function.php' not found or unable to stat
[Thu Feb 12 05:02:29.662057 2026] [php:error] [pid 49968] [client 158.173.36.124:0] script '/domains/system_suspended/default.php' not found or unable to stat
[Thu Feb 12 05:02:29.662580 2026] [php:error] [pid 49954] [client 158.173.36.217:0] script '/domains/deltaele/default.php' not found or unable to stat
[Thu Feb 12 05:02:29.806492 2026] [php:error] [pid 49946] [client 158.173.36.227:0] script '/domains/fayemoran/waf_defender.php' not found or unable to stat
[Thu Feb 12 05:02:29.807826 2026] [php:error] [pid 49963] [client 158.173.36.85:0] script '/domains/machinadynamica/ioxi-o.php' not found or unable to stat
[Thu Feb 12 05:02:29.808454 2026] [php:error] [pid 49948] [client 158.173.36.134:0] script '/domains/abtechsci/wp-content.php' not found or unable to stat
[Thu Feb 12 05:02:29.809779 2026] [php:error] [pid 49927] [client 158.173.36.57:0] script '/domains/deltaele/wp-links.php' not found or unable to stat
[Thu Feb 12 05:02:29.815894 2026] [php:error] [pid 49971] [client 158.173.36.85:0] script '/domains/homesbyaudrey1/db.php' not found or unable to stat
[Thu Feb 12 05:02:29.817288 2026] [php:error] [pid 49933] [client 158.173.36.57:0] script '/domains/apunderkofler/error.php' not found or unable to stat
[Thu Feb 12 05:02:29.924040 2026] [php:error] [pid 49918] [client 158.173.36.45:0] script '/domains/nostrada/images/DJP9.php' not found or unable to stat
[Thu Feb 12 05:02:29.946878 2026] [php:error] [pid 49969] [client 158.173.36.57:0] script '/domains/davidbacker/file.php' not found or unable to stat
[Thu Feb 12 05:02:29.959157 2026] [php:error] [pid 49923] [client 158.173.36.241:0] script '/domains/nostrada/images/DJP9.php' not found or unable to stat
[Thu Feb 12 05:02:29.959214 2026] [php:error] [pid 49963] [client 158.173.36.85:0] script '/domains/machinadynamica/info.php' not found or unable to stat
[Thu Feb 12 05:02:29.978345 2026] [php:error] [pid 49916] [client 158.173.36.54:0] script '/domains/apunderkofler/wp-signup.php' not found or unable to stat
[Thu Feb 12 05:02:29.980554 2026] [php:error] [pid 49972] [client 158.173.36.164:0] script '/domains/icrse/images/upload.php' not found or unable to stat
[Thu Feb 12 05:02:30.061221 2026] [php:error] [pid 49953] [client 158.173.36.31:0] script '/domains/perless2web/manager.php' not found or unable to stat
[Thu Feb 12 05:02:30.070296 2026] [php:error] [pid 49907] [client 158.173.36.49:0] script '/domains/antiqueweb1/wp-blog.php' not found or unable to stat
[Thu Feb 12 05:02:30.083591 2026] [php:error] [pid 49960] [client 158.173.36.160:0] script '/domains/fifibear/config.php' not found or unable to stat
[Thu Feb 12 05:02:30.180509 2026] [php:error] [pid 49963] [client 158.173.36.85:0] script '/domains/machinadynamica/setup.php' not found or unable to stat
[Thu Feb 12 05:02:30.186488 2026] [php:error] [pid 49882] [client 158.173.36.161:0] script '/domains/antiqueweb1/wp-blog.php' not found or unable to stat
[Thu Feb 12 05:02:30.187941 2026] [php:error] [pid 49946] [client 158.173.36.227:0] script '/domains/fayemoran/av.php' not found or unable to stat
[Thu Feb 12 05:02:30.303129 2026] [php:error] [pid 49934] [client 158.173.36.230:0] script '/domains/pauljbrock/wp-conflg.php' not found or unable to stat
[Thu Feb 12 05:02:30.303150 2026] [php:error] [pid 49949] [client 158.173.36.169:0] script '/domains/mschmid/dropdown.php' not found or unable to stat
[Thu Feb 12 05:02:30.338386 2026] [php:error] [pid 49960] [client 158.173.36.160:0] script '/domains/fifibear/special.php' not found or unable to stat
[Thu Feb 12 05:02:30.338439 2026] [php:error] [pid 49953] [client 158.173.36.31:0] script '/domains/perless2web/bless.php' not found or unable to stat
[Thu Feb 12 05:02:30.338643 2026] [php:error] [pid 49947] [client 158.173.36.45:0] script '/domains/cccweb/byp.php' not found or unable to stat
[Thu Feb 12 05:02:30.340093 2026] [php:error] [pid 49965] [client 158.173.36.49:0] script '/domains/gk3c/images/upload.php' not found or unable to stat
[Thu Feb 12 05:02:30.424186 2026] [php:error] [pid 49967] [client 158.173.36.31:0] script '/domains/brenties/tiny.php' not found or unable to stat
[Thu Feb 12 05:02:30.424266 2026] [php:error] [pid 49938] [client 158.173.36.57:0] script '/domains/brenties/wp-content.php' not found or unable to stat
[Thu Feb 12 05:02:30.424901 2026] [php:error] [pid 49943] [client 158.173.36.240:0] script '/domains/rnachum/bypass.php' not found or unable to stat
[Thu Feb 12 05:02:30.460912 2026] [php:error] [pid 49934] [client 158.173.36.230:0] script '/domains/pauljbrock/wp-setup.php' not found or unable to stat
[Thu Feb 12 05:02:30.487654 2026] [php:error] [pid 49944] [client 158.173.36.217:0] script '/domains/rfisher.dnai/as.php' not found or unable to stat
[Thu Feb 12 05:02:30.489473 2026] [php:error] [pid 49949] [client 158.173.36.169:0] script '/domains/mschmid/images/admin.php' not found or unable to stat
[Thu Feb 12 05:02:30.489912 2026] [php:error] [pid 49953] [client 158.173.36.31:0] script '/domains/perless2web/O-Simple.php' not found or unable to stat
[Thu Feb 12 05:02:30.497273 2026] [php:error] [pid 49918] [client 158.173.36.45:0] script '/domains/nostrada/natural.php' not found or unable to stat
[Thu Feb 12 05:02:30.619086 2026] [php:error] [pid 49969] [client 158.173.36.57:0] script '/domains/davidbacker/buy.php' not found or unable to stat
[Thu Feb 12 05:02:30.619228 2026] [php:error] [pid 49943] [client 158.173.36.240:0] script '/domains/rnachum/class.php' not found or unable to stat
[Thu Feb 12 05:02:30.622306 2026] [php:error] [pid 49956] [client 158.173.36.164:0] script '/domains/dcoffman/function.php' not found or unable to stat
[Thu Feb 12 05:02:30.622391 2026] [php:error] [pid 49923] [client 158.173.36.241:0] script '/domains/nostrada/natural.php' not found or unable to stat
[Thu Feb 12 05:02:30.672022 2026] [php:error] [pid 49944] [client 158.173.36.217:0] script '/domains/rfisher.dnai/cc.php' not found or unable to stat
[Thu Feb 12 05:02:30.672999 2026] [php:error] [pid 49933] [client 158.173.36.57:0] script '/domains/apunderkofler/wp-files.php' not found or unable to stat
[Thu Feb 12 05:02:30.673505 2026] [php:error] [pid 49953] [client 158.173.36.31:0] script '/domains/perless2web/lock360.php' not found or unable to stat
[Thu Feb 12 05:02:30.674291 2026] [php:error] [pid 49934] [client 158.173.36.230:0] script '/domains/pauljbrock/ms-themes.php' not found or unable to stat
[Thu Feb 12 05:02:30.674616 2026] [php:error] [pid 49916] [client 158.173.36.54:0] script '/domains/apunderkofler/wp-blog.php' not found or unable to stat
[Thu Feb 12 05:02:30.717429 2026] [php:error] [pid 49949] [client 158.173.36.169:0] script '/domains/mschmid/db.php' not found or unable to stat
[Thu Feb 12 05:02:30.729119 2026] [php:error] [pid 49918] [client 158.173.36.45:0] script '/domains/nostrada/item.php' not found or unable to stat
[Thu Feb 12 05:02:30.731670 2026] [php:error] [pid 49951] [client 158.173.36.68:0] script '/domains/rfisher.dnai/fm.php' not found or unable to stat
[Thu Feb 12 05:02:30.816086 2026] [php:error] [pid 49968] [client 158.173.36.124:0] script '/domains/system_suspended/dropdown.php' not found or unable to stat
[Thu Feb 12 05:02:30.816211 2026] [php:error] [pid 49973] [client 158.173.36.227:0] script '/domains/cccweb/byp.php' not found or unable to stat
[Thu Feb 12 05:02:30.816814 2026] [php:error] [pid 49954] [client 158.173.36.217:0] script '/domains/deltaele/dropdown.php' not found or unable to stat
[Thu Feb 12 05:02:30.821977 2026] [php:error] [pid 49948] [client 158.173.36.134:0] script '/domains/abtechsci/customize.php' not found or unable to stat
[Thu Feb 12 05:02:30.823352 2026] [php:error] [pid 49967] [client 158.173.36.31:0] script '/domains/brenties/themes.php' not found or unable to stat
[Thu Feb 12 05:02:30.824133 2026] [php:error] [pid 49923] [client 158.173.36.241:0] script '/domains/nostrada/item.php' not found or unable to stat
[Thu Feb 12 05:02:30.830877 2026] [php:error] [pid 49907] [client 158.173.36.49:0] script '/domains/antiqueweb1/wp-l0gin.php' not found or unable to stat
[Thu Feb 12 05:02:30.831668 2026] [php:error] [pid 49953] [client 158.173.36.31:0] script '/domains/perless2web/zwso.php' not found or unable to stat
[Thu Feb 12 05:02:30.835139 2026] [php:error] [pid 49952] [client 158.173.36.49:0] script '/domains/sjsachs/tox.php' not found or unable to stat
[Thu Feb 12 05:02:30.836127 2026] [access_compat:error] [pid 49908] [client 158.173.36.49:0] AH01797: client denied by server configuration: /domains/conceptlabs1/files/index.php
[Thu Feb 12 05:02:30.840267 2026] [php:error] [pid 49933] [client 158.173.36.57:0] script '/domains/apunderkofler/functions.php' not found or unable to stat
[Thu Feb 12 05:02:31.002531 2026] [php:error] [pid 49882] [client 158.173.36.161:0] script '/domains/antiqueweb1/wp-l0gin.php' not found or unable to stat
[Thu Feb 12 05:02:31.006964 2026] [php:error] [pid 49934] [client 158.173.36.230:0] script '/domains/pauljbrock/style.php' not found or unable to stat
[Thu Feb 12 05:02:31.007267 2026] [php:error] [pid 49944] [client 158.173.36.217:0] script '/domains/rfisher.dnai/ab.php' not found or unable to stat
[Thu Feb 12 05:02:31.008593 2026] [php:error] [pid 49956] [client 158.173.36.164:0] script '/domains/dcoffman/wp-signup.php' not found or unable to stat
[Thu Feb 12 05:02:31.009771 2026] [php:error] [pid 49948] [client 158.173.36.134:0] script '/domains/abtechsci/license.php' not found or unable to stat
[Thu Feb 12 05:02:31.010644 2026] [php:error] [pid 49953] [client 158.173.36.31:0] script '/domains/perless2web/chosen.php' not found or unable to stat
[Thu Feb 12 05:02:31.011088 2026] [php:error] [pid 49967] [client 158.173.36.31:0] script '/domains/brenties/wp-themes.php' not found or unable to stat
[Thu Feb 12 05:02:31.123995 2026] [php:error] [pid 49954] [client 158.173.36.217:0] script '/domains/deltaele/db.php' not found or unable to stat
[Thu Feb 12 05:02:31.137215 2026] [php:error] [pid 49966] [client 158.173.36.210:0] script '/domains/egmaweb/inc.php' not found or unable to stat
[Thu Feb 12 05:02:31.139575 2026] [php:error] [pid 49961] [client 158.173.36.29:0] script '/domains/homesbyaudrey1/install.php' not found or unable to stat
[Thu Feb 12 05:02:31.139739 2026] [php:error] [pid 49907] [client 158.173.36.49:0] script '/domains/antiqueweb1/new.php' not found or unable to stat
[Thu Feb 12 05:02:31.140126 2026] [php:error] [pid 49968] [client 158.173.36.124:0] script '/domains/system_suspended/db.php' not found or unable to stat
[Thu Feb 12 05:02:31.140504 2026] [php:error] [pid 49953] [client 158.173.36.31:0] script '/domains/perless2web/about.php' not found or unable to stat
[Thu Feb 12 05:02:31.141892 2026] [php:error] [pid 49963] [client 158.173.36.85:0] script '/domains/machinadynamica/as.php' not found or unable to stat
[Thu Feb 12 05:02:31.157849 2026] [php:error] [pid 49958] [client 158.173.36.4:0] script '/domains/ceonlinenews/inc.php' not found or unable to stat
[Thu Feb 12 05:02:31.159457 2026] [php:error] [pid 49922] [client 158.173.36.217:0] script '/domains/windsorweb/theme.php' not found or unable to stat
[Thu Feb 12 05:02:31.160073 2026] [php:error] [pid 49908] [client 158.173.36.49:0] script '/domains/conceptlabs1/inc.php' not found or unable to stat
[Thu Feb 12 05:02:31.402994 2026] [php:error] [pid 49951] [client 158.173.36.68:0] script '/domains/rfisher.dnai/ini.php' not found or unable to stat
[Thu Feb 12 05:02:31.454266 2026] [php:error] [pid 49953] [client 158.173.36.31:0] script '/domains/perless2web/admin.php' not found or unable to stat
[Thu Feb 12 05:02:31.521144 2026] [php:error] [pid 49963] [client 158.173.36.85:0] script '/domains/machinadynamica/cc.php' not found or unable to stat
[Thu Feb 12 05:02:31.537516 2026] [php:error] [pid 49882] [client 158.173.36.161:0] script '/domains/antiqueweb1/new.php' not found or unable to stat
[Thu Feb 12 05:02:31.537563 2026] [php:error] [pid 49938] [client 158.173.36.57:0] script '/domains/brenties/customize.php' not found or unable to stat
[Thu Feb 12 05:02:31.561151 2026] [php:error] [pid 49948] [client 158.173.36.134:0] script '/domains/abtechsci/lock.php' not found or unable to stat
[Thu Feb 12 05:02:31.564474 2026] [php:error] [pid 49952] [client 158.173.36.49:0] script '/domains/sjsachs/tiny.php' not found or unable to stat
[Thu Feb 12 05:02:31.593133 2026] [php:error] [pid 49916] [client 158.173.36.54:0] script '/domains/apunderkofler/wp-l0gin.php' not found or unable to stat
[Thu Feb 12 05:02:31.651864 2026] [php:error] [pid 49950] [client 158.158.72.119:0] script '/domains/smartny/8.php' not found or unable to stat
[Thu Feb 12 05:02:31.673650 2026] [php:error] [pid 49956] [client 158.173.36.164:0] script '/domains/dcoffman/wp-blog.php' not found or unable to stat
[Thu Feb 12 05:02:31.673652 2026] [php:error] [pid 49966] [client 158.173.36.210:0] script '/domains/egmaweb/filemanager.php' not found or unable to stat
[Thu Feb 12 05:02:31.681802 2026] [php:error] [pid 49960] [client 158.173.36.230:0] script '/domains/msintl/default.php' not found or unable to stat
[Thu Feb 12 05:02:31.732827 2026] [php:error] [pid 49971] [client 158.173.36.85:0] script '/domains/homesbyaudrey1/install.php' not found or unable to stat
[Thu Feb 12 05:02:31.735919 2026] [php:error] [pid 49967] [client 158.173.36.31:0] script '/domains/brenties/mariju.php' not found or unable to stat
[Thu Feb 12 05:02:31.736427 2026] [php:error] [pid 49938] [client 158.173.36.57:0] script '/domains/brenties/license.php' not found or unable to stat
[Thu Feb 12 05:02:31.737474 2026] [php:error] [pid 49958] [client 158.173.36.4:0] script '/domains/ceonlinenews/filemanager.php' not found or unable to stat
[Thu Feb 12 05:02:31.743697 2026] [php:error] [pid 49934] [client 158.173.36.230:0] script '/domains/pauljbrock/x.php' not found or unable to stat
[Thu Feb 12 05:02:31.745546 2026] [php:error] [pid 49947] [client 158.173.36.45:0] script '/domains/cccweb/class.api.php' not found or unable to stat
[Thu Feb 12 05:02:31.746454 2026] [php:error] [pid 49908] [client 158.173.36.49:0] script '/domains/conceptlabs1/filemanager.php' not found or unable to stat
[Thu Feb 12 05:02:31.746679 2026] [php:error] [pid 49953] [client 158.173.36.31:0] script '/domains/perless2web/mah.php' not found or unable to stat
[Thu Feb 12 05:02:31.787164 2026] [php:error] [pid 49944] [client 158.173.36.217:0] script '/domains/rfisher.dnai/doc.php' not found or unable to stat
[Thu Feb 12 05:02:31.788596 2026] [php:error] [pid 49907] [client 158.173.36.49:0] script '/domains/antiqueweb1/images/DJP9.php' not found or unable to stat
[Thu Feb 12 05:02:31.810607 2026] [php:error] [pid 49963] [client 158.173.36.85:0] script '/domains/machinadynamica/ab.php' not found or unable to stat
[Thu Feb 12 05:02:31.946292 2026] [php:error] [pid 49943] [client 158.173.36.240:0] script '/domains/rnachum/init.php' not found or unable to stat
[Thu Feb 12 05:02:31.946478 2026] [php:error] [pid 49967] [client 158.173.36.31:0] script '/domains/brenties/waf_defender.php' not found or unable to stat
[Thu Feb 12 05:02:31.950054 2026] [php:error] [pid 49974] [client 158.173.36.164:0] script '/domains/fayemoran/theme.php' not found or unable to stat
[Thu Feb 12 05:02:31.950558 2026] [php:error] [pid 49955] [client 158.173.36.240:0] script '/domains/familyplayhouse2/classwithtostring.php' not found or unable to stat
[Thu Feb 12 05:02:31.960805 2026] [php:error] [pid 49952] [client 158.173.36.49:0] script '/domains/sjsachs/themes.php' not found or unable to stat
[Thu Feb 12 05:02:31.963260 2026] [php:error] [pid 49933] [client 158.173.36.57:0] script '/domains/apunderkofler/aks.php' not found or unable to stat
[Thu Feb 12 05:02:31.963479 2026] [php:error] [pid 49922] [client 158.173.36.217:0] script '/domains/windsorweb/Simple.php' not found or unable to stat
[Thu Feb 12 05:02:31.965283 2026] [php:error] [pid 49916] [client 158.173.36.54:0] script '/domains/apunderkofler/new.php' not found or unable to stat
[Thu Feb 12 05:02:31.965954 2026] [php:error] [pid 49908] [client 158.173.36.49:0] script '/domains/conceptlabs1/cgi-bin/bypass.php' not found or unable to stat
[Thu Feb 12 05:02:31.967506 2026] [php:error] [pid 49958] [client 158.173.36.4:0] script '/domains/ceonlinenews/cgi-bin/bypass.php' not found or unable to stat
[Thu Feb 12 05:02:32.001280 2026] [php:error] [pid 49975] [client 158.173.36.68:0] script '/domains/icrse/manager.php' not found or unable to stat
[Thu Feb 12 05:02:32.132646 2026] [php:error] [pid 49882] [client 158.173.36.161:0] script '/domains/antiqueweb1/images/DJP9.php' not found or unable to stat
[Thu Feb 12 05:02:32.133150 2026] [php:error] [pid 49938] [client 158.173.36.57:0] script '/domains/brenties/lock.php' not found or unable to stat
[Thu Feb 12 05:02:32.165414 2026] [php:error] [pid 49927] [client 158.173.36.57:0] script '/domains/deltaele/moon.php' not found or unable to stat
[Thu Feb 12 05:02:32.166443 2026] [php:error] [pid 49952] [client 158.173.36.49:0] script '/domains/sjsachs/wp-themes.php' not found or unable to stat
[Thu Feb 12 05:02:32.168827 2026] [php:error] [pid 49953] [client 158.173.36.31:0] script '/domains/perless2web/core.php' not found or unable to stat
[Thu Feb 12 05:02:32.168884 2026] [php:error] [pid 49975] [client 158.173.36.68:0] script '/domains/icrse/bless.php' not found or unable to stat
[Thu Feb 12 05:02:32.172558 2026] [php:error] [pid 49933] [client 158.173.36.57:0] script '/domains/apunderkofler/litespeed.php' not found or unable to stat
[Thu Feb 12 05:02:32.271746 2026] [php:error] [pid 49967] [client 158.173.36.31:0] script '/domains/brenties/av.php' not found or unable to stat
[Thu Feb 12 05:02:32.271759 2026] [php:error] [pid 49961] [client 158.173.36.29:0] script '/domains/homesbyaudrey1/bypass.php' not found or unable to stat
[Thu Feb 12 05:02:32.316524 2026] [php:error] [pid 49953] [client 158.173.36.31:0] script '/domains/perless2web/robots.php' not found or unable to stat
[Thu Feb 12 05:02:32.322442 2026] [php:error] [pid 49963] [client 158.173.36.85:0] script '/domains/machinadynamica/doc.php' not found or unable to stat
[Thu Feb 12 05:02:32.324447 2026] [php:error] [pid 49956] [client 158.173.36.164:0] script '/domains/dcoffman/wp-l0gin.php' not found or unable to stat
[Thu Feb 12 05:02:32.337242 2026] [php:error] [pid 49975] [client 158.173.36.68:0] script '/domains/icrse/O-Simple.php' not found or unable to stat
[Thu Feb 12 05:02:32.337882 2026] [php:error] [pid 49934] [client 158.173.36.230:0] script '/domains/pauljbrock/images/index22.php' not found or unable to stat
[Thu Feb 12 05:02:32.345175 2026] [php:error] [pid 49947] [client 158.173.36.45:0] script '/domains/cccweb/system_log.php' not found or unable to stat
[Thu Feb 12 05:02:32.346090 2026] [php:error] [pid 49949] [client 158.173.36.169:0] script '/domains/mschmid/install.php' not found or unable to stat
[Thu Feb 12 05:02:32.346117 2026] [php:error] [pid 49899] [client 158.173.36.49:0] script '/domains/fryer/classwithtostring.php' not found or unable to stat
[Thu Feb 12 05:02:32.605022 2026] [php:error] [pid 49953] [client 158.173.36.31:0] script '/domains/perless2web/inputs.php' not found or unable to stat
[Thu Feb 12 05:02:32.617359 2026] [php:error] [pid 49975] [client 158.173.36.68:0] script '/domains/icrse/lock360.php' not found or unable to stat
[Thu Feb 12 05:02:32.618498 2026] [php:error] [pid 49970] [client 158.173.36.57:0] script '/domains/fifibear/webdb.php' not found or unable to stat
[Thu Feb 12 05:02:32.620992 2026] [php:error] [pid 49947] [client 158.173.36.45:0] script '/domains/cccweb/.alf.php' not found or unable to stat
[Thu Feb 12 05:02:32.621095 2026] [php:error] [pid 49916] [client 158.173.36.54:0] script '/domains/apunderkofler/images/DJP9.php' not found or unable to stat
[Thu Feb 12 05:02:32.726223 2026] [php:error] [pid 49974] [client 158.173.36.164:0] script '/domains/fayemoran/Simple.php' not found or unable to stat
[Thu Feb 12 05:02:32.729051 2026] [php:error] [pid 49961] [client 158.173.36.29:0] script '/domains/homesbyaudrey1/class.php' not found or unable to stat
[Thu Feb 12 05:02:32.741063 2026] [php:error] [pid 49907] [client 158.173.36.49:0] script '/domains/antiqueweb1/natural.php' not found or unable to stat
[Thu Feb 12 05:02:32.749616 2026] [php:error] [pid 49955] [client 158.173.36.240:0] script '/domains/familyplayhouse2/tinyfilemanager.php' not found or unable to stat
[Thu Feb 12 05:02:32.751097 2026] [php:error] [pid 49973] [client 158.173.36.227:0] script '/domains/cccweb/class.api.php' not found or unable to stat
[Thu Feb 12 05:02:32.773405 2026] [php:error] [pid 49934] [client 158.173.36.230:0] script '/domains/pauljbrock/wp-user.php' not found or unable to stat
[Thu Feb 12 05:02:32.783337 2026] [php:error] [pid 49953] [client 158.173.36.31:0] script '/domains/perless2web/mini.php' not found or unable to stat
[Thu Feb 12 05:02:32.813696 2026] [php:error] [pid 49952] [client 158.173.36.49:0] script '/domains/sjsachs/mariju.php' not found or unable to stat
[Thu Feb 12 05:02:32.813892 2026] [php:error] [pid 49975] [client 158.173.36.68:0] script '/domains/icrse/zwso.php' not found or unable to stat
[Thu Feb 12 05:02:32.816911 2026] [php:error] [pid 49947] [client 158.173.36.45:0] script '/domains/cccweb/wso.php' not found or unable to stat
[Thu Feb 12 05:02:32.817139 2026] [php:error] [pid 49933] [client 158.173.36.57:0] script '/domains/apunderkofler/wpn.php' not found or unable to stat
[Thu Feb 12 05:02:32.993315 2026] [php:error] [pid 49927] [client 158.173.36.57:0] script '/domains/deltaele/webadmin.php' not found or unable to stat
[Thu Feb 12 05:02:32.994116 2026] [php:error] [pid 49943] [client 158.173.36.240:0] script '/domains/rnachum/assets/index.php' not found or unable to stat
[Thu Feb 12 05:02:32.994792 2026] [php:error] [pid 49907] [client 158.173.36.49:0] script '/domains/antiqueweb1/item.php' not found or unable to stat
[Thu Feb 12 05:02:32.995012 2026] [php:error] [pid 49975] [client 158.173.36.68:0] script '/domains/icrse/chosen.php' not found or unable to stat
[Thu Feb 12 05:02:32.996148 2026] [php:error] [pid 49972] [client 158.173.36.164:0] script '/domains/icrse/classwithtostring.php' not found or unable to stat
[Thu Feb 12 05:02:32.996210 2026] [php:error] [pid 49958] [client 158.173.36.4:0] script '/domains/ceonlinenews/function.php' not found or unable to stat
[Thu Feb 12 05:02:32.996682 2026] [php:error] [pid 49970] [client 158.173.36.57:0] script '/domains/fifibear/file2.php' not found or unable to stat
[Thu Feb 12 05:02:32.997539 2026] [php:error] [pid 49899] [client 158.173.36.49:0] script '/domains/fryer/tinyfilemanager.php' not found or unable to stat
[Thu Feb 12 05:02:32.998499 2026] [php:error] [pid 49966] [client 158.173.36.210:0] script '/domains/egmaweb/function.php' not found or unable to stat
[Thu Feb 12 05:02:32.999344 2026] [php:error] [pid 49971] [client 158.173.36.85:0] script '/domains/homesbyaudrey1/bypass.php' not found or unable to stat
[Thu Feb 12 05:02:33.000288 2026] [php:error] [pid 49908] [client 158.173.36.49:0] script '/domains/conceptlabs1/function.php' not found or unable to stat
[Thu Feb 12 05:02:33.000354 2026] [php:error] [pid 49949] [client 158.173.36.169:0] script '/domains/mschmid/images/class-config.php' not found or unable to stat
