[Thu Feb 12 03:39:38.481392 2026] [php:error] [pid 32000] [client 158.173.36.31:0] script '/domains/ebon/wso.php' not found or unable to stat
[Thu Feb 12 03:39:38.481586 2026] [php:error] [pid 31994] [client 158.173.36.57:0] script '/domains/nlyfoods/go.php' not found or unable to stat
[Thu Feb 12 03:39:38.510017 2026] [php:error] [pid 31995] [client 158.173.36.4:0] script '/domains/markrose/style.php' not found or unable to stat
[Thu Feb 12 03:39:38.511301 2026] [php:error] [pid 31993] [client 158.173.36.169:0] script '/domains/ecernstelectric/cc.php' not found or unable to stat
[Thu Feb 12 03:39:38.671868 2026] [php:error] [pid 31987] [client 158.173.36.227:0] script '/domains/mjbradley/fm.php' not found or unable to stat
[Thu Feb 12 03:39:38.672178 2026] [php:error] [pid 31996] [client 158.173.36.240:0] script '/domains/egmaweb/ms-themes.php' not found or unable to stat
[Thu Feb 12 03:39:38.698590 2026] [php:error] [pid 32001] [client 158.173.36.210:0] script '/domains/peterbmiller/wp-trackback.php' not found or unable to stat
[Thu Feb 12 03:39:38.827171 2026] [php:error] [pid 32000] [client 158.173.36.31:0] script '/domains/ebon/flower.php' not found or unable to stat
[Thu Feb 12 03:39:38.851118 2026] [php:error] [pid 32003] [client 158.173.36.12:0] script '/domains/piltdweb1/content.php' not found or unable to stat
[Thu Feb 12 03:39:38.865776 2026] [php:error] [pid 31993] [client 158.173.36.169:0] script '/domains/ecernstelectric/ab.php' not found or unable to stat
[Thu Feb 12 03:39:38.985178 2026] [php:error] [pid 31998] [client 158.173.36.240:0] script '/domains/system_suspended/fm.php' not found or unable to stat
[Thu Feb 12 03:39:39.018046 2026] [php:error] [pid 31996] [client 158.173.36.240:0] script '/domains/egmaweb/style.php' not found or unable to stat
[Thu Feb 12 03:39:39.032888 2026] [php:error] [pid 32001] [client 158.173.36.210:0] script '/domains/peterbmiller/radio.php' not found or unable to stat
[Thu Feb 12 03:39:39.033154 2026] [php:error] [pid 31995] [client 158.173.36.4:0] script '/domains/markrose/x.php' not found or unable to stat
[Thu Feb 12 03:39:39.126800 2026] [php:error] [pid 31979] [client 158.173.36.245:0] script '/domains/awciii/wp-user.php' not found or unable to stat
[Thu Feb 12 03:39:39.196942 2026] [php:error] [pid 31990] [client 158.173.36.134:0] script '/domains/astrosfm/hehehehe.php' not found or unable to stat
[Thu Feb 12 03:39:39.372790 2026] [php:error] [pid 31987] [client 158.173.36.227:0] script '/domains/mjbradley/ini.php' not found or unable to stat
[Thu Feb 12 03:39:39.425536 2026] [php:error] [pid 31993] [client 158.173.36.169:0] script '/domains/ecernstelectric/doc.php' not found or unable to stat
[Thu Feb 12 03:39:39.562398 2026] [php:error] [pid 32000] [client 158.173.36.31:0] script '/domains/ebon/ioxi-o.php' not found or unable to stat
[Thu Feb 12 03:39:39.562406 2026] [php:error] [pid 31986] [client 158.173.36.31:0] script '/domains/wsmith.enteract/wp-content.php' not found or unable to stat
[Thu Feb 12 03:39:39.563280 2026] [php:error] [pid 31996] [client 158.173.36.240:0] script '/domains/egmaweb/x.php' not found or unable to stat
[Thu Feb 12 03:39:39.591032 2026] [php:error] [pid 31979] [client 158.173.36.245:0] script '/domains/awciii/config.php' not found or unable to stat
[Thu Feb 12 03:39:39.629817 2026] [php:error] [pid 31998] [client 158.173.36.240:0] script '/domains/system_suspended/ini.php' not found or unable to stat
[Thu Feb 12 03:39:39.807842 2026] [php:error] [pid 32001] [client 158.173.36.210:0] script '/domains/peterbmiller/wp-conflg.php' not found or unable to stat
[Thu Feb 12 03:39:39.810154 2026] [php:error] [pid 31995] [client 158.173.36.4:0] script '/domains/markrose/wp-user.php' not found or unable to stat
[Thu Feb 12 03:39:39.816076 2026] [php:error] [pid 32000] [client 158.173.36.31:0] script '/domains/ebon/info.php' not found or unable to stat
[Thu Feb 12 03:39:39.888625 2026] [php:error] [pid 31979] [client 158.173.36.245:0] script '/domains/awciii/special.php' not found or unable to stat
[Thu Feb 12 03:39:40.003190 2026] [php:error] [pid 32001] [client 158.173.36.210:0] script '/domains/peterbmiller/wp-setup.php' not found or unable to stat
[Thu Feb 12 03:39:40.009388 2026] [php:error] [pid 32012] [client 158.173.36.68:0] script '/domains/markrose/byp.php' not found or unable to stat
[Thu Feb 12 03:39:40.012180 2026] [php:error] [pid 32000] [client 158.173.36.31:0] script '/domains/ebon/setup.php' not found or unable to stat
[Thu Feb 12 03:39:40.208755 2026] [php:error] [pid 32001] [client 158.173.36.210:0] script '/domains/peterbmiller/ms-themes.php' not found or unable to stat
[Thu Feb 12 03:39:40.225786 2026] [php:error] [pid 31996] [client 158.173.36.240:0] script '/domains/egmaweb/images/index22.php' not found or unable to stat
[Thu Feb 12 03:39:40.226947 2026] [php:error] [pid 32003] [client 158.173.36.12:0] script '/domains/piltdweb1/fonts/fontawesome-webfont.php' not found or unable to stat
[Thu Feb 12 03:39:40.302429 2026] [php:error] [pid 31926] [client 158.173.36.4:0] script '/domains/hdickens.enteract/wp-content.php' not found or unable to stat
[Thu Feb 12 03:39:40.314095 2026] [php:error] [pid 31993] [client 158.173.36.169:0] script '/domains/ecernstelectric/wp-login.php' not found or unable to stat
[Thu Feb 12 03:39:40.371093 2026] [php:error] [pid 31995] [client 158.173.36.4:0] script '/domains/markrose/config.php' not found or unable to stat
[Thu Feb 12 03:39:40.378043 2026] [php:error] [pid 31996] [client 158.173.36.240:0] script '/domains/egmaweb/wp-user.php' not found or unable to stat
[Thu Feb 12 03:39:40.497662 2026] [php:error] [pid 31993] [client 158.173.36.169:0] script '/domains/ecernstelectric/mar.php' not found or unable to stat
[Thu Feb 12 03:39:40.545015 2026] [php:error] [pid 32001] [client 158.173.36.210:0] script '/domains/peterbmiller/style.php' not found or unable to stat
[Thu Feb 12 03:39:40.562597 2026] [php:error] [pid 31995] [client 158.173.36.4:0] script '/domains/markrose/special.php' not found or unable to stat
[Thu Feb 12 03:39:40.588467 2026] [php:error] [pid 31986] [client 158.173.36.31:0] script '/domains/wsmith.enteract/customize.php' not found or unable to stat
[Thu Feb 12 03:39:40.817492 2026] [php:error] [pid 31986] [client 158.173.36.31:0] script '/domains/wsmith.enteract/license.php' not found or unable to stat
[Thu Feb 12 03:39:40.996618 2026] [php:error] [pid 32000] [client 158.173.36.31:0] script '/domains/ebon/as.php' not found or unable to stat
[Thu Feb 12 03:39:41.007899 2026] [php:error] [pid 31996] [client 158.173.36.240:0] script '/domains/egmaweb/config.php' not found or unable to stat
[Thu Feb 12 03:39:41.215232 2026] [php:error] [pid 32000] [client 158.173.36.31:0] script '/domains/ebon/cc.php' not found or unable to stat
[Thu Feb 12 03:39:41.215868 2026] [php:error] [pid 32001] [client 158.173.36.210:0] script '/domains/peterbmiller/x.php' not found or unable to stat
[Thu Feb 12 03:39:41.224784 2026] [php:error] [pid 31996] [client 158.173.36.240:0] script '/domains/egmaweb/special.php' not found or unable to stat
[Thu Feb 12 03:39:41.224858 2026] [php:error] [pid 31986] [client 158.173.36.31:0] script '/domains/wsmith.enteract/lock.php' not found or unable to stat
[Thu Feb 12 03:39:41.235718 2026] [php:error] [pid 31993] [client 158.173.36.169:0] script '/domains/ecernstelectric/1.php' not found or unable to stat
[Thu Feb 12 03:39:41.353975 2026] [php:error] [pid 31926] [client 158.173.36.4:0] script '/domains/hdickens.enteract/customize.php' not found or unable to stat
[Thu Feb 12 03:39:41.637225 2026] [php:error] [pid 32012] [client 158.173.36.68:0] script '/domains/markrose/class.api.php' not found or unable to stat
[Thu Feb 12 03:39:41.638340 2026] [php:error] [pid 32003] [client 158.173.36.12:0] script '/domains/piltdweb1/web.php' not found or unable to stat
[Thu Feb 12 03:39:41.803718 2026] [php:error] [pid 32015] [client 158.173.36.124:0] script '/domains/mschmid/byp.php' not found or unable to stat
[Thu Feb 12 03:39:41.898899 2026] [php:error] [pid 32000] [client 158.173.36.31:0] script '/domains/ebon/ab.php' not found or unable to stat
[Thu Feb 12 03:39:41.918339 2026] [php:error] [pid 31926] [client 158.173.36.4:0] script '/domains/hdickens.enteract/license.php' not found or unable to stat
[Thu Feb 12 03:39:41.922755 2026] [php:error] [pid 31993] [client 158.173.36.169:0] script '/domains/ecernstelectric/js/fm.php' not found or unable to stat
[Thu Feb 12 03:39:42.098686 2026] [cgi:error] [pid 31987] [client 158.173.36.134:0] AH02811: stderr from /domains/awciii/cgi-bin/class.api.php: script not found or unable to stat
[Thu Feb 12 03:39:42.103670 2026] [php:error] [pid 32001] [client 158.173.36.210:0] script '/domains/peterbmiller/images/index22.php' not found or unable to stat
[Thu Feb 12 03:39:42.230483 2026] [php:error] [pid 31926] [client 158.173.36.4:0] script '/domains/hdickens.enteract/lock.php' not found or unable to stat
[Thu Feb 12 03:39:42.263198 2026] [php:error] [pid 32001] [client 158.173.36.210:0] script '/domains/peterbmiller/wp-user.php' not found or unable to stat
[Thu Feb 12 03:39:42.376478 2026] [php:error] [pid 31990] [client 158.173.36.124:0] script '/domains/system_suspended/wp-content.php' not found or unable to stat
[Thu Feb 12 03:39:42.446819 2026] [php:error] [pid 31994] [client 158.173.36.57:0] script '/domains/nlyfoods/hehehehe.php' not found or unable to stat
[Thu Feb 12 03:39:42.505416 2026] [php:error] [pid 32000] [client 158.173.36.31:0] script '/domains/ebon/doc.php' not found or unable to stat
[Thu Feb 12 03:39:42.511385 2026] [php:error] [pid 32012] [client 158.173.36.68:0] script '/domains/markrose/system_log.php' not found or unable to stat
[Thu Feb 12 03:39:42.684603 2026] [php:error] [pid 32012] [client 158.173.36.68:0] script '/domains/markrose/.alf.php' not found or unable to stat
[Thu Feb 12 03:39:42.733570 2026] [php:error] [pid 32002] [client 158.173.36.217:0] script '/domains/hdickens.enteract/byp.php' not found or unable to stat
[Thu Feb 12 03:39:42.792143 2026] [php:error] [pid 32016] [client 158.173.36.169:0] script '/domains/mjbradley/wp-content.php' not found or unable to stat
[Thu Feb 12 03:39:42.859491 2026] [php:error] [pid 31986] [client 158.173.36.31:0] script '/domains/wsmith.enteract/wp-good.php' not found or unable to stat
[Thu Feb 12 03:39:42.859720 2026] [php:error] [pid 32012] [client 158.173.36.68:0] script '/domains/markrose/wso.php' not found or unable to stat
[Thu Feb 12 03:39:42.862487 2026] [php:error] [pid 32001] [client 158.173.36.210:0] script '/domains/peterbmiller/config.php' not found or unable to stat
[Thu Feb 12 03:39:42.862716 2026] [php:error] [pid 31987] [client 158.173.36.134:0] script '/domains/awciii/webdb.php' not found or unable to stat
[Thu Feb 12 03:39:43.110218 2026] [php:error] [pid 32000] [client 158.173.36.31:0] script '/domains/ebon/wp-login.php' not found or unable to stat
[Thu Feb 12 03:39:43.110227 2026] [php:error] [pid 32001] [client 158.173.36.210:0] script '/domains/peterbmiller/special.php' not found or unable to stat
[Thu Feb 12 03:39:43.170139 2026] [php:error] [pid 31993] [client 158.173.36.169:0] script '/domains/ecernstelectric/fm.php' not found or unable to stat
[Thu Feb 12 03:39:43.278929 2026] [php:error] [pid 31990] [client 158.173.36.124:0] script '/domains/system_suspended/customize.php' not found or unable to stat
[Thu Feb 12 03:39:43.298977 2026] [php:error] [pid 32000] [client 158.173.36.31:0] script '/domains/ebon/mar.php' not found or unable to stat
[Thu Feb 12 03:39:43.299079 2026] [php:error] [pid 32003] [client 158.173.36.12:0] script '/domains/piltdweb1/wp-trackback.php' not found or unable to stat
[Thu Feb 12 03:39:43.299466 2026] [php:error] [pid 31987] [client 158.173.36.134:0] script '/domains/awciii/file2.php' not found or unable to stat
[Thu Feb 12 03:39:43.300524 2026] [php:error] [pid 32012] [client 158.173.36.68:0] script '/domains/markrose/flower.php' not found or unable to stat
[Thu Feb 12 03:39:43.500924 2026] [php:error] [pid 31990] [client 158.173.36.124:0] script '/domains/system_suspended/license.php' not found or unable to stat
[Thu Feb 12 03:39:43.659834 2026] [php:error] [pid 31979] [client 158.173.36.4:0] script '/domains/markrose/webdb.php' not found or unable to stat
[Thu Feb 12 03:39:43.665829 2026] [php:error] [pid 31926] [client 158.173.36.4:0] script '/domains/hdickens.enteract/wp-good.php' not found or unable to stat
[Thu Feb 12 03:39:43.680011 2026] [php:error] [pid 31987] [client 158.173.36.134:0] script '/domains/awciii/alfa.php' not found or unable to stat
[Thu Feb 12 03:39:43.680465 2026] [php:error] [pid 32015] [client 158.173.36.124:0] script '/domains/mschmid/class.api.php' not found or unable to stat
[Thu Feb 12 03:39:43.681994 2026] [php:error] [pid 32003] [client 158.173.36.12:0] script '/domains/piltdweb1/radio.php' not found or unable to stat
[Thu Feb 12 03:39:43.682069 2026] [php:error] [pid 31998] [client 158.173.36.68:0] script '/domains/egmaweb/webdb.php' not found or unable to stat
[Thu Feb 12 03:39:43.857993 2026] [php:error] [pid 31990] [client 158.173.36.124:0] script '/domains/system_suspended/lock.php' not found or unable to stat
[Thu Feb 12 03:39:43.858131 2026] [php:error] [pid 32016] [client 158.173.36.169:0] script '/domains/mjbradley/customize.php' not found or unable to stat
[Thu Feb 12 03:39:43.877526 2026] [php:error] [pid 32000] [client 158.173.36.31:0] script '/domains/ebon/1.php' not found or unable to stat
[Thu Feb 12 03:39:43.918006 2026] [php:error] [pid 31993] [client 158.173.36.169:0] script '/domains/ecernstelectric/ini.php' not found or unable to stat
[Thu Feb 12 03:39:44.015929 2026] [php:error] [pid 32016] [client 158.173.36.169:0] script '/domains/mjbradley/license.php' not found or unable to stat
[Thu Feb 12 03:39:44.015955 2026] [php:error] [pid 31979] [client 158.173.36.4:0] script '/domains/markrose/file2.php' not found or unable to stat
[Thu Feb 12 03:39:44.031156 2026] [php:error] [pid 31998] [client 158.173.36.68:0] script '/domains/egmaweb/file2.php' not found or unable to stat
[Thu Feb 12 03:39:44.038455 2026] [php:error] [pid 32012] [client 158.173.36.68:0] script '/domains/markrose/ioxi-o.php' not found or unable to stat
[Thu Feb 12 03:39:44.222515 2026] [php:error] [pid 32015] [client 158.173.36.124:0] script '/domains/mschmid/system_log.php' not found or unable to stat
[Thu Feb 12 03:39:44.223157 2026] [php:error] [pid 32012] [client 158.173.36.68:0] script '/domains/markrose/info.php' not found or unable to stat
[Thu Feb 12 03:39:44.347645 2026] [php:error] [pid 32002] [client 158.173.36.217:0] script '/domains/hdickens.enteract/class.api.php' not found or unable to stat
[Thu Feb 12 03:39:44.347761 2026] [php:error] [pid 32016] [client 158.173.36.169:0] script '/domains/mjbradley/lock.php' not found or unable to stat
[Thu Feb 12 03:39:44.349466 2026] [php:error] [pid 31979] [client 158.173.36.4:0] script '/domains/markrose/alfa.php' not found or unable to stat
[Thu Feb 12 03:39:44.407597 2026] [php:error] [pid 31998] [client 158.173.36.68:0] script '/domains/egmaweb/alfa.php' not found or unable to stat
[Thu Feb 12 03:39:44.408239 2026] [php:error] [pid 31986] [client 158.173.36.31:0] script '/domains/wsmith.enteract/ff2.php' not found or unable to stat
[Thu Feb 12 03:39:44.408441 2026] [php:error] [pid 32015] [client 158.173.36.124:0] script '/domains/mschmid/.alf.php' not found or unable to stat
[Thu Feb 12 03:39:44.408640 2026] [php:error] [pid 32003] [client 158.173.36.12:0] script '/domains/piltdweb1/wp-conflg.php' not found or unable to stat
[Thu Feb 12 03:39:44.408907 2026] [php:error] [pid 32012] [client 158.173.36.68:0] script '/domains/markrose/setup.php' not found or unable to stat
[Thu Feb 12 03:39:44.584607 2026] [php:error] [pid 32003] [client 158.173.36.12:0] script '/domains/piltdweb1/wp-setup.php' not found or unable to stat
[Thu Feb 12 03:39:44.585210 2026] [php:error] [pid 32015] [client 158.173.36.124:0] script '/domains/mschmid/wso.php' not found or unable to stat
[Thu Feb 12 03:39:44.682276 2026] [php:error] [pid 32004] [client 158.173.36.124:0] script '/domains/astrosfm/byp.php' not found or unable to stat
[Thu Feb 12 03:39:44.759978 2026] [php:error] [pid 32003] [client 158.173.36.12:0] script '/domains/piltdweb1/ms-themes.php' not found or unable to stat
[Thu Feb 12 03:39:44.849467 2026] [php:error] [pid 31926] [client 158.173.36.4:0] script '/domains/hdickens.enteract/fonts/database.php' not found or unable to stat
[Thu Feb 12 03:39:44.850834 2026] [php:error] [pid 32002] [client 158.173.36.217:0] script '/domains/hdickens.enteract/system_log.php' not found or unable to stat
[Thu Feb 12 03:39:44.936351 2026] [php:error] [pid 32015] [client 158.173.36.124:0] script '/domains/mschmid/flower.php' not found or unable to stat
[Thu Feb 12 03:39:45.004618 2026] [php:error] [pid 31990] [client 158.173.36.124:0] script '/domains/system_suspended/wp-good.php' not found or unable to stat
[Thu Feb 12 03:39:45.005673 2026] [php:error] [pid 32002] [client 158.173.36.217:0] script '/domains/hdickens.enteract/.alf.php' not found or unable to stat
[Thu Feb 12 03:39:45.006385 2026] [php:error] [pid 31926] [client 158.173.36.4:0] script '/domains/hdickens.enteract/ff2.php' not found or unable to stat
[Thu Feb 12 03:39:45.113121 2026] [php:error] [pid 31987] [client 158.173.36.134:0] script '/domains/awciii/edit.php' not found or unable to stat
[Thu Feb 12 03:39:45.118093 2026] [php:error] [pid 32003] [client 158.173.36.12:0] script '/domains/piltdweb1/style.php' not found or unable to stat
[Thu Feb 12 03:39:45.123932 2026] [php:error] [pid 31986] [client 158.173.36.31:0] script '/domains/wsmith.enteract/jp.php' not found or unable to stat
[Thu Feb 12 03:39:45.172275 2026] [php:error] [pid 32002] [client 158.173.36.217:0] script '/domains/hdickens.enteract/wso.php' not found or unable to stat
[Thu Feb 12 03:39:45.290751 2026] [php:error] [pid 32000] [client 158.173.36.31:0] script '/domains/ebon/fm.php' not found or unable to stat
[Thu Feb 12 03:39:45.292196 2026] [php:error] [pid 31986] [client 158.173.36.31:0] script '/domains/wsmith.enteract/wp-atom.php' not found or unable to stat
[Thu Feb 12 03:39:45.292446 2026] [php:error] [pid 32012] [client 158.173.36.68:0] script '/domains/markrose/as.php' not found or unable to stat
[Thu Feb 12 03:39:45.307212 2026] [php:error] [pid 31980] [client 158.173.36.70:0] script '/domains/peterbmiller/webdb.php' not found or unable to stat
[Thu Feb 12 03:39:45.532583 2026] [php:error] [pid 32012] [client 158.173.36.68:0] script '/domains/markrose/cc.php' not found or unable to stat
[Thu Feb 12 03:39:45.532590 2026] [cgi:error] [pid 31987] [client 158.173.36.134:0] AH02811: stderr from /domains/awciii/cgi-bin/autoload_classmap.php: script not found or unable to stat
[Thu Feb 12 03:39:45.580335 2026] [php:error] [pid 32002] [client 158.173.36.217:0] script '/domains/hdickens.enteract/flower.php' not found or unable to stat
[Thu Feb 12 03:39:45.587840 2026] [php:error] [pid 32016] [client 158.173.36.169:0] script '/domains/mjbradley/wp-good.php' not found or unable to stat
[Thu Feb 12 03:39:45.797664 2026] [php:error] [pid 31987] [client 158.173.36.134:0] script '/domains/awciii/wp-links-opml.php' not found or unable to stat
[Thu Feb 12 03:39:45.798742 2026] [php:error] [pid 32003] [client 158.173.36.12:0] script '/domains/piltdweb1/x.php' not found or unable to stat
[Thu Feb 12 03:39:45.799108 2026] [php:error] [pid 32015] [client 158.173.36.124:0] script '/domains/mschmid/ioxi-o.php' not found or unable to stat
[Thu Feb 12 03:39:45.874016 2026] [php:error] [pid 31926] [client 158.173.36.4:0] script '/domains/hdickens.enteract/jp.php' not found or unable to stat
[Thu Feb 12 03:39:45.874044 2026] [php:error] [pid 31979] [client 158.173.36.4:0] script '/domains/markrose/edit.php' not found or unable to stat
[Thu Feb 12 03:39:45.874725 2026] [php:error] [pid 31980] [client 158.173.36.70:0] script '/domains/peterbmiller/file2.php' not found or unable to stat
[Thu Feb 12 03:39:45.949736 2026] [php:error] [pid 31998] [client 158.173.36.68:0] script '/domains/egmaweb/edit.php' not found or unable to stat
[Thu Feb 12 03:39:45.951652 2026] [php:error] [pid 32012] [client 158.173.36.68:0] script '/domains/markrose/ab.php' not found or unable to stat
[Thu Feb 12 03:39:45.951846 2026] [php:error] [pid 32015] [client 158.173.36.124:0] script '/domains/mschmid/info.php' not found or unable to stat
[Thu Feb 12 03:39:46.019948 2026] [php:error] [pid 31926] [client 158.173.36.4:0] script '/domains/hdickens.enteract/wp-atom.php' not found or unable to stat
[Thu Feb 12 03:39:46.043855 2026] [php:error] [pid 31986] [client 158.173.36.31:0] script '/domains/wsmith.enteract/up.php' not found or unable to stat
[Thu Feb 12 03:39:46.118540 2026] [php:error] [pid 32015] [client 158.173.36.124:0] script '/domains/mschmid/setup.php' not found or unable to stat
[Thu Feb 12 03:39:46.119070 2026] [php:error] [pid 31987] [client 158.173.36.134:0] script '/domains/awciii/atomlib.php' not found or unable to stat
[Thu Feb 12 03:39:46.119122 2026] [php:error] [pid 32003] [client 158.173.36.12:0] script '/domains/piltdweb1/css/index.php' not found or unable to stat
[Thu Feb 12 03:39:46.119218 2026] [php:error] [pid 32000] [client 158.173.36.31:0] script '/domains/ebon/ini.php' not found or unable to stat
[Thu Feb 12 03:39:46.135303 2026] [php:error] [pid 32013] [client 158.173.36.169:0] script '/domains/ecernstelectric/wp-content.php' not found or unable to stat
[Thu Feb 12 03:39:46.150379 2026] [php:error] [pid 32004] [client 158.173.36.124:0] script '/domains/astrosfm/class.api.php' not found or unable to stat
[Thu Feb 12 03:39:46.198406 2026] [php:error] [pid 31980] [client 158.173.36.70:0] script '/domains/peterbmiller/alfa.php' not found or unable to stat
[Thu Feb 12 03:39:46.336082 2026] [php:error] [pid 32002] [client 158.173.36.217:0] script '/domains/hdickens.enteract/ioxi-o.php' not found or unable to stat
[Thu Feb 12 03:39:46.337931 2026] [php:error] [pid 31979] [client 158.173.36.4:0] script '/domains/markrose/wp-links-opml.php' not found or unable to stat
[Thu Feb 12 03:39:46.338327 2026] [php:error] [pid 31926] [client 158.173.36.4:0] script '/domains/hdickens.enteract/up.php' not found or unable to stat
[Thu Feb 12 03:39:46.409298 2026] [php:error] [pid 31990] [client 158.173.36.124:0] script '/domains/system_suspended/ff2.php' not found or unable to stat
[Thu Feb 12 03:39:46.443540 2026] [php:error] [pid 31998] [client 158.173.36.68:0] script '/domains/egmaweb/wp-links-opml.php' not found or unable to stat
[Thu Feb 12 03:39:46.444504 2026] [php:error] [pid 32012] [client 158.173.36.68:0] script '/domains/markrose/doc.php' not found or unable to stat
[Thu Feb 12 03:39:46.447826 2026] [php:error] [pid 32003] [client 158.173.36.12:0] script '/domains/piltdweb1/wp-user.php' not found or unable to stat
[Thu Feb 12 03:39:46.469275 2026] [php:error] [pid 32002] [client 158.173.36.217:0] script '/domains/hdickens.enteract/info.php' not found or unable to stat
[Thu Feb 12 03:39:46.631884 2026] [php:error] [pid 32002] [client 158.173.36.217:0] script '/domains/hdickens.enteract/setup.php' not found or unable to stat
[Thu Feb 12 03:39:46.635672 2026] [php:error] [pid 32004] [client 158.173.36.124:0] script '/domains/astrosfm/system_log.php' not found or unable to stat
[Thu Feb 12 03:39:46.637347 2026] [php:error] [pid 31979] [client 158.173.36.4:0] script '/domains/markrose/atomlib.php' not found or unable to stat
[Thu Feb 12 03:39:46.747010 2026] [php:error] [pid 31998] [client 158.173.36.68:0] script '/domains/egmaweb/atomlib.php' not found or unable to stat
[Thu Feb 12 03:39:46.777264 2026] [php:error] [pid 32004] [client 158.173.36.124:0] script '/domains/astrosfm/.alf.php' not found or unable to stat
[Thu Feb 12 03:39:46.918246 2026] [php:error] [pid 32015] [client 158.173.36.124:0] script '/domains/mschmid/as.php' not found or unable to stat
[Thu Feb 12 03:39:46.918358 2026] [php:error] [pid 32012] [client 158.173.36.68:0] script '/domains/markrose/wp-login.php' not found or unable to stat
[Thu Feb 12 03:39:46.943026 2026] [php:error] [pid 32004] [client 158.173.36.124:0] script '/domains/astrosfm/wso.php' not found or unable to stat
[Thu Feb 12 03:39:46.943156 2026] [php:error] [pid 32016] [client 158.173.36.169:0] script '/domains/mjbradley/ff2.php' not found or unable to stat
[Thu Feb 12 03:39:46.943713 2026] [php:error] [pid 31926] [client 158.173.36.4:0] script '/domains/hdickens.enteract/js/wp-login.php' not found or unable to stat
[Thu Feb 12 03:39:46.981925 2026] [php:error] [pid 31987] [client 158.173.36.134:0] script '/domains/awciii/xp.php' not found or unable to stat
[Thu Feb 12 03:39:46.984893 2026] [php:error] [pid 32003] [client 158.173.36.12:0] script '/domains/piltdweb1/config.php' not found or unable to stat
[Thu Feb 12 03:39:47.024088 2026] [php:error] [pid 31990] [client 158.173.36.124:0] script '/domains/system_suspended/jp.php' not found or unable to stat
[Thu Feb 12 03:39:47.052898 2026] [php:error] [pid 32013] [client 158.173.36.169:0] script '/domains/ecernstelectric/customize.php' not found or unable to stat
[Thu Feb 12 03:39:47.091346 2026] [php:error] [pid 31986] [client 158.173.36.31:0] script '/domains/wsmith.enteract/worm.PhP' not found or unable to stat
[Thu Feb 12 03:39:47.111575 2026] [php:error] [pid 32012] [client 158.173.36.68:0] script '/domains/markrose/mar.php' not found or unable to stat
[Thu Feb 12 03:39:47.111626 2026] [php:error] [pid 32015] [client 158.173.36.124:0] script '/domains/mschmid/cc.php' not found or unable to stat
[Thu Feb 12 03:39:47.127469 2026] [php:error] [pid 31996] [client 158.173.36.241:0] script '/domains/nlyfoods/byp.php' not found or unable to stat
[Thu Feb 12 03:39:47.190063 2026] [php:error] [pid 32003] [client 158.173.36.12:0] script '/domains/piltdweb1/special.php' not found or unable to stat
[Thu Feb 12 03:39:47.206439 2026] [php:error] [pid 31990] [client 158.173.36.124:0] script '/domains/system_suspended/wp-atom.php' not found or unable to stat
[Thu Feb 12 03:39:47.263053 2026] [php:error] [pid 32013] [client 158.173.36.169:0] script '/domains/ecernstelectric/license.php' not found or unable to stat
[Thu Feb 12 03:39:47.285183 2026] [php:error] [pid 31986] [client 158.173.36.31:0] script '/domains/wsmith.enteract/ext.php' not found or unable to stat
[Thu Feb 12 03:39:47.325077 2026] [php:error] [pid 32004] [client 158.173.36.124:0] script '/domains/astrosfm/flower.php' not found or unable to stat
[Thu Feb 12 03:39:47.325312 2026] [php:error] [pid 31926] [client 158.173.36.4:0] script '/domains/hdickens.enteract/worm.PhP' not found or unable to stat
[Thu Feb 12 03:39:47.459153 2026] [php:error] [pid 31986] [client 158.173.36.31:0] script '/domains/wsmith.enteract/delpaths.php' not found or unable to stat
[Thu Feb 12 03:39:47.460449 2026] [php:error] [pid 32002] [client 158.173.36.217:0] script '/domains/hdickens.enteract/as.php' not found or unable to stat
[Thu Feb 12 03:39:47.505718 2026] [php:error] [pid 31926] [client 158.173.36.4:0] script '/domains/hdickens.enteract/ext.php' not found or unable to stat
[Thu Feb 12 03:39:47.505901 2026] [php:error] [pid 31979] [client 158.173.36.4:0] script '/domains/markrose/xp.php' not found or unable to stat
[Thu Feb 12 03:39:47.506196 2026] [php:error] [pid 32015] [client 158.173.36.124:0] script '/domains/mschmid/ab.php' not found or unable to stat
[Thu Feb 12 03:39:47.586389 2026] [php:error] [pid 31990] [client 158.173.36.124:0] script '/domains/system_suspended/up.php' not found or unable to stat
[Thu Feb 12 03:39:47.587774 2026] [php:error] [pid 31987] [client 158.173.36.134:0] script '/domains/awciii/wp-links.php' not found or unable to stat
[Thu Feb 12 03:39:47.628954 2026] [php:error] [pid 32002] [client 158.173.36.217:0] script '/domains/hdickens.enteract/cc.php' not found or unable to stat
[Thu Feb 12 03:39:47.629168 2026] [php:error] [pid 31980] [client 158.173.36.70:0] script '/domains/peterbmiller/edit.php' not found or unable to stat
[Thu Feb 12 03:39:47.678354 2026] [php:error] [pid 32016] [client 158.173.36.169:0] script '/domains/mjbradley/jp.php' not found or unable to stat
[Thu Feb 12 03:39:47.681398 2026] [php:error] [pid 31926] [client 158.173.36.4:0] script '/domains/hdickens.enteract/delpaths.php' not found or unable to stat
[Thu Feb 12 03:39:47.690431 2026] [php:error] [pid 31998] [client 158.173.36.68:0] script '/domains/egmaweb/xp.php' not found or unable to stat
[Thu Feb 12 03:39:47.690452 2026] [php:error] [pid 32012] [client 158.173.36.68:0] script '/domains/markrose/1.php' not found or unable to stat
[Thu Feb 12 03:39:47.693356 2026] [php:error] [pid 32013] [client 158.173.36.169:0] script '/domains/ecernstelectric/lock.php' not found or unable to stat
[Thu Feb 12 03:39:47.835326 2026] [php:error] [pid 32016] [client 158.173.36.169:0] script '/domains/mjbradley/wp-atom.php' not found or unable to stat
[Thu Feb 12 03:39:48.035059 2026] [php:error] [pid 32002] [client 158.173.36.217:0] script '/domains/hdickens.enteract/ab.php' not found or unable to stat
[Thu Feb 12 03:39:48.091025 2026] [php:error] [pid 32015] [client 158.173.36.124:0] script '/domains/mschmid/doc.php' not found or unable to stat
[Thu Feb 12 03:39:48.260111 2026] [php:error] [pid 31993] [client 158.173.36.164:0] script '/domains/ebon/wp-content.php' not found or unable to stat
[Thu Feb 12 03:39:48.262662 2026] [php:error] [pid 32004] [client 158.173.36.124:0] script '/domains/astrosfm/ioxi-o.php' not found or unable to stat
[Thu Feb 12 03:39:48.316208 2026] [php:error] [pid 31979] [client 158.173.36.4:0] script '/domains/markrose/wp-links.php' not found or unable to stat
[Thu Feb 12 03:39:48.450815 2026] [php:error] [pid 32016] [client 158.173.36.169:0] script '/domains/mjbradley/up.php' not found or unable to stat
[Thu Feb 12 03:39:48.450836 2026] [php:error] [pid 32004] [client 158.173.36.124:0] script '/domains/astrosfm/info.php' not found or unable to stat
[Thu Feb 12 03:39:48.496232 2026] [php:error] [pid 31998] [client 158.173.36.68:0] script '/domains/egmaweb/wp-links.php' not found or unable to stat
[Thu Feb 12 03:39:48.578324 2026] [php:error] [pid 32002] [client 158.173.36.217:0] script '/domains/hdickens.enteract/doc.php' not found or unable to stat
[Thu Feb 12 03:39:48.578534 2026] [php:error] [pid 32004] [client 158.173.36.124:0] script '/domains/astrosfm/setup.php' not found or unable to stat
[Thu Feb 12 03:39:48.645128 2026] [php:error] [pid 31990] [client 158.173.36.124:0] script '/domains/system_suspended/worm.PhP' not found or unable to stat
[Thu Feb 12 03:39:48.646403 2026] [php:error] [pid 32015] [client 158.173.36.124:0] script '/domains/mschmid/wp-login.php' not found or unable to stat
[Thu Feb 12 03:39:48.646419 2026] [php:error] [pid 31980] [client 158.173.36.70:0] script '/domains/peterbmiller/wp-links-opml.php' not found or unable to stat
[Thu Feb 12 03:39:48.729098 2026] [php:error] [pid 31996] [client 158.173.36.241:0] script '/domains/nlyfoods/class.api.php' not found or unable to stat
[Thu Feb 12 03:39:48.815071 2026] [php:error] [pid 31990] [client 158.173.36.124:0] script '/domains/system_suspended/ext.php' not found or unable to stat
[Thu Feb 12 03:39:48.815430 2026] [php:error] [pid 31986] [client 158.173.36.31:0] script '/domains/wsmith.enteract/gifclass.php' not found or unable to stat
[Thu Feb 12 03:39:48.816307 2026] [php:error] [pid 32015] [client 158.173.36.124:0] script '/domains/mschmid/mar.php' not found or unable to stat
[Thu Feb 12 03:39:48.981173 2026] [php:error] [pid 31990] [client 158.173.36.124:0] script '/domains/system_suspended/delpaths.php' not found or unable to stat
[Thu Feb 12 03:39:49.004551 2026] [php:error] [pid 31980] [client 158.173.36.70:0] script '/domains/peterbmiller/atomlib.php' not found or unable to stat
[Thu Feb 12 03:39:49.009863 2026] [php:error] [pid 31986] [client 158.173.36.31:0] script '/domains/wsmith.enteract/plugin.php' not found or unable to stat
[Thu Feb 12 03:39:49.061733 2026] [php:error] [pid 32002] [client 158.173.36.217:0] script '/domains/hdickens.enteract/wp-login.php' not found or unable to stat
[Thu Feb 12 03:39:49.088714 2026] [php:error] [pid 31993] [client 158.173.36.164:0] script '/domains/ebon/customize.php' not found or unable to stat
[Thu Feb 12 03:39:49.210002 2026] [php:error] [pid 32012] [client 158.173.36.68:0] script '/domains/markrose/fm.php' not found or unable to stat
[Thu Feb 12 03:39:49.212073 2026] [php:error] [pid 32002] [client 158.173.36.217:0] script '/domains/hdickens.enteract/mar.php' not found or unable to stat
[Thu Feb 12 03:39:49.213786 2026] [php:error] [pid 31996] [client 158.173.36.241:0] script '/domains/nlyfoods/system_log.php' not found or unable to stat
[Thu Feb 12 03:39:49.215672 2026] [php:error] [pid 31926] [client 158.173.36.4:0] script '/domains/hdickens.enteract/gifclass.php' not found or unable to stat
[Thu Feb 12 03:39:49.230263 2026] [php:error] [pid 32013] [client 158.173.36.169:0] script '/domains/ecernstelectric/wp-good.php' not found or unable to stat
[Thu Feb 12 03:39:49.259994 2026] [php:error] [pid 31993] [client 158.173.36.164:0] script '/domains/ebon/license.php' not found or unable to stat
[Thu Feb 12 03:39:49.379836 2026] [php:error] [pid 32001] [client 158.173.36.245:0] script '/domains/piltdweb1/webdb.php' not found or unable to stat
[Thu Feb 12 03:39:49.380011 2026] [php:error] [pid 32016] [client 158.173.36.169:0] script '/domains/mjbradley/worm.PhP' not found or unable to stat
[Thu Feb 12 03:39:49.382114 2026] [php:error] [pid 32004] [client 158.173.36.124:0] script '/domains/astrosfm/as.php' not found or unable to stat
[Thu Feb 12 03:39:49.383903 2026] [php:error] [pid 31996] [client 158.173.36.241:0] script '/domains/nlyfoods/.alf.php' not found or unable to stat
[Thu Feb 12 03:39:49.384258 2026] [php:error] [pid 31986] [client 158.173.36.31:0] script '/domains/wsmith.enteract/update-core.php' not found or unable to stat
[Thu Feb 12 03:39:49.384305 2026] [php:error] [pid 31926] [client 158.173.36.4:0] script '/domains/hdickens.enteract/plugin.php' not found or unable to stat
[Thu Feb 12 03:39:49.442422 2026] [php:error] [pid 32015] [client 158.173.36.124:0] script '/domains/mschmid/1.php' not found or unable to stat
[Thu Feb 12 03:39:49.543204 2026] [php:error] [pid 32004] [client 158.173.36.124:0] script '/domains/astrosfm/cc.php' not found or unable to stat
[Thu Feb 12 03:39:49.543273 2026] [php:error] [pid 31996] [client 158.173.36.241:0] script '/domains/nlyfoods/wso.php' not found or unable to stat
[Thu Feb 12 03:39:49.543300 2026] [php:error] [pid 32016] [client 158.173.36.169:0] script '/domains/mjbradley/ext.php' not found or unable to stat
[Thu Feb 12 03:39:49.603873 2026] [php:error] [pid 31993] [client 158.173.36.164:0] script '/domains/ebon/lock.php' not found or unable to stat
[Thu Feb 12 03:39:49.682064 2026] [php:error] [pid 32002] [client 158.173.36.217:0] script '/domains/hdickens.enteract/1.php' not found or unable to stat
[Thu Feb 12 03:39:49.682676 2026] [php:error] [pid 32016] [client 158.173.36.169:0] script '/domains/mjbradley/delpaths.php' not found or unable to stat
[Thu Feb 12 03:39:49.682697 2026] [php:error] [pid 32001] [client 158.173.36.245:0] script '/domains/piltdweb1/file2.php' not found or unable to stat
[Thu Feb 12 03:39:49.683265 2026] [php:error] [pid 31926] [client 158.173.36.4:0] script '/domains/hdickens.enteract/update-core.php' not found or unable to stat
[Thu Feb 12 03:39:49.707301 2026] [php:error] [pid 31986] [client 158.173.36.31:0] script '/domains/wsmith.enteract/wp-mail.php' not found or unable to stat
[Thu Feb 12 03:39:49.760708 2026] [php:error] [pid 31987] [client 158.173.36.134:0] script '/domains/awciii/moon.php' not found or unable to stat
[Thu Feb 12 03:39:49.836921 2026] [php:error] [pid 32004] [client 158.173.36.124:0] script '/domains/astrosfm/ab.php' not found or unable to stat
[Thu Feb 12 03:39:49.845674 2026] [php:error] [pid 31996] [client 158.173.36.241:0] script '/domains/nlyfoods/flower.php' not found or unable to stat
[Thu Feb 12 03:39:49.880262 2026] [php:error] [pid 31980] [client 158.173.36.70:0] script '/domains/peterbmiller/xp.php' not found or unable to stat
[Thu Feb 12 03:39:49.880755 2026] [php:error] [pid 32012] [client 158.173.36.68:0] script '/domains/markrose/ini.php' not found or unable to stat
[Thu Feb 12 03:39:49.954847 2026] [php:error] [pid 31990] [client 158.173.36.124:0] script '/domains/system_suspended/gifclass.php' not found or unable to stat
[Thu Feb 12 03:39:49.994431 2026] [php:error] [pid 31926] [client 158.173.36.4:0] script '/domains/hdickens.enteract/wp-mail.php' not found or unable to stat
[Thu Feb 12 03:39:49.996166 2026] [php:error] [pid 32001] [client 158.173.36.245:0] script '/domains/piltdweb1/alfa.php' not found or unable to stat
[Thu Feb 12 03:39:50.171486 2026] [php:error] [pid 31979] [client 158.173.36.4:0] script '/domains/markrose/moon.php' not found or unable to stat
[Thu Feb 12 03:39:50.185092 2026] [php:error] [pid 31990] [client 158.173.36.124:0] script '/domains/system_suspended/plugin.php' not found or unable to stat
[Thu Feb 12 03:39:50.269502 2026] [php:error] [pid 32002] [client 158.173.36.217:0] script '/domains/hdickens.enteract/js/fm.php' not found or unable to stat
[Thu Feb 12 03:39:50.418783 2026] [php:error] [pid 31987] [client 158.173.36.134:0] script '/domains/awciii/webadmin.php' not found or unable to stat
[Thu Feb 12 03:39:50.471500 2026] [php:error] [pid 32004] [client 158.173.36.124:0] script '/domains/astrosfm/doc.php' not found or unable to stat
[Thu Feb 12 03:39:50.539927 2026] [php:error] [pid 31998] [client 158.173.36.68:0] script '/domains/egmaweb/moon.php' not found or unable to stat
[Thu Feb 12 03:39:50.540180 2026] [php:error] [pid 31980] [client 158.173.36.70:0] script '/domains/peterbmiller/wp-links.php' not found or unable to stat
[Thu Feb 12 03:39:50.614215 2026] [php:error] [pid 31990] [client 158.173.36.124:0] script '/domains/system_suspended/update-core.php' not found or unable to stat
[Thu Feb 12 03:39:50.657309 2026] [php:error] [pid 31996] [client 158.173.36.241:0] script '/domains/nlyfoods/ioxi-o.php' not found or unable to stat
[Thu Feb 12 03:39:50.704934 2026] [php:error] [pid 31979] [client 158.173.36.4:0] script '/domains/markrose/webadmin.php' not found or unable to stat
[Thu Feb 12 03:39:50.799519 2026] [php:error] [pid 32016] [client 158.173.36.169:0] script '/domains/mjbradley/gifclass.php' not found or unable to stat
[Thu Feb 12 03:39:50.801329 2026] [php:error] [pid 31996] [client 158.173.36.241:0] script '/domains/nlyfoods/info.php' not found or unable to stat
[Thu Feb 12 03:39:50.851136 2026] [php:error] [pid 32013] [client 158.173.36.169:0] script '/domains/ecernstelectric/ff2.php' not found or unable to stat
[Thu Feb 12 03:39:50.944135 2026] [php:error] [pid 31990] [client 158.173.36.124:0] script '/domains/system_suspended/wp-mail.php' not found or unable to stat
[Thu Feb 12 03:39:50.945236 2026] [php:error] [pid 31987] [client 158.173.36.134:0] script '/domains/awciii/xl2023.php' not found or unable to stat
[Thu Feb 12 03:39:50.945402 2026] [php:error] [pid 32015] [client 158.173.36.124:0] script '/domains/mschmid/fm.php' not found or unable to stat
[Thu Feb 12 03:39:50.963007 2026] [php:error] [pid 31996] [client 158.173.36.241:0] script '/domains/nlyfoods/setup.php' not found or unable to stat
[Thu Feb 12 03:39:50.964737 2026] [php:error] [pid 32004] [client 158.173.36.124:0] script '/domains/astrosfm/wp-login.php' not found or unable to stat
[Thu Feb 12 03:39:50.964996 2026] [php:error] [pid 32016] [client 158.173.36.169:0] script '/domains/mjbradley/plugin.php' not found or unable to stat
[Thu Feb 12 03:39:50.965214 2026] [php:error] [pid 31993] [client 158.173.36.164:0] script '/domains/ebon/wp-good.php' not found or unable to stat
[Thu Feb 12 03:39:51.039695 2026] [php:error] [pid 31998] [client 158.173.36.68:0] script '/domains/egmaweb/webadmin.php' not found or unable to stat
[Thu Feb 12 03:39:51.111311 2026] [php:error] [pid 31987] [client 158.173.36.134:0] script '/domains/awciii/go.php' not found or unable to stat
[Thu Feb 12 03:39:51.124766 2026] [php:error] [pid 32004] [client 158.173.36.124:0] script '/domains/astrosfm/mar.php' not found or unable to stat
[Thu Feb 12 03:39:51.130840 2026] [php:error] [pid 32002] [client 158.173.36.217:0] script '/domains/hdickens.enteract/fm.php' not found or unable to stat
[Thu Feb 12 03:39:51.151295 2026] [php:error] [pid 31979] [client 158.173.36.4:0] script '/domains/markrose/xl2023.php' not found or unable to stat
[Thu Feb 12 03:39:51.307478 2026] [php:error] [pid 32016] [client 158.173.36.169:0] script '/domains/mjbradley/update-core.php' not found or unable to stat
[Thu Feb 12 03:39:51.334459 2026] [php:error] [pid 31979] [client 158.173.36.4:0] script '/domains/markrose/go.php' not found or unable to stat
[Thu Feb 12 03:39:51.478348 2026] [php:error] [pid 32001] [client 158.173.36.245:0] script '/domains/piltdweb1/edit.php' not found or unable to stat
[Thu Feb 12 03:39:51.586041 2026] [php:error] [pid 31998] [client 158.173.36.68:0] script '/domains/egmaweb/xl2023.php' not found or unable to stat
[Thu Feb 12 03:39:51.621248 2026] [php:error] [pid 32013] [client 158.173.36.169:0] script '/domains/ecernstelectric/jp.php' not found or unable to stat
[Thu Feb 12 03:39:51.662963 2026] [php:error] [pid 32004] [client 158.173.36.124:0] script '/domains/astrosfm/1.php' not found or unable to stat
[Thu Feb 12 03:39:51.663063 2026] [php:error] [pid 32016] [client 158.173.36.169:0] script '/domains/mjbradley/wp-mail.php' not found or unable to stat
[Thu Feb 12 03:39:51.665926 2026] [php:error] [pid 32015] [client 158.173.36.124:0] script '/domains/mschmid/ini.php' not found or unable to stat
[Thu Feb 12 03:39:51.733540 2026] [php:error] [pid 31998] [client 158.173.36.68:0] script '/domains/egmaweb/go.php' not found or unable to stat
[Thu Feb 12 03:39:51.789703 2026] [php:error] [pid 32013] [client 158.173.36.169:0] script '/domains/ecernstelectric/wp-atom.php' not found or unable to stat
[Thu Feb 12 03:39:51.809058 2026] [php:error] [pid 31996] [client 158.173.36.241:0] script '/domains/nlyfoods/as.php' not found or unable to stat
[Thu Feb 12 03:39:51.809062 2026] [php:error] [pid 32002] [client 158.173.36.217:0] script '/domains/hdickens.enteract/ini.php' not found or unable to stat
[Thu Feb 12 03:39:51.812823 2026] [php:error] [pid 32017] [client 158.173.36.227:0] script '/domains/wsmith.enteract/aa.php' not found or unable to stat
[Thu Feb 12 03:39:51.915928 2026] [php:error] [pid 32003] [client 158.173.36.57:0] script '/domains/markrose/wp-content.php' not found or unable to stat
[Thu Feb 12 03:39:51.969228 2026] [php:error] [pid 31996] [client 158.173.36.241:0] script '/domains/nlyfoods/cc.php' not found or unable to stat
[Thu Feb 12 03:39:51.969528 2026] [php:error] [pid 32001] [client 158.173.36.245:0] script '/domains/piltdweb1/wp-links-opml.php' not found or unable to stat
[Thu Feb 12 03:39:51.972754 2026] [php:error] [pid 31986] [client 158.173.36.230:0] script '/domains/hdickens.enteract/aa.php' not found or unable to stat
[Thu Feb 12 03:39:51.976947 2026] [php:error] [pid 32017] [client 158.173.36.227:0] script '/domains/wsmith.enteract/index2.php' not found or unable to stat
[Thu Feb 12 03:39:52.190932 2026] [php:error] [pid 31986] [client 158.173.36.230:0] script '/domains/hdickens.enteract/index2.php' not found or unable to stat
[Thu Feb 12 03:39:52.204061 2026] [php:error] [pid 32013] [client 158.173.36.169:0] script '/domains/ecernstelectric/up.php' not found or unable to stat
[Thu Feb 12 03:39:52.254029 2026] [cgi:error] [pid 31987] [client 158.173.36.134:0] AH02811: stderr from /domains/awciii/cgi-bin/index.php: script not found or unable to stat
[Thu Feb 12 03:39:52.380847 2026] [php:error] [pid 32001] [client 158.173.36.245:0] script '/domains/piltdweb1/atomlib.php' not found or unable to stat
[Thu Feb 12 03:39:52.381111 2026] [php:error] [pid 31996] [client 158.173.36.241:0] script '/domains/nlyfoods/ab.php' not found or unable to stat
[Thu Feb 12 03:39:52.513845 2026] [php:error] [pid 31980] [client 158.173.36.70:0] script '/domains/peterbmiller/moon.php' not found or unable to stat
[Thu Feb 12 03:39:52.513862 2026] [php:error] [pid 31993] [client 158.173.36.164:0] script '/domains/ebon/ff2.php' not found or unable to stat
[Thu Feb 12 03:39:52.955722 2026] [php:error] [pid 32003] [client 158.173.36.57:0] script '/domains/markrose/customize.php' not found or unable to stat
[Thu Feb 12 03:39:52.956186 2026] [php:error] [pid 32017] [client 158.173.36.227:0] script '/domains/wsmith.enteract/shell.php' not found or unable to stat
[Thu Feb 12 03:39:53.068313 2026] [php:error] [pid 32013] [client 158.173.36.169:0] script '/domains/ecernstelectric/js/wp-login.php' not found or unable to stat
[Thu Feb 12 03:39:53.070016 2026] [php:error] [pid 31996] [client 158.173.36.241:0] script '/domains/nlyfoods/doc.php' not found or unable to stat
[Thu Feb 12 03:39:53.075980 2026] [php:error] [pid 31926] [client 158.173.36.80:0] script '/domains/system_suspended/aa.php' not found or unable to stat
[Thu Feb 12 03:39:53.100032 2026] [php:error] [pid 32003] [client 158.173.36.57:0] script '/domains/markrose/license.php' not found or unable to stat
[Thu Feb 12 03:39:53.100865 2026] [php:error] [pid 31986] [client 158.173.36.230:0] script '/domains/hdickens.enteract/shell.php' not found or unable to stat
[Thu Feb 12 03:39:53.293228 2026] [php:error] [pid 31980] [client 158.173.36.70:0] script '/domains/peterbmiller/webadmin.php' not found or unable to stat
[Thu Feb 12 03:39:53.310839 2026] [php:error] [pid 32004] [client 158.173.36.124:0] script '/domains/astrosfm/fm.php' not found or unable to stat
[Thu Feb 12 03:39:53.351963 2026] [php:error] [pid 31926] [client 158.173.36.80:0] script '/domains/system_suspended/index2.php' not found or unable to stat
[Thu Feb 12 03:39:53.507613 2026] [php:error] [pid 32001] [client 158.173.36.245:0] script '/domains/piltdweb1/xp.php' not found or unable to stat
[Thu Feb 12 03:39:53.555007 2026] [php:error] [pid 32013] [client 158.173.36.169:0] script '/domains/ecernstelectric/worm.PhP' not found or unable to stat
[Thu Feb 12 03:39:53.575886 2026] [php:error] [pid 31993] [client 158.173.36.164:0] script '/domains/ebon/jp.php' not found or unable to stat
[Thu Feb 12 03:39:53.689778 2026] [php:error] [pid 31996] [client 158.173.36.241:0] script '/domains/nlyfoods/wp-login.php' not found or unable to stat
[Thu Feb 12 03:39:53.763226 2026] [php:error] [pid 32003] [client 158.173.36.57:0] script '/domains/markrose/lock.php' not found or unable to stat
[Thu Feb 12 03:39:53.763464 2026] [php:error] [pid 31993] [client 158.173.36.164:0] script '/domains/ebon/wp-atom.php' not found or unable to stat
[Thu Feb 12 03:39:53.775991 2026] [php:error] [pid 32013] [client 158.173.36.169:0] script '/domains/ecernstelectric/ext.php' not found or unable to stat
[Thu Feb 12 03:39:53.835171 2026] [php:error] [pid 31996] [client 158.173.36.241:0] script '/domains/nlyfoods/mar.php' not found or unable to stat
[Thu Feb 12 03:39:53.920159 2026] [php:error] [pid 32012] [client 158.173.36.63:0] script '/domains/mjbradley/aa.php' not found or unable to stat
[Thu Feb 12 03:39:53.936498 2026] [php:error] [pid 32013] [client 158.173.36.169:0] script '/domains/ecernstelectric/delpaths.php' not found or unable to stat
[Thu Feb 12 03:39:53.952108 2026] [php:error] [pid 32016] [client 158.173.36.63:0] script '/domains/mschmid/wp-content.php' not found or unable to stat
[Thu Feb 12 03:39:54.010116 2026] [php:error] [pid 32001] [client 158.173.36.245:0] script '/domains/piltdweb1/wp-links.php' not found or unable to stat
[Thu Feb 12 03:39:54.201819 2026] [php:error] [pid 32012] [client 158.173.36.63:0] script '/domains/mjbradley/index2.php' not found or unable to stat
[Thu Feb 12 03:39:54.201820 2026] [php:error] [pid 32017] [client 158.173.36.227:0] script '/domains/wsmith.enteract/hehe.php' not found or unable to stat
[Thu Feb 12 03:39:54.410577 2026] [php:error] [pid 31980] [client 158.173.36.70:0] script '/domains/peterbmiller/xl2023.php' not found or unable to stat
[Thu Feb 12 03:39:54.499266 2026] [php:error] [pid 31990] [client 158.173.36.134:0] script '/domains/hdickens.enteract/wp-content.php' not found or unable to stat
[Thu Feb 12 03:39:54.571427 2026] [php:error] [pid 31996] [client 158.173.36.241:0] script '/domains/nlyfoods/1.php' not found or unable to stat
[Thu Feb 12 03:39:54.614228 2026] [php:error] [pid 31993] [client 158.173.36.164:0] script '/domains/ebon/up.php' not found or unable to stat
[Thu Feb 12 03:39:54.630134 2026] [php:error] [pid 31980] [client 158.173.36.70:0] script '/domains/peterbmiller/go.php' not found or unable to stat
[Thu Feb 12 03:39:54.655460 2026] [php:error] [pid 31986] [client 158.173.36.230:0] script '/domains/hdickens.enteract/hehe.php' not found or unable to stat
[Thu Feb 12 03:39:54.783753 2026] [php:error] [pid 32004] [client 158.173.36.124:0] script '/domains/astrosfm/ini.php' not found or unable to stat
[Thu Feb 12 03:39:54.788876 2026] [php:error] [pid 32017] [client 158.173.36.227:0] script '/domains/wsmith.enteract/dir.php' not found or unable to stat
[Thu Feb 12 03:39:54.794500 2026] [php:error] [pid 31926] [client 158.173.36.80:0] script '/domains/system_suspended/shell.php' not found or unable to stat
[Thu Feb 12 03:39:54.944957 2026] [php:error] [pid 31987] [client 158.173.36.134:0] script '/domains/awciii/hehehehe.php' not found or unable to stat
[Thu Feb 12 03:39:54.948610 2026] [php:error] [pid 31986] [client 158.173.36.230:0] script '/domains/hdickens.enteract/css/slider.php' not found or unable to stat
[Thu Feb 12 03:39:54.975869 2026] [php:error] [pid 32016] [client 158.173.36.63:0] script '/domains/mschmid/customize.php' not found or unable to stat
