[Thu Feb 12 03:37:32.411616 2026] [php:error] [pid 31978] [client 20.89.56.154:0] script '/domains/bburke/wp-good.php' not found or unable to stat
[Thu Feb 12 03:37:32.737083 2026] [php:error] [pid 31978] [client 20.89.56.154:0] script '/domains/bburke/styles.php' not found or unable to stat
[Thu Feb 12 03:37:32.900272 2026] [php:error] [pid 31978] [client 20.89.56.154:0] script '/domains/bburke/elp.php' not found or unable to stat
[Thu Feb 12 03:37:33.225800 2026] [php:error] [pid 31978] [client 20.89.56.154:0] script '/domains/bburke/ty.php' not found or unable to stat
[Thu Feb 12 03:37:33.388335 2026] [php:error] [pid 31978] [client 20.89.56.154:0] script '/domains/bburke/fwe.php' not found or unable to stat
[Thu Feb 12 03:37:33.551332 2026] [php:error] [pid 31978] [client 20.89.56.154:0] script '/domains/bburke/g.php' not found or unable to stat
[Thu Feb 12 03:37:33.713988 2026] [php:error] [pid 31978] [client 20.89.56.154:0] script '/domains/bburke/tx1.php' not found or unable to stat
[Thu Feb 12 03:37:33.877148 2026] [php:error] [pid 31978] [client 20.89.56.154:0] script '/domains/bburke/xv.php' not found or unable to stat
[Thu Feb 12 03:37:34.039755 2026] [php:error] [pid 31978] [client 20.89.56.154:0] script '/domains/bburke/x56.php' not found or unable to stat
[Thu Feb 12 03:37:34.202455 2026] [php:error] [pid 31978] [client 20.89.56.154:0] script '/domains/bburke/htaccess.php' not found or unable to stat
[Thu Feb 12 03:37:34.366592 2026] [php:error] [pid 31978] [client 20.89.56.154:0] script '/domains/bburke/x50.php' not found or unable to stat
[Thu Feb 12 03:37:34.529185 2026] [php:error] [pid 31978] [client 20.89.56.154:0] script '/domains/bburke/fv.php' not found or unable to stat
[Thu Feb 12 03:37:34.691903 2026] [php:error] [pid 31978] [client 20.89.56.154:0] script '/domains/bburke/lsd.php' not found or unable to stat
[Thu Feb 12 03:37:34.854431 2026] [php:error] [pid 31978] [client 20.89.56.154:0] script '/domains/bburke/atx.php' not found or unable to stat
[Thu Feb 12 03:37:35.017175 2026] [php:error] [pid 31978] [client 20.89.56.154:0] script '/domains/bburke/z60.php' not found or unable to stat
[Thu Feb 12 03:37:35.180522 2026] [php:error] [pid 31978] [client 20.89.56.154:0] script '/domains/bburke/m.php' not found or unable to stat
[Thu Feb 12 03:37:35.343202 2026] [php:error] [pid 31978] [client 20.89.56.154:0] script '/domains/bburke/lv.php' not found or unable to stat
[Thu Feb 12 03:37:35.539532 2026] [php:error] [pid 31978] [client 20.89.56.154:0] script '/domains/bburke/css.php' not found or unable to stat
[Thu Feb 12 03:37:35.702457 2026] [php:error] [pid 31978] [client 20.89.56.154:0] script '/domains/bburke/cong.php' not found or unable to stat
[Thu Feb 12 03:37:35.865037 2026] [php:error] [pid 31978] [client 20.89.56.154:0] script '/domains/bburke/w.php' not found or unable to stat
[Thu Feb 12 03:37:36.027869 2026] [php:error] [pid 31978] [client 20.89.56.154:0] script '/domains/bburke/gmo.php' not found or unable to stat
[Thu Feb 12 03:37:36.190315 2026] [php:error] [pid 31978] [client 20.89.56.154:0] script '/domains/bburke/ww1.php' not found or unable to stat
[Thu Feb 12 03:37:36.352854 2026] [php:error] [pid 31978] [client 20.89.56.154:0] script '/domains/bburke/bless5.php' not found or unable to stat
[Thu Feb 12 03:37:36.515581 2026] [php:error] [pid 31978] [client 20.89.56.154:0] script '/domains/bburke/f35.php' not found or unable to stat
[Thu Feb 12 03:37:36.678641 2026] [php:error] [pid 31978] [client 20.89.56.154:0] script '/domains/bburke/juuuu.php' not found or unable to stat
[Thu Feb 12 03:37:36.841431 2026] [php:error] [pid 31978] [client 20.89.56.154:0] script '/domains/bburke/files.php' not found or unable to stat
[Thu Feb 12 03:37:37.004202 2026] [php:error] [pid 31978] [client 20.89.56.154:0] script '/domains/bburke/file7.php' not found or unable to stat
[Thu Feb 12 03:37:37.166858 2026] [php:error] [pid 31978] [client 20.89.56.154:0] script '/domains/bburke/file48.php' not found or unable to stat
[Thu Feb 12 03:37:37.329506 2026] [php:error] [pid 31978] [client 20.89.56.154:0] script '/domains/bburke/new4.php' not found or unable to stat
[Thu Feb 12 03:37:37.493429 2026] [php:error] [pid 31978] [client 20.89.56.154:0] script '/domains/bburke/pop.php' not found or unable to stat
[Thu Feb 12 03:37:37.655970 2026] [php:error] [pid 31978] [client 20.89.56.154:0] script '/domains/bburke/file9.php' not found or unable to stat
[Thu Feb 12 03:37:38.400252 2026] [php:error] [pid 31979] [client 20.199.106.40:0] script '/domains/astrosfm/ws66.php' not found or unable to stat
[Thu Feb 12 03:37:38.488474 2026] [php:error] [pid 31979] [client 20.199.106.40:0] script '/domains/astrosfm/666.php' not found or unable to stat
[Thu Feb 12 03:37:38.576454 2026] [php:error] [pid 31979] [client 20.199.106.40:0] script '/domains/astrosfm/wp-admin.php' not found or unable to stat
[Thu Feb 12 03:37:38.664584 2026] [php:error] [pid 31979] [client 20.199.106.40:0] script '/domains/astrosfm/h02ugyh.php' not found or unable to stat
[Thu Feb 12 03:37:38.841578 2026] [php:error] [pid 31979] [client 20.199.106.40:0] script '/domains/astrosfm/fs.php' not found or unable to stat
[Thu Feb 12 03:37:38.929392 2026] [php:error] [pid 31979] [client 20.199.106.40:0] script '/domains/astrosfm/a4.php' not found or unable to stat
[Thu Feb 12 03:37:39.019190 2026] [php:error] [pid 31979] [client 20.199.106.40:0] script '/domains/astrosfm/tfm.php' not found or unable to stat
[Thu Feb 12 03:37:39.107597 2026] [php:error] [pid 31979] [client 20.199.106.40:0] script '/domains/astrosfm/bolt.php' not found or unable to stat
[Thu Feb 12 03:37:39.219451 2026] [php:error] [pid 31979] [client 20.199.106.40:0] script '/domains/astrosfm/8.php' not found or unable to stat
[Thu Feb 12 03:37:39.307436 2026] [php:error] [pid 31979] [client 20.199.106.40:0] script '/domains/astrosfm/aa.php' not found or unable to stat
[Thu Feb 12 03:37:39.395992 2026] [php:error] [pid 31979] [client 20.199.106.40:0] script '/domains/astrosfm/66.php' not found or unable to stat
[Thu Feb 12 03:37:39.494308 2026] [php:error] [pid 31979] [client 20.199.106.40:0] script '/domains/astrosfm/wen.php' not found or unable to stat
[Thu Feb 12 03:37:39.582455 2026] [php:error] [pid 31979] [client 20.199.106.40:0] script '/domains/astrosfm/wp-blogs.php' not found or unable to stat
[Thu Feb 12 03:37:39.793391 2026] [php:error] [pid 31979] [client 20.199.106.40:0] script '/domains/astrosfm/R57.php' not found or unable to stat
[Thu Feb 12 03:37:39.881566 2026] [php:error] [pid 31979] [client 20.199.106.40:0] script '/domains/astrosfm/ccs.php' not found or unable to stat
[Thu Feb 12 03:37:39.969335 2026] [php:error] [pid 31979] [client 20.199.106.40:0] script '/domains/astrosfm/24.php' not found or unable to stat
[Thu Feb 12 03:37:40.117764 2026] [php:error] [pid 31979] [client 20.199.106.40:0] script '/domains/astrosfm/155.php' not found or unable to stat
[Thu Feb 12 03:37:40.205411 2026] [php:error] [pid 31979] [client 20.199.106.40:0] script '/domains/astrosfm/aaa.php' not found or unable to stat
[Thu Feb 12 03:37:40.315914 2026] [php:error] [pid 31979] [client 20.199.106.40:0] script '/domains/astrosfm/bgymj.php' not found or unable to stat
[Thu Feb 12 03:37:40.548666 2026] [php:error] [pid 31979] [client 20.199.106.40:0] script '/domains/astrosfm/06.php' not found or unable to stat
[Thu Feb 12 03:37:40.653648 2026] [php:error] [pid 31979] [client 20.199.106.40:0] script '/domains/astrosfm/ff1.php' not found or unable to stat
[Thu Feb 12 03:37:41.020582 2026] [php:error] [pid 31979] [client 20.199.106.40:0] script '/domains/astrosfm/xxw.php' not found or unable to stat
[Thu Feb 12 03:37:41.109350 2026] [php:error] [pid 31979] [client 20.199.106.40:0] script '/domains/astrosfm/asax.php' not found or unable to stat
[Thu Feb 12 03:37:41.197401 2026] [php:error] [pid 31979] [client 20.199.106.40:0] script '/domains/astrosfm/knmt.php' not found or unable to stat
[Thu Feb 12 03:37:41.285619 2026] [php:error] [pid 31979] [client 20.199.106.40:0] script '/domains/astrosfm/bootstrap.php' not found or unable to stat
[Thu Feb 12 03:37:41.406715 2026] [php:error] [pid 31979] [client 20.199.106.40:0] script '/domains/astrosfm/wp-act.php' not found or unable to stat
[Thu Feb 12 03:37:41.519976 2026] [php:error] [pid 31979] [client 20.199.106.40:0] script '/domains/astrosfm/mini.php' not found or unable to stat
[Thu Feb 12 03:37:41.607994 2026] [php:error] [pid 31979] [client 20.199.106.40:0] script '/domains/astrosfm/166.php' not found or unable to stat
[Thu Feb 12 03:37:41.696692 2026] [php:error] [pid 31979] [client 20.199.106.40:0] script '/domains/astrosfm/file.php' not found or unable to stat
[Thu Feb 12 03:37:41.784932 2026] [php:error] [pid 31979] [client 20.199.106.40:0] script '/domains/astrosfm/zoo.php' not found or unable to stat
[Thu Feb 12 03:37:41.886617 2026] [php:error] [pid 31979] [client 20.199.106.40:0] script '/domains/astrosfm/mcs.php' not found or unable to stat
[Thu Feb 12 03:37:42.140791 2026] [php:error] [pid 31979] [client 20.199.106.40:0] script '/domains/astrosfm/grsiuk.php' not found or unable to stat
[Thu Feb 12 03:37:42.228743 2026] [php:error] [pid 31979] [client 20.199.106.40:0] script '/domains/astrosfm/init.php' not found or unable to stat
[Thu Feb 12 03:37:42.338115 2026] [php:error] [pid 31979] [client 20.199.106.40:0] script '/domains/astrosfm/erty.php' not found or unable to stat
[Thu Feb 12 03:37:42.425961 2026] [php:error] [pid 31979] [client 20.199.106.40:0] script '/domains/astrosfm/term.php' not found or unable to stat
[Thu Feb 12 03:37:42.514203 2026] [php:error] [pid 31979] [client 20.199.106.40:0] script '/domains/astrosfm/t.php' not found or unable to stat
[Thu Feb 12 03:37:42.602611 2026] [php:error] [pid 31979] [client 20.199.106.40:0] script '/domains/astrosfm/inege.php' not found or unable to stat
[Thu Feb 12 03:37:42.697858 2026] [php:error] [pid 31979] [client 20.199.106.40:0] script '/domains/astrosfm/to.php' not found or unable to stat
[Thu Feb 12 03:37:42.785734 2026] [php:error] [pid 31979] [client 20.199.106.40:0] script '/domains/astrosfm/ioxi.php' not found or unable to stat
[Thu Feb 12 03:37:42.873664 2026] [php:error] [pid 31979] [client 20.199.106.40:0] script '/domains/astrosfm/gdn.php' not found or unable to stat
[Thu Feb 12 03:37:42.975445 2026] [php:error] [pid 31979] [client 20.199.106.40:0] script '/domains/astrosfm/lib.php' not found or unable to stat
[Thu Feb 12 03:37:45.088146 2026] [php:error] [pid 31976] [client 160.191.243.61:0] script '/domains/system_default/index.php' not found or unable to stat
[Thu Feb 12 03:37:45.192252 2026] [php:error] [pid 31985] [client 149.102.225.184:0] script '/domains/homesbyaudrey1/xmlrpc.php' not found or unable to stat
[Thu Feb 12 03:37:45.630176 2026] [php:error] [pid 31976] [client 160.191.243.61:0] script '/domains/system_default/index.php' not found or unable to stat
[Thu Feb 12 03:37:45.919672 2026] [php:error] [pid 31976] [client 160.191.243.61:0] script '/domains/system_default/index.php' not found or unable to stat
[Thu Feb 12 03:38:20.647590 2026] [php:error] [pid 31986] [client 72.146.1.154:0] script '/domains/pauljbrock/we.php' not found or unable to stat
[Thu Feb 12 03:38:20.739996 2026] [php:error] [pid 31986] [client 72.146.1.154:0] script '/domains/pauljbrock/a4.php' not found or unable to stat
[Thu Feb 12 03:38:20.903242 2026] [php:error] [pid 31986] [client 72.146.1.154:0] script '/domains/pauljbrock/themes.php' not found or unable to stat
[Thu Feb 12 03:38:21.223452 2026] [php:error] [pid 31986] [client 72.146.1.154:0] script '/domains/pauljbrock/a4.php' not found or unable to stat
[Thu Feb 12 03:38:21.315505 2026] [php:error] [pid 31986] [client 72.146.1.154:0] script '/domains/pauljbrock/luuuf.php' not found or unable to stat
[Thu Feb 12 03:38:21.408678 2026] [php:error] [pid 31986] [client 72.146.1.154:0] script '/domains/pauljbrock/maraz.php' not found or unable to stat
[Thu Feb 12 03:38:21.517710 2026] [php:error] [pid 31986] [client 72.146.1.154:0] script '/domains/pauljbrock/bayss.php' not found or unable to stat
[Thu Feb 12 03:38:21.625060 2026] [php:error] [pid 31986] [client 72.146.1.154:0] script '/domains/pauljbrock/bjfl.php' not found or unable to stat
[Thu Feb 12 03:38:21.942452 2026] [php:error] [pid 31986] [client 72.146.1.154:0] script '/domains/pauljbrock/asd67.php' not found or unable to stat
[Thu Feb 12 03:38:22.058657 2026] [php:error] [pid 31986] [client 72.146.1.154:0] script '/domains/pauljbrock/Geforce.php' not found or unable to stat
[Thu Feb 12 03:38:22.150800 2026] [php:error] [pid 31986] [client 72.146.1.154:0] script '/domains/pauljbrock/wp-k3w6g9s4h2.php' not found or unable to stat
[Thu Feb 12 03:38:22.244121 2026] [php:error] [pid 31986] [client 72.146.1.154:0] script '/domains/pauljbrock/007xx.php' not found or unable to stat
[Thu Feb 12 03:38:22.336071 2026] [php:error] [pid 31986] [client 72.146.1.154:0] script '/domains/pauljbrock/l3gi0n.php' not found or unable to stat
[Thu Feb 12 03:38:22.451184 2026] [php:error] [pid 31986] [client 72.146.1.154:0] script '/domains/pauljbrock/sldnjqlm.php' not found or unable to stat
[Thu Feb 12 03:38:22.543315 2026] [php:error] [pid 31986] [client 72.146.1.154:0] script '/domains/pauljbrock/s3.php' not found or unable to stat
[Thu Feb 12 03:38:22.635347 2026] [php:error] [pid 31986] [client 72.146.1.154:0] script '/domains/pauljbrock/co.php' not found or unable to stat
[Thu Feb 12 03:38:22.872983 2026] [php:error] [pid 31986] [client 72.146.1.154:0] script '/domains/pauljbrock/cmd2.php' not found or unable to stat
[Thu Feb 12 03:38:22.971496 2026] [php:error] [pid 31986] [client 72.146.1.154:0] script '/domains/pauljbrock/qasfrhau.php' not found or unable to stat
[Thu Feb 12 03:38:23.408797 2026] [php:error] [pid 31986] [client 72.146.1.154:0] script '/domains/pauljbrock/lp6.php' not found or unable to stat
[Thu Feb 12 03:38:23.501877 2026] [php:error] [pid 31986] [client 72.146.1.154:0] script '/domains/pauljbrock/f.php' not found or unable to stat
[Thu Feb 12 03:38:23.594710 2026] [php:error] [pid 31986] [client 72.146.1.154:0] script '/domains/pauljbrock/24.php' not found or unable to stat
[Thu Feb 12 03:38:23.699077 2026] [php:error] [pid 31986] [client 72.146.1.154:0] script '/domains/pauljbrock/kolda.php' not found or unable to stat
[Thu Feb 12 03:38:23.802458 2026] [php:error] [pid 31986] [client 72.146.1.154:0] script '/domains/pauljbrock/reujz.php' not found or unable to stat
[Thu Feb 12 03:38:23.914963 2026] [php:error] [pid 31986] [client 72.146.1.154:0] script '/domains/pauljbrock/acfdr.php' not found or unable to stat
[Thu Feb 12 03:38:24.020943 2026] [php:error] [pid 31986] [client 72.146.1.154:0] script '/domains/pauljbrock/php8.php' not found or unable to stat
[Thu Feb 12 03:38:24.251097 2026] [php:error] [pid 31986] [client 72.146.1.154:0] script '/domains/pauljbrock/kgmuq.php' not found or unable to stat
[Thu Feb 12 03:38:24.343132 2026] [php:error] [pid 31986] [client 72.146.1.154:0] script '/domains/pauljbrock/pass4.php' not found or unable to stat
[Thu Feb 12 03:38:24.438014 2026] [php:error] [pid 31986] [client 72.146.1.154:0] script '/domains/pauljbrock/nux.php' not found or unable to stat
[Thu Feb 12 03:38:24.530222 2026] [php:error] [pid 31986] [client 72.146.1.154:0] script '/domains/pauljbrock/fff.php' not found or unable to stat
[Thu Feb 12 03:38:24.759812 2026] [php:error] [pid 31986] [client 72.146.1.154:0] script '/domains/pauljbrock/Okxob.php' not found or unable to stat
[Thu Feb 12 03:38:24.853452 2026] [php:error] [pid 31986] [client 72.146.1.154:0] script '/domains/pauljbrock/wfwdhsjo.php' not found or unable to stat
[Thu Feb 12 03:38:24.945594 2026] [php:error] [pid 31986] [client 72.146.1.154:0] script '/domains/pauljbrock/init.php' not found or unable to stat
[Thu Feb 12 03:38:25.058809 2026] [php:error] [pid 31986] [client 72.146.1.154:0] script '/domains/pauljbrock/sfcl.php' not found or unable to stat
[Thu Feb 12 03:38:25.296445 2026] [php:error] [pid 31986] [client 72.146.1.154:0] script '/domains/pauljbrock/mjq.php' not found or unable to stat
[Thu Feb 12 03:38:25.388657 2026] [php:error] [pid 31986] [client 72.146.1.154:0] script '/domains/pauljbrock/sl.php' not found or unable to stat
[Thu Feb 12 03:38:25.509067 2026] [php:error] [pid 31986] [client 72.146.1.154:0] script '/domains/pauljbrock/flex.php' not found or unable to stat
[Thu Feb 12 03:38:25.601632 2026] [php:error] [pid 31986] [client 72.146.1.154:0] script '/domains/pauljbrock/c4.php' not found or unable to stat
[Thu Feb 12 03:38:25.794735 2026] [php:error] [pid 31986] [client 72.146.1.154:0] script '/domains/pauljbrock/zr.php' not found or unable to stat
[Thu Feb 12 03:38:25.906379 2026] [php:error] [pid 31986] [client 72.146.1.154:0] script '/domains/pauljbrock/themes.php' not found or unable to stat
[Thu Feb 12 03:38:28.498460 2026] [php:error] [pid 31926] [client 158.173.36.160:0] script '/domains/wsmith.enteract/manager.php' not found or unable to stat
[Thu Feb 12 03:38:28.690716 2026] [php:error] [pid 31926] [client 158.173.36.160:0] script '/domains/wsmith.enteract/bless.php' not found or unable to stat
[Thu Feb 12 03:38:28.842174 2026] [php:error] [pid 31926] [client 158.173.36.160:0] script '/domains/wsmith.enteract/O-Simple.php' not found or unable to stat
[Thu Feb 12 03:38:28.999721 2026] [php:error] [pid 31988] [client 158.173.36.169:0] script '/domains/ecernstelectric/manager.php' not found or unable to stat
[Thu Feb 12 03:38:29.008627 2026] [php:error] [pid 31926] [client 158.173.36.160:0] script '/domains/wsmith.enteract/lock360.php' not found or unable to stat
[Thu Feb 12 03:38:29.162303 2026] [php:error] [pid 31926] [client 158.173.36.160:0] script '/domains/wsmith.enteract/zwso.php' not found or unable to stat
[Thu Feb 12 03:38:29.163014 2026] [php:error] [pid 31980] [client 158.173.36.4:0] script '/domains/hdickens.enteract/manager.php' not found or unable to stat
[Thu Feb 12 03:38:29.169354 2026] [php:error] [pid 31988] [client 158.173.36.169:0] script '/domains/ecernstelectric/bless.php' not found or unable to stat
[Thu Feb 12 03:38:29.359561 2026] [php:error] [pid 31980] [client 158.173.36.4:0] script '/domains/hdickens.enteract/bless.php' not found or unable to stat
[Thu Feb 12 03:38:29.380741 2026] [php:error] [pid 31988] [client 158.173.36.169:0] script '/domains/ecernstelectric/O-Simple.php' not found or unable to stat
[Thu Feb 12 03:38:29.608774 2026] [php:error] [pid 31980] [client 158.173.36.4:0] script '/domains/hdickens.enteract/O-Simple.php' not found or unable to stat
[Thu Feb 12 03:38:29.622625 2026] [php:error] [pid 31988] [client 158.173.36.169:0] script '/domains/ecernstelectric/lock360.php' not found or unable to stat
[Thu Feb 12 03:38:29.643298 2026] [php:error] [pid 31926] [client 158.173.36.160:0] script '/domains/wsmith.enteract/chosen.php' not found or unable to stat
[Thu Feb 12 03:38:29.827967 2026] [php:error] [pid 31980] [client 158.173.36.4:0] script '/domains/hdickens.enteract/lock360.php' not found or unable to stat
[Thu Feb 12 03:38:29.843774 2026] [php:error] [pid 31988] [client 158.173.36.169:0] script '/domains/ecernstelectric/zwso.php' not found or unable to stat
[Thu Feb 12 03:38:29.866011 2026] [php:error] [pid 31926] [client 158.173.36.160:0] script '/domains/wsmith.enteract/about.php' not found or unable to stat
[Thu Feb 12 03:38:30.014398 2026] [php:error] [pid 31980] [client 158.173.36.4:0] script '/domains/hdickens.enteract/zwso.php' not found or unable to stat
[Thu Feb 12 03:38:30.043245 2026] [php:error] [pid 31988] [client 158.173.36.169:0] script '/domains/ecernstelectric/chosen.php' not found or unable to stat
[Thu Feb 12 03:38:30.049273 2026] [php:error] [pid 31926] [client 158.173.36.160:0] script '/domains/wsmith.enteract/admin.php' not found or unable to stat
[Thu Feb 12 03:38:30.223945 2026] [php:error] [pid 31980] [client 158.173.36.4:0] script '/domains/hdickens.enteract/chosen.php' not found or unable to stat
[Thu Feb 12 03:38:30.267680 2026] [php:error] [pid 31988] [client 158.173.36.169:0] script '/domains/ecernstelectric/about.php' not found or unable to stat
[Thu Feb 12 03:38:30.360449 2026] [php:error] [pid 31990] [client 158.173.36.230:0] script '/domains/mjbradley/manager.php' not found or unable to stat
[Thu Feb 12 03:38:30.441625 2026] [php:error] [pid 31980] [client 158.173.36.4:0] script '/domains/hdickens.enteract/about.php' not found or unable to stat
[Thu Feb 12 03:38:30.468121 2026] [php:error] [pid 31926] [client 158.173.36.160:0] script '/domains/wsmith.enteract/mah.php' not found or unable to stat
[Thu Feb 12 03:38:30.504024 2026] [php:error] [pid 31988] [client 158.173.36.169:0] script '/domains/ecernstelectric/admin.php' not found or unable to stat
[Thu Feb 12 03:38:30.577269 2026] [php:error] [pid 31990] [client 158.173.36.230:0] script '/domains/mjbradley/bless.php' not found or unable to stat
[Thu Feb 12 03:38:30.663376 2026] [php:error] [pid 31980] [client 158.173.36.4:0] script '/domains/hdickens.enteract/admin.php' not found or unable to stat
[Thu Feb 12 03:38:30.742210 2026] [php:error] [pid 31984] [client 158.173.36.230:0] script '/domains/system_suspended/manager.php' not found or unable to stat
[Thu Feb 12 03:38:30.804244 2026] [php:error] [pid 31990] [client 158.173.36.230:0] script '/domains/mjbradley/O-Simple.php' not found or unable to stat
[Thu Feb 12 03:38:30.871730 2026] [php:error] [pid 31926] [client 158.173.36.160:0] script '/domains/wsmith.enteract/core.php' not found or unable to stat
[Thu Feb 12 03:38:30.985912 2026] [php:error] [pid 31984] [client 158.173.36.230:0] script '/domains/system_suspended/bless.php' not found or unable to stat
[Thu Feb 12 03:38:30.990983 2026] [php:error] [pid 31990] [client 158.173.36.230:0] script '/domains/mjbradley/lock360.php' not found or unable to stat
[Thu Feb 12 03:38:30.997376 2026] [php:error] [pid 31988] [client 158.173.36.169:0] script '/domains/ecernstelectric/mah.php' not found or unable to stat
[Thu Feb 12 03:38:31.012967 2026] [php:error] [pid 31980] [client 158.173.36.4:0] script '/domains/hdickens.enteract/mah.php' not found or unable to stat
[Thu Feb 12 03:38:31.019367 2026] [php:error] [pid 31926] [client 158.173.36.160:0] script '/domains/wsmith.enteract/robots.php' not found or unable to stat
[Thu Feb 12 03:38:31.163557 2026] [php:error] [pid 31984] [client 158.173.36.230:0] script '/domains/system_suspended/O-Simple.php' not found or unable to stat
[Thu Feb 12 03:38:31.213035 2026] [php:error] [pid 31990] [client 158.173.36.230:0] script '/domains/mjbradley/zwso.php' not found or unable to stat
[Thu Feb 12 03:38:31.275677 2026] [php:error] [pid 31926] [client 158.173.36.160:0] script '/domains/wsmith.enteract/inputs.php' not found or unable to stat
[Thu Feb 12 03:38:31.357010 2026] [php:error] [pid 31984] [client 158.173.36.230:0] script '/domains/system_suspended/lock360.php' not found or unable to stat
[Thu Feb 12 03:38:31.404114 2026] [php:error] [pid 31990] [client 158.173.36.230:0] script '/domains/mjbradley/chosen.php' not found or unable to stat
[Thu Feb 12 03:38:31.406577 2026] [php:error] [pid 31980] [client 158.173.36.4:0] script '/domains/hdickens.enteract/core.php' not found or unable to stat
[Thu Feb 12 03:38:31.420109 2026] [php:error] [pid 31988] [client 158.173.36.169:0] script '/domains/ecernstelectric/core.php' not found or unable to stat
[Thu Feb 12 03:38:31.434913 2026] [php:error] [pid 31926] [client 158.173.36.160:0] script '/domains/wsmith.enteract/mini.php' not found or unable to stat
[Thu Feb 12 03:38:31.611966 2026] [php:error] [pid 31990] [client 158.173.36.230:0] script '/domains/mjbradley/about.php' not found or unable to stat
[Thu Feb 12 03:38:31.626312 2026] [php:error] [pid 31926] [client 158.173.36.160:0] script '/domains/wsmith.enteract/goods.php' not found or unable to stat
[Thu Feb 12 03:38:31.630949 2026] [php:error] [pid 31988] [client 158.173.36.169:0] script '/domains/ecernstelectric/robots.php' not found or unable to stat
[Thu Feb 12 03:38:31.800752 2026] [php:error] [pid 31990] [client 158.173.36.230:0] script '/domains/mjbradley/admin.php' not found or unable to stat
[Thu Feb 12 03:38:31.810474 2026] [php:error] [pid 31926] [client 158.173.36.160:0] script '/domains/wsmith.enteract/file5.php' not found or unable to stat
[Thu Feb 12 03:38:31.827804 2026] [php:error] [pid 31988] [client 158.173.36.169:0] script '/domains/ecernstelectric/inputs.php' not found or unable to stat
[Thu Feb 12 03:38:31.887629 2026] [php:error] [pid 31980] [client 158.173.36.4:0] script '/domains/hdickens.enteract/robots.php' not found or unable to stat
[Thu Feb 12 03:38:31.922707 2026] [php:error] [pid 31984] [client 158.173.36.230:0] script '/domains/system_suspended/zwso.php' not found or unable to stat
[Thu Feb 12 03:38:32.010136 2026] [php:error] [pid 31926] [client 158.173.36.160:0] script '/domains/wsmith.enteract/ahax.php' not found or unable to stat
[Thu Feb 12 03:38:32.021905 2026] [php:error] [pid 31988] [client 158.173.36.169:0] script '/domains/ecernstelectric/mini.php' not found or unable to stat
[Thu Feb 12 03:38:32.088074 2026] [php:error] [pid 31980] [client 158.173.36.4:0] script '/domains/hdickens.enteract/inputs.php' not found or unable to stat
[Thu Feb 12 03:38:32.089335 2026] [php:error] [pid 31984] [client 158.173.36.230:0] script '/domains/system_suspended/chosen.php' not found or unable to stat
[Thu Feb 12 03:38:32.305229 2026] [php:error] [pid 31990] [client 158.173.36.230:0] script '/domains/mjbradley/mah.php' not found or unable to stat
[Thu Feb 12 03:38:32.317630 2026] [php:error] [pid 31926] [client 158.173.36.160:0] script '/domains/wsmith.enteract/f35.php' not found or unable to stat
[Thu Feb 12 03:38:32.329069 2026] [php:error] [pid 31988] [client 158.173.36.169:0] script '/domains/ecernstelectric/goods.php' not found or unable to stat
[Thu Feb 12 03:38:32.369295 2026] [php:error] [pid 31984] [client 158.173.36.230:0] script '/domains/system_suspended/about.php' not found or unable to stat
[Thu Feb 12 03:38:32.369414 2026] [php:error] [pid 31980] [client 158.173.36.4:0] script '/domains/hdickens.enteract/mini.php' not found or unable to stat
[Thu Feb 12 03:38:32.530190 2026] [php:error] [pid 31926] [client 158.173.36.160:0] script '/domains/wsmith.enteract/simple.php' not found or unable to stat
[Thu Feb 12 03:38:32.546492 2026] [php:error] [pid 31988] [client 158.173.36.169:0] script '/domains/ecernstelectric/file5.php' not found or unable to stat
[Thu Feb 12 03:38:32.569958 2026] [php:error] [pid 31984] [client 158.173.36.230:0] script '/domains/system_suspended/admin.php' not found or unable to stat
[Thu Feb 12 03:38:32.570091 2026] [php:error] [pid 31980] [client 158.173.36.4:0] script '/domains/hdickens.enteract/goods.php' not found or unable to stat
[Thu Feb 12 03:38:32.735494 2026] [php:error] [pid 31990] [client 158.173.36.230:0] script '/domains/mjbradley/core.php' not found or unable to stat
[Thu Feb 12 03:38:32.753037 2026] [php:error] [pid 31988] [client 158.173.36.169:0] script '/domains/ecernstelectric/ahax.php' not found or unable to stat
[Thu Feb 12 03:38:32.757235 2026] [php:error] [pid 31980] [client 158.173.36.4:0] script '/domains/hdickens.enteract/file5.php' not found or unable to stat
[Thu Feb 12 03:38:32.927343 2026] [php:error] [pid 31990] [client 158.173.36.230:0] script '/domains/mjbradley/robots.php' not found or unable to stat
[Thu Feb 12 03:38:32.949518 2026] [php:error] [pid 31980] [client 158.173.36.4:0] script '/domains/hdickens.enteract/ahax.php' not found or unable to stat
[Thu Feb 12 03:38:32.953333 2026] [php:error] [pid 31984] [client 158.173.36.230:0] script '/domains/system_suspended/mah.php' not found or unable to stat
[Thu Feb 12 03:38:32.960271 2026] [php:error] [pid 31988] [client 158.173.36.169:0] script '/domains/ecernstelectric/f35.php' not found or unable to stat
[Thu Feb 12 03:38:33.205860 2026] [php:error] [pid 31990] [client 158.173.36.230:0] script '/domains/mjbradley/inputs.php' not found or unable to stat
[Thu Feb 12 03:38:33.246259 2026] [php:error] [pid 31980] [client 158.173.36.4:0] script '/domains/hdickens.enteract/f35.php' not found or unable to stat
[Thu Feb 12 03:38:33.259360 2026] [php:error] [pid 31988] [client 158.173.36.169:0] script '/domains/ecernstelectric/simple.php' not found or unable to stat
[Thu Feb 12 03:38:33.372145 2026] [php:error] [pid 31990] [client 158.173.36.230:0] script '/domains/mjbradley/mini.php' not found or unable to stat
[Thu Feb 12 03:38:33.420522 2026] [php:error] [pid 31980] [client 158.173.36.4:0] script '/domains/hdickens.enteract/simple.php' not found or unable to stat
[Thu Feb 12 03:38:33.421816 2026] [php:error] [pid 31984] [client 158.173.36.230:0] script '/domains/system_suspended/core.php' not found or unable to stat
[Thu Feb 12 03:38:33.556193 2026] [php:error] [pid 31990] [client 158.173.36.230:0] script '/domains/mjbradley/goods.php' not found or unable to stat
[Thu Feb 12 03:38:33.585550 2026] [php:error] [pid 31984] [client 158.173.36.230:0] script '/domains/system_suspended/robots.php' not found or unable to stat
[Thu Feb 12 03:38:33.732242 2026] [php:error] [pid 31990] [client 158.173.36.230:0] script '/domains/mjbradley/file5.php' not found or unable to stat
[Thu Feb 12 03:38:33.759294 2026] [php:error] [pid 31984] [client 158.173.36.230:0] script '/domains/system_suspended/inputs.php' not found or unable to stat
[Thu Feb 12 03:38:33.929730 2026] [php:error] [pid 31990] [client 158.173.36.230:0] script '/domains/mjbradley/ahax.php' not found or unable to stat
[Thu Feb 12 03:38:33.965244 2026] [php:error] [pid 31984] [client 158.173.36.230:0] script '/domains/system_suspended/mini.php' not found or unable to stat
[Thu Feb 12 03:38:34.160007 2026] [php:error] [pid 31990] [client 158.173.36.230:0] script '/domains/mjbradley/f35.php' not found or unable to stat
[Thu Feb 12 03:38:34.160039 2026] [php:error] [pid 31984] [client 158.173.36.230:0] script '/domains/system_suspended/goods.php' not found or unable to stat
[Thu Feb 12 03:38:34.324234 2026] [php:error] [pid 31990] [client 158.173.36.230:0] script '/domains/mjbradley/simple.php' not found or unable to stat
[Thu Feb 12 03:38:34.324260 2026] [php:error] [pid 31984] [client 158.173.36.230:0] script '/domains/system_suspended/file5.php' not found or unable to stat
[Thu Feb 12 03:38:34.500998 2026] [php:error] [pid 31984] [client 158.173.36.230:0] script '/domains/system_suspended/ahax.php' not found or unable to stat
[Thu Feb 12 03:38:34.733938 2026] [php:error] [pid 31984] [client 158.173.36.230:0] script '/domains/system_suspended/f35.php' not found or unable to stat
[Thu Feb 12 03:38:34.973821 2026] [php:error] [pid 31984] [client 158.173.36.230:0] script '/domains/system_suspended/simple.php' not found or unable to stat
[Thu Feb 12 03:38:34.978155 2026] [php:error] [pid 31980] [client 158.173.36.4:0] script '/domains/hdickens.enteract/images/upload.php' not found or unable to stat
[Thu Feb 12 03:38:34.989177 2026] [php:error] [pid 31988] [client 158.173.36.169:0] script '/domains/ecernstelectric/images/upload.php' not found or unable to stat
[Thu Feb 12 03:38:36.425972 2026] [php:error] [pid 31990] [client 158.173.36.230:0] script '/domains/mjbradley/images/upload.php' not found or unable to stat
[Thu Feb 12 03:38:37.240732 2026] [php:error] [pid 31926] [client 158.173.36.160:0] script '/domains/wsmith.enteract/classwithtostring.php' not found or unable to stat
[Thu Feb 12 03:38:38.193575 2026] [php:error] [pid 31926] [client 158.173.36.160:0] script '/domains/wsmith.enteract/tinyfilemanager.php' not found or unable to stat
[Thu Feb 12 03:38:38.260291 2026] [php:error] [pid 31986] [client 158.173.36.85:0] script '/domains/ebon/manager.php' not found or unable to stat
[Thu Feb 12 03:38:38.381002 2026] [php:error] [pid 31988] [client 158.173.36.169:0] script '/domains/ecernstelectric/classwithtostring.php' not found or unable to stat
[Thu Feb 12 03:38:38.391630 2026] [php:error] [pid 31980] [client 158.173.36.4:0] script '/domains/hdickens.enteract/classwithtostring.php' not found or unable to stat
[Thu Feb 12 03:38:38.826501 2026] [php:error] [pid 31926] [client 158.173.36.160:0] script '/domains/wsmith.enteract/file.php' not found or unable to stat
[Thu Feb 12 03:38:38.850979 2026] [php:error] [pid 31986] [client 158.173.36.85:0] script '/domains/ebon/bless.php' not found or unable to stat
[Thu Feb 12 03:38:39.100690 2026] [php:error] [pid 31980] [client 158.173.36.4:0] script '/domains/hdickens.enteract/tinyfilemanager.php' not found or unable to stat
[Thu Feb 12 03:38:39.128286 2026] [php:error] [pid 31988] [client 158.173.36.169:0] script '/domains/ecernstelectric/tinyfilemanager.php' not found or unable to stat
[Thu Feb 12 03:38:39.128667 2026] [php:error] [pid 31986] [client 158.173.36.85:0] script '/domains/ebon/O-Simple.php' not found or unable to stat
[Thu Feb 12 03:38:39.295004 2026] [php:error] [pid 31980] [client 158.173.36.4:0] script '/domains/hdickens.enteract/js/bas.php' not found or unable to stat
[Thu Feb 12 03:38:39.346756 2026] [php:error] [pid 31990] [client 158.173.36.230:0] script '/domains/mjbradley/classwithtostring.php' not found or unable to stat
[Thu Feb 12 03:38:39.350673 2026] [php:error] [pid 31986] [client 158.173.36.85:0] script '/domains/ebon/lock360.php' not found or unable to stat
[Thu Feb 12 03:38:39.359551 2026] [php:error] [pid 31988] [client 158.173.36.169:0] script '/domains/ecernstelectric/js/bas.php' not found or unable to stat
[Thu Feb 12 03:38:39.536114 2026] [php:error] [pid 31986] [client 158.173.36.85:0] script '/domains/ebon/zwso.php' not found or unable to stat
[Thu Feb 12 03:38:39.603934 2026] [php:error] [pid 31926] [client 158.173.36.160:0] script '/domains/wsmith.enteract/buy.php' not found or unable to stat
[Thu Feb 12 03:38:39.630942 2026] [php:error] [pid 31980] [client 158.173.36.4:0] script '/domains/hdickens.enteract/file.php' not found or unable to stat
[Thu Feb 12 03:38:39.736581 2026] [php:error] [pid 31986] [client 158.173.36.85:0] script '/domains/ebon/chosen.php' not found or unable to stat
[Thu Feb 12 03:38:39.758917 2026] [php:error] [pid 31988] [client 158.173.36.169:0] script '/domains/ecernstelectric/file.php' not found or unable to stat
[Thu Feb 12 03:38:39.901494 2026] [php:error] [pid 31990] [client 158.173.36.230:0] script '/domains/mjbradley/tinyfilemanager.php' not found or unable to stat
[Thu Feb 12 03:38:39.902197 2026] [php:error] [pid 31986] [client 158.173.36.85:0] script '/domains/ebon/about.php' not found or unable to stat
[Thu Feb 12 03:38:40.059046 2026] [php:error] [pid 31986] [client 158.173.36.85:0] script '/domains/ebon/admin.php' not found or unable to stat
[Thu Feb 12 03:38:40.126919 2026] [php:error] [pid 31980] [client 158.173.36.4:0] script '/domains/hdickens.enteract/buy.php' not found or unable to stat
[Thu Feb 12 03:38:40.350182 2026] [php:error] [pid 31988] [client 158.173.36.169:0] script '/domains/ecernstelectric/buy.php' not found or unable to stat
[Thu Feb 12 03:38:40.404383 2026] [php:error] [pid 31990] [client 158.173.36.230:0] script '/domains/mjbradley/file.php' not found or unable to stat
[Thu Feb 12 03:38:40.404567 2026] [php:error] [pid 31986] [client 158.173.36.85:0] script '/domains/ebon/mah.php' not found or unable to stat
[Thu Feb 12 03:38:40.448931 2026] [php:error] [pid 31984] [client 158.173.36.230:0] script '/domains/system_suspended/classwithtostring.php' not found or unable to stat
[Thu Feb 12 03:38:40.880242 2026] [php:error] [pid 31986] [client 158.173.36.85:0] script '/domains/ebon/core.php' not found or unable to stat
[Thu Feb 12 03:38:41.079762 2026] [php:error] [pid 31990] [client 158.173.36.230:0] script '/domains/mjbradley/buy.php' not found or unable to stat
[Thu Feb 12 03:38:41.079768 2026] [php:error] [pid 31986] [client 158.173.36.85:0] script '/domains/ebon/robots.php' not found or unable to stat
[Thu Feb 12 03:38:41.175811 2026] [php:error] [pid 31979] [client 158.173.36.210:0] script '/domains/hdickens.enteract/manager.php' not found or unable to stat
[Thu Feb 12 03:38:41.237292 2026] [php:error] [pid 31986] [client 158.173.36.85:0] script '/domains/ebon/inputs.php' not found or unable to stat
[Thu Feb 12 03:38:41.335055 2026] [php:error] [pid 31979] [client 158.173.36.210:0] script '/domains/hdickens.enteract/bless.php' not found or unable to stat
[Thu Feb 12 03:38:41.337418 2026] [php:error] [pid 31984] [client 158.173.36.230:0] script '/domains/system_suspended/tinyfilemanager.php' not found or unable to stat
[Thu Feb 12 03:38:41.346360 2026] [php:error] [pid 31991] [client 158.173.36.134:0] script '/domains/markrose/manager.php' not found or unable to stat
[Thu Feb 12 03:38:41.468303 2026] [php:error] [pid 31979] [client 158.173.36.210:0] script '/domains/hdickens.enteract/O-Simple.php' not found or unable to stat
[Thu Feb 12 03:38:41.499706 2026] [php:error] [pid 31991] [client 158.173.36.134:0] script '/domains/markrose/bless.php' not found or unable to stat
[Thu Feb 12 03:38:41.517454 2026] [php:error] [pid 31986] [client 158.173.36.85:0] script '/domains/ebon/mini.php' not found or unable to stat
[Thu Feb 12 03:38:41.595050 2026] [php:error] [pid 31979] [client 158.173.36.210:0] script '/domains/hdickens.enteract/lock360.php' not found or unable to stat
[Thu Feb 12 03:38:41.644838 2026] [php:error] [pid 31991] [client 158.173.36.134:0] script '/domains/markrose/O-Simple.php' not found or unable to stat
[Thu Feb 12 03:38:41.676671 2026] [php:error] [pid 31986] [client 158.173.36.85:0] script '/domains/ebon/goods.php' not found or unable to stat
[Thu Feb 12 03:38:41.767832 2026] [php:error] [pid 31979] [client 158.173.36.210:0] script '/domains/hdickens.enteract/zwso.php' not found or unable to stat
[Thu Feb 12 03:38:41.839280 2026] [php:error] [pid 31984] [client 158.173.36.230:0] script '/domains/system_suspended/file.php' not found or unable to stat
[Thu Feb 12 03:38:41.839449 2026] [php:error] [pid 31991] [client 158.173.36.134:0] script '/domains/markrose/lock360.php' not found or unable to stat
[Thu Feb 12 03:38:41.876420 2026] [php:error] [pid 31986] [client 158.173.36.85:0] script '/domains/ebon/file5.php' not found or unable to stat
[Thu Feb 12 03:38:41.944487 2026] [php:error] [pid 31979] [client 158.173.36.210:0] script '/domains/hdickens.enteract/chosen.php' not found or unable to stat
[Thu Feb 12 03:38:42.052211 2026] [php:error] [pid 31991] [client 158.173.36.134:0] script '/domains/markrose/zwso.php' not found or unable to stat
[Thu Feb 12 03:38:42.054593 2026] [php:error] [pid 31986] [client 158.173.36.85:0] script '/domains/ebon/ahax.php' not found or unable to stat
[Thu Feb 12 03:38:42.151267 2026] [php:error] [pid 31979] [client 158.173.36.210:0] script '/domains/hdickens.enteract/about.php' not found or unable to stat
[Thu Feb 12 03:38:42.224848 2026] [php:error] [pid 31986] [client 158.173.36.85:0] script '/domains/ebon/f35.php' not found or unable to stat
[Thu Feb 12 03:38:42.225032 2026] [php:error] [pid 31991] [client 158.173.36.134:0] script '/domains/markrose/chosen.php' not found or unable to stat
[Thu Feb 12 03:38:42.231559 2026] [php:error] [pid 31926] [client 158.173.36.160:0] script '/domains/wsmith.enteract/inc.php' not found or unable to stat
[Thu Feb 12 03:38:42.291523 2026] [php:error] [pid 31979] [client 158.173.36.210:0] script '/domains/hdickens.enteract/admin.php' not found or unable to stat
[Thu Feb 12 03:38:42.386699 2026] [php:error] [pid 31984] [client 158.173.36.230:0] script '/domains/system_suspended/buy.php' not found or unable to stat
[Thu Feb 12 03:38:42.386701 2026] [php:error] [pid 31991] [client 158.173.36.134:0] script '/domains/markrose/about.php' not found or unable to stat
[Thu Feb 12 03:38:42.386718 2026] [php:error] [pid 31986] [client 158.173.36.85:0] script '/domains/ebon/simple.php' not found or unable to stat
[Thu Feb 12 03:38:42.565386 2026] [php:error] [pid 31991] [client 158.173.36.134:0] script '/domains/markrose/admin.php' not found or unable to stat
[Thu Feb 12 03:38:42.566515 2026] [php:error] [pid 31926] [client 158.173.36.160:0] script '/domains/wsmith.enteract/filemanager.php' not found or unable to stat
[Thu Feb 12 03:38:42.599254 2026] [php:error] [pid 31979] [client 158.173.36.210:0] script '/domains/hdickens.enteract/mah.php' not found or unable to stat
[Thu Feb 12 03:38:42.766652 2026] [php:error] [pid 31980] [client 158.173.36.4:0] script '/domains/hdickens.enteract/inc.php' not found or unable to stat
[Thu Feb 12 03:38:42.934472 2026] [php:error] [pid 31979] [client 158.173.36.210:0] script '/domains/hdickens.enteract/core.php' not found or unable to stat
[Thu Feb 12 03:38:42.945423 2026] [php:error] [pid 31991] [client 158.173.36.134:0] script '/domains/markrose/mah.php' not found or unable to stat
[Thu Feb 12 03:38:43.143234 2026] [php:error] [pid 31980] [client 158.173.36.4:0] script '/domains/hdickens.enteract/filemanager.php' not found or unable to stat
[Thu Feb 12 03:38:43.338508 2026] [php:error] [pid 31990] [client 158.173.36.230:0] script '/domains/mjbradley/files/index.php' not found or unable to stat
[Thu Feb 12 03:38:43.349219 2026] [php:error] [pid 31991] [client 158.173.36.134:0] script '/domains/markrose/core.php' not found or unable to stat
[Thu Feb 12 03:38:43.355687 2026] [php:error] [pid 31979] [client 158.173.36.210:0] script '/domains/hdickens.enteract/robots.php' not found or unable to stat
[Thu Feb 12 03:38:43.474854 2026] [php:error] [pid 31988] [client 158.173.36.169:0] script '/domains/ecernstelectric/inc.php' not found or unable to stat
[Thu Feb 12 03:38:43.518503 2026] [php:error] [pid 31979] [client 158.173.36.210:0] script '/domains/hdickens.enteract/inputs.php' not found or unable to stat
[Thu Feb 12 03:38:43.520028 2026] [php:error] [pid 31991] [client 158.173.36.134:0] script '/domains/markrose/robots.php' not found or unable to stat
[Thu Feb 12 03:38:43.693030 2026] [php:error] [pid 31979] [client 158.173.36.210:0] script '/domains/hdickens.enteract/mini.php' not found or unable to stat
[Thu Feb 12 03:38:43.713130 2026] [php:error] [pid 31990] [client 158.173.36.230:0] script '/domains/mjbradley/inc.php' not found or unable to stat
[Thu Feb 12 03:38:43.713512 2026] [php:error] [pid 31926] [client 158.173.36.160:0] script '/domains/wsmith.enteract/function.php' not found or unable to stat
[Thu Feb 12 03:38:43.738435 2026] [php:error] [pid 31991] [client 158.173.36.134:0] script '/domains/markrose/inputs.php' not found or unable to stat
[Thu Feb 12 03:38:43.847740 2026] [php:error] [pid 31988] [client 158.173.36.169:0] script '/domains/ecernstelectric/filemanager.php' not found or unable to stat
[Thu Feb 12 03:38:43.863268 2026] [php:error] [pid 31979] [client 158.173.36.210:0] script '/domains/hdickens.enteract/goods.php' not found or unable to stat
[Thu Feb 12 03:38:43.896814 2026] [php:error] [pid 31986] [client 158.173.36.85:0] script '/domains/ebon/images/upload.php' not found or unable to stat
[Thu Feb 12 03:38:43.930884 2026] [php:error] [pid 31994] [client 158.173.36.124:0] script '/domains/mschmid/manager.php' not found or unable to stat
[Thu Feb 12 03:38:43.933914 2026] [php:error] [pid 31991] [client 158.173.36.134:0] script '/domains/markrose/mini.php' not found or unable to stat
[Thu Feb 12 03:38:44.043737 2026] [php:error] [pid 31979] [client 158.173.36.210:0] script '/domains/hdickens.enteract/file5.php' not found or unable to stat
[Thu Feb 12 03:38:44.072868 2026] [php:error] [pid 31990] [client 158.173.36.230:0] script '/domains/mjbradley/filemanager.php' not found or unable to stat
[Thu Feb 12 03:38:44.073634 2026] [php:error] [pid 31926] [client 158.173.36.160:0] script '/domains/wsmith.enteract/wp-signup.php' not found or unable to stat
[Thu Feb 12 03:38:44.101547 2026] [php:error] [pid 31994] [client 158.173.36.124:0] script '/domains/mschmid/bless.php' not found or unable to stat
[Thu Feb 12 03:38:44.121292 2026] [php:error] [pid 31991] [client 158.173.36.134:0] script '/domains/markrose/goods.php' not found or unable to stat
[Thu Feb 12 03:38:44.238272 2026] [php:error] [pid 31979] [client 158.173.36.210:0] script '/domains/hdickens.enteract/ahax.php' not found or unable to stat
[Thu Feb 12 03:38:44.268831 2026] [php:error] [pid 31980] [client 158.173.36.4:0] script '/domains/hdickens.enteract/function.php' not found or unable to stat
[Thu Feb 12 03:38:44.284463 2026] [php:error] [pid 31994] [client 158.173.36.124:0] script '/domains/mschmid/O-Simple.php' not found or unable to stat
[Thu Feb 12 03:38:44.395483 2026] [php:error] [pid 31991] [client 158.173.36.134:0] script '/domains/markrose/file5.php' not found or unable to stat
[Thu Feb 12 03:38:44.434265 2026] [php:error] [pid 31979] [client 158.173.36.210:0] script '/domains/hdickens.enteract/f35.php' not found or unable to stat
[Thu Feb 12 03:38:44.445590 2026] [php:error] [pid 31994] [client 158.173.36.124:0] script '/domains/mschmid/lock360.php' not found or unable to stat
[Thu Feb 12 03:38:44.561932 2026] [php:error] [pid 31991] [client 158.173.36.134:0] script '/domains/markrose/ahax.php' not found or unable to stat
[Thu Feb 12 03:38:44.600721 2026] [php:error] [pid 31979] [client 158.173.36.210:0] script '/domains/hdickens.enteract/simple.php' not found or unable to stat
[Thu Feb 12 03:38:44.618232 2026] [php:error] [pid 31994] [client 158.173.36.124:0] script '/domains/mschmid/zwso.php' not found or unable to stat
[Thu Feb 12 03:38:44.627979 2026] [php:error] [pid 31980] [client 158.173.36.4:0] script '/domains/hdickens.enteract/wp-signup.php' not found or unable to stat
[Thu Feb 12 03:38:44.629033 2026] [php:error] [pid 31926] [client 158.173.36.160:0] script '/domains/wsmith.enteract/wp-blog.php' not found or unable to stat
[Thu Feb 12 03:38:44.749751 2026] [php:error] [pid 31991] [client 158.173.36.134:0] script '/domains/markrose/f35.php' not found or unable to stat
[Thu Feb 12 03:38:44.765671 2026] [php:error] [pid 31994] [client 158.173.36.124:0] script '/domains/mschmid/chosen.php' not found or unable to stat
[Thu Feb 12 03:38:44.940715 2026] [php:error] [pid 31991] [client 158.173.36.134:0] script '/domains/markrose/simple.php' not found or unable to stat
[Thu Feb 12 03:38:44.943526 2026] [php:error] [pid 31994] [client 158.173.36.124:0] script '/domains/mschmid/about.php' not found or unable to stat
[Thu Feb 12 03:38:44.944177 2026] [php:error] [pid 31984] [client 158.173.36.230:0] script '/domains/system_suspended/inc.php' not found or unable to stat
[Thu Feb 12 03:38:44.992572 2026] [php:error] [pid 31987] [client 158.173.36.124:0] script '/domains/astrosfm/manager.php' not found or unable to stat
[Thu Feb 12 03:38:44.998119 2026] [php:error] [pid 31988] [client 158.173.36.169:0] script '/domains/ecernstelectric/function.php' not found or unable to stat
[Thu Feb 12 03:38:45.092222 2026] [php:error] [pid 31994] [client 158.173.36.124:0] script '/domains/mschmid/admin.php' not found or unable to stat
[Thu Feb 12 03:38:45.107962 2026] [php:error] [pid 31990] [client 158.173.36.230:0] script '/domains/mjbradley/function.php' not found or unable to stat
[Thu Feb 12 03:38:45.108231 2026] [php:error] [pid 31980] [client 158.173.36.4:0] script '/domains/hdickens.enteract/wp-blog.php' not found or unable to stat
[Thu Feb 12 03:38:45.154642 2026] [php:error] [pid 31987] [client 158.173.36.124:0] script '/domains/astrosfm/bless.php' not found or unable to stat
[Thu Feb 12 03:38:45.254374 2026] [php:error] [pid 31984] [client 158.173.36.230:0] script '/domains/system_suspended/filemanager.php' not found or unable to stat
[Thu Feb 12 03:38:45.254722 2026] [php:error] [pid 31926] [client 158.173.36.160:0] script '/domains/wsmith.enteract/wp-l0gin.php' not found or unable to stat
[Thu Feb 12 03:38:45.316721 2026] [php:error] [pid 31987] [client 158.173.36.124:0] script '/domains/astrosfm/O-Simple.php' not found or unable to stat
[Thu Feb 12 03:38:45.349681 2026] [php:error] [pid 31988] [client 158.173.36.169:0] script '/domains/ecernstelectric/wp-signup.php' not found or unable to stat
[Thu Feb 12 03:38:45.402557 2026] [php:error] [pid 31994] [client 158.173.36.124:0] script '/domains/mschmid/mah.php' not found or unable to stat
[Thu Feb 12 03:38:45.425475 2026] [php:error] [pid 31990] [client 158.173.36.230:0] script '/domains/mjbradley/wp-signup.php' not found or unable to stat
[Thu Feb 12 03:38:45.474789 2026] [php:error] [pid 31987] [client 158.173.36.124:0] script '/domains/astrosfm/lock360.php' not found or unable to stat
[Thu Feb 12 03:38:45.615827 2026] [php:error] [pid 31926] [client 158.173.36.160:0] script '/domains/wsmith.enteract/new.php' not found or unable to stat
[Thu Feb 12 03:38:45.647704 2026] [php:error] [pid 31987] [client 158.173.36.124:0] script '/domains/astrosfm/zwso.php' not found or unable to stat
[Thu Feb 12 03:38:45.875292 2026] [php:error] [pid 31994] [client 158.173.36.124:0] script '/domains/mschmid/core.php' not found or unable to stat
[Thu Feb 12 03:38:45.929484 2026] [php:error] [pid 31980] [client 158.173.36.4:0] script '/domains/hdickens.enteract/wp-l0gin.php' not found or unable to stat
[Thu Feb 12 03:38:45.967444 2026] [php:error] [pid 31987] [client 158.173.36.124:0] script '/domains/astrosfm/chosen.php' not found or unable to stat
[Thu Feb 12 03:38:46.051828 2026] [php:error] [pid 31994] [client 158.173.36.124:0] script '/domains/mschmid/robots.php' not found or unable to stat
[Thu Feb 12 03:38:46.053093 2026] [php:error] [pid 31979] [client 158.173.36.210:0] script '/domains/hdickens.enteract/images/upload.php' not found or unable to stat
[Thu Feb 12 03:38:46.095105 2026] [php:error] [pid 31988] [client 158.173.36.169:0] script '/domains/ecernstelectric/wp-blog.php' not found or unable to stat
[Thu Feb 12 03:38:46.108953 2026] [php:error] [pid 31990] [client 158.173.36.230:0] script '/domains/mjbradley/wp-blog.php' not found or unable to stat
