[Thu Feb 12 03:40:29.018712 2026] [php:error] [pid 31993] [client 158.173.36.245:0] script '/domains/markrose/filefuns.php' not found or unable to stat
[Thu Feb 12 03:40:29.189239 2026] [php:error] [pid 31996] [client 158.173.36.217:0] script '/domains/mjbradley/images/buy.php' not found or unable to stat
[Thu Feb 12 03:40:29.209150 2026] [php:error] [pid 32003] [client 158.173.36.80:0] script '/domains/astrosfm/aks.php' not found or unable to stat
[Thu Feb 12 03:40:29.293630 2026] [php:error] [pid 32012] [client 158.173.36.57:0] script '/domains/nlyfoods/small.php' not found or unable to stat
[Thu Feb 12 03:40:29.294318 2026] [php:error] [pid 31998] [client 158.173.36.245:0] script '/domains/piltdweb1/update-core.php' not found or unable to stat
[Thu Feb 12 03:40:29.294350 2026] [php:error] [pid 31979] [client 158.173.36.68:0] script '/domains/egmaweb/dir.php' not found or unable to stat
[Thu Feb 12 03:40:29.383190 2026] [php:error] [pid 31993] [client 158.173.36.245:0] script '/domains/markrose/l.php' not found or unable to stat
[Thu Feb 12 03:40:29.383295 2026] [php:error] [pid 32003] [client 158.173.36.80:0] script '/domains/astrosfm/litespeed.php' not found or unable to stat
[Thu Feb 12 03:40:29.564065 2026] [php:error] [pid 31926] [client 158.173.36.85:0] script '/domains/peterbmiller/hehe.php' not found or unable to stat
[Thu Feb 12 03:40:29.584072 2026] [php:error] [pid 31993] [client 158.173.36.245:0] script '/domains/markrose/repeater.php' not found or unable to stat
[Thu Feb 12 03:40:29.623739 2026] [php:error] [pid 32016] [client 158.173.36.245:0] script '/domains/ebon/Sanskrit.php' not found or unable to stat
[Thu Feb 12 03:40:29.681395 2026] [php:error] [pid 32022] [client 158.173.36.240:0] script '/domains/awciii/nf_tracking.php' not found or unable to stat
[Thu Feb 12 03:40:29.681797 2026] [php:error] [pid 31998] [client 158.173.36.245:0] script '/domains/piltdweb1/wp-mail.php' not found or unable to stat
[Thu Feb 12 03:40:29.681888 2026] [php:error] [pid 32012] [client 158.173.36.57:0] script '/domains/nlyfoods/NewFile.php' not found or unable to stat
[Thu Feb 12 03:40:29.799776 2026] [php:error] [pid 32016] [client 158.173.36.245:0] script '/domains/ebon/wp-fmfile.php' not found or unable to stat
[Thu Feb 12 03:40:29.858937 2026] [php:error] [pid 32011] [client 158.173.36.169:0] script '/domains/ecernstelectric/Sanskrit.php' not found or unable to stat
[Thu Feb 12 03:40:29.905952 2026] [php:error] [pid 32003] [client 158.173.36.80:0] script '/domains/astrosfm/wpn.php' not found or unable to stat
[Thu Feb 12 03:40:30.035681 2026] [php:error] [pid 31979] [client 158.173.36.68:0] script '/domains/egmaweb/nf_tracking.php' not found or unable to stat
[Thu Feb 12 03:40:30.035860 2026] [php:error] [pid 32022] [client 158.173.36.240:0] script '/domains/awciii/filefuns.php' not found or unable to stat
[Thu Feb 12 03:40:30.036595 2026] [php:error] [pid 32012] [client 158.173.36.57:0] script '/domains/nlyfoods/error.php' not found or unable to stat
[Thu Feb 12 03:40:30.038930 2026] [php:error] [pid 32021] [client 158.173.36.230:0] script '/domains/mschmid/images/wp-aespa.php' not found or unable to stat
[Thu Feb 12 03:40:30.054760 2026] [php:error] [pid 32011] [client 158.173.36.169:0] script '/domains/ecernstelectric/wp-fmfile.php' not found or unable to stat
[Thu Feb 12 03:40:30.081697 2026] [php:error] [pid 31926] [client 158.173.36.85:0] script '/domains/peterbmiller/dir.php' not found or unable to stat
[Thu Feb 12 03:40:30.082456 2026] [php:error] [pid 31993] [client 158.173.36.245:0] script '/domains/markrose/contacts.php' not found or unable to stat
[Thu Feb 12 03:40:30.258130 2026] [php:error] [pid 31993] [client 158.173.36.245:0] script '/domains/markrose/wsa.php' not found or unable to stat
[Thu Feb 12 03:40:30.400867 2026] [php:error] [pid 32002] [client 158.173.36.29:0] script '/domains/hdickens.enteract/xex.php' not found or unable to stat
[Thu Feb 12 03:40:30.437613 2026] [php:error] [pid 32022] [client 158.173.36.240:0] script '/domains/awciii/l.php' not found or unable to stat
[Thu Feb 12 03:40:30.438054 2026] [php:error] [pid 31979] [client 158.173.36.68:0] script '/domains/egmaweb/filefuns.php' not found or unable to stat
[Thu Feb 12 03:40:30.609947 2026] [php:error] [pid 32016] [client 158.173.36.245:0] script '/domains/ebon/memberfuns.php' not found or unable to stat
[Thu Feb 12 03:40:30.694919 2026] [php:error] [pid 32017] [client 158.173.36.241:0] script '/domains/hdickens.enteract/images/wp-aespa.php' not found or unable to stat
[Thu Feb 12 03:40:30.695589 2026] [php:error] [pid 32022] [client 158.173.36.240:0] script '/domains/awciii/repeater.php' not found or unable to stat
[Thu Feb 12 03:40:30.800037 2026] [php:error] [pid 32016] [client 158.173.36.245:0] script '/domains/ebon/infos.php' not found or unable to stat
[Thu Feb 12 03:40:30.961454 2026] [php:error] [pid 31979] [client 158.173.36.68:0] script '/domains/egmaweb/l.php' not found or unable to stat
[Thu Feb 12 03:40:30.961513 2026] [php:error] [pid 32012] [client 158.173.36.57:0] script '/domains/nlyfoods/wp-files.php' not found or unable to stat
[Thu Feb 12 03:40:30.961651 2026] [php:error] [pid 32010] [client 158.173.36.245:0] script '/domains/system_suspended/xex.php' not found or unable to stat
[Thu Feb 12 03:40:31.021731 2026] [php:error] [pid 32011] [client 158.173.36.169:0] script '/domains/ecernstelectric/memberfuns.php' not found or unable to stat
[Thu Feb 12 03:40:31.181299 2026] [php:error] [pid 31979] [client 158.173.36.68:0] script '/domains/egmaweb/repeater.php' not found or unable to stat
[Thu Feb 12 03:40:31.181765 2026] [php:error] [pid 32012] [client 158.173.36.57:0] script '/domains/nlyfoods/functions.php' not found or unable to stat
[Thu Feb 12 03:40:31.281116 2026] [php:error] [pid 32011] [client 158.173.36.169:0] script '/domains/ecernstelectric/infos.php' not found or unable to stat
[Thu Feb 12 03:40:31.380546 2026] [php:error] [pid 32022] [client 158.173.36.240:0] script '/domains/awciii/contacts.php' not found or unable to stat
[Thu Feb 12 03:40:31.416328 2026] [php:error] [pid 31926] [client 158.173.36.85:0] script '/domains/peterbmiller/nf_tracking.php' not found or unable to stat
[Thu Feb 12 03:40:31.419274 2026] [php:error] [pid 32002] [client 158.173.36.29:0] script '/domains/hdickens.enteract/wp-head.php' not found or unable to stat
[Thu Feb 12 03:40:31.518972 2026] [php:error] [pid 32022] [client 158.173.36.240:0] script '/domains/awciii/wsa.php' not found or unable to stat
[Thu Feb 12 03:40:31.519402 2026] [php:error] [pid 32004] [client 158.173.36.171:0] script '/domains/wsmith.enteract/xex.php' not found or unable to stat
[Thu Feb 12 03:40:31.560602 2026] [php:error] [pid 32016] [client 158.173.36.245:0] script '/domains/ebon/options-writing.php' not found or unable to stat
[Thu Feb 12 03:40:31.774170 2026] [php:error] [pid 31979] [client 158.173.36.68:0] script '/domains/egmaweb/contacts.php' not found or unable to stat
[Thu Feb 12 03:40:31.855493 2026] [php:error] [pid 31926] [client 158.173.36.85:0] script '/domains/peterbmiller/filefuns.php' not found or unable to stat
[Thu Feb 12 03:40:31.861695 2026] [php:error] [pid 31993] [client 158.173.36.245:0] script '/domains/markrose/lv.php' not found or unable to stat
[Thu Feb 12 03:40:31.862080 2026] [php:error] [pid 32025] [client 158.173.36.70:0] script '/domains/piltdweb1/aa.php' not found or unable to stat
[Thu Feb 12 03:40:31.862202 2026] [php:error] [pid 32016] [client 158.173.36.245:0] script '/domains/ebon/options-reading.php' not found or unable to stat
[Thu Feb 12 03:40:31.922833 2026] [php:error] [pid 32010] [client 158.173.36.245:0] script '/domains/system_suspended/wp-head.php' not found or unable to stat
[Thu Feb 12 03:40:31.984485 2026] [php:error] [pid 31979] [client 158.173.36.68:0] script '/domains/egmaweb/wsa.php' not found or unable to stat
[Thu Feb 12 03:40:32.060970 2026] [php:error] [pid 32025] [client 158.173.36.70:0] script '/domains/piltdweb1/index2.php' not found or unable to stat
[Thu Feb 12 03:40:32.061352 2026] [php:error] [pid 32016] [client 158.173.36.245:0] script '/domains/ebon/wsad.php' not found or unable to stat
[Thu Feb 12 03:40:32.286799 2026] [php:error] [pid 32012] [client 158.173.36.57:0] script '/domains/nlyfoods/aks.php' not found or unable to stat
[Thu Feb 12 03:40:32.398075 2026] [php:error] [pid 32011] [client 158.173.36.169:0] script '/domains/ecernstelectric/options-writing.php' not found or unable to stat
[Thu Feb 12 03:40:32.514366 2026] [php:error] [pid 32012] [client 158.173.36.57:0] script '/domains/nlyfoods/litespeed.php' not found or unable to stat
[Thu Feb 12 03:40:32.522639 2026] [php:error] [pid 32002] [client 158.173.36.29:0] script '/domains/hdickens.enteract/makeasmtp.php' not found or unable to stat
[Thu Feb 12 03:40:32.522655 2026] [php:error] [pid 32016] [client 158.173.36.245:0] script '/domains/ebon/nation.php' not found or unable to stat
[Thu Feb 12 03:40:32.523148 2026] [php:error] [pid 31926] [client 158.173.36.85:0] script '/domains/peterbmiller/l.php' not found or unable to stat
[Thu Feb 12 03:40:32.523155 2026] [php:error] [pid 31996] [client 158.173.36.217:0] script '/domains/mjbradley/xex.php' not found or unable to stat
[Thu Feb 12 03:40:32.619514 2026] [php:error] [pid 32011] [client 158.173.36.169:0] script '/domains/ecernstelectric/options-reading.php' not found or unable to stat
[Thu Feb 12 03:40:32.676231 2026] [php:error] [pid 32010] [client 158.173.36.245:0] script '/domains/system_suspended/makeasmtp.php' not found or unable to stat
[Thu Feb 12 03:40:32.729144 2026] [php:error] [pid 31926] [client 158.173.36.85:0] script '/domains/peterbmiller/repeater.php' not found or unable to stat
[Thu Feb 12 03:40:32.733242 2026] [php:error] [pid 32022] [client 158.173.36.240:0] script '/domains/awciii/lv.php' not found or unable to stat
[Thu Feb 12 03:40:32.733653 2026] [php:error] [pid 32004] [client 158.173.36.171:0] script '/domains/wsmith.enteract/wp-head.php' not found or unable to stat
[Thu Feb 12 03:40:32.734107 2026] [php:error] [pid 32012] [client 158.173.36.57:0] script '/domains/nlyfoods/img/about.php' not found or unable to stat
[Thu Feb 12 03:40:32.787817 2026] [php:error] [pid 32011] [client 158.173.36.169:0] script '/domains/ecernstelectric/wsad.php' not found or unable to stat
[Thu Feb 12 03:40:32.982754 2026] [php:error] [pid 32011] [client 158.173.36.169:0] script '/domains/ecernstelectric/nation.php' not found or unable to stat
[Thu Feb 12 03:40:33.092216 2026] [php:error] [pid 32012] [client 158.173.36.57:0] script '/domains/nlyfoods/wpn.php' not found or unable to stat
[Thu Feb 12 03:40:33.092656 2026] [php:error] [pid 32002] [client 158.173.36.29:0] script '/domains/hdickens.enteract/images/bypass.php' not found or unable to stat
[Thu Feb 12 03:40:33.093771 2026] [php:error] [pid 31979] [client 158.173.36.68:0] script '/domains/egmaweb/lv.php' not found or unable to stat
[Thu Feb 12 03:40:33.292157 2026] [php:error] [pid 32025] [client 158.173.36.70:0] script '/domains/piltdweb1/shell.php' not found or unable to stat
[Thu Feb 12 03:40:33.294191 2026] [php:error] [pid 31926] [client 158.173.36.85:0] script '/domains/peterbmiller/contacts.php' not found or unable to stat
[Thu Feb 12 03:40:33.294944 2026] [php:error] [pid 32004] [client 158.173.36.171:0] script '/domains/wsmith.enteract/makeasmtp.php' not found or unable to stat
[Thu Feb 12 03:40:33.295525 2026] [php:error] [pid 31979] [client 158.173.36.68:0] script '/domains/egmaweb/images/js1.php' not found or unable to stat
[Thu Feb 12 03:40:33.468374 2026] [php:error] [pid 31926] [client 158.173.36.85:0] script '/domains/peterbmiller/wsa.php' not found or unable to stat
[Thu Feb 12 03:40:33.468736 2026] [php:error] [pid 32016] [client 158.173.36.245:0] script '/domains/ebon/wp-atomx.php' not found or unable to stat
[Thu Feb 12 03:40:33.468817 2026] [php:error] [pid 31996] [client 158.173.36.217:0] script '/domains/mjbradley/wp-head.php' not found or unable to stat
[Thu Feb 12 03:40:33.665939 2026] [php:error] [pid 32016] [client 158.173.36.245:0] script '/domains/ebon/admin-footer.php' not found or unable to stat
[Thu Feb 12 03:40:33.875871 2026] [php:error] [pid 31998] [client 158.173.36.134:0] script '/domains/mschmid/Sanskrit.php' not found or unable to stat
[Thu Feb 12 03:40:34.032883 2026] [php:error] [pid 31996] [client 158.173.36.217:0] script '/domains/mjbradley/makeasmtp.php' not found or unable to stat
[Thu Feb 12 03:40:34.032919 2026] [php:error] [pid 32016] [client 158.173.36.245:0] script '/domains/ebon/XxX.php' not found or unable to stat
[Thu Feb 12 03:40:34.033027 2026] [php:error] [pid 31998] [client 158.173.36.134:0] script '/domains/mschmid/wp-fmfile.php' not found or unable to stat
[Thu Feb 12 03:40:34.091016 2026] [php:error] [pid 32011] [client 158.173.36.169:0] script '/domains/ecernstelectric/wp-atomx.php' not found or unable to stat
[Thu Feb 12 03:40:34.206080 2026] [php:error] [pid 32025] [client 158.173.36.70:0] script '/domains/piltdweb1/hehe.php' not found or unable to stat
[Thu Feb 12 03:40:34.280002 2026] [php:error] [pid 32011] [client 158.173.36.169:0] script '/domains/ecernstelectric/admin-footer.php' not found or unable to stat
[Thu Feb 12 03:40:34.364827 2026] [php:error] [pid 32021] [client 158.173.36.85:0] script '/domains/hdickens.enteract/Sanskrit.php' not found or unable to stat
[Thu Feb 12 03:40:34.365173 2026] [php:error] [pid 31926] [client 158.173.36.85:0] script '/domains/peterbmiller/lv.php' not found or unable to stat
[Thu Feb 12 03:40:34.533716 2026] [php:error] [pid 31996] [client 158.173.36.217:0] script '/domains/mjbradley/images/bypass.php' not found or unable to stat
[Thu Feb 12 03:40:34.534288 2026] [php:error] [pid 31926] [client 158.173.36.85:0] script '/domains/peterbmiller/images/js1.php' not found or unable to stat
[Thu Feb 12 03:40:34.534512 2026] [php:error] [pid 32021] [client 158.173.36.85:0] script '/domains/hdickens.enteract/wp-fmfile.php' not found or unable to stat
[Thu Feb 12 03:40:34.535883 2026] [php:error] [pid 32025] [client 158.173.36.70:0] script '/domains/piltdweb1/css/slider.php' not found or unable to stat
[Thu Feb 12 03:40:34.551833 2026] [php:error] [pid 32003] [client 158.173.36.12:0] script '/domains/markrose/Sanskrit.php' not found or unable to stat
[Thu Feb 12 03:40:34.654029 2026] [php:error] [pid 32011] [client 158.173.36.169:0] script '/domains/ecernstelectric/XxX.php' not found or unable to stat
[Thu Feb 12 03:40:34.729556 2026] [php:error] [pid 31998] [client 158.173.36.134:0] script '/domains/mschmid/memberfuns.php' not found or unable to stat
[Thu Feb 12 03:40:34.730528 2026] [php:error] [pid 32025] [client 158.173.36.70:0] script '/domains/piltdweb1/dir.php' not found or unable to stat
[Thu Feb 12 03:40:34.741977 2026] [php:error] [pid 32017] [client 158.173.36.240:0] script '/domains/markrose/tox.php' not found or unable to stat
[Thu Feb 12 03:40:34.742471 2026] [php:error] [pid 32003] [client 158.173.36.12:0] script '/domains/markrose/wp-fmfile.php' not found or unable to stat
[Thu Feb 12 03:40:34.923332 2026] [php:error] [pid 31998] [client 158.173.36.134:0] script '/domains/mschmid/infos.php' not found or unable to stat
[Thu Feb 12 03:40:35.302708 2026] [php:error] [pid 32021] [client 158.173.36.85:0] script '/domains/hdickens.enteract/memberfuns.php' not found or unable to stat
[Thu Feb 12 03:40:35.459611 2026] [php:error] [pid 32021] [client 158.173.36.85:0] script '/domains/hdickens.enteract/infos.php' not found or unable to stat
[Thu Feb 12 03:40:35.460074 2026] [php:error] [pid 32025] [client 158.173.36.70:0] script '/domains/piltdweb1/nf_tracking.php' not found or unable to stat
[Thu Feb 12 03:40:35.460447 2026] [php:error] [pid 31993] [client 158.173.36.4:0] script '/domains/awciii/tox.php' not found or unable to stat
[Thu Feb 12 03:40:35.530227 2026] [php:error] [pid 32017] [client 158.173.36.240:0] script '/domains/markrose/tiny.php' not found or unable to stat
[Thu Feb 12 03:40:35.530705 2026] [php:error] [pid 32003] [client 158.173.36.12:0] script '/domains/markrose/memberfuns.php' not found or unable to stat
[Thu Feb 12 03:40:35.618557 2026] [php:error] [pid 31998] [client 158.173.36.134:0] script '/domains/mschmid/options-writing.php' not found or unable to stat
[Thu Feb 12 03:40:35.876407 2026] [php:error] [pid 32025] [client 158.173.36.70:0] script '/domains/piltdweb1/filefuns.php' not found or unable to stat
[Thu Feb 12 03:40:35.880145 2026] [php:error] [pid 31998] [client 158.173.36.134:0] script '/domains/mschmid/options-reading.php' not found or unable to stat
[Thu Feb 12 03:40:35.978945 2026] [php:error] [pid 32003] [client 158.173.36.12:0] script '/domains/markrose/infos.php' not found or unable to stat
[Thu Feb 12 03:40:36.055798 2026] [php:error] [pid 31998] [client 158.173.36.134:0] script '/domains/mschmid/wsad.php' not found or unable to stat
[Thu Feb 12 03:40:36.132730 2026] [php:error] [pid 32010] [client 158.173.36.245:0] script '/domains/system_suspended/click.php' not found or unable to stat
[Thu Feb 12 03:40:36.148731 2026] [php:error] [pid 31987] [client 158.173.36.164:0] script '/domains/egmaweb/tox.php' not found or unable to stat
[Thu Feb 12 03:40:36.169142 2026] [php:error] [pid 32002] [client 158.173.36.29:0] script '/domains/hdickens.enteract/click.php' not found or unable to stat
[Thu Feb 12 03:40:36.261579 2026] [php:error] [pid 32025] [client 158.173.36.70:0] script '/domains/piltdweb1/l.php' not found or unable to stat
[Thu Feb 12 03:40:36.262676 2026] [php:error] [pid 32021] [client 158.173.36.85:0] script '/domains/hdickens.enteract/options-writing.php' not found or unable to stat
[Thu Feb 12 03:40:36.262710 2026] [php:error] [pid 31998] [client 158.173.36.134:0] script '/domains/mschmid/nation.php' not found or unable to stat
[Thu Feb 12 03:40:36.263376 2026] [php:error] [pid 32016] [client 158.173.36.245:0] script '/domains/ebon/images/buy.php' not found or unable to stat
[Thu Feb 12 03:40:36.352906 2026] [php:error] [pid 32017] [client 158.173.36.240:0] script '/domains/markrose/themes.php' not found or unable to stat
[Thu Feb 12 03:40:36.353464 2026] [php:error] [pid 31993] [client 158.173.36.4:0] script '/domains/awciii/tiny.php' not found or unable to stat
[Thu Feb 12 03:40:36.411676 2026] [php:error] [pid 32021] [client 158.173.36.85:0] script '/domains/hdickens.enteract/options-reading.php' not found or unable to stat
[Thu Feb 12 03:40:36.411699 2026] [php:error] [pid 32025] [client 158.173.36.70:0] script '/domains/piltdweb1/repeater.php' not found or unable to stat
[Thu Feb 12 03:40:36.635182 2026] [php:error] [pid 32017] [client 158.173.36.240:0] script '/domains/markrose/wp-themes.php' not found or unable to stat
[Thu Feb 12 03:40:36.819219 2026] [php:error] [pid 32003] [client 158.173.36.12:0] script '/domains/markrose/options-writing.php' not found or unable to stat
[Thu Feb 12 03:40:36.827489 2026] [php:error] [pid 32021] [client 158.173.36.85:0] script '/domains/hdickens.enteract/wsad.php' not found or unable to stat
[Thu Feb 12 03:40:36.831192 2026] [php:error] [pid 31993] [client 158.173.36.4:0] script '/domains/awciii/themes.php' not found or unable to stat
[Thu Feb 12 03:40:36.994200 2026] [php:error] [pid 31987] [client 158.173.36.164:0] script '/domains/egmaweb/tiny.php' not found or unable to stat
[Thu Feb 12 03:40:36.996588 2026] [php:error] [pid 32004] [client 158.173.36.171:0] script '/domains/wsmith.enteract/click.php' not found or unable to stat
[Thu Feb 12 03:40:37.013121 2026] [php:error] [pid 32021] [client 158.173.36.85:0] script '/domains/hdickens.enteract/nation.php' not found or unable to stat
[Thu Feb 12 03:40:37.055645 2026] [php:error] [pid 32003] [client 158.173.36.12:0] script '/domains/markrose/options-reading.php' not found or unable to stat
[Thu Feb 12 03:40:37.056377 2026] [php:error] [pid 31993] [client 158.173.36.4:0] script '/domains/awciii/wp-themes.php' not found or unable to stat
[Thu Feb 12 03:40:37.180791 2026] [php:error] [pid 31990] [client 158.173.36.68:0] script '/domains/peterbmiller/tox.php' not found or unable to stat
[Thu Feb 12 03:40:37.231128 2026] [php:error] [pid 31998] [client 158.173.36.134:0] script '/domains/mschmid/wp-atomx.php' not found or unable to stat
[Thu Feb 12 03:40:37.231136 2026] [php:error] [pid 32025] [client 158.173.36.70:0] script '/domains/piltdweb1/contacts.php' not found or unable to stat
[Thu Feb 12 03:40:37.233622 2026] [php:error] [pid 32017] [client 158.173.36.240:0] script '/domains/markrose/mariju.php' not found or unable to stat
[Thu Feb 12 03:40:37.234484 2026] [php:error] [pid 32003] [client 158.173.36.12:0] script '/domains/markrose/wsad.php' not found or unable to stat
[Thu Feb 12 03:40:37.318016 2026] [php:error] [pid 31987] [client 158.173.36.164:0] script '/domains/egmaweb/themes.php' not found or unable to stat
[Thu Feb 12 03:40:37.410444 2026] [php:error] [pid 32025] [client 158.173.36.70:0] script '/domains/piltdweb1/wsa.php' not found or unable to stat
[Thu Feb 12 03:40:37.410452 2026] [php:error] [pid 31998] [client 158.173.36.134:0] script '/domains/mschmid/admin-footer.php' not found or unable to stat
[Thu Feb 12 03:40:37.415863 2026] [php:error] [pid 32003] [client 158.173.36.12:0] script '/domains/markrose/nation.php' not found or unable to stat
[Thu Feb 12 03:40:37.416630 2026] [php:error] [pid 32017] [client 158.173.36.240:0] script '/domains/markrose/waf_defender.php' not found or unable to stat
[Thu Feb 12 03:40:37.504654 2026] [php:error] [pid 31996] [client 158.173.36.217:0] script '/domains/mjbradley/click.php' not found or unable to stat
[Thu Feb 12 03:40:37.504698 2026] [php:error] [pid 31987] [client 158.173.36.164:0] script '/domains/egmaweb/wp-themes.php' not found or unable to stat
[Thu Feb 12 03:40:37.603954 2026] [php:error] [pid 31993] [client 158.173.36.4:0] script '/domains/awciii/mariju.php' not found or unable to stat
[Thu Feb 12 03:40:37.662108 2026] [php:error] [pid 32011] [client 158.173.36.169:0] script '/domains/ecernstelectric/images/buy.php' not found or unable to stat
[Thu Feb 12 03:40:37.796397 2026] [php:error] [pid 31998] [client 158.173.36.134:0] script '/domains/mschmid/XxX.php' not found or unable to stat
[Thu Feb 12 03:40:37.799004 2026] [php:error] [pid 32017] [client 158.173.36.240:0] script '/domains/markrose/av.php' not found or unable to stat
[Thu Feb 12 03:40:37.801211 2026] [php:error] [pid 31993] [client 158.173.36.4:0] script '/domains/awciii/waf_defender.php' not found or unable to stat
[Thu Feb 12 03:40:37.859535 2026] [php:error] [pid 32010] [client 158.173.36.245:0] script '/domains/system_suspended/wp-admin.php' not found or unable to stat
[Thu Feb 12 03:40:37.929377 2026] [php:error] [pid 32021] [client 158.173.36.85:0] script '/domains/hdickens.enteract/wp-atomx.php' not found or unable to stat
[Thu Feb 12 03:40:37.950996 2026] [php:error] [pid 31990] [client 158.173.36.68:0] script '/domains/peterbmiller/tiny.php' not found or unable to stat
[Thu Feb 12 03:40:37.997251 2026] [php:error] [pid 32002] [client 158.173.36.29:0] script '/domains/hdickens.enteract/wp-admin.php' not found or unable to stat
[Thu Feb 12 03:40:38.031091 2026] [php:error] [pid 31987] [client 158.173.36.164:0] script '/domains/egmaweb/mariju.php' not found or unable to stat
[Thu Feb 12 03:40:38.108725 2026] [php:error] [pid 32021] [client 158.173.36.85:0] script '/domains/hdickens.enteract/admin-footer.php' not found or unable to stat
[Thu Feb 12 03:40:38.213216 2026] [php:error] [pid 31993] [client 158.173.36.4:0] script '/domains/awciii/av.php' not found or unable to stat
[Thu Feb 12 03:40:38.252337 2026] [php:error] [pid 31987] [client 158.173.36.164:0] script '/domains/egmaweb/waf_defender.php' not found or unable to stat
[Thu Feb 12 03:40:38.326305 2026] [php:error] [pid 31990] [client 158.173.36.68:0] script '/domains/peterbmiller/themes.php' not found or unable to stat
[Thu Feb 12 03:40:38.374114 2026] [php:error] [pid 32025] [client 158.173.36.70:0] script '/domains/piltdweb1/lv.php' not found or unable to stat
[Thu Feb 12 03:40:38.386441 2026] [php:error] [pid 32003] [client 158.173.36.12:0] script '/domains/markrose/wp-atomx.php' not found or unable to stat
[Thu Feb 12 03:40:38.437446 2026] [php:error] [pid 32021] [client 158.173.36.85:0] script '/domains/hdickens.enteract/XxX.php' not found or unable to stat
[Thu Feb 12 03:40:38.491870 2026] [php:error] [pid 31990] [client 158.173.36.68:0] script '/domains/peterbmiller/wp-themes.php' not found or unable to stat
[Thu Feb 12 03:40:38.564487 2026] [php:error] [pid 32003] [client 158.173.36.12:0] script '/domains/markrose/admin-footer.php' not found or unable to stat
[Thu Feb 12 03:40:38.585557 2026] [php:error] [pid 32010] [client 158.173.36.245:0] script '/domains/system_suspended/wp-editor.php' not found or unable to stat
[Thu Feb 12 03:40:38.585561 2026] [php:error] [pid 31987] [client 158.173.36.164:0] script '/domains/egmaweb/av.php' not found or unable to stat
[Thu Feb 12 03:40:38.677222 2026] [php:error] [pid 32004] [client 158.173.36.171:0] script '/domains/wsmith.enteract/wp-admin.php' not found or unable to stat
[Thu Feb 12 03:40:38.761077 2026] [php:error] [pid 32002] [client 158.173.36.29:0] script '/domains/hdickens.enteract/wp-editor.php' not found or unable to stat
[Thu Feb 12 03:40:38.761100 2026] [php:error] [pid 32026] [client 158.173.36.227:0] script '/domains/astrosfm/Sanskrit.php' not found or unable to stat
[Thu Feb 12 03:40:38.955886 2026] [php:error] [pid 32003] [client 158.173.36.12:0] script '/domains/markrose/XxX.php' not found or unable to stat
[Thu Feb 12 03:40:38.958645 2026] [php:error] [pid 32026] [client 158.173.36.227:0] script '/domains/astrosfm/wp-fmfile.php' not found or unable to stat
[Thu Feb 12 03:40:39.077426 2026] [php:error] [pid 32016] [client 158.173.36.245:0] script '/domains/ebon/xex.php' not found or unable to stat
[Thu Feb 12 03:40:39.156230 2026] [php:error] [pid 31990] [client 158.173.36.68:0] script '/domains/peterbmiller/mariju.php' not found or unable to stat
[Thu Feb 12 03:40:39.211336 2026] [php:error] [pid 31996] [client 158.173.36.217:0] script '/domains/mjbradley/wp-admin.php' not found or unable to stat
[Thu Feb 12 03:40:39.423084 2026] [php:error] [pid 32024] [client 158.173.36.160:0] script '/domains/hdickens.enteract/images/install.php' not found or unable to stat
[Thu Feb 12 03:40:39.424030 2026] [php:error] [pid 31990] [client 158.173.36.68:0] script '/domains/peterbmiller/waf_defender.php' not found or unable to stat
[Thu Feb 12 03:40:39.469883 2026] [php:error] [pid 32004] [client 158.173.36.171:0] script '/domains/wsmith.enteract/wp-editor.php' not found or unable to stat
[Thu Feb 12 03:40:39.567339 2026] [php:error] [pid 31926] [client 158.173.36.245:0] script '/domains/system_suspended/adminfusm.php' not found or unable to stat
[Thu Feb 12 03:40:39.808567 2026] [php:error] [pid 31990] [client 158.173.36.68:0] script '/domains/peterbmiller/av.php' not found or unable to stat
[Thu Feb 12 03:40:39.808706 2026] [php:error] [pid 32024] [client 158.173.36.160:0] script '/domains/hdickens.enteract/adminfusm.php' not found or unable to stat
[Thu Feb 12 03:40:39.850995 2026] [php:error] [pid 32027] [client 158.173.36.12:0] script '/domains/markrose/theme.php' not found or unable to stat
[Thu Feb 12 03:40:39.851284 2026] [php:error] [pid 32026] [client 158.173.36.227:0] script '/domains/astrosfm/memberfuns.php' not found or unable to stat
[Thu Feb 12 03:40:39.991801 2026] [php:error] [pid 32024] [client 158.173.36.160:0] script '/domains/hdickens.enteract/js/js1.php' not found or unable to stat
[Thu Feb 12 03:40:40.005496 2026] [php:error] [pid 31996] [client 158.173.36.217:0] script '/domains/mjbradley/wp-editor.php' not found or unable to stat
[Thu Feb 12 03:40:40.021222 2026] [php:error] [pid 32016] [client 158.173.36.245:0] script '/domains/ebon/wp-head.php' not found or unable to stat
[Thu Feb 12 03:40:40.021444 2026] [php:error] [pid 31998] [client 158.173.36.134:0] script '/domains/mschmid/images/buy.php' not found or unable to stat
[Thu Feb 12 03:40:40.042493 2026] [php:error] [pid 32026] [client 158.173.36.227:0] script '/domains/astrosfm/infos.php' not found or unable to stat
[Thu Feb 12 03:40:40.266407 2026] [php:error] [pid 32022] [client 158.173.36.210:0] script '/domains/awciii/theme.php' not found or unable to stat
[Thu Feb 12 03:40:40.404081 2026] [php:error] [pid 32025] [client 158.173.36.71:0] script '/domains/wsmith.enteract/adminfusm.php' not found or unable to stat
[Thu Feb 12 03:40:40.430956 2026] [php:error] [pid 32027] [client 158.173.36.12:0] script '/domains/markrose/Simple.php' not found or unable to stat
[Thu Feb 12 03:40:40.479192 2026] [php:error] [pid 32024] [client 158.173.36.160:0] script '/domains/hdickens.enteract/images/habhan.php' not found or unable to stat
[Thu Feb 12 03:40:40.481344 2026] [php:error] [pid 32016] [client 158.173.36.245:0] script '/domains/ebon/makeasmtp.php' not found or unable to stat
[Thu Feb 12 03:40:40.528709 2026] [php:error] [pid 31993] [client 158.173.36.230:0] script '/domains/mjbradley/images/install.php' not found or unable to stat
[Thu Feb 12 03:40:40.560935 2026] [php:error] [pid 32021] [client 158.173.36.85:0] script '/domains/hdickens.enteract/css/media-widget-vide02.php' not found or unable to stat
[Thu Feb 12 03:40:40.561995 2026] [php:error] [pid 32002] [client 158.173.36.230:0] script '/domains/egmaweb/theme.php' not found or unable to stat
[Thu Feb 12 03:40:40.635213 2026] [php:error] [pid 32011] [client 158.173.36.169:0] script '/domains/ecernstelectric/xex.php' not found or unable to stat
[Thu Feb 12 03:40:40.812532 2026] [php:error] [pid 32026] [client 158.173.36.227:0] script '/domains/astrosfm/options-writing.php' not found or unable to stat
[Thu Feb 12 03:40:40.812533 2026] [php:error] [pid 32022] [client 158.173.36.210:0] script '/domains/awciii/Simple.php' not found or unable to stat
[Thu Feb 12 03:40:40.818983 2026] [php:error] [pid 32017] [client 158.173.36.63:0] script '/domains/piltdweb1/tox.php' not found or unable to stat
[Thu Feb 12 03:40:40.852580 2026] [php:error] [pid 31993] [client 158.173.36.230:0] script '/domains/mjbradley/adminfusm.php' not found or unable to stat
[Thu Feb 12 03:40:40.879181 2026] [php:error] [pid 32021] [client 158.173.36.85:0] script '/domains/hdickens.enteract/images/buy.php' not found or unable to stat
[Thu Feb 12 03:40:40.978692 2026] [php:error] [pid 32026] [client 158.173.36.227:0] script '/domains/astrosfm/options-reading.php' not found or unable to stat
[Thu Feb 12 03:40:40.979033 2026] [php:error] [pid 32016] [client 158.173.36.245:0] script '/domains/ebon/images/bypass.php' not found or unable to stat
[Thu Feb 12 03:40:41.072844 2026] [php:error] [pid 32002] [client 158.173.36.230:0] script '/domains/egmaweb/Simple.php' not found or unable to stat
[Thu Feb 12 03:40:41.143172 2026] [php:error] [pid 32026] [client 158.173.36.227:0] script '/domains/astrosfm/wsad.php' not found or unable to stat
[Thu Feb 12 03:40:41.328236 2026] [php:error] [pid 32026] [client 158.173.36.227:0] script '/domains/astrosfm/nation.php' not found or unable to stat
[Thu Feb 12 03:40:41.585616 2026] [php:error] [pid 32017] [client 158.173.36.63:0] script '/domains/piltdweb1/tiny.php' not found or unable to stat
[Thu Feb 12 03:40:41.740655 2026] [php:error] [pid 31993] [client 158.173.36.230:0] script '/domains/mjbradley/images/habhan.php' not found or unable to stat
[Thu Feb 12 03:40:41.751726 2026] [php:error] [pid 32004] [client 158.173.36.4:0] script '/domains/peterbmiller/theme.php' not found or unable to stat
[Thu Feb 12 03:40:41.754033 2026] [php:error] [pid 32011] [client 158.173.36.169:0] script '/domains/ecernstelectric/wp-head.php' not found or unable to stat
[Thu Feb 12 03:40:41.764493 2026] [php:error] [pid 31979] [client 158.173.36.124:0] script '/domains/nlyfoods/Sanskrit.php' not found or unable to stat
[Thu Feb 12 03:40:41.891043 2026] [php:error] [pid 32017] [client 158.173.36.63:0] script '/domains/piltdweb1/themes.php' not found or unable to stat
[Thu Feb 12 03:40:41.928218 2026] [php:error] [pid 31979] [client 158.173.36.124:0] script '/domains/nlyfoods/wp-fmfile.php' not found or unable to stat
[Thu Feb 12 03:40:41.973168 2026] [php:error] [pid 31926] [client 158.173.36.245:0] script '/domains/system_suspended/f35_SpaceTn.php' not found or unable to stat
[Thu Feb 12 03:40:42.036681 2026] [php:error] [pid 32017] [client 158.173.36.63:0] script '/domains/piltdweb1/wp-themes.php' not found or unable to stat
[Thu Feb 12 03:40:42.234572 2026] [php:error] [pid 32004] [client 158.173.36.4:0] script '/domains/peterbmiller/Simple.php' not found or unable to stat
[Thu Feb 12 03:40:42.237020 2026] [php:error] [pid 31996] [client 158.173.36.31:0] script '/domains/markrose/small.php' not found or unable to stat
[Thu Feb 12 03:40:42.266551 2026] [php:error] [pid 32024] [client 158.173.36.160:0] script '/domains/hdickens.enteract/f35_SpaceTn.php' not found or unable to stat
[Thu Feb 12 03:40:42.289270 2026] [php:error] [pid 32011] [client 158.173.36.169:0] script '/domains/ecernstelectric/makeasmtp.php' not found or unable to stat
[Thu Feb 12 03:40:42.357054 2026] [php:error] [pid 32026] [client 158.173.36.227:0] script '/domains/astrosfm/wp-atomx.php' not found or unable to stat
[Thu Feb 12 03:40:42.542511 2026] [php:error] [pid 32026] [client 158.173.36.227:0] script '/domains/astrosfm/admin-footer.php' not found or unable to stat
[Thu Feb 12 03:40:42.569239 2026] [php:error] [pid 32017] [client 158.173.36.63:0] script '/domains/piltdweb1/mariju.php' not found or unable to stat
[Thu Feb 12 03:40:42.589218 2026] [php:error] [pid 31990] [client 158.173.36.45:0] script '/domains/awciii/small.php' not found or unable to stat
[Thu Feb 12 03:40:42.589241 2026] [php:error] [pid 31998] [client 158.173.36.134:0] script '/domains/mschmid/xex.php' not found or unable to stat
[Thu Feb 12 03:40:42.605959 2026] [php:error] [pid 31996] [client 158.173.36.31:0] script '/domains/markrose/NewFile.php' not found or unable to stat
[Thu Feb 12 03:40:42.626042 2026] [php:error] [pid 32027] [client 158.173.36.227:0] script '/domains/egmaweb/images/waf_defender.php' not found or unable to stat
[Thu Feb 12 03:40:42.672072 2026] [php:error] [pid 31979] [client 158.173.36.124:0] script '/domains/nlyfoods/memberfuns.php' not found or unable to stat
[Thu Feb 12 03:40:42.699277 2026] [php:error] [pid 32025] [client 158.173.36.71:0] script '/domains/wsmith.enteract/f35_SpaceTn.php' not found or unable to stat
[Thu Feb 12 03:40:42.875960 2026] [php:error] [pid 31979] [client 158.173.36.124:0] script '/domains/nlyfoods/infos.php' not found or unable to stat
[Thu Feb 12 03:40:42.926008 2026] [php:error] [pid 32011] [client 158.173.36.169:0] script '/domains/ecernstelectric/images/bypass.php' not found or unable to stat
[Thu Feb 12 03:40:42.942644 2026] [php:error] [pid 31996] [client 158.173.36.31:0] script '/domains/markrose/error.php' not found or unable to stat
[Thu Feb 12 03:40:42.944126 2026] [php:error] [pid 31990] [client 158.173.36.45:0] script '/domains/awciii/NewFile.php' not found or unable to stat
[Thu Feb 12 03:40:42.944860 2026] [php:error] [pid 32027] [client 158.173.36.227:0] script '/domains/egmaweb/small.php' not found or unable to stat
[Thu Feb 12 03:40:42.999188 2026] [php:error] [pid 32017] [client 158.173.36.63:0] script '/domains/piltdweb1/waf_defender.php' not found or unable to stat
[Thu Feb 12 03:40:43.125695 2026] [php:error] [pid 32026] [client 158.173.36.227:0] script '/domains/astrosfm/XxX.php' not found or unable to stat
[Thu Feb 12 03:40:43.238274 2026] [php:error] [pid 31993] [client 158.173.36.230:0] script '/domains/mjbradley/f35_SpaceTn.php' not found or unable to stat
[Thu Feb 12 03:40:43.290351 2026] [php:error] [pid 31990] [client 158.173.36.45:0] script '/domains/awciii/error.php' not found or unable to stat
[Thu Feb 12 03:40:43.290351 2026] [php:error] [pid 32027] [client 158.173.36.227:0] script '/domains/egmaweb/NewFile.php' not found or unable to stat
[Thu Feb 12 03:40:43.321888 2026] [php:error] [pid 32017] [client 158.173.36.63:0] script '/domains/piltdweb1/av.php' not found or unable to stat
[Thu Feb 12 03:40:43.496916 2026] [php:error] [pid 31998] [client 158.173.36.134:0] script '/domains/mschmid/wp-head.php' not found or unable to stat
[Thu Feb 12 03:40:43.550444 2026] [php:error] [pid 32021] [client 158.173.36.85:0] script '/domains/hdickens.enteract/xex.php' not found or unable to stat
[Thu Feb 12 03:40:43.552669 2026] [php:error] [pid 32016] [client 158.173.36.245:0] script '/domains/ebon/click.php' not found or unable to stat
[Thu Feb 12 03:40:43.616878 2026] [php:error] [pid 31979] [client 158.173.36.124:0] script '/domains/nlyfoods/options-writing.php' not found or unable to stat
[Thu Feb 12 03:40:43.688658 2026] [php:error] [pid 32027] [client 158.173.36.227:0] script '/domains/egmaweb/error.php' not found or unable to stat
[Thu Feb 12 03:40:43.726421 2026] [php:error] [pid 32022] [client 158.173.36.161:0] script '/domains/peterbmiller/images/waf_defender.php' not found or unable to stat
[Thu Feb 12 03:40:43.880917 2026] [php:error] [pid 31996] [client 158.173.36.31:0] script '/domains/markrose/wp-files.php' not found or unable to stat
[Thu Feb 12 03:40:44.028032 2026] [php:error] [pid 31926] [client 158.173.36.245:0] script '/domains/system_suspended/gm.php' not found or unable to stat
[Thu Feb 12 03:40:44.073685 2026] [php:error] [pid 31990] [client 158.173.36.45:0] script '/domains/awciii/wp-files.php' not found or unable to stat
[Thu Feb 12 03:40:44.073835 2026] [php:error] [pid 31996] [client 158.173.36.31:0] script '/domains/markrose/functions.php' not found or unable to stat
[Thu Feb 12 03:40:44.122621 2026] [php:error] [pid 31979] [client 158.173.36.124:0] script '/domains/nlyfoods/options-reading.php' not found or unable to stat
[Thu Feb 12 03:40:44.143184 2026] [php:error] [pid 32022] [client 158.173.36.161:0] script '/domains/peterbmiller/small.php' not found or unable to stat
[Thu Feb 12 03:40:44.183907 2026] [php:error] [pid 31998] [client 158.173.36.134:0] script '/domains/mschmid/makeasmtp.php' not found or unable to stat
[Thu Feb 12 03:40:44.209170 2026] [php:error] [pid 31990] [client 158.173.36.45:0] script '/domains/awciii/functions.php' not found or unable to stat
[Thu Feb 12 03:40:44.273230 2026] [php:error] [pid 31979] [client 158.173.36.124:0] script '/domains/nlyfoods/wsad.php' not found or unable to stat
[Thu Feb 12 03:40:44.336122 2026] [php:error] [pid 32027] [client 158.173.36.227:0] script '/domains/egmaweb/wp-files.php' not found or unable to stat
[Thu Feb 12 03:40:44.427475 2026] [php:error] [pid 31979] [client 158.173.36.124:0] script '/domains/nlyfoods/nation.php' not found or unable to stat
[Thu Feb 12 03:40:44.440833 2026] [php:error] [pid 32021] [client 158.173.36.85:0] script '/domains/hdickens.enteract/wp-head.php' not found or unable to stat
[Thu Feb 12 03:40:44.442721 2026] [php:error] [pid 32003] [client 158.173.36.12:0] script '/domains/markrose/xex.php' not found or unable to stat
[Thu Feb 12 03:40:44.442769 2026] [php:error] [pid 32022] [client 158.173.36.161:0] script '/domains/peterbmiller/NewFile.php' not found or unable to stat
[Thu Feb 12 03:40:44.487714 2026] [php:error] [pid 32027] [client 158.173.36.227:0] script '/domains/egmaweb/functions.php' not found or unable to stat
[Thu Feb 12 03:40:44.578956 2026] [php:error] [pid 32024] [client 158.173.36.160:0] script '/domains/hdickens.enteract/gm.php' not found or unable to stat
[Thu Feb 12 03:40:44.579814 2026] [php:error] [pid 32025] [client 158.173.36.71:0] script '/domains/wsmith.enteract/gm.php' not found or unable to stat
[Thu Feb 12 03:40:44.620010 2026] [php:error] [pid 31998] [client 158.173.36.134:0] script '/domains/mschmid/images/bypass.php' not found or unable to stat
[Thu Feb 12 03:40:44.744920 2026] [php:error] [pid 32022] [client 158.173.36.161:0] script '/domains/peterbmiller/error.php' not found or unable to stat
[Thu Feb 12 03:40:44.793367 2026] [php:error] [pid 31996] [client 158.173.36.31:0] script '/domains/markrose/aks.php' not found or unable to stat
[Thu Feb 12 03:40:44.864292 2026] [php:error] [pid 32021] [client 158.173.36.85:0] script '/domains/hdickens.enteract/makeasmtp.php' not found or unable to stat
[Thu Feb 12 03:40:44.871670 2026] [php:error] [pid 32024] [client 158.173.36.160:0] script '/domains/hdickens.enteract/js/content-type.php' not found or unable to stat
[Thu Feb 12 03:40:44.907114 2026] [php:error] [pid 32026] [client 158.173.36.227:0] script '/domains/astrosfm/css/media-widget-vide02.php' not found or unable to stat
[Thu Feb 12 03:40:44.973527 2026] [php:error] [pid 31996] [client 158.173.36.31:0] script '/domains/markrose/litespeed.php' not found or unable to stat
[Thu Feb 12 03:40:44.973527 2026] [php:error] [pid 31990] [client 158.173.36.45:0] script '/domains/awciii/aks.php' not found or unable to stat
[Thu Feb 12 03:40:44.976456 2026] [php:error] [pid 32002] [client 158.173.36.245:0] script '/domains/piltdweb1/theme.php' not found or unable to stat
[Thu Feb 12 03:40:45.077188 2026] [php:error] [pid 32016] [client 158.173.36.245:0] script '/domains/ebon/wp-admin.php' not found or unable to stat
[Thu Feb 12 03:40:45.105064 2026] [php:error] [pid 31993] [client 158.173.36.230:0] script '/domains/mjbradley/gm.php' not found or unable to stat
[Thu Feb 12 03:40:45.161368 2026] [php:error] [pid 31990] [client 158.173.36.45:0] script '/domains/awciii/litespeed.php' not found or unable to stat
[Thu Feb 12 03:40:45.243615 2026] [php:error] [pid 31979] [client 158.173.36.124:0] script '/domains/nlyfoods/wp-atomx.php' not found or unable to stat
[Thu Feb 12 03:40:45.329438 2026] [php:error] [pid 32003] [client 158.173.36.12:0] script '/domains/markrose/wp-head.php' not found or unable to stat
[Thu Feb 12 03:40:45.367545 2026] [php:error] [pid 32027] [client 158.173.36.227:0] script '/domains/egmaweb/aks.php' not found or unable to stat
[Thu Feb 12 03:40:45.448252 2026] [php:error] [pid 31979] [client 158.173.36.124:0] script '/domains/nlyfoods/admin-footer.php' not found or unable to stat
[Thu Feb 12 03:40:45.473211 2026] [php:error] [pid 32021] [client 158.173.36.85:0] script '/domains/hdickens.enteract/images/bypass.php' not found or unable to stat
[Thu Feb 12 03:40:45.536154 2026] [php:error] [pid 32022] [client 158.173.36.161:0] script '/domains/peterbmiller/wp-files.php' not found or unable to stat
[Thu Feb 12 03:40:45.557901 2026] [php:error] [pid 32027] [client 158.173.36.227:0] script '/domains/egmaweb/litespeed.php' not found or unable to stat
[Thu Feb 12 03:40:45.595497 2026] [php:error] [pid 31996] [client 158.173.36.31:0] script '/domains/markrose/wpn.php' not found or unable to stat
[Thu Feb 12 03:40:45.684920 2026] [php:error] [pid 32011] [client 158.173.36.169:0] script '/domains/ecernstelectric/click.php' not found or unable to stat
[Thu Feb 12 03:40:45.768253 2026] [php:error] [pid 32022] [client 158.173.36.161:0] script '/domains/peterbmiller/functions.php' not found or unable to stat
[Thu Feb 12 03:40:45.769714 2026] [php:error] [pid 32002] [client 158.173.36.245:0] script '/domains/piltdweb1/Simple.php' not found or unable to stat
[Thu Feb 12 03:40:45.777516 2026] [php:error] [pid 31990] [client 158.173.36.45:0] script '/domains/awciii/wpn.php' not found or unable to stat
[Thu Feb 12 03:40:45.835313 2026] [php:error] [pid 31926] [client 158.173.36.245:0] script '/domains/system_suspended/plugin-install.php' not found or unable to stat
[Thu Feb 12 03:40:45.835316 2026] [php:error] [pid 32016] [client 158.173.36.245:0] script '/domains/ebon/wp-editor.php' not found or unable to stat
[Thu Feb 12 03:40:45.837894 2026] [php:error] [pid 31979] [client 158.173.36.124:0] script '/domains/nlyfoods/XxX.php' not found or unable to stat
[Thu Feb 12 03:40:45.997042 2026] [php:error] [pid 32003] [client 158.173.36.12:0] script '/domains/markrose/makeasmtp.php' not found or unable to stat
[Thu Feb 12 03:40:46.205639 2026] [php:error] [pid 32027] [client 158.173.36.227:0] script '/domains/egmaweb/wpn.php' not found or unable to stat
[Thu Feb 12 03:40:46.623073 2026] [php:error] [pid 32002] [client 158.173.36.68:0] script '/domains/ebon/images/install.php' not found or unable to stat
[Thu Feb 12 03:40:46.707260 2026] [php:error] [pid 32025] [client 158.173.36.71:0] script '/domains/wsmith.enteract/plugin-install.php' not found or unable to stat
[Thu Feb 12 03:40:46.859004 2026] [php:error] [pid 32022] [client 158.173.36.161:0] script '/domains/peterbmiller/aks.php' not found or unable to stat
[Thu Feb 12 03:40:46.953366 2026] [php:error] [pid 32002] [client 158.173.36.68:0] script '/domains/ebon/adminfusm.php' not found or unable to stat
[Thu Feb 12 03:40:47.082893 2026] [php:error] [pid 32022] [client 158.173.36.161:0] script '/domains/peterbmiller/litespeed.php' not found or unable to stat
[Thu Feb 12 03:40:47.581403 2026] [php:error] [pid 32024] [client 158.173.36.160:0] script '/domains/hdickens.enteract/plugin-install.php' not found or unable to stat
[Thu Feb 12 03:40:47.765028 2026] [php:error] [pid 31990] [client 158.173.36.227:0] script '/domains/piltdweb1/css/av.php' not found or unable to stat
[Thu Feb 12 03:40:47.765512 2026] [php:error] [pid 31993] [client 158.173.36.230:0] script '/domains/mjbradley/plugin-install.php' not found or unable to stat
[Thu Feb 12 03:40:47.784777 2026] [php:error] [pid 31998] [client 158.173.36.134:0] script '/domains/mschmid/click.php' not found or unable to stat
[Thu Feb 12 03:40:47.785435 2026] [php:error] [pid 32022] [client 158.173.36.161:0] script '/domains/peterbmiller/wpn.php' not found or unable to stat
[Thu Feb 12 03:40:47.819063 2026] [php:error] [pid 32002] [client 158.173.36.68:0] script '/domains/ebon/images/habhan.php' not found or unable to stat
[Thu Feb 12 03:40:48.001063 2026] [php:error] [pid 32011] [client 158.173.36.169:0] script '/domains/ecernstelectric/wp-admin.php' not found or unable to stat
[Thu Feb 12 03:40:48.339768 2026] [php:error] [pid 31990] [client 158.173.36.227:0] script '/domains/piltdweb1/small.php' not found or unable to stat
[Thu Feb 12 03:40:48.523535 2026] [php:error] [pid 32021] [client 158.173.36.85:0] script '/domains/hdickens.enteract/click.php' not found or unable to stat
[Thu Feb 12 03:40:48.556969 2026] [php:error] [pid 31979] [client 158.173.36.124:0] script '/domains/nlyfoods/css/media-widget-vide02.php' not found or unable to stat
[Thu Feb 12 03:40:48.723487 2026] [php:error] [pid 31990] [client 158.173.36.227:0] script '/domains/piltdweb1/NewFile.php' not found or unable to stat
[Thu Feb 12 03:40:48.793910 2026] [php:error] [pid 32011] [client 158.173.36.169:0] script '/domains/ecernstelectric/wp-editor.php' not found or unable to stat
[Thu Feb 12 03:40:49.138954 2026] [php:error] [pid 31990] [client 158.173.36.227:0] script '/domains/piltdweb1/error.php' not found or unable to stat
[Thu Feb 12 03:40:49.145413 2026] [php:error] [pid 32026] [client 158.173.36.227:0] script '/domains/astrosfm/xex.php' not found or unable to stat
[Thu Feb 12 03:40:49.266883 2026] [php:error] [pid 32033] [client 158.173.36.169:0] script '/domains/ecernstelectric/images/install.php' not found or unable to stat
[Thu Feb 12 03:40:49.605397 2026] [php:error] [pid 31998] [client 158.173.36.134:0] script '/domains/mschmid/wp-admin.php' not found or unable to stat
[Thu Feb 12 03:40:49.939950 2026] [php:error] [pid 32024] [client 158.173.36.160:0] script '/domains/hdickens.enteract/css/fan.php' not found or unable to stat
[Thu Feb 12 03:40:50.078608 2026] [php:error] [pid 32002] [client 158.173.36.68:0] script '/domains/ebon/f35_SpaceTn.php' not found or unable to stat
[Thu Feb 12 03:40:50.223265 2026] [php:error] [pid 31990] [client 158.173.36.227:0] script '/domains/piltdweb1/wp-files.php' not found or unable to stat
[Thu Feb 12 03:40:50.290542 2026] [php:error] [pid 32024] [client 158.173.36.160:0] script '/domains/hdickens.enteract/images/mah.php' not found or unable to stat
[Thu Feb 12 03:40:50.312330 2026] [php:error] [pid 32033] [client 158.173.36.169:0] script '/domains/ecernstelectric/adminfusm.php' not found or unable to stat
[Thu Feb 12 03:40:50.379676 2026] [php:error] [pid 31990] [client 158.173.36.227:0] script '/domains/piltdweb1/functions.php' not found or unable to stat
[Thu Feb 12 03:40:50.385877 2026] [php:error] [pid 31998] [client 158.173.36.134:0] script '/domains/mschmid/wp-editor.php' not found or unable to stat
[Thu Feb 12 03:40:50.463099 2026] [php:error] [pid 32003] [client 158.173.36.12:0] script '/domains/markrose/click.php' not found or unable to stat
[Thu Feb 12 03:40:50.465176 2026] [php:error] [pid 32026] [client 158.173.36.227:0] script '/domains/astrosfm/wp-head.php' not found or unable to stat
[Thu Feb 12 03:40:50.527352 2026] [php:error] [pid 31993] [client 158.173.36.230:0] script '/domains/mjbradley/images/mah.php' not found or unable to stat
[Thu Feb 12 03:40:50.552046 2026] [php:error] [pid 32033] [client 158.173.36.169:0] script '/domains/ecernstelectric/js/js1.php' not found or unable to stat
[Thu Feb 12 03:40:50.565685 2026] [php:error] [pid 32030] [client 158.173.36.245:0] script '/domains/egmaweb/images/wp-aespa.php' not found or unable to stat
[Thu Feb 12 03:40:50.596384 2026] [php:error] [pid 32021] [client 158.173.36.85:0] script '/domains/hdickens.enteract/wp-admin.php' not found or unable to stat
[Thu Feb 12 03:40:50.938327 2026] [php:error] [pid 32035] [client 158.173.36.240:0] script '/domains/mschmid/images/install.php' not found or unable to stat
[Thu Feb 12 03:40:51.016046 2026] [php:error] [pid 32026] [client 158.173.36.227:0] script '/domains/astrosfm/makeasmtp.php' not found or unable to stat
[Thu Feb 12 03:40:51.113755 2026] [php:error] [pid 31926] [client 158.173.36.245:0] script '/domains/system_suspended/b.php' not found or unable to stat
