[Thu Feb 12 05:01:36.587002 2026] [php:error] [pid 49910] [client 158.173.36.124:0] script '/domains/machinadynamica/filemanager.php' not found or unable to stat
[Thu Feb 12 05:01:36.587348 2026] [php:error] [pid 49922] [client 158.173.36.134:0] script '/domains/windsorweb/edit.php' not found or unable to stat
[Thu Feb 12 05:01:36.727773 2026] [php:error] [pid 49925] [client 158.173.36.45:0] script '/domains/apunderkofler/xl2023.php' not found or unable to stat
[Thu Feb 12 05:01:36.732718 2026] [php:error] [pid 49907] [client 158.173.36.80:0] script '/domains/brenties/file2.php' not found or unable to stat
[Thu Feb 12 05:01:36.746365 2026] [php:error] [pid 49916] [client 158.173.36.210:0] script '/domains/sjsachs/webdb.php' not found or unable to stat
[Thu Feb 12 05:01:36.930038 2026] [php:error] [pid 49927] [client 158.173.36.124:0] script '/domains/cccweb/file.php' not found or unable to stat
[Thu Feb 12 05:01:36.930690 2026] [php:error] [pid 49925] [client 158.173.36.45:0] script '/domains/apunderkofler/go.php' not found or unable to stat
[Thu Feb 12 05:01:36.944065 2026] [php:error] [pid 49922] [client 158.173.36.134:0] script '/domains/windsorweb/cgi-bin/autoload_classmap.php' not found or unable to stat
[Thu Feb 12 05:01:36.944133 2026] [php:error] [pid 49928] [client 158.173.36.217:0] script '/domains/cccweb/classwithtostring.php' not found or unable to stat
[Thu Feb 12 05:01:37.140246 2026] [php:error] [pid 49922] [client 158.173.36.134:0] script '/domains/windsorweb/wp-links-opml.php' not found or unable to stat
[Thu Feb 12 05:01:37.140258 2026] [php:error] [pid 49937] [client 158.173.36.12:0] script '/domains/fayemoran/wp-links.php' not found or unable to stat
[Thu Feb 12 05:01:37.140263 2026] [php:error] [pid 49916] [client 158.173.36.210:0] script '/domains/sjsachs/file2.php' not found or unable to stat
[Thu Feb 12 05:01:37.140816 2026] [php:error] [pid 49907] [client 158.173.36.80:0] script '/domains/brenties/alfa.php' not found or unable to stat
[Thu Feb 12 05:01:37.141839 2026] [php:error] [pid 49917] [client 158.173.36.68:0] script '/domains/rfisher.dnai/wp-l0gin.php' not found or unable to stat
[Thu Feb 12 05:01:37.152878 2026] [php:error] [pid 49884] [client 158.173.36.171:0] script '/domains/brenties/dropdown.php' not found or unable to stat
[Thu Feb 12 05:01:37.529737 2026] [php:error] [pid 49927] [client 158.173.36.124:0] script '/domains/cccweb/buy.php' not found or unable to stat
[Thu Feb 12 05:01:37.548951 2026] [php:error] [pid 49922] [client 158.173.36.134:0] script '/domains/windsorweb/atomlib.php' not found or unable to stat
[Thu Feb 12 05:01:37.549353 2026] [php:error] [pid 49884] [client 158.173.36.171:0] script '/domains/brenties/db.php' not found or unable to stat
[Thu Feb 12 05:01:37.549629 2026] [php:error] [pid 49916] [client 158.173.36.210:0] script '/domains/sjsachs/alfa.php' not found or unable to stat
[Thu Feb 12 05:01:37.561404 2026] [php:error] [pid 49928] [client 158.173.36.217:0] script '/domains/cccweb/tinyfilemanager.php' not found or unable to stat
[Thu Feb 12 05:01:37.775752 2026] [php:error] [pid 49917] [client 158.173.36.68:0] script '/domains/rfisher.dnai/new.php' not found or unable to stat
[Thu Feb 12 05:01:37.776107 2026] [php:error] [pid 49910] [client 158.173.36.124:0] script '/domains/machinadynamica/function.php' not found or unable to stat
[Thu Feb 12 05:01:37.838227 2026] [php:error] [pid 49932] [client 158.173.36.57:0] script '/domains/rfisher.dnai/default.php' not found or unable to stat
[Thu Feb 12 05:01:37.913510 2026] [php:error] [pid 49923] [client 158.173.36.57:0] script '/domains/abtechsci/install.php' not found or unable to stat
[Thu Feb 12 05:01:38.144884 2026] [php:error] [pid 49928] [client 158.173.36.217:0] script '/domains/cccweb/file.php' not found or unable to stat
[Thu Feb 12 05:01:38.146157 2026] [php:error] [pid 49910] [client 158.173.36.124:0] script '/domains/machinadynamica/wp-signup.php' not found or unable to stat
[Thu Feb 12 05:01:38.317119 2026] [php:error] [pid 49923] [client 158.173.36.57:0] script '/domains/abtechsci/images/class-config.php' not found or unable to stat
[Thu Feb 12 05:01:38.317626 2026] [php:error] [pid 49917] [client 158.173.36.68:0] script '/domains/rfisher.dnai/images/DJP9.php' not found or unable to stat
[Thu Feb 12 05:01:38.554916 2026] [php:error] [pid 49922] [client 158.173.36.134:0] script '/domains/windsorweb/xp.php' not found or unable to stat
[Thu Feb 12 05:01:38.773341 2026] [php:error] [pid 49928] [client 158.173.36.217:0] script '/domains/cccweb/buy.php' not found or unable to stat
[Thu Feb 12 05:01:38.778617 2026] [php:error] [pid 49907] [client 158.173.36.80:0] script '/domains/brenties/edit.php' not found or unable to stat
[Thu Feb 12 05:01:38.778707 2026] [php:error] [pid 49910] [client 158.173.36.124:0] script '/domains/machinadynamica/wp-blog.php' not found or unable to stat
[Thu Feb 12 05:01:39.119706 2026] [php:error] [pid 49917] [client 158.173.36.68:0] script '/domains/rfisher.dnai/natural.php' not found or unable to stat
[Thu Feb 12 05:01:39.298748 2026] [php:error] [pid 49922] [client 158.173.36.134:0] script '/domains/windsorweb/wp-links.php' not found or unable to stat
[Thu Feb 12 05:01:39.299133 2026] [php:error] [pid 49923] [client 158.173.36.57:0] script '/domains/abtechsci/bypass.php' not found or unable to stat
[Thu Feb 12 05:01:39.299442 2026] [php:error] [pid 49916] [client 158.173.36.210:0] script '/domains/sjsachs/edit.php' not found or unable to stat
[Thu Feb 12 05:01:39.343567 2026] [php:error] [pid 49917] [client 158.173.36.68:0] script '/domains/rfisher.dnai/item.php' not found or unable to stat
[Thu Feb 12 05:01:39.511182 2026] [php:error] [pid 49907] [client 158.173.36.80:0] script '/domains/brenties/wp-links-opml.php' not found or unable to stat
[Thu Feb 12 05:01:39.583342 2026] [php:error] [pid 49932] [client 158.173.36.57:0] script '/domains/rfisher.dnai/dropdown.php' not found or unable to stat
[Thu Feb 12 05:01:39.583526 2026] [php:error] [pid 49937] [client 158.173.36.12:0] script '/domains/fayemoran/moon.php' not found or unable to stat
[Thu Feb 12 05:01:39.583540 2026] [php:error] [pid 49923] [client 158.173.36.57:0] script '/domains/abtechsci/class.php' not found or unable to stat
[Thu Feb 12 05:01:39.652691 2026] [php:error] [pid 49884] [client 158.173.36.171:0] script '/domains/brenties/install.php' not found or unable to stat
[Thu Feb 12 05:01:39.739179 2026] [php:error] [pid 49918] [client 158.173.36.80:0] script '/domains/deltaele/manager.php' not found or unable to stat
[Thu Feb 12 05:01:39.749258 2026] [php:error] [pid 49932] [client 158.173.36.57:0] script '/domains/rfisher.dnai/images/admin.php' not found or unable to stat
[Thu Feb 12 05:01:39.749500 2026] [php:error] [pid 49916] [client 158.173.36.210:0] script '/domains/sjsachs/cgi-bin/autoload_classmap.php' not found or unable to stat
[Thu Feb 12 05:01:39.749733 2026] [php:error] [pid 49910] [client 158.173.36.124:0] script '/domains/machinadynamica/wp-l0gin.php' not found or unable to stat
[Thu Feb 12 05:01:39.904285 2026] [php:error] [pid 49907] [client 158.173.36.80:0] script '/domains/brenties/atomlib.php' not found or unable to stat
[Thu Feb 12 05:01:39.912707 2026] [php:error] [pid 49932] [client 158.173.36.57:0] script '/domains/rfisher.dnai/db.php' not found or unable to stat
[Thu Feb 12 05:01:39.914618 2026] [php:error] [pid 49918] [client 158.173.36.80:0] script '/domains/deltaele/bless.php' not found or unable to stat
[Thu Feb 12 05:01:39.915325 2026] [php:error] [pid 49916] [client 158.173.36.210:0] script '/domains/sjsachs/wp-links-opml.php' not found or unable to stat
[Thu Feb 12 05:01:40.058610 2026] [php:error] [pid 49918] [client 158.173.36.80:0] script '/domains/deltaele/O-Simple.php' not found or unable to stat
[Thu Feb 12 05:01:40.061238 2026] [php:error] [pid 49910] [client 158.173.36.124:0] script '/domains/machinadynamica/new.php' not found or unable to stat
[Thu Feb 12 05:01:40.061240 2026] [php:error] [pid 49937] [client 158.173.36.12:0] script '/domains/fayemoran/webadmin.php' not found or unable to stat
[Thu Feb 12 05:01:40.255231 2026] [php:error] [pid 49918] [client 158.173.36.80:0] script '/domains/deltaele/lock360.php' not found or unable to stat
[Thu Feb 12 05:01:40.263126 2026] [php:error] [pid 49916] [client 158.173.36.210:0] script '/domains/sjsachs/atomlib.php' not found or unable to stat
[Thu Feb 12 05:01:40.376969 2026] [php:error] [pid 49927] [client 158.173.36.124:0] script '/domains/cccweb/inc.php' not found or unable to stat
[Thu Feb 12 05:01:40.476846 2026] [php:error] [pid 49918] [client 158.173.36.80:0] script '/domains/deltaele/zwso.php' not found or unable to stat
[Thu Feb 12 05:01:40.559704 2026] [php:error] [pid 49884] [client 158.173.36.171:0] script '/domains/brenties/bypass.php' not found or unable to stat
[Thu Feb 12 05:01:40.734312 2026] [php:error] [pid 49937] [client 158.173.36.12:0] script '/domains/fayemoran/xl2023.php' not found or unable to stat
[Thu Feb 12 05:01:40.734392 2026] [php:error] [pid 49910] [client 158.173.36.124:0] script '/domains/machinadynamica/images/DJP9.php' not found or unable to stat
[Thu Feb 12 05:01:40.792028 2026] [php:error] [pid 49925] [client 158.173.36.45:0] script '/domains/apunderkofler/hehehehe.php' not found or unable to stat
[Thu Feb 12 05:01:40.940913 2026] [php:error] [pid 49918] [client 158.173.36.80:0] script '/domains/deltaele/chosen.php' not found or unable to stat
[Thu Feb 12 05:01:40.956875 2026] [php:error] [pid 49937] [client 158.173.36.12:0] script '/domains/fayemoran/go.php' not found or unable to stat
[Thu Feb 12 05:01:41.001974 2026] [php:error] [pid 49884] [client 158.173.36.171:0] script '/domains/brenties/class.php' not found or unable to stat
[Thu Feb 12 05:01:41.048792 2026] [php:error] [pid 49923] [client 158.173.36.57:0] script '/domains/abtechsci/css/css.php' not found or unable to stat
[Thu Feb 12 05:01:41.091123 2026] [php:error] [pid 49927] [client 158.173.36.124:0] script '/domains/cccweb/filemanager.php' not found or unable to stat
[Thu Feb 12 05:01:41.106277 2026] [php:error] [pid 49918] [client 158.173.36.80:0] script '/domains/deltaele/about.php' not found or unable to stat
[Thu Feb 12 05:01:41.170182 2026] [php:error] [pid 49907] [client 158.173.36.80:0] script '/domains/brenties/xp.php' not found or unable to stat
[Thu Feb 12 05:01:41.241479 2026] [php:error] [pid 49923] [client 158.173.36.57:0] script '/domains/abtechsci/init.php' not found or unable to stat
[Thu Feb 12 05:01:41.264802 2026] [php:error] [pid 49918] [client 158.173.36.80:0] script '/domains/deltaele/admin.php' not found or unable to stat
[Thu Feb 12 05:01:41.264828 2026] [php:error] [pid 49910] [client 158.173.36.124:0] script '/domains/machinadynamica/natural.php' not found or unable to stat
[Thu Feb 12 05:01:41.449804 2026] [php:error] [pid 49936] [client 158.173.36.164:0] script '/domains/rfisher.dnai/default.php' not found or unable to stat
[Thu Feb 12 05:01:41.450804 2026] [php:error] [pid 49910] [client 158.173.36.124:0] script '/domains/machinadynamica/item.php' not found or unable to stat
[Thu Feb 12 05:01:41.450910 2026] [php:error] [pid 49916] [client 158.173.36.210:0] script '/domains/sjsachs/xp.php' not found or unable to stat
[Thu Feb 12 05:01:41.451210 2026] [php:error] [pid 49922] [client 158.173.36.134:0] script '/domains/windsorweb/moon.php' not found or unable to stat
[Thu Feb 12 05:01:41.599103 2026] [php:error] [pid 49918] [client 158.173.36.80:0] script '/domains/deltaele/mah.php' not found or unable to stat
[Thu Feb 12 05:01:41.705518 2026] [php:error] [pid 49907] [client 158.173.36.80:0] script '/domains/brenties/wp-links.php' not found or unable to stat
[Thu Feb 12 05:01:41.890583 2026] [php:error] [pid 49932] [client 158.173.36.57:0] script '/domains/rfisher.dnai/install.php' not found or unable to stat
[Thu Feb 12 05:01:41.978033 2026] [php:error] [pid 49928] [client 158.173.36.217:0] script '/domains/cccweb/inc.php' not found or unable to stat
[Thu Feb 12 05:01:41.994862 2026] [php:error] [pid 49916] [client 158.173.36.210:0] script '/domains/sjsachs/wp-links.php' not found or unable to stat
[Thu Feb 12 05:01:41.995461 2026] [php:error] [pid 49918] [client 158.173.36.80:0] script '/domains/deltaele/core.php' not found or unable to stat
[Thu Feb 12 05:01:41.995483 2026] [php:error] [pid 49922] [client 158.173.36.134:0] script '/domains/windsorweb/webadmin.php' not found or unable to stat
[Thu Feb 12 05:01:42.129615 2026] [php:error] [pid 49927] [client 158.173.36.124:0] script '/domains/cccweb/function.php' not found or unable to stat
[Thu Feb 12 05:01:42.301931 2026] [php:error] [pid 49884] [client 158.173.36.171:0] script '/domains/brenties/init.php' not found or unable to stat
[Thu Feb 12 05:01:42.304409 2026] [php:error] [pid 49918] [client 158.173.36.80:0] script '/domains/deltaele/robots.php' not found or unable to stat
[Thu Feb 12 05:01:42.360688 2026] [php:error] [pid 49932] [client 158.173.36.57:0] script '/domains/rfisher.dnai/images/class-config.php' not found or unable to stat
[Thu Feb 12 05:01:42.592898 2026] [php:error] [pid 49918] [client 158.173.36.80:0] script '/domains/deltaele/inputs.php' not found or unable to stat
[Thu Feb 12 05:01:42.593159 2026] [php:error] [pid 49928] [client 158.173.36.217:0] script '/domains/cccweb/filemanager.php' not found or unable to stat
[Thu Feb 12 05:01:42.636961 2026] [php:error] [pid 49927] [client 158.173.36.124:0] script '/domains/cccweb/wp-signup.php' not found or unable to stat
[Thu Feb 12 05:01:42.638007 2026] [php:error] [pid 49923] [client 158.173.36.57:0] script '/domains/abtechsci/css/admin.php' not found or unable to stat
[Thu Feb 12 05:01:42.768215 2026] [php:error] [pid 49936] [client 158.173.36.164:0] script '/domains/rfisher.dnai/dropdown.php' not found or unable to stat
[Thu Feb 12 05:01:42.768492 2026] [php:error] [pid 49922] [client 158.173.36.134:0] script '/domains/windsorweb/xl2023.php' not found or unable to stat
[Thu Feb 12 05:01:42.771322 2026] [php:error] [pid 49918] [client 158.173.36.80:0] script '/domains/deltaele/mini.php' not found or unable to stat
[Thu Feb 12 05:01:42.805534 2026] [php:error] [pid 49923] [client 158.173.36.57:0] script '/domains/abtechsci/adminfuns.php' not found or unable to stat
[Thu Feb 12 05:01:42.933184 2026] [php:error] [pid 49936] [client 158.173.36.164:0] script '/domains/rfisher.dnai/images/admin.php' not found or unable to stat
[Thu Feb 12 05:01:42.974133 2026] [php:error] [pid 49918] [client 158.173.36.80:0] script '/domains/deltaele/goods.php' not found or unable to stat
[Thu Feb 12 05:01:42.991362 2026] [php:error] [pid 49932] [client 158.173.36.57:0] script '/domains/rfisher.dnai/bypass.php' not found or unable to stat
[Thu Feb 12 05:01:42.991816 2026] [php:error] [pid 49922] [client 158.173.36.134:0] script '/domains/windsorweb/go.php' not found or unable to stat
[Thu Feb 12 05:01:43.088945 2026] [php:error] [pid 49936] [client 158.173.36.164:0] script '/domains/rfisher.dnai/db.php' not found or unable to stat
[Thu Feb 12 05:01:43.116169 2026] [php:error] [pid 49918] [client 158.173.36.80:0] script '/domains/deltaele/file5.php' not found or unable to stat
[Thu Feb 12 05:01:43.124059 2026] [php:error] [pid 49927] [client 158.173.36.124:0] script '/domains/cccweb/wp-blog.php' not found or unable to stat
[Thu Feb 12 05:01:43.124261 2026] [php:error] [pid 49923] [client 158.173.36.57:0] script '/domains/abtechsci/wp_wlx.php' not found or unable to stat
[Thu Feb 12 05:01:43.146167 2026] [php:error] [pid 49932] [client 158.173.36.57:0] script '/domains/rfisher.dnai/class.php' not found or unable to stat
[Thu Feb 12 05:01:43.337761 2026] [php:error] [pid 49918] [client 158.173.36.80:0] script '/domains/deltaele/ahax.php' not found or unable to stat
[Thu Feb 12 05:01:43.522264 2026] [php:error] [pid 49918] [client 158.173.36.80:0] script '/domains/deltaele/f35.php' not found or unable to stat
[Thu Feb 12 05:01:43.728353 2026] [php:error] [pid 49918] [client 158.173.36.80:0] script '/domains/deltaele/simple.php' not found or unable to stat
[Thu Feb 12 05:01:43.732235 2026] [php:error] [pid 49923] [client 158.173.36.57:0] script '/domains/abtechsci/wp.php' not found or unable to stat
[Thu Feb 12 05:01:43.733456 2026] [php:error] [pid 49928] [client 158.173.36.217:0] script '/domains/cccweb/function.php' not found or unable to stat
[Thu Feb 12 05:01:43.882229 2026] [php:error] [pid 49927] [client 158.173.36.124:0] script '/domains/cccweb/wp-l0gin.php' not found or unable to stat
[Thu Feb 12 05:01:43.883742 2026] [php:error] [pid 49907] [client 158.173.36.80:0] script '/domains/brenties/moon.php' not found or unable to stat
[Thu Feb 12 05:01:43.884813 2026] [php:error] [pid 49899] [client 158.173.36.227:0] script '/domains/machinadynamica/default.php' not found or unable to stat
[Thu Feb 12 05:01:43.979599 2026] [php:error] [pid 49884] [client 158.173.36.171:0] script '/domains/brenties/adminfuns.php' not found or unable to stat
[Thu Feb 12 05:01:44.076697 2026] [php:error] [pid 49922] [client 158.173.36.134:0] script '/domains/windsorweb/cgi-bin/index.php' not found or unable to stat
[Thu Feb 12 05:01:44.079052 2026] [php:error] [pid 49928] [client 158.173.36.217:0] script '/domains/cccweb/wp-signup.php' not found or unable to stat
[Thu Feb 12 05:01:44.341196 2026] [php:error] [pid 49923] [client 158.173.36.57:0] script '/domains/abtechsci/wp-header.php' not found or unable to stat
[Thu Feb 12 05:01:44.349193 2026] [php:error] [pid 49927] [client 158.173.36.124:0] script '/domains/cccweb/new.php' not found or unable to stat
[Thu Feb 12 05:01:44.432726 2026] [php:error] [pid 49884] [client 158.173.36.171:0] script '/domains/brenties/wp_wlx.php' not found or unable to stat
[Thu Feb 12 05:01:44.440711 2026] [php:error] [pid 49916] [client 158.173.36.210:0] script '/domains/sjsachs/moon.php' not found or unable to stat
[Thu Feb 12 05:01:44.543800 2026] [php:error] [pid 49907] [client 158.173.36.80:0] script '/domains/brenties/webadmin.php' not found or unable to stat
[Thu Feb 12 05:01:44.597099 2026] [php:error] [pid 49932] [client 158.173.36.57:0] script '/domains/rfisher.dnai/init.php' not found or unable to stat
[Thu Feb 12 05:01:44.697259 2026] [php:error] [pid 49923] [client 158.173.36.57:0] script '/domains/abtechsci/Marvins.php' not found or unable to stat
[Thu Feb 12 05:01:44.704117 2026] [php:error] [pid 49928] [client 158.173.36.217:0] script '/domains/cccweb/wp-blog.php' not found or unable to stat
[Thu Feb 12 05:01:44.704262 2026] [php:error] [pid 49937] [client 158.173.36.12:0] script '/domains/fayemoran/hehehehe.php' not found or unable to stat
[Thu Feb 12 05:01:44.846201 2026] [php:error] [pid 49927] [client 158.173.36.124:0] script '/domains/cccweb/images/DJP9.php' not found or unable to stat
[Thu Feb 12 05:01:44.999303 2026] [php:error] [pid 49884] [client 158.173.36.171:0] script '/domains/brenties/wp.php' not found or unable to stat
[Thu Feb 12 05:01:45.101693 2026] [php:error] [pid 49923] [client 158.173.36.57:0] script '/domains/abtechsci/wp-class.php' not found or unable to stat
[Thu Feb 12 05:01:45.101716 2026] [php:error] [pid 49899] [client 158.173.36.227:0] script '/domains/machinadynamica/dropdown.php' not found or unable to stat
[Thu Feb 12 05:01:45.109288 2026] [php:error] [pid 49907] [client 158.173.36.80:0] script '/domains/brenties/xl2023.php' not found or unable to stat
[Thu Feb 12 05:01:45.336961 2026] [php:error] [pid 49936] [client 158.173.36.164:0] script '/domains/rfisher.dnai/install.php' not found or unable to stat
[Thu Feb 12 05:01:45.379116 2026] [php:error] [pid 49899] [client 158.173.36.227:0] script '/domains/machinadynamica/images/admin.php' not found or unable to stat
[Thu Feb 12 05:01:45.386782 2026] [php:error] [pid 49907] [client 158.173.36.80:0] script '/domains/brenties/go.php' not found or unable to stat
[Thu Feb 12 05:01:45.438461 2026] [php:error] [pid 49916] [client 158.173.36.210:0] script '/domains/sjsachs/webadmin.php' not found or unable to stat
[Thu Feb 12 05:01:45.565683 2026] [php:error] [pid 49899] [client 158.173.36.227:0] script '/domains/machinadynamica/db.php' not found or unable to stat
[Thu Feb 12 05:01:45.584713 2026] [php:error] [pid 49927] [client 158.173.36.124:0] script '/domains/cccweb/natural.php' not found or unable to stat
[Thu Feb 12 05:01:45.585415 2026] [php:error] [pid 49923] [client 158.173.36.57:0] script '/domains/abtechsci/xx.php' not found or unable to stat
[Thu Feb 12 05:01:45.590618 2026] [php:error] [pid 49928] [client 158.173.36.217:0] script '/domains/cccweb/wp-l0gin.php' not found or unable to stat
[Thu Feb 12 05:01:45.606455 2026] [php:error] [pid 49884] [client 158.173.36.171:0] script '/domains/brenties/wp-header.php' not found or unable to stat
[Thu Feb 12 05:01:45.661764 2026] [php:error] [pid 49936] [client 158.173.36.164:0] script '/domains/rfisher.dnai/images/class-config.php' not found or unable to stat
[Thu Feb 12 05:01:45.711437 2026] [php:error] [pid 49927] [client 158.173.36.124:0] script '/domains/cccweb/item.php' not found or unable to stat
[Thu Feb 12 05:01:45.713110 2026] [php:error] [pid 49923] [client 158.173.36.57:0] script '/domains/abtechsci/autoload_classmap.php' not found or unable to stat
[Thu Feb 12 05:01:46.058517 2026] [php:error] [pid 49916] [client 158.173.36.210:0] script '/domains/sjsachs/xl2023.php' not found or unable to stat
[Thu Feb 12 05:01:46.063638 2026] [php:error] [pid 49928] [client 158.173.36.217:0] script '/domains/cccweb/new.php' not found or unable to stat
[Thu Feb 12 05:01:46.065088 2026] [php:error] [pid 49884] [client 158.173.36.171:0] script '/domains/brenties/Marvins.php' not found or unable to stat
[Thu Feb 12 05:01:46.192448 2026] [php:error] [pid 49933] [client 158.173.36.31:0] script '/domains/apunderkofler/byp.php' not found or unable to stat
[Thu Feb 12 05:01:46.210892 2026] [php:error] [pid 49916] [client 158.173.36.210:0] script '/domains/sjsachs/go.php' not found or unable to stat
[Thu Feb 12 05:01:46.211112 2026] [php:error] [pid 49923] [client 158.173.36.57:0] script '/domains/abtechsci/content.php' not found or unable to stat
[Thu Feb 12 05:01:46.216725 2026] [php:error] [pid 49936] [client 158.173.36.164:0] script '/domains/rfisher.dnai/bypass.php' not found or unable to stat
[Thu Feb 12 05:01:46.345871 2026] [php:error] [pid 49932] [client 158.173.36.57:0] script '/domains/rfisher.dnai/adminfuns.php' not found or unable to stat
[Thu Feb 12 05:01:46.364907 2026] [php:error] [pid 49884] [client 158.173.36.171:0] script '/domains/brenties/wp-class.php' not found or unable to stat
[Thu Feb 12 05:01:46.414740 2026] [php:error] [pid 49936] [client 158.173.36.164:0] script '/domains/rfisher.dnai/class.php' not found or unable to stat
[Thu Feb 12 05:01:46.619853 2026] [php:error] [pid 49928] [client 158.173.36.217:0] script '/domains/cccweb/images/DJP9.php' not found or unable to stat
[Thu Feb 12 05:01:46.624415 2026] [php:error] [pid 49922] [client 158.173.36.134:0] script '/domains/windsorweb/hehehehe.php' not found or unable to stat
[Thu Feb 12 05:01:46.945685 2026] [php:error] [pid 49884] [client 158.173.36.171:0] script '/domains/brenties/xx.php' not found or unable to stat
[Thu Feb 12 05:01:46.984445 2026] [php:error] [pid 49932] [client 158.173.36.57:0] script '/domains/rfisher.dnai/wp_wlx.php' not found or unable to stat
[Thu Feb 12 05:01:47.105196 2026] [php:error] [pid 49884] [client 158.173.36.171:0] script '/domains/brenties/autoload_classmap.php' not found or unable to stat
[Thu Feb 12 05:01:47.194111 2026] [php:error] [pid 49928] [client 158.173.36.217:0] script '/domains/cccweb/natural.php' not found or unable to stat
[Thu Feb 12 05:01:47.407085 2026] [php:error] [pid 49928] [client 158.173.36.217:0] script '/domains/cccweb/item.php' not found or unable to stat
[Thu Feb 12 05:01:47.408075 2026] [php:error] [pid 49916] [client 158.173.36.210:0] script '/domains/sjsachs/cgi-bin/index.php' not found or unable to stat
[Thu Feb 12 05:01:47.437517 2026] [php:error] [pid 49899] [client 158.173.36.227:0] script '/domains/machinadynamica/install.php' not found or unable to stat
[Thu Feb 12 05:01:47.552453 2026] [php:error] [pid 49929] [client 158.173.36.134:0] script '/domains/fifibear/manager.php' not found or unable to stat
[Thu Feb 12 05:01:47.600153 2026] [php:error] [pid 49932] [client 158.173.36.57:0] script '/domains/rfisher.dnai/wp.php' not found or unable to stat
[Thu Feb 12 05:01:47.611272 2026] [php:error] [pid 49884] [client 158.173.36.171:0] script '/domains/brenties/content.php' not found or unable to stat
[Thu Feb 12 05:01:47.738485 2026] [php:error] [pid 49929] [client 158.173.36.134:0] script '/domains/fifibear/bless.php' not found or unable to stat
[Thu Feb 12 05:01:47.790830 2026] [php:error] [pid 49937] [client 158.173.36.124:0] script '/domains/cccweb/default.php' not found or unable to stat
[Thu Feb 12 05:01:47.963182 2026] [php:error] [pid 49929] [client 158.173.36.134:0] script '/domains/fifibear/O-Simple.php' not found or unable to stat
[Thu Feb 12 05:01:48.046703 2026] [php:error] [pid 49899] [client 158.173.36.227:0] script '/domains/machinadynamica/images/class-config.php' not found or unable to stat
[Thu Feb 12 05:01:48.123489 2026] [php:error] [pid 49936] [client 158.173.36.164:0] script '/domains/rfisher.dnai/init.php' not found or unable to stat
[Thu Feb 12 05:01:48.123715 2026] [php:error] [pid 49933] [client 158.173.36.31:0] script '/domains/apunderkofler/class.api.php' not found or unable to stat
[Thu Feb 12 05:01:48.128619 2026] [php:error] [pid 49929] [client 158.173.36.134:0] script '/domains/fifibear/lock360.php' not found or unable to stat
[Thu Feb 12 05:01:48.333022 2026] [php:error] [pid 49932] [client 158.173.36.57:0] script '/domains/rfisher.dnai/wp-header.php' not found or unable to stat
[Thu Feb 12 05:01:48.334638 2026] [php:error] [pid 49929] [client 158.173.36.134:0] script '/domains/fifibear/zwso.php' not found or unable to stat
[Thu Feb 12 05:01:48.335001 2026] [php:error] [pid 49918] [client 158.173.36.80:0] script '/domains/deltaele/classwithtostring.php' not found or unable to stat
[Thu Feb 12 05:01:48.538175 2026] [php:error] [pid 49929] [client 158.173.36.134:0] script '/domains/fifibear/chosen.php' not found or unable to stat
[Thu Feb 12 05:01:48.547420 2026] [php:error] [pid 49899] [client 158.173.36.227:0] script '/domains/machinadynamica/bypass.php' not found or unable to stat
[Thu Feb 12 05:01:48.669982 2026] [php:error] [pid 49933] [client 158.173.36.31:0] script '/domains/apunderkofler/system_log.php' not found or unable to stat
[Thu Feb 12 05:01:48.676784 2026] [php:error] [pid 49932] [client 158.173.36.57:0] script '/domains/rfisher.dnai/Marvins.php' not found or unable to stat
[Thu Feb 12 05:01:48.676891 2026] [php:error] [pid 49929] [client 158.173.36.134:0] script '/domains/fifibear/about.php' not found or unable to stat
[Thu Feb 12 05:01:48.677251 2026] [php:error] [pid 49899] [client 158.173.36.227:0] script '/domains/machinadynamica/class.php' not found or unable to stat
[Thu Feb 12 05:01:48.825011 2026] [php:error] [pid 49933] [client 158.173.36.31:0] script '/domains/apunderkofler/.alf.php' not found or unable to stat
[Thu Feb 12 05:01:48.881473 2026] [php:error] [pid 49918] [client 158.173.36.80:0] script '/domains/deltaele/tinyfilemanager.php' not found or unable to stat
[Thu Feb 12 05:01:48.882948 2026] [php:error] [pid 49937] [client 158.173.36.124:0] script '/domains/cccweb/dropdown.php' not found or unable to stat
[Thu Feb 12 05:01:48.884330 2026] [php:error] [pid 49929] [client 158.173.36.134:0] script '/domains/fifibear/admin.php' not found or unable to stat
[Thu Feb 12 05:01:48.884653 2026] [php:error] [pid 49907] [client 158.173.36.80:0] script '/domains/brenties/hehehehe.php' not found or unable to stat
[Thu Feb 12 05:01:49.001035 2026] [php:error] [pid 49933] [client 158.173.36.31:0] script '/domains/apunderkofler/wso.php' not found or unable to stat
[Thu Feb 12 05:01:49.001604 2026] [php:error] [pid 49923] [client 158.173.36.57:0] script '/domains/abtechsci/images/class.php' not found or unable to stat
[Thu Feb 12 05:01:49.219987 2026] [php:error] [pid 49932] [client 158.173.36.57:0] script '/domains/rfisher.dnai/wp-class.php' not found or unable to stat
[Thu Feb 12 05:01:49.220154 2026] [php:error] [pid 49937] [client 158.173.36.124:0] script '/domains/cccweb/images/admin.php' not found or unable to stat
[Thu Feb 12 05:01:49.388581 2026] [php:error] [pid 49933] [client 158.173.36.31:0] script '/domains/apunderkofler/flower.php' not found or unable to stat
[Thu Feb 12 05:01:49.388611 2026] [php:error] [pid 49923] [client 158.173.36.57:0] script '/domains/abtechsci/web.php' not found or unable to stat
[Thu Feb 12 05:01:49.389222 2026] [php:error] [pid 49929] [client 158.173.36.134:0] script '/domains/fifibear/mah.php' not found or unable to stat
[Thu Feb 12 05:01:49.389419 2026] [php:error] [pid 49937] [client 158.173.36.124:0] script '/domains/cccweb/db.php' not found or unable to stat
[Thu Feb 12 05:01:49.592029 2026] [php:error] [pid 49918] [client 158.173.36.80:0] script '/domains/deltaele/file.php' not found or unable to stat
[Thu Feb 12 05:01:49.595692 2026] [php:error] [pid 49932] [client 158.173.36.57:0] script '/domains/rfisher.dnai/xx.php' not found or unable to stat
[Thu Feb 12 05:01:49.803618 2026] [php:error] [pid 49942] [client 158.173.36.63:0] script '/domains/cccweb/default.php' not found or unable to stat
[Thu Feb 12 05:01:49.807888 2026] [php:error] [pid 49923] [client 158.173.36.57:0] script '/domains/abtechsci/images/index.php' not found or unable to stat
[Thu Feb 12 05:01:49.858545 2026] [php:error] [pid 49936] [client 158.173.36.164:0] script '/domains/rfisher.dnai/adminfuns.php' not found or unable to stat
[Thu Feb 12 05:01:49.858860 2026] [php:error] [pid 49932] [client 158.173.36.57:0] script '/domains/rfisher.dnai/autoload_classmap.php' not found or unable to stat
[Thu Feb 12 05:01:49.859493 2026] [php:error] [pid 49929] [client 158.173.36.134:0] script '/domains/fifibear/core.php' not found or unable to stat
[Thu Feb 12 05:01:50.028097 2026] [php:error] [pid 49916] [client 158.173.36.210:0] script '/domains/sjsachs/hehehehe.php' not found or unable to stat
[Thu Feb 12 05:01:50.028718 2026] [php:error] [pid 49929] [client 158.173.36.134:0] script '/domains/fifibear/robots.php' not found or unable to stat
[Thu Feb 12 05:01:50.131238 2026] [php:error] [pid 49884] [client 158.173.36.171:0] script '/domains/brenties/web.php' not found or unable to stat
[Thu Feb 12 05:01:50.131728 2026] [php:error] [pid 49933] [client 158.173.36.31:0] script '/domains/apunderkofler/ioxi-o.php' not found or unable to stat
[Thu Feb 12 05:01:50.179972 2026] [php:error] [pid 49929] [client 158.173.36.134:0] script '/domains/fifibear/inputs.php' not found or unable to stat
[Thu Feb 12 05:01:50.183102 2026] [php:error] [pid 49936] [client 158.173.36.164:0] script '/domains/rfisher.dnai/wp_wlx.php' not found or unable to stat
[Thu Feb 12 05:01:50.190512 2026] [php:error] [pid 49918] [client 158.173.36.80:0] script '/domains/deltaele/buy.php' not found or unable to stat
[Thu Feb 12 05:01:50.270494 2026] [php:error] [pid 49899] [client 158.173.36.227:0] script '/domains/machinadynamica/init.php' not found or unable to stat
[Thu Feb 12 05:01:50.327938 2026] [php:error] [pid 49933] [client 158.173.36.31:0] script '/domains/apunderkofler/info.php' not found or unable to stat
[Thu Feb 12 05:01:50.529280 2026] [php:error] [pid 49933] [client 158.173.36.31:0] script '/domains/apunderkofler/setup.php' not found or unable to stat
[Thu Feb 12 05:01:50.529290 2026] [php:error] [pid 49923] [client 158.173.36.57:0] script '/domains/abtechsci/wp-trackback.php' not found or unable to stat
[Thu Feb 12 05:01:50.693462 2026] [php:error] [pid 49932] [client 158.173.36.57:0] script '/domains/rfisher.dnai/content.php' not found or unable to stat
[Thu Feb 12 05:01:50.693462 2026] [php:error] [pid 49929] [client 158.173.36.134:0] script '/domains/fifibear/mini.php' not found or unable to stat
[Thu Feb 12 05:01:50.910519 2026] [php:error] [pid 49942] [client 158.173.36.63:0] script '/domains/cccweb/dropdown.php' not found or unable to stat
[Thu Feb 12 05:01:50.914360 2026] [php:error] [pid 49929] [client 158.173.36.134:0] script '/domains/fifibear/goods.php' not found or unable to stat
[Thu Feb 12 05:01:50.914374 2026] [php:error] [pid 49923] [client 158.173.36.57:0] script '/domains/abtechsci/radio.php' not found or unable to stat
[Thu Feb 12 05:01:50.948322 2026] [php:error] [pid 49936] [client 158.173.36.164:0] script '/domains/rfisher.dnai/wp.php' not found or unable to stat
[Thu Feb 12 05:01:51.070651 2026] [php:error] [pid 49942] [client 158.173.36.63:0] script '/domains/cccweb/images/admin.php' not found or unable to stat
[Thu Feb 12 05:01:51.076687 2026] [php:error] [pid 49929] [client 158.173.36.134:0] script '/domains/fifibear/file5.php' not found or unable to stat
[Thu Feb 12 05:01:51.238350 2026] [php:error] [pid 49884] [client 158.173.36.171:0] script '/domains/brenties/wp-trackback.php' not found or unable to stat
[Thu Feb 12 05:01:51.251365 2026] [php:error] [pid 49942] [client 158.173.36.63:0] script '/domains/cccweb/db.php' not found or unable to stat
[Thu Feb 12 05:01:51.258221 2026] [php:error] [pid 49929] [client 158.173.36.134:0] script '/domains/fifibear/ahax.php' not found or unable to stat
[Thu Feb 12 05:01:51.322806 2026] [php:error] [pid 49908] [client 158.173.36.85:0] script '/domains/fayemoran/byp.php' not found or unable to stat
[Thu Feb 12 05:01:51.343439 2026] [php:error] [pid 49907] [client 158.173.36.171:0] script '/domains/pauljbrock/manager.php' not found or unable to stat
[Thu Feb 12 05:01:51.439680 2026] [php:error] [pid 49933] [client 158.173.36.31:0] script '/domains/apunderkofler/as.php' not found or unable to stat
[Thu Feb 12 05:01:51.443155 2026] [php:error] [pid 49937] [client 158.173.36.124:0] script '/domains/cccweb/install.php' not found or unable to stat
[Thu Feb 12 05:01:51.443159 2026] [php:error] [pid 49929] [client 158.173.36.134:0] script '/domains/fifibear/f35.php' not found or unable to stat
[Thu Feb 12 05:01:51.590075 2026] [php:error] [pid 49936] [client 158.173.36.164:0] script '/domains/rfisher.dnai/wp-header.php' not found or unable to stat
[Thu Feb 12 05:01:51.590481 2026] [php:error] [pid 49907] [client 158.173.36.171:0] script '/domains/pauljbrock/bless.php' not found or unable to stat
[Thu Feb 12 05:01:51.619391 2026] [php:error] [pid 49922] [client 158.173.36.29:0] script '/domains/windsorweb/byp.php' not found or unable to stat
[Thu Feb 12 05:01:51.619535 2026] [php:error] [pid 49884] [client 158.173.36.171:0] script '/domains/brenties/radio.php' not found or unable to stat
[Thu Feb 12 05:01:51.620013 2026] [php:error] [pid 49933] [client 158.173.36.31:0] script '/domains/apunderkofler/cc.php' not found or unable to stat
[Thu Feb 12 05:01:51.621131 2026] [php:error] [pid 49923] [client 158.173.36.57:0] script '/domains/abtechsci/wp-conflg.php' not found or unable to stat
[Thu Feb 12 05:01:51.635754 2026] [php:error] [pid 49929] [client 158.173.36.134:0] script '/domains/fifibear/simple.php' not found or unable to stat
[Thu Feb 12 05:01:51.775671 2026] [php:error] [pid 49907] [client 158.173.36.171:0] script '/domains/pauljbrock/O-Simple.php' not found or unable to stat
[Thu Feb 12 05:01:51.812764 2026] [php:error] [pid 49923] [client 158.173.36.57:0] script '/domains/abtechsci/wp-setup.php' not found or unable to stat
[Thu Feb 12 05:01:51.830737 2026] [php:error] [pid 49937] [client 158.173.36.124:0] script '/domains/cccweb/images/class-config.php' not found or unable to stat
[Thu Feb 12 05:01:51.939471 2026] [php:error] [pid 49907] [client 158.173.36.171:0] script '/domains/pauljbrock/lock360.php' not found or unable to stat
[Thu Feb 12 05:01:51.939644 2026] [php:error] [pid 49936] [client 158.173.36.164:0] script '/domains/rfisher.dnai/Marvins.php' not found or unable to stat
[Thu Feb 12 05:01:51.959409 2026] [php:error] [pid 49933] [client 158.173.36.31:0] script '/domains/apunderkofler/ab.php' not found or unable to stat
[Thu Feb 12 05:01:51.959926 2026] [php:error] [pid 49899] [client 158.173.36.227:0] script '/domains/machinadynamica/adminfuns.php' not found or unable to stat
[Thu Feb 12 05:01:51.961145 2026] [php:error] [pid 49923] [client 158.173.36.57:0] script '/domains/abtechsci/ms-themes.php' not found or unable to stat
[Thu Feb 12 05:01:52.093354 2026] [php:error] [pid 49907] [client 158.173.36.171:0] script '/domains/pauljbrock/zwso.php' not found or unable to stat
[Thu Feb 12 05:01:52.245279 2026] [php:error] [pid 49936] [client 158.173.36.164:0] script '/domains/rfisher.dnai/wp-class.php' not found or unable to stat
[Thu Feb 12 05:01:52.247132 2026] [php:error] [pid 49907] [client 158.173.36.171:0] script '/domains/pauljbrock/chosen.php' not found or unable to stat
[Thu Feb 12 05:01:52.252620 2026] [php:error] [pid 49923] [client 158.173.36.57:0] script '/domains/abtechsci/style.php' not found or unable to stat
[Thu Feb 12 05:01:52.254677 2026] [php:error] [pid 49899] [client 158.173.36.227:0] script '/domains/machinadynamica/wp_wlx.php' not found or unable to stat
[Thu Feb 12 05:01:52.255595 2026] [php:error] [pid 49884] [client 158.173.36.171:0] script '/domains/brenties/wp-conflg.php' not found or unable to stat
[Thu Feb 12 05:01:52.302955 2026] [php:error] [pid 49937] [client 158.173.36.124:0] script '/domains/cccweb/bypass.php' not found or unable to stat
[Thu Feb 12 05:01:52.433119 2026] [php:error] [pid 49907] [client 158.173.36.171:0] script '/domains/pauljbrock/about.php' not found or unable to stat
[Thu Feb 12 05:01:52.438580 2026] [php:error] [pid 49933] [client 158.173.36.31:0] script '/domains/apunderkofler/doc.php' not found or unable to stat
[Thu Feb 12 05:01:52.439842 2026] [php:error] [pid 49884] [client 158.173.36.171:0] script '/domains/brenties/wp-setup.php' not found or unable to stat
[Thu Feb 12 05:01:52.490571 2026] [php:error] [pid 49937] [client 158.173.36.124:0] script '/domains/cccweb/class.php' not found or unable to stat
[Thu Feb 12 05:01:52.593799 2026] [php:error] [pid 49884] [client 158.173.36.171:0] script '/domains/brenties/ms-themes.php' not found or unable to stat
[Thu Feb 12 05:01:52.594407 2026] [php:error] [pid 49922] [client 158.173.36.29:0] script '/domains/windsorweb/cgi-bin/install.php' not found or unable to stat
[Thu Feb 12 05:01:52.595334 2026] [php:error] [pid 49907] [client 158.173.36.171:0] script '/domains/pauljbrock/admin.php' not found or unable to stat
[Thu Feb 12 05:01:52.600813 2026] [php:error] [pid 49936] [client 158.173.36.164:0] script '/domains/rfisher.dnai/xx.php' not found or unable to stat
[Thu Feb 12 05:01:52.754662 2026] [php:error] [pid 49936] [client 158.173.36.164:0] script '/domains/rfisher.dnai/autoload_classmap.php' not found or unable to stat
[Thu Feb 12 05:01:52.756945 2026] [php:error] [pid 49923] [client 158.173.36.57:0] script '/domains/abtechsci/x.php' not found or unable to stat
[Thu Feb 12 05:01:52.757218 2026] [php:error] [pid 49899] [client 158.173.36.227:0] script '/domains/machinadynamica/wp.php' not found or unable to stat
[Thu Feb 12 05:01:52.785096 2026] [php:error] [pid 49908] [client 158.173.36.85:0] script '/domains/fayemoran/class.api.php' not found or unable to stat
[Thu Feb 12 05:01:52.804529 2026] [php:error] [pid 49932] [client 158.173.36.57:0] script '/domains/rfisher.dnai/images/class.php' not found or unable to stat
[Thu Feb 12 05:01:53.086239 2026] [php:error] [pid 49907] [client 158.173.36.171:0] script '/domains/pauljbrock/mah.php' not found or unable to stat
[Thu Feb 12 05:01:53.287144 2026] [php:error] [pid 49933] [client 158.173.36.31:0] script '/domains/apunderkofler/wp-login.php' not found or unable to stat
[Thu Feb 12 05:01:53.294111 2026] [php:error] [pid 49922] [client 158.173.36.29:0] script '/domains/windsorweb/class.api.php' not found or unable to stat
[Thu Feb 12 05:01:53.294838 2026] [php:error] [pid 49884] [client 158.173.36.171:0] script '/domains/brenties/style.php' not found or unable to stat
[Thu Feb 12 05:01:53.296920 2026] [php:error] [pid 49942] [client 158.173.36.63:0] script '/domains/cccweb/install.php' not found or unable to stat
[Thu Feb 12 05:01:53.375184 2026] [php:error] [pid 49932] [client 158.173.36.57:0] script '/domains/rfisher.dnai/web.php' not found or unable to stat
[Thu Feb 12 05:01:53.375615 2026] [php:error] [pid 49923] [client 158.173.36.57:0] script '/domains/abtechsci/css/index.php' not found or unable to stat
[Thu Feb 12 05:01:53.503452 2026] [php:error] [pid 49933] [client 158.173.36.31:0] script '/domains/apunderkofler/mar.php' not found or unable to stat
[Thu Feb 12 05:01:53.548639 2026] [php:error] [pid 49923] [client 158.173.36.57:0] script '/domains/abtechsci/images/index22.php' not found or unable to stat
[Thu Feb 12 05:01:53.553531 2026] [php:error] [pid 49907] [client 158.173.36.171:0] script '/domains/pauljbrock/core.php' not found or unable to stat
[Thu Feb 12 05:01:53.553895 2026] [php:error] [pid 49918] [client 158.173.36.80:0] script '/domains/deltaele/inc.php' not found or unable to stat
[Thu Feb 12 05:01:53.694328 2026] [php:error] [pid 49923] [client 158.173.36.57:0] script '/domains/abtechsci/wp-user.php' not found or unable to stat
[Thu Feb 12 05:01:53.696992 2026] [php:error] [pid 49899] [client 158.173.36.227:0] script '/domains/machinadynamica/wp-header.php' not found or unable to stat
[Thu Feb 12 05:01:53.716536 2026] [php:error] [pid 49932] [client 158.173.36.57:0] script '/domains/rfisher.dnai/images/index.php' not found or unable to stat
[Thu Feb 12 05:01:53.720976 2026] [php:error] [pid 49907] [client 158.173.36.171:0] script '/domains/pauljbrock/robots.php' not found or unable to stat
[Thu Feb 12 05:01:53.721558 2026] [php:error] [pid 49908] [client 158.173.36.85:0] script '/domains/fayemoran/system_log.php' not found or unable to stat
[Thu Feb 12 05:01:53.722482 2026] [php:error] [pid 49936] [client 158.173.36.164:0] script '/domains/rfisher.dnai/content.php' not found or unable to stat
[Thu Feb 12 05:01:53.723054 2026] [php:error] [pid 49942] [client 158.173.36.63:0] script '/domains/cccweb/images/class-config.php' not found or unable to stat
[Thu Feb 12 05:01:53.946924 2026] [php:error] [pid 49922] [client 158.173.36.29:0] script '/domains/windsorweb/system_log.php' not found or unable to stat
[Thu Feb 12 05:01:54.092285 2026] [php:error] [pid 49907] [client 158.173.36.171:0] script '/domains/pauljbrock/inputs.php' not found or unable to stat
[Thu Feb 12 05:01:54.104233 2026] [php:error] [pid 49943] [client 158.173.36.160:0] script '/domains/brenties/byp.php' not found or unable to stat
[Thu Feb 12 05:01:54.111718 2026] [php:error] [pid 49922] [client 158.173.36.29:0] script '/domains/windsorweb/.alf.php' not found or unable to stat
[Thu Feb 12 05:01:54.118455 2026] [php:error] [pid 49899] [client 158.173.36.227:0] script '/domains/machinadynamica/Marvins.php' not found or unable to stat
[Thu Feb 12 05:01:54.124409 2026] [php:error] [pid 49933] [client 158.173.36.31:0] script '/domains/apunderkofler/1.php' not found or unable to stat
[Thu Feb 12 05:01:54.150941 2026] [php:error] [pid 49918] [client 158.173.36.80:0] script '/domains/deltaele/filemanager.php' not found or unable to stat
[Thu Feb 12 05:01:54.216404 2026] [php:error] [pid 49908] [client 158.173.36.85:0] script '/domains/fayemoran/.alf.php' not found or unable to stat
[Thu Feb 12 05:01:54.303091 2026] [php:error] [pid 49923] [client 158.173.36.57:0] script '/domains/abtechsci/config.php' not found or unable to stat
[Thu Feb 12 05:01:54.304548 2026] [php:error] [pid 49937] [client 158.173.36.124:0] script '/domains/cccweb/init.php' not found or unable to stat
[Thu Feb 12 05:01:54.305580 2026] [php:error] [pid 49907] [client 158.173.36.171:0] script '/domains/pauljbrock/mini.php' not found or unable to stat
[Thu Feb 12 05:01:54.308757 2026] [php:error] [pid 49922] [client 158.173.36.29:0] script '/domains/windsorweb/wso.php' not found or unable to stat
[Thu Feb 12 05:01:54.318398 2026] [php:error] [pid 49884] [client 158.173.36.171:0] script '/domains/brenties/x.php' not found or unable to stat
[Thu Feb 12 05:01:54.417632 2026] [php:error] [pid 49908] [client 158.173.36.85:0] script '/domains/fayemoran/wso.php' not found or unable to stat
[Thu Feb 12 05:01:54.500059 2026] [php:error] [pid 49923] [client 158.173.36.57:0] script '/domains/abtechsci/special.php' not found or unable to stat
[Thu Feb 12 05:01:54.512045 2026] [php:error] [pid 49907] [client 158.173.36.171:0] script '/domains/pauljbrock/goods.php' not found or unable to stat
[Thu Feb 12 05:01:54.514386 2026] [php:error] [pid 49899] [client 158.173.36.227:0] script '/domains/machinadynamica/wp-class.php' not found or unable to stat
[Thu Feb 12 05:01:54.661431 2026] [php:error] [pid 49932] [client 158.173.36.57:0] script '/domains/rfisher.dnai/wp-trackback.php' not found or unable to stat
[Thu Feb 12 05:01:54.662935 2026] [php:error] [pid 49942] [client 158.173.36.63:0] script '/domains/cccweb/bypass.php' not found or unable to stat
[Thu Feb 12 05:01:54.707936 2026] [php:error] [pid 49922] [client 158.173.36.29:0] script '/domains/windsorweb/flower.php' not found or unable to stat
[Thu Feb 12 05:01:54.709427 2026] [php:error] [pid 49907] [client 158.173.36.171:0] script '/domains/pauljbrock/file5.php' not found or unable to stat
[Thu Feb 12 05:01:54.865555 2026] [php:error] [pid 49908] [client 158.173.36.85:0] script '/domains/fayemoran/flower.php' not found or unable to stat
[Thu Feb 12 05:01:54.906876 2026] [php:error] [pid 49942] [client 158.173.36.63:0] script '/domains/cccweb/class.php' not found or unable to stat
[Thu Feb 12 05:01:54.928231 2026] [php:error] [pid 49899] [client 158.173.36.227:0] script '/domains/machinadynamica/xx.php' not found or unable to stat
[Thu Feb 12 05:01:54.929434 2026] [php:error] [pid 49907] [client 158.173.36.171:0] script '/domains/pauljbrock/ahax.php' not found or unable to stat
[Thu Feb 12 05:01:55.103379 2026] [php:error] [pid 49932] [client 158.173.36.57:0] script '/domains/rfisher.dnai/radio.php' not found or unable to stat
[Thu Feb 12 05:01:55.188917 2026] [php:error] [pid 49907] [client 158.173.36.171:0] script '/domains/pauljbrock/f35.php' not found or unable to stat
[Thu Feb 12 05:01:55.191262 2026] [php:error] [pid 49899] [client 158.173.36.227:0] script '/domains/machinadynamica/autoload_classmap.php' not found or unable to stat
[Thu Feb 12 05:01:55.193396 2026] [php:error] [pid 49884] [client 158.173.36.171:0] script '/domains/brenties/wp-user.php' not found or unable to stat
[Thu Feb 12 05:01:55.326102 2026] [php:error] [pid 49907] [client 158.173.36.171:0] script '/domains/pauljbrock/simple.php' not found or unable to stat
[Thu Feb 12 05:01:55.542443 2026] [php:error] [pid 49918] [client 158.173.36.80:0] script '/domains/deltaele/function.php' not found or unable to stat
[Thu Feb 12 05:01:55.739049 2026] [php:error] [pid 49908] [client 158.173.36.85:0] script '/domains/fayemoran/ioxi-o.php' not found or unable to stat
[Thu Feb 12 05:01:55.760461 2026] [php:error] [pid 49933] [client 158.173.36.31:0] script '/domains/apunderkofler/fm.php' not found or unable to stat
[Thu Feb 12 05:01:55.790124 2026] [php:error] [pid 49922] [client 158.173.36.29:0] script '/domains/windsorweb/ioxi-o.php' not found or unable to stat
[Thu Feb 12 05:01:55.899956 2026] [php:error] [pid 49908] [client 158.173.36.85:0] script '/domains/fayemoran/info.php' not found or unable to stat
[Thu Feb 12 05:01:55.901438 2026] [php:error] [pid 49932] [client 158.173.36.57:0] script '/domains/rfisher.dnai/wp-conflg.php' not found or unable to stat
[Thu Feb 12 05:01:55.901731 2026] [php:error] [pid 49918] [client 158.173.36.80:0] script '/domains/deltaele/wp-signup.php' not found or unable to stat
[Thu Feb 12 05:01:55.920457 2026] [php:error] [pid 49922] [client 158.173.36.29:0] script '/domains/windsorweb/info.php' not found or unable to stat
[Thu Feb 12 05:01:56.109241 2026] [php:error] [pid 49884] [client 158.173.36.171:0] script '/domains/brenties/config.php' not found or unable to stat
[Thu Feb 12 05:01:56.109240 2026] [php:error] [pid 49899] [client 158.173.36.227:0] script '/domains/machinadynamica/content.php' not found or unable to stat
[Thu Feb 12 05:01:56.109409 2026] [php:error] [pid 49937] [client 158.173.36.124:0] script '/domains/cccweb/adminfuns.php' not found or unable to stat
[Thu Feb 12 05:01:56.109952 2026] [php:error] [pid 49922] [client 158.173.36.29:0] script '/domains/windsorweb/setup.php' not found or unable to stat
[Thu Feb 12 05:01:56.110009 2026] [php:error] [pid 49943] [client 158.173.36.160:0] script '/domains/brenties/class.api.php' not found or unable to stat
[Thu Feb 12 05:01:56.110777 2026] [php:error] [pid 49908] [client 158.173.36.85:0] script '/domains/fayemoran/setup.php' not found or unable to stat
[Thu Feb 12 05:01:56.112015 2026] [php:error] [pid 49882] [client 158.173.36.68:0] script '/domains/abtechsci/cgi-bin/class.api.php' not found or unable to stat
[Thu Feb 12 05:01:56.112450 2026] [php:error] [pid 49932] [client 158.173.36.57:0] script '/domains/rfisher.dnai/wp-setup.php' not found or unable to stat
[Thu Feb 12 05:01:56.298204 2026] [php:error] [pid 49884] [client 158.173.36.171:0] script '/domains/brenties/special.php' not found or unable to stat
[Thu Feb 12 05:01:56.305924 2026] [php:error] [pid 49936] [client 158.173.36.164:0] script '/domains/rfisher.dnai/images/class.php' not found or unable to stat
[Thu Feb 12 05:01:56.306108 2026] [php:error] [pid 49928] [client 158.173.36.161:0] script '/domains/sjsachs/byp.php' not found or unable to stat
[Thu Feb 12 05:01:56.307700 2026] [php:error] [pid 49932] [client 158.173.36.57:0] script '/domains/rfisher.dnai/ms-themes.php' not found or unable to stat
[Thu Feb 12 05:01:56.307898 2026] [php:error] [pid 49942] [client 158.173.36.63:0] script '/domains/cccweb/init.php' not found or unable to stat
