[Thu Feb 12 05:02:39.993825 2026] [php:error] [pid 49967] [client 158.173.36.134:0] script '/domains/braniff/images/upload.php' not found or unable to stat
[Thu Feb 12 05:02:40.169322 2026] [php:error] [pid 49918] [client 158.173.36.31:0] script '/domains/nostrada/class.php' not found or unable to stat
[Thu Feb 12 05:02:40.170863 2026] [php:error] [pid 49968] [client 158.173.36.124:0] script '/domains/system_suspended/wp-header.php' not found or unable to stat
[Thu Feb 12 05:02:40.171995 2026] [php:error] [pid 49953] [client 158.173.36.31:0] script '/domains/perless2web/file.php' not found or unable to stat
[Thu Feb 12 05:02:40.189787 2026] [php:error] [pid 49954] [client 158.173.36.217:0] script '/domains/deltaele/Marvins.php' not found or unable to stat
[Thu Feb 12 05:02:40.189837 2026] [php:error] [pid 49960] [client 158.173.36.230:0] script '/domains/msintl/adminfuns.php' not found or unable to stat
[Thu Feb 12 05:02:40.190740 2026] [php:error] [pid 49969] [client 158.173.36.57:0] script '/domains/davidbacker/about/function.php' not found or unable to stat
[Thu Feb 12 05:02:40.190913 2026] [php:error] [pid 49979] [client 158.173.36.31:0] script '/domains/machinadynamica/license.php' not found or unable to stat
[Thu Feb 12 05:02:40.282396 2026] [php:error] [pid 49964] [client 158.173.36.217:0] script '/domains/rfisher.dnai/license.php' not found or unable to stat
[Thu Feb 12 05:02:40.289948 2026] [php:error] [pid 49950] [client 158.158.72.119:0] script '/domains/smartny/155.php' not found or unable to stat
[Thu Feb 12 05:02:40.346619 2026] [php:error] [pid 49948] [client 158.173.36.134:0] script '/domains/abtechsci/update-core.php' not found or unable to stat
[Thu Feb 12 05:02:40.360586 2026] [php:error] [pid 49962] [client 158.173.36.160:0] script '/domains/rfisher.dnai/up.php' not found or unable to stat
[Thu Feb 12 05:02:40.361179 2026] [php:error] [pid 49983] [client 158.173.36.160:0] script '/domains/sjsachs/error.php' not found or unable to stat
[Thu Feb 12 05:02:40.378482 2026] [php:error] [pid 49947] [client 158.173.36.45:0] script '/domains/cccweb/fm.php' not found or unable to stat
[Thu Feb 12 05:02:40.383486 2026] [php:error] [pid 49949] [client 158.173.36.169:0] script '/domains/mschmid/xx.php' not found or unable to stat
[Thu Feb 12 05:02:40.426424 2026] [php:error] [pid 49965] [client 158.173.36.49:0] script '/domains/gk3c/wp-signup.php' not found or unable to stat
[Thu Feb 12 05:02:40.427846 2026] [php:error] [pid 49927] [client 158.173.36.45:0] script '/domains/wsmith.enteract/zwso.php' not found or unable to stat
[Thu Feb 12 05:02:40.472975 2026] [php:error] [pid 49981] [client 158.173.36.80:0] script '/domains/dcoffman/install.php' not found or unable to stat
[Thu Feb 12 05:02:40.473151 2026] [php:error] [pid 49968] [client 158.173.36.124:0] script '/domains/system_suspended/Marvins.php' not found or unable to stat
[Thu Feb 12 05:02:40.481655 2026] [php:error] [pid 49955] [client 158.173.36.240:0] script '/domains/familyplayhouse2/wp-blog.php' not found or unable to stat
[Thu Feb 12 05:02:40.484966 2026] [php:error] [pid 49954] [client 158.173.36.217:0] script '/domains/deltaele/wp-class.php' not found or unable to stat
[Thu Feb 12 05:02:40.486448 2026] [php:error] [pid 49938] [client 158.173.36.57:0] script '/domains/brenties/gifclass.php' not found or unable to stat
[Thu Feb 12 05:02:40.486863 2026] [php:error] [pid 49960] [client 158.173.36.230:0] script '/domains/msintl/wp_wlx.php' not found or unable to stat
[Thu Feb 12 05:02:40.487509 2026] [php:error] [pid 49979] [client 158.173.36.31:0] script '/domains/machinadynamica/lock.php' not found or unable to stat
[Thu Feb 12 05:02:40.488020 2026] [php:error] [pid 49978] [client 158.173.36.63:0] script '/domains/antiqueweb1/bypass.php' not found or unable to stat
[Thu Feb 12 05:02:40.491652 2026] [php:error] [pid 49984] [client 158.173.36.230:0] script '/domains/ceonlinenews/default.php' not found or unable to stat
[Thu Feb 12 05:02:40.561185 2026] [php:error] [pid 49949] [client 158.173.36.169:0] script '/domains/mschmid/autoload_classmap.php' not found or unable to stat
[Thu Feb 12 05:02:40.578809 2026] [php:error] [pid 49907] [client 158.173.36.171:0] script '/domains/pauljbrock/wp-links-opml.php' not found or unable to stat
[Thu Feb 12 05:02:40.580391 2026] [php:error] [pid 49964] [client 158.173.36.217:0] script '/domains/rfisher.dnai/lock.php' not found or unable to stat
[Thu Feb 12 05:02:40.581400 2026] [php:error] [pid 49933] [client 158.173.36.169:0] script '/domains/apunderkofler/images/class-config.php' not found or unable to stat
[Thu Feb 12 05:02:40.581779 2026] [php:error] [pid 49927] [client 158.173.36.45:0] script '/domains/wsmith.enteract/chosen.php' not found or unable to stat
[Thu Feb 12 05:02:40.581779 2026] [php:error] [pid 49972] [client 158.173.36.164:0] script '/domains/icrse/wp-signup.php' not found or unable to stat
[Thu Feb 12 05:02:40.610939 2026] [php:error] [pid 49971] [client 158.173.36.85:0] script '/domains/homesbyaudrey1/content.php' not found or unable to stat
[Thu Feb 12 05:02:40.622089 2026] [php:error] [pid 49948] [client 158.173.36.134:0] script '/domains/abtechsci/wp-mail.php' not found or unable to stat
[Thu Feb 12 05:02:40.622628 2026] [php:error] [pid 49953] [client 158.173.36.31:0] script '/domains/perless2web/buy.php' not found or unable to stat
[Thu Feb 12 05:02:40.628626 2026] [php:error] [pid 49961] [client 158.173.36.29:0] script '/domains/homesbyaudrey1/content.php' not found or unable to stat
[Thu Feb 12 05:02:40.628851 2026] [php:error] [pid 49938] [client 158.173.36.57:0] script '/domains/brenties/plugin.php' not found or unable to stat
[Thu Feb 12 05:02:40.636017 2026] [php:error] [pid 49978] [client 158.173.36.63:0] script '/domains/antiqueweb1/class.php' not found or unable to stat
[Thu Feb 12 05:02:40.768790 2026] [php:error] [pid 49975] [client 158.173.36.68:0] script '/domains/icrse/classwithtostring.php' not found or unable to stat
[Thu Feb 12 05:02:40.769623 2026] [php:error] [pid 49982] [client 158.173.36.227:0] script '/domains/antiqueweb1/install.php' not found or unable to stat
[Thu Feb 12 05:02:40.769867 2026] [php:error] [pid 49899] [client 158.173.36.49:0] script '/domains/fryer/wp-l0gin.php' not found or unable to stat
[Thu Feb 12 05:02:40.783874 2026] [php:error] [pid 49927] [client 158.173.36.45:0] script '/domains/wsmith.enteract/about.php' not found or unable to stat
[Thu Feb 12 05:02:40.817188 2026] [php:error] [pid 49943] [client 158.173.36.240:0] script '/domains/rnachum/web.php' not found or unable to stat
[Thu Feb 12 05:02:40.819032 2026] [php:error] [pid 49968] [client 158.173.36.124:0] script '/domains/system_suspended/wp-class.php' not found or unable to stat
[Thu Feb 12 05:02:40.821378 2026] [php:error] [pid 49954] [client 158.173.36.217:0] script '/domains/deltaele/xx.php' not found or unable to stat
[Thu Feb 12 05:02:40.942691 2026] [php:error] [pid 49965] [client 158.173.36.49:0] script '/domains/gk3c/wp-blog.php' not found or unable to stat
[Thu Feb 12 05:02:40.943909 2026] [php:error] [pid 49970] [client 158.173.36.57:0] script '/domains/fifibear/moon.php' not found or unable to stat
[Thu Feb 12 05:02:40.943967 2026] [php:error] [pid 49927] [client 158.173.36.45:0] script '/domains/wsmith.enteract/admin.php' not found or unable to stat
[Thu Feb 12 05:02:40.944320 2026] [php:error] [pid 49907] [client 158.173.36.171:0] script '/domains/pauljbrock/atomlib.php' not found or unable to stat
[Thu Feb 12 05:02:40.962583 2026] [php:error] [pid 49951] [client 158.173.36.85:0] script '/domains/egmaweb/dropdown.php' not found or unable to stat
[Thu Feb 12 05:02:40.962623 2026] [php:error] [pid 49954] [client 158.173.36.217:0] script '/domains/deltaele/autoload_classmap.php' not found or unable to stat
[Thu Feb 12 05:02:40.963375 2026] [php:error] [pid 49938] [client 158.173.36.57:0] script '/domains/brenties/update-core.php' not found or unable to stat
[Thu Feb 12 05:02:40.965975 2026] [php:error] [pid 49983] [client 158.173.36.160:0] script '/domains/sjsachs/wp-files.php' not found or unable to stat
[Thu Feb 12 05:02:40.966472 2026] [php:error] [pid 49925] [client 158.173.36.29:0] script '/domains/conceptlabs1/dropdown.php' not found or unable to stat
[Thu Feb 12 05:02:40.967902 2026] [php:error] [pid 49960] [client 158.173.36.230:0] script '/domains/msintl/wp.php' not found or unable to stat
[Thu Feb 12 05:02:41.010488 2026] [php:error] [pid 49950] [client 158.158.72.119:0] script '/domains/smartny/aaa.php' not found or unable to stat
[Thu Feb 12 05:02:41.107877 2026] [php:error] [pid 49972] [client 158.173.36.164:0] script '/domains/icrse/wp-blog.php' not found or unable to stat
[Thu Feb 12 05:02:41.107953 2026] [php:error] [pid 49947] [client 158.173.36.45:0] script '/domains/cccweb/ini.php' not found or unable to stat
[Thu Feb 12 05:02:41.108291 2026] [php:error] [pid 49882] [client 158.173.36.230:0] script '/domains/brenties/aks.php' not found or unable to stat
[Thu Feb 12 05:02:41.108564 2026] [php:error] [pid 49899] [client 158.173.36.49:0] script '/domains/fryer/new.php' not found or unable to stat
[Thu Feb 12 05:02:41.108886 2026] [php:error] [pid 49982] [client 158.173.36.227:0] script '/domains/antiqueweb1/images/class-config.php' not found or unable to stat
[Thu Feb 12 05:02:41.109044 2026] [php:error] [pid 49933] [client 158.173.36.169:0] script '/domains/apunderkofler/bypass.php' not found or unable to stat
[Thu Feb 12 05:02:41.109910 2026] [php:error] [pid 49949] [client 158.173.36.169:0] script '/domains/mschmid/content.php' not found or unable to stat
[Thu Feb 12 05:02:41.118533 2026] [php:error] [pid 49955] [client 158.173.36.240:0] script '/domains/familyplayhouse2/wp-l0gin.php' not found or unable to stat
[Thu Feb 12 05:02:41.119300 2026] [php:error] [pid 49951] [client 158.173.36.85:0] script '/domains/egmaweb/images/admin.php' not found or unable to stat
[Thu Feb 12 05:02:41.119617 2026] [php:error] [pid 49968] [client 158.173.36.124:0] script '/domains/system_suspended/xx.php' not found or unable to stat
[Thu Feb 12 05:02:41.121417 2026] [php:error] [pid 49983] [client 158.173.36.160:0] script '/domains/sjsachs/functions.php' not found or unable to stat
[Thu Feb 12 05:02:41.121481 2026] [php:error] [pid 49925] [client 158.173.36.29:0] script '/domains/conceptlabs1/images/admin.php' not found or unable to stat
[Thu Feb 12 05:02:41.301948 2026] [php:error] [pid 49973] [client 158.173.36.227:0] script '/domains/cccweb/fm.php' not found or unable to stat
[Thu Feb 12 05:02:41.302800 2026] [php:error] [pid 49962] [client 158.173.36.160:0] script '/domains/rfisher.dnai/worm.PhP' not found or unable to stat
[Thu Feb 12 05:02:41.302841 2026] [php:error] [pid 49927] [client 158.173.36.45:0] script '/domains/wsmith.enteract/mah.php' not found or unable to stat
[Thu Feb 12 05:02:41.305759 2026] [php:error] [pid 49938] [client 158.173.36.57:0] script '/domains/brenties/wp-mail.php' not found or unable to stat
[Thu Feb 12 05:02:41.306264 2026] [php:error] [pid 49882] [client 158.173.36.230:0] script '/domains/brenties/litespeed.php' not found or unable to stat
[Thu Feb 12 05:02:41.307056 2026] [php:error] [pid 49933] [client 158.173.36.169:0] script '/domains/apunderkofler/class.php' not found or unable to stat
[Thu Feb 12 05:02:41.308551 2026] [php:error] [pid 49951] [client 158.173.36.85:0] script '/domains/egmaweb/db.php' not found or unable to stat
[Thu Feb 12 05:02:41.308819 2026] [php:error] [pid 49968] [client 158.173.36.124:0] script '/domains/system_suspended/autoload_classmap.php' not found or unable to stat
[Thu Feb 12 05:02:41.309093 2026] [php:error] [pid 49918] [client 158.173.36.31:0] script '/domains/nostrada/init.php' not found or unable to stat
[Thu Feb 12 05:02:41.309389 2026] [php:error] [pid 49981] [client 158.173.36.80:0] script '/domains/dcoffman/bypass.php' not found or unable to stat
[Thu Feb 12 05:02:41.310073 2026] [php:error] [pid 49975] [client 158.173.36.68:0] script '/domains/icrse/tinyfilemanager.php' not found or unable to stat
[Thu Feb 12 05:02:41.310702 2026] [php:error] [pid 49980] [client 158.173.36.80:0] script '/domains/system_cancel/install.php' not found or unable to stat
[Thu Feb 12 05:02:41.319686 2026] [php:error] [pid 49925] [client 158.173.36.29:0] script '/domains/conceptlabs1/db.php' not found or unable to stat
[Thu Feb 12 05:02:41.472406 2026] [php:error] [pid 49960] [client 158.173.36.230:0] script '/domains/msintl/wp-header.php' not found or unable to stat
[Thu Feb 12 05:02:41.473257 2026] [php:error] [pid 49955] [client 158.173.36.240:0] script '/domains/familyplayhouse2/new.php' not found or unable to stat
[Thu Feb 12 05:02:41.475750 2026] [php:error] [pid 49970] [client 158.173.36.57:0] script '/domains/fifibear/webadmin.php' not found or unable to stat
[Thu Feb 12 05:02:41.475988 2026] [php:error] [pid 49981] [client 158.173.36.80:0] script '/domains/dcoffman/class.php' not found or unable to stat
[Thu Feb 12 05:02:41.476356 2026] [php:error] [pid 49954] [client 158.173.36.217:0] script '/domains/deltaele/content.php' not found or unable to stat
[Thu Feb 12 05:02:41.479183 2026] [php:error] [pid 49962] [client 158.173.36.160:0] script '/domains/rfisher.dnai/ext.php' not found or unable to stat
[Thu Feb 12 05:02:41.505304 2026] [php:error] [pid 49985] [client 158.173.36.240:0] script '/domains/davidbacker/default.php' not found or unable to stat
[Thu Feb 12 05:02:41.598486 2026] [php:error] [pid 49984] [client 158.173.36.230:0] script '/domains/ceonlinenews/dropdown.php' not found or unable to stat
[Thu Feb 12 05:02:41.608745 2026] [php:error] [pid 49979] [client 158.173.36.31:0] script '/domains/machinadynamica/wp-good.php' not found or unable to stat
[Thu Feb 12 05:02:41.630613 2026] [php:error] [pid 49927] [client 158.173.36.45:0] script '/domains/wsmith.enteract/core.php' not found or unable to stat
[Thu Feb 12 05:02:41.631357 2026] [php:error] [pid 49982] [client 158.173.36.227:0] script '/domains/antiqueweb1/bypass.php' not found or unable to stat
[Thu Feb 12 05:02:41.632343 2026] [php:error] [pid 49965] [client 158.173.36.49:0] script '/domains/gk3c/wp-l0gin.php' not found or unable to stat
[Thu Feb 12 05:02:41.633228 2026] [php:error] [pid 49922] [client 158.173.36.124:0] script '/domains/nostrada/adminfuns.php' not found or unable to stat
[Thu Feb 12 05:02:41.633230 2026] [php:error] [pid 49962] [client 158.173.36.160:0] script '/domains/rfisher.dnai/delpaths.php' not found or unable to stat
[Thu Feb 12 05:02:41.634829 2026] [php:error] [pid 49950] [client 158.158.72.119:0] script '/domains/smartny/bgymj.php' not found or unable to stat
[Thu Feb 12 05:02:41.781394 2026] [php:error] [pid 49964] [client 158.173.36.217:0] script '/domains/rfisher.dnai/wp-good.php' not found or unable to stat
[Thu Feb 12 05:02:41.792222 2026] [php:error] [pid 49984] [client 158.173.36.230:0] script '/domains/ceonlinenews/images/admin.php' not found or unable to stat
[Thu Feb 12 05:02:41.798100 2026] [php:error] [pid 49968] [client 158.173.36.124:0] script '/domains/system_suspended/content.php' not found or unable to stat
[Thu Feb 12 05:02:41.819407 2026] [php:error] [pid 49943] [client 158.173.36.240:0] script '/domains/rnachum/wp-trackback.php' not found or unable to stat
[Thu Feb 12 05:02:41.820253 2026] [php:error] [pid 49960] [client 158.173.36.230:0] script '/domains/msintl/Marvins.php' not found or unable to stat
[Thu Feb 12 05:02:41.824071 2026] [php:error] [pid 49978] [client 158.173.36.63:0] script '/domains/antiqueweb1/init.php' not found or unable to stat
[Thu Feb 12 05:02:41.825458 2026] [php:error] [pid 49946] [client 158.173.36.245:0] script '/domains/apunderkofler/Sanskrit.php' not found or unable to stat
[Thu Feb 12 05:02:41.825672 2026] [php:error] [pid 49982] [client 158.173.36.227:0] script '/domains/antiqueweb1/class.php' not found or unable to stat
[Thu Feb 12 05:02:41.826264 2026] [php:error] [pid 49972] [client 158.173.36.164:0] script '/domains/icrse/wp-l0gin.php' not found or unable to stat
[Thu Feb 12 05:02:41.826840 2026] [php:error] [pid 49927] [client 158.173.36.45:0] script '/domains/wsmith.enteract/robots.php' not found or unable to stat
[Thu Feb 12 05:02:41.845995 2026] [php:error] [pid 49882] [client 158.173.36.230:0] script '/domains/brenties/wpn.php' not found or unable to stat
[Thu Feb 12 05:02:41.846268 2026] [php:error] [pid 49907] [client 158.173.36.171:0] script '/domains/pauljbrock/xp.php' not found or unable to stat
[Thu Feb 12 05:02:41.995670 2026] [php:error] [pid 49984] [client 158.173.36.230:0] script '/domains/ceonlinenews/db.php' not found or unable to stat
[Thu Feb 12 05:02:41.995958 2026] [php:error] [pid 49973] [client 158.173.36.227:0] script '/domains/cccweb/ini.php' not found or unable to stat
[Thu Feb 12 05:02:41.996285 2026] [php:error] [pid 49975] [client 158.173.36.68:0] script '/domains/icrse/file.php' not found or unable to stat
[Thu Feb 12 05:02:41.997690 2026] [php:error] [pid 49983] [client 158.173.36.160:0] script '/domains/sjsachs/aks.php' not found or unable to stat
[Thu Feb 12 05:02:41.997868 2026] [php:error] [pid 49955] [client 158.173.36.240:0] script '/domains/familyplayhouse2/images/DJP9.php' not found or unable to stat
[Thu Feb 12 05:02:42.016433 2026] [php:error] [pid 49946] [client 158.173.36.245:0] script '/domains/apunderkofler/wp-fmfile.php' not found or unable to stat
[Thu Feb 12 05:02:42.024115 2026] [php:error] [pid 49970] [client 158.173.36.57:0] script '/domains/fifibear/xl2023.php' not found or unable to stat
[Thu Feb 12 05:02:42.024495 2026] [php:error] [pid 49965] [client 158.173.36.49:0] script '/domains/gk3c/new.php' not found or unable to stat
[Thu Feb 12 05:02:42.027975 2026] [php:error] [pid 49922] [client 158.173.36.124:0] script '/domains/nostrada/wp_wlx.php' not found or unable to stat
[Thu Feb 12 05:02:42.029246 2026] [php:error] [pid 49927] [client 158.173.36.45:0] script '/domains/wsmith.enteract/inputs.php' not found or unable to stat
[Thu Feb 12 05:02:42.062323 2026] [php:error] [pid 49950] [client 158.158.72.119:0] script '/domains/smartny/06.php' not found or unable to stat
[Thu Feb 12 05:02:42.209745 2026] [php:error] [pid 49943] [client 158.173.36.240:0] script '/domains/rnachum/radio.php' not found or unable to stat
[Thu Feb 12 05:02:42.210464 2026] [php:error] [pid 49960] [client 158.173.36.230:0] script '/domains/msintl/wp-class.php' not found or unable to stat
[Thu Feb 12 05:02:42.210603 2026] [php:error] [pid 49983] [client 158.173.36.160:0] script '/domains/sjsachs/litespeed.php' not found or unable to stat
[Thu Feb 12 05:02:42.227142 2026] [php:error] [pid 49972] [client 158.173.36.164:0] script '/domains/icrse/new.php' not found or unable to stat
[Thu Feb 12 05:02:42.227253 2026] [php:error] [pid 49927] [client 158.173.36.45:0] script '/domains/wsmith.enteract/mini.php' not found or unable to stat
[Thu Feb 12 05:02:42.236367 2026] [php:error] [pid 49899] [client 158.173.36.49:0] script '/domains/fryer/natural.php' not found or unable to stat
[Thu Feb 12 05:02:42.236684 2026] [php:error] [pid 49970] [client 158.173.36.57:0] script '/domains/fifibear/go.php' not found or unable to stat
[Thu Feb 12 05:02:42.376110 2026] [php:error] [pid 49980] [client 158.173.36.80:0] script '/domains/system_cancel/class.php' not found or unable to stat
[Thu Feb 12 05:02:42.457338 2026] [php:error] [pid 49927] [client 158.173.36.45:0] script '/domains/wsmith.enteract/goods.php' not found or unable to stat
[Thu Feb 12 05:02:42.458318 2026] [php:error] [pid 49907] [client 158.173.36.171:0] script '/domains/pauljbrock/wp-links.php' not found or unable to stat
[Thu Feb 12 05:02:42.458816 2026] [php:error] [pid 49899] [client 158.173.36.49:0] script '/domains/fryer/item.php' not found or unable to stat
[Thu Feb 12 05:02:42.508567 2026] [php:error] [pid 49955] [client 158.173.36.240:0] script '/domains/familyplayhouse2/natural.php' not found or unable to stat
[Thu Feb 12 05:02:42.510403 2026] [php:error] [pid 49908] [client 158.173.36.85:0] script '/domains/fayemoran/images/wp-aespa.php' not found or unable to stat
[Thu Feb 12 05:02:42.523049 2026] [php:error] [pid 49960] [client 158.173.36.230:0] script '/domains/msintl/xx.php' not found or unable to stat
[Thu Feb 12 05:02:42.535647 2026] [php:error] [pid 49950] [client 158.158.72.119:0] script '/domains/smartny/ff1.php' not found or unable to stat
[Thu Feb 12 05:02:42.567728 2026] [php:error] [pid 49975] [client 158.173.36.68:0] script '/domains/icrse/buy.php' not found or unable to stat
[Thu Feb 12 05:02:42.607477 2026] [php:error] [pid 49933] [client 158.173.36.169:0] script '/domains/apunderkofler/init.php' not found or unable to stat
[Thu Feb 12 05:02:42.607784 2026] [php:error] [pid 49985] [client 158.173.36.240:0] script '/domains/davidbacker/dropdown.php' not found or unable to stat
[Thu Feb 12 05:02:42.609580 2026] [php:error] [pid 49965] [client 158.173.36.49:0] script '/domains/gk3c/images/DJP9.php' not found or unable to stat
[Thu Feb 12 05:02:42.609579 2026] [php:error] [pid 49922] [client 158.173.36.124:0] script '/domains/nostrada/wp.php' not found or unable to stat
[Thu Feb 12 05:02:42.609579 2026] [php:error] [pid 49927] [client 158.173.36.45:0] script '/domains/wsmith.enteract/file5.php' not found or unable to stat
[Thu Feb 12 05:02:42.613915 2026] [php:error] [pid 49986] [client 158.173.36.169:0] script '/domains/abtechsci/aa.php' not found or unable to stat
[Thu Feb 12 05:02:42.620446 2026] [php:error] [pid 49942] [client 158.173.36.124:0] script '/domains/machinadynamica/manager.php' not found or unable to stat
[Thu Feb 12 05:02:42.641891 2026] [php:error] [pid 49981] [client 158.173.36.80:0] script '/domains/dcoffman/init.php' not found or unable to stat
[Thu Feb 12 05:02:42.647615 2026] [php:error] [pid 49955] [client 158.173.36.240:0] script '/domains/familyplayhouse2/item.php' not found or unable to stat
[Thu Feb 12 05:02:42.647673 2026] [php:error] [pid 49962] [client 158.173.36.160:0] script '/domains/rfisher.dnai/gifclass.php' not found or unable to stat
[Thu Feb 12 05:02:42.648230 2026] [php:error] [pid 49946] [client 158.173.36.245:0] script '/domains/apunderkofler/memberfuns.php' not found or unable to stat
[Thu Feb 12 05:02:42.683140 2026] [php:error] [pid 49960] [client 158.173.36.230:0] script '/domains/msintl/autoload_classmap.php' not found or unable to stat
[Thu Feb 12 05:02:42.683244 2026] [php:error] [pid 49983] [client 158.173.36.160:0] script '/domains/sjsachs/wpn.php' not found or unable to stat
[Thu Feb 12 05:02:42.767658 2026] [php:error] [pid 49918] [client 158.173.36.31:0] script '/domains/nostrada/adminfuns.php' not found or unable to stat
[Thu Feb 12 05:02:42.781191 2026] [php:error] [pid 49985] [client 158.173.36.240:0] script '/domains/davidbacker/images/admin.php' not found or unable to stat
[Thu Feb 12 05:02:42.783204 2026] [php:error] [pid 49927] [client 158.173.36.45:0] script '/domains/wsmith.enteract/ahax.php' not found or unable to stat
[Thu Feb 12 05:02:42.783917 2026] [php:error] [pid 49972] [client 158.173.36.164:0] script '/domains/icrse/images/DJP9.php' not found or unable to stat
[Thu Feb 12 05:02:42.786651 2026] [php:error] [pid 49942] [client 158.173.36.124:0] script '/domains/machinadynamica/bless.php' not found or unable to stat
[Thu Feb 12 05:02:42.792219 2026] [php:error] [pid 49986] [client 158.173.36.169:0] script '/domains/abtechsci/index2.php' not found or unable to stat
[Thu Feb 12 05:02:42.792728 2026] [php:error] [pid 49967] [client 158.173.36.134:0] script '/domains/braniff/classwithtostring.php' not found or unable to stat
[Thu Feb 12 05:02:42.830459 2026] [php:error] [pid 49943] [client 158.173.36.240:0] script '/domains/rnachum/wp-conflg.php' not found or unable to stat
[Thu Feb 12 05:02:42.830933 2026] [php:error] [pid 49962] [client 158.173.36.160:0] script '/domains/rfisher.dnai/plugin.php' not found or unable to stat
[Thu Feb 12 05:02:42.831101 2026] [php:error] [pid 49946] [client 158.173.36.245:0] script '/domains/apunderkofler/infos.php' not found or unable to stat
[Thu Feb 12 05:02:42.998935 2026] [php:error] [pid 49951] [client 158.173.36.85:0] script '/domains/egmaweb/install.php' not found or unable to stat
[Thu Feb 12 05:02:43.003095 2026] [php:error] [pid 49985] [client 158.173.36.240:0] script '/domains/davidbacker/db.php' not found or unable to stat
[Thu Feb 12 05:02:43.003468 2026] [php:error] [pid 49927] [client 158.173.36.45:0] script '/domains/wsmith.enteract/f35.php' not found or unable to stat
[Thu Feb 12 05:02:43.004121 2026] [php:error] [pid 49942] [client 158.173.36.124:0] script '/domains/machinadynamica/O-Simple.php' not found or unable to stat
[Thu Feb 12 05:02:43.004203 2026] [php:error] [pid 49966] [client 158.173.36.240:0] script '/domains/windsorweb/images/wp-aespa.php' not found or unable to stat
[Thu Feb 12 05:02:43.019022 2026] [php:error] [pid 49953] [client 158.173.36.31:0] script '/domains/perless2web/inc.php' not found or unable to stat
[Thu Feb 12 05:02:43.042997 2026] [php:error] [pid 49979] [client 158.173.36.31:0] script '/domains/machinadynamica/ff2.php' not found or unable to stat
[Thu Feb 12 05:02:43.043591 2026] [php:error] [pid 49943] [client 158.173.36.240:0] script '/domains/rnachum/wp-setup.php' not found or unable to stat
[Thu Feb 12 05:02:43.064025 2026] [php:error] [pid 49961] [client 158.173.36.29:0] script '/domains/homesbyaudrey1/web.php' not found or unable to stat
[Thu Feb 12 05:02:43.069595 2026] [php:error] [pid 49938] [client 158.173.36.45:0] script '/domains/cccweb/wp-content.php' not found or unable to stat
[Thu Feb 12 05:02:43.106354 2026] [php:error] [pid 49925] [client 158.173.36.29:0] script '/domains/conceptlabs1/install.php' not found or unable to stat
[Thu Feb 12 05:02:43.369901 2026] [php:error] [pid 49918] [client 158.173.36.31:0] script '/domains/nostrada/wp_wlx.php' not found or unable to stat
[Thu Feb 12 05:02:43.373230 2026] [php:error] [pid 49922] [client 158.173.36.124:0] script '/domains/nostrada/wp-header.php' not found or unable to stat
[Thu Feb 12 05:02:43.373490 2026] [php:error] [pid 49942] [client 158.173.36.124:0] script '/domains/machinadynamica/lock360.php' not found or unable to stat
[Thu Feb 12 05:02:43.373630 2026] [php:error] [pid 49965] [client 158.173.36.49:0] script '/domains/gk3c/natural.php' not found or unable to stat
[Thu Feb 12 05:02:43.374204 2026] [php:error] [pid 49927] [client 158.173.36.45:0] script '/domains/wsmith.enteract/simple.php' not found or unable to stat
[Thu Feb 12 05:02:43.422443 2026] [php:error] [pid 49982] [client 158.173.36.227:0] script '/domains/antiqueweb1/init.php' not found or unable to stat
[Thu Feb 12 05:02:43.424692 2026] [php:error] [pid 49962] [client 158.173.36.160:0] script '/domains/rfisher.dnai/update-core.php' not found or unable to stat
[Thu Feb 12 05:02:43.425478 2026] [php:error] [pid 49964] [client 158.173.36.217:0] script '/domains/rfisher.dnai/ff2.php' not found or unable to stat
[Thu Feb 12 05:02:43.425703 2026] [php:error] [pid 49960] [client 158.173.36.230:0] script '/domains/msintl/content.php' not found or unable to stat
[Thu Feb 12 05:02:43.428224 2026] [php:error] [pid 49943] [client 158.173.36.240:0] script '/domains/rnachum/ms-themes.php' not found or unable to stat
[Thu Feb 12 05:02:43.582039 2026] [php:error] [pid 49972] [client 158.173.36.164:0] script '/domains/icrse/natural.php' not found or unable to stat
[Thu Feb 12 05:02:43.730294 2026] [php:error] [pid 49972] [client 158.173.36.164:0] script '/domains/icrse/item.php' not found or unable to stat
[Thu Feb 12 05:02:43.733855 2026] [php:error] [pid 49977] [client 158.173.36.124:0] script '/domains/brenties/aa.php' not found or unable to stat
[Thu Feb 12 05:02:43.734301 2026] [php:error] [pid 49978] [client 158.173.36.63:0] script '/domains/antiqueweb1/adminfuns.php' not found or unable to stat
[Thu Feb 12 05:02:43.734764 2026] [php:error] [pid 49965] [client 158.173.36.49:0] script '/domains/gk3c/item.php' not found or unable to stat
[Thu Feb 12 05:02:43.735373 2026] [php:error] [pid 49942] [client 158.173.36.124:0] script '/domains/machinadynamica/zwso.php' not found or unable to stat
[Thu Feb 12 05:02:43.736117 2026] [php:error] [pid 49951] [client 158.173.36.85:0] script '/domains/egmaweb/images/class-config.php' not found or unable to stat
[Thu Feb 12 05:02:43.736274 2026] [php:error] [pid 49953] [client 158.173.36.31:0] script '/domains/perless2web/filemanager.php' not found or unable to stat
[Thu Feb 12 05:02:43.744714 2026] [php:error] [pid 49967] [client 158.173.36.134:0] script '/domains/braniff/tinyfilemanager.php' not found or unable to stat
[Thu Feb 12 05:02:43.746187 2026] [php:error] [pid 49925] [client 158.173.36.29:0] script '/domains/conceptlabs1/images/class-config.php' not found or unable to stat
[Thu Feb 12 05:02:43.750711 2026] [php:error] [pid 49971] [client 158.173.36.85:0] script '/domains/homesbyaudrey1/web.php' not found or unable to stat
[Thu Feb 12 05:02:43.854820 2026] [php:error] [pid 49987] [client 158.173.36.57:0] script '/domains/biehlweb/manager.php' not found or unable to stat
[Thu Feb 12 05:02:43.902641 2026] [php:error] [pid 49977] [client 158.173.36.124:0] script '/domains/brenties/index2.php' not found or unable to stat
[Thu Feb 12 05:02:43.902771 2026] [php:error] [pid 49946] [client 158.173.36.245:0] script '/domains/apunderkofler/options-writing.php' not found or unable to stat
[Thu Feb 12 05:02:43.915772 2026] [php:error] [pid 49942] [client 158.173.36.124:0] script '/domains/machinadynamica/chosen.php' not found or unable to stat
[Thu Feb 12 05:02:43.916596 2026] [php:error] [pid 49980] [client 158.173.36.80:0] script '/domains/system_cancel/init.php' not found or unable to stat
[Thu Feb 12 05:02:43.919713 2026] [php:error] [pid 49984] [client 158.173.36.230:0] script '/domains/ceonlinenews/install.php' not found or unable to stat
[Thu Feb 12 05:02:43.921911 2026] [php:error] [pid 49943] [client 158.173.36.240:0] script '/domains/rnachum/style.php' not found or unable to stat
[Thu Feb 12 05:02:43.921921 2026] [php:error] [pid 49962] [client 158.173.36.160:0] script '/domains/rfisher.dnai/wp-mail.php' not found or unable to stat
[Thu Feb 12 05:02:43.924059 2026] [php:error] [pid 49922] [client 158.173.36.124:0] script '/domains/nostrada/Marvins.php' not found or unable to stat
[Thu Feb 12 05:02:43.924099 2026] [php:error] [pid 49949] [client 158.173.36.169:0] script '/domains/mschmid/images/class.php' not found or unable to stat
[Thu Feb 12 05:02:44.020921 2026] [php:error] [pid 49966] [client 20.111.32.128:0] script '/domains/navarrospring/fff.php' not found or unable to stat
[Thu Feb 12 05:02:44.032182 2026] [php:error] [pid 49987] [client 158.173.36.57:0] script '/domains/biehlweb/bless.php' not found or unable to stat
[Thu Feb 12 05:02:44.039358 2026] [php:error] [pid 49950] [client 158.158.72.119:0] script '/domains/smartny/xxw.php' not found or unable to stat
[Thu Feb 12 05:02:44.059168 2026] [php:error] [pid 49978] [client 158.173.36.63:0] script '/domains/antiqueweb1/wp_wlx.php' not found or unable to stat
[Thu Feb 12 05:02:44.063104 2026] [php:error] [pid 49942] [client 158.173.36.124:0] script '/domains/machinadynamica/about.php' not found or unable to stat
[Thu Feb 12 05:02:44.064789 2026] [php:error] [pid 49946] [client 158.173.36.245:0] script '/domains/apunderkofler/options-reading.php' not found or unable to stat
[Thu Feb 12 05:02:44.065840 2026] [php:error] [pid 49979] [client 158.173.36.31:0] script '/domains/machinadynamica/jp.php' not found or unable to stat
[Thu Feb 12 05:02:44.067421 2026] [php:error] [pid 49918] [client 158.173.36.31:0] script '/domains/nostrada/wp.php' not found or unable to stat
[Thu Feb 12 05:02:44.083499 2026] [php:error] [pid 49986] [client 158.173.36.169:0] script '/domains/abtechsci/shell.php' not found or unable to stat
[Thu Feb 12 05:02:44.197072 2026] [php:error] [pid 49987] [client 158.173.36.57:0] script '/domains/biehlweb/O-Simple.php' not found or unable to stat
[Thu Feb 12 05:02:44.250522 2026] [php:error] [pid 49938] [client 158.173.36.45:0] script '/domains/cccweb/customize.php' not found or unable to stat
[Thu Feb 12 05:02:44.252660 2026] [php:error] [pid 49951] [client 158.173.36.85:0] script '/domains/egmaweb/bypass.php' not found or unable to stat
[Thu Feb 12 05:02:44.256333 2026] [php:error] [pid 49942] [client 158.173.36.124:0] script '/domains/machinadynamica/admin.php' not found or unable to stat
[Thu Feb 12 05:02:44.262125 2026] [php:error] [pid 49964] [client 158.173.36.217:0] script '/domains/rfisher.dnai/jp.php' not found or unable to stat
[Thu Feb 12 05:02:44.262300 2026] [php:error] [pid 49946] [client 158.173.36.245:0] script '/domains/apunderkofler/wsad.php' not found or unable to stat
[Thu Feb 12 05:02:44.273376 2026] [php:error] [pid 49979] [client 158.173.36.31:0] script '/domains/machinadynamica/wp-atom.php' not found or unable to stat
[Thu Feb 12 05:02:44.274474 2026] [php:error] [pid 49954] [client 158.173.36.217:0] script '/domains/deltaele/web.php' not found or unable to stat
[Thu Feb 12 05:02:44.317020 2026] [php:error] [pid 49984] [client 158.173.36.230:0] script '/domains/ceonlinenews/images/class-config.php' not found or unable to stat
[Thu Feb 12 05:02:44.321275 2026] [php:error] [pid 49908] [client 158.173.36.49:0] script '/domains/cccweb/wp-content.php' not found or unable to stat
[Thu Feb 12 05:02:44.324234 2026] [php:error] [pid 49922] [client 158.173.36.124:0] script '/domains/nostrada/wp-class.php' not found or unable to stat
[Thu Feb 12 05:02:44.326993 2026] [php:error] [pid 49967] [client 158.173.36.134:0] script '/domains/braniff/file.php' not found or unable to stat
[Thu Feb 12 05:02:44.330130 2026] [php:error] [pid 49949] [client 158.173.36.169:0] script '/domains/mschmid/web.php' not found or unable to stat
[Thu Feb 12 05:02:44.330698 2026] [php:error] [pid 49925] [client 158.173.36.29:0] script '/domains/conceptlabs1/bypass.php' not found or unable to stat
[Thu Feb 12 05:02:44.468619 2026] [php:error] [pid 49987] [client 158.173.36.57:0] script '/domains/biehlweb/lock360.php' not found or unable to stat
[Thu Feb 12 05:02:44.470384 2026] [php:error] [pid 49981] [client 158.173.36.80:0] script '/domains/dcoffman/adminfuns.php' not found or unable to stat
[Thu Feb 12 05:02:44.484239 2026] [php:error] [pid 49951] [client 158.173.36.85:0] script '/domains/egmaweb/class.php' not found or unable to stat
[Thu Feb 12 05:02:44.490778 2026] [php:error] [pid 49943] [client 158.173.36.240:0] script '/domains/rnachum/x.php' not found or unable to stat
[Thu Feb 12 05:02:44.541962 2026] [php:error] [pid 49958] [client 158.173.36.49:0] script '/domains/deltaele/byp.php' not found or unable to stat
[Thu Feb 12 05:02:44.543020 2026] [php:error] [pid 49925] [client 158.173.36.29:0] script '/domains/conceptlabs1/class.php' not found or unable to stat
[Thu Feb 12 05:02:44.543453 2026] [php:error] [pid 49933] [client 158.173.36.169:0] script '/domains/apunderkofler/adminfuns.php' not found or unable to stat
[Thu Feb 12 05:02:44.617322 2026] [php:error] [pid 49961] [client 158.173.36.29:0] script '/domains/homesbyaudrey1/wp-trackback.php' not found or unable to stat
[Thu Feb 12 05:02:44.648502 2026] [php:error] [pid 49978] [client 158.173.36.63:0] script '/domains/antiqueweb1/wp.php' not found or unable to stat
[Thu Feb 12 05:02:44.653185 2026] [php:error] [pid 49987] [client 158.173.36.57:0] script '/domains/biehlweb/zwso.php' not found or unable to stat
[Thu Feb 12 05:02:44.661341 2026] [php:error] [pid 49968] [client 158.173.36.124:0] script '/domains/system_suspended/web.php' not found or unable to stat
[Thu Feb 12 05:02:44.708603 2026] [php:error] [pid 49964] [client 158.173.36.217:0] script '/domains/rfisher.dnai/wp-atom.php' not found or unable to stat
[Thu Feb 12 05:02:44.711663 2026] [php:error] [pid 49922] [client 158.173.36.124:0] script '/domains/nostrada/xx.php' not found or unable to stat
[Thu Feb 12 05:02:44.713826 2026] [php:error] [pid 49949] [client 158.173.36.169:0] script '/domains/mschmid/images/index.php' not found or unable to stat
[Thu Feb 12 05:02:44.776974 2026] [php:error] [pid 49946] [client 158.173.36.245:0] script '/domains/apunderkofler/nation.php' not found or unable to stat
[Thu Feb 12 05:02:44.780470 2026] [php:error] [pid 49979] [client 158.173.36.31:0] script '/domains/machinadynamica/up.php' not found or unable to stat
[Thu Feb 12 05:02:44.781068 2026] [php:error] [pid 49918] [client 158.173.36.31:0] script '/domains/nostrada/wp-header.php' not found or unable to stat
[Thu Feb 12 05:02:44.806224 2026] [php:error] [pid 49981] [client 158.173.36.80:0] script '/domains/dcoffman/wp_wlx.php' not found or unable to stat
[Thu Feb 12 05:02:44.806320 2026] [php:error] [pid 49942] [client 158.173.36.124:0] script '/domains/machinadynamica/mah.php' not found or unable to stat
[Thu Feb 12 05:02:44.811760 2026] [php:error] [pid 49938] [client 158.173.36.45:0] script '/domains/cccweb/license.php' not found or unable to stat
[Thu Feb 12 05:02:44.819518 2026] [php:error] [pid 49987] [client 158.173.36.57:0] script '/domains/biehlweb/chosen.php' not found or unable to stat
[Thu Feb 12 05:02:44.856190 2026] [php:error] [pid 49971] [client 158.173.36.85:0] script '/domains/homesbyaudrey1/wp-trackback.php' not found or unable to stat
[Thu Feb 12 05:02:44.857242 2026] [php:error] [pid 49907] [client 158.173.36.171:0] script '/domains/pauljbrock/moon.php' not found or unable to stat
[Thu Feb 12 05:02:44.857273 2026] [php:error] [pid 49922] [client 158.173.36.124:0] script '/domains/nostrada/autoload_classmap.php' not found or unable to stat
[Thu Feb 12 05:02:44.859540 2026] [php:error] [pid 49933] [client 158.173.36.169:0] script '/domains/apunderkofler/wp_wlx.php' not found or unable to stat
[Thu Feb 12 05:02:44.860067 2026] [php:error] [pid 49967] [client 158.173.36.134:0] script '/domains/braniff/buy.php' not found or unable to stat
[Thu Feb 12 05:02:44.947427 2026] [php:error] [pid 49953] [client 158.173.36.31:0] script '/domains/perless2web/function.php' not found or unable to stat
[Thu Feb 12 05:02:44.952229 2026] [php:error] [pid 49961] [client 158.173.36.29:0] script '/domains/homesbyaudrey1/radio.php' not found or unable to stat
[Thu Feb 12 05:02:44.991447 2026] [php:error] [pid 49984] [client 158.173.36.230:0] script '/domains/ceonlinenews/bypass.php' not found or unable to stat
[Thu Feb 12 05:02:45.002371 2026] [php:error] [pid 49989] [client 158.173.36.230:0] script '/domains/fryer/default.php' not found or unable to stat
[Thu Feb 12 05:02:45.049646 2026] [php:error] [pid 49987] [client 158.173.36.57:0] script '/domains/biehlweb/about.php' not found or unable to stat
[Thu Feb 12 05:02:45.120315 2026] [php:error] [pid 49964] [client 158.173.36.217:0] script '/domains/rfisher.dnai/up.php' not found or unable to stat
[Thu Feb 12 05:02:45.173283 2026] [php:error] [pid 49918] [client 158.173.36.31:0] script '/domains/nostrada/Marvins.php' not found or unable to stat
[Thu Feb 12 05:02:45.190885 2026] [php:error] [pid 49977] [client 158.173.36.124:0] script '/domains/brenties/shell.php' not found or unable to stat
[Thu Feb 12 05:02:45.191145 2026] [php:error] [pid 49942] [client 158.173.36.124:0] script '/domains/machinadynamica/core.php' not found or unable to stat
[Thu Feb 12 05:02:45.208712 2026] [php:error] [pid 49984] [client 158.173.36.230:0] script '/domains/ceonlinenews/class.php' not found or unable to stat
[Thu Feb 12 05:02:45.237652 2026] [php:error] [pid 49982] [client 158.173.36.227:0] script '/domains/antiqueweb1/adminfuns.php' not found or unable to stat
[Thu Feb 12 05:02:45.240745 2026] [php:error] [pid 49950] [client 158.158.72.119:0] script '/domains/smartny/asax.php' not found or unable to stat
[Thu Feb 12 05:02:45.241676 2026] [php:error] [pid 49987] [client 158.173.36.57:0] script '/domains/biehlweb/admin.php' not found or unable to stat
[Thu Feb 12 05:02:45.310660 2026] [php:error] [pid 49938] [client 158.173.36.45:0] script '/domains/cccweb/lock.php' not found or unable to stat
[Thu Feb 12 05:02:45.310939 2026] [php:error] [pid 49985] [client 158.173.36.240:0] script '/domains/davidbacker/install.php' not found or unable to stat
[Thu Feb 12 05:02:45.378257 2026] [php:error] [pid 49953] [client 158.173.36.31:0] script '/domains/perless2web/wp-signup.php' not found or unable to stat
[Thu Feb 12 05:02:45.378827 2026] [php:error] [pid 49942] [client 158.173.36.124:0] script '/domains/machinadynamica/robots.php' not found or unable to stat
[Thu Feb 12 05:02:45.379528 2026] [php:error] [pid 49978] [client 158.173.36.63:0] script '/domains/antiqueweb1/wp-header.php' not found or unable to stat
[Thu Feb 12 05:02:45.387855 2026] [php:error] [pid 49943] [client 158.173.36.240:0] script '/domains/rnachum/wp-user.php' not found or unable to stat
[Thu Feb 12 05:02:45.392099 2026] [php:error] [pid 49980] [client 158.173.36.80:0] script '/domains/system_cancel/adminfuns.php' not found or unable to stat
[Thu Feb 12 05:02:45.441988 2026] [php:error] [pid 49986] [client 158.173.36.169:0] script '/domains/abtechsci/hehe.php' not found or unable to stat
[Thu Feb 12 05:02:45.446422 2026] [php:error] [pid 49971] [client 158.173.36.85:0] script '/domains/homesbyaudrey1/radio.php' not found or unable to stat
[Thu Feb 12 05:02:45.484136 2026] [php:error] [pid 49955] [client 158.173.36.80:0] script '/domains/familyplayhouse2/default.php' not found or unable to stat
[Thu Feb 12 05:02:45.572739 2026] [php:error] [pid 49918] [client 158.173.36.31:0] script '/domains/nostrada/wp-class.php' not found or unable to stat
[Thu Feb 12 05:02:45.573132 2026] [php:error] [pid 49942] [client 158.173.36.124:0] script '/domains/machinadynamica/inputs.php' not found or unable to stat
[Thu Feb 12 05:02:45.577364 2026] [php:error] [pid 49987] [client 158.173.36.57:0] script '/domains/biehlweb/mah.php' not found or unable to stat
[Thu Feb 12 05:02:45.577644 2026] [php:error] [pid 49982] [client 158.173.36.227:0] script '/domains/antiqueweb1/wp_wlx.php' not found or unable to stat
[Thu Feb 12 05:02:45.579446 2026] [php:error] [pid 49981] [client 158.173.36.80:0] script '/domains/dcoffman/wp.php' not found or unable to stat
[Thu Feb 12 05:02:45.603420 2026] [php:error] [pid 49933] [client 158.173.36.169:0] script '/domains/apunderkofler/wp.php' not found or unable to stat
[Thu Feb 12 05:02:45.604560 2026] [php:error] [pid 49908] [client 158.173.36.49:0] script '/domains/cccweb/customize.php' not found or unable to stat
[Thu Feb 12 05:02:45.620957 2026] [php:error] [pid 49985] [client 158.173.36.240:0] script '/domains/davidbacker/images/class-config.php' not found or unable to stat
[Thu Feb 12 05:02:45.621166 2026] [php:error] [pid 49949] [client 158.173.36.169:0] script '/domains/mschmid/wp-trackback.php' not found or unable to stat
[Thu Feb 12 05:02:45.813208 2026] [php:error] [pid 49922] [client 158.173.36.124:0] script '/domains/nostrada/content.php' not found or unable to stat
[Thu Feb 12 05:02:45.817457 2026] [php:error] [pid 49961] [client 158.173.36.29:0] script '/domains/homesbyaudrey1/wp-conflg.php' not found or unable to stat
[Thu Feb 12 05:02:45.818631 2026] [php:error] [pid 49951] [client 158.173.36.85:0] script '/domains/egmaweb/init.php' not found or unable to stat
[Thu Feb 12 05:02:45.819291 2026] [php:error] [pid 49968] [client 158.173.36.124:0] script '/domains/system_suspended/wp-trackback.php' not found or unable to stat
[Thu Feb 12 05:02:45.819437 2026] [php:error] [pid 49946] [client 158.173.36.245:0] script '/domains/apunderkofler/wp-atomx.php' not found or unable to stat
[Thu Feb 12 05:02:45.829575 2026] [php:error] [pid 49907] [client 158.173.36.171:0] script '/domains/pauljbrock/webadmin.php' not found or unable to stat
[Thu Feb 12 05:02:45.932967 2026] [php:error] [pid 49908] [client 158.173.36.49:0] script '/domains/cccweb/license.php' not found or unable to stat
[Thu Feb 12 05:02:46.020292 2026] [php:error] [pid 49925] [client 158.173.36.29:0] script '/domains/conceptlabs1/css/css.php' not found or unable to stat
[Thu Feb 12 05:02:46.021987 2026] [php:error] [pid 49953] [client 158.173.36.31:0] script '/domains/perless2web/wp-blog.php' not found or unable to stat
[Thu Feb 12 05:02:46.021993 2026] [php:error] [pid 49918] [client 158.173.36.31:0] script '/domains/nostrada/xx.php' not found or unable to stat
[Thu Feb 12 05:02:46.023003 2026] [php:error] [pid 49946] [client 158.173.36.245:0] script '/domains/apunderkofler/admin-footer.php' not found or unable to stat
[Thu Feb 12 05:02:46.023331 2026] [php:error] [pid 49961] [client 158.173.36.29:0] script '/domains/homesbyaudrey1/wp-setup.php' not found or unable to stat
[Thu Feb 12 05:02:46.026358 2026] [php:error] [pid 49990] [client 158.173.36.164:0] script '/domains/viamonte3/manager.php' not found or unable to stat
[Thu Feb 12 05:02:46.030568 2026] [php:error] [pid 49954] [client 158.173.36.217:0] script '/domains/deltaele/wp-trackback.php' not found or unable to stat
[Thu Feb 12 05:02:46.042489 2026] [php:error] [pid 49986] [client 158.173.36.169:0] script '/domains/abtechsci/css/slider.php' not found or unable to stat
[Thu Feb 12 05:02:46.042627 2026] [php:error] [pid 49987] [client 158.173.36.57:0] script '/domains/biehlweb/core.php' not found or unable to stat
[Thu Feb 12 05:02:46.042825 2026] [php:error] [pid 49960] [client 158.173.36.230:0] script '/domains/msintl/images/class.php' not found or unable to stat
[Thu Feb 12 05:02:46.043157 2026] [php:error] [pid 49942] [client 158.173.36.124:0] script '/domains/machinadynamica/mini.php' not found or unable to stat
[Thu Feb 12 05:02:46.058021 2026] [php:error] [pid 49991] [client 158.173.36.49:0] script '/domains/nlyfoods/manager.php' not found or unable to stat
[Thu Feb 12 05:02:46.080251 2026] [php:error] [pid 49978] [client 158.173.36.63:0] script '/domains/antiqueweb1/Marvins.php' not found or unable to stat
[Thu Feb 12 05:02:46.118124 2026] [php:error] [pid 49975] [client 158.173.36.68:0] script '/domains/icrse/inc.php' not found or unable to stat
[Thu Feb 12 05:02:46.120544 2026] [php:error] [pid 49949] [client 158.173.36.169:0] script '/domains/mschmid/radio.php' not found or unable to stat
[Thu Feb 12 05:02:46.171118 2026] [php:error] [pid 49981] [client 158.173.36.80:0] script '/domains/dcoffman/wp-header.php' not found or unable to stat
[Thu Feb 12 05:02:46.172652 2026] [php:error] [pid 49988] [client 158.173.36.12:0] script '/domains/rfisher.dnai/aa.php' not found or unable to stat
[Thu Feb 12 05:02:46.173229 2026] [php:error] [pid 49989] [client 158.173.36.230:0] script '/domains/fryer/dropdown.php' not found or unable to stat
[Thu Feb 12 05:02:46.173285 2026] [php:error] [pid 49918] [client 158.173.36.31:0] script '/domains/nostrada/autoload_classmap.php' not found or unable to stat
[Thu Feb 12 05:02:46.173496 2026] [php:error] [pid 49968] [client 158.173.36.124:0] script '/domains/system_suspended/radio.php' not found or unable to stat
[Thu Feb 12 05:02:46.174373 2026] [php:error] [pid 49964] [client 158.173.36.217:0] script '/domains/rfisher.dnai/worm.PhP' not found or unable to stat
[Thu Feb 12 05:02:46.174986 2026] [php:error] [pid 49961] [client 158.173.36.29:0] script '/domains/homesbyaudrey1/ms-themes.php' not found or unable to stat
[Thu Feb 12 05:02:46.186353 2026] [php:error] [pid 49942] [client 158.173.36.124:0] script '/domains/machinadynamica/goods.php' not found or unable to stat
[Thu Feb 12 05:02:46.186747 2026] [php:error] [pid 49990] [client 158.173.36.164:0] script '/domains/viamonte3/bless.php' not found or unable to stat
[Thu Feb 12 05:02:46.187468 2026] [php:error] [pid 49925] [client 158.173.36.29:0] script '/domains/conceptlabs1/init.php' not found or unable to stat
[Thu Feb 12 05:02:46.198175 2026] [php:error] [pid 49986] [client 158.173.36.169:0] script '/domains/abtechsci/dir.php' not found or unable to stat
[Thu Feb 12 05:02:46.198240 2026] [php:error] [pid 49987] [client 158.173.36.57:0] script '/domains/biehlweb/robots.php' not found or unable to stat
[Thu Feb 12 05:02:46.200401 2026] [php:error] [pid 49971] [client 158.173.36.85:0] script '/domains/homesbyaudrey1/wp-conflg.php' not found or unable to stat
[Thu Feb 12 05:02:46.202503 2026] [php:error] [pid 49991] [client 158.173.36.49:0] script '/domains/nlyfoods/bless.php' not found or unable to stat
[Thu Feb 12 05:02:46.220556 2026] [php:error] [pid 49979] [client 158.173.36.31:0] script '/domains/machinadynamica/worm.PhP' not found or unable to stat
[Thu Feb 12 05:02:46.222331 2026] [php:error] [pid 49943] [client 158.173.36.240:0] script '/domains/rnachum/config.php' not found or unable to stat
[Thu Feb 12 05:02:46.260885 2026] [php:error] [pid 49908] [client 158.173.36.49:0] script '/domains/cccweb/lock.php' not found or unable to stat
[Thu Feb 12 05:02:46.261234 2026] [php:error] [pid 49985] [client 158.173.36.240:0] script '/domains/davidbacker/bypass.php' not found or unable to stat
[Thu Feb 12 05:02:46.261401 2026] [php:error] [pid 49958] [client 158.173.36.49:0] script '/domains/deltaele/class.api.php' not found or unable to stat
[Thu Feb 12 05:02:46.309058 2026] [php:error] [pid 49992] [client 158.173.36.71:0] script '/domains/gk3c/default.php' not found or unable to stat
[Thu Feb 12 05:02:46.357906 2026] [php:error] [pid 49988] [client 158.173.36.12:0] script '/domains/rfisher.dnai/index2.php' not found or unable to stat
[Thu Feb 12 05:02:46.362705 2026] [php:error] [pid 49964] [client 158.173.36.217:0] script '/domains/rfisher.dnai/ext.php' not found or unable to stat
[Thu Feb 12 05:02:46.366104 2026] [php:error] [pid 49946] [client 158.173.36.245:0] script '/domains/apunderkofler/XxX.php' not found or unable to stat
[Thu Feb 12 05:02:46.405567 2026] [php:error] [pid 49960] [client 158.173.36.230:0] script '/domains/msintl/web.php' not found or unable to stat
[Thu Feb 12 05:02:46.405643 2026] [php:error] [pid 49954] [client 158.173.36.217:0] script '/domains/deltaele/radio.php' not found or unable to stat
