[Thu Feb 12 05:02:18.516667 2026] [php:error] [pid 49962] [client 158.173.36.68:0] script '/domains/windsorweb/shell.php' not found or unable to stat
[Thu Feb 12 05:02:18.549159 2026] [php:error] [pid 49954] [client 158.173.36.161:0] script '/domains/deltaele/file.php' not found or unable to stat
[Thu Feb 12 05:02:18.561751 2026] [php:error] [pid 49966] [client 158.173.36.210:0] script '/domains/egmaweb/lock360.php' not found or unable to stat
[Thu Feb 12 05:02:18.561958 2026] [php:error] [pid 49955] [client 158.173.36.241:0] script '/domains/sjsachs/gifclass.php' not found or unable to stat
[Thu Feb 12 05:02:18.576525 2026] [php:error] [pid 49933] [client 158.173.36.12:0] script '/domains/deltaele/radio.php' not found or unable to stat
[Thu Feb 12 05:02:18.586792 2026] [php:error] [pid 49908] [client 158.173.36.49:0] script '/domains/conceptlabs1/zwso.php' not found or unable to stat
[Thu Feb 12 05:02:18.587169 2026] [php:error] [pid 49964] [client 158.173.36.240:0] script '/domains/system_cancel/mini.php' not found or unable to stat
[Thu Feb 12 05:02:18.620276 2026] [php:error] [pid 49956] [client 158.173.36.164:0] script '/domains/dcoffman/file5.php' not found or unable to stat
[Thu Feb 12 05:02:18.629290 2026] [php:error] [pid 49882] [client 158.173.36.161:0] script '/domains/antiqueweb1/simple.php' not found or unable to stat
[Thu Feb 12 05:02:18.631118 2026] [php:error] [pid 49958] [client 158.173.36.4:0] script '/domains/ceonlinenews/zwso.php' not found or unable to stat
[Thu Feb 12 05:02:18.631183 2026] [php:error] [pid 49929] [client 158.173.36.71:0] script '/domains/abtechsci/.alf.php' not found or unable to stat
[Thu Feb 12 05:02:18.741302 2026] [php:error] [pid 49966] [client 158.173.36.210:0] script '/domains/egmaweb/zwso.php' not found or unable to stat
[Thu Feb 12 05:02:18.741353 2026] [php:error] [pid 49955] [client 158.173.36.241:0] script '/domains/sjsachs/plugin.php' not found or unable to stat
[Thu Feb 12 05:02:18.776818 2026] [php:error] [pid 49908] [client 158.173.36.49:0] script '/domains/conceptlabs1/chosen.php' not found or unable to stat
[Thu Feb 12 05:02:18.778408 2026] [php:error] [pid 49936] [client 158.173.36.54:0] script '/domains/rfisher.dnai/hehehehe.php' not found or unable to stat
[Thu Feb 12 05:02:18.778421 2026] [php:error] [pid 49956] [client 158.173.36.164:0] script '/domains/dcoffman/ahax.php' not found or unable to stat
[Thu Feb 12 05:02:18.812903 2026] [php:error] [pid 49944] [client 158.173.36.12:0] script '/domains/apunderkofler/lv.php' not found or unable to stat
[Thu Feb 12 05:02:18.825775 2026] [php:error] [pid 49958] [client 158.173.36.4:0] script '/domains/ceonlinenews/chosen.php' not found or unable to stat
[Thu Feb 12 05:02:18.826880 2026] [php:error] [pid 49929] [client 158.173.36.71:0] script '/domains/abtechsci/wso.php' not found or unable to stat
[Thu Feb 12 05:02:18.982713 2026] [php:error] [pid 49908] [client 158.173.36.49:0] script '/domains/conceptlabs1/about.php' not found or unable to stat
[Thu Feb 12 05:02:19.003926 2026] [php:error] [pid 49944] [client 158.173.36.12:0] script '/domains/apunderkofler/images/js1.php' not found or unable to stat
[Thu Feb 12 05:02:19.012566 2026] [php:error] [pid 49958] [client 158.173.36.4:0] script '/domains/ceonlinenews/about.php' not found or unable to stat
[Thu Feb 12 05:02:19.012888 2026] [php:error] [pid 49960] [client 158.173.36.160:0] script '/domains/fifibear/wp.php' not found or unable to stat
[Thu Feb 12 05:02:19.059362 2026] [php:error] [pid 49956] [client 158.173.36.164:0] script '/domains/dcoffman/f35.php' not found or unable to stat
[Thu Feb 12 05:02:19.116336 2026] [php:error] [pid 49954] [client 158.173.36.161:0] script '/domains/deltaele/buy.php' not found or unable to stat
[Thu Feb 12 05:02:19.133022 2026] [php:error] [pid 49907] [client 158.173.36.49:0] script '/domains/antiqueweb1/images/upload.php' not found or unable to stat
[Thu Feb 12 05:02:19.151476 2026] [php:error] [pid 49908] [client 158.173.36.49:0] script '/domains/conceptlabs1/admin.php' not found or unable to stat
[Thu Feb 12 05:02:19.175187 2026] [php:error] [pid 49922] [client 158.173.36.164:0] script '/domains/fayemoran/shell.php' not found or unable to stat
[Thu Feb 12 05:02:19.176695 2026] [php:error] [pid 49966] [client 158.173.36.210:0] script '/domains/egmaweb/chosen.php' not found or unable to stat
[Thu Feb 12 05:02:19.184682 2026] [php:error] [pid 49929] [client 158.173.36.71:0] script '/domains/abtechsci/flower.php' not found or unable to stat
[Thu Feb 12 05:02:19.184714 2026] [php:error] [pid 49958] [client 158.173.36.4:0] script '/domains/ceonlinenews/admin.php' not found or unable to stat
[Thu Feb 12 05:02:19.227775 2026] [php:error] [pid 49956] [client 158.173.36.164:0] script '/domains/dcoffman/simple.php' not found or unable to stat
[Thu Feb 12 05:02:19.244807 2026] [php:error] [pid 49964] [client 158.173.36.240:0] script '/domains/system_cancel/ahax.php' not found or unable to stat
[Thu Feb 12 05:02:19.262209 2026] [php:error] [pid 49955] [client 158.173.36.241:0] script '/domains/sjsachs/update-core.php' not found or unable to stat
[Thu Feb 12 05:02:19.332583 2026] [php:error] [pid 49934] [client 158.173.36.230:0] script '/domains/pauljbrock/init.php' not found or unable to stat
[Thu Feb 12 05:02:19.332999 2026] [php:error] [pid 49966] [client 158.173.36.210:0] script '/domains/egmaweb/about.php' not found or unable to stat
[Thu Feb 12 05:02:19.334145 2026] [php:error] [pid 49948] [client 158.173.36.240:0] script '/domains/homesbyaudrey1/inc.php' not found or unable to stat
[Thu Feb 12 05:02:19.430530 2026] [php:error] [pid 49962] [client 158.173.36.68:0] script '/domains/windsorweb/hehe.php' not found or unable to stat
[Thu Feb 12 05:02:19.443209 2026] [php:error] [pid 49925] [client 158.173.36.230:0] script '/domains/msintl/classwithtostring.php' not found or unable to stat
[Thu Feb 12 05:02:19.443223 2026] [php:error] [pid 49947] [client 158.173.36.71:0] script '/domains/rnachum/function.php' not found or unable to stat
[Thu Feb 12 05:02:19.492336 2026] [php:error] [pid 49961] [client 158.173.36.217:0] script '/domains/cccweb/moon.php' not found or unable to stat
[Thu Feb 12 05:02:19.492571 2026] [php:error] [pid 49908] [client 158.173.36.49:0] script '/domains/conceptlabs1/mah.php' not found or unable to stat
[Thu Feb 12 05:02:19.520940 2026] [php:error] [pid 49966] [client 158.173.36.210:0] script '/domains/egmaweb/admin.php' not found or unable to stat
[Thu Feb 12 05:02:19.531206 2026] [php:error] [pid 49960] [client 158.173.36.160:0] script '/domains/fifibear/wp-header.php' not found or unable to stat
[Thu Feb 12 05:02:19.531381 2026] [php:error] [pid 49958] [client 158.173.36.4:0] script '/domains/ceonlinenews/mah.php' not found or unable to stat
[Thu Feb 12 05:02:19.615580 2026] [php:error] [pid 49933] [client 158.173.36.12:0] script '/domains/deltaele/wp-conflg.php' not found or unable to stat
[Thu Feb 12 05:02:19.633792 2026] [php:error] [pid 49955] [client 158.173.36.241:0] script '/domains/sjsachs/wp-mail.php' not found or unable to stat
[Thu Feb 12 05:02:19.738911 2026] [php:error] [pid 49916] [client 158.173.36.54:0] script '/domains/apunderkofler/images/upload.php' not found or unable to stat
[Thu Feb 12 05:02:19.747602 2026] [php:error] [pid 49949] [client 158.173.36.227:0] script '/domains/homesbyaudrey1/inc.php' not found or unable to stat
[Thu Feb 12 05:02:19.747803 2026] [php:error] [pid 49948] [client 158.173.36.240:0] script '/domains/homesbyaudrey1/filemanager.php' not found or unable to stat
[Thu Feb 12 05:02:19.814373 2026] [php:error] [pid 49938] [client 158.173.36.230:0] script '/domains/brenties/class.api.php' not found or unable to stat
[Thu Feb 12 05:02:19.814996 2026] [php:error] [pid 49933] [client 158.173.36.12:0] script '/domains/deltaele/wp-setup.php' not found or unable to stat
[Thu Feb 12 05:02:20.069544 2026] [php:error] [pid 49966] [client 158.173.36.210:0] script '/domains/egmaweb/mah.php' not found or unable to stat
[Thu Feb 12 05:02:20.070219 2026] [php:error] [pid 49908] [client 158.173.36.49:0] script '/domains/conceptlabs1/core.php' not found or unable to stat
[Thu Feb 12 05:02:20.071063 2026] [php:error] [pid 49960] [client 158.173.36.160:0] script '/domains/fifibear/Marvins.php' not found or unable to stat
[Thu Feb 12 05:02:20.072032 2026] [php:error] [pid 49958] [client 158.173.36.4:0] script '/domains/ceonlinenews/core.php' not found or unable to stat
[Thu Feb 12 05:02:20.072057 2026] [php:error] [pid 49929] [client 158.173.36.71:0] script '/domains/abtechsci/ioxi-o.php' not found or unable to stat
[Thu Feb 12 05:02:20.085579 2026] [php:error] [pid 49947] [client 158.173.36.71:0] script '/domains/rnachum/wp-signup.php' not found or unable to stat
[Thu Feb 12 05:02:20.086657 2026] [php:error] [pid 49882] [client 158.173.36.161:0] script '/domains/antiqueweb1/images/upload.php' not found or unable to stat
[Thu Feb 12 05:02:20.087085 2026] [php:error] [pid 49933] [client 158.173.36.12:0] script '/domains/deltaele/ms-themes.php' not found or unable to stat
[Thu Feb 12 05:02:20.088312 2026] [php:error] [pid 49962] [client 158.173.36.68:0] script '/domains/windsorweb/dir.php' not found or unable to stat
[Thu Feb 12 05:02:20.089612 2026] [php:error] [pid 49925] [client 158.173.36.230:0] script '/domains/msintl/tinyfilemanager.php' not found or unable to stat
[Thu Feb 12 05:02:20.178553 2026] [php:error] [pid 49969] [client 158.173.36.57:0] script '/domains/davidbacker/manager.php' not found or unable to stat
[Thu Feb 12 05:02:20.227899 2026] [php:error] [pid 49958] [client 158.173.36.4:0] script '/domains/ceonlinenews/robots.php' not found or unable to stat
[Thu Feb 12 05:02:20.229589 2026] [php:error] [pid 49908] [client 158.173.36.49:0] script '/domains/conceptlabs1/robots.php' not found or unable to stat
[Thu Feb 12 05:02:20.229939 2026] [php:error] [pid 49961] [client 158.173.36.217:0] script '/domains/cccweb/webadmin.php' not found or unable to stat
[Thu Feb 12 05:02:20.229955 2026] [php:error] [pid 49951] [client 158.173.36.68:0] script '/domains/rfisher.dnai/byp.php' not found or unable to stat
[Thu Feb 12 05:02:20.247238 2026] [php:error] [pid 49949] [client 158.173.36.227:0] script '/domains/homesbyaudrey1/filemanager.php' not found or unable to stat
[Thu Feb 12 05:02:20.247551 2026] [php:error] [pid 49967] [client 158.173.36.71:0] script '/domains/brenties/aa.php' not found or unable to stat
[Thu Feb 12 05:02:20.248095 2026] [php:error] [pid 49922] [client 158.173.36.164:0] script '/domains/fayemoran/hehe.php' not found or unable to stat
[Thu Feb 12 05:02:20.346048 2026] [php:error] [pid 49969] [client 158.173.36.57:0] script '/domains/davidbacker/bless.php' not found or unable to stat
[Thu Feb 12 05:02:20.362706 2026] [php:error] [pid 49966] [client 158.173.36.210:0] script '/domains/egmaweb/core.php' not found or unable to stat
[Thu Feb 12 05:02:20.376204 2026] [php:error] [pid 49958] [client 158.173.36.4:0] script '/domains/ceonlinenews/inputs.php' not found or unable to stat
[Thu Feb 12 05:02:20.377087 2026] [php:error] [pid 49946] [client 158.173.36.49:0] script '/domains/cccweb/moon.php' not found or unable to stat
[Thu Feb 12 05:02:20.378792 2026] [php:error] [pid 49908] [client 158.173.36.49:0] script '/domains/conceptlabs1/inputs.php' not found or unable to stat
[Thu Feb 12 05:02:20.383314 2026] [php:error] [pid 49938] [client 158.173.36.230:0] script '/domains/brenties/system_log.php' not found or unable to stat
[Thu Feb 12 05:02:20.383364 2026] [php:error] [pid 49933] [client 158.173.36.12:0] script '/domains/deltaele/style.php' not found or unable to stat
[Thu Feb 12 05:02:20.397377 2026] [php:error] [pid 49918] [client 158.173.36.45:0] script '/domains/nostrada/classwithtostring.php' not found or unable to stat
[Thu Feb 12 05:02:20.411000 2026] [php:error] [pid 49960] [client 158.173.36.160:0] script '/domains/fifibear/wp-class.php' not found or unable to stat
[Thu Feb 12 05:02:20.412161 2026] [php:error] [pid 49967] [client 158.173.36.71:0] script '/domains/brenties/index2.php' not found or unable to stat
[Thu Feb 12 05:02:20.485556 2026] [php:error] [pid 49969] [client 158.173.36.57:0] script '/domains/davidbacker/O-Simple.php' not found or unable to stat
[Thu Feb 12 05:02:20.492567 2026] [php:error] [pid 49966] [client 158.173.36.210:0] script '/domains/egmaweb/robots.php' not found or unable to stat
[Thu Feb 12 05:02:20.518387 2026] [php:error] [pid 49923] [client 158.173.36.241:0] script '/domains/nostrada/classwithtostring.php' not found or unable to stat
[Thu Feb 12 05:02:20.574853 2026] [php:error] [pid 49952] [client 158.173.36.217:0] script '/domains/mschmid/inc.php' not found or unable to stat
[Thu Feb 12 05:02:20.574842 2026] [php:error] [pid 49958] [client 158.173.36.4:0] script '/domains/ceonlinenews/mini.php' not found or unable to stat
[Thu Feb 12 05:02:20.575806 2026] [php:error] [pid 49938] [client 158.173.36.230:0] script '/domains/brenties/.alf.php' not found or unable to stat
[Thu Feb 12 05:02:20.576652 2026] [php:error] [pid 49925] [client 158.173.36.230:0] script '/domains/msintl/file.php' not found or unable to stat
[Thu Feb 12 05:02:20.578825 2026] [php:error] [pid 49947] [client 158.173.36.71:0] script '/domains/rnachum/wp-blog.php' not found or unable to stat
[Thu Feb 12 05:02:20.580619 2026] [php:error] [pid 49908] [client 158.173.36.49:0] script '/domains/conceptlabs1/mini.php' not found or unable to stat
[Thu Feb 12 05:02:20.645140 2026] [php:error] [pid 49969] [client 158.173.36.57:0] script '/domains/davidbacker/lock360.php' not found or unable to stat
[Thu Feb 12 05:02:20.664075 2026] [php:error] [pid 49966] [client 158.173.36.210:0] script '/domains/egmaweb/inputs.php' not found or unable to stat
[Thu Feb 12 05:02:20.766687 2026] [php:error] [pid 49938] [client 158.173.36.230:0] script '/domains/brenties/wso.php' not found or unable to stat
[Thu Feb 12 05:02:20.810668 2026] [php:error] [pid 49958] [client 158.173.36.4:0] script '/domains/ceonlinenews/goods.php' not found or unable to stat
[Thu Feb 12 05:02:20.823838 2026] [php:error] [pid 49908] [client 158.173.36.49:0] script '/domains/conceptlabs1/goods.php' not found or unable to stat
[Thu Feb 12 05:02:20.824508 2026] [php:error] [pid 49961] [client 158.173.36.217:0] script '/domains/cccweb/xl2023.php' not found or unable to stat
[Thu Feb 12 05:02:20.824706 2026] [php:error] [pid 49960] [client 158.173.36.160:0] script '/domains/fifibear/xx.php' not found or unable to stat
[Thu Feb 12 05:02:20.825510 2026] [php:error] [pid 49922] [client 158.173.36.164:0] script '/domains/fayemoran/dir.php' not found or unable to stat
[Thu Feb 12 05:02:20.830228 2026] [php:error] [pid 49962] [client 158.173.36.68:0] script '/domains/windsorweb/nf_tracking.php' not found or unable to stat
[Thu Feb 12 05:02:20.915704 2026] [php:error] [pid 49966] [client 158.173.36.210:0] script '/domains/egmaweb/mini.php' not found or unable to stat
[Thu Feb 12 05:02:20.946761 2026] [php:error] [pid 49946] [client 158.173.36.49:0] script '/domains/cccweb/webadmin.php' not found or unable to stat
[Thu Feb 12 05:02:20.969915 2026] [php:error] [pid 49933] [client 158.173.36.12:0] script '/domains/deltaele/x.php' not found or unable to stat
[Thu Feb 12 05:02:20.982453 2026] [php:error] [pid 49952] [client 158.173.36.217:0] script '/domains/mschmid/filemanager.php' not found or unable to stat
[Thu Feb 12 05:02:20.997318 2026] [php:error] [pid 49958] [client 158.173.36.4:0] script '/domains/ceonlinenews/file5.php' not found or unable to stat
[Thu Feb 12 05:02:21.005144 2026] [php:error] [pid 49899] [client 158.173.36.57:0] script '/domains/machinadynamica/hehehehe.php' not found or unable to stat
[Thu Feb 12 05:02:21.005155 2026] [php:error] [pid 49934] [client 158.173.36.230:0] script '/domains/pauljbrock/adminfuns.php' not found or unable to stat
[Thu Feb 12 05:02:21.015367 2026] [php:error] [pid 49908] [client 158.173.36.49:0] script '/domains/conceptlabs1/file5.php' not found or unable to stat
[Thu Feb 12 05:02:21.019536 2026] [php:error] [pid 49948] [client 158.173.36.240:0] script '/domains/homesbyaudrey1/function.php' not found or unable to stat
[Thu Feb 12 05:02:21.019968 2026] [php:error] [pid 49961] [client 158.173.36.217:0] script '/domains/cccweb/go.php' not found or unable to stat
[Thu Feb 12 05:02:21.028445 2026] [php:error] [pid 49929] [client 158.173.36.71:0] script '/domains/abtechsci/setup.php' not found or unable to stat
[Thu Feb 12 05:02:21.028461 2026] [php:error] [pid 49960] [client 158.173.36.160:0] script '/domains/fifibear/autoload_classmap.php' not found or unable to stat
[Thu Feb 12 05:02:21.033777 2026] [php:error] [pid 49918] [client 158.173.36.45:0] script '/domains/nostrada/tinyfilemanager.php' not found or unable to stat
[Thu Feb 12 05:02:21.096718 2026] [php:error] [pid 49969] [client 158.173.36.57:0] script '/domains/davidbacker/zwso.php' not found or unable to stat
[Thu Feb 12 05:02:21.117939 2026] [php:error] [pid 49966] [client 158.173.36.210:0] script '/domains/egmaweb/goods.php' not found or unable to stat
[Thu Feb 12 05:02:21.127607 2026] [php:error] [pid 49923] [client 158.173.36.241:0] script '/domains/nostrada/tinyfilemanager.php' not found or unable to stat
[Thu Feb 12 05:02:21.135205 2026] [php:error] [pid 49925] [client 158.173.36.230:0] script '/domains/msintl/buy.php' not found or unable to stat
[Thu Feb 12 05:02:21.135718 2026] [php:error] [pid 49938] [client 158.173.36.230:0] script '/domains/brenties/flower.php' not found or unable to stat
[Thu Feb 12 05:02:21.167964 2026] [php:error] [pid 49958] [client 158.173.36.4:0] script '/domains/ceonlinenews/ahax.php' not found or unable to stat
[Thu Feb 12 05:02:21.179981 2026] [php:error] [pid 49908] [client 158.173.36.49:0] script '/domains/conceptlabs1/ahax.php' not found or unable to stat
[Thu Feb 12 05:02:21.195068 2026] [php:error] [pid 49962] [client 158.173.36.68:0] script '/domains/windsorweb/filefuns.php' not found or unable to stat
[Thu Feb 12 05:02:21.244589 2026] [php:error] [pid 49969] [client 158.173.36.57:0] script '/domains/davidbacker/chosen.php' not found or unable to stat
[Thu Feb 12 05:02:21.306830 2026] [php:error] [pid 49953] [client 158.173.36.71:0] script '/domains/system_suspended/inc.php' not found or unable to stat
[Thu Feb 12 05:02:21.308696 2026] [php:error] [pid 49966] [client 158.173.36.210:0] script '/domains/egmaweb/file5.php' not found or unable to stat
[Thu Feb 12 05:02:21.309639 2026] [php:error] [pid 49947] [client 158.173.36.71:0] script '/domains/rnachum/wp-l0gin.php' not found or unable to stat
[Thu Feb 12 05:02:21.327160 2026] [php:error] [pid 49958] [client 158.173.36.4:0] script '/domains/ceonlinenews/f35.php' not found or unable to stat
[Thu Feb 12 05:02:21.328454 2026] [php:error] [pid 49948] [client 158.173.36.240:0] script '/domains/homesbyaudrey1/wp-signup.php' not found or unable to stat
[Thu Feb 12 05:02:21.328505 2026] [php:error] [pid 49908] [client 158.173.36.49:0] script '/domains/conceptlabs1/f35.php' not found or unable to stat
[Thu Feb 12 05:02:21.328494 2026] [php:error] [pid 49934] [client 158.173.36.230:0] script '/domains/pauljbrock/wp_wlx.php' not found or unable to stat
[Thu Feb 12 05:02:21.359205 2026] [php:error] [pid 49949] [client 158.173.36.227:0] script '/domains/homesbyaudrey1/function.php' not found or unable to stat
[Thu Feb 12 05:02:21.360137 2026] [php:error] [pid 49967] [client 158.173.36.71:0] script '/domains/brenties/shell.php' not found or unable to stat
[Thu Feb 12 05:02:21.395395 2026] [php:error] [pid 49969] [client 158.173.36.57:0] script '/domains/davidbacker/about.php' not found or unable to stat
[Thu Feb 12 05:02:21.538509 2026] [php:error] [pid 49950] [client 158.158.72.119:0] script '/domains/smartny/fs.php' not found or unable to stat
[Thu Feb 12 05:02:21.571939 2026] [php:error] [pid 49946] [client 158.173.36.49:0] script '/domains/cccweb/xl2023.php' not found or unable to stat
[Thu Feb 12 05:02:21.572646 2026] [php:error] [pid 49966] [client 158.173.36.210:0] script '/domains/egmaweb/ahax.php' not found or unable to stat
[Thu Feb 12 05:02:21.573354 2026] [php:error] [pid 49971] [client 158.173.36.49:0] script '/domains/apunderkofler/tox.php' not found or unable to stat
[Thu Feb 12 05:02:21.594597 2026] [php:error] [pid 49958] [client 158.173.36.4:0] script '/domains/ceonlinenews/simple.php' not found or unable to stat
[Thu Feb 12 05:02:21.596404 2026] [php:error] [pid 49908] [client 158.173.36.49:0] script '/domains/conceptlabs1/simple.php' not found or unable to stat
[Thu Feb 12 05:02:21.612629 2026] [php:error] [pid 49922] [client 158.173.36.164:0] script '/domains/fayemoran/nf_tracking.php' not found or unable to stat
[Thu Feb 12 05:02:21.747403 2026] [php:error] [pid 49933] [client 158.173.36.12:0] script '/domains/deltaele/wp-user.php' not found or unable to stat
[Thu Feb 12 05:02:21.774209 2026] [php:error] [pid 49918] [client 158.173.36.45:0] script '/domains/nostrada/file.php' not found or unable to stat
[Thu Feb 12 05:02:21.780797 2026] [php:error] [pid 49923] [client 158.173.36.241:0] script '/domains/nostrada/file.php' not found or unable to stat
[Thu Feb 12 05:02:21.874428 2026] [php:error] [pid 49946] [client 158.173.36.49:0] script '/domains/cccweb/go.php' not found or unable to stat
[Thu Feb 12 05:02:21.884792 2026] [php:error] [pid 49938] [client 158.173.36.230:0] script '/domains/brenties/ioxi-o.php' not found or unable to stat
[Thu Feb 12 05:02:21.886056 2026] [php:error] [pid 49968] [client 158.173.36.4:0] script '/domains/sjsachs/aa.php' not found or unable to stat
[Thu Feb 12 05:02:22.035207 2026] [php:error] [pid 49966] [client 158.173.36.210:0] script '/domains/egmaweb/f35.php' not found or unable to stat
[Thu Feb 12 05:02:22.037866 2026] [php:error] [pid 49962] [client 158.173.36.68:0] script '/domains/windsorweb/l.php' not found or unable to stat
[Thu Feb 12 05:02:22.038718 2026] [php:error] [pid 49938] [client 158.173.36.230:0] script '/domains/brenties/info.php' not found or unable to stat
[Thu Feb 12 05:02:22.039195 2026] [php:error] [pid 49969] [client 158.173.36.57:0] script '/domains/davidbacker/admin.php' not found or unable to stat
[Thu Feb 12 05:02:22.039201 2026] [php:error] [pid 49968] [client 158.173.36.4:0] script '/domains/sjsachs/index2.php' not found or unable to stat
[Thu Feb 12 05:02:22.039719 2026] [php:error] [pid 49954] [client 158.173.36.161:0] script '/domains/deltaele/inc.php' not found or unable to stat
[Thu Feb 12 05:02:22.041220 2026] [php:error] [pid 49948] [client 158.173.36.240:0] script '/domains/homesbyaudrey1/wp-blog.php' not found or unable to stat
[Thu Feb 12 05:02:22.041930 2026] [php:error] [pid 49947] [client 158.173.36.71:0] script '/domains/rnachum/new.php' not found or unable to stat
[Thu Feb 12 05:02:22.046174 2026] [php:error] [pid 49960] [client 158.173.36.160:0] script '/domains/fifibear/content.php' not found or unable to stat
[Thu Feb 12 05:02:22.313901 2026] [php:error] [pid 49949] [client 158.173.36.227:0] script '/domains/homesbyaudrey1/wp-signup.php' not found or unable to stat
[Thu Feb 12 05:02:22.319412 2026] [php:error] [pid 49962] [client 158.173.36.68:0] script '/domains/windsorweb/repeater.php' not found or unable to stat
[Thu Feb 12 05:02:22.321865 2026] [php:error] [pid 49922] [client 158.173.36.164:0] script '/domains/fayemoran/filefuns.php' not found or unable to stat
[Thu Feb 12 05:02:22.328975 2026] [php:error] [pid 49934] [client 158.173.36.230:0] script '/domains/pauljbrock/wp.php' not found or unable to stat
[Thu Feb 12 05:02:22.390149 2026] [php:error] [pid 49923] [client 158.173.36.241:0] script '/domains/nostrada/buy.php' not found or unable to stat
[Thu Feb 12 05:02:22.391343 2026] [php:error] [pid 49971] [client 158.173.36.49:0] script '/domains/apunderkofler/tiny.php' not found or unable to stat
[Thu Feb 12 05:02:22.407667 2026] [php:error] [pid 49918] [client 158.173.36.45:0] script '/domains/nostrada/buy.php' not found or unable to stat
[Thu Feb 12 05:02:22.410451 2026] [php:error] [pid 49938] [client 158.173.36.230:0] script '/domains/brenties/setup.php' not found or unable to stat
[Thu Feb 12 05:02:22.436428 2026] [php:error] [pid 49951] [client 158.173.36.68:0] script '/domains/rfisher.dnai/class.api.php' not found or unable to stat
[Thu Feb 12 05:02:22.496585 2026] [php:error] [pid 49966] [client 158.173.36.210:0] script '/domains/egmaweb/simple.php' not found or unable to stat
[Thu Feb 12 05:02:22.497384 2026] [php:error] [pid 49953] [client 158.173.36.71:0] script '/domains/system_suspended/filemanager.php' not found or unable to stat
[Thu Feb 12 05:02:22.522321 2026] [php:error] [pid 49929] [client 158.173.36.71:0] script '/domains/abtechsci/as.php' not found or unable to stat
[Thu Feb 12 05:02:22.522621 2026] [php:error] [pid 49933] [client 158.173.36.12:0] script '/domains/deltaele/config.php' not found or unable to stat
[Thu Feb 12 05:02:22.675092 2026] [php:error] [pid 49907] [client 158.173.36.49:0] script '/domains/antiqueweb1/classwithtostring.php' not found or unable to stat
[Thu Feb 12 05:02:22.675217 2026] [php:error] [pid 49969] [client 158.173.36.57:0] script '/domains/davidbacker/mah.php' not found or unable to stat
[Thu Feb 12 05:02:22.702118 2026] [php:error] [pid 49954] [client 158.173.36.161:0] script '/domains/deltaele/filemanager.php' not found or unable to stat
[Thu Feb 12 05:02:22.702612 2026] [php:error] [pid 49933] [client 158.173.36.12:0] script '/domains/deltaele/special.php' not found or unable to stat
[Thu Feb 12 05:02:22.702743 2026] [php:error] [pid 49952] [client 158.173.36.217:0] script '/domains/mschmid/function.php' not found or unable to stat
[Thu Feb 12 05:02:22.705741 2026] [php:error] [pid 49922] [client 158.173.36.164:0] script '/domains/fayemoran/l.php' not found or unable to stat
[Thu Feb 12 05:02:22.705795 2026] [php:error] [pid 49929] [client 158.173.36.71:0] script '/domains/abtechsci/cc.php' not found or unable to stat
[Thu Feb 12 05:02:22.706163 2026] [php:error] [pid 49967] [client 158.173.36.71:0] script '/domains/brenties/hehe.php' not found or unable to stat
[Thu Feb 12 05:02:22.734485 2026] [php:error] [pid 49882] [client 158.173.36.161:0] script '/domains/antiqueweb1/classwithtostring.php' not found or unable to stat
[Thu Feb 12 05:02:22.735093 2026] [php:error] [pid 49971] [client 158.173.36.49:0] script '/domains/apunderkofler/themes.php' not found or unable to stat
[Thu Feb 12 05:02:22.858609 2026] [php:error] [pid 49922] [client 158.173.36.164:0] script '/domains/fayemoran/repeater.php' not found or unable to stat
[Thu Feb 12 05:02:22.858609 2026] [php:error] [pid 49934] [client 158.173.36.230:0] script '/domains/pauljbrock/wp-header.php' not found or unable to stat
[Thu Feb 12 05:02:22.858871 2026] [php:error] [pid 49949] [client 158.173.36.227:0] script '/domains/homesbyaudrey1/wp-blog.php' not found or unable to stat
[Thu Feb 12 05:02:22.859952 2026] [php:error] [pid 49962] [client 158.173.36.68:0] script '/domains/windsorweb/contacts.php' not found or unable to stat
[Thu Feb 12 05:02:22.878409 2026] [php:error] [pid 49971] [client 158.173.36.49:0] script '/domains/apunderkofler/wp-themes.php' not found or unable to stat
[Thu Feb 12 05:02:22.947958 2026] [php:error] [pid 49950] [client 158.158.72.119:0] script '/domains/smartny/a4.php' not found or unable to stat
[Thu Feb 12 05:02:22.997416 2026] [php:error] [pid 49951] [client 158.173.36.68:0] script '/domains/rfisher.dnai/system_log.php' not found or unable to stat
[Thu Feb 12 05:02:22.999600 2026] [php:error] [pid 49969] [client 158.173.36.57:0] script '/domains/davidbacker/core.php' not found or unable to stat
[Thu Feb 12 05:02:23.012750 2026] [php:error] [pid 49948] [client 158.173.36.240:0] script '/domains/homesbyaudrey1/wp-l0gin.php' not found or unable to stat
[Thu Feb 12 05:02:23.022325 2026] [php:error] [pid 49968] [client 158.173.36.4:0] script '/domains/sjsachs/shell.php' not found or unable to stat
[Thu Feb 12 05:02:23.050000 2026] [php:error] [pid 49952] [client 158.173.36.217:0] script '/domains/mschmid/wp-signup.php' not found or unable to stat
[Thu Feb 12 05:02:23.065021 2026] [php:error] [pid 49962] [client 158.173.36.68:0] script '/domains/windsorweb/wsa.php' not found or unable to stat
[Thu Feb 12 05:02:23.065168 2026] [php:error] [pid 49916] [client 158.173.36.54:0] script '/domains/apunderkofler/classwithtostring.php' not found or unable to stat
[Thu Feb 12 05:02:23.065875 2026] [php:error] [pid 49929] [client 158.173.36.71:0] script '/domains/abtechsci/ab.php' not found or unable to stat
[Thu Feb 12 05:02:23.194610 2026] [php:error] [pid 49907] [client 158.173.36.49:0] script '/domains/antiqueweb1/tinyfilemanager.php' not found or unable to stat
[Thu Feb 12 05:02:23.196209 2026] [php:error] [pid 49969] [client 158.173.36.57:0] script '/domains/davidbacker/robots.php' not found or unable to stat
[Thu Feb 12 05:02:23.197298 2026] [php:error] [pid 49951] [client 158.173.36.68:0] script '/domains/rfisher.dnai/.alf.php' not found or unable to stat
[Thu Feb 12 05:02:23.261020 2026] [php:error] [pid 49938] [client 158.173.36.230:0] script '/domains/brenties/as.php' not found or unable to stat
[Thu Feb 12 05:02:23.262387 2026] [php:error] [pid 49882] [client 158.173.36.161:0] script '/domains/antiqueweb1/tinyfilemanager.php' not found or unable to stat
[Thu Feb 12 05:02:23.262671 2026] [php:error] [pid 49934] [client 158.173.36.230:0] script '/domains/pauljbrock/Marvins.php' not found or unable to stat
[Thu Feb 12 05:02:23.273206 2026] [php:error] [pid 49967] [client 158.173.36.71:0] script '/domains/brenties/dir.php' not found or unable to stat
[Thu Feb 12 05:02:23.381861 2026] [php:error] [pid 49955] [client 158.173.36.240:0] script '/domains/familyplayhouse2/manager.php' not found or unable to stat
[Thu Feb 12 05:02:23.409861 2026] [php:error] [pid 49951] [client 158.173.36.68:0] script '/domains/rfisher.dnai/wso.php' not found or unable to stat
[Thu Feb 12 05:02:23.410922 2026] [php:error] [pid 49938] [client 158.173.36.230:0] script '/domains/brenties/cc.php' not found or unable to stat
[Thu Feb 12 05:02:23.411260 2026] [php:error] [pid 49947] [client 158.173.36.71:0] script '/domains/rnachum/natural.php' not found or unable to stat
[Thu Feb 12 05:02:23.412369 2026] [php:error] [pid 49969] [client 158.173.36.57:0] script '/domains/davidbacker/inputs.php' not found or unable to stat
[Thu Feb 12 05:02:23.413063 2026] [php:error] [pid 49948] [client 158.173.36.240:0] script '/domains/homesbyaudrey1/new.php' not found or unable to stat
[Thu Feb 12 05:02:23.425702 2026] [php:error] [pid 49971] [client 158.173.36.49:0] script '/domains/apunderkofler/mariju.php' not found or unable to stat
[Thu Feb 12 05:02:23.426260 2026] [php:error] [pid 49922] [client 158.173.36.164:0] script '/domains/fayemoran/contacts.php' not found or unable to stat
[Thu Feb 12 05:02:23.427575 2026] [php:error] [pid 49958] [client 158.173.36.4:0] script '/domains/ceonlinenews/images/upload.php' not found or unable to stat
[Thu Feb 12 05:02:23.457274 2026] [php:error] [pid 49908] [client 158.173.36.49:0] script '/domains/conceptlabs1/images/upload.php' not found or unable to stat
[Thu Feb 12 05:02:23.516074 2026] [php:error] [pid 49899] [client 158.173.36.49:0] script '/domains/fryer/manager.php' not found or unable to stat
[Thu Feb 12 05:02:23.530213 2026] [php:error] [pid 49955] [client 158.173.36.240:0] script '/domains/familyplayhouse2/bless.php' not found or unable to stat
[Thu Feb 12 05:02:23.561486 2026] [php:error] [pid 49969] [client 158.173.36.57:0] script '/domains/davidbacker/mini.php' not found or unable to stat
[Thu Feb 12 05:02:23.561511 2026] [php:error] [pid 49953] [client 158.173.36.71:0] script '/domains/system_suspended/function.php' not found or unable to stat
[Thu Feb 12 05:02:23.564195 2026] [php:error] [pid 49947] [client 158.173.36.71:0] script '/domains/rnachum/item.php' not found or unable to stat
[Thu Feb 12 05:02:23.567750 2026] [php:error] [pid 49952] [client 158.173.36.217:0] script '/domains/mschmid/wp-blog.php' not found or unable to stat
[Thu Feb 12 05:02:23.567761 2026] [php:error] [pid 49971] [client 158.173.36.49:0] script '/domains/apunderkofler/waf_defender.php' not found or unable to stat
[Thu Feb 12 05:02:23.594860 2026] [php:error] [pid 49949] [client 158.173.36.227:0] script '/domains/homesbyaudrey1/wp-l0gin.php' not found or unable to stat
[Thu Feb 12 05:02:23.594942 2026] [php:error] [pid 49922] [client 158.173.36.164:0] script '/domains/fayemoran/wsa.php' not found or unable to stat
[Thu Feb 12 05:02:23.595045 2026] [php:error] [pid 49934] [client 158.173.36.230:0] script '/domains/pauljbrock/wp-class.php' not found or unable to stat
[Thu Feb 12 05:02:23.595276 2026] [php:error] [pid 49929] [client 158.173.36.71:0] script '/domains/abtechsci/doc.php' not found or unable to stat
[Thu Feb 12 05:02:23.595605 2026] [php:error] [pid 49916] [client 158.173.36.54:0] script '/domains/apunderkofler/tinyfilemanager.php' not found or unable to stat
[Thu Feb 12 05:02:23.662343 2026] [php:error] [pid 49899] [client 158.173.36.49:0] script '/domains/fryer/bless.php' not found or unable to stat
[Thu Feb 12 05:02:23.673723 2026] [php:error] [pid 49954] [client 158.173.36.161:0] script '/domains/deltaele/function.php' not found or unable to stat
[Thu Feb 12 05:02:23.677060 2026] [php:error] [pid 49955] [client 158.173.36.240:0] script '/domains/familyplayhouse2/O-Simple.php' not found or unable to stat
[Thu Feb 12 05:02:23.720700 2026] [php:error] [pid 49938] [client 158.173.36.230:0] script '/domains/brenties/ab.php' not found or unable to stat
[Thu Feb 12 05:02:23.721328 2026] [php:error] [pid 49907] [client 158.173.36.49:0] script '/domains/antiqueweb1/file.php' not found or unable to stat
[Thu Feb 12 05:02:23.721339 2026] [php:error] [pid 49882] [client 158.173.36.161:0] script '/domains/antiqueweb1/file.php' not found or unable to stat
[Thu Feb 12 05:02:23.722568 2026] [php:error] [pid 49969] [client 158.173.36.57:0] script '/domains/davidbacker/goods.php' not found or unable to stat
[Thu Feb 12 05:02:23.740767 2026] [php:error] [pid 49951] [client 158.173.36.68:0] script '/domains/rfisher.dnai/flower.php' not found or unable to stat
[Thu Feb 12 05:02:23.915755 2026] [php:error] [pid 49899] [client 158.173.36.49:0] script '/domains/fryer/O-Simple.php' not found or unable to stat
[Thu Feb 12 05:02:23.932074 2026] [php:error] [pid 49955] [client 158.173.36.240:0] script '/domains/familyplayhouse2/lock360.php' not found or unable to stat
[Thu Feb 12 05:02:23.945601 2026] [php:error] [pid 49968] [client 158.173.36.4:0] script '/domains/sjsachs/hehe.php' not found or unable to stat
[Thu Feb 12 05:02:23.946918 2026] [php:error] [pid 49966] [client 158.173.36.210:0] script '/domains/egmaweb/images/upload.php' not found or unable to stat
[Thu Feb 12 05:02:23.981051 2026] [php:error] [pid 49953] [client 158.173.36.71:0] script '/domains/system_suspended/wp-signup.php' not found or unable to stat
[Thu Feb 12 05:02:23.981603 2026] [php:error] [pid 49969] [client 158.173.36.57:0] script '/domains/davidbacker/file5.php' not found or unable to stat
[Thu Feb 12 05:02:24.017885 2026] [php:error] [pid 49949] [client 158.173.36.227:0] script '/domains/homesbyaudrey1/new.php' not found or unable to stat
[Thu Feb 12 05:02:24.018291 2026] [php:error] [pid 49934] [client 158.173.36.230:0] script '/domains/pauljbrock/xx.php' not found or unable to stat
[Thu Feb 12 05:02:24.020230 2026] [php:error] [pid 49967] [client 158.173.36.71:0] script '/domains/brenties/nf_tracking.php' not found or unable to stat
[Thu Feb 12 05:02:24.113920 2026] [php:error] [pid 49954] [client 158.173.36.161:0] script '/domains/deltaele/wp-signup.php' not found or unable to stat
[Thu Feb 12 05:02:24.124711 2026] [php:error] [pid 49899] [client 158.173.36.49:0] script '/domains/fryer/lock360.php' not found or unable to stat
[Thu Feb 12 05:02:24.124718 2026] [php:error] [pid 49955] [client 158.173.36.240:0] script '/domains/familyplayhouse2/zwso.php' not found or unable to stat
[Thu Feb 12 05:02:24.159588 2026] [php:error] [pid 49972] [client 158.173.36.164:0] script '/domains/icrse/manager.php' not found or unable to stat
[Thu Feb 12 05:02:24.168776 2026] [php:error] [pid 49969] [client 158.173.36.57:0] script '/domains/davidbacker/ahax.php' not found or unable to stat
[Thu Feb 12 05:02:24.171349 2026] [php:error] [pid 49971] [client 158.173.36.49:0] script '/domains/apunderkofler/av.php' not found or unable to stat
[Thu Feb 12 05:02:24.187440 2026] [php:error] [pid 49962] [client 158.173.36.68:0] script '/domains/windsorweb/lv.php' not found or unable to stat
[Thu Feb 12 05:02:24.223879 2026] [php:error] [pid 49929] [client 158.173.36.71:0] script '/domains/abtechsci/wp-login.php' not found or unable to stat
[Thu Feb 12 05:02:24.224027 2026] [php:error] [pid 49934] [client 158.173.36.230:0] script '/domains/pauljbrock/autoload_classmap.php' not found or unable to stat
[Thu Feb 12 05:02:24.226558 2026] [php:error] [pid 49916] [client 158.173.36.54:0] script '/domains/apunderkofler/file.php' not found or unable to stat
[Thu Feb 12 05:02:24.489027 2026] [php:error] [pid 49955] [client 158.173.36.240:0] script '/domains/familyplayhouse2/chosen.php' not found or unable to stat
[Thu Feb 12 05:02:24.490418 2026] [php:error] [pid 49899] [client 158.173.36.49:0] script '/domains/fryer/zwso.php' not found or unable to stat
[Thu Feb 12 05:02:24.492320 2026] [php:error] [pid 49882] [client 158.173.36.161:0] script '/domains/antiqueweb1/buy.php' not found or unable to stat
[Thu Feb 12 05:02:24.492354 2026] [php:error] [pid 49962] [client 158.173.36.68:0] script '/domains/windsorweb/images/js1.php' not found or unable to stat
[Thu Feb 12 05:02:24.494719 2026] [php:error] [pid 49952] [client 158.173.36.217:0] script '/domains/mschmid/wp-l0gin.php' not found or unable to stat
[Thu Feb 12 05:02:24.495455 2026] [php:error] [pid 49969] [client 158.173.36.57:0] script '/domains/davidbacker/f35.php' not found or unable to stat
[Thu Feb 12 05:02:24.496340 2026] [php:error] [pid 49972] [client 158.173.36.164:0] script '/domains/icrse/bless.php' not found or unable to stat
[Thu Feb 12 05:02:24.497334 2026] [php:error] [pid 49907] [client 158.173.36.49:0] script '/domains/antiqueweb1/buy.php' not found or unable to stat
[Thu Feb 12 05:02:24.498126 2026] [php:error] [pid 49929] [client 158.173.36.71:0] script '/domains/abtechsci/mar.php' not found or unable to stat
[Thu Feb 12 05:02:24.498265 2026] [php:error] [pid 49956] [client 158.173.36.164:0] script '/domains/dcoffman/classwithtostring.php' not found or unable to stat
[Thu Feb 12 05:02:24.596793 2026] [php:error] [pid 49967] [client 158.173.36.71:0] script '/domains/brenties/filefuns.php' not found or unable to stat
[Thu Feb 12 05:02:24.685376 2026] [php:error] [pid 49938] [client 158.173.36.230:0] script '/domains/brenties/doc.php' not found or unable to stat
[Thu Feb 12 05:02:24.686148 2026] [php:error] [pid 49955] [client 158.173.36.240:0] script '/domains/familyplayhouse2/about.php' not found or unable to stat
[Thu Feb 12 05:02:24.686357 2026] [php:error] [pid 49925] [client 158.173.36.230:0] script '/domains/msintl/inc.php' not found or unable to stat
[Thu Feb 12 05:02:24.686376 2026] [php:error] [pid 49968] [client 158.173.36.4:0] script '/domains/sjsachs/dir.php' not found or unable to stat
[Thu Feb 12 05:02:24.696281 2026] [php:error] [pid 49899] [client 158.173.36.49:0] script '/domains/fryer/chosen.php' not found or unable to stat
[Thu Feb 12 05:02:24.697972 2026] [php:error] [pid 49953] [client 158.173.36.71:0] script '/domains/system_suspended/wp-blog.php' not found or unable to stat
[Thu Feb 12 05:02:24.699775 2026] [php:error] [pid 49964] [client 158.173.36.240:0] script '/domains/system_cancel/classwithtostring.php' not found or unable to stat
[Thu Feb 12 05:02:24.700434 2026] [php:error] [pid 49969] [client 158.173.36.57:0] script '/domains/davidbacker/simple.php' not found or unable to stat
[Thu Feb 12 05:02:24.703509 2026] [php:error] [pid 49972] [client 158.173.36.164:0] script '/domains/icrse/O-Simple.php' not found or unable to stat
[Thu Feb 12 05:02:24.704871 2026] [php:error] [pid 49922] [client 158.173.36.164:0] script '/domains/fayemoran/lv.php' not found or unable to stat
[Thu Feb 12 05:02:24.813415 2026] [php:error] [pid 49965] [client 158.173.36.49:0] script '/domains/gk3c/manager.php' not found or unable to stat
[Thu Feb 12 05:02:24.841092 2026] [php:error] [pid 49954] [client 158.173.36.161:0] script '/domains/deltaele/wp-blog.php' not found or unable to stat
[Thu Feb 12 05:02:24.842273 2026] [php:error] [pid 49955] [client 158.173.36.240:0] script '/domains/familyplayhouse2/admin.php' not found or unable to stat
[Thu Feb 12 05:02:24.842421 2026] [php:error] [pid 49923] [client 158.173.36.241:0] script '/domains/nostrada/files/index.php' not found or unable to stat
[Thu Feb 12 05:02:24.857066 2026] [php:error] [pid 49952] [client 158.173.36.217:0] script '/domains/mschmid/new.php' not found or unable to stat
[Thu Feb 12 05:02:24.865271 2026] [php:error] [pid 49934] [client 158.173.36.230:0] script '/domains/pauljbrock/content.php' not found or unable to stat
[Thu Feb 12 05:02:24.865899 2026] [php:error] [pid 49916] [client 158.173.36.54:0] script '/domains/apunderkofler/buy.php' not found or unable to stat
[Thu Feb 12 05:02:24.866359 2026] [php:error] [pid 49972] [client 158.173.36.164:0] script '/domains/icrse/lock360.php' not found or unable to stat
[Thu Feb 12 05:02:24.866806 2026] [php:error] [pid 49899] [client 158.173.36.49:0] script '/domains/fryer/about.php' not found or unable to stat
[Thu Feb 12 05:02:24.866950 2026] [php:error] [pid 49918] [client 158.173.36.45:0] script '/domains/nostrada/files/index.php' not found or unable to stat
[Thu Feb 12 05:02:24.867206 2026] [php:error] [pid 49960] [client 158.173.36.160:0] script '/domains/fifibear/web.php' not found or unable to stat
[Thu Feb 12 05:02:24.867240 2026] [php:error] [pid 49961] [client 158.173.36.217:0] script '/domains/cccweb/hehehehe.php' not found or unable to stat
[Thu Feb 12 05:02:24.867984 2026] [php:error] [pid 49950] [client 158.158.72.119:0] script '/domains/smartny/tfm.php' not found or unable to stat
[Thu Feb 12 05:02:24.868128 2026] [php:error] [pid 49922] [client 158.173.36.164:0] script '/domains/fayemoran/images/js1.php' not found or unable to stat
[Thu Feb 12 05:02:24.939315 2026] [php:error] [pid 49967] [client 158.173.36.71:0] script '/domains/brenties/l.php' not found or unable to stat
[Thu Feb 12 05:02:24.974760 2026] [php:error] [pid 49965] [client 158.173.36.49:0] script '/domains/gk3c/bless.php' not found or unable to stat
[Thu Feb 12 05:02:24.977017 2026] [php:error] [pid 49927] [client 158.173.36.57:0] script '/domains/deltaele/webdb.php' not found or unable to stat
[Thu Feb 12 05:02:24.978416 2026] [php:error] [pid 49925] [client 158.173.36.230:0] script '/domains/msintl/filemanager.php' not found or unable to stat
[Thu Feb 12 05:02:25.018771 2026] [php:error] [pid 49951] [client 158.173.36.68:0] script '/domains/rfisher.dnai/ioxi-o.php' not found or unable to stat
[Thu Feb 12 05:02:25.018947 2026] [php:error] [pid 49956] [client 158.173.36.164:0] script '/domains/dcoffman/tinyfilemanager.php' not found or unable to stat
[Thu Feb 12 05:02:25.026295 2026] [php:error] [pid 49899] [client 158.173.36.49:0] script '/domains/fryer/admin.php' not found or unable to stat
[Thu Feb 12 05:02:25.026932 2026] [php:error] [pid 49972] [client 158.173.36.164:0] script '/domains/icrse/zwso.php' not found or unable to stat
[Thu Feb 12 05:02:25.027162 2026] [php:error] [pid 49944] [client 158.173.36.217:0] script '/domains/rfisher.dnai/byp.php' not found or unable to stat
[Thu Feb 12 05:02:25.027380 2026] [php:error] [pid 49948] [client 158.173.36.240:0] script '/domains/homesbyaudrey1/natural.php' not found or unable to stat
[Thu Feb 12 05:02:25.028133 2026] [php:error] [pid 49929] [client 158.173.36.71:0] script '/domains/abtechsci/1.php' not found or unable to stat
[Thu Feb 12 05:02:25.098473 2026] [php:error] [pid 49967] [client 158.173.36.71:0] script '/domains/brenties/repeater.php' not found or unable to stat
[Thu Feb 12 05:02:25.101926 2026] [php:error] [pid 49938] [client 158.173.36.230:0] script '/domains/brenties/wp-login.php' not found or unable to stat
[Thu Feb 12 05:02:25.102748 2026] [php:error] [pid 49923] [client 158.173.36.241:0] script '/domains/nostrada/inc.php' not found or unable to stat
[Thu Feb 12 05:02:25.134095 2026] [php:error] [pid 49965] [client 158.173.36.49:0] script '/domains/gk3c/O-Simple.php' not found or unable to stat
[Thu Feb 12 05:02:25.134147 2026] [php:error] [pid 49955] [client 158.173.36.240:0] script '/domains/familyplayhouse2/mah.php' not found or unable to stat
[Thu Feb 12 05:02:25.135380 2026] [php:error] [pid 49925] [client 158.173.36.230:0] script '/domains/msintl/cgi-bin/bypass.php' not found or unable to stat
[Thu Feb 12 05:02:25.187593 2026] [php:error] [pid 49964] [client 158.173.36.240:0] script '/domains/system_cancel/tinyfilemanager.php' not found or unable to stat
[Thu Feb 12 05:02:25.189550 2026] [php:error] [pid 49972] [client 158.173.36.164:0] script '/domains/icrse/chosen.php' not found or unable to stat
[Thu Feb 12 05:02:25.190464 2026] [php:error] [pid 49918] [client 158.173.36.45:0] script '/domains/nostrada/inc.php' not found or unable to stat
[Thu Feb 12 05:02:25.191926 2026] [php:error] [pid 49948] [client 158.173.36.240:0] script '/domains/homesbyaudrey1/item.php' not found or unable to stat
[Thu Feb 12 05:02:25.192493 2026] [php:error] [pid 49951] [client 158.173.36.68:0] script '/domains/rfisher.dnai/info.php' not found or unable to stat
[Thu Feb 12 05:02:25.192572 2026] [php:error] [pid 49949] [client 158.173.36.227:0] script '/domains/homesbyaudrey1/natural.php' not found or unable to stat
[Thu Feb 12 05:02:25.251384 2026] [php:error] [pid 49938] [client 158.173.36.230:0] script '/domains/brenties/mar.php' not found or unable to stat
[Thu Feb 12 05:02:25.288052 2026] [php:error] [pid 49946] [client 158.173.36.49:0] script '/domains/cccweb/hehehehe.php' not found or unable to stat
[Thu Feb 12 05:02:25.288780 2026] [php:error] [pid 49927] [client 158.173.36.57:0] script '/domains/deltaele/file2.php' not found or unable to stat
[Thu Feb 12 05:02:25.289336 2026] [php:error] [pid 49968] [client 158.173.36.4:0] script '/domains/sjsachs/nf_tracking.php' not found or unable to stat
[Thu Feb 12 05:02:25.290148 2026] [php:error] [pid 49965] [client 158.173.36.49:0] script '/domains/gk3c/lock360.php' not found or unable to stat
[Thu Feb 12 05:02:25.363069 2026] [php:error] [pid 49953] [client 158.173.36.71:0] script '/domains/system_suspended/wp-l0gin.php' not found or unable to stat
[Thu Feb 12 05:02:25.365576 2026] [php:error] [pid 49949] [client 158.173.36.227:0] script '/domains/homesbyaudrey1/item.php' not found or unable to stat
[Thu Feb 12 05:02:25.366966 2026] [php:error] [pid 49951] [client 158.173.36.68:0] script '/domains/rfisher.dnai/setup.php' not found or unable to stat
[Thu Feb 12 05:02:25.368629 2026] [php:error] [pid 49952] [client 158.173.36.217:0] script '/domains/mschmid/images/DJP9.php' not found or unable to stat
[Thu Feb 12 05:02:25.368964 2026] [php:error] [pid 49972] [client 158.173.36.164:0] script '/domains/icrse/about.php' not found or unable to stat
[Thu Feb 12 05:02:25.374324 2026] [php:error] [pid 49899] [client 158.173.36.49:0] script '/domains/fryer/mah.php' not found or unable to stat
[Thu Feb 12 05:02:25.395649 2026] [php:error] [pid 49954] [client 158.173.36.161:0] script '/domains/deltaele/wp-l0gin.php' not found or unable to stat
[Thu Feb 12 05:02:25.397741 2026] [php:error] [pid 49923] [client 158.173.36.241:0] script '/domains/nostrada/filemanager.php' not found or unable to stat
[Thu Feb 12 05:02:25.428922 2026] [php:error] [pid 49955] [client 158.173.36.240:0] script '/domains/familyplayhouse2/core.php' not found or unable to stat
[Thu Feb 12 05:02:25.442788 2026] [php:error] [pid 49965] [client 158.173.36.49:0] script '/domains/gk3c/zwso.php' not found or unable to stat
[Thu Feb 12 05:02:25.574361 2026] [php:error] [pid 49956] [client 158.173.36.164:0] script '/domains/dcoffman/file.php' not found or unable to stat
[Thu Feb 12 05:02:25.576690 2026] [php:error] [pid 49918] [client 158.173.36.45:0] script '/domains/nostrada/filemanager.php' not found or unable to stat
[Thu Feb 12 05:02:25.578142 2026] [php:error] [pid 49972] [client 158.173.36.164:0] script '/domains/icrse/admin.php' not found or unable to stat
[Thu Feb 12 05:02:25.578825 2026] [php:error] [pid 49923] [client 158.173.36.241:0] script '/domains/nostrada/cgi-bin/bypass.php' not found or unable to stat
[Thu Feb 12 05:02:25.602260 2026] [php:error] [pid 49968] [client 158.173.36.4:0] script '/domains/sjsachs/filefuns.php' not found or unable to stat
[Thu Feb 12 05:02:25.605078 2026] [php:error] [pid 49955] [client 158.173.36.240:0] script '/domains/familyplayhouse2/robots.php' not found or unable to stat
[Thu Feb 12 05:02:25.605085 2026] [php:error] [pid 49927] [client 158.173.36.57:0] script '/domains/deltaele/alfa.php' not found or unable to stat
[Thu Feb 12 05:02:25.606514 2026] [php:error] [pid 49967] [client 158.173.36.71:0] script '/domains/brenties/contacts.php' not found or unable to stat
[Thu Feb 12 05:02:25.618183 2026] [php:error] [pid 49965] [client 158.173.36.49:0] script '/domains/gk3c/chosen.php' not found or unable to stat
[Thu Feb 12 05:02:25.769889 2026] [php:error] [pid 49943] [client 158.173.36.240:0] script '/domains/rnachum/default.php' not found or unable to stat
[Thu Feb 12 05:02:25.862765 2026] [php:error] [pid 49938] [client 158.173.36.230:0] script '/domains/brenties/1.php' not found or unable to stat
[Thu Feb 12 05:02:25.863319 2026] [php:error] [pid 49954] [client 158.173.36.161:0] script '/domains/deltaele/new.php' not found or unable to stat
