[Thu Feb 12 05:02:33.001106 2026] [php:error] [pid 49956] [client 158.173.36.164:0] script '/domains/dcoffman/new.php' not found or unable to stat
[Thu Feb 12 05:02:33.001113 2026] [php:error] [pid 49953] [client 158.173.36.31:0] script '/domains/perless2web/goods.php' not found or unable to stat
[Thu Feb 12 05:02:33.001931 2026] [php:error] [pid 49944] [client 158.173.36.217:0] script '/domains/rfisher.dnai/wp-login.php' not found or unable to stat
[Thu Feb 12 05:02:33.002363 2026] [php:error] [pid 49952] [client 158.173.36.49:0] script '/domains/sjsachs/waf_defender.php' not found or unable to stat
[Thu Feb 12 05:02:33.033756 2026] [php:error] [pid 49922] [client 158.173.36.124:0] script '/domains/nostrada/default.php' not found or unable to stat
[Thu Feb 12 05:02:33.047976 2026] [php:error] [pid 49960] [client 158.173.36.230:0] script '/domains/msintl/dropdown.php' not found or unable to stat
[Thu Feb 12 05:02:33.141876 2026] [php:error] [pid 49954] [client 158.173.36.217:0] script '/domains/deltaele/install.php' not found or unable to stat
[Thu Feb 12 05:02:33.142651 2026] [php:error] [pid 49882] [client 158.173.36.161:0] script '/domains/antiqueweb1/natural.php' not found or unable to stat
[Thu Feb 12 05:02:33.158235 2026] [php:error] [pid 49953] [client 158.173.36.31:0] script '/domains/perless2web/file5.php' not found or unable to stat
[Thu Feb 12 05:02:33.159746 2026] [php:error] [pid 49963] [client 158.173.36.85:0] script '/domains/machinadynamica/wp-login.php' not found or unable to stat
[Thu Feb 12 05:02:33.159872 2026] [php:error] [pid 49948] [client 158.173.36.134:0] script '/domains/abtechsci/wp-good.php' not found or unable to stat
[Thu Feb 12 05:02:33.162098 2026] [php:error] [pid 49975] [client 158.173.36.68:0] script '/domains/icrse/about.php' not found or unable to stat
[Thu Feb 12 05:02:33.173097 2026] [php:error] [pid 49916] [client 158.173.36.54:0] script '/domains/apunderkofler/natural.php' not found or unable to stat
[Thu Feb 12 05:02:33.174611 2026] [php:error] [pid 49947] [client 158.173.36.45:0] script '/domains/cccweb/flower.php' not found or unable to stat
[Thu Feb 12 05:02:33.174622 2026] [php:error] [pid 49965] [client 158.173.36.49:0] script '/domains/gk3c/classwithtostring.php' not found or unable to stat
[Thu Feb 12 05:02:33.176383 2026] [php:error] [pid 49971] [client 158.173.36.85:0] script '/domains/homesbyaudrey1/class.php' not found or unable to stat
[Thu Feb 12 05:02:33.189765 2026] [php:error] [pid 49944] [client 158.173.36.217:0] script '/domains/rfisher.dnai/mar.php' not found or unable to stat
[Thu Feb 12 05:02:33.310741 2026] [php:error] [pid 49960] [client 158.173.36.230:0] script '/domains/msintl/images/admin.php' not found or unable to stat
[Thu Feb 12 05:02:33.430248 2026] [php:error] [pid 49918] [client 158.173.36.31:0] script '/domains/nostrada/default.php' not found or unable to stat
[Thu Feb 12 05:02:33.483991 2026] [php:error] [pid 49953] [client 158.173.36.31:0] script '/domains/perless2web/ahax.php' not found or unable to stat
[Thu Feb 12 05:02:33.493265 2026] [php:error] [pid 49975] [client 158.173.36.68:0] script '/domains/icrse/admin.php' not found or unable to stat
[Thu Feb 12 05:02:33.493998 2026] [php:error] [pid 49916] [client 158.173.36.54:0] script '/domains/apunderkofler/item.php' not found or unable to stat
[Thu Feb 12 05:02:33.497518 2026] [php:error] [pid 49970] [client 158.173.36.57:0] script '/domains/fifibear/alfa.php' not found or unable to stat
[Thu Feb 12 05:02:33.502226 2026] [php:error] [pid 49934] [client 158.173.36.230:0] script '/domains/pauljbrock/config.php' not found or unable to stat
[Thu Feb 12 05:02:33.502588 2026] [php:error] [pid 49908] [client 158.173.36.49:0] script '/domains/conceptlabs1/wp-signup.php' not found or unable to stat
[Thu Feb 12 05:02:33.512583 2026] [php:error] [pid 49952] [client 158.173.36.49:0] script '/domains/sjsachs/av.php' not found or unable to stat
[Thu Feb 12 05:02:33.578630 2026] [php:error] [pid 49966] [client 158.173.36.210:0] script '/domains/egmaweb/wp-signup.php' not found or unable to stat
[Thu Feb 12 05:02:33.584437 2026] [php:error] [pid 49960] [client 158.173.36.230:0] script '/domains/msintl/db.php' not found or unable to stat
[Thu Feb 12 05:02:33.681957 2026] [php:error] [pid 49955] [client 158.173.36.240:0] script '/domains/familyplayhouse2/file.php' not found or unable to stat
[Thu Feb 12 05:02:33.686917 2026] [php:error] [pid 49963] [client 158.173.36.85:0] script '/domains/machinadynamica/mar.php' not found or unable to stat
[Thu Feb 12 05:02:33.687033 2026] [php:error] [pid 49953] [client 158.173.36.31:0] script '/domains/perless2web/f35.php' not found or unable to stat
[Thu Feb 12 05:02:33.724441 2026] [php:error] [pid 49972] [client 158.173.36.164:0] script '/domains/icrse/tinyfilemanager.php' not found or unable to stat
[Thu Feb 12 05:02:33.725238 2026] [php:error] [pid 49899] [client 158.173.36.49:0] script '/domains/fryer/file.php' not found or unable to stat
[Thu Feb 12 05:02:33.725994 2026] [php:error] [pid 49934] [client 158.173.36.230:0] script '/domains/pauljbrock/special.php' not found or unable to stat
[Thu Feb 12 05:02:33.752757 2026] [php:error] [pid 49967] [client 158.173.36.134:0] script '/domains/braniff/manager.php' not found or unable to stat
[Thu Feb 12 05:02:33.861948 2026] [php:error] [pid 49964] [client 158.173.36.240:0] script '/domains/system_cancel/new.php' not found or unable to stat
[Thu Feb 12 05:02:33.862101 2026] [php:error] [pid 49938] [client 158.173.36.57:0] script '/domains/brenties/wp-good.php' not found or unable to stat
[Thu Feb 12 05:02:33.862623 2026] [php:error] [pid 49958] [client 158.173.36.4:0] script '/domains/ceonlinenews/wp-signup.php' not found or unable to stat
[Thu Feb 12 05:02:33.863024 2026] [php:error] [pid 49969] [client 158.173.36.57:0] script '/domains/davidbacker/inc.php' not found or unable to stat
[Thu Feb 12 05:02:33.863060 2026] [php:error] [pid 49953] [client 158.173.36.31:0] script '/domains/perless2web/simple.php' not found or unable to stat
[Thu Feb 12 05:02:33.875921 2026] [php:error] [pid 49949] [client 158.173.36.169:0] script '/domains/mschmid/bypass.php' not found or unable to stat
[Thu Feb 12 05:02:33.900187 2026] [php:error] [pid 49975] [client 158.173.36.68:0] script '/domains/icrse/mah.php' not found or unable to stat
[Thu Feb 12 05:02:33.989097 2026] [php:error] [pid 49967] [client 158.173.36.134:0] script '/domains/braniff/bless.php' not found or unable to stat
[Thu Feb 12 05:02:33.991430 2026] [php:error] [pid 49925] [client 158.173.36.29:0] script '/domains/windsorweb/images/waf_defender.php' not found or unable to stat
[Thu Feb 12 05:02:34.012933 2026] [php:error] [pid 49962] [client 158.173.36.160:0] script '/domains/rfisher.dnai/wp-content.php' not found or unable to stat
[Thu Feb 12 05:02:34.041426 2026] [php:error] [pid 49944] [client 158.173.36.217:0] script '/domains/rfisher.dnai/1.php' not found or unable to stat
[Thu Feb 12 05:02:34.041689 2026] [php:error] [pid 49965] [client 158.173.36.49:0] script '/domains/gk3c/tinyfilemanager.php' not found or unable to stat
[Thu Feb 12 05:02:34.045951 2026] [php:error] [pid 49973] [client 158.173.36.227:0] script '/domains/cccweb/system_log.php' not found or unable to stat
[Thu Feb 12 05:02:34.046480 2026] [php:error] [pid 49949] [client 158.173.36.169:0] script '/domains/mschmid/class.php' not found or unable to stat
[Thu Feb 12 05:02:34.046501 2026] [php:error] [pid 49968] [client 158.173.36.124:0] script '/domains/system_suspended/install.php' not found or unable to stat
[Thu Feb 12 05:02:34.063169 2026] [php:error] [pid 49908] [client 158.173.36.49:0] script '/domains/conceptlabs1/wp-blog.php' not found or unable to stat
[Thu Feb 12 05:02:34.063785 2026] [php:error] [pid 49947] [client 158.173.36.45:0] script '/domains/cccweb/ioxi-o.php' not found or unable to stat
[Thu Feb 12 05:02:34.189984 2026] [php:error] [pid 49882] [client 158.173.36.161:0] script '/domains/antiqueweb1/item.php' not found or unable to stat
[Thu Feb 12 05:02:34.190586 2026] [php:error] [pid 49966] [client 158.173.36.210:0] script '/domains/egmaweb/wp-blog.php' not found or unable to stat
[Thu Feb 12 05:02:34.193849 2026] [php:error] [pid 49967] [client 158.173.36.134:0] script '/domains/braniff/O-Simple.php' not found or unable to stat
[Thu Feb 12 05:02:34.236841 2026] [php:error] [pid 49963] [client 158.173.36.85:0] script '/domains/machinadynamica/1.php' not found or unable to stat
[Thu Feb 12 05:02:34.236852 2026] [php:error] [pid 49955] [client 158.173.36.240:0] script '/domains/familyplayhouse2/buy.php' not found or unable to stat
[Thu Feb 12 05:02:34.237264 2026] [php:error] [pid 49969] [client 158.173.36.57:0] script '/domains/davidbacker/filemanager.php' not found or unable to stat
[Thu Feb 12 05:02:34.237698 2026] [php:error] [pid 49956] [client 158.173.36.164:0] script '/domains/dcoffman/natural.php' not found or unable to stat
[Thu Feb 12 05:02:34.304716 2026] [php:error] [pid 49973] [client 158.173.36.227:0] script '/domains/cccweb/.alf.php' not found or unable to stat
[Thu Feb 12 05:02:34.304780 2026] [php:error] [pid 49975] [client 158.173.36.68:0] script '/domains/icrse/core.php' not found or unable to stat
[Thu Feb 12 05:02:34.307411 2026] [php:error] [pid 49899] [client 158.173.36.49:0] script '/domains/fryer/buy.php' not found or unable to stat
[Thu Feb 12 05:02:34.307648 2026] [php:error] [pid 49947] [client 158.173.36.45:0] script '/domains/cccweb/info.php' not found or unable to stat
[Thu Feb 12 05:02:34.309460 2026] [php:error] [pid 49972] [client 158.173.36.164:0] script '/domains/icrse/file.php' not found or unable to stat
[Thu Feb 12 05:02:34.310388 2026] [php:error] [pid 49943] [client 158.173.36.240:0] script '/domains/rnachum/adminfuns.php' not found or unable to stat
[Thu Feb 12 05:02:34.391481 2026] [php:error] [pid 49922] [client 158.173.36.124:0] script '/domains/nostrada/dropdown.php' not found or unable to stat
[Thu Feb 12 05:02:34.391522 2026] [php:error] [pid 49967] [client 158.173.36.134:0] script '/domains/braniff/lock360.php' not found or unable to stat
[Thu Feb 12 05:02:34.391800 2026] [php:error] [pid 49951] [client 158.173.36.29:0] script '/domains/fayemoran/images/waf_defender.php' not found or unable to stat
[Thu Feb 12 05:02:34.392119 2026] [php:error] [pid 49925] [client 158.173.36.29:0] script '/domains/windsorweb/small.php' not found or unable to stat
[Thu Feb 12 05:02:34.393197 2026] [php:error] [pid 49927] [client 158.173.36.57:0] script '/domains/deltaele/xl2023.php' not found or unable to stat
[Thu Feb 12 05:02:34.410839 2026] [php:error] [pid 49956] [client 158.173.36.164:0] script '/domains/dcoffman/item.php' not found or unable to stat
[Thu Feb 12 05:02:34.436161 2026] [php:error] [pid 49961] [client 158.173.36.29:0] script '/domains/homesbyaudrey1/init.php' not found or unable to stat
[Thu Feb 12 05:02:34.442565 2026] [php:error] [pid 49973] [client 158.173.36.227:0] script '/domains/cccweb/wso.php' not found or unable to stat
[Thu Feb 12 05:02:34.457353 2026] [php:error] [pid 49947] [client 158.173.36.45:0] script '/domains/cccweb/setup.php' not found or unable to stat
[Thu Feb 12 05:02:34.457424 2026] [php:error] [pid 49975] [client 158.173.36.68:0] script '/domains/icrse/robots.php' not found or unable to stat
[Thu Feb 12 05:02:34.461291 2026] [php:error] [pid 49958] [client 158.173.36.4:0] script '/domains/ceonlinenews/wp-blog.php' not found or unable to stat
[Thu Feb 12 05:02:34.566419 2026] [php:error] [pid 49927] [client 158.173.36.57:0] script '/domains/deltaele/go.php' not found or unable to stat
[Thu Feb 12 05:02:34.568978 2026] [php:error] [pid 49922] [client 158.173.36.124:0] script '/domains/nostrada/images/admin.php' not found or unable to stat
[Thu Feb 12 05:02:34.570585 2026] [php:error] [pid 49967] [client 158.173.36.134:0] script '/domains/braniff/zwso.php' not found or unable to stat
[Thu Feb 12 05:02:34.570675 2026] [php:error] [pid 49954] [client 158.173.36.217:0] script '/domains/deltaele/bypass.php' not found or unable to stat
[Thu Feb 12 05:02:34.594572 2026] [php:error] [pid 49943] [client 158.173.36.240:0] script '/domains/rnachum/wp_wlx.php' not found or unable to stat
[Thu Feb 12 05:02:34.598517 2026] [php:error] [pid 49950] [client 158.158.72.119:0] script '/domains/smartny/aa.php' not found or unable to stat
[Thu Feb 12 05:02:34.621467 2026] [php:error] [pid 49971] [client 158.173.36.85:0] script '/domains/homesbyaudrey1/init.php' not found or unable to stat
[Thu Feb 12 05:02:34.621641 2026] [php:error] [pid 49975] [client 158.173.36.68:0] script '/domains/icrse/inputs.php' not found or unable to stat
[Thu Feb 12 05:02:34.621823 2026] [php:error] [pid 49965] [client 158.173.36.49:0] script '/domains/gk3c/file.php' not found or unable to stat
[Thu Feb 12 05:02:34.714757 2026] [php:error] [pid 49925] [client 158.173.36.29:0] script '/domains/windsorweb/NewFile.php' not found or unable to stat
[Thu Feb 12 05:02:34.719981 2026] [php:error] [pid 49973] [client 158.173.36.227:0] script '/domains/cccweb/flower.php' not found or unable to stat
[Thu Feb 12 05:02:34.720489 2026] [php:error] [pid 49951] [client 158.173.36.29:0] script '/domains/fayemoran/small.php' not found or unable to stat
[Thu Feb 12 05:02:34.721585 2026] [php:error] [pid 49967] [client 158.173.36.134:0] script '/domains/braniff/chosen.php' not found or unable to stat
[Thu Feb 12 05:02:34.722125 2026] [php:error] [pid 49922] [client 158.173.36.124:0] script '/domains/nostrada/db.php' not found or unable to stat
[Thu Feb 12 05:02:34.723937 2026] [php:error] [pid 49954] [client 158.173.36.217:0] script '/domains/deltaele/class.php' not found or unable to stat
[Thu Feb 12 05:02:34.724561 2026] [php:error] [pid 49933] [client 158.173.36.124:0] script '/domains/brenties/theme.php' not found or unable to stat
[Thu Feb 12 05:02:34.767075 2026] [php:error] [pid 49908] [client 158.173.36.49:0] script '/domains/conceptlabs1/wp-l0gin.php' not found or unable to stat
[Thu Feb 12 05:02:34.768632 2026] [php:error] [pid 49972] [client 158.173.36.164:0] script '/domains/icrse/buy.php' not found or unable to stat
[Thu Feb 12 05:02:34.770539 2026] [php:error] [pid 49975] [client 158.173.36.68:0] script '/domains/icrse/mini.php' not found or unable to stat
[Thu Feb 12 05:02:34.902001 2026] [php:error] [pid 49966] [client 158.173.36.210:0] script '/domains/egmaweb/wp-l0gin.php' not found or unable to stat
[Thu Feb 12 05:02:34.902642 2026] [php:error] [pid 49968] [client 158.173.36.124:0] script '/domains/system_suspended/bypass.php' not found or unable to stat
[Thu Feb 12 05:02:34.903209 2026] [php:error] [pid 49964] [client 158.173.36.240:0] script '/domains/system_cancel/natural.php' not found or unable to stat
[Thu Feb 12 05:02:34.903433 2026] [php:error] [pid 49962] [client 158.173.36.160:0] script '/domains/rfisher.dnai/customize.php' not found or unable to stat
[Thu Feb 12 05:02:34.973445 2026] [php:error] [pid 49975] [client 158.173.36.68:0] script '/domains/icrse/goods.php' not found or unable to stat
[Thu Feb 12 05:02:34.977314 2026] [php:error] [pid 49970] [client 158.173.36.57:0] script '/domains/fifibear/edit.php' not found or unable to stat
[Thu Feb 12 05:02:34.977528 2026] [php:error] [pid 49967] [client 158.173.36.134:0] script '/domains/braniff/about.php' not found or unable to stat
[Thu Feb 12 05:02:35.110346 2026] [php:error] [pid 49925] [client 158.173.36.29:0] script '/domains/windsorweb/error.php' not found or unable to stat
[Thu Feb 12 05:02:35.110547 2026] [php:error] [pid 49968] [client 158.173.36.124:0] script '/domains/system_suspended/class.php' not found or unable to stat
[Thu Feb 12 05:02:35.111616 2026] [php:error] [pid 49948] [client 158.173.36.134:0] script '/domains/abtechsci/ff2.php' not found or unable to stat
[Thu Feb 12 05:02:35.112272 2026] [php:error] [pid 49951] [client 158.173.36.29:0] script '/domains/fayemoran/NewFile.php' not found or unable to stat
[Thu Feb 12 05:02:35.113544 2026] [php:error] [pid 49962] [client 158.173.36.160:0] script '/domains/rfisher.dnai/license.php' not found or unable to stat
[Thu Feb 12 05:02:35.113821 2026] [php:error] [pid 49964] [client 158.173.36.240:0] script '/domains/system_cancel/item.php' not found or unable to stat
[Thu Feb 12 05:02:35.162277 2026] [php:error] [pid 49975] [client 158.173.36.68:0] script '/domains/icrse/file5.php' not found or unable to stat
[Thu Feb 12 05:02:35.162278 2026] [php:error] [pid 49958] [client 158.173.36.4:0] script '/domains/ceonlinenews/wp-l0gin.php' not found or unable to stat
[Thu Feb 12 05:02:35.162791 2026] [php:error] [pid 49965] [client 158.173.36.49:0] script '/domains/gk3c/buy.php' not found or unable to stat
[Thu Feb 12 05:02:35.171825 2026] [php:error] [pid 49967] [client 158.173.36.134:0] script '/domains/braniff/admin.php' not found or unable to stat
[Thu Feb 12 05:02:35.172254 2026] [php:error] [pid 49908] [client 158.173.36.49:0] script '/domains/conceptlabs1/new.php' not found or unable to stat
[Thu Feb 12 05:02:35.399309 2026] [php:error] [pid 49943] [client 158.173.36.240:0] script '/domains/rnachum/wp.php' not found or unable to stat
[Thu Feb 12 05:02:35.402806 2026] [php:error] [pid 49960] [client 158.173.36.230:0] script '/domains/msintl/install.php' not found or unable to stat
[Thu Feb 12 05:02:35.406178 2026] [php:error] [pid 49966] [client 158.173.36.210:0] script '/domains/egmaweb/new.php' not found or unable to stat
[Thu Feb 12 05:02:35.407143 2026] [php:error] [pid 49975] [client 158.173.36.68:0] script '/domains/icrse/ahax.php' not found or unable to stat
[Thu Feb 12 05:02:35.407633 2026] [php:error] [pid 49947] [client 158.173.36.45:0] script '/domains/cccweb/as.php' not found or unable to stat
[Thu Feb 12 05:02:35.409538 2026] [php:error] [pid 49933] [client 158.173.36.124:0] script '/domains/brenties/Simple.php' not found or unable to stat
[Thu Feb 12 05:02:35.410079 2026] [php:error] [pid 49953] [client 158.173.36.31:0] script '/domains/perless2web/images/upload.php' not found or unable to stat
[Thu Feb 12 05:02:35.411911 2026] [php:error] [pid 49949] [client 158.173.36.169:0] script '/domains/mschmid/init.php' not found or unable to stat
[Thu Feb 12 05:02:35.458140 2026] [php:error] [pid 49969] [client 158.173.36.57:0] script '/domains/davidbacker/function.php' not found or unable to stat
[Thu Feb 12 05:02:35.512863 2026] [php:error] [pid 49950] [client 158.158.72.119:0] script '/domains/smartny/66.php' not found or unable to stat
[Thu Feb 12 05:02:35.632032 2026] [php:error] [pid 49938] [client 158.173.36.57:0] script '/domains/brenties/ff2.php' not found or unable to stat
[Thu Feb 12 05:02:35.632458 2026] [php:error] [pid 49962] [client 158.173.36.160:0] script '/domains/rfisher.dnai/lock.php' not found or unable to stat
[Thu Feb 12 05:02:35.634182 2026] [php:error] [pid 49973] [client 158.173.36.227:0] script '/domains/cccweb/ioxi-o.php' not found or unable to stat
[Thu Feb 12 05:02:35.634548 2026] [php:error] [pid 49975] [client 158.173.36.68:0] script '/domains/icrse/f35.php' not found or unable to stat
[Thu Feb 12 05:02:35.636377 2026] [php:error] [pid 49947] [client 158.173.36.45:0] script '/domains/cccweb/cc.php' not found or unable to stat
[Thu Feb 12 05:02:35.638321 2026] [php:error] [pid 49951] [client 158.173.36.29:0] script '/domains/fayemoran/error.php' not found or unable to stat
[Thu Feb 12 05:02:35.639895 2026] [php:error] [pid 49967] [client 158.173.36.134:0] script '/domains/braniff/mah.php' not found or unable to stat
[Thu Feb 12 05:02:35.641563 2026] [php:error] [pid 49944] [client 158.173.36.217:0] script '/domains/rfisher.dnai/fm.php' not found or unable to stat
[Thu Feb 12 05:02:35.642002 2026] [php:error] [pid 49958] [client 158.173.36.4:0] script '/domains/ceonlinenews/new.php' not found or unable to stat
[Thu Feb 12 05:02:35.642113 2026] [php:error] [pid 49970] [client 158.173.36.57:0] script '/domains/fifibear/wp-links-opml.php' not found or unable to stat
[Thu Feb 12 05:02:35.767357 2026] [php:error] [pid 49960] [client 158.173.36.230:0] script '/domains/msintl/images/class-config.php' not found or unable to stat
[Thu Feb 12 05:02:35.774454 2026] [php:error] [pid 49973] [client 158.173.36.227:0] script '/domains/cccweb/info.php' not found or unable to stat
[Thu Feb 12 05:02:35.774918 2026] [php:error] [pid 49963] [client 158.173.36.85:0] script '/domains/machinadynamica/fm.php' not found or unable to stat
[Thu Feb 12 05:02:35.778918 2026] [php:error] [pid 49969] [client 158.173.36.57:0] script '/domains/davidbacker/wp-signup.php' not found or unable to stat
[Thu Feb 12 05:02:35.779953 2026] [php:error] [pid 49975] [client 158.173.36.68:0] script '/domains/icrse/simple.php' not found or unable to stat
[Thu Feb 12 05:02:35.781917 2026] [php:error] [pid 49908] [client 158.173.36.49:0] script '/domains/conceptlabs1/images/DJP9.php' not found or unable to stat
[Thu Feb 12 05:02:35.840361 2026] [php:error] [pid 49978] [client 158.173.36.63:0] script '/domains/antiqueweb1/default.php' not found or unable to stat
[Thu Feb 12 05:02:35.850198 2026] [php:error] [pid 49933] [client 158.173.36.169:0] script '/domains/apunderkofler/default.php' not found or unable to stat
[Thu Feb 12 05:02:35.885766 2026] [php:error] [pid 49918] [client 158.173.36.31:0] script '/domains/nostrada/dropdown.php' not found or unable to stat
[Thu Feb 12 05:02:35.990118 2026] [php:error] [pid 49950] [client 158.158.72.119:0] script '/domains/smartny/wen.php' not found or unable to stat
[Thu Feb 12 05:02:36.018839 2026] [php:error] [pid 49973] [client 158.173.36.227:0] script '/domains/cccweb/setup.php' not found or unable to stat
[Thu Feb 12 05:02:36.019128 2026] [php:error] [pid 49925] [client 158.173.36.29:0] script '/domains/windsorweb/wp-files.php' not found or unable to stat
[Thu Feb 12 05:02:36.026441 2026] [php:error] [pid 49943] [client 158.173.36.240:0] script '/domains/rnachum/wp-header.php' not found or unable to stat
[Thu Feb 12 05:02:36.031579 2026] [php:error] [pid 49966] [client 158.173.36.210:0] script '/domains/egmaweb/images/DJP9.php' not found or unable to stat
[Thu Feb 12 05:02:36.031606 2026] [php:error] [pid 49948] [client 158.173.36.134:0] script '/domains/abtechsci/jp.php' not found or unable to stat
[Thu Feb 12 05:02:36.084222 2026] [php:error] [pid 49967] [client 158.173.36.134:0] script '/domains/braniff/core.php' not found or unable to stat
[Thu Feb 12 05:02:36.089930 2026] [php:error] [pid 49947] [client 158.173.36.45:0] script '/domains/cccweb/ab.php' not found or unable to stat
[Thu Feb 12 05:02:36.220675 2026] [php:error] [pid 49954] [client 158.173.36.217:0] script '/domains/deltaele/init.php' not found or unable to stat
[Thu Feb 12 05:02:36.223774 2026] [php:error] [pid 49948] [client 158.173.36.134:0] script '/domains/abtechsci/wp-atom.php' not found or unable to stat
[Thu Feb 12 05:02:36.244085 2026] [php:error] [pid 49961] [client 158.173.36.29:0] script '/domains/homesbyaudrey1/adminfuns.php' not found or unable to stat
[Thu Feb 12 05:02:36.280400 2026] [php:error] [pid 49970] [client 158.173.36.57:0] script '/domains/fifibear/atomlib.php' not found or unable to stat
[Thu Feb 12 05:02:36.281588 2026] [php:error] [pid 49967] [client 158.173.36.134:0] script '/domains/braniff/robots.php' not found or unable to stat
[Thu Feb 12 05:02:36.283465 2026] [php:error] [pid 49979] [client 158.173.36.240:0] script '/domains/sjsachs/theme.php' not found or unable to stat
[Thu Feb 12 05:02:36.383960 2026] [php:error] [pid 49960] [client 158.173.36.230:0] script '/domains/msintl/bypass.php' not found or unable to stat
[Thu Feb 12 05:02:36.429055 2026] [php:error] [pid 49943] [client 158.173.36.240:0] script '/domains/rnachum/Marvins.php' not found or unable to stat
[Thu Feb 12 05:02:36.488632 2026] [php:error] [pid 49918] [client 158.173.36.31:0] script '/domains/nostrada/images/admin.php' not found or unable to stat
[Thu Feb 12 05:02:36.653327 2026] [php:error] [pid 49971] [client 158.173.36.85:0] script '/domains/homesbyaudrey1/adminfuns.php' not found or unable to stat
[Thu Feb 12 05:02:36.654471 2026] [php:error] [pid 49918] [client 158.173.36.31:0] script '/domains/nostrada/db.php' not found or unable to stat
[Thu Feb 12 05:02:36.710310 2026] [php:error] [pid 49969] [client 158.173.36.57:0] script '/domains/davidbacker/wp-blog.php' not found or unable to stat
[Thu Feb 12 05:02:36.713045 2026] [php:error] [pid 49958] [client 158.173.36.4:0] script '/domains/ceonlinenews/images/DJP9.php' not found or unable to stat
[Thu Feb 12 05:02:36.714327 2026] [php:error] [pid 49967] [client 158.173.36.134:0] script '/domains/braniff/inputs.php' not found or unable to stat
[Thu Feb 12 05:02:36.714502 2026] [php:error] [pid 49908] [client 158.173.36.49:0] script '/domains/conceptlabs1/natural.php' not found or unable to stat
[Thu Feb 12 05:02:36.715448 2026] [php:error] [pid 49960] [client 158.173.36.230:0] script '/domains/msintl/class.php' not found or unable to stat
[Thu Feb 12 05:02:36.715967 2026] [php:error] [pid 49968] [client 158.173.36.124:0] script '/domains/system_suspended/init.php' not found or unable to stat
[Thu Feb 12 05:02:36.729230 2026] [php:error] [pid 49925] [client 158.173.36.29:0] script '/domains/windsorweb/functions.php' not found or unable to stat
[Thu Feb 12 05:02:36.768445 2026] [php:error] [pid 49963] [client 158.173.36.85:0] script '/domains/machinadynamica/ini.php' not found or unable to stat
[Thu Feb 12 05:02:36.775326 2026] [php:error] [pid 49938] [client 158.173.36.57:0] script '/domains/brenties/jp.php' not found or unable to stat
[Thu Feb 12 05:02:36.775560 2026] [php:error] [pid 49948] [client 158.173.36.134:0] script '/domains/abtechsci/up.php' not found or unable to stat
[Thu Feb 12 05:02:36.775790 2026] [php:error] [pid 49966] [client 158.173.36.210:0] script '/domains/egmaweb/natural.php' not found or unable to stat
[Thu Feb 12 05:02:36.776438 2026] [php:error] [pid 49961] [client 158.173.36.29:0] script '/domains/homesbyaudrey1/wp_wlx.php' not found or unable to stat
[Thu Feb 12 05:02:36.846141 2026] [php:error] [pid 49951] [client 158.173.36.29:0] script '/domains/fayemoran/wp-files.php' not found or unable to stat
[Thu Feb 12 05:02:36.864025 2026] [php:error] [pid 49981] [client 158.173.36.80:0] script '/domains/dcoffman/default.php' not found or unable to stat
[Thu Feb 12 05:02:36.871278 2026] [php:error] [pid 49967] [client 158.173.36.134:0] script '/domains/braniff/mini.php' not found or unable to stat
[Thu Feb 12 05:02:36.871729 2026] [php:error] [pid 49947] [client 158.173.36.45:0] script '/domains/cccweb/doc.php' not found or unable to stat
[Thu Feb 12 05:02:36.873199 2026] [php:error] [pid 49922] [client 158.173.36.124:0] script '/domains/nostrada/install.php' not found or unable to stat
[Thu Feb 12 05:02:36.873387 2026] [php:error] [pid 49944] [client 158.173.36.217:0] script '/domains/rfisher.dnai/ini.php' not found or unable to stat
[Thu Feb 12 05:02:36.873717 2026] [php:error] [pid 49908] [client 158.173.36.49:0] script '/domains/conceptlabs1/item.php' not found or unable to stat
[Thu Feb 12 05:02:36.874352 2026] [php:error] [pid 49982] [client 158.173.36.227:0] script '/domains/antiqueweb1/default.php' not found or unable to stat
[Thu Feb 12 05:02:36.931071 2026] [php:error] [pid 49943] [client 158.173.36.240:0] script '/domains/rnachum/wp-class.php' not found or unable to stat
[Thu Feb 12 05:02:36.932821 2026] [php:error] [pid 49938] [client 158.173.36.57:0] script '/domains/brenties/wp-atom.php' not found or unable to stat
[Thu Feb 12 05:02:36.933729 2026] [php:error] [pid 49966] [client 158.173.36.210:0] script '/domains/egmaweb/item.php' not found or unable to stat
[Thu Feb 12 05:02:36.941722 2026] [php:error] [pid 49971] [client 158.173.36.85:0] script '/domains/homesbyaudrey1/wp_wlx.php' not found or unable to stat
[Thu Feb 12 05:02:36.941768 2026] [php:error] [pid 49899] [client 158.173.36.49:0] script '/domains/fryer/inc.php' not found or unable to stat
[Thu Feb 12 05:02:37.035226 2026] [php:error] [pid 49951] [client 158.173.36.29:0] script '/domains/fayemoran/functions.php' not found or unable to stat
[Thu Feb 12 05:02:37.044536 2026] [php:error] [pid 49979] [client 158.173.36.240:0] script '/domains/sjsachs/Simple.php' not found or unable to stat
[Thu Feb 12 05:02:37.045920 2026] [php:error] [pid 49967] [client 158.173.36.134:0] script '/domains/braniff/goods.php' not found or unable to stat
[Thu Feb 12 05:02:37.047560 2026] [php:error] [pid 49907] [client 158.173.36.171:0] script '/domains/pauljbrock/webdb.php' not found or unable to stat
[Thu Feb 12 05:02:37.087064 2026] [php:error] [pid 49923] [client 158.173.36.230:0] script '/domains/apunderkofler/images/wp-aespa.php' not found or unable to stat
[Thu Feb 12 05:02:37.087326 2026] [php:error] [pid 49973] [client 158.173.36.227:0] script '/domains/cccweb/as.php' not found or unable to stat
[Thu Feb 12 05:02:37.093269 2026] [php:error] [pid 49978] [client 158.173.36.63:0] script '/domains/antiqueweb1/dropdown.php' not found or unable to stat
[Thu Feb 12 05:02:37.140717 2026] [php:error] [pid 49950] [client 158.158.72.119:0] script '/domains/smartny/wp-blogs.php' not found or unable to stat
[Thu Feb 12 05:02:37.292599 2026] [php:error] [pid 49962] [client 158.173.36.160:0] script '/domains/rfisher.dnai/wp-good.php' not found or unable to stat
[Thu Feb 12 05:02:37.321836 2026] [php:error] [pid 49922] [client 158.173.36.124:0] script '/domains/nostrada/images/class-config.php' not found or unable to stat
[Thu Feb 12 05:02:37.325501 2026] [php:error] [pid 49958] [client 158.173.36.4:0] script '/domains/ceonlinenews/natural.php' not found or unable to stat
[Thu Feb 12 05:02:37.325642 2026] [php:error] [pid 49967] [client 158.173.36.134:0] script '/domains/braniff/file5.php' not found or unable to stat
[Thu Feb 12 05:02:37.328465 2026] [php:error] [pid 49949] [client 158.173.36.169:0] script '/domains/mschmid/adminfuns.php' not found or unable to stat
[Thu Feb 12 05:02:37.417951 2026] [php:error] [pid 49943] [client 158.173.36.240:0] script '/domains/rnachum/xx.php' not found or unable to stat
[Thu Feb 12 05:02:37.479831 2026] [php:error] [pid 49975] [client 158.173.36.68:0] script '/domains/icrse/images/upload.php' not found or unable to stat
[Thu Feb 12 05:02:37.521151 2026] [php:error] [pid 49933] [client 158.173.36.169:0] script '/domains/apunderkofler/dropdown.php' not found or unable to stat
[Thu Feb 12 05:02:37.521354 2026] [php:error] [pid 49967] [client 158.173.36.134:0] script '/domains/braniff/ahax.php' not found or unable to stat
[Thu Feb 12 05:02:37.521651 2026] [php:error] [pid 49947] [client 158.173.36.45:0] script '/domains/cccweb/wp-login.php' not found or unable to stat
[Thu Feb 12 05:02:37.521668 2026] [php:error] [pid 49958] [client 158.173.36.4:0] script '/domains/ceonlinenews/item.php' not found or unable to stat
[Thu Feb 12 05:02:37.544187 2026] [php:error] [pid 49907] [client 158.173.36.171:0] script '/domains/pauljbrock/file2.php' not found or unable to stat
[Thu Feb 12 05:02:37.545879 2026] [php:error] [pid 49978] [client 158.173.36.63:0] script '/domains/antiqueweb1/images/admin.php' not found or unable to stat
[Thu Feb 12 05:02:37.563038 2026] [php:error] [pid 49938] [client 158.173.36.57:0] script '/domains/brenties/up.php' not found or unable to stat
[Thu Feb 12 05:02:37.563137 2026] [php:error] [pid 49899] [client 158.173.36.49:0] script '/domains/fryer/filemanager.php' not found or unable to stat
[Thu Feb 12 05:02:37.585686 2026] [php:error] [pid 49973] [client 158.173.36.227:0] script '/domains/cccweb/cc.php' not found or unable to stat
[Thu Feb 12 05:02:37.606690 2026] [php:error] [pid 49943] [client 158.173.36.240:0] script '/domains/rnachum/autoload_classmap.php' not found or unable to stat
[Thu Feb 12 05:02:37.606938 2026] [php:error] [pid 49969] [client 158.173.36.57:0] script '/domains/davidbacker/wp-l0gin.php' not found or unable to stat
[Thu Feb 12 05:02:37.776428 2026] [php:error] [pid 49961] [client 158.173.36.29:0] script '/domains/homesbyaudrey1/wp.php' not found or unable to stat
[Thu Feb 12 05:02:37.776950 2026] [php:error] [pid 49947] [client 158.173.36.45:0] script '/domains/cccweb/mar.php' not found or unable to stat
[Thu Feb 12 05:02:37.781165 2026] [php:error] [pid 49967] [client 158.173.36.134:0] script '/domains/braniff/f35.php' not found or unable to stat
[Thu Feb 12 05:02:37.782244 2026] [php:error] [pid 49933] [client 158.173.36.169:0] script '/domains/apunderkofler/images/admin.php' not found or unable to stat
[Thu Feb 12 05:02:37.838604 2026] [php:error] [pid 49949] [client 158.173.36.169:0] script '/domains/mschmid/wp_wlx.php' not found or unable to stat
[Thu Feb 12 05:02:37.841733 2026] [php:error] [pid 49978] [client 158.173.36.63:0] script '/domains/antiqueweb1/db.php' not found or unable to stat
[Thu Feb 12 05:02:37.843645 2026] [php:error] [pid 49971] [client 158.173.36.85:0] script '/domains/homesbyaudrey1/wp.php' not found or unable to stat
[Thu Feb 12 05:02:37.844642 2026] [php:error] [pid 49955] [client 158.173.36.240:0] script '/domains/familyplayhouse2/inc.php' not found or unable to stat
[Thu Feb 12 05:02:37.844832 2026] [php:error] [pid 49970] [client 158.173.36.57:0] script '/domains/fifibear/xp.php' not found or unable to stat
[Thu Feb 12 05:02:37.913876 2026] [php:error] [pid 49925] [client 158.173.36.29:0] script '/domains/windsorweb/aks.php' not found or unable to stat
[Thu Feb 12 05:02:37.934969 2026] [php:error] [pid 49980] [client 158.173.36.80:0] script '/domains/system_cancel/default.php' not found or unable to stat
[Thu Feb 12 05:02:37.979254 2026] [php:error] [pid 49882] [client 158.173.36.230:0] script '/domains/brenties/small.php' not found or unable to stat
[Thu Feb 12 05:02:37.982728 2026] [php:error] [pid 49922] [client 158.173.36.124:0] script '/domains/nostrada/bypass.php' not found or unable to stat
[Thu Feb 12 05:02:37.982876 2026] [php:error] [pid 49967] [client 158.173.36.134:0] script '/domains/braniff/simple.php' not found or unable to stat
[Thu Feb 12 05:02:37.983328 2026] [php:error] [pid 49972] [client 158.173.36.164:0] script '/domains/icrse/inc.php' not found or unable to stat
[Thu Feb 12 05:02:37.985391 2026] [php:error] [pid 49933] [client 158.173.36.169:0] script '/domains/apunderkofler/db.php' not found or unable to stat
[Thu Feb 12 05:02:38.056776 2026] [php:error] [pid 49973] [client 158.173.36.227:0] script '/domains/cccweb/ab.php' not found or unable to stat
[Thu Feb 12 05:02:38.065679 2026] [php:error] [pid 49969] [client 158.173.36.57:0] script '/domains/davidbacker/new.php' not found or unable to stat
[Thu Feb 12 05:02:38.079025 2026] [php:error] [pid 49907] [client 158.173.36.171:0] script '/domains/pauljbrock/alfa.php' not found or unable to stat
[Thu Feb 12 05:02:38.080414 2026] [php:error] [pid 49965] [client 158.173.36.49:0] script '/domains/gk3c/inc.php' not found or unable to stat
[Thu Feb 12 05:02:38.193358 2026] [php:error] [pid 49950] [client 158.158.72.119:0] script '/domains/smartny/R57.php' not found or unable to stat
[Thu Feb 12 05:02:38.202818 2026] [php:error] [pid 49925] [client 158.173.36.29:0] script '/domains/windsorweb/litespeed.php' not found or unable to stat
[Thu Feb 12 05:02:38.225226 2026] [php:error] [pid 49981] [client 158.173.36.80:0] script '/domains/dcoffman/dropdown.php' not found or unable to stat
[Thu Feb 12 05:02:38.226854 2026] [php:error] [pid 49951] [client 158.173.36.29:0] script '/domains/fayemoran/aks.php' not found or unable to stat
[Thu Feb 12 05:02:38.253874 2026] [php:error] [pid 49948] [client 158.173.36.134:0] script '/domains/abtechsci/worm.PhP' not found or unable to stat
[Thu Feb 12 05:02:38.272370 2026] [php:error] [pid 49943] [client 158.173.36.240:0] script '/domains/rnachum/content.php' not found or unable to stat
[Thu Feb 12 05:02:38.272381 2026] [php:error] [pid 49955] [client 158.173.36.240:0] script '/domains/familyplayhouse2/filemanager.php' not found or unable to stat
[Thu Feb 12 05:02:38.401179 2026] [php:error] [pid 49982] [client 158.173.36.227:0] script '/domains/antiqueweb1/dropdown.php' not found or unable to stat
[Thu Feb 12 05:02:38.493282 2026] [php:error] [pid 49951] [client 158.173.36.29:0] script '/domains/fayemoran/litespeed.php' not found or unable to stat
[Thu Feb 12 05:02:38.494047 2026] [php:error] [pid 49954] [client 158.173.36.217:0] script '/domains/deltaele/adminfuns.php' not found or unable to stat
[Thu Feb 12 05:02:38.494257 2026] [php:error] [pid 49948] [client 158.173.36.134:0] script '/domains/abtechsci/ext.php' not found or unable to stat
[Thu Feb 12 05:02:38.497873 2026] [php:error] [pid 49965] [client 158.173.36.49:0] script '/domains/gk3c/filemanager.php' not found or unable to stat
[Thu Feb 12 05:02:38.505265 2026] [php:error] [pid 49949] [client 158.173.36.169:0] script '/domains/mschmid/wp.php' not found or unable to stat
[Thu Feb 12 05:02:38.505313 2026] [php:error] [pid 49970] [client 158.173.36.57:0] script '/domains/fifibear/wp-links.php' not found or unable to stat
[Thu Feb 12 05:02:38.505805 2026] [php:error] [pid 49971] [client 158.173.36.85:0] script '/domains/homesbyaudrey1/wp-header.php' not found or unable to stat
[Thu Feb 12 05:02:38.507144 2026] [php:error] [pid 49955] [client 158.173.36.240:0] script '/domains/familyplayhouse2/cgi-bin/bypass.php' not found or unable to stat
[Thu Feb 12 05:02:38.519137 2026] [php:error] [pid 49922] [client 158.173.36.124:0] script '/domains/nostrada/class.php' not found or unable to stat
[Thu Feb 12 05:02:38.614158 2026] [php:error] [pid 49982] [client 158.173.36.227:0] script '/domains/antiqueweb1/images/admin.php' not found or unable to stat
[Thu Feb 12 05:02:38.614356 2026] [php:error] [pid 49961] [client 158.173.36.29:0] script '/domains/homesbyaudrey1/wp-header.php' not found or unable to stat
[Thu Feb 12 05:02:38.614373 2026] [php:error] [pid 49882] [client 158.173.36.230:0] script '/domains/brenties/NewFile.php' not found or unable to stat
[Thu Feb 12 05:02:38.643464 2026] [php:error] [pid 49948] [client 158.173.36.134:0] script '/domains/abtechsci/delpaths.php' not found or unable to stat
[Thu Feb 12 05:02:38.643752 2026] [php:error] [pid 49968] [client 158.173.36.124:0] script '/domains/system_suspended/adminfuns.php' not found or unable to stat
[Thu Feb 12 05:02:38.645148 2026] [php:error] [pid 49960] [client 158.173.36.230:0] script '/domains/msintl/init.php' not found or unable to stat
[Thu Feb 12 05:02:38.645502 2026] [php:error] [pid 49981] [client 158.173.36.80:0] script '/domains/dcoffman/db.php' not found or unable to stat
[Thu Feb 12 05:02:38.645507 2026] [php:error] [pid 49973] [client 158.173.36.227:0] script '/domains/cccweb/doc.php' not found or unable to stat
[Thu Feb 12 05:02:38.648591 2026] [php:error] [pid 49969] [client 158.173.36.57:0] script '/domains/davidbacker/images/DJP9.php' not found or unable to stat
[Thu Feb 12 05:02:38.657256 2026] [php:error] [pid 49947] [client 158.173.36.45:0] script '/domains/cccweb/1.php' not found or unable to stat
[Thu Feb 12 05:02:38.659663 2026] [php:error] [pid 49972] [client 158.173.36.164:0] script '/domains/icrse/filemanager.php' not found or unable to stat
[Thu Feb 12 05:02:38.754922 2026] [php:error] [pid 49925] [client 158.173.36.29:0] script '/domains/windsorweb/wpn.php' not found or unable to stat
[Thu Feb 12 05:02:38.780201 2026] [php:error] [pid 49982] [client 158.173.36.227:0] script '/domains/antiqueweb1/db.php' not found or unable to stat
[Thu Feb 12 05:02:38.816209 2026] [php:error] [pid 49954] [client 158.173.36.217:0] script '/domains/deltaele/wp_wlx.php' not found or unable to stat
[Thu Feb 12 05:02:38.816876 2026] [php:error] [pid 49927] [client 158.173.36.57:0] script '/domains/deltaele/hehehehe.php' not found or unable to stat
[Thu Feb 12 05:02:38.824066 2026] [php:error] [pid 49918] [client 158.173.36.31:0] script '/domains/nostrada/install.php' not found or unable to stat
[Thu Feb 12 05:02:38.842265 2026] [php:error] [pid 49899] [client 158.173.36.49:0] script '/domains/fryer/function.php' not found or unable to stat
[Thu Feb 12 05:02:38.844237 2026] [php:error] [pid 49971] [client 158.173.36.85:0] script '/domains/homesbyaudrey1/Marvins.php' not found or unable to stat
[Thu Feb 12 05:02:38.910387 2026] [php:error] [pid 49961] [client 158.173.36.29:0] script '/domains/homesbyaudrey1/Marvins.php' not found or unable to stat
[Thu Feb 12 05:02:38.940763 2026] [php:error] [pid 49882] [client 158.173.36.230:0] script '/domains/brenties/error.php' not found or unable to stat
[Thu Feb 12 05:02:38.952674 2026] [php:error] [pid 49953] [client 158.173.36.31:0] script '/domains/perless2web/classwithtostring.php' not found or unable to stat
[Thu Feb 12 05:02:38.955838 2026] [php:error] [pid 49962] [client 158.173.36.160:0] script '/domains/rfisher.dnai/ff2.php' not found or unable to stat
[Thu Feb 12 05:02:38.956401 2026] [php:error] [pid 49938] [client 158.173.36.57:0] script '/domains/brenties/worm.PhP' not found or unable to stat
[Thu Feb 12 05:02:38.957943 2026] [php:error] [pid 49951] [client 158.173.36.29:0] script '/domains/fayemoran/wpn.php' not found or unable to stat
[Thu Feb 12 05:02:38.958677 2026] [php:error] [pid 49968] [client 158.173.36.124:0] script '/domains/system_suspended/wp_wlx.php' not found or unable to stat
[Thu Feb 12 05:02:39.025485 2026] [php:error] [pid 49949] [client 158.173.36.169:0] script '/domains/mschmid/wp-header.php' not found or unable to stat
[Thu Feb 12 05:02:39.042733 2026] [php:error] [pid 49983] [client 158.173.36.160:0] script '/domains/sjsachs/images/waf_defender.php' not found or unable to stat
[Thu Feb 12 05:02:39.053400 2026] [php:error] [pid 49980] [client 158.173.36.80:0] script '/domains/system_cancel/dropdown.php' not found or unable to stat
[Thu Feb 12 05:02:39.098862 2026] [php:error] [pid 49979] [client 158.173.36.31:0] script '/domains/machinadynamica/wp-content.php' not found or unable to stat
[Thu Feb 12 05:02:39.122789 2026] [php:error] [pid 49938] [client 158.173.36.57:0] script '/domains/brenties/ext.php' not found or unable to stat
[Thu Feb 12 05:02:39.124915 2026] [php:error] [pid 49969] [client 158.173.36.57:0] script '/domains/davidbacker/natural.php' not found or unable to stat
[Thu Feb 12 05:02:39.124966 2026] [php:error] [pid 49973] [client 158.173.36.227:0] script '/domains/cccweb/wp-login.php' not found or unable to stat
[Thu Feb 12 05:02:39.125252 2026] [php:error] [pid 49918] [client 158.173.36.31:0] script '/domains/nostrada/images/class-config.php' not found or unable to stat
[Thu Feb 12 05:02:39.126170 2026] [php:error] [pid 49964] [client 158.173.36.217:0] script '/domains/rfisher.dnai/wp-content.php' not found or unable to stat
[Thu Feb 12 05:02:39.340968 2026] [php:error] [pid 49969] [client 158.173.36.57:0] script '/domains/davidbacker/item.php' not found or unable to stat
[Thu Feb 12 05:02:39.341005 2026] [php:error] [pid 49954] [client 158.173.36.217:0] script '/domains/deltaele/wp.php' not found or unable to stat
[Thu Feb 12 05:02:39.413636 2026] [php:error] [pid 49950] [client 158.158.72.119:0] script '/domains/smartny/ccs.php' not found or unable to stat
[Thu Feb 12 05:02:39.438443 2026] [php:error] [pid 49899] [client 158.173.36.49:0] script '/domains/fryer/wp-signup.php' not found or unable to stat
[Thu Feb 12 05:02:39.439523 2026] [php:error] [pid 49971] [client 158.173.36.85:0] script '/domains/homesbyaudrey1/wp-class.php' not found or unable to stat
[Thu Feb 12 05:02:39.518759 2026] [php:error] [pid 49938] [client 158.173.36.57:0] script '/domains/brenties/delpaths.php' not found or unable to stat
[Thu Feb 12 05:02:39.520909 2026] [php:error] [pid 49961] [client 158.173.36.29:0] script '/domains/homesbyaudrey1/wp-class.php' not found or unable to stat
[Thu Feb 12 05:02:39.523469 2026] [php:error] [pid 49927] [client 158.173.36.45:0] script '/domains/wsmith.enteract/manager.php' not found or unable to stat
[Thu Feb 12 05:02:39.538066 2026] [php:error] [pid 49973] [client 158.173.36.227:0] script '/domains/cccweb/mar.php' not found or unable to stat
[Thu Feb 12 05:02:39.586842 2026] [php:error] [pid 49955] [client 158.173.36.240:0] script '/domains/familyplayhouse2/function.php' not found or unable to stat
[Thu Feb 12 05:02:39.630826 2026] [php:error] [pid 49968] [client 158.173.36.124:0] script '/domains/system_suspended/wp.php' not found or unable to stat
[Thu Feb 12 05:02:39.631733 2026] [php:error] [pid 49953] [client 158.173.36.31:0] script '/domains/perless2web/tinyfilemanager.php' not found or unable to stat
[Thu Feb 12 05:02:39.678446 2026] [php:error] [pid 49949] [client 158.173.36.169:0] script '/domains/mschmid/Marvins.php' not found or unable to stat
[Thu Feb 12 05:02:39.696045 2026] [php:error] [pid 49983] [client 158.173.36.160:0] script '/domains/sjsachs/small.php' not found or unable to stat
[Thu Feb 12 05:02:39.696601 2026] [php:error] [pid 49978] [client 158.173.36.63:0] script '/domains/antiqueweb1/install.php' not found or unable to stat
[Thu Feb 12 05:02:39.700174 2026] [php:error] [pid 49927] [client 158.173.36.45:0] script '/domains/wsmith.enteract/bless.php' not found or unable to stat
[Thu Feb 12 05:02:39.772186 2026] [php:error] [pid 49950] [client 158.158.72.119:0] script '/domains/smartny/24.php' not found or unable to stat
[Thu Feb 12 05:02:39.808899 2026] [php:error] [pid 49948] [client 158.173.36.134:0] script '/domains/abtechsci/gifclass.php' not found or unable to stat
[Thu Feb 12 05:02:39.842795 2026] [php:error] [pid 49980] [client 158.173.36.80:0] script '/domains/system_cancel/db.php' not found or unable to stat
[Thu Feb 12 05:02:39.842903 2026] [php:error] [pid 49962] [client 158.173.36.160:0] script '/domains/rfisher.dnai/jp.php' not found or unable to stat
[Thu Feb 12 05:02:39.845202 2026] [php:error] [pid 49965] [client 158.173.36.49:0] script '/domains/gk3c/function.php' not found or unable to stat
[Thu Feb 12 05:02:39.845887 2026] [php:error] [pid 49971] [client 158.173.36.85:0] script '/domains/homesbyaudrey1/xx.php' not found or unable to stat
[Thu Feb 12 05:02:39.845901 2026] [php:error] [pid 49954] [client 158.173.36.217:0] script '/domains/deltaele/wp-header.php' not found or unable to stat
[Thu Feb 12 05:02:39.851974 2026] [php:error] [pid 49961] [client 158.173.36.29:0] script '/domains/homesbyaudrey1/xx.php' not found or unable to stat
[Thu Feb 12 05:02:39.852492 2026] [php:error] [pid 49882] [client 158.173.36.230:0] script '/domains/brenties/wp-files.php' not found or unable to stat
[Thu Feb 12 05:02:39.854368 2026] [php:error] [pid 49907] [client 158.173.36.171:0] script '/domains/pauljbrock/edit.php' not found or unable to stat
[Thu Feb 12 05:02:39.855442 2026] [php:error] [pid 49927] [client 158.173.36.45:0] script '/domains/wsmith.enteract/O-Simple.php' not found or unable to stat
[Thu Feb 12 05:02:39.926185 2026] [php:error] [pid 49925] [client 158.173.36.29:0] script '/domains/conceptlabs1/default.php' not found or unable to stat
[Thu Feb 12 05:02:39.950758 2026] [php:error] [pid 49951] [client 158.173.36.85:0] script '/domains/egmaweb/default.php' not found or unable to stat
[Thu Feb 12 05:02:39.966505 2026] [php:error] [pid 49948] [client 158.173.36.134:0] script '/domains/abtechsci/plugin.php' not found or unable to stat
[Thu Feb 12 05:02:39.966512 2026] [php:error] [pid 49955] [client 158.173.36.240:0] script '/domains/familyplayhouse2/wp-signup.php' not found or unable to stat
[Thu Feb 12 05:02:39.968750 2026] [php:error] [pid 49918] [client 158.173.36.31:0] script '/domains/nostrada/bypass.php' not found or unable to stat
[Thu Feb 12 05:02:39.969739 2026] [php:error] [pid 49899] [client 158.173.36.49:0] script '/domains/fryer/wp-blog.php' not found or unable to stat
[Thu Feb 12 05:02:39.982931 2026] [php:error] [pid 49964] [client 158.173.36.217:0] script '/domains/rfisher.dnai/customize.php' not found or unable to stat
[Thu Feb 12 05:02:39.982972 2026] [php:error] [pid 49922] [client 158.173.36.124:0] script '/domains/nostrada/init.php' not found or unable to stat
[Thu Feb 12 05:02:39.983453 2026] [php:error] [pid 49961] [client 158.173.36.29:0] script '/domains/homesbyaudrey1/autoload_classmap.php' not found or unable to stat
[Thu Feb 12 05:02:39.983658 2026] [php:error] [pid 49983] [client 158.173.36.160:0] script '/domains/sjsachs/NewFile.php' not found or unable to stat
[Thu Feb 12 05:02:39.986003 2026] [php:error] [pid 49971] [client 158.173.36.85:0] script '/domains/homesbyaudrey1/autoload_classmap.php' not found or unable to stat
[Thu Feb 12 05:02:39.986139 2026] [php:error] [pid 49973] [client 158.173.36.227:0] script '/domains/cccweb/1.php' not found or unable to stat
[Thu Feb 12 05:02:39.986162 2026] [php:error] [pid 49962] [client 158.173.36.160:0] script '/domains/rfisher.dnai/wp-atom.php' not found or unable to stat
[Thu Feb 12 05:02:39.986598 2026] [php:error] [pid 49979] [client 158.173.36.31:0] script '/domains/machinadynamica/customize.php' not found or unable to stat
[Thu Feb 12 05:02:39.986674 2026] [php:error] [pid 49949] [client 158.173.36.169:0] script '/domains/mschmid/wp-class.php' not found or unable to stat
[Thu Feb 12 05:02:39.986687 2026] [php:error] [pid 49978] [client 158.173.36.63:0] script '/domains/antiqueweb1/images/class-config.php' not found or unable to stat
[Thu Feb 12 05:02:39.992614 2026] [php:error] [pid 49882] [client 158.173.36.230:0] script '/domains/brenties/functions.php' not found or unable to stat
[Thu Feb 12 05:02:39.993134 2026] [php:error] [pid 49927] [client 158.173.36.45:0] script '/domains/wsmith.enteract/lock360.php' not found or unable to stat
[Thu Feb 12 05:02:39.993175 2026] [php:error] [pid 49972] [client 158.173.36.164:0] script '/domains/icrse/function.php' not found or unable to stat
[Thu Feb 12 05:02:39.993302 2026] [php:error] [pid 49933] [client 158.173.36.169:0] script '/domains/apunderkofler/install.php' not found or unable to stat
