[Thu Feb 12 03:41:23.349180 2026] [php:error] [pid 32029] [client 158.173.36.169:0] script '/domains/ecernstelectric/files.php' not found or unable to stat
[Thu Feb 12 03:41:23.540865 2026] [php:error] [pid 32028] [client 158.173.36.12:0] script '/domains/astrosfm/wp-api.php' not found or unable to stat
[Thu Feb 12 03:41:23.625805 2026] [php:error] [pid 31926] [client 158.173.36.169:0] script '/domains/markrose/wsax.php' not found or unable to stat
[Thu Feb 12 03:41:23.854192 2026] [php:error] [pid 32028] [client 158.173.36.12:0] script '/domains/astrosfm/css.php' not found or unable to stat
[Thu Feb 12 03:41:23.881381 2026] [php:error] [pid 32036] [client 158.173.36.68:0] script '/domains/awciii/wsax.php' not found or unable to stat
[Thu Feb 12 03:41:23.892554 2026] [php:error] [pid 31998] [client 158.173.36.49:0] script '/domains/peterbmiller/wsax.php' not found or unable to stat
[Thu Feb 12 03:41:23.935848 2026] [php:error] [pid 32038] [client 158.173.36.31:0] script '/domains/piltdweb1/css/fan.php' not found or unable to stat
[Thu Feb 12 03:41:24.054593 2026] [php:error] [pid 32021] [client 158.173.36.45:0] script '/domains/mschmid/blog.php' not found or unable to stat
[Thu Feb 12 03:41:24.105091 2026] [php:error] [pid 32017] [client 158.173.36.134:0] script '/domains/hdickens.enteract/files.php' not found or unable to stat
[Thu Feb 12 03:41:24.227544 2026] [php:error] [pid 32016] [client 158.173.36.169:0] script '/domains/markrose/files.php' not found or unable to stat
[Thu Feb 12 03:41:24.227587 2026] [php:error] [pid 32002] [client 158.173.36.45:0] script '/domains/ebon/testt.php' not found or unable to stat
[Thu Feb 12 03:41:24.700306 2026] [php:error] [pid 32003] [client 158.173.36.54:0] script '/domains/system_suspended/media-new.php' not found or unable to stat
[Thu Feb 12 03:41:24.700993 2026] [php:error] [pid 32021] [client 158.173.36.45:0] script '/domains/mschmid/images/av.php' not found or unable to stat
[Thu Feb 12 03:41:24.883211 2026] [php:error] [pid 32028] [client 158.173.36.12:0] script '/domains/astrosfm/wp-error_log.php' not found or unable to stat
[Thu Feb 12 03:41:25.082597 2026] [php:error] [pid 31979] [client 158.173.36.85:0] script '/domains/hdickens.enteract/css/adminfusm.php' not found or unable to stat
[Thu Feb 12 03:41:25.230741 2026] [php:error] [pid 32035] [client 158.173.36.245:0] script '/domains/egmaweb/images/Marvins.php' not found or unable to stat
[Thu Feb 12 03:41:25.284207 2026] [php:error] [pid 32029] [client 158.173.36.169:0] script '/domains/ecernstelectric/blog.php' not found or unable to stat
[Thu Feb 12 03:41:25.446251 2026] [php:error] [pid 32021] [client 158.173.36.45:0] script '/domains/mschmid/elp.php' not found or unable to stat
[Thu Feb 12 03:41:25.446585 2026] [php:error] [pid 32037] [client 158.173.36.134:0] script '/domains/wsmith.enteract/media-new.php' not found or unable to stat
[Thu Feb 12 03:41:25.464582 2026] [php:error] [pid 32024] [client 158.173.36.240:0] script '/domains/nlyfoods/ws.php' not found or unable to stat
[Thu Feb 12 03:41:25.540571 2026] [php:error] [pid 32002] [client 158.173.36.45:0] script '/domains/ebon/network.php' not found or unable to stat
[Thu Feb 12 03:41:25.919767 2026] [php:error] [pid 32016] [client 158.173.36.169:0] script '/domains/markrose/blog.php' not found or unable to stat
[Thu Feb 12 03:41:25.920349 2026] [php:error] [pid 32003] [client 158.173.36.54:0] script '/domains/system_suspended/pages.php' not found or unable to stat
[Thu Feb 12 03:41:26.032822 2026] [php:error] [pid 32024] [client 158.173.36.240:0] script '/domains/nlyfoods/shop.php' not found or unable to stat
[Thu Feb 12 03:41:26.080823 2026] [php:error] [pid 32017] [client 158.173.36.134:0] script '/domains/hdickens.enteract/blog.php' not found or unable to stat
[Thu Feb 12 03:41:26.087769 2026] [php:error] [pid 31993] [client 158.173.36.161:0] script '/domains/mjbradley/media-new.php' not found or unable to stat
[Thu Feb 12 03:41:26.088207 2026] [php:error] [pid 32002] [client 158.173.36.45:0] script '/domains/ebon/wikindex.php' not found or unable to stat
[Thu Feb 12 03:41:26.102313 2026] [php:error] [pid 32029] [client 158.173.36.169:0] script '/domains/ecernstelectric/images/av.php' not found or unable to stat
[Thu Feb 12 03:41:26.461447 2026] [php:error] [pid 32038] [client 158.173.36.31:0] script '/domains/piltdweb1/b.php' not found or unable to stat
[Thu Feb 12 03:41:26.472619 2026] [php:error] [pid 32029] [client 158.173.36.169:0] script '/domains/ecernstelectric/js/mrx.php' not found or unable to stat
[Thu Feb 12 03:41:26.633073 2026] [php:error] [pid 31979] [client 158.173.36.85:0] script '/domains/hdickens.enteract/media-new.php' not found or unable to stat
[Thu Feb 12 03:41:26.772854 2026] [php:error] [pid 32017] [client 158.173.36.134:0] script '/domains/hdickens.enteract/images/av.php' not found or unable to stat
[Thu Feb 12 03:41:26.774792 2026] [php:error] [pid 32037] [client 158.173.36.134:0] script '/domains/wsmith.enteract/pages.php' not found or unable to stat
[Thu Feb 12 03:41:26.801108 2026] [php:error] [pid 31979] [client 158.173.36.85:0] script '/domains/hdickens.enteract/js/class_api.php' not found or unable to stat
[Thu Feb 12 03:41:26.824473 2026] [php:error] [pid 32029] [client 158.173.36.169:0] script '/domains/ecernstelectric/elp.php' not found or unable to stat
[Thu Feb 12 03:41:26.964263 2026] [php:error] [pid 32021] [client 158.173.36.45:0] script '/domains/mschmid/entrepreneuse.php' not found or unable to stat
[Thu Feb 12 03:41:26.965425 2026] [php:error] [pid 31998] [client 158.173.36.49:0] script '/domains/peterbmiller/images/Marvins.php' not found or unable to stat
[Thu Feb 12 03:41:26.967026 2026] [php:error] [pid 32038] [client 158.173.36.31:0] script '/domains/piltdweb1/css/as.php' not found or unable to stat
[Thu Feb 12 03:41:27.145823 2026] [php:error] [pid 32024] [client 158.173.36.240:0] script '/domains/nlyfoods/wp-api.php' not found or unable to stat
[Thu Feb 12 03:41:27.155346 2026] [php:error] [pid 32017] [client 158.173.36.134:0] script '/domains/hdickens.enteract/js/mrx.php' not found or unable to stat
[Thu Feb 12 03:41:27.328713 2026] [php:error] [pid 32003] [client 158.173.36.54:0] script '/domains/system_suspended/adminfus.php' not found or unable to stat
[Thu Feb 12 03:41:27.330436 2026] [php:error] [pid 31993] [client 158.173.36.161:0] script '/domains/mjbradley/pages.php' not found or unable to stat
[Thu Feb 12 03:41:27.330735 2026] [php:error] [pid 32016] [client 158.173.36.169:0] script '/domains/markrose/elp.php' not found or unable to stat
[Thu Feb 12 03:41:27.512310 2026] [php:error] [pid 32024] [client 158.173.36.240:0] script '/domains/nlyfoods/css.php' not found or unable to stat
[Thu Feb 12 03:41:27.541107 2026] [php:error] [pid 32017] [client 158.173.36.134:0] script '/domains/hdickens.enteract/elp.php' not found or unable to stat
[Thu Feb 12 03:41:27.542262 2026] [php:error] [pid 32038] [client 158.173.36.31:0] script '/domains/piltdweb1/wsax.php' not found or unable to stat
[Thu Feb 12 03:41:27.978855 2026] [php:error] [pid 31979] [client 158.173.36.85:0] script '/domains/hdickens.enteract/pages.php' not found or unable to stat
[Thu Feb 12 03:41:28.260340 2026] [php:error] [pid 32028] [client 158.173.36.12:0] script '/domains/astrosfm/files.php' not found or unable to stat
[Thu Feb 12 03:41:28.484935 2026] [php:error] [pid 32037] [client 158.173.36.134:0] script '/domains/wsmith.enteract/adminfus.php' not found or unable to stat
[Thu Feb 12 03:41:28.503728 2026] [php:error] [pid 32003] [client 158.173.36.54:0] script '/domains/system_suspended/cong.php' not found or unable to stat
[Thu Feb 12 03:41:28.810523 2026] [php:error] [pid 32016] [client 158.173.36.169:0] script '/domains/markrose/fonts/install.php' not found or unable to stat
[Thu Feb 12 03:41:28.812831 2026] [php:error] [pid 32024] [client 158.173.36.240:0] script '/domains/nlyfoods/wp-error_log.php' not found or unable to stat
[Thu Feb 12 03:41:28.916617 2026] [php:error] [pid 31993] [client 158.173.36.161:0] script '/domains/mjbradley/adminfus.php' not found or unable to stat
[Thu Feb 12 03:41:28.987838 2026] [php:error] [pid 32029] [client 158.173.36.169:0] script '/domains/ecernstelectric/entrepreneuse.php' not found or unable to stat
[Thu Feb 12 03:41:29.005658 2026] [php:error] [pid 32017] [client 158.173.36.134:0] script '/domains/hdickens.enteract/fonts/install.php' not found or unable to stat
[Thu Feb 12 03:41:29.166815 2026] [php:error] [pid 32016] [client 158.173.36.169:0] script '/domains/markrose/entrepreneuse.php' not found or unable to stat
[Thu Feb 12 03:41:29.280459 2026] [php:error] [pid 31993] [client 158.173.36.161:0] script '/domains/mjbradley/images/as.php' not found or unable to stat
[Thu Feb 12 03:41:29.416954 2026] [php:error] [pid 32037] [client 158.173.36.134:0] script '/domains/wsmith.enteract/cong.php' not found or unable to stat
[Thu Feb 12 03:41:29.417275 2026] [php:error] [pid 32017] [client 158.173.36.134:0] script '/domains/hdickens.enteract/entrepreneuse.php' not found or unable to stat
[Thu Feb 12 03:41:29.417302 2026] [php:error] [pid 31979] [client 158.173.36.85:0] script '/domains/hdickens.enteract/css/adminfus.php' not found or unable to stat
[Thu Feb 12 03:41:29.620609 2026] [php:error] [pid 31979] [client 158.173.36.85:0] script '/domains/hdickens.enteract/adminfus.php' not found or unable to stat
[Thu Feb 12 03:41:29.631018 2026] [php:error] [pid 32021] [client 158.173.36.45:0] script '/domains/mschmid/testt.php' not found or unable to stat
[Thu Feb 12 03:41:29.807843 2026] [php:error] [pid 32003] [client 158.173.36.54:0] script '/domains/system_suspended/wp-configs.php' not found or unable to stat
[Thu Feb 12 03:41:29.847910 2026] [php:error] [pid 31993] [client 158.173.36.161:0] script '/domains/mjbradley/cong.php' not found or unable to stat
[Thu Feb 12 03:41:29.913858 2026] [php:error] [pid 32043] [client 158.173.36.160:0] script '/domains/egmaweb/bs1.php' not found or unable to stat
[Thu Feb 12 03:41:30.040194 2026] [php:error] [pid 31979] [client 158.173.36.85:0] script '/domains/hdickens.enteract/images/as.php' not found or unable to stat
[Thu Feb 12 03:41:30.052157 2026] [php:error] [pid 32029] [client 158.173.36.169:0] script '/domains/ecernstelectric/js/db.php' not found or unable to stat
[Thu Feb 12 03:41:30.112116 2026] [php:error] [pid 32028] [client 158.173.36.12:0] script '/domains/astrosfm/blog.php' not found or unable to stat
[Thu Feb 12 03:41:30.388195 2026] [php:error] [pid 32043] [client 158.173.36.160:0] script '/domains/egmaweb/page.php' not found or unable to stat
[Thu Feb 12 03:41:30.388653 2026] [php:error] [pid 32017] [client 158.173.36.134:0] script '/domains/hdickens.enteract/js/db.php' not found or unable to stat
[Thu Feb 12 03:41:30.576519 2026] [php:error] [pid 31979] [client 158.173.36.85:0] script '/domains/hdickens.enteract/cong.php' not found or unable to stat
[Thu Feb 12 03:41:30.724083 2026] [php:error] [pid 32037] [client 158.173.36.134:0] script '/domains/wsmith.enteract/wp-configs.php' not found or unable to stat
[Thu Feb 12 03:41:30.880530 2026] [php:error] [pid 32021] [client 158.173.36.45:0] script '/domains/mschmid/network.php' not found or unable to stat
[Thu Feb 12 03:41:31.128033 2026] [php:error] [pid 32035] [client 158.173.36.63:0] script '/domains/awciii/bs1.php' not found or unable to stat
[Thu Feb 12 03:41:31.128384 2026] [php:error] [pid 31993] [client 158.173.36.161:0] script '/domains/mjbradley/wp-configs.php' not found or unable to stat
[Thu Feb 12 03:41:31.159400 2026] [php:error] [pid 32041] [client 158.173.36.54:0] script '/domains/markrose/bs1.php' not found or unable to stat
[Thu Feb 12 03:41:31.296642 2026] [php:error] [pid 32016] [client 158.173.36.169:0] script '/domains/markrose/testt.php' not found or unable to stat
[Thu Feb 12 03:41:31.304091 2026] [php:error] [pid 32042] [client 158.173.36.71:0] script '/domains/ebon/media-new.php' not found or unable to stat
[Thu Feb 12 03:41:31.309637 2026] [php:error] [pid 31979] [client 158.173.36.85:0] script '/domains/hdickens.enteract/css/install.php' not found or unable to stat
[Thu Feb 12 03:41:31.422672 2026] [php:error] [pid 32021] [client 158.173.36.45:0] script '/domains/mschmid/wikindex.php' not found or unable to stat
[Thu Feb 12 03:41:31.461546 2026] [php:error] [pid 32028] [client 158.173.36.12:0] script '/domains/astrosfm/elp.php' not found or unable to stat
[Thu Feb 12 03:41:31.469922 2026] [php:error] [pid 32002] [client 158.173.36.45:0] script '/domains/peterbmiller/bs1.php' not found or unable to stat
[Thu Feb 12 03:41:31.491148 2026] [php:error] [pid 32029] [client 158.173.36.169:0] script '/domains/ecernstelectric/testt.php' not found or unable to stat
[Thu Feb 12 03:41:31.555988 2026] [php:error] [pid 32035] [client 158.173.36.63:0] script '/domains/awciii/page.php' not found or unable to stat
[Thu Feb 12 03:41:31.655305 2026] [php:error] [pid 32041] [client 158.173.36.54:0] script '/domains/markrose/page.php' not found or unable to stat
[Thu Feb 12 03:41:31.728997 2026] [php:error] [pid 32036] [client 158.173.36.54:0] script '/domains/system_suspended/ms-users.php' not found or unable to stat
[Thu Feb 12 03:41:31.940233 2026] [php:error] [pid 31979] [client 158.173.36.85:0] script '/domains/hdickens.enteract/wp-configs.php' not found or unable to stat
[Thu Feb 12 03:41:31.955869 2026] [php:error] [pid 32024] [client 158.173.36.240:0] script '/domains/nlyfoods/files.php' not found or unable to stat
[Thu Feb 12 03:41:32.001343 2026] [php:error] [pid 32017] [client 158.173.36.134:0] script '/domains/hdickens.enteract/testt.php' not found or unable to stat
[Thu Feb 12 03:41:32.376911 2026] [php:error] [pid 32002] [client 158.173.36.45:0] script '/domains/peterbmiller/page.php' not found or unable to stat
[Thu Feb 12 03:41:32.651440 2026] [php:error] [pid 31926] [client 158.173.36.124:0] script '/domains/wsmith.enteract/ms-users.php' not found or unable to stat
[Thu Feb 12 03:41:32.752219 2026] [php:error] [pid 32042] [client 158.173.36.71:0] script '/domains/ebon/pages.php' not found or unable to stat
[Thu Feb 12 03:41:32.802055 2026] [php:error] [pid 32016] [client 158.173.36.169:0] script '/domains/markrose/network.php' not found or unable to stat
[Thu Feb 12 03:41:33.047144 2026] [php:error] [pid 32029] [client 158.173.36.169:0] script '/domains/ecernstelectric/network.php' not found or unable to stat
[Thu Feb 12 03:41:33.237150 2026] [php:error] [pid 32039] [client 158.173.36.31:0] script '/domains/mjbradley/ms-users.php' not found or unable to stat
[Thu Feb 12 03:41:33.350916 2026] [php:error] [pid 32016] [client 158.173.36.169:0] script '/domains/markrose/wikindex.php' not found or unable to stat
[Thu Feb 12 03:41:33.363233 2026] [php:error] [pid 32017] [client 158.173.36.134:0] script '/domains/hdickens.enteract/network.php' not found or unable to stat
[Thu Feb 12 03:41:33.453146 2026] [php:error] [pid 32028] [client 158.173.36.12:0] script '/domains/astrosfm/entrepreneuse.php' not found or unable to stat
[Thu Feb 12 03:41:33.526722 2026] [php:error] [pid 32037] [client 158.173.36.134:0] script '/domains/egmaweb/images/autoload_classmap.php' not found or unable to stat
[Thu Feb 12 03:41:33.607821 2026] [php:error] [pid 32029] [client 158.173.36.169:0] script '/domains/ecernstelectric/wikindex.php' not found or unable to stat
[Thu Feb 12 03:41:33.771230 2026] [php:error] [pid 32024] [client 158.173.36.240:0] script '/domains/nlyfoods/blog.php' not found or unable to stat
[Thu Feb 12 03:41:34.079231 2026] [php:error] [pid 32017] [client 158.173.36.134:0] script '/domains/hdickens.enteract/wikindex.php' not found or unable to stat
[Thu Feb 12 03:41:34.211284 2026] [php:error] [pid 32043] [client 158.173.36.240:0] script '/domains/hdickens.enteract/ms-users.php' not found or unable to stat
[Thu Feb 12 03:41:34.211541 2026] [php:error] [pid 32042] [client 158.173.36.71:0] script '/domains/ebon/adminfus.php' not found or unable to stat
[Thu Feb 12 03:41:34.668432 2026] [php:error] [pid 32042] [client 158.173.36.71:0] script '/domains/ebon/images/as.php' not found or unable to stat
[Thu Feb 12 03:41:34.951795 2026] [php:error] [pid 32037] [client 158.173.36.134:0] script '/domains/egmaweb/ws.php' not found or unable to stat
[Thu Feb 12 03:41:35.050686 2026] [php:error] [pid 32024] [client 158.173.36.240:0] script '/domains/nlyfoods/js/mrx.php' not found or unable to stat
[Thu Feb 12 03:41:35.121060 2026] [php:error] [pid 32043] [client 158.173.36.240:0] script '/domains/hdickens.enteract/css/file.php' not found or unable to stat
[Thu Feb 12 03:41:35.141051 2026] [php:error] [pid 32042] [client 158.173.36.71:0] script '/domains/ebon/cong.php' not found or unable to stat
[Thu Feb 12 03:41:35.332262 2026] [php:error] [pid 32002] [client 158.173.36.171:0] script '/domains/peterbmiller/images/autoload_classmap.php' not found or unable to stat
[Thu Feb 12 03:41:35.392278 2026] [php:error] [pid 32024] [client 158.173.36.240:0] script '/domains/nlyfoods/elp.php' not found or unable to stat
[Thu Feb 12 03:41:35.433146 2026] [php:error] [pid 32037] [client 158.173.36.134:0] script '/domains/egmaweb/shop.php' not found or unable to stat
[Thu Feb 12 03:41:35.540084 2026] [php:error] [pid 32035] [client 158.173.36.4:0] script '/domains/piltdweb1/bs1.php' not found or unable to stat
[Thu Feb 12 03:41:35.643660 2026] [php:error] [pid 32028] [client 158.173.36.12:0] script '/domains/astrosfm/testt.php' not found or unable to stat
[Thu Feb 12 03:41:36.149266 2026] [php:error] [pid 32035] [client 158.173.36.4:0] script '/domains/piltdweb1/page.php' not found or unable to stat
[Thu Feb 12 03:41:36.481133 2026] [php:error] [pid 32038] [client 158.173.36.70:0] script '/domains/awciii/ws.php' not found or unable to stat
[Thu Feb 12 03:41:36.612195 2026] [php:error] [pid 32042] [client 158.173.36.71:0] script '/domains/ebon/wp-configs.php' not found or unable to stat
[Thu Feb 12 03:41:36.700021 2026] [php:error] [pid 32037] [client 158.173.36.134:0] script '/domains/egmaweb/wp-api.php' not found or unable to stat
[Thu Feb 12 03:41:36.850329 2026] [php:error] [pid 32036] [client 158.173.36.54:0] script '/domains/system_suspended/top.php' not found or unable to stat
[Thu Feb 12 03:41:36.956098 2026] [php:error] [pid 31993] [client 158.173.36.230:0] script '/domains/markrose/ws.php' not found or unable to stat
[Thu Feb 12 03:41:36.992570 2026] [php:error] [pid 32002] [client 158.173.36.171:0] script '/domains/peterbmiller/ws.php' not found or unable to stat
[Thu Feb 12 03:41:37.049842 2026] [php:error] [pid 32038] [client 158.173.36.70:0] script '/domains/awciii/shop.php' not found or unable to stat
[Thu Feb 12 03:41:37.049844 2026] [php:error] [pid 32024] [client 158.173.36.240:0] script '/domains/nlyfoods/entrepreneuse.php' not found or unable to stat
[Thu Feb 12 03:41:37.156411 2026] [php:error] [pid 32037] [client 158.173.36.134:0] script '/domains/egmaweb/css.php' not found or unable to stat
[Thu Feb 12 03:41:37.156505 2026] [php:error] [pid 32028] [client 158.173.36.12:0] script '/domains/astrosfm/network.php' not found or unable to stat
[Thu Feb 12 03:41:37.453794 2026] [php:error] [pid 32011] [client 158.173.36.70:0] script '/domains/mschmid/media-new.php' not found or unable to stat
[Thu Feb 12 03:41:37.584723 2026] [php:error] [pid 31993] [client 158.173.36.230:0] script '/domains/markrose/shop.php' not found or unable to stat
[Thu Feb 12 03:41:37.605369 2026] [php:error] [pid 32002] [client 158.173.36.171:0] script '/domains/peterbmiller/shop.php' not found or unable to stat
[Thu Feb 12 03:41:37.657182 2026] [php:error] [pid 31926] [client 158.173.36.124:0] script '/domains/wsmith.enteract/top.php' not found or unable to stat
[Thu Feb 12 03:41:37.792506 2026] [php:error] [pid 32028] [client 158.173.36.12:0] script '/domains/astrosfm/wikindex.php' not found or unable to stat
[Thu Feb 12 03:41:38.276932 2026] [php:error] [pid 32024] [client 158.173.36.240:0] script '/domains/nlyfoods/js/db.php' not found or unable to stat
[Thu Feb 12 03:41:38.342547 2026] [php:error] [pid 32037] [client 158.173.36.134:0] script '/domains/egmaweb/wp-error_log.php' not found or unable to stat
[Thu Feb 12 03:41:38.394072 2026] [php:error] [pid 32029] [client 158.173.36.134:0] script '/domains/hdickens.enteract/css/adminfusm.php' not found or unable to stat
[Thu Feb 12 03:41:38.455922 2026] [php:error] [pid 32039] [client 158.173.36.31:0] script '/domains/mjbradley/top.php' not found or unable to stat
[Thu Feb 12 03:41:38.687591 2026] [php:error] [pid 32038] [client 158.173.36.70:0] script '/domains/awciii/wp-api.php' not found or unable to stat
[Thu Feb 12 03:41:38.870792 2026] [php:error] [pid 32011] [client 158.173.36.70:0] script '/domains/mschmid/pages.php' not found or unable to stat
[Thu Feb 12 03:41:38.987090 2026] [php:error] [pid 32002] [client 158.173.36.171:0] script '/domains/peterbmiller/wp-api.php' not found or unable to stat
[Thu Feb 12 03:41:39.001198 2026] [php:error] [pid 31993] [client 158.173.36.230:0] script '/domains/markrose/wp-api.php' not found or unable to stat
[Thu Feb 12 03:41:39.021925 2026] [php:error] [pid 32038] [client 158.173.36.70:0] script '/domains/awciii/css.php' not found or unable to stat
[Thu Feb 12 03:41:39.053259 2026] [php:error] [pid 32016] [client 158.173.36.80:0] script '/domains/markrose/media-new.php' not found or unable to stat
[Thu Feb 12 03:41:39.357974 2026] [php:error] [pid 31993] [client 158.173.36.230:0] script '/domains/markrose/css.php' not found or unable to stat
[Thu Feb 12 03:41:39.359690 2026] [php:error] [pid 32002] [client 158.173.36.171:0] script '/domains/peterbmiller/css.php' not found or unable to stat
[Thu Feb 12 03:41:39.387637 2026] [php:error] [pid 32043] [client 158.173.36.240:0] script '/domains/hdickens.enteract/top.php' not found or unable to stat
[Thu Feb 12 03:41:39.539002 2026] [php:error] [pid 32024] [client 158.173.36.240:0] script '/domains/nlyfoods/testt.php' not found or unable to stat
[Thu Feb 12 03:41:39.810768 2026] [php:error] [pid 32045] [client 158.173.36.240:0] script '/domains/ebon/ms-users.php' not found or unable to stat
[Thu Feb 12 03:41:40.270668 2026] [php:error] [pid 32029] [client 158.173.36.134:0] script '/domains/hdickens.enteract/media-new.php' not found or unable to stat
[Thu Feb 12 03:41:40.275010 2026] [php:error] [pid 32038] [client 158.173.36.70:0] script '/domains/awciii/wp-error_log.php' not found or unable to stat
[Thu Feb 12 03:41:40.288885 2026] [php:error] [pid 32044] [client 158.173.36.169:0] script '/domains/ecernstelectric/media-new.php' not found or unable to stat
[Thu Feb 12 03:41:40.428385 2026] [php:error] [pid 32029] [client 158.173.36.134:0] script '/domains/hdickens.enteract/js/class_api.php' not found or unable to stat
[Thu Feb 12 03:41:40.444875 2026] [php:error] [pid 32044] [client 158.173.36.169:0] script '/domains/ecernstelectric/js/class_api.php' not found or unable to stat
[Thu Feb 12 03:41:40.521351 2026] [php:error] [pid 31993] [client 158.173.36.230:0] script '/domains/markrose/wp-error_log.php' not found or unable to stat
[Thu Feb 12 03:41:40.521656 2026] [php:error] [pid 32041] [client 158.173.36.71:0] script '/domains/piltdweb1/ws.php' not found or unable to stat
[Thu Feb 12 03:41:40.635994 2026] [php:error] [pid 32016] [client 158.173.36.80:0] script '/domains/markrose/pages.php' not found or unable to stat
[Thu Feb 12 03:41:40.667055 2026] [php:error] [pid 32011] [client 158.173.36.70:0] script '/domains/mschmid/adminfus.php' not found or unable to stat
[Thu Feb 12 03:41:40.829715 2026] [php:error] [pid 32002] [client 158.173.36.171:0] script '/domains/peterbmiller/wp-error_log.php' not found or unable to stat
[Thu Feb 12 03:41:40.862483 2026] [php:error] [pid 32024] [client 158.173.36.240:0] script '/domains/nlyfoods/network.php' not found or unable to stat
[Thu Feb 12 03:41:40.988491 2026] [php:error] [pid 32011] [client 158.173.36.70:0] script '/domains/mschmid/images/as.php' not found or unable to stat
[Thu Feb 12 03:41:41.007799 2026] [php:error] [pid 32041] [client 158.173.36.71:0] script '/domains/piltdweb1/shop.php' not found or unable to stat
[Thu Feb 12 03:41:41.316006 2026] [php:error] [pid 32024] [client 158.173.36.240:0] script '/domains/nlyfoods/wikindex.php' not found or unable to stat
[Thu Feb 12 03:41:41.518422 2026] [php:error] [pid 32011] [client 158.173.36.70:0] script '/domains/mschmid/cong.php' not found or unable to stat
[Thu Feb 12 03:41:41.521679 2026] [php:error] [pid 32029] [client 158.173.36.134:0] script '/domains/hdickens.enteract/pages.php' not found or unable to stat
[Thu Feb 12 03:41:41.613318 2026] [php:error] [pid 32017] [client 158.173.36.124:0] script '/domains/astrosfm/css/adminfusm.php' not found or unable to stat
[Thu Feb 12 03:41:41.645438 2026] [php:error] [pid 32044] [client 158.173.36.169:0] script '/domains/ecernstelectric/pages.php' not found or unable to stat
[Thu Feb 12 03:41:41.649948 2026] [php:error] [pid 32037] [client 158.173.36.134:0] script '/domains/egmaweb/files.php' not found or unable to stat
[Thu Feb 12 03:41:41.802041 2026] [php:error] [pid 32016] [client 158.173.36.80:0] script '/domains/markrose/adminfus.php' not found or unable to stat
[Thu Feb 12 03:41:42.096586 2026] [php:error] [pid 32041] [client 158.173.36.71:0] script '/domains/piltdweb1/wp-api.php' not found or unable to stat
[Thu Feb 12 03:41:42.468303 2026] [php:error] [pid 32041] [client 158.173.36.71:0] script '/domains/piltdweb1/css.php' not found or unable to stat
[Thu Feb 12 03:41:42.649715 2026] [php:error] [pid 32016] [client 158.173.36.80:0] script '/domains/markrose/cong.php' not found or unable to stat
[Thu Feb 12 03:41:42.732335 2026] [php:error] [pid 32029] [client 158.173.36.134:0] script '/domains/hdickens.enteract/css/adminfus.php' not found or unable to stat
[Thu Feb 12 03:41:42.883302 2026] [php:error] [pid 32029] [client 158.173.36.134:0] script '/domains/hdickens.enteract/adminfus.php' not found or unable to stat
[Thu Feb 12 03:41:42.884406 2026] [php:error] [pid 32036] [client 158.173.36.54:0] script '/domains/system_suspended/setup-config.php' not found or unable to stat
[Thu Feb 12 03:41:42.923963 2026] [php:error] [pid 32011] [client 158.173.36.70:0] script '/domains/mschmid/wp-configs.php' not found or unable to stat
[Thu Feb 12 03:41:43.064786 2026] [php:error] [pid 32017] [client 158.173.36.124:0] script '/domains/astrosfm/media-new.php' not found or unable to stat
[Thu Feb 12 03:41:43.123408 2026] [php:error] [pid 32039] [client 158.173.36.31:0] script '/domains/mjbradley/images/c99.php' not found or unable to stat
[Thu Feb 12 03:41:43.134931 2026] [php:error] [pid 32044] [client 158.173.36.169:0] script '/domains/ecernstelectric/adminfus.php' not found or unable to stat
[Thu Feb 12 03:41:43.313751 2026] [php:error] [pid 32029] [client 158.173.36.134:0] script '/domains/hdickens.enteract/images/as.php' not found or unable to stat
[Thu Feb 12 03:41:43.337882 2026] [php:error] [pid 31926] [client 158.173.36.124:0] script '/domains/wsmith.enteract/setup-config.php' not found or unable to stat
[Thu Feb 12 03:41:43.368698 2026] [php:error] [pid 31993] [client 158.173.36.230:0] script '/domains/markrose/files.php' not found or unable to stat
[Thu Feb 12 03:41:43.380354 2026] [php:error] [pid 32037] [client 158.173.36.134:0] script '/domains/egmaweb/blog.php' not found or unable to stat
[Thu Feb 12 03:41:43.517735 2026] [php:error] [pid 32041] [client 158.173.36.71:0] script '/domains/piltdweb1/wp-error_log.php' not found or unable to stat
[Thu Feb 12 03:41:43.524689 2026] [php:error] [pid 32044] [client 158.173.36.169:0] script '/domains/ecernstelectric/images/as.php' not found or unable to stat
[Thu Feb 12 03:41:43.675843 2026] [php:error] [pid 32036] [client 158.173.36.54:0] script '/domains/system_suspended/type.php' not found or unable to stat
[Thu Feb 12 03:41:43.767073 2026] [php:error] [pid 32038] [client 158.173.36.70:0] script '/domains/awciii/files.php' not found or unable to stat
[Thu Feb 12 03:41:43.840703 2026] [php:error] [pid 32016] [client 158.173.36.80:0] script '/domains/markrose/wp-configs.php' not found or unable to stat
[Thu Feb 12 03:41:43.845256 2026] [php:error] [pid 32029] [client 158.173.36.134:0] script '/domains/hdickens.enteract/cong.php' not found or unable to stat
[Thu Feb 12 03:41:43.845760 2026] [php:error] [pid 32002] [client 158.173.36.171:0] script '/domains/peterbmiller/files.php' not found or unable to stat
[Thu Feb 12 03:41:43.845957 2026] [php:error] [pid 32039] [client 158.173.36.31:0] script '/domains/mjbradley/setup-config.php' not found or unable to stat
[Thu Feb 12 03:41:44.000546 2026] [php:error] [pid 32037] [client 158.173.36.134:0] script '/domains/egmaweb/images/av.php' not found or unable to stat
[Thu Feb 12 03:41:44.000546 2026] [php:error] [pid 31926] [client 158.173.36.124:0] script '/domains/wsmith.enteract/type.php' not found or unable to stat
[Thu Feb 12 03:41:44.091815 2026] [php:error] [pid 32044] [client 158.173.36.169:0] script '/domains/ecernstelectric/cong.php' not found or unable to stat
[Thu Feb 12 03:41:44.537900 2026] [php:error] [pid 32039] [client 158.173.36.31:0] script '/domains/mjbradley/type.php' not found or unable to stat
[Thu Feb 12 03:41:44.537935 2026] [php:error] [pid 32017] [client 158.173.36.124:0] script '/domains/astrosfm/pages.php' not found or unable to stat
[Thu Feb 12 03:41:44.537965 2026] [php:error] [pid 32029] [client 158.173.36.134:0] script '/domains/hdickens.enteract/css/install.php' not found or unable to stat
[Thu Feb 12 03:41:44.538364 2026] [php:error] [pid 32043] [client 158.173.36.240:0] script '/domains/hdickens.enteract/images/c99.php' not found or unable to stat
[Thu Feb 12 03:41:44.809330 2026] [php:error] [pid 32045] [client 158.173.36.240:0] script '/domains/ebon/top.php' not found or unable to stat
[Thu Feb 12 03:41:44.810297 2026] [php:error] [pid 32035] [client 158.173.36.12:0] script '/domains/mschmid/ms-users.php' not found or unable to stat
[Thu Feb 12 03:41:44.811850 2026] [php:error] [pid 32037] [client 158.173.36.134:0] script '/domains/egmaweb/elp.php' not found or unable to stat
[Thu Feb 12 03:41:45.043940 2026] [php:error] [pid 32030] [client 158.173.36.70:0] script '/domains/nlyfoods/css/adminfusm.php' not found or unable to stat
[Thu Feb 12 03:41:45.160477 2026] [php:error] [pid 31993] [client 158.173.36.230:0] script '/domains/markrose/blog.php' not found or unable to stat
[Thu Feb 12 03:41:45.195606 2026] [php:error] [pid 32029] [client 158.173.36.134:0] script '/domains/hdickens.enteract/wp-configs.php' not found or unable to stat
[Thu Feb 12 03:41:45.365256 2026] [php:error] [pid 32043] [client 158.173.36.240:0] script '/domains/hdickens.enteract/setup-config.php' not found or unable to stat
[Thu Feb 12 03:41:45.539469 2026] [php:error] [pid 32044] [client 158.173.36.169:0] script '/domains/ecernstelectric/wp-configs.php' not found or unable to stat
[Thu Feb 12 03:41:45.548942 2026] [php:error] [pid 32036] [client 158.173.36.54:0] script '/domains/system_suspended/goat.php' not found or unable to stat
[Thu Feb 12 03:41:45.662358 2026] [php:error] [pid 32034] [client 158.173.36.134:0] script '/domains/markrose/ms-users.php' not found or unable to stat
[Thu Feb 12 03:41:45.686287 2026] [php:error] [pid 32002] [client 158.173.36.171:0] script '/domains/peterbmiller/blog.php' not found or unable to stat
[Thu Feb 12 03:41:45.707788 2026] [php:error] [pid 32038] [client 158.173.36.70:0] script '/domains/awciii/blog.php' not found or unable to stat
[Thu Feb 12 03:41:45.868807 2026] [php:error] [pid 31926] [client 158.173.36.124:0] script '/domains/wsmith.enteract/goat.php' not found or unable to stat
[Thu Feb 12 03:41:45.869048 2026] [php:error] [pid 32017] [client 158.173.36.124:0] script '/domains/astrosfm/css/adminfus.php' not found or unable to stat
[Thu Feb 12 03:41:46.016605 2026] [php:error] [pid 32043] [client 158.173.36.240:0] script '/domains/hdickens.enteract/type.php' not found or unable to stat
[Thu Feb 12 03:41:46.031729 2026] [php:error] [pid 32017] [client 158.173.36.124:0] script '/domains/astrosfm/adminfus.php' not found or unable to stat
[Thu Feb 12 03:41:46.218706 2026] [php:error] [pid 32037] [client 158.173.36.134:0] script '/domains/egmaweb/entrepreneuse.php' not found or unable to stat
[Thu Feb 12 03:41:46.322183 2026] [php:error] [pid 32002] [client 158.173.36.171:0] script '/domains/peterbmiller/images/av.php' not found or unable to stat
[Thu Feb 12 03:41:46.365225 2026] [php:error] [pid 32030] [client 158.173.36.70:0] script '/domains/nlyfoods/media-new.php' not found or unable to stat
[Thu Feb 12 03:41:46.367090 2026] [php:error] [pid 32039] [client 158.173.36.31:0] script '/domains/mjbradley/goat.php' not found or unable to stat
[Thu Feb 12 03:41:46.385285 2026] [php:error] [pid 32041] [client 158.173.36.71:0] script '/domains/piltdweb1/files.php' not found or unable to stat
[Thu Feb 12 03:41:46.386241 2026] [php:error] [pid 31993] [client 158.173.36.230:0] script '/domains/markrose/elp.php' not found or unable to stat
[Thu Feb 12 03:41:46.514527 2026] [php:error] [pid 32030] [client 158.173.36.70:0] script '/domains/nlyfoods/js/class_api.php' not found or unable to stat
[Thu Feb 12 03:41:46.901346 2026] [php:error] [pid 32024] [client 158.173.36.210:0] script '/domains/hdickens.enteract/ms-users.php' not found or unable to stat
[Thu Feb 12 03:41:46.999579 2026] [php:error] [pid 32017] [client 158.173.36.124:0] script '/domains/astrosfm/cong.php' not found or unable to stat
[Thu Feb 12 03:41:47.333557 2026] [php:error] [pid 32002] [client 158.173.36.171:0] script '/domains/peterbmiller/elp.php' not found or unable to stat
[Thu Feb 12 03:41:47.347388 2026] [php:error] [pid 32011] [client 158.173.36.169:0] script '/domains/ecernstelectric/ms-users.php' not found or unable to stat
[Thu Feb 12 03:41:47.350117 2026] [php:error] [pid 32038] [client 158.173.36.70:0] script '/domains/awciii/elp.php' not found or unable to stat
[Thu Feb 12 03:41:47.437973 2026] [php:error] [pid 32043] [client 158.173.36.240:0] script '/domains/hdickens.enteract/css/about.php' not found or unable to stat
[Thu Feb 12 03:41:47.593301 2026] [php:error] [pid 32024] [client 158.173.36.210:0] script '/domains/hdickens.enteract/css/file.php' not found or unable to stat
[Thu Feb 12 03:41:47.593491 2026] [php:error] [pid 32043] [client 158.173.36.240:0] script '/domains/hdickens.enteract/css/hekokstyle.php' not found or unable to stat
[Thu Feb 12 03:41:47.609636 2026] [php:error] [pid 31993] [client 158.173.36.230:0] script '/domains/markrose/fonts/install.php' not found or unable to stat
[Thu Feb 12 03:41:47.671508 2026] [php:error] [pid 32039] [client 158.173.36.31:0] script '/domains/mjbradley/images/file.php' not found or unable to stat
[Thu Feb 12 03:41:47.702250 2026] [php:error] [pid 32017] [client 158.173.36.124:0] script '/domains/astrosfm/css/install.php' not found or unable to stat
[Thu Feb 12 03:41:47.848065 2026] [php:error] [pid 32030] [client 158.173.36.70:0] script '/domains/nlyfoods/pages.php' not found or unable to stat
[Thu Feb 12 03:41:47.944998 2026] [php:error] [pid 31993] [client 158.173.36.230:0] script '/domains/markrose/entrepreneuse.php' not found or unable to stat
[Thu Feb 12 03:41:48.081528 2026] [php:error] [pid 32041] [client 158.173.36.71:0] script '/domains/piltdweb1/blog.php' not found or unable to stat
[Thu Feb 12 03:41:48.090952 2026] [php:error] [pid 32043] [client 158.173.36.240:0] script '/domains/hdickens.enteract/goat.php' not found or unable to stat
[Thu Feb 12 03:41:48.184882 2026] [php:error] [pid 32017] [client 158.173.36.124:0] script '/domains/astrosfm/wp-configs.php' not found or unable to stat
[Thu Feb 12 03:41:48.234133 2026] [php:error] [pid 32037] [client 158.173.36.134:0] script '/domains/egmaweb/testt.php' not found or unable to stat
[Thu Feb 12 03:41:48.665379 2026] [php:error] [pid 32035] [client 158.173.36.12:0] script '/domains/mschmid/top.php' not found or unable to stat
[Thu Feb 12 03:41:48.843290 2026] [php:error] [pid 32002] [client 158.173.36.171:0] script '/domains/peterbmiller/entrepreneuse.php' not found or unable to stat
[Thu Feb 12 03:41:48.890166 2026] [php:error] [pid 32038] [client 158.173.36.70:0] script '/domains/awciii/entrepreneuse.php' not found or unable to stat
[Thu Feb 12 03:41:48.890612 2026] [php:error] [pid 32045] [client 158.173.36.240:0] script '/domains/ebon/images/c99.php' not found or unable to stat
[Thu Feb 12 03:41:49.037281 2026] [php:error] [pid 32030] [client 158.173.36.70:0] script '/domains/nlyfoods/css/adminfus.php' not found or unable to stat
[Thu Feb 12 03:41:49.107690 2026] [php:error] [pid 32041] [client 158.173.36.71:0] script '/domains/piltdweb1/js/mrx.php' not found or unable to stat
[Thu Feb 12 03:41:49.204543 2026] [php:error] [pid 32030] [client 158.173.36.70:0] script '/domains/nlyfoods/adminfus.php' not found or unable to stat
[Thu Feb 12 03:41:49.406111 2026] [php:error] [pid 32043] [client 158.173.36.240:0] script '/domains/hdickens.enteract/images/file.php' not found or unable to stat
[Thu Feb 12 03:41:49.456937 2026] [php:error] [pid 32041] [client 158.173.36.71:0] script '/domains/piltdweb1/elp.php' not found or unable to stat
[Thu Feb 12 03:41:49.457206 2026] [php:error] [pid 32037] [client 158.173.36.134:0] script '/domains/egmaweb/network.php' not found or unable to stat
[Thu Feb 12 03:41:50.121115 2026] [php:error] [pid 32037] [client 158.173.36.134:0] script '/domains/egmaweb/wikindex.php' not found or unable to stat
[Thu Feb 12 03:41:50.216896 2026] [php:error] [pid 32045] [client 158.173.36.240:0] script '/domains/ebon/setup-config.php' not found or unable to stat
[Thu Feb 12 03:41:50.315220 2026] [php:error] [pid 32030] [client 158.173.36.70:0] script '/domains/nlyfoods/cong.php' not found or unable to stat
[Thu Feb 12 03:41:50.414287 2026] [php:error] [pid 31993] [client 158.173.36.230:0] script '/domains/markrose/testt.php' not found or unable to stat
[Thu Feb 12 03:41:50.456258 2026] [php:error] [pid 32043] [client 158.173.36.240:0] script '/domains/hdickens.enteract/img/chat-search.php' not found or unable to stat
[Thu Feb 12 03:41:50.456263 2026] [php:error] [pid 32034] [client 158.173.36.134:0] script '/domains/markrose/top.php' not found or unable to stat
[Thu Feb 12 03:41:50.583842 2026] [php:error] [pid 32016] [client 158.173.36.245:0] script '/domains/astrosfm/ms-users.php' not found or unable to stat
[Thu Feb 12 03:41:50.814661 2026] [php:error] [pid 32041] [client 158.173.36.71:0] script '/domains/piltdweb1/fonts/install.php' not found or unable to stat
[Thu Feb 12 03:41:50.936702 2026] [php:error] [pid 32045] [client 158.173.36.240:0] script '/domains/ebon/type.php' not found or unable to stat
[Thu Feb 12 03:41:51.038483 2026] [php:error] [pid 32030] [client 158.173.36.70:0] script '/domains/nlyfoods/css/install.php' not found or unable to stat
[Thu Feb 12 03:41:51.191284 2026] [php:error] [pid 32024] [client 158.173.36.210:0] script '/domains/hdickens.enteract/top.php' not found or unable to stat
[Thu Feb 12 03:41:51.191539 2026] [php:error] [pid 32041] [client 158.173.36.71:0] script '/domains/piltdweb1/entrepreneuse.php' not found or unable to stat
[Thu Feb 12 03:41:51.248332 2026] [php:error] [pid 32002] [client 158.173.36.171:0] script '/domains/peterbmiller/testt.php' not found or unable to stat
[Thu Feb 12 03:41:51.358875 2026] [php:error] [pid 32038] [client 158.173.36.70:0] script '/domains/awciii/testt.php' not found or unable to stat
[Thu Feb 12 03:41:51.361174 2026] [php:error] [pid 32016] [client 158.173.36.245:0] script '/domains/astrosfm/css/file.php' not found or unable to stat
[Thu Feb 12 03:41:51.872708 2026] [php:error] [pid 32030] [client 158.173.36.70:0] script '/domains/nlyfoods/wp-configs.php' not found or unable to stat
[Thu Feb 12 03:41:51.998698 2026] [php:error] [pid 31993] [client 158.173.36.230:0] script '/domains/markrose/network.php' not found or unable to stat
[Thu Feb 12 03:41:52.175424 2026] [php:error] [pid 32041] [client 158.173.36.71:0] script '/domains/piltdweb1/js/db.php' not found or unable to stat
[Thu Feb 12 03:41:52.501675 2026] [php:error] [pid 31993] [client 158.173.36.230:0] script '/domains/markrose/wikindex.php' not found or unable to stat
[Thu Feb 12 03:41:52.836383 2026] [php:error] [pid 32038] [client 158.173.36.70:0] script '/domains/awciii/network.php' not found or unable to stat
[Thu Feb 12 03:41:52.839726 2026] [php:error] [pid 32002] [client 158.173.36.171:0] script '/domains/peterbmiller/network.php' not found or unable to stat
[Thu Feb 12 03:41:52.843272 2026] [php:error] [pid 32045] [client 158.173.36.240:0] script '/domains/ebon/goat.php' not found or unable to stat
[Thu Feb 12 03:41:52.851322 2026] [php:error] [pid 32011] [client 158.173.36.169:0] script '/domains/ecernstelectric/top.php' not found or unable to stat
[Thu Feb 12 03:41:53.481855 2026] [php:error] [pid 32002] [client 158.173.36.171:0] script '/domains/peterbmiller/wikindex.php' not found or unable to stat
[Thu Feb 12 03:41:53.533197 2026] [php:error] [pid 32038] [client 158.173.36.70:0] script '/domains/awciii/wikindex.php' not found or unable to stat
[Thu Feb 12 03:41:53.683675 2026] [php:error] [pid 32041] [client 158.173.36.71:0] script '/domains/piltdweb1/testt.php' not found or unable to stat
[Thu Feb 12 03:41:54.161689 2026] [php:error] [pid 32045] [client 158.173.36.240:0] script '/domains/ebon/images/file.php' not found or unable to stat
[Thu Feb 12 03:41:54.373949 2026] [php:error] [pid 32035] [client 158.173.36.12:0] script '/domains/mschmid/images/c99.php' not found or unable to stat
[Thu Feb 12 03:41:54.627186 2026] [php:error] [pid 32049] [client 158.173.36.241:0] script '/domains/nlyfoods/ms-users.php' not found or unable to stat
[Thu Feb 12 03:41:55.159593 2026] [php:error] [pid 32041] [client 158.173.36.71:0] script '/domains/piltdweb1/network.php' not found or unable to stat
[Thu Feb 12 03:41:55.325657 2026] [php:error] [pid 32035] [client 158.173.36.12:0] script '/domains/mschmid/setup-config.php' not found or unable to stat
[Thu Feb 12 03:41:55.326745 2026] [php:error] [pid 32049] [client 158.173.36.241:0] script '/domains/nlyfoods/css/file.php' not found or unable to stat
[Thu Feb 12 03:41:55.522223 2026] [php:error] [pid 32044] [client 158.173.36.85:0] script '/domains/egmaweb/media-new.php' not found or unable to stat
[Thu Feb 12 03:41:55.522566 2026] [php:error] [pid 32016] [client 158.173.36.245:0] script '/domains/astrosfm/top.php' not found or unable to stat
[Thu Feb 12 03:41:55.722841 2026] [php:error] [pid 32041] [client 158.173.36.71:0] script '/domains/piltdweb1/wikindex.php' not found or unable to stat
[Thu Feb 12 03:41:56.094696 2026] [php:error] [pid 32035] [client 158.173.36.12:0] script '/domains/mschmid/type.php' not found or unable to stat
[Thu Feb 12 03:41:56.233198 2026] [php:error] [pid 32024] [client 158.173.36.210:0] script '/domains/hdickens.enteract/images/c99.php' not found or unable to stat
[Thu Feb 12 03:41:56.510287 2026] [php:error] [pid 32034] [client 158.173.36.134:0] script '/domains/markrose/setup-config.php' not found or unable to stat
[Thu Feb 12 03:41:56.935361 2026] [php:error] [pid 32044] [client 158.173.36.85:0] script '/domains/egmaweb/pages.php' not found or unable to stat
[Thu Feb 12 03:41:56.941684 2026] [php:error] [pid 32024] [client 158.173.36.210:0] script '/domains/hdickens.enteract/setup-config.php' not found or unable to stat
[Thu Feb 12 03:41:57.279839 2026] [php:error] [pid 32034] [client 158.173.36.134:0] script '/domains/markrose/type.php' not found or unable to stat
[Thu Feb 12 03:41:57.614143 2026] [php:error] [pid 32024] [client 158.173.36.210:0] script '/domains/hdickens.enteract/type.php' not found or unable to stat
[Thu Feb 12 03:41:57.799138 2026] [php:error] [pid 32035] [client 158.173.36.12:0] script '/domains/mschmid/goat.php' not found or unable to stat
[Thu Feb 12 03:41:58.064626 2026] [php:error] [pid 32011] [client 158.173.36.169:0] script '/domains/ecernstelectric/images/c99.php' not found or unable to stat
[Thu Feb 12 03:41:58.294323 2026] [php:error] [pid 32043] [client 158.173.36.45:0] script '/domains/markrose/media-new.php' not found or unable to stat
[Thu Feb 12 03:41:58.488118 2026] [php:error] [pid 32044] [client 158.173.36.85:0] script '/domains/egmaweb/adminfus.php' not found or unable to stat
[Thu Feb 12 03:41:58.810300 2026] [php:error] [pid 32053] [client 158.173.36.54:0] script '/domains/awciii/media-new.php' not found or unable to stat
[Thu Feb 12 03:41:58.812392 2026] [php:error] [pid 32024] [client 158.173.36.210:0] script '/domains/hdickens.enteract/css/about.php' not found or unable to stat
[Thu Feb 12 03:41:58.903855 2026] [php:error] [pid 32044] [client 158.173.36.85:0] script '/domains/egmaweb/images/as.php' not found or unable to stat
[Thu Feb 12 03:41:58.994456 2026] [php:error] [pid 32052] [client 158.173.36.68:0] script '/domains/peterbmiller/media-new.php' not found or unable to stat
[Thu Feb 12 03:41:59.043526 2026] [php:error] [pid 32024] [client 158.173.36.210:0] script '/domains/hdickens.enteract/css/hekokstyle.php' not found or unable to stat
[Thu Feb 12 03:41:59.045857 2026] [php:error] [pid 32049] [client 158.173.36.241:0] script '/domains/nlyfoods/top.php' not found or unable to stat
[Thu Feb 12 03:41:59.101756 2026] [php:error] [pid 32011] [client 158.173.36.169:0] script '/domains/ecernstelectric/setup-config.php' not found or unable to stat
[Thu Feb 12 03:41:59.319915 2026] [php:error] [pid 32035] [client 158.173.36.12:0] script '/domains/mschmid/images/file.php' not found or unable to stat
[Thu Feb 12 03:41:59.407830 2026] [php:error] [pid 32034] [client 158.173.36.134:0] script '/domains/markrose/goat.php' not found or unable to stat
[Thu Feb 12 03:41:59.513196 2026] [php:error] [pid 32038] [client 158.173.36.4:0] script '/domains/piltdweb1/css/adminfusm.php' not found or unable to stat
[Thu Feb 12 03:41:59.532519 2026] [php:error] [pid 32044] [client 158.173.36.85:0] script '/domains/egmaweb/cong.php' not found or unable to stat
[Thu Feb 12 03:41:59.709157 2026] [php:error] [pid 32024] [client 158.173.36.210:0] script '/domains/hdickens.enteract/goat.php' not found or unable to stat
[Thu Feb 12 03:41:59.709298 2026] [php:error] [pid 32043] [client 158.173.36.45:0] script '/domains/markrose/pages.php' not found or unable to stat
[Thu Feb 12 03:42:00.118188 2026] [php:error] [pid 32011] [client 158.173.36.169:0] script '/domains/ecernstelectric/type.php' not found or unable to stat
[Thu Feb 12 03:42:00.278512 2026] [php:error] [pid 32053] [client 158.173.36.54:0] script '/domains/awciii/pages.php' not found or unable to stat
[Thu Feb 12 03:42:00.463245 2026] [php:error] [pid 32052] [client 158.173.36.68:0] script '/domains/peterbmiller/pages.php' not found or unable to stat
[Thu Feb 12 03:42:00.975208 2026] [php:error] [pid 32044] [client 158.173.36.85:0] script '/domains/egmaweb/wp-configs.php' not found or unable to stat
[Thu Feb 12 03:42:01.082884 2026] [php:error] [pid 32038] [client 158.173.36.4:0] script '/domains/piltdweb1/media-new.php' not found or unable to stat
[Thu Feb 12 03:42:01.269749 2026] [php:error] [pid 32038] [client 158.173.36.4:0] script '/domains/piltdweb1/js/class_api.php' not found or unable to stat
[Thu Feb 12 03:42:01.292698 2026] [php:error] [pid 32024] [client 158.173.36.210:0] script '/domains/hdickens.enteract/images/file.php' not found or unable to stat
[Thu Feb 12 03:42:01.613260 2026] [php:error] [pid 32043] [client 158.173.36.45:0] script '/domains/markrose/adminfus.php' not found or unable to stat
[Thu Feb 12 03:42:01.656653 2026] [php:error] [pid 32016] [client 158.173.36.245:0] script '/domains/astrosfm/setup-config.php' not found or unable to stat
[Thu Feb 12 03:42:02.003854 2026] [php:error] [pid 32052] [client 158.173.36.68:0] script '/domains/peterbmiller/adminfus.php' not found or unable to stat
[Thu Feb 12 03:42:02.005194 2026] [php:error] [pid 32053] [client 158.173.36.54:0] script '/domains/awciii/adminfus.php' not found or unable to stat
[Thu Feb 12 03:42:02.085880 2026] [php:error] [pid 32049] [client 158.173.36.241:0] script '/domains/nlyfoods/backup/autoload_classmap.php' not found or unable to stat
[Thu Feb 12 03:42:02.190835 2026] [php:error] [pid 32024] [client 158.173.36.210:0] script '/domains/hdickens.enteract/img/chat-search.php' not found or unable to stat
[Thu Feb 12 03:42:02.241878 2026] [php:error] [pid 32011] [client 158.173.36.169:0] script '/domains/ecernstelectric/goat.php' not found or unable to stat
[Thu Feb 12 03:42:02.303365 2026] [php:error] [pid 32038] [client 158.173.36.4:0] script '/domains/piltdweb1/pages.php' not found or unable to stat
[Thu Feb 12 03:42:02.390288 2026] [php:error] [pid 32052] [client 158.173.36.68:0] script '/domains/peterbmiller/images/as.php' not found or unable to stat
[Thu Feb 12 03:42:02.390504 2026] [php:error] [pid 32016] [client 158.173.36.245:0] script '/domains/astrosfm/type.php' not found or unable to stat
[Thu Feb 12 03:42:02.471588 2026] [php:error] [pid 32043] [client 158.173.36.45:0] script '/domains/markrose/cong.php' not found or unable to stat
[Thu Feb 12 03:42:02.797417 2026] [php:error] [pid 32002] [client 158.173.36.70:0] script '/domains/egmaweb/ms-users.php' not found or unable to stat
[Thu Feb 12 03:42:02.879777 2026] [php:error] [pid 32053] [client 158.173.36.54:0] script '/domains/awciii/cong.php' not found or unable to stat
[Thu Feb 12 03:42:02.980602 2026] [php:error] [pid 32052] [client 158.173.36.68:0] script '/domains/peterbmiller/cong.php' not found or unable to stat
[Thu Feb 12 03:42:03.457902 2026] [php:error] [pid 32038] [client 158.173.36.4:0] script '/domains/piltdweb1/css/adminfus.php' not found or unable to stat
[Thu Feb 12 03:42:03.512835 2026] [php:error] [pid 32016] [client 158.173.36.245:0] script '/domains/astrosfm/css/about.php' not found or unable to stat
