[Thu Feb 12 03:39:04.575275 2026] [php:error] [pid 31986] [client 158.173.36.245:0] script '/domains/egmaweb/f35.php' not found or unable to stat
[Thu Feb 12 03:39:04.642626 2026] [php:error] [pid 31998] [client 158.173.36.240:0] script '/domains/hdickens.enteract/wp-trackback.php' not found or unable to stat
[Thu Feb 12 03:39:04.644763 2026] [php:error] [pid 31991] [client 158.173.36.31:0] script '/domains/peterbmiller/inputs.php' not found or unable to stat
[Thu Feb 12 03:39:04.749180 2026] [php:error] [pid 31997] [client 158.173.36.164:0] script '/domains/wsmith.enteract/wp-setup.php' not found or unable to stat
[Thu Feb 12 03:39:04.773529 2026] [php:error] [pid 31986] [client 158.173.36.245:0] script '/domains/egmaweb/simple.php' not found or unable to stat
[Thu Feb 12 03:39:04.844021 2026] [php:error] [pid 31991] [client 158.173.36.31:0] script '/domains/peterbmiller/mini.php' not found or unable to stat
[Thu Feb 12 03:39:04.889978 2026] [php:error] [pid 31984] [client 158.173.36.31:0] script '/domains/ebon/adminfuns.php' not found or unable to stat
[Thu Feb 12 03:39:04.905196 2026] [php:error] [pid 31993] [client 158.173.36.124:0] script '/domains/nlyfoods/new.php' not found or unable to stat
[Thu Feb 12 03:39:05.021976 2026] [php:error] [pid 31997] [client 158.173.36.164:0] script '/domains/wsmith.enteract/ms-themes.php' not found or unable to stat
[Thu Feb 12 03:39:05.022011 2026] [php:error] [pid 32000] [client 158.173.36.63:0] script '/domains/hdickens.enteract/bypass.php' not found or unable to stat
[Thu Feb 12 03:39:05.025938 2026] [php:error] [pid 31990] [client 158.173.36.169:0] script '/domains/ecernstelectric/images/class.php' not found or unable to stat
[Thu Feb 12 03:39:05.050613 2026] [php:error] [pid 31991] [client 158.173.36.31:0] script '/domains/peterbmiller/goods.php' not found or unable to stat
[Thu Feb 12 03:39:05.050617 2026] [php:error] [pid 31998] [client 158.173.36.240:0] script '/domains/hdickens.enteract/radio.php' not found or unable to stat
[Thu Feb 12 03:39:05.064712 2026] [php:error] [pid 31999] [client 158.173.36.164:0] script '/domains/system_suspended/web.php' not found or unable to stat
[Thu Feb 12 03:39:05.118409 2026] [php:error] [pid 32002] [client 158.173.36.171:0] script '/domains/astrosfm/default.php' not found or unable to stat
[Thu Feb 12 03:39:05.167742 2026] [php:error] [pid 31980] [client 158.173.36.68:0] script '/domains/mjbradley/wp-trackback.php' not found or unable to stat
[Thu Feb 12 03:39:05.190423 2026] [php:error] [pid 31979] [client 158.173.36.71:0] script '/domains/markrose/bypass.php' not found or unable to stat
[Thu Feb 12 03:39:05.207708 2026] [php:error] [pid 32000] [client 158.173.36.63:0] script '/domains/hdickens.enteract/class.php' not found or unable to stat
[Thu Feb 12 03:39:05.215510 2026] [php:error] [pid 31991] [client 158.173.36.31:0] script '/domains/peterbmiller/file5.php' not found or unable to stat
[Thu Feb 12 03:39:05.228911 2026] [php:error] [pid 31984] [client 158.173.36.31:0] script '/domains/ebon/wp_wlx.php' not found or unable to stat
[Thu Feb 12 03:39:05.373395 2026] [php:error] [pid 31979] [client 158.173.36.71:0] script '/domains/markrose/class.php' not found or unable to stat
[Thu Feb 12 03:39:05.373475 2026] [php:error] [pid 31997] [client 158.173.36.164:0] script '/domains/wsmith.enteract/style.php' not found or unable to stat
[Thu Feb 12 03:39:05.406449 2026] [php:error] [pid 31991] [client 158.173.36.31:0] script '/domains/peterbmiller/ahax.php' not found or unable to stat
[Thu Feb 12 03:39:05.415858 2026] [php:error] [pid 31990] [client 158.173.36.169:0] script '/domains/ecernstelectric/web.php' not found or unable to stat
[Thu Feb 12 03:39:05.548247 2026] [php:error] [pid 31980] [client 158.173.36.68:0] script '/domains/mjbradley/radio.php' not found or unable to stat
[Thu Feb 12 03:39:05.631798 2026] [php:error] [pid 31991] [client 158.173.36.31:0] script '/domains/peterbmiller/f35.php' not found or unable to stat
[Thu Feb 12 03:39:05.791691 2026] [php:error] [pid 31984] [client 158.173.36.31:0] script '/domains/ebon/wp.php' not found or unable to stat
[Thu Feb 12 03:39:05.825315 2026] [php:error] [pid 31991] [client 158.173.36.31:0] script '/domains/peterbmiller/simple.php' not found or unable to stat
[Thu Feb 12 03:39:05.825793 2026] [php:error] [pid 31998] [client 158.173.36.240:0] script '/domains/hdickens.enteract/wp-conflg.php' not found or unable to stat
[Thu Feb 12 03:39:05.837618 2026] [php:error] [pid 31990] [client 158.173.36.169:0] script '/domains/ecernstelectric/images/index.php' not found or unable to stat
[Thu Feb 12 03:39:05.898277 2026] [php:error] [pid 31997] [client 158.173.36.164:0] script '/domains/wsmith.enteract/x.php' not found or unable to stat
[Thu Feb 12 03:39:05.939032 2026] [php:error] [pid 32001] [client 158.173.36.31:0] script '/domains/mschmid/install.php' not found or unable to stat
[Thu Feb 12 03:39:05.976516 2026] [php:error] [pid 31994] [client 158.173.36.63:0] script '/domains/piltdweb1/manager.php' not found or unable to stat
[Thu Feb 12 03:39:05.999091 2026] [php:error] [pid 31998] [client 158.173.36.240:0] script '/domains/hdickens.enteract/wp-setup.php' not found or unable to stat
[Thu Feb 12 03:39:06.091937 2026] [php:error] [pid 31999] [client 158.173.36.164:0] script '/domains/system_suspended/wp-trackback.php' not found or unable to stat
[Thu Feb 12 03:39:06.141834 2026] [php:error] [pid 31994] [client 158.173.36.63:0] script '/domains/piltdweb1/bless.php' not found or unable to stat
[Thu Feb 12 03:39:06.145462 2026] [php:error] [pid 31998] [client 158.173.36.240:0] script '/domains/hdickens.enteract/ms-themes.php' not found or unable to stat
[Thu Feb 12 03:39:06.158377 2026] [php:error] [pid 32002] [client 158.173.36.171:0] script '/domains/astrosfm/dropdown.php' not found or unable to stat
[Thu Feb 12 03:39:06.159305 2026] [php:error] [pid 31980] [client 158.173.36.68:0] script '/domains/mjbradley/wp-conflg.php' not found or unable to stat
[Thu Feb 12 03:39:06.165055 2026] [php:error] [pid 31993] [client 158.173.36.124:0] script '/domains/nlyfoods/natural.php' not found or unable to stat
[Thu Feb 12 03:39:06.234856 2026] [php:error] [pid 31984] [client 158.173.36.31:0] script '/domains/ebon/wp-header.php' not found or unable to stat
[Thu Feb 12 03:39:06.237091 2026] [php:error] [pid 32001] [client 158.173.36.31:0] script '/domains/mschmid/images/class-config.php' not found or unable to stat
[Thu Feb 12 03:39:06.309935 2026] [php:error] [pid 32000] [client 158.173.36.63:0] script '/domains/hdickens.enteract/css/css.php' not found or unable to stat
[Thu Feb 12 03:39:06.310049 2026] [php:error] [pid 31994] [client 158.173.36.63:0] script '/domains/piltdweb1/O-Simple.php' not found or unable to stat
[Thu Feb 12 03:39:06.314344 2026] [php:error] [pid 31986] [client 158.173.36.245:0] script '/domains/egmaweb/images/upload.php' not found or unable to stat
[Thu Feb 12 03:39:06.324657 2026] [php:error] [pid 31980] [client 158.173.36.68:0] script '/domains/mjbradley/wp-setup.php' not found or unable to stat
[Thu Feb 12 03:39:06.331039 2026] [php:error] [pid 31993] [client 158.173.36.124:0] script '/domains/nlyfoods/item.php' not found or unable to stat
[Thu Feb 12 03:39:06.392187 2026] [php:error] [pid 31999] [client 158.173.36.164:0] script '/domains/system_suspended/radio.php' not found or unable to stat
[Thu Feb 12 03:39:06.481567 2026] [php:error] [pid 32000] [client 158.173.36.63:0] script '/domains/hdickens.enteract/init.php' not found or unable to stat
[Thu Feb 12 03:39:06.481740 2026] [php:error] [pid 31994] [client 158.173.36.63:0] script '/domains/piltdweb1/lock360.php' not found or unable to stat
[Thu Feb 12 03:39:06.484116 2026] [php:error] [pid 31998] [client 158.173.36.240:0] script '/domains/hdickens.enteract/style.php' not found or unable to stat
[Thu Feb 12 03:39:06.484359 2026] [php:error] [pid 31980] [client 158.173.36.68:0] script '/domains/mjbradley/ms-themes.php' not found or unable to stat
[Thu Feb 12 03:39:06.485982 2026] [php:error] [pid 32002] [client 158.173.36.171:0] script '/domains/astrosfm/db.php' not found or unable to stat
[Thu Feb 12 03:39:06.506293 2026] [php:error] [pid 31979] [client 158.173.36.71:0] script '/domains/markrose/init.php' not found or unable to stat
[Thu Feb 12 03:39:06.580747 2026] [php:error] [pid 31997] [client 158.173.36.164:0] script '/domains/wsmith.enteract/wp-user.php' not found or unable to stat
[Thu Feb 12 03:39:06.581134 2026] [php:error] [pid 31984] [client 158.173.36.31:0] script '/domains/ebon/Marvins.php' not found or unable to stat
[Thu Feb 12 03:39:06.590836 2026] [php:error] [pid 31990] [client 158.173.36.169:0] script '/domains/ecernstelectric/wp-trackback.php' not found or unable to stat
[Thu Feb 12 03:39:06.648617 2026] [php:error] [pid 31994] [client 158.173.36.63:0] script '/domains/piltdweb1/zwso.php' not found or unable to stat
[Thu Feb 12 03:39:06.736967 2026] [php:error] [pid 32001] [client 158.173.36.31:0] script '/domains/mschmid/bypass.php' not found or unable to stat
[Thu Feb 12 03:39:06.805893 2026] [php:error] [pid 31980] [client 158.173.36.68:0] script '/domains/mjbradley/style.php' not found or unable to stat
[Thu Feb 12 03:39:06.827607 2026] [php:error] [pid 31994] [client 158.173.36.63:0] script '/domains/piltdweb1/chosen.php' not found or unable to stat
[Thu Feb 12 03:39:06.893055 2026] [php:error] [pid 31984] [client 158.173.36.31:0] script '/domains/ebon/wp-class.php' not found or unable to stat
[Thu Feb 12 03:39:06.893546 2026] [php:error] [pid 32001] [client 158.173.36.31:0] script '/domains/mschmid/class.php' not found or unable to stat
[Thu Feb 12 03:39:06.963464 2026] [php:error] [pid 31990] [client 158.173.36.169:0] script '/domains/ecernstelectric/radio.php' not found or unable to stat
[Thu Feb 12 03:39:07.024733 2026] [php:error] [pid 31998] [client 158.173.36.240:0] script '/domains/hdickens.enteract/x.php' not found or unable to stat
[Thu Feb 12 03:39:07.025163 2026] [php:error] [pid 31994] [client 158.173.36.63:0] script '/domains/piltdweb1/about.php' not found or unable to stat
[Thu Feb 12 03:39:07.085098 2026] [php:error] [pid 31997] [client 158.173.36.164:0] script '/domains/wsmith.enteract/config.php' not found or unable to stat
[Thu Feb 12 03:39:07.237064 2026] [php:error] [pid 31994] [client 158.173.36.63:0] script '/domains/piltdweb1/admin.php' not found or unable to stat
[Thu Feb 12 03:39:07.255814 2026] [php:error] [pid 31991] [client 158.173.36.31:0] script '/domains/peterbmiller/images/upload.php' not found or unable to stat
[Thu Feb 12 03:39:07.270619 2026] [php:error] [pid 31997] [client 158.173.36.164:0] script '/domains/wsmith.enteract/special.php' not found or unable to stat
[Thu Feb 12 03:39:07.270658 2026] [php:error] [pid 31984] [client 158.173.36.31:0] script '/domains/ebon/xx.php' not found or unable to stat
[Thu Feb 12 03:39:07.355436 2026] [php:error] [pid 31999] [client 158.173.36.164:0] script '/domains/system_suspended/wp-conflg.php' not found or unable to stat
[Thu Feb 12 03:39:07.355574 2026] [php:error] [pid 31980] [client 158.173.36.68:0] script '/domains/mjbradley/x.php' not found or unable to stat
[Thu Feb 12 03:39:07.434234 2026] [php:error] [pid 31998] [client 158.173.36.240:0] script '/domains/hdickens.enteract/css/index.php' not found or unable to stat
[Thu Feb 12 03:39:07.444676 2026] [php:error] [pid 31984] [client 158.173.36.31:0] script '/domains/ebon/autoload_classmap.php' not found or unable to stat
[Thu Feb 12 03:39:07.525235 2026] [php:error] [pid 31999] [client 158.173.36.164:0] script '/domains/system_suspended/wp-setup.php' not found or unable to stat
[Thu Feb 12 03:39:07.616309 2026] [php:error] [pid 31994] [client 158.173.36.63:0] script '/domains/piltdweb1/mah.php' not found or unable to stat
[Thu Feb 12 03:39:07.616461 2026] [php:error] [pid 31998] [client 158.173.36.240:0] script '/domains/hdickens.enteract/images/index22.php' not found or unable to stat
[Thu Feb 12 03:39:07.771881 2026] [php:error] [pid 31990] [client 158.173.36.169:0] script '/domains/ecernstelectric/wp-conflg.php' not found or unable to stat
[Thu Feb 12 03:39:07.829180 2026] [php:error] [pid 32000] [client 158.173.36.63:0] script '/domains/hdickens.enteract/css/admin.php' not found or unable to stat
[Thu Feb 12 03:39:07.835260 2026] [php:error] [pid 31996] [client 158.173.36.227:0] script '/domains/markrose/classwithtostring.php' not found or unable to stat
[Thu Feb 12 03:39:07.835474 2026] [php:error] [pid 31998] [client 158.173.36.240:0] script '/domains/hdickens.enteract/wp-user.php' not found or unable to stat
[Thu Feb 12 03:39:07.964804 2026] [php:error] [pid 31979] [client 158.173.36.71:0] script '/domains/markrose/adminfuns.php' not found or unable to stat
[Thu Feb 12 03:39:07.979739 2026] [php:error] [pid 31990] [client 158.173.36.169:0] script '/domains/ecernstelectric/wp-setup.php' not found or unable to stat
[Thu Feb 12 03:39:07.993887 2026] [php:error] [pid 31999] [client 158.173.36.164:0] script '/domains/system_suspended/ms-themes.php' not found or unable to stat
[Thu Feb 12 03:39:07.997964 2026] [php:error] [pid 31984] [client 158.173.36.31:0] script '/domains/ebon/content.php' not found or unable to stat
[Thu Feb 12 03:39:08.027117 2026] [php:error] [pid 32000] [client 158.173.36.63:0] script '/domains/hdickens.enteract/adminfuns.php' not found or unable to stat
[Thu Feb 12 03:39:08.032063 2026] [php:error] [pid 31994] [client 158.173.36.63:0] script '/domains/piltdweb1/core.php' not found or unable to stat
[Thu Feb 12 03:39:08.034982 2026] [php:error] [pid 31995] [client 158.173.36.124:0] script '/domains/awciii/classwithtostring.php' not found or unable to stat
[Thu Feb 12 03:39:08.075893 2026] [php:error] [pid 31980] [client 158.173.36.68:0] script '/domains/mjbradley/images/index22.php' not found or unable to stat
[Thu Feb 12 03:39:08.154820 2026] [php:error] [pid 31990] [client 158.173.36.169:0] script '/domains/ecernstelectric/ms-themes.php' not found or unable to stat
[Thu Feb 12 03:39:08.216457 2026] [php:error] [pid 31994] [client 158.173.36.63:0] script '/domains/piltdweb1/robots.php' not found or unable to stat
[Thu Feb 12 03:39:08.231980 2026] [php:error] [pid 32002] [client 158.173.36.171:0] script '/domains/astrosfm/install.php' not found or unable to stat
[Thu Feb 12 03:39:08.234313 2026] [php:error] [pid 31980] [client 158.173.36.68:0] script '/domains/mjbradley/wp-user.php' not found or unable to stat
[Thu Feb 12 03:39:08.285903 2026] [php:error] [pid 31979] [client 158.173.36.71:0] script '/domains/markrose/wp_wlx.php' not found or unable to stat
[Thu Feb 12 03:39:08.314340 2026] [php:error] [pid 32001] [client 158.173.36.31:0] script '/domains/mschmid/init.php' not found or unable to stat
[Thu Feb 12 03:39:08.316208 2026] [php:error] [pid 31999] [client 158.173.36.164:0] script '/domains/system_suspended/style.php' not found or unable to stat
[Thu Feb 12 03:39:08.354141 2026] [php:error] [pid 32000] [client 158.173.36.63:0] script '/domains/hdickens.enteract/wp_wlx.php' not found or unable to stat
[Thu Feb 12 03:39:08.402617 2026] [php:error] [pid 31996] [client 158.173.36.227:0] script '/domains/markrose/tinyfilemanager.php' not found or unable to stat
[Thu Feb 12 03:39:08.405431 2026] [php:error] [pid 31998] [client 158.173.36.240:0] script '/domains/hdickens.enteract/config.php' not found or unable to stat
[Thu Feb 12 03:39:08.407193 2026] [php:error] [pid 31994] [client 158.173.36.63:0] script '/domains/piltdweb1/inputs.php' not found or unable to stat
[Thu Feb 12 03:39:08.503964 2026] [php:error] [pid 31995] [client 158.173.36.124:0] script '/domains/awciii/tinyfilemanager.php' not found or unable to stat
[Thu Feb 12 03:39:08.524463 2026] [php:error] [pid 31990] [client 158.173.36.169:0] script '/domains/ecernstelectric/style.php' not found or unable to stat
[Thu Feb 12 03:39:08.571341 2026] [php:error] [pid 32006] [client 158.173.36.134:0] script '/domains/nlyfoods/default.php' not found or unable to stat
[Thu Feb 12 03:39:08.581823 2026] [php:error] [pid 31998] [client 158.173.36.240:0] script '/domains/hdickens.enteract/special.php' not found or unable to stat
[Thu Feb 12 03:39:08.582083 2026] [php:error] [pid 31994] [client 158.173.36.63:0] script '/domains/piltdweb1/mini.php' not found or unable to stat
[Thu Feb 12 03:39:08.757060 2026] [php:error] [pid 31980] [client 158.173.36.68:0] script '/domains/mjbradley/config.php' not found or unable to stat
[Thu Feb 12 03:39:08.757068 2026] [php:error] [pid 31994] [client 158.173.36.63:0] script '/domains/piltdweb1/goods.php' not found or unable to stat
[Thu Feb 12 03:39:08.789555 2026] [php:error] [pid 31979] [client 158.173.36.71:0] script '/domains/markrose/wp.php' not found or unable to stat
[Thu Feb 12 03:39:08.792243 2026] [php:error] [pid 31999] [client 158.173.36.164:0] script '/domains/system_suspended/x.php' not found or unable to stat
[Thu Feb 12 03:39:08.863445 2026] [php:error] [pid 32000] [client 158.173.36.63:0] script '/domains/hdickens.enteract/wp.php' not found or unable to stat
[Thu Feb 12 03:39:08.935742 2026] [php:error] [pid 31996] [client 158.173.36.227:0] script '/domains/markrose/file.php' not found or unable to stat
[Thu Feb 12 03:39:08.936041 2026] [php:error] [pid 31980] [client 158.173.36.68:0] script '/domains/mjbradley/special.php' not found or unable to stat
[Thu Feb 12 03:39:08.940936 2026] [php:error] [pid 31994] [client 158.173.36.63:0] script '/domains/piltdweb1/file5.php' not found or unable to stat
[Thu Feb 12 03:39:08.941152 2026] [php:error] [pid 31986] [client 158.173.36.245:0] script '/domains/egmaweb/classwithtostring.php' not found or unable to stat
[Thu Feb 12 03:39:09.043086 2026] [php:error] [pid 31995] [client 158.173.36.124:0] script '/domains/awciii/file.php' not found or unable to stat
[Thu Feb 12 03:39:09.105120 2026] [php:error] [pid 31990] [client 158.173.36.169:0] script '/domains/ecernstelectric/x.php' not found or unable to stat
[Thu Feb 12 03:39:09.120637 2026] [php:error] [pid 32002] [client 158.173.36.171:0] script '/domains/astrosfm/bypass.php' not found or unable to stat
[Thu Feb 12 03:39:09.130613 2026] [php:error] [pid 31994] [client 158.173.36.63:0] script '/domains/piltdweb1/ahax.php' not found or unable to stat
[Thu Feb 12 03:39:09.320253 2026] [php:error] [pid 32002] [client 158.173.36.171:0] script '/domains/astrosfm/class.php' not found or unable to stat
[Thu Feb 12 03:39:09.320587 2026] [php:error] [pid 31979] [client 158.173.36.71:0] script '/domains/markrose/wp-header.php' not found or unable to stat
[Thu Feb 12 03:39:09.325803 2026] [php:error] [pid 31994] [client 158.173.36.63:0] script '/domains/piltdweb1/f35.php' not found or unable to stat
[Thu Feb 12 03:39:09.465559 2026] [php:error] [pid 31999] [client 158.173.36.164:0] script '/domains/system_suspended/wp-user.php' not found or unable to stat
[Thu Feb 12 03:39:09.502393 2026] [php:error] [pid 31994] [client 158.173.36.63:0] script '/domains/piltdweb1/simple.php' not found or unable to stat
[Thu Feb 12 03:39:09.502408 2026] [php:error] [pid 31986] [client 158.173.36.245:0] script '/domains/egmaweb/tinyfilemanager.php' not found or unable to stat
[Thu Feb 12 03:39:09.502876 2026] [php:error] [pid 32004] [client 158.173.36.31:0] script '/domains/wsmith.enteract/webdb.php' not found or unable to stat
[Thu Feb 12 03:39:09.502928 2026] [php:error] [pid 31996] [client 158.173.36.227:0] script '/domains/markrose/buy.php' not found or unable to stat
[Thu Feb 12 03:39:09.550972 2026] [php:error] [pid 31995] [client 158.173.36.124:0] script '/domains/awciii/buy.php' not found or unable to stat
[Thu Feb 12 03:39:09.583936 2026] [php:error] [pid 32000] [client 158.173.36.63:0] script '/domains/hdickens.enteract/wp-header.php' not found or unable to stat
[Thu Feb 12 03:39:09.623310 2026] [php:error] [pid 31979] [client 158.173.36.71:0] script '/domains/markrose/Marvins.php' not found or unable to stat
[Thu Feb 12 03:39:09.623334 2026] [php:error] [pid 32006] [client 158.173.36.134:0] script '/domains/nlyfoods/dropdown.php' not found or unable to stat
[Thu Feb 12 03:39:09.623893 2026] [php:error] [pid 32001] [client 158.173.36.31:0] script '/domains/mschmid/adminfuns.php' not found or unable to stat
[Thu Feb 12 03:39:09.708762 2026] [php:error] [pid 31990] [client 158.173.36.169:0] script '/domains/ecernstelectric/images/index22.php' not found or unable to stat
[Thu Feb 12 03:39:09.816431 2026] [php:error] [pid 32004] [client 158.173.36.31:0] script '/domains/wsmith.enteract/file2.php' not found or unable to stat
[Thu Feb 12 03:39:09.817245 2026] [php:error] [pid 31991] [client 158.173.36.31:0] script '/domains/peterbmiller/classwithtostring.php' not found or unable to stat
[Thu Feb 12 03:39:09.877930 2026] [php:error] [pid 31990] [client 158.173.36.169:0] script '/domains/ecernstelectric/wp-user.php' not found or unable to stat
[Thu Feb 12 03:39:09.887985 2026] [php:error] [pid 32000] [client 158.173.36.63:0] script '/domains/hdickens.enteract/Marvins.php' not found or unable to stat
[Thu Feb 12 03:39:09.930044 2026] [php:error] [pid 31979] [client 158.173.36.71:0] script '/domains/markrose/wp-class.php' not found or unable to stat
[Thu Feb 12 03:39:09.937225 2026] [php:error] [pid 31999] [client 158.173.36.164:0] script '/domains/system_suspended/config.php' not found or unable to stat
[Thu Feb 12 03:39:09.937227 2026] [php:error] [pid 31984] [client 158.173.36.31:0] script '/domains/ebon/images/class.php' not found or unable to stat
[Thu Feb 12 03:39:09.937254 2026] [php:error] [pid 32006] [client 158.173.36.134:0] script '/domains/nlyfoods/db.php' not found or unable to stat
[Thu Feb 12 03:39:09.937258 2026] [php:error] [pid 32001] [client 158.173.36.31:0] script '/domains/mschmid/wp_wlx.php' not found or unable to stat
[Thu Feb 12 03:39:09.987663 2026] [php:error] [pid 31986] [client 158.173.36.245:0] script '/domains/egmaweb/file.php' not found or unable to stat
[Thu Feb 12 03:39:10.113296 2026] [php:error] [pid 31999] [client 158.173.36.164:0] script '/domains/system_suspended/special.php' not found or unable to stat
[Thu Feb 12 03:39:10.191781 2026] [php:error] [pid 32004] [client 158.173.36.31:0] script '/domains/wsmith.enteract/alfa.php' not found or unable to stat
[Thu Feb 12 03:39:10.246406 2026] [php:error] [pid 32000] [client 158.173.36.63:0] script '/domains/hdickens.enteract/wp-class.php' not found or unable to stat
[Thu Feb 12 03:39:10.282593 2026] [php:error] [pid 31979] [client 158.173.36.71:0] script '/domains/markrose/xx.php' not found or unable to stat
[Thu Feb 12 03:39:10.283216 2026] [php:error] [pid 31984] [client 158.173.36.31:0] script '/domains/ebon/web.php' not found or unable to stat
[Thu Feb 12 03:39:10.283949 2026] [php:error] [pid 32002] [client 158.173.36.171:0] script '/domains/astrosfm/css/css.php' not found or unable to stat
[Thu Feb 12 03:39:10.377667 2026] [php:error] [pid 31991] [client 158.173.36.31:0] script '/domains/peterbmiller/tinyfilemanager.php' not found or unable to stat
[Thu Feb 12 03:39:10.456096 2026] [php:error] [pid 32002] [client 158.173.36.171:0] script '/domains/astrosfm/init.php' not found or unable to stat
[Thu Feb 12 03:39:10.456570 2026] [php:error] [pid 32001] [client 158.173.36.31:0] script '/domains/mschmid/wp.php' not found or unable to stat
[Thu Feb 12 03:39:10.456615 2026] [php:error] [pid 31979] [client 158.173.36.71:0] script '/domains/markrose/autoload_classmap.php' not found or unable to stat
[Thu Feb 12 03:39:10.461670 2026] [php:error] [pid 31990] [client 158.173.36.169:0] script '/domains/ecernstelectric/config.php' not found or unable to stat
[Thu Feb 12 03:39:10.576629 2026] [php:error] [pid 31986] [client 158.173.36.245:0] script '/domains/egmaweb/buy.php' not found or unable to stat
[Thu Feb 12 03:39:10.658735 2026] [php:error] [pid 31984] [client 158.173.36.31:0] script '/domains/ebon/images/index.php' not found or unable to stat
[Thu Feb 12 03:39:10.687305 2026] [php:error] [pid 31990] [client 158.173.36.169:0] script '/domains/ecernstelectric/special.php' not found or unable to stat
[Thu Feb 12 03:39:10.760973 2026] [php:error] [pid 31997] [client 158.173.36.57:0] script '/domains/hdickens.enteract/webdb.php' not found or unable to stat
[Thu Feb 12 03:39:10.920057 2026] [php:error] [pid 32000] [client 158.173.36.63:0] script '/domains/hdickens.enteract/xx.php' not found or unable to stat
[Thu Feb 12 03:39:10.940025 2026] [php:error] [pid 31991] [client 158.173.36.31:0] script '/domains/peterbmiller/file.php' not found or unable to stat
[Thu Feb 12 03:39:11.057487 2026] [php:error] [pid 31979] [client 158.173.36.71:0] script '/domains/markrose/content.php' not found or unable to stat
[Thu Feb 12 03:39:11.058234 2026] [php:error] [pid 31993] [client 158.173.36.80:0] script '/domains/mjbradley/webdb.php' not found or unable to stat
[Thu Feb 12 03:39:11.058628 2026] [php:error] [pid 32001] [client 158.173.36.31:0] script '/domains/mschmid/wp-header.php' not found or unable to stat
[Thu Feb 12 03:39:11.071409 2026] [php:error] [pid 32000] [client 158.173.36.63:0] script '/domains/hdickens.enteract/autoload_classmap.php' not found or unable to stat
[Thu Feb 12 03:39:11.074730 2026] [php:error] [pid 31997] [client 158.173.36.57:0] script '/domains/hdickens.enteract/file2.php' not found or unable to stat
[Thu Feb 12 03:39:11.417573 2026] [php:error] [pid 31993] [client 158.173.36.80:0] script '/domains/mjbradley/file2.php' not found or unable to stat
[Thu Feb 12 03:39:11.417984 2026] [php:error] [pid 31984] [client 158.173.36.31:0] script '/domains/ebon/wp-trackback.php' not found or unable to stat
[Thu Feb 12 03:39:11.418267 2026] [php:error] [pid 32001] [client 158.173.36.31:0] script '/domains/mschmid/Marvins.php' not found or unable to stat
[Thu Feb 12 03:39:11.441919 2026] [php:error] [pid 31997] [client 158.173.36.57:0] script '/domains/hdickens.enteract/alfa.php' not found or unable to stat
[Thu Feb 12 03:39:11.449406 2026] [php:error] [pid 31991] [client 158.173.36.31:0] script '/domains/peterbmiller/buy.php' not found or unable to stat
[Thu Feb 12 03:39:11.621829 2026] [php:error] [pid 32000] [client 158.173.36.63:0] script '/domains/hdickens.enteract/content.php' not found or unable to stat
[Thu Feb 12 03:39:11.627144 2026] [php:error] [pid 32004] [client 158.173.36.31:0] script '/domains/wsmith.enteract/edit.php' not found or unable to stat
[Thu Feb 12 03:39:11.799655 2026] [php:error] [pid 32006] [client 158.173.36.134:0] script '/domains/nlyfoods/install.php' not found or unable to stat
[Thu Feb 12 03:39:11.904215 2026] [php:error] [pid 31984] [client 158.173.36.31:0] script '/domains/ebon/radio.php' not found or unable to stat
[Thu Feb 12 03:39:11.908136 2026] [php:error] [pid 32001] [client 158.173.36.31:0] script '/domains/mschmid/wp-class.php' not found or unable to stat
[Thu Feb 12 03:39:11.972638 2026] [php:error] [pid 31995] [client 158.173.36.124:0] script '/domains/awciii/inc.php' not found or unable to stat
[Thu Feb 12 03:39:11.972751 2026] [php:error] [pid 32002] [client 158.173.36.171:0] script '/domains/astrosfm/css/admin.php' not found or unable to stat
[Thu Feb 12 03:39:11.974169 2026] [php:error] [pid 31993] [client 158.173.36.80:0] script '/domains/mjbradley/alfa.php' not found or unable to stat
[Thu Feb 12 03:39:11.975036 2026] [php:error] [pid 31996] [client 158.173.36.227:0] script '/domains/markrose/inc.php' not found or unable to stat
[Thu Feb 12 03:39:12.124104 2026] [php:error] [pid 32002] [client 158.173.36.171:0] script '/domains/astrosfm/adminfuns.php' not found or unable to stat
[Thu Feb 12 03:39:12.137539 2026] [php:error] [pid 32004] [client 158.173.36.31:0] script '/domains/wsmith.enteract/wp-links-opml.php' not found or unable to stat
[Thu Feb 12 03:39:12.220004 2026] [php:error] [pid 32001] [client 158.173.36.31:0] script '/domains/mschmid/xx.php' not found or unable to stat
[Thu Feb 12 03:39:12.291386 2026] [php:error] [pid 31998] [client 158.173.36.245:0] script '/domains/system_suspended/webdb.php' not found or unable to stat
[Thu Feb 12 03:39:12.291391 2026] [php:error] [pid 31995] [client 158.173.36.124:0] script '/domains/awciii/filemanager.php' not found or unable to stat
[Thu Feb 12 03:39:12.295923 2026] [php:error] [pid 31996] [client 158.173.36.227:0] script '/domains/markrose/filemanager.php' not found or unable to stat
[Thu Feb 12 03:39:12.366829 2026] [php:error] [pid 32001] [client 158.173.36.31:0] script '/domains/mschmid/autoload_classmap.php' not found or unable to stat
[Thu Feb 12 03:39:12.448607 2026] [php:error] [pid 32002] [client 158.173.36.171:0] script '/domains/astrosfm/wp_wlx.php' not found or unable to stat
[Thu Feb 12 03:39:12.450826 2026] [php:error] [pid 31979] [client 158.173.36.71:0] script '/domains/markrose/fonts/fontawesome-webfont.php' not found or unable to stat
[Thu Feb 12 03:39:12.451139 2026] [cgi:error] [pid 31995] [client 158.173.36.124:0] AH02811: stderr from /domains/awciii/cgi-bin/bypass.php: script not found or unable to stat
[Thu Feb 12 03:39:12.470852 2026] [php:error] [pid 32004] [client 158.173.36.31:0] script '/domains/wsmith.enteract/atomlib.php' not found or unable to stat
[Thu Feb 12 03:39:12.535983 2026] [php:error] [pid 31984] [client 158.173.36.31:0] script '/domains/ebon/wp-conflg.php' not found or unable to stat
[Thu Feb 12 03:39:12.626143 2026] [php:error] [pid 31998] [client 158.173.36.245:0] script '/domains/system_suspended/file2.php' not found or unable to stat
[Thu Feb 12 03:39:12.626217 2026] [php:error] [pid 32006] [client 158.173.36.134:0] script '/domains/nlyfoods/bypass.php' not found or unable to stat
[Thu Feb 12 03:39:12.686399 2026] [php:error] [pid 31984] [client 158.173.36.31:0] script '/domains/ebon/wp-setup.php' not found or unable to stat
[Thu Feb 12 03:39:12.783334 2026] [php:error] [pid 32006] [client 158.173.36.134:0] script '/domains/nlyfoods/class.php' not found or unable to stat
[Thu Feb 12 03:39:12.805676 2026] [php:error] [pid 31997] [client 158.173.36.57:0] script '/domains/hdickens.enteract/edit.php' not found or unable to stat
[Thu Feb 12 03:39:12.836898 2026] [php:error] [pid 32000] [client 158.173.36.63:0] script '/domains/hdickens.enteract/fonts/fontawesome-webfont.php' not found or unable to stat
[Thu Feb 12 03:39:12.863908 2026] [php:error] [pid 31984] [client 158.173.36.31:0] script '/domains/ebon/ms-themes.php' not found or unable to stat
[Thu Feb 12 03:39:12.864617 2026] [php:error] [pid 32001] [client 158.173.36.31:0] script '/domains/mschmid/content.php' not found or unable to stat
[Thu Feb 12 03:39:12.883460 2026] [php:error] [pid 32007] [client 158.173.36.169:0] script '/domains/ecernstelectric/webdb.php' not found or unable to stat
[Thu Feb 12 03:39:12.991701 2026] [php:error] [pid 31986] [client 158.173.36.245:0] script '/domains/egmaweb/inc.php' not found or unable to stat
[Thu Feb 12 03:39:13.084742 2026] [php:error] [pid 32002] [client 158.173.36.171:0] script '/domains/astrosfm/wp.php' not found or unable to stat
[Thu Feb 12 03:39:13.246032 2026] [php:error] [pid 31998] [client 158.173.36.245:0] script '/domains/system_suspended/alfa.php' not found or unable to stat
[Thu Feb 12 03:39:13.246790 2026] [php:error] [pid 31984] [client 158.173.36.31:0] script '/domains/ebon/style.php' not found or unable to stat
[Thu Feb 12 03:39:13.319510 2026] [php:error] [pid 31995] [client 158.173.36.124:0] script '/domains/awciii/function.php' not found or unable to stat
[Thu Feb 12 03:39:13.323180 2026] [php:error] [pid 31993] [client 158.173.36.80:0] script '/domains/mjbradley/edit.php' not found or unable to stat
[Thu Feb 12 03:39:13.328138 2026] [php:error] [pid 32007] [client 158.173.36.169:0] script '/domains/ecernstelectric/file2.php' not found or unable to stat
[Thu Feb 12 03:39:13.406853 2026] [php:error] [pid 32004] [client 158.173.36.31:0] script '/domains/wsmith.enteract/xp.php' not found or unable to stat
[Thu Feb 12 03:39:13.420182 2026] [php:error] [pid 31986] [client 158.173.36.245:0] script '/domains/egmaweb/filemanager.php' not found or unable to stat
[Thu Feb 12 03:39:13.420192 2026] [php:error] [pid 31994] [client 158.173.36.63:0] script '/domains/piltdweb1/classwithtostring.php' not found or unable to stat
[Thu Feb 12 03:39:13.423081 2026] [php:error] [pid 31997] [client 158.173.36.57:0] script '/domains/hdickens.enteract/wp-links-opml.php' not found or unable to stat
[Thu Feb 12 03:39:13.427101 2026] [php:error] [pid 31996] [client 158.173.36.227:0] script '/domains/markrose/function.php' not found or unable to stat
[Thu Feb 12 03:39:13.688351 2026] [php:error] [pid 31979] [client 158.173.36.71:0] script '/domains/markrose/web.php' not found or unable to stat
[Thu Feb 12 03:39:13.688846 2026] [php:error] [pid 31995] [client 158.173.36.124:0] script '/domains/awciii/wp-signup.php' not found or unable to stat
[Thu Feb 12 03:39:13.733287 2026] [php:error] [pid 32007] [client 158.173.36.169:0] script '/domains/ecernstelectric/alfa.php' not found or unable to stat
[Thu Feb 12 03:39:13.769808 2026] [php:error] [pid 32002] [client 158.173.36.171:0] script '/domains/astrosfm/wp-header.php' not found or unable to stat
[Thu Feb 12 03:39:13.771149 2026] [php:error] [pid 31984] [client 158.173.36.31:0] script '/domains/ebon/x.php' not found or unable to stat
[Thu Feb 12 03:39:13.771982 2026] [php:error] [pid 31997] [client 158.173.36.57:0] script '/domains/hdickens.enteract/atomlib.php' not found or unable to stat
[Thu Feb 12 03:39:13.852002 2026] [php:error] [pid 31996] [client 158.173.36.227:0] script '/domains/markrose/wp-signup.php' not found or unable to stat
[Thu Feb 12 03:39:13.943259 2026] [php:error] [pid 31993] [client 158.173.36.80:0] script '/domains/mjbradley/wp-links-opml.php' not found or unable to stat
[Thu Feb 12 03:39:13.988436 2026] [php:error] [pid 31994] [client 158.173.36.63:0] script '/domains/piltdweb1/tinyfilemanager.php' not found or unable to stat
[Thu Feb 12 03:39:13.988735 2026] [php:error] [pid 32004] [client 158.173.36.31:0] script '/domains/wsmith.enteract/wp-links.php' not found or unable to stat
[Thu Feb 12 03:39:14.176953 2026] [php:error] [pid 32000] [client 158.173.36.63:0] script '/domains/hdickens.enteract/images/class.php' not found or unable to stat
[Thu Feb 12 03:39:14.206425 2026] [php:error] [pid 32002] [client 158.173.36.171:0] script '/domains/astrosfm/Marvins.php' not found or unable to stat
[Thu Feb 12 03:39:14.241448 2026] [php:error] [pid 31991] [client 158.173.36.31:0] script '/domains/peterbmiller/inc.php' not found or unable to stat
[Thu Feb 12 03:39:14.241737 2026] [php:error] [pid 31994] [client 158.173.36.63:0] script '/domains/piltdweb1/js/bas.php' not found or unable to stat
[Thu Feb 12 03:39:14.358728 2026] [php:error] [pid 31993] [client 158.173.36.80:0] script '/domains/mjbradley/atomlib.php' not found or unable to stat
[Thu Feb 12 03:39:14.359707 2026] [php:error] [pid 31995] [client 158.173.36.124:0] script '/domains/awciii/wp-blog.php' not found or unable to stat
[Thu Feb 12 03:39:14.362374 2026] [php:error] [pid 31984] [client 158.173.36.31:0] script '/domains/ebon/images/index22.php' not found or unable to stat
[Thu Feb 12 03:39:14.364604 2026] [php:error] [pid 32006] [client 158.173.36.134:0] script '/domains/nlyfoods/css/css.php' not found or unable to stat
[Thu Feb 12 03:39:14.452329 2026] [php:error] [pid 31996] [client 158.173.36.227:0] script '/domains/markrose/wp-blog.php' not found or unable to stat
[Thu Feb 12 03:39:14.519647 2026] [php:error] [pid 32002] [client 158.173.36.171:0] script '/domains/astrosfm/wp-class.php' not found or unable to stat
[Thu Feb 12 03:39:14.520098 2026] [php:error] [pid 31984] [client 158.173.36.31:0] script '/domains/ebon/wp-user.php' not found or unable to stat
[Thu Feb 12 03:39:14.520260 2026] [php:error] [pid 32006] [client 158.173.36.134:0] script '/domains/nlyfoods/init.php' not found or unable to stat
[Thu Feb 12 03:39:14.521053 2026] [php:error] [pid 32000] [client 158.173.36.63:0] script '/domains/hdickens.enteract/web.php' not found or unable to stat
[Thu Feb 12 03:39:14.560148 2026] [php:error] [pid 31991] [client 158.173.36.31:0] script '/domains/peterbmiller/filemanager.php' not found or unable to stat
[Thu Feb 12 03:39:14.560542 2026] [php:error] [pid 31986] [client 158.173.36.245:0] script '/domains/egmaweb/function.php' not found or unable to stat
[Thu Feb 12 03:39:14.561086 2026] [php:error] [pid 31994] [client 158.173.36.63:0] script '/domains/piltdweb1/file.php' not found or unable to stat
[Thu Feb 12 03:39:14.652775 2026] [php:error] [pid 31998] [client 158.173.36.245:0] script '/domains/system_suspended/edit.php' not found or unable to stat
[Thu Feb 12 03:39:14.704748 2026] [php:error] [pid 31997] [client 158.173.36.57:0] script '/domains/hdickens.enteract/xp.php' not found or unable to stat
[Thu Feb 12 03:39:14.903285 2026] [php:error] [pid 31979] [client 158.173.36.71:0] script '/domains/markrose/wp-trackback.php' not found or unable to stat
[Thu Feb 12 03:39:14.909362 2026] [php:error] [pid 32002] [client 158.173.36.171:0] script '/domains/astrosfm/xx.php' not found or unable to stat
[Thu Feb 12 03:39:14.953789 2026] [php:error] [pid 32000] [client 158.173.36.63:0] script '/domains/hdickens.enteract/images/index.php' not found or unable to stat
[Thu Feb 12 03:39:15.089914 2026] [php:error] [pid 32002] [client 158.173.36.171:0] script '/domains/astrosfm/autoload_classmap.php' not found or unable to stat
[Thu Feb 12 03:39:15.089915 2026] [php:error] [pid 31984] [client 158.173.36.31:0] script '/domains/ebon/config.php' not found or unable to stat
[Thu Feb 12 03:39:15.091171 2026] [php:error] [pid 31995] [client 158.173.36.124:0] script '/domains/awciii/wp-l0gin.php' not found or unable to stat
[Thu Feb 12 03:39:15.097627 2026] [php:error] [pid 32001] [client 158.173.36.31:0] script '/domains/mschmid/images/class.php' not found or unable to stat
[Thu Feb 12 03:39:15.288377 2026] [php:error] [pid 31993] [client 158.173.36.80:0] script '/domains/mjbradley/xp.php' not found or unable to stat
[Thu Feb 12 03:39:15.288592 2026] [php:error] [pid 31984] [client 158.173.36.31:0] script '/domains/ebon/special.php' not found or unable to stat
[Thu Feb 12 03:39:15.290763 2026] [php:error] [pid 31979] [client 158.173.36.71:0] script '/domains/markrose/radio.php' not found or unable to stat
[Thu Feb 12 03:39:15.301932 2026] [php:error] [pid 31998] [client 158.173.36.245:0] script '/domains/system_suspended/wp-links-opml.php' not found or unable to stat
[Thu Feb 12 03:39:15.302057 2026] [php:error] [pid 31994] [client 158.173.36.63:0] script '/domains/piltdweb1/buy.php' not found or unable to stat
[Thu Feb 12 03:39:15.302548 2026] [php:error] [pid 31986] [client 158.173.36.245:0] script '/domains/egmaweb/wp-signup.php' not found or unable to stat
[Thu Feb 12 03:39:15.396112 2026] [php:error] [pid 31996] [client 158.173.36.227:0] script '/domains/markrose/wp-l0gin.php' not found or unable to stat
[Thu Feb 12 03:39:15.441623 2026] [php:error] [pid 31995] [client 158.173.36.124:0] script '/domains/awciii/new.php' not found or unable to stat
[Thu Feb 12 03:39:15.457890 2026] [php:error] [pid 31997] [client 158.173.36.57:0] script '/domains/hdickens.enteract/wp-links.php' not found or unable to stat
[Thu Feb 12 03:39:15.458903 2026] [php:error] [pid 32001] [client 158.173.36.31:0] script '/domains/mschmid/web.php' not found or unable to stat
[Thu Feb 12 03:39:15.470950 2026] [php:error] [pid 32007] [client 158.173.36.169:0] script '/domains/ecernstelectric/edit.php' not found or unable to stat
[Thu Feb 12 03:39:15.797623 2026] [php:error] [pid 31998] [client 158.173.36.245:0] script '/domains/system_suspended/atomlib.php' not found or unable to stat
[Thu Feb 12 03:39:15.832118 2026] [php:error] [pid 31996] [client 158.173.36.227:0] script '/domains/markrose/new.php' not found or unable to stat
[Thu Feb 12 03:39:15.836269 2026] [php:error] [pid 32006] [client 158.173.36.134:0] script '/domains/nlyfoods/css/admin.php' not found or unable to stat
[Thu Feb 12 03:39:15.848154 2026] [php:error] [pid 32001] [client 158.173.36.31:0] script '/domains/mschmid/images/index.php' not found or unable to stat
[Thu Feb 12 03:39:15.953123 2026] [php:error] [pid 32000] [client 158.173.36.63:0] script '/domains/hdickens.enteract/wp-trackback.php' not found or unable to stat
[Thu Feb 12 03:39:15.953392 2026] [php:error] [pid 31993] [client 158.173.36.80:0] script '/domains/mjbradley/wp-links.php' not found or unable to stat
[Thu Feb 12 03:39:15.978749 2026] [php:error] [pid 32006] [client 158.173.36.134:0] script '/domains/nlyfoods/adminfuns.php' not found or unable to stat
[Thu Feb 12 03:39:16.089433 2026] [php:error] [pid 32002] [client 158.173.36.171:0] script '/domains/astrosfm/content.php' not found or unable to stat
[Thu Feb 12 03:39:16.140934 2026] [php:error] [pid 31979] [client 158.173.36.71:0] script '/domains/markrose/wp-conflg.php' not found or unable to stat
[Thu Feb 12 03:39:16.142730 2026] [php:error] [pid 31991] [client 158.173.36.31:0] script '/domains/peterbmiller/function.php' not found or unable to stat
[Thu Feb 12 03:39:16.143000 2026] [php:error] [pid 31986] [client 158.173.36.245:0] script '/domains/egmaweb/wp-blog.php' not found or unable to stat
[Thu Feb 12 03:39:16.153709 2026] [php:error] [pid 32007] [client 158.173.36.169:0] script '/domains/ecernstelectric/wp-links-opml.php' not found or unable to stat
[Thu Feb 12 03:39:16.293857 2026] [php:error] [pid 31979] [client 158.173.36.71:0] script '/domains/markrose/wp-setup.php' not found or unable to stat
[Thu Feb 12 03:39:16.296507 2026] [php:error] [pid 32006] [client 158.173.36.134:0] script '/domains/nlyfoods/wp_wlx.php' not found or unable to stat
[Thu Feb 12 03:39:16.304866 2026] [php:error] [pid 32000] [client 158.173.36.63:0] script '/domains/hdickens.enteract/radio.php' not found or unable to stat
[Thu Feb 12 03:39:16.319999 2026] [php:error] [pid 32004] [client 158.173.36.31:0] script '/domains/wsmith.enteract/moon.php' not found or unable to stat
[Thu Feb 12 03:39:16.445420 2026] [php:error] [pid 31995] [client 158.173.36.124:0] script '/domains/awciii/natural.php' not found or unable to stat
[Thu Feb 12 03:39:16.446081 2026] [php:error] [pid 31979] [client 158.173.36.71:0] script '/domains/markrose/ms-themes.php' not found or unable to stat
[Thu Feb 12 03:39:16.447595 2026] [php:error] [pid 31991] [client 158.173.36.31:0] script '/domains/peterbmiller/wp-signup.php' not found or unable to stat
[Thu Feb 12 03:39:16.448957 2026] [php:error] [pid 32001] [client 158.173.36.31:0] script '/domains/mschmid/wp-trackback.php' not found or unable to stat
[Thu Feb 12 03:39:16.476149 2026] [php:error] [pid 32007] [client 158.173.36.169:0] script '/domains/ecernstelectric/atomlib.php' not found or unable to stat
[Thu Feb 12 03:39:16.702482 2026] [php:error] [pid 31995] [client 158.173.36.124:0] script '/domains/awciii/item.php' not found or unable to stat
[Thu Feb 12 03:39:16.883066 2026] [php:error] [pid 32006] [client 158.173.36.134:0] script '/domains/nlyfoods/wp.php' not found or unable to stat
[Thu Feb 12 03:39:16.884021 2026] [php:error] [pid 31979] [client 158.173.36.71:0] script '/domains/markrose/style.php' not found or unable to stat
[Thu Feb 12 03:39:16.887644 2026] [php:error] [pid 32001] [client 158.173.36.31:0] script '/domains/mschmid/radio.php' not found or unable to stat
[Thu Feb 12 03:39:16.899434 2026] [php:error] [pid 31998] [client 158.173.36.245:0] script '/domains/system_suspended/xp.php' not found or unable to stat
[Thu Feb 12 03:39:17.060938 2026] [php:error] [pid 32004] [client 158.173.36.31:0] script '/domains/wsmith.enteract/webadmin.php' not found or unable to stat
[Thu Feb 12 03:39:17.089565 2026] [php:error] [pid 31991] [client 158.173.36.31:0] script '/domains/peterbmiller/wp-blog.php' not found or unable to stat
[Thu Feb 12 03:39:17.089927 2026] [php:error] [pid 31986] [client 158.173.36.245:0] script '/domains/egmaweb/wp-l0gin.php' not found or unable to stat
[Thu Feb 12 03:39:17.228907 2026] [php:error] [pid 32000] [client 158.173.36.63:0] script '/domains/hdickens.enteract/wp-conflg.php' not found or unable to stat
[Thu Feb 12 03:39:17.354323 2026] [php:error] [pid 32006] [client 158.173.36.134:0] script '/domains/nlyfoods/wp-header.php' not found or unable to stat
[Thu Feb 12 03:39:17.362538 2026] [php:error] [pid 31979] [client 158.173.36.71:0] script '/domains/markrose/x.php' not found or unable to stat
[Thu Feb 12 03:39:17.436518 2026] [php:error] [pid 31998] [client 158.173.36.245:0] script '/domains/system_suspended/wp-links.php' not found or unable to stat
[Thu Feb 12 03:39:17.480010 2026] [php:error] [pid 32000] [client 158.173.36.63:0] script '/domains/hdickens.enteract/wp-setup.php' not found or unable to stat
[Thu Feb 12 03:39:17.534377 2026] [php:error] [pid 31986] [client 158.173.36.245:0] script '/domains/egmaweb/new.php' not found or unable to stat
[Thu Feb 12 03:39:17.655689 2026] [php:error] [pid 32001] [client 158.173.36.31:0] script '/domains/mschmid/wp-conflg.php' not found or unable to stat
[Thu Feb 12 03:39:17.691359 2026] [php:error] [pid 32004] [client 158.173.36.31:0] script '/domains/wsmith.enteract/xl2023.php' not found or unable to stat
[Thu Feb 12 03:39:17.710878 2026] [php:error] [pid 31997] [client 158.173.36.57:0] script '/domains/hdickens.enteract/moon.php' not found or unable to stat
[Thu Feb 12 03:39:17.711098 2026] [php:error] [pid 32000] [client 158.173.36.63:0] script '/domains/hdickens.enteract/ms-themes.php' not found or unable to stat
[Thu Feb 12 03:39:17.779611 2026] [php:error] [pid 31984] [client 158.173.36.54:0] script '/domains/ebon/webdb.php' not found or unable to stat
[Thu Feb 12 03:39:17.811637 2026] [php:error] [pid 31996] [client 158.173.36.227:0] script '/domains/markrose/natural.php' not found or unable to stat
[Thu Feb 12 03:39:17.828944 2026] [php:error] [pid 32006] [client 158.173.36.134:0] script '/domains/nlyfoods/Marvins.php' not found or unable to stat
[Thu Feb 12 03:39:17.839470 2026] [php:error] [pid 32001] [client 158.173.36.31:0] script '/domains/mschmid/wp-setup.php' not found or unable to stat
[Thu Feb 12 03:39:17.906340 2026] [php:error] [pid 31991] [client 158.173.36.31:0] script '/domains/peterbmiller/wp-l0gin.php' not found or unable to stat
[Thu Feb 12 03:39:18.014388 2026] [php:error] [pid 31996] [client 158.173.36.227:0] script '/domains/markrose/item.php' not found or unable to stat
[Thu Feb 12 03:39:18.018192 2026] [php:error] [pid 31994] [client 158.173.36.63:0] script '/domains/piltdweb1/inc.php' not found or unable to stat
[Thu Feb 12 03:39:18.023818 2026] [php:error] [pid 32001] [client 158.173.36.31:0] script '/domains/mschmid/ms-themes.php' not found or unable to stat
[Thu Feb 12 03:39:18.031385 2026] [php:error] [pid 32007] [client 158.173.36.169:0] script '/domains/ecernstelectric/xp.php' not found or unable to stat
[Thu Feb 12 03:39:18.108963 2026] [php:error] [pid 32000] [client 158.173.36.63:0] script '/domains/hdickens.enteract/style.php' not found or unable to stat
[Thu Feb 12 03:39:18.110890 2026] [php:error] [pid 32004] [client 158.173.36.31:0] script '/domains/wsmith.enteract/go.php' not found or unable to stat
[Thu Feb 12 03:39:18.111374 2026] [php:error] [pid 31986] [client 158.173.36.245:0] script '/domains/egmaweb/images/DJP9.php' not found or unable to stat
[Thu Feb 12 03:39:18.113297 2026] [php:error] [pid 31984] [client 158.173.36.54:0] script '/domains/ebon/file2.php' not found or unable to stat
[Thu Feb 12 03:39:18.165972 2026] [php:error] [pid 31993] [client 158.173.36.80:0] script '/domains/mjbradley/moon.php' not found or unable to stat
[Thu Feb 12 03:39:18.166299 2026] [php:error] [pid 32006] [client 158.173.36.134:0] script '/domains/nlyfoods/wp-class.php' not found or unable to stat
[Thu Feb 12 03:39:18.285913 2026] [php:error] [pid 31979] [client 158.173.36.71:0] script '/domains/markrose/wp-user.php' not found or unable to stat
[Thu Feb 12 03:39:18.292051 2026] [php:error] [pid 31997] [client 158.173.36.57:0] script '/domains/hdickens.enteract/webadmin.php' not found or unable to stat
[Thu Feb 12 03:39:18.294028 2026] [php:error] [pid 31991] [client 158.173.36.31:0] script '/domains/peterbmiller/new.php' not found or unable to stat
[Thu Feb 12 03:39:18.320142 2026] [php:error] [pid 32001] [client 158.173.36.31:0] script '/domains/mschmid/style.php' not found or unable to stat
[Thu Feb 12 03:39:18.326982 2026] [php:error] [pid 31994] [client 158.173.36.63:0] script '/domains/piltdweb1/filemanager.php' not found or unable to stat
[Thu Feb 12 03:39:18.468425 2026] [php:error] [pid 31984] [client 158.173.36.54:0] script '/domains/ebon/alfa.php' not found or unable to stat
[Thu Feb 12 03:39:18.490975 2026] [php:error] [pid 32006] [client 158.173.36.134:0] script '/domains/nlyfoods/xx.php' not found or unable to stat
[Thu Feb 12 03:39:18.575577 2026] [php:error] [pid 32007] [client 158.173.36.169:0] script '/domains/ecernstelectric/wp-links.php' not found or unable to stat
[Thu Feb 12 03:39:18.724869 2026] [php:error] [pid 31986] [client 158.173.36.245:0] script '/domains/egmaweb/natural.php' not found or unable to stat
[Thu Feb 12 03:39:18.725305 2026] [php:error] [pid 32000] [client 158.173.36.63:0] script '/domains/hdickens.enteract/x.php' not found or unable to stat
[Thu Feb 12 03:39:18.736969 2026] [php:error] [pid 32006] [client 158.173.36.134:0] script '/domains/nlyfoods/autoload_classmap.php' not found or unable to stat
[Thu Feb 12 03:39:18.737800 2026] [php:error] [pid 32002] [client 158.173.36.171:0] script '/domains/astrosfm/web.php' not found or unable to stat
[Thu Feb 12 03:39:18.745865 2026] [php:error] [pid 31993] [client 158.173.36.80:0] script '/domains/mjbradley/webadmin.php' not found or unable to stat
[Thu Feb 12 03:39:18.898052 2026] [php:error] [pid 31979] [client 158.173.36.71:0] script '/domains/markrose/config.php' not found or unable to stat
