[Thu Feb 12 03:40:51.135222 2026] [php:error] [pid 32033] [client 158.173.36.169:0] script '/domains/ecernstelectric/images/habhan.php' not found or unable to stat
[Thu Feb 12 03:40:51.215335 2026] [php:error] [pid 31990] [client 158.173.36.227:0] script '/domains/piltdweb1/aks.php' not found or unable to stat
[Thu Feb 12 03:40:51.215666 2026] [php:error] [pid 32035] [client 158.173.36.240:0] script '/domains/mschmid/adminfusm.php' not found or unable to stat
[Thu Feb 12 03:40:51.233295 2026] [php:error] [pid 32021] [client 158.173.36.85:0] script '/domains/hdickens.enteract/wp-editor.php' not found or unable to stat
[Thu Feb 12 03:40:51.364695 2026] [php:error] [pid 31990] [client 158.173.36.227:0] script '/domains/piltdweb1/litespeed.php' not found or unable to stat
[Thu Feb 12 03:40:51.485809 2026] [php:error] [pid 32031] [client 158.173.36.71:0] script '/domains/peterbmiller/images/wp-aespa.php' not found or unable to stat
[Thu Feb 12 03:40:51.493515 2026] [php:error] [pid 31990] [client 158.173.36.227:0] script '/domains/piltdweb1/img/about.php' not found or unable to stat
[Thu Feb 12 03:40:51.697502 2026] [php:error] [pid 31996] [client 158.173.36.161:0] script '/domains/hdickens.enteract/images/install.php' not found or unable to stat
[Thu Feb 12 03:40:51.791968 2026] [php:error] [pid 32025] [client 158.173.36.71:0] script '/domains/wsmith.enteract/b.php' not found or unable to stat
[Thu Feb 12 03:40:51.792127 2026] [php:error] [pid 32035] [client 158.173.36.240:0] script '/domains/mschmid/images/habhan.php' not found or unable to stat
[Thu Feb 12 03:40:51.792974 2026] [php:error] [pid 31990] [client 158.173.36.227:0] script '/domains/piltdweb1/wpn.php' not found or unable to stat
[Thu Feb 12 03:40:51.872925 2026] [php:error] [pid 32002] [client 158.173.36.68:0] script '/domains/ebon/gm.php' not found or unable to stat
[Thu Feb 12 03:40:51.928600 2026] [php:error] [pid 32003] [client 158.173.36.12:0] script '/domains/markrose/wp-admin.php' not found or unable to stat
[Thu Feb 12 03:40:52.013069 2026] [php:error] [pid 31926] [client 158.173.36.245:0] script '/domains/system_suspended/wsax.php' not found or unable to stat
[Thu Feb 12 03:40:52.017320 2026] [php:error] [pid 31996] [client 158.173.36.161:0] script '/domains/hdickens.enteract/adminfusm.php' not found or unable to stat
[Thu Feb 12 03:40:52.201577 2026] [php:error] [pid 32024] [client 158.173.36.160:0] script '/domains/hdickens.enteract/b.php' not found or unable to stat
[Thu Feb 12 03:40:52.201786 2026] [php:error] [pid 31979] [client 158.173.36.124:0] script '/domains/nlyfoods/xex.php' not found or unable to stat
[Thu Feb 12 03:40:52.202652 2026] [php:error] [pid 31996] [client 158.173.36.161:0] script '/domains/hdickens.enteract/js/js1.php' not found or unable to stat
[Thu Feb 12 03:40:52.236604 2026] [php:error] [pid 31993] [client 158.173.36.230:0] script '/domains/mjbradley/b.php' not found or unable to stat
[Thu Feb 12 03:40:52.600071 2026] [php:error] [pid 32003] [client 158.173.36.12:0] script '/domains/markrose/wp-editor.php' not found or unable to stat
[Thu Feb 12 03:40:52.676286 2026] [php:error] [pid 32024] [client 158.173.36.160:0] script '/domains/hdickens.enteract/css/as.php' not found or unable to stat
[Thu Feb 12 03:40:52.676305 2026] [php:error] [pid 31996] [client 158.173.36.161:0] script '/domains/hdickens.enteract/images/habhan.php' not found or unable to stat
[Thu Feb 12 03:40:52.708606 2026] [php:error] [pid 32033] [client 158.173.36.169:0] script '/domains/ecernstelectric/f35_SpaceTn.php' not found or unable to stat
[Thu Feb 12 03:40:52.749112 2026] [php:error] [pid 32025] [client 158.173.36.71:0] script '/domains/wsmith.enteract/wsax.php' not found or unable to stat
[Thu Feb 12 03:40:53.023743 2026] [php:error] [pid 31979] [client 158.173.36.124:0] script '/domains/nlyfoods/wp-head.php' not found or unable to stat
[Thu Feb 12 03:40:53.175566 2026] [php:error] [pid 31993] [client 158.173.36.230:0] script '/domains/mjbradley/wsax.php' not found or unable to stat
[Thu Feb 12 03:40:53.197689 2026] [php:error] [pid 32024] [client 158.173.36.160:0] script '/domains/hdickens.enteract/wsax.php' not found or unable to stat
[Thu Feb 12 03:40:53.231475 2026] [php:error] [pid 32035] [client 158.173.36.240:0] script '/domains/mschmid/f35_SpaceTn.php' not found or unable to stat
[Thu Feb 12 03:40:53.290998 2026] [php:error] [pid 32032] [client 158.173.36.31:0] script '/domains/markrose/Sanskrit.php' not found or unable to stat
[Thu Feb 12 03:40:53.391025 2026] [php:error] [pid 32034] [client 158.173.36.57:0] script '/domains/egmaweb/Sanskrit.php' not found or unable to stat
[Thu Feb 12 03:40:53.439223 2026] [php:error] [pid 32021] [client 158.173.36.12:0] script '/domains/markrose/adminfusm.php' not found or unable to stat
[Thu Feb 12 03:40:53.443450 2026] [php:error] [pid 32032] [client 158.173.36.31:0] script '/domains/markrose/wp-fmfile.php' not found or unable to stat
[Thu Feb 12 03:40:53.550000 2026] [php:error] [pid 32034] [client 158.173.36.57:0] script '/domains/egmaweb/wp-fmfile.php' not found or unable to stat
[Thu Feb 12 03:40:53.552189 2026] [php:error] [pid 31979] [client 158.173.36.124:0] script '/domains/nlyfoods/makeasmtp.php' not found or unable to stat
[Thu Feb 12 03:40:53.593676 2026] [php:error] [pid 32002] [client 158.173.36.68:0] script '/domains/ebon/plugin-install.php' not found or unable to stat
[Thu Feb 12 03:40:53.608301 2026] [php:error] [pid 31998] [client 158.173.36.63:0] script '/domains/awciii/Sanskrit.php' not found or unable to stat
[Thu Feb 12 03:40:53.774246 2026] [php:error] [pid 31998] [client 158.173.36.63:0] script '/domains/awciii/wp-fmfile.php' not found or unable to stat
[Thu Feb 12 03:40:53.865213 2026] [php:error] [pid 32026] [client 158.173.36.227:0] script '/domains/astrosfm/click.php' not found or unable to stat
[Thu Feb 12 03:40:54.173710 2026] [php:error] [pid 32032] [client 158.173.36.31:0] script '/domains/markrose/memberfuns.php' not found or unable to stat
[Thu Feb 12 03:40:54.308638 2026] [php:error] [pid 32032] [client 158.173.36.31:0] script '/domains/markrose/infos.php' not found or unable to stat
[Thu Feb 12 03:40:54.320151 2026] [php:error] [pid 31996] [client 158.173.36.161:0] script '/domains/hdickens.enteract/f35_SpaceTn.php' not found or unable to stat
[Thu Feb 12 03:40:54.397735 2026] [php:error] [pid 32034] [client 158.173.36.57:0] script '/domains/egmaweb/memberfuns.php' not found or unable to stat
[Thu Feb 12 03:40:54.483350 2026] [php:error] [pid 32030] [client 158.173.36.71:0] script '/domains/peterbmiller/Sanskrit.php' not found or unable to stat
[Thu Feb 12 03:40:54.549027 2026] [php:error] [pid 31998] [client 158.173.36.63:0] script '/domains/awciii/memberfuns.php' not found or unable to stat
[Thu Feb 12 03:40:54.549793 2026] [php:error] [pid 32034] [client 158.173.36.57:0] script '/domains/egmaweb/infos.php' not found or unable to stat
[Thu Feb 12 03:40:54.753357 2026] [php:error] [pid 32030] [client 158.173.36.71:0] script '/domains/peterbmiller/wp-fmfile.php' not found or unable to stat
[Thu Feb 12 03:40:54.878681 2026] [php:error] [pid 32033] [client 158.173.36.169:0] script '/domains/ecernstelectric/gm.php' not found or unable to stat
[Thu Feb 12 03:40:55.100465 2026] [php:error] [pid 31998] [client 158.173.36.63:0] script '/domains/awciii/infos.php' not found or unable to stat
[Thu Feb 12 03:40:55.394238 2026] [php:error] [pid 32033] [client 158.173.36.169:0] script '/domains/ecernstelectric/js/content-type.php' not found or unable to stat
[Thu Feb 12 03:40:55.490368 2026] [php:error] [pid 32035] [client 158.173.36.240:0] script '/domains/mschmid/gm.php' not found or unable to stat
[Thu Feb 12 03:40:55.490878 2026] [php:error] [pid 32034] [client 158.173.36.57:0] script '/domains/egmaweb/options-writing.php' not found or unable to stat
[Thu Feb 12 03:40:55.605230 2026] [php:error] [pid 32030] [client 158.173.36.71:0] script '/domains/peterbmiller/memberfuns.php' not found or unable to stat
[Thu Feb 12 03:40:55.605986 2026] [php:error] [pid 32032] [client 158.173.36.31:0] script '/domains/markrose/options-writing.php' not found or unable to stat
[Thu Feb 12 03:40:55.633750 2026] [php:error] [pid 32034] [client 158.173.36.57:0] script '/domains/egmaweb/options-reading.php' not found or unable to stat
[Thu Feb 12 03:40:55.766408 2026] [php:error] [pid 32032] [client 158.173.36.31:0] script '/domains/markrose/options-reading.php' not found or unable to stat
[Thu Feb 12 03:40:55.772161 2026] [php:error] [pid 32030] [client 158.173.36.71:0] script '/domains/peterbmiller/infos.php' not found or unable to stat
[Thu Feb 12 03:40:55.785274 2026] [php:error] [pid 32021] [client 158.173.36.12:0] script '/domains/markrose/f35_SpaceTn.php' not found or unable to stat
[Thu Feb 12 03:40:55.785792 2026] [php:error] [pid 32034] [client 158.173.36.57:0] script '/domains/egmaweb/wsad.php' not found or unable to stat
[Thu Feb 12 03:40:55.797395 2026] [php:error] [pid 31998] [client 158.173.36.63:0] script '/domains/awciii/options-writing.php' not found or unable to stat
[Thu Feb 12 03:40:55.798369 2026] [php:error] [pid 32026] [client 158.173.36.227:0] script '/domains/astrosfm/wp-admin.php' not found or unable to stat
[Thu Feb 12 03:40:55.974185 2026] [php:error] [pid 32032] [client 158.173.36.31:0] script '/domains/markrose/wsad.php' not found or unable to stat
[Thu Feb 12 03:40:55.988805 2026] [php:error] [pid 32034] [client 158.173.36.57:0] script '/domains/egmaweb/nation.php' not found or unable to stat
[Thu Feb 12 03:40:55.989822 2026] [php:error] [pid 32002] [client 158.173.36.68:0] script '/domains/ebon/images/mah.php' not found or unable to stat
[Thu Feb 12 03:40:56.015399 2026] [php:error] [pid 31998] [client 158.173.36.63:0] script '/domains/awciii/options-reading.php' not found or unable to stat
[Thu Feb 12 03:40:56.170517 2026] [php:error] [pid 32032] [client 158.173.36.31:0] script '/domains/markrose/nation.php' not found or unable to stat
[Thu Feb 12 03:40:56.218672 2026] [php:error] [pid 31998] [client 158.173.36.63:0] script '/domains/awciii/wsad.php' not found or unable to stat
[Thu Feb 12 03:40:56.355384 2026] [php:error] [pid 31993] [client 158.173.36.230:0] script '/domains/mjbradley/images/Marvins.php' not found or unable to stat
[Thu Feb 12 03:40:56.436266 2026] [php:error] [pid 31998] [client 158.173.36.63:0] script '/domains/awciii/nation.php' not found or unable to stat
[Thu Feb 12 03:40:56.619702 2026] [php:error] [pid 32026] [client 158.173.36.227:0] script '/domains/astrosfm/wp-editor.php' not found or unable to stat
[Thu Feb 12 03:40:56.619802 2026] [php:error] [pid 32030] [client 158.173.36.71:0] script '/domains/peterbmiller/options-writing.php' not found or unable to stat
[Thu Feb 12 03:40:56.797706 2026] [php:error] [pid 32030] [client 158.173.36.71:0] script '/domains/peterbmiller/options-reading.php' not found or unable to stat
[Thu Feb 12 03:40:56.805272 2026] [php:error] [pid 31996] [client 158.173.36.161:0] script '/domains/hdickens.enteract/gm.php' not found or unable to stat
[Thu Feb 12 03:40:56.857380 2026] [php:error] [pid 32034] [client 158.173.36.57:0] script '/domains/egmaweb/wp-atomx.php' not found or unable to stat
[Thu Feb 12 03:40:56.935265 2026] [php:error] [pid 32030] [client 158.173.36.71:0] script '/domains/peterbmiller/wsad.php' not found or unable to stat
[Thu Feb 12 03:40:57.006589 2026] [php:error] [pid 32032] [client 158.173.36.31:0] script '/domains/markrose/wp-atomx.php' not found or unable to stat
[Thu Feb 12 03:40:57.024622 2026] [php:error] [pid 32034] [client 158.173.36.57:0] script '/domains/egmaweb/admin-footer.php' not found or unable to stat
[Thu Feb 12 03:40:57.079878 2026] [php:error] [pid 32030] [client 158.173.36.71:0] script '/domains/peterbmiller/nation.php' not found or unable to stat
[Thu Feb 12 03:40:57.120161 2026] [php:error] [pid 31996] [client 158.173.36.161:0] script '/domains/hdickens.enteract/js/content-type.php' not found or unable to stat
[Thu Feb 12 03:40:57.134138 2026] [php:error] [pid 32024] [client 158.173.36.160:0] script '/domains/hdickens.enteract/images/Marvins.php' not found or unable to stat
[Thu Feb 12 03:40:57.143776 2026] [php:error] [pid 32032] [client 158.173.36.31:0] script '/domains/markrose/admin-footer.php' not found or unable to stat
[Thu Feb 12 03:40:57.191116 2026] [php:error] [pid 32033] [client 158.173.36.169:0] script '/domains/ecernstelectric/plugin-install.php' not found or unable to stat
[Thu Feb 12 03:40:57.324371 2026] [php:error] [pid 31998] [client 158.173.36.63:0] script '/domains/awciii/wp-atomx.php' not found or unable to stat
[Thu Feb 12 03:40:57.331771 2026] [php:error] [pid 31979] [client 158.173.36.124:0] script '/domains/nlyfoods/click.php' not found or unable to stat
[Thu Feb 12 03:40:57.341218 2026] [php:error] [pid 32034] [client 158.173.36.57:0] script '/domains/egmaweb/XxX.php' not found or unable to stat
[Thu Feb 12 03:40:57.341358 2026] [php:error] [pid 32035] [client 158.173.36.240:0] script '/domains/mschmid/plugin-install.php' not found or unable to stat
[Thu Feb 12 03:40:57.527536 2026] [php:error] [pid 31998] [client 158.173.36.63:0] script '/domains/awciii/admin-footer.php' not found or unable to stat
[Thu Feb 12 03:40:57.528909 2026] [php:error] [pid 32032] [client 158.173.36.31:0] script '/domains/markrose/XxX.php' not found or unable to stat
[Thu Feb 12 03:40:57.591261 2026] [php:error] [pid 32028] [client 158.173.36.63:0] script '/domains/astrosfm/adminfusm.php' not found or unable to stat
[Thu Feb 12 03:40:57.697566 2026] [php:error] [pid 32021] [client 158.173.36.12:0] script '/domains/markrose/gm.php' not found or unable to stat
[Thu Feb 12 03:40:57.847426 2026] [php:error] [pid 32002] [client 158.173.36.68:0] script '/domains/ebon/b.php' not found or unable to stat
[Thu Feb 12 03:40:57.862278 2026] [php:error] [pid 31998] [client 158.173.36.63:0] script '/domains/awciii/XxX.php' not found or unable to stat
[Thu Feb 12 03:40:57.947009 2026] [php:error] [pid 32030] [client 158.173.36.71:0] script '/domains/peterbmiller/wp-atomx.php' not found or unable to stat
[Thu Feb 12 03:40:58.100347 2026] [php:error] [pid 32030] [client 158.173.36.71:0] script '/domains/peterbmiller/admin-footer.php' not found or unable to stat
[Thu Feb 12 03:40:58.389076 2026] [php:error] [pid 32016] [client 158.173.36.68:0] script '/domains/piltdweb1/Sanskrit.php' not found or unable to stat
[Thu Feb 12 03:40:58.408251 2026] [php:error] [pid 32030] [client 158.173.36.71:0] script '/domains/peterbmiller/XxX.php' not found or unable to stat
[Thu Feb 12 03:40:58.535324 2026] [php:error] [pid 32016] [client 158.173.36.68:0] script '/domains/piltdweb1/wp-fmfile.php' not found or unable to stat
[Thu Feb 12 03:40:58.779479 2026] [php:error] [pid 31996] [client 158.173.36.161:0] script '/domains/hdickens.enteract/plugin-install.php' not found or unable to stat
[Thu Feb 12 03:40:58.821282 2026] [php:error] [pid 32002] [client 158.173.36.68:0] script '/domains/ebon/wsax.php' not found or unable to stat
[Thu Feb 12 03:40:58.975300 2026] [php:error] [pid 31979] [client 158.173.36.124:0] script '/domains/nlyfoods/wp-admin.php' not found or unable to stat
[Thu Feb 12 03:40:59.119746 2026] [php:error] [pid 32011] [client 158.173.36.171:0] script '/domains/system_suspended/bs1.php' not found or unable to stat
[Thu Feb 12 03:40:59.291994 2026] [php:error] [pid 32016] [client 158.173.36.68:0] script '/domains/piltdweb1/memberfuns.php' not found or unable to stat
[Thu Feb 12 03:40:59.385394 2026] [php:error] [pid 32034] [client 158.173.36.57:0] script '/domains/egmaweb/images/buy.php' not found or unable to stat
[Thu Feb 12 03:40:59.525800 2026] [php:error] [pid 32016] [client 158.173.36.68:0] script '/domains/piltdweb1/infos.php' not found or unable to stat
[Thu Feb 12 03:40:59.568372 2026] [php:error] [pid 32035] [client 158.173.36.240:0] script '/domains/mschmid/images/mah.php' not found or unable to stat
[Thu Feb 12 03:40:59.568462 2026] [php:error] [pid 32021] [client 158.173.36.12:0] script '/domains/markrose/plugin-install.php' not found or unable to stat
[Thu Feb 12 03:40:59.695775 2026] [php:error] [pid 32011] [client 158.173.36.171:0] script '/domains/system_suspended/page.php' not found or unable to stat
[Thu Feb 12 03:40:59.697193 2026] [php:error] [pid 32026] [client 158.173.36.68:0] script '/domains/wsmith.enteract/bs1.php' not found or unable to stat
[Thu Feb 12 03:40:59.754940 2026] [php:error] [pid 32033] [client 158.173.36.169:0] script '/domains/ecernstelectric/images/mah.php' not found or unable to stat
[Thu Feb 12 03:40:59.968460 2026] [php:error] [pid 31979] [client 158.173.36.124:0] script '/domains/nlyfoods/wp-editor.php' not found or unable to stat
[Thu Feb 12 03:40:59.981234 2026] [php:error] [pid 32028] [client 158.173.36.63:0] script '/domains/astrosfm/f35_SpaceTn.php' not found or unable to stat
[Thu Feb 12 03:41:00.252728 2026] [php:error] [pid 32026] [client 158.173.36.68:0] script '/domains/wsmith.enteract/page.php' not found or unable to stat
[Thu Feb 12 03:41:00.266131 2026] [php:error] [pid 32016] [client 158.173.36.68:0] script '/domains/piltdweb1/options-writing.php' not found or unable to stat
[Thu Feb 12 03:41:00.510879 2026] [php:error] [pid 32016] [client 158.173.36.68:0] script '/domains/piltdweb1/options-reading.php' not found or unable to stat
[Thu Feb 12 03:41:00.737253 2026] [php:error] [pid 32016] [client 158.173.36.68:0] script '/domains/piltdweb1/wsad.php' not found or unable to stat
[Thu Feb 12 03:41:00.803361 2026] [php:error] [pid 32030] [client 158.173.36.71:0] script '/domains/peterbmiller/images/buy.php' not found or unable to stat
[Thu Feb 12 03:41:00.803633 2026] [php:error] [pid 31926] [client 158.173.36.160:0] script '/domains/mjbradley/bs1.php' not found or unable to stat
[Thu Feb 12 03:41:00.890177 2026] [php:error] [pid 32016] [client 158.173.36.68:0] script '/domains/piltdweb1/nation.php' not found or unable to stat
[Thu Feb 12 03:41:01.055105 2026] [php:error] [pid 31996] [client 158.173.36.161:0] script '/domains/hdickens.enteract/css/fan.php' not found or unable to stat
[Thu Feb 12 03:41:01.127849 2026] [php:error] [pid 32003] [client 158.173.36.85:0] script '/domains/nlyfoods/adminfusm.php' not found or unable to stat
[Thu Feb 12 03:41:01.307380 2026] [php:error] [pid 31926] [client 158.173.36.160:0] script '/domains/mjbradley/page.php' not found or unable to stat
[Thu Feb 12 03:41:01.307645 2026] [php:error] [pid 32003] [client 158.173.36.85:0] script '/domains/nlyfoods/js/js1.php' not found or unable to stat
[Thu Feb 12 03:41:01.407503 2026] [php:error] [pid 31996] [client 158.173.36.161:0] script '/domains/hdickens.enteract/images/mah.php' not found or unable to stat
[Thu Feb 12 03:41:01.654894 2026] [php:error] [pid 32035] [client 158.173.36.240:0] script '/domains/mschmid/b.php' not found or unable to stat
[Thu Feb 12 03:41:01.740951 2026] [php:error] [pid 32025] [client 158.173.36.161:0] script '/domains/hdickens.enteract/bs1.php' not found or unable to stat
[Thu Feb 12 03:41:01.787326 2026] [php:error] [pid 32016] [client 158.173.36.68:0] script '/domains/piltdweb1/wp-atomx.php' not found or unable to stat
[Thu Feb 12 03:41:01.960857 2026] [php:error] [pid 32016] [client 158.173.36.68:0] script '/domains/piltdweb1/admin-footer.php' not found or unable to stat
[Thu Feb 12 03:41:02.026974 2026] [php:error] [pid 32002] [client 158.173.36.68:0] script '/domains/ebon/images/Marvins.php' not found or unable to stat
[Thu Feb 12 03:41:02.067141 2026] [php:error] [pid 32033] [client 158.173.36.169:0] script '/domains/ecernstelectric/b.php' not found or unable to stat
[Thu Feb 12 03:41:02.198338 2026] [php:error] [pid 32028] [client 158.173.36.63:0] script '/domains/astrosfm/gm.php' not found or unable to stat
[Thu Feb 12 03:41:02.269323 2026] [php:error] [pid 32025] [client 158.173.36.161:0] script '/domains/hdickens.enteract/page.php' not found or unable to stat
[Thu Feb 12 03:41:02.330877 2026] [php:error] [pid 32016] [client 158.173.36.68:0] script '/domains/piltdweb1/XxX.php' not found or unable to stat
[Thu Feb 12 03:41:02.398501 2026] [php:error] [pid 32032] [client 158.173.36.31:0] script '/domains/markrose/xex.php' not found or unable to stat
[Thu Feb 12 03:41:02.492904 2026] [php:error] [pid 32034] [client 158.173.36.57:0] script '/domains/egmaweb/xex.php' not found or unable to stat
[Thu Feb 12 03:41:02.717482 2026] [php:error] [pid 32035] [client 158.173.36.240:0] script '/domains/mschmid/wsax.php' not found or unable to stat
[Thu Feb 12 03:41:03.190504 2026] [php:error] [pid 32033] [client 158.173.36.169:0] script '/domains/ecernstelectric/wsax.php' not found or unable to stat
[Thu Feb 12 03:41:03.207903 2026] [php:error] [pid 32032] [client 158.173.36.31:0] script '/domains/markrose/wp-head.php' not found or unable to stat
[Thu Feb 12 03:41:03.309412 2026] [php:error] [pid 32034] [client 158.173.36.57:0] script '/domains/egmaweb/wp-head.php' not found or unable to stat
[Thu Feb 12 03:41:03.338168 2026] [php:error] [pid 31998] [client 158.173.36.63:0] script '/domains/awciii/xex.php' not found or unable to stat
[Thu Feb 12 03:41:03.369017 2026] [php:error] [pid 32003] [client 158.173.36.85:0] script '/domains/nlyfoods/f35_SpaceTn.php' not found or unable to stat
[Thu Feb 12 03:41:03.461651 2026] [php:error] [pid 32030] [client 158.173.36.71:0] script '/domains/peterbmiller/xex.php' not found or unable to stat
[Thu Feb 12 03:41:03.466509 2026] [php:error] [pid 31996] [client 158.173.36.161:0] script '/domains/hdickens.enteract/b.php' not found or unable to stat
[Thu Feb 12 03:41:03.691688 2026] [php:error] [pid 32032] [client 158.173.36.31:0] script '/domains/markrose/makeasmtp.php' not found or unable to stat
[Thu Feb 12 03:41:03.825513 2026] [php:error] [pid 32021] [client 158.173.36.12:0] script '/domains/markrose/b.php' not found or unable to stat
[Thu Feb 12 03:41:03.825729 2026] [php:error] [pid 31993] [client 158.173.36.68:0] script '/domains/system_suspended/ws.php' not found or unable to stat
[Thu Feb 12 03:41:03.825809 2026] [php:error] [pid 32034] [client 158.173.36.57:0] script '/domains/egmaweb/makeasmtp.php' not found or unable to stat
[Thu Feb 12 03:41:03.932951 2026] [php:error] [pid 31996] [client 158.173.36.161:0] script '/domains/hdickens.enteract/css/as.php' not found or unable to stat
[Thu Feb 12 03:41:03.989184 2026] [php:error] [pid 32016] [client 158.173.36.68:0] script '/domains/piltdweb1/css/media-widget-vide02.php' not found or unable to stat
[Thu Feb 12 03:41:04.002370 2026] [php:error] [pid 32024] [client 158.173.36.217:0] script '/domains/mjbradley/images/autoload_classmap.php' not found or unable to stat
[Thu Feb 12 03:41:04.092107 2026] [php:error] [pid 32028] [client 158.173.36.63:0] script '/domains/astrosfm/plugin-install.php' not found or unable to stat
[Thu Feb 12 03:41:04.161628 2026] [php:error] [pid 31998] [client 158.173.36.63:0] script '/domains/awciii/wp-head.php' not found or unable to stat
[Thu Feb 12 03:41:04.257043 2026] [php:error] [pid 32030] [client 158.173.36.71:0] script '/domains/peterbmiller/wp-head.php' not found or unable to stat
[Thu Feb 12 03:41:04.299581 2026] [php:error] [pid 32034] [client 158.173.36.57:0] script '/domains/egmaweb/images/bypass.php' not found or unable to stat
[Thu Feb 12 03:41:04.299948 2026] [php:error] [pid 31979] [client 158.173.36.45:0] script '/domains/wsmith.enteract/ws.php' not found or unable to stat
[Thu Feb 12 03:41:04.301771 2026] [php:error] [pid 31993] [client 158.173.36.68:0] script '/domains/system_suspended/shop.php' not found or unable to stat
[Thu Feb 12 03:41:04.415738 2026] [php:error] [pid 31996] [client 158.173.36.161:0] script '/domains/hdickens.enteract/wsax.php' not found or unable to stat
[Thu Feb 12 03:41:04.684573 2026] [php:error] [pid 31998] [client 158.173.36.63:0] script '/domains/awciii/makeasmtp.php' not found or unable to stat
[Thu Feb 12 03:41:04.791650 2026] [php:error] [pid 32030] [client 158.173.36.71:0] script '/domains/peterbmiller/makeasmtp.php' not found or unable to stat
[Thu Feb 12 03:41:04.803382 2026] [php:error] [pid 32021] [client 158.173.36.12:0] script '/domains/markrose/wsax.php' not found or unable to stat
[Thu Feb 12 03:41:04.816818 2026] [php:error] [pid 31979] [client 158.173.36.45:0] script '/domains/wsmith.enteract/shop.php' not found or unable to stat
[Thu Feb 12 03:41:04.816830 2026] [php:error] [pid 32011] [client 158.173.36.164:0] script '/domains/hdickens.enteract/images/autoload_classmap.php' not found or unable to stat
[Thu Feb 12 03:41:05.133045 2026] [php:error] [pid 32024] [client 158.173.36.217:0] script '/domains/mjbradley/ws.php' not found or unable to stat
[Thu Feb 12 03:41:05.161330 2026] [php:error] [pid 32003] [client 158.173.36.85:0] script '/domains/nlyfoods/gm.php' not found or unable to stat
[Thu Feb 12 03:41:05.287424 2026] [php:error] [pid 32030] [client 158.173.36.71:0] script '/domains/peterbmiller/images/bypass.php' not found or unable to stat
[Thu Feb 12 03:41:05.476326 2026] [php:error] [pid 31993] [client 158.173.36.68:0] script '/domains/system_suspended/wp-api.php' not found or unable to stat
[Thu Feb 12 03:41:05.491497 2026] [php:error] [pid 32035] [client 158.173.36.240:0] script '/domains/mschmid/images/Marvins.php' not found or unable to stat
[Thu Feb 12 03:41:05.511043 2026] [php:error] [pid 32003] [client 158.173.36.85:0] script '/domains/nlyfoods/js/content-type.php' not found or unable to stat
[Thu Feb 12 03:41:05.627356 2026] [php:error] [pid 32024] [client 158.173.36.217:0] script '/domains/mjbradley/shop.php' not found or unable to stat
[Thu Feb 12 03:41:05.730604 2026] [php:error] [pid 32026] [client 158.173.36.171:0] script '/domains/ebon/bs1.php' not found or unable to stat
[Thu Feb 12 03:41:05.769501 2026] [php:error] [pid 31993] [client 158.173.36.68:0] script '/domains/system_suspended/css.php' not found or unable to stat
[Thu Feb 12 03:41:05.913409 2026] [php:error] [pid 32011] [client 158.173.36.164:0] script '/domains/hdickens.enteract/ws.php' not found or unable to stat
[Thu Feb 12 03:41:05.930686 2026] [php:error] [pid 31979] [client 158.173.36.45:0] script '/domains/wsmith.enteract/wp-api.php' not found or unable to stat
[Thu Feb 12 03:41:06.029063 2026] [php:error] [pid 32028] [client 158.173.36.63:0] script '/domains/astrosfm/css/fan.php' not found or unable to stat
[Thu Feb 12 03:41:06.170757 2026] [php:error] [pid 32026] [client 158.173.36.171:0] script '/domains/ebon/page.php' not found or unable to stat
[Thu Feb 12 03:41:06.227852 2026] [php:error] [pid 31979] [client 158.173.36.45:0] script '/domains/wsmith.enteract/css.php' not found or unable to stat
[Thu Feb 12 03:41:06.243567 2026] [php:error] [pid 32033] [client 158.173.36.169:0] script '/domains/ecernstelectric/images/Marvins.php' not found or unable to stat
[Thu Feb 12 03:41:06.333112 2026] [php:error] [pid 32032] [client 158.173.36.31:0] script '/domains/markrose/click.php' not found or unable to stat
[Thu Feb 12 03:41:06.333333 2026] [php:error] [pid 32011] [client 158.173.36.164:0] script '/domains/hdickens.enteract/shop.php' not found or unable to stat
[Thu Feb 12 03:41:06.494931 2026] [php:error] [pid 32034] [client 158.173.36.57:0] script '/domains/egmaweb/click.php' not found or unable to stat
[Thu Feb 12 03:41:06.642755 2026] [php:error] [pid 32016] [client 158.173.36.68:0] script '/domains/piltdweb1/xex.php' not found or unable to stat
[Thu Feb 12 03:41:06.643026 2026] [php:error] [pid 31993] [client 158.173.36.68:0] script '/domains/system_suspended/wp-error_log.php' not found or unable to stat
[Thu Feb 12 03:41:06.643946 2026] [php:error] [pid 32024] [client 158.173.36.217:0] script '/domains/mjbradley/wp-api.php' not found or unable to stat
[Thu Feb 12 03:41:06.860099 2026] [php:error] [pid 32003] [client 158.173.36.85:0] script '/domains/nlyfoods/plugin-install.php' not found or unable to stat
[Thu Feb 12 03:41:07.004605 2026] [php:error] [pid 32024] [client 158.173.36.217:0] script '/domains/mjbradley/css.php' not found or unable to stat
[Thu Feb 12 03:41:07.245587 2026] [php:error] [pid 31979] [client 158.173.36.45:0] script '/domains/wsmith.enteract/wp-error_log.php' not found or unable to stat
[Thu Feb 12 03:41:07.506937 2026] [php:error] [pid 31996] [client 158.173.36.161:0] script '/domains/hdickens.enteract/images/Marvins.php' not found or unable to stat
[Thu Feb 12 03:41:07.711261 2026] [php:error] [pid 31998] [client 158.173.36.63:0] script '/domains/awciii/click.php' not found or unable to stat
[Thu Feb 12 03:41:07.755518 2026] [php:error] [pid 32011] [client 158.173.36.164:0] script '/domains/hdickens.enteract/wp-api.php' not found or unable to stat
[Thu Feb 12 03:41:07.895059 2026] [php:error] [pid 32016] [client 158.173.36.68:0] script '/domains/piltdweb1/wp-head.php' not found or unable to stat
[Thu Feb 12 03:41:08.042465 2026] [php:error] [pid 32032] [client 158.173.36.31:0] script '/domains/markrose/wp-admin.php' not found or unable to stat
[Thu Feb 12 03:41:08.042774 2026] [php:error] [pid 32030] [client 158.173.36.71:0] script '/domains/peterbmiller/click.php' not found or unable to stat
[Thu Feb 12 03:41:08.100327 2026] [php:error] [pid 32011] [client 158.173.36.164:0] script '/domains/hdickens.enteract/css.php' not found or unable to stat
[Thu Feb 12 03:41:08.220505 2026] [php:error] [pid 32034] [client 158.173.36.57:0] script '/domains/egmaweb/wp-admin.php' not found or unable to stat
[Thu Feb 12 03:41:08.302973 2026] [php:error] [pid 32024] [client 158.173.36.217:0] script '/domains/mjbradley/wp-error_log.php' not found or unable to stat
[Thu Feb 12 03:41:08.402610 2026] [php:error] [pid 32016] [client 158.173.36.68:0] script '/domains/piltdweb1/makeasmtp.php' not found or unable to stat
[Thu Feb 12 03:41:08.424283 2026] [php:error] [pid 32028] [client 158.173.36.63:0] script '/domains/astrosfm/b.php' not found or unable to stat
[Thu Feb 12 03:41:08.732892 2026] [php:error] [pid 32032] [client 158.173.36.31:0] script '/domains/markrose/wp-editor.php' not found or unable to stat
[Thu Feb 12 03:41:08.887094 2026] [php:error] [pid 32034] [client 158.173.36.57:0] script '/domains/egmaweb/wp-editor.php' not found or unable to stat
[Thu Feb 12 03:41:08.914443 2026] [php:error] [pid 32028] [client 158.173.36.63:0] script '/domains/astrosfm/css/as.php' not found or unable to stat
[Thu Feb 12 03:41:08.933400 2026] [php:error] [pid 32002] [client 158.173.36.45:0] script '/domains/ebon/images/autoload_classmap.php' not found or unable to stat
[Thu Feb 12 03:41:09.035432 2026] [php:error] [pid 32003] [client 158.173.36.85:0] script '/domains/nlyfoods/css/fan.php' not found or unable to stat
[Thu Feb 12 03:41:09.104985 2026] [php:error] [pid 32011] [client 158.173.36.164:0] script '/domains/hdickens.enteract/wp-error_log.php' not found or unable to stat
[Thu Feb 12 03:41:09.422280 2026] [php:error] [pid 32035] [client 158.173.36.245:0] script '/domains/egmaweb/images/install.php' not found or unable to stat
[Thu Feb 12 03:41:09.546986 2026] [php:error] [pid 31998] [client 158.173.36.63:0] script '/domains/awciii/wp-admin.php' not found or unable to stat
[Thu Feb 12 03:41:09.574707 2026] [php:error] [pid 32028] [client 158.173.36.63:0] script '/domains/astrosfm/wsax.php' not found or unable to stat
[Thu Feb 12 03:41:09.627575 2026] [php:error] [pid 31926] [client 158.173.36.169:0] script '/domains/markrose/adminfusm.php' not found or unable to stat
[Thu Feb 12 03:41:09.654704 2026] [php:error] [pid 32030] [client 158.173.36.71:0] script '/domains/peterbmiller/wp-admin.php' not found or unable to stat
[Thu Feb 12 03:41:09.691453 2026] [php:error] [pid 32017] [client 158.173.36.171:0] script '/domains/mschmid/bs1.php' not found or unable to stat
[Thu Feb 12 03:41:09.754360 2026] [php:error] [pid 32035] [client 158.173.36.245:0] script '/domains/egmaweb/adminfusm.php' not found or unable to stat
[Thu Feb 12 03:41:09.877336 2026] [php:error] [pid 31993] [client 158.173.36.68:0] script '/domains/system_suspended/files.php' not found or unable to stat
[Thu Feb 12 03:41:10.217389 2026] [php:error] [pid 32017] [client 158.173.36.171:0] script '/domains/mschmid/page.php' not found or unable to stat
[Thu Feb 12 03:41:10.224606 2026] [php:error] [pid 32002] [client 158.173.36.45:0] script '/domains/ebon/ws.php' not found or unable to stat
[Thu Feb 12 03:41:10.248585 2026] [php:error] [pid 31998] [client 158.173.36.63:0] script '/domains/awciii/wp-editor.php' not found or unable to stat
[Thu Feb 12 03:41:10.408535 2026] [php:error] [pid 32030] [client 158.173.36.71:0] script '/domains/peterbmiller/wp-editor.php' not found or unable to stat
[Thu Feb 12 03:41:10.466352 2026] [php:error] [pid 32035] [client 158.173.36.245:0] script '/domains/egmaweb/images/habhan.php' not found or unable to stat
[Thu Feb 12 03:41:10.745887 2026] [php:error] [pid 32032] [client 158.173.36.169:0] script '/domains/ecernstelectric/bs1.php' not found or unable to stat
[Thu Feb 12 03:41:10.767284 2026] [php:error] [pid 31979] [client 158.173.36.45:0] script '/domains/wsmith.enteract/files.php' not found or unable to stat
[Thu Feb 12 03:41:10.787956 2026] [php:error] [pid 32002] [client 158.173.36.45:0] script '/domains/ebon/shop.php' not found or unable to stat
[Thu Feb 12 03:41:10.959151 2026] [php:error] [pid 31998] [client 158.173.36.49:0] script '/domains/peterbmiller/images/install.php' not found or unable to stat
[Thu Feb 12 03:41:11.152122 2026] [php:error] [pid 32036] [client 158.173.36.68:0] script '/domains/awciii/adminfusm.php' not found or unable to stat
[Thu Feb 12 03:41:11.251061 2026] [php:error] [pid 31998] [client 158.173.36.49:0] script '/domains/peterbmiller/adminfusm.php' not found or unable to stat
[Thu Feb 12 03:41:11.282781 2026] [php:error] [pid 32032] [client 158.173.36.169:0] script '/domains/ecernstelectric/page.php' not found or unable to stat
[Thu Feb 12 03:41:11.369313 2026] [php:error] [pid 32016] [client 158.173.36.68:0] script '/domains/piltdweb1/click.php' not found or unable to stat
[Thu Feb 12 03:41:11.438915 2026] [php:error] [pid 32003] [client 158.173.36.85:0] script '/domains/nlyfoods/b.php' not found or unable to stat
[Thu Feb 12 03:41:11.441618 2026] [php:error] [pid 32024] [client 158.173.36.217:0] script '/domains/mjbradley/files.php' not found or unable to stat
[Thu Feb 12 03:41:11.598428 2026] [php:error] [pid 31993] [client 158.173.36.68:0] script '/domains/system_suspended/blog.php' not found or unable to stat
[Thu Feb 12 03:41:11.693290 2026] [php:error] [pid 31996] [client 158.173.36.240:0] script '/domains/hdickens.enteract/bs1.php' not found or unable to stat
[Thu Feb 12 03:41:11.720967 2026] [php:error] [pid 32030] [client 158.173.36.241:0] script '/domains/markrose/bs1.php' not found or unable to stat
[Thu Feb 12 03:41:12.008198 2026] [php:error] [pid 32003] [client 158.173.36.85:0] script '/domains/nlyfoods/css/as.php' not found or unable to stat
[Thu Feb 12 03:41:12.111081 2026] [php:error] [pid 31998] [client 158.173.36.49:0] script '/domains/peterbmiller/images/habhan.php' not found or unable to stat
[Thu Feb 12 03:41:12.117286 2026] [php:error] [pid 32002] [client 158.173.36.45:0] script '/domains/ebon/wp-api.php' not found or unable to stat
[Thu Feb 12 03:41:12.224484 2026] [php:error] [pid 32011] [client 158.173.36.164:0] script '/domains/hdickens.enteract/files.php' not found or unable to stat
[Thu Feb 12 03:41:12.240816 2026] [php:error] [pid 32035] [client 158.173.36.245:0] script '/domains/egmaweb/f35_SpaceTn.php' not found or unable to stat
[Thu Feb 12 03:41:12.365079 2026] [php:error] [pid 32030] [client 158.173.36.241:0] script '/domains/markrose/page.php' not found or unable to stat
[Thu Feb 12 03:41:12.553637 2026] [php:error] [pid 31926] [client 158.173.36.169:0] script '/domains/markrose/f35_SpaceTn.php' not found or unable to stat
[Thu Feb 12 03:41:12.626801 2026] [php:error] [pid 31996] [client 158.173.36.240:0] script '/domains/hdickens.enteract/page.php' not found or unable to stat
[Thu Feb 12 03:41:12.641900 2026] [php:error] [pid 31979] [client 158.173.36.45:0] script '/domains/wsmith.enteract/blog.php' not found or unable to stat
[Thu Feb 12 03:41:12.657283 2026] [php:error] [pid 32002] [client 158.173.36.45:0] script '/domains/ebon/css.php' not found or unable to stat
[Thu Feb 12 03:41:12.800972 2026] [php:error] [pid 32003] [client 158.173.36.85:0] script '/domains/nlyfoods/wsax.php' not found or unable to stat
[Thu Feb 12 03:41:13.178224 2026] [php:error] [pid 32016] [client 158.173.36.68:0] script '/domains/piltdweb1/wp-admin.php' not found or unable to stat
[Thu Feb 12 03:41:13.446581 2026] [php:error] [pid 31993] [client 158.173.36.68:0] script '/domains/system_suspended/elp.php' not found or unable to stat
[Thu Feb 12 03:41:13.570888 2026] [php:error] [pid 32036] [client 158.173.36.68:0] script '/domains/awciii/f35_SpaceTn.php' not found or unable to stat
[Thu Feb 12 03:41:13.581884 2026] [php:error] [pid 32024] [client 158.173.36.217:0] script '/domains/mjbradley/blog.php' not found or unable to stat
[Thu Feb 12 03:41:13.582211 2026] [php:error] [pid 32002] [client 158.173.36.45:0] script '/domains/ebon/wp-error_log.php' not found or unable to stat
[Thu Feb 12 03:41:13.618496 2026] [php:error] [pid 32021] [client 158.173.36.45:0] script '/domains/mschmid/images/autoload_classmap.php' not found or unable to stat
[Thu Feb 12 03:41:13.754456 2026] [php:error] [pid 31998] [client 158.173.36.49:0] script '/domains/peterbmiller/f35_SpaceTn.php' not found or unable to stat
[Thu Feb 12 03:41:13.802417 2026] [php:error] [pid 32016] [client 158.173.36.68:0] script '/domains/piltdweb1/wp-editor.php' not found or unable to stat
[Thu Feb 12 03:41:13.903973 2026] [php:error] [pid 32011] [client 158.173.36.164:0] script '/domains/hdickens.enteract/blog.php' not found or unable to stat
[Thu Feb 12 03:41:13.904175 2026] [php:error] [pid 31979] [client 158.173.36.45:0] script '/domains/wsmith.enteract/elp.php' not found or unable to stat
[Thu Feb 12 03:41:14.301122 2026] [php:error] [pid 32024] [client 158.173.36.217:0] script '/domains/mjbradley/images/av.php' not found or unable to stat
[Thu Feb 12 03:41:14.312063 2026] [php:error] [pid 32035] [client 158.173.36.245:0] script '/domains/egmaweb/gm.php' not found or unable to stat
[Thu Feb 12 03:41:14.543275 2026] [php:error] [pid 32029] [client 158.173.36.169:0] script '/domains/ecernstelectric/images/autoload_classmap.php' not found or unable to stat
[Thu Feb 12 03:41:14.737451 2026] [php:error] [pid 32038] [client 158.173.36.31:0] script '/domains/piltdweb1/adminfusm.php' not found or unable to stat
[Thu Feb 12 03:41:14.903593 2026] [php:error] [pid 31926] [client 158.173.36.169:0] script '/domains/markrose/gm.php' not found or unable to stat
[Thu Feb 12 03:41:14.908767 2026] [php:error] [pid 32038] [client 158.173.36.31:0] script '/domains/piltdweb1/js/js1.php' not found or unable to stat
[Thu Feb 12 03:41:14.909215 2026] [php:error] [pid 32011] [client 158.173.36.164:0] script '/domains/hdickens.enteract/images/av.php' not found or unable to stat
[Thu Feb 12 03:41:14.973098 2026] [php:error] [pid 32024] [client 158.173.36.217:0] script '/domains/mjbradley/elp.php' not found or unable to stat
[Thu Feb 12 03:41:15.042626 2026] [php:error] [pid 31993] [client 158.173.36.68:0] script '/domains/system_suspended/entrepreneuse.php' not found or unable to stat
[Thu Feb 12 03:41:15.320172 2026] [php:error] [pid 32011] [client 158.173.36.164:0] script '/domains/hdickens.enteract/js/mrx.php' not found or unable to stat
[Thu Feb 12 03:41:15.321143 2026] [php:error] [pid 32021] [client 158.173.36.45:0] script '/domains/mschmid/ws.php' not found or unable to stat
[Thu Feb 12 03:41:15.753784 2026] [php:error] [pid 32011] [client 158.173.36.164:0] script '/domains/hdickens.enteract/elp.php' not found or unable to stat
[Thu Feb 12 03:41:15.799709 2026] [php:error] [pid 32017] [client 158.173.36.134:0] script '/domains/hdickens.enteract/images/autoload_classmap.php' not found or unable to stat
[Thu Feb 12 03:41:15.898290 2026] [php:error] [pid 32021] [client 158.173.36.45:0] script '/domains/mschmid/shop.php' not found or unable to stat
[Thu Feb 12 03:41:16.054042 2026] [php:error] [pid 31979] [client 158.173.36.45:0] script '/domains/wsmith.enteract/entrepreneuse.php' not found or unable to stat
[Thu Feb 12 03:41:16.129366 2026] [php:error] [pid 32036] [client 158.173.36.68:0] script '/domains/awciii/gm.php' not found or unable to stat
[Thu Feb 12 03:41:16.137624 2026] [php:error] [pid 31998] [client 158.173.36.49:0] script '/domains/peterbmiller/gm.php' not found or unable to stat
[Thu Feb 12 03:41:16.193926 2026] [php:error] [pid 32029] [client 158.173.36.169:0] script '/domains/ecernstelectric/ws.php' not found or unable to stat
[Thu Feb 12 03:41:16.593428 2026] [php:error] [pid 32035] [client 158.173.36.245:0] script '/domains/egmaweb/plugin-install.php' not found or unable to stat
[Thu Feb 12 03:41:16.712468 2026] [php:error] [pid 32029] [client 158.173.36.169:0] script '/domains/ecernstelectric/shop.php' not found or unable to stat
[Thu Feb 12 03:41:16.748385 2026] [php:error] [pid 32024] [client 158.173.36.217:0] script '/domains/mjbradley/entrepreneuse.php' not found or unable to stat
[Thu Feb 12 03:41:16.796669 2026] [php:error] [pid 32011] [client 158.173.36.164:0] script '/domains/hdickens.enteract/fonts/install.php' not found or unable to stat
[Thu Feb 12 03:41:16.848524 2026] [php:error] [pid 32002] [client 158.173.36.45:0] script '/domains/ebon/files.php' not found or unable to stat
[Thu Feb 12 03:41:16.966396 2026] [php:error] [pid 32017] [client 158.173.36.134:0] script '/domains/hdickens.enteract/ws.php' not found or unable to stat
[Thu Feb 12 03:41:16.977943 2026] [php:error] [pid 32021] [client 158.173.36.45:0] script '/domains/mschmid/wp-api.php' not found or unable to stat
[Thu Feb 12 03:41:17.072431 2026] [php:error] [pid 31926] [client 158.173.36.169:0] script '/domains/markrose/plugin-install.php' not found or unable to stat
[Thu Feb 12 03:41:17.169223 2026] [php:error] [pid 32032] [client 158.173.36.245:0] script '/domains/astrosfm/bs1.php' not found or unable to stat
[Thu Feb 12 03:41:17.169223 2026] [php:error] [pid 32011] [client 158.173.36.164:0] script '/domains/hdickens.enteract/entrepreneuse.php' not found or unable to stat
[Thu Feb 12 03:41:17.389648 2026] [php:error] [pid 32038] [client 158.173.36.31:0] script '/domains/piltdweb1/f35_SpaceTn.php' not found or unable to stat
[Thu Feb 12 03:41:17.505236 2026] [php:error] [pid 32021] [client 158.173.36.45:0] script '/domains/mschmid/css.php' not found or unable to stat
[Thu Feb 12 03:41:17.683870 2026] [php:error] [pid 32016] [client 158.173.36.169:0] script '/domains/markrose/ws.php' not found or unable to stat
[Thu Feb 12 03:41:17.685116 2026] [php:error] [pid 32032] [client 158.173.36.245:0] script '/domains/astrosfm/page.php' not found or unable to stat
[Thu Feb 12 03:41:17.818986 2026] [php:error] [pid 31993] [client 158.173.36.68:0] script '/domains/system_suspended/testt.php' not found or unable to stat
[Thu Feb 12 03:41:17.827349 2026] [php:error] [pid 32017] [client 158.173.36.134:0] script '/domains/hdickens.enteract/shop.php' not found or unable to stat
[Thu Feb 12 03:41:17.974969 2026] [php:error] [pid 32011] [client 158.173.36.164:0] script '/domains/hdickens.enteract/js/db.php' not found or unable to stat
[Thu Feb 12 03:41:17.998288 2026] [php:error] [pid 31998] [client 158.173.36.49:0] script '/domains/peterbmiller/plugin-install.php' not found or unable to stat
[Thu Feb 12 03:41:18.076524 2026] [php:error] [pid 32029] [client 158.173.36.169:0] script '/domains/ecernstelectric/wp-api.php' not found or unable to stat
[Thu Feb 12 03:41:18.151448 2026] [php:error] [pid 32016] [client 158.173.36.169:0] script '/domains/markrose/shop.php' not found or unable to stat
[Thu Feb 12 03:41:18.151956 2026] [php:error] [pid 31979] [client 158.173.36.45:0] script '/domains/wsmith.enteract/testt.php' not found or unable to stat
[Thu Feb 12 03:41:18.366464 2026] [php:error] [pid 32036] [client 158.173.36.68:0] script '/domains/awciii/plugin-install.php' not found or unable to stat
[Thu Feb 12 03:41:18.577364 2026] [php:error] [pid 32021] [client 158.173.36.45:0] script '/domains/mschmid/wp-error_log.php' not found or unable to stat
[Thu Feb 12 03:41:18.739357 2026] [php:error] [pid 32002] [client 158.173.36.45:0] script '/domains/ebon/blog.php' not found or unable to stat
[Thu Feb 12 03:41:18.747024 2026] [php:error] [pid 32029] [client 158.173.36.169:0] script '/domains/ecernstelectric/css.php' not found or unable to stat
[Thu Feb 12 03:41:19.068165 2026] [php:error] [pid 31993] [client 158.173.36.68:0] script '/domains/system_suspended/network.php' not found or unable to stat
[Thu Feb 12 03:41:19.070993 2026] [php:error] [pid 32035] [client 158.173.36.245:0] script '/domains/egmaweb/images/mah.php' not found or unable to stat
[Thu Feb 12 03:41:19.450100 2026] [php:error] [pid 32024] [client 158.173.36.217:0] script '/domains/mjbradley/testt.php' not found or unable to stat
[Thu Feb 12 03:41:19.506722 2026] [php:error] [pid 32017] [client 158.173.36.134:0] script '/domains/hdickens.enteract/wp-api.php' not found or unable to stat
[Thu Feb 12 03:41:19.609107 2026] [php:error] [pid 32038] [client 158.173.36.31:0] script '/domains/piltdweb1/gm.php' not found or unable to stat
[Thu Feb 12 03:41:19.664051 2026] [php:error] [pid 32011] [client 158.173.36.164:0] script '/domains/hdickens.enteract/testt.php' not found or unable to stat
[Thu Feb 12 03:41:19.669536 2026] [php:error] [pid 32016] [client 158.173.36.169:0] script '/domains/markrose/wp-api.php' not found or unable to stat
[Thu Feb 12 03:41:19.809085 2026] [php:error] [pid 31979] [client 158.173.36.45:0] script '/domains/wsmith.enteract/network.php' not found or unable to stat
[Thu Feb 12 03:41:19.892112 2026] [php:error] [pid 32017] [client 158.173.36.134:0] script '/domains/hdickens.enteract/css.php' not found or unable to stat
[Thu Feb 12 03:41:19.938147 2026] [php:error] [pid 32002] [client 158.173.36.45:0] script '/domains/ebon/images/av.php' not found or unable to stat
[Thu Feb 12 03:41:19.938217 2026] [php:error] [pid 31993] [client 158.173.36.68:0] script '/domains/system_suspended/wikindex.php' not found or unable to stat
[Thu Feb 12 03:41:19.957135 2026] [php:error] [pid 32038] [client 158.173.36.31:0] script '/domains/piltdweb1/js/content-type.php' not found or unable to stat
[Thu Feb 12 03:41:20.006811 2026] [php:error] [pid 32016] [client 158.173.36.169:0] script '/domains/markrose/css.php' not found or unable to stat
[Thu Feb 12 03:41:20.044737 2026] [php:error] [pid 32029] [client 158.173.36.169:0] script '/domains/ecernstelectric/wp-error_log.php' not found or unable to stat
[Thu Feb 12 03:41:20.255643 2026] [php:error] [pid 31979] [client 158.173.36.45:0] script '/domains/wsmith.enteract/wikindex.php' not found or unable to stat
[Thu Feb 12 03:41:20.532917 2026] [php:error] [pid 31998] [client 158.173.36.49:0] script '/domains/peterbmiller/images/mah.php' not found or unable to stat
[Thu Feb 12 03:41:20.565665 2026] [php:error] [pid 32002] [client 158.173.36.45:0] script '/domains/ebon/elp.php' not found or unable to stat
[Thu Feb 12 03:41:20.707574 2026] [php:error] [pid 32024] [client 158.173.36.217:0] script '/domains/mjbradley/network.php' not found or unable to stat
[Thu Feb 12 03:41:20.774649 2026] [php:error] [pid 32030] [client 158.173.36.245:0] script '/domains/nlyfoods/bs1.php' not found or unable to stat
[Thu Feb 12 03:41:20.889939 2026] [php:error] [pid 32011] [client 158.173.36.164:0] script '/domains/hdickens.enteract/network.php' not found or unable to stat
[Thu Feb 12 03:41:20.950856 2026] [php:error] [pid 32017] [client 158.173.36.134:0] script '/domains/hdickens.enteract/wp-error_log.php' not found or unable to stat
[Thu Feb 12 03:41:21.056255 2026] [php:error] [pid 32016] [client 158.173.36.169:0] script '/domains/markrose/wp-error_log.php' not found or unable to stat
[Thu Feb 12 03:41:21.208254 2026] [php:error] [pid 32024] [client 158.173.36.217:0] script '/domains/mjbradley/wikindex.php' not found or unable to stat
[Thu Feb 12 03:41:21.268370 2026] [php:error] [pid 32035] [client 158.173.36.245:0] script '/domains/egmaweb/b.php' not found or unable to stat
[Thu Feb 12 03:41:21.288694 2026] [php:error] [pid 32030] [client 158.173.36.245:0] script '/domains/nlyfoods/page.php' not found or unable to stat
[Thu Feb 12 03:41:21.365968 2026] [php:error] [pid 32011] [client 158.173.36.164:0] script '/domains/hdickens.enteract/wikindex.php' not found or unable to stat
[Thu Feb 12 03:41:21.824396 2026] [php:error] [pid 32028] [client 158.173.36.12:0] script '/domains/astrosfm/ws.php' not found or unable to stat
[Thu Feb 12 03:41:21.899739 2026] [php:error] [pid 32038] [client 158.173.36.31:0] script '/domains/piltdweb1/plugin-install.php' not found or unable to stat
[Thu Feb 12 03:41:22.094602 2026] [php:error] [pid 32002] [client 158.173.36.45:0] script '/domains/ebon/entrepreneuse.php' not found or unable to stat
[Thu Feb 12 03:41:22.230279 2026] [php:error] [pid 32035] [client 158.173.36.245:0] script '/domains/egmaweb/wsax.php' not found or unable to stat
[Thu Feb 12 03:41:22.230479 2026] [php:error] [pid 32028] [client 158.173.36.12:0] script '/domains/astrosfm/shop.php' not found or unable to stat
[Thu Feb 12 03:41:22.232777 2026] [php:error] [pid 32021] [client 158.173.36.45:0] script '/domains/mschmid/files.php' not found or unable to stat
[Thu Feb 12 03:41:22.246377 2026] [php:error] [pid 31926] [client 158.173.36.169:0] script '/domains/markrose/b.php' not found or unable to stat
[Thu Feb 12 03:41:22.881182 2026] [php:error] [pid 32036] [client 158.173.36.68:0] script '/domains/awciii/b.php' not found or unable to stat
[Thu Feb 12 03:41:22.898535 2026] [php:error] [pid 31998] [client 158.173.36.49:0] script '/domains/peterbmiller/b.php' not found or unable to stat
