[Thu Feb 12 05:01:15.647557 2026] [php:error] [pid 49908] [client 158.173.36.210:0] script '/domains/brenties/chosen.php' not found or unable to stat
[Thu Feb 12 05:01:15.647745 2026] [php:error] [pid 49907] [client 158.173.36.164:0] script '/domains/windsorweb/install.php' not found or unable to stat
[Thu Feb 12 05:01:15.722979 2026] [php:error] [pid 49884] [client 158.173.36.245:0] script '/domains/apunderkofler/wp.php' not found or unable to stat
[Thu Feb 12 05:01:15.823606 2026] [php:error] [pid 49886] [client 158.173.36.57:0] script '/domains/sjsachs/images/admin.php' not found or unable to stat
[Thu Feb 12 05:01:15.823702 2026] [php:error] [pid 49899] [client 158.173.36.210:0] script '/domains/abtechsci/inputs.php' not found or unable to stat
[Thu Feb 12 05:01:15.823823 2026] [php:error] [pid 49908] [client 158.173.36.210:0] script '/domains/brenties/about.php' not found or unable to stat
[Thu Feb 12 05:01:16.043990 2026] [php:error] [pid 49908] [client 158.173.36.210:0] script '/domains/brenties/admin.php' not found or unable to stat
[Thu Feb 12 05:01:16.044347 2026] [php:error] [pid 49899] [client 158.173.36.210:0] script '/domains/abtechsci/mini.php' not found or unable to stat
[Thu Feb 12 05:01:16.044351 2026] [php:error] [pid 49907] [client 158.173.36.164:0] script '/domains/windsorweb/images/class-config.php' not found or unable to stat
[Thu Feb 12 05:01:16.044572 2026] [php:error] [pid 49886] [client 158.173.36.57:0] script '/domains/sjsachs/db.php' not found or unable to stat
[Thu Feb 12 05:01:16.271314 2026] [php:error] [pid 49899] [client 158.173.36.210:0] script '/domains/abtechsci/goods.php' not found or unable to stat
[Thu Feb 12 05:01:16.346092 2026] [php:error] [pid 49884] [client 158.173.36.245:0] script '/domains/apunderkofler/wp-header.php' not found or unable to stat
[Thu Feb 12 05:01:16.517411 2026] [php:error] [pid 49908] [client 158.173.36.210:0] script '/domains/brenties/mah.php' not found or unable to stat
[Thu Feb 12 05:01:16.543678 2026] [php:error] [pid 49899] [client 158.173.36.210:0] script '/domains/abtechsci/file5.php' not found or unable to stat
[Thu Feb 12 05:01:16.739349 2026] [php:error] [pid 49884] [client 158.173.36.245:0] script '/domains/apunderkofler/Marvins.php' not found or unable to stat
[Thu Feb 12 05:01:16.739921 2026] [php:error] [pid 49899] [client 158.173.36.210:0] script '/domains/abtechsci/ahax.php' not found or unable to stat
[Thu Feb 12 05:01:16.743148 2026] [php:error] [pid 49907] [client 158.173.36.164:0] script '/domains/windsorweb/bypass.php' not found or unable to stat
[Thu Feb 12 05:01:16.867580 2026] [php:error] [pid 49908] [client 158.173.36.210:0] script '/domains/brenties/core.php' not found or unable to stat
[Thu Feb 12 05:01:16.895669 2026] [php:error] [pid 49907] [client 158.173.36.164:0] script '/domains/windsorweb/class.php' not found or unable to stat
[Thu Feb 12 05:01:16.899195 2026] [php:error] [pid 49918] [client 158.173.36.80:0] script '/domains/brenties/install.php' not found or unable to stat
[Thu Feb 12 05:01:16.902867 2026] [php:error] [pid 49882] [client 158.173.36.4:0] script '/domains/fayemoran/adminfuns.php' not found or unable to stat
[Thu Feb 12 05:01:16.902920 2026] [php:error] [pid 49899] [client 158.173.36.210:0] script '/domains/abtechsci/f35.php' not found or unable to stat
[Thu Feb 12 05:01:17.000321 2026] [php:error] [pid 49908] [client 158.173.36.210:0] script '/domains/brenties/robots.php' not found or unable to stat
[Thu Feb 12 05:01:17.020726 2026] [php:error] [pid 49884] [client 158.173.36.245:0] script '/domains/apunderkofler/wp-class.php' not found or unable to stat
[Thu Feb 12 05:01:17.062810 2026] [php:error] [pid 49899] [client 158.173.36.210:0] script '/domains/abtechsci/simple.php' not found or unable to stat
[Thu Feb 12 05:01:17.185184 2026] [php:error] [pid 49908] [client 158.173.36.210:0] script '/domains/brenties/inputs.php' not found or unable to stat
[Thu Feb 12 05:01:17.264809 2026] [php:error] [pid 49882] [client 158.173.36.4:0] script '/domains/fayemoran/wp_wlx.php' not found or unable to stat
[Thu Feb 12 05:01:17.397987 2026] [php:error] [pid 49908] [client 158.173.36.210:0] script '/domains/brenties/mini.php' not found or unable to stat
[Thu Feb 12 05:01:17.405504 2026] [php:error] [pid 49884] [client 158.173.36.245:0] script '/domains/apunderkofler/xx.php' not found or unable to stat
[Thu Feb 12 05:01:17.551212 2026] [php:error] [pid 49904] [client 158.173.36.240:0] script '/domains/rfisher.dnai/manager.php' not found or unable to stat
[Thu Feb 12 05:01:17.586446 2026] [php:error] [pid 49908] [client 158.173.36.210:0] script '/domains/brenties/goods.php' not found or unable to stat
[Thu Feb 12 05:01:17.621230 2026] [php:error] [pid 49884] [client 158.173.36.245:0] script '/domains/apunderkofler/autoload_classmap.php' not found or unable to stat
[Thu Feb 12 05:01:17.708503 2026] [php:error] [pid 49904] [client 158.173.36.240:0] script '/domains/rfisher.dnai/bless.php' not found or unable to stat
[Thu Feb 12 05:01:17.757603 2026] [php:error] [pid 49908] [client 158.173.36.210:0] script '/domains/brenties/file5.php' not found or unable to stat
[Thu Feb 12 05:01:17.883526 2026] [php:error] [pid 49886] [client 158.173.36.57:0] script '/domains/sjsachs/install.php' not found or unable to stat
[Thu Feb 12 05:01:17.890036 2026] [php:error] [pid 49904] [client 158.173.36.240:0] script '/domains/rfisher.dnai/O-Simple.php' not found or unable to stat
[Thu Feb 12 05:01:17.892656 2026] [php:error] [pid 49918] [client 158.173.36.80:0] script '/domains/brenties/bypass.php' not found or unable to stat
[Thu Feb 12 05:01:17.892656 2026] [php:error] [pid 49882] [client 158.173.36.4:0] script '/domains/fayemoran/wp.php' not found or unable to stat
[Thu Feb 12 05:01:17.920214 2026] [php:error] [pid 49908] [client 158.173.36.210:0] script '/domains/brenties/ahax.php' not found or unable to stat
[Thu Feb 12 05:01:18.091826 2026] [php:error] [pid 49904] [client 158.173.36.240:0] script '/domains/rfisher.dnai/lock360.php' not found or unable to stat
[Thu Feb 12 05:01:18.092708 2026] [php:error] [pid 49918] [client 158.173.36.80:0] script '/domains/brenties/class.php' not found or unable to stat
[Thu Feb 12 05:01:18.107692 2026] [php:error] [pid 49908] [client 158.173.36.210:0] script '/domains/brenties/f35.php' not found or unable to stat
[Thu Feb 12 05:01:18.246901 2026] [php:error] [pid 49884] [client 158.173.36.245:0] script '/domains/apunderkofler/content.php' not found or unable to stat
[Thu Feb 12 05:01:18.247155 2026] [php:error] [pid 49907] [client 158.173.36.164:0] script '/domains/windsorweb/init.php' not found or unable to stat
[Thu Feb 12 05:01:18.305571 2026] [php:error] [pid 49904] [client 158.173.36.240:0] script '/domains/rfisher.dnai/zwso.php' not found or unable to stat
[Thu Feb 12 05:01:18.308955 2026] [php:error] [pid 49886] [client 158.173.36.57:0] script '/domains/sjsachs/images/class-config.php' not found or unable to stat
[Thu Feb 12 05:01:18.334584 2026] [php:error] [pid 49908] [client 158.173.36.210:0] script '/domains/brenties/simple.php' not found or unable to stat
[Thu Feb 12 05:01:18.620117 2026] [php:error] [pid 49904] [client 158.173.36.240:0] script '/domains/rfisher.dnai/chosen.php' not found or unable to stat
[Thu Feb 12 05:01:18.620349 2026] [php:error] [pid 49882] [client 158.173.36.4:0] script '/domains/fayemoran/wp-header.php' not found or unable to stat
[Thu Feb 12 05:01:18.762843 2026] [php:error] [pid 49904] [client 158.173.36.240:0] script '/domains/rfisher.dnai/about.php' not found or unable to stat
[Thu Feb 12 05:01:18.769182 2026] [php:error] [pid 49899] [client 158.173.36.210:0] script '/domains/abtechsci/images/upload.php' not found or unable to stat
[Thu Feb 12 05:01:18.933473 2026] [php:error] [pid 49904] [client 158.173.36.240:0] script '/domains/rfisher.dnai/admin.php' not found or unable to stat
[Thu Feb 12 05:01:18.946174 2026] [php:error] [pid 49882] [client 158.173.36.4:0] script '/domains/fayemoran/Marvins.php' not found or unable to stat
[Thu Feb 12 05:01:18.947191 2026] [php:error] [pid 49886] [client 158.173.36.57:0] script '/domains/sjsachs/bypass.php' not found or unable to stat
[Thu Feb 12 05:01:19.153583 2026] [php:error] [pid 49886] [client 158.173.36.57:0] script '/domains/sjsachs/class.php' not found or unable to stat
[Thu Feb 12 05:01:19.429265 2026] [php:error] [pid 49904] [client 158.173.36.240:0] script '/domains/rfisher.dnai/mah.php' not found or unable to stat
[Thu Feb 12 05:01:19.448464 2026] [php:error] [pid 49882] [client 158.173.36.4:0] script '/domains/fayemoran/wp-class.php' not found or unable to stat
[Thu Feb 12 05:01:19.850402 2026] [php:error] [pid 49904] [client 158.173.36.240:0] script '/domains/rfisher.dnai/core.php' not found or unable to stat
[Thu Feb 12 05:01:19.864170 2026] [php:error] [pid 49882] [client 158.173.36.4:0] script '/domains/fayemoran/xx.php' not found or unable to stat
[Thu Feb 12 05:01:20.052640 2026] [php:error] [pid 49904] [client 158.173.36.240:0] script '/domains/rfisher.dnai/robots.php' not found or unable to stat
[Thu Feb 12 05:01:20.054639 2026] [php:error] [pid 49907] [client 158.173.36.164:0] script '/domains/windsorweb/adminfuns.php' not found or unable to stat
[Thu Feb 12 05:01:20.054644 2026] [php:error] [pid 49918] [client 158.173.36.80:0] script '/domains/brenties/init.php' not found or unable to stat
[Thu Feb 12 05:01:20.073909 2026] [php:error] [pid 49882] [client 158.173.36.4:0] script '/domains/fayemoran/autoload_classmap.php' not found or unable to stat
[Thu Feb 12 05:01:20.257381 2026] [php:error] [pid 49904] [client 158.173.36.240:0] script '/domains/rfisher.dnai/inputs.php' not found or unable to stat
[Thu Feb 12 05:01:20.449102 2026] [php:error] [pid 49904] [client 158.173.36.240:0] script '/domains/rfisher.dnai/mini.php' not found or unable to stat
[Thu Feb 12 05:01:20.660068 2026] [php:error] [pid 49882] [client 158.173.36.4:0] script '/domains/fayemoran/content.php' not found or unable to stat
[Thu Feb 12 05:01:20.662823 2026] [php:error] [pid 49904] [client 158.173.36.240:0] script '/domains/rfisher.dnai/goods.php' not found or unable to stat
[Thu Feb 12 05:01:20.731292 2026] [php:error] [pid 49907] [client 158.173.36.164:0] script '/domains/windsorweb/wp_wlx.php' not found or unable to stat
[Thu Feb 12 05:01:20.769721 2026] [php:error] [pid 49886] [client 158.173.36.57:0] script '/domains/sjsachs/init.php' not found or unable to stat
[Thu Feb 12 05:01:20.835074 2026] [php:error] [pid 49884] [client 158.173.36.245:0] script '/domains/apunderkofler/images/class.php' not found or unable to stat
[Thu Feb 12 05:01:20.937615 2026] [php:error] [pid 49904] [client 158.173.36.240:0] script '/domains/rfisher.dnai/file5.php' not found or unable to stat
[Thu Feb 12 05:01:21.096890 2026] [php:error] [pid 49904] [client 158.173.36.240:0] script '/domains/rfisher.dnai/ahax.php' not found or unable to stat
[Thu Feb 12 05:01:21.318332 2026] [php:error] [pid 49884] [client 158.173.36.245:0] script '/domains/apunderkofler/web.php' not found or unable to stat
[Thu Feb 12 05:01:21.334126 2026] [php:error] [pid 49904] [client 158.173.36.240:0] script '/domains/rfisher.dnai/f35.php' not found or unable to stat
[Thu Feb 12 05:01:21.465625 2026] [php:error] [pid 49907] [client 158.173.36.164:0] script '/domains/windsorweb/wp.php' not found or unable to stat
[Thu Feb 12 05:01:21.481159 2026] [php:error] [pid 49904] [client 158.173.36.240:0] script '/domains/rfisher.dnai/simple.php' not found or unable to stat
[Thu Feb 12 05:01:21.504748 2026] [php:error] [pid 49917] [client 158.173.36.68:0] script '/domains/rfisher.dnai/manager.php' not found or unable to stat
[Thu Feb 12 05:01:21.672819 2026] [php:error] [pid 49884] [client 158.173.36.245:0] script '/domains/apunderkofler/images/index.php' not found or unable to stat
[Thu Feb 12 05:01:21.678077 2026] [php:error] [pid 49917] [client 158.173.36.68:0] script '/domains/rfisher.dnai/bless.php' not found or unable to stat
[Thu Feb 12 05:01:21.901602 2026] [php:error] [pid 49917] [client 158.173.36.68:0] script '/domains/rfisher.dnai/O-Simple.php' not found or unable to stat
[Thu Feb 12 05:01:21.906249 2026] [php:error] [pid 49918] [client 158.173.36.80:0] script '/domains/brenties/adminfuns.php' not found or unable to stat
[Thu Feb 12 05:01:22.095554 2026] [php:error] [pid 49917] [client 158.173.36.68:0] script '/domains/rfisher.dnai/lock360.php' not found or unable to stat
[Thu Feb 12 05:01:22.119822 2026] [php:error] [pid 49899] [client 158.173.36.210:0] script '/domains/abtechsci/classwithtostring.php' not found or unable to stat
[Thu Feb 12 05:01:22.234470 2026] [php:error] [pid 49917] [client 158.173.36.68:0] script '/domains/rfisher.dnai/zwso.php' not found or unable to stat
[Thu Feb 12 05:01:22.264447 2026] [php:error] [pid 49907] [client 158.173.36.164:0] script '/domains/windsorweb/wp-header.php' not found or unable to stat
[Thu Feb 12 05:01:22.278875 2026] [php:error] [pid 49918] [client 158.173.36.80:0] script '/domains/brenties/wp_wlx.php' not found or unable to stat
[Thu Feb 12 05:01:22.392561 2026] [php:error] [pid 49917] [client 158.173.36.68:0] script '/domains/rfisher.dnai/chosen.php' not found or unable to stat
[Thu Feb 12 05:01:22.448229 2026] [php:error] [pid 49886] [client 158.173.36.57:0] script '/domains/sjsachs/adminfuns.php' not found or unable to stat
[Thu Feb 12 05:01:22.617969 2026] [php:error] [pid 49917] [client 158.173.36.68:0] script '/domains/rfisher.dnai/about.php' not found or unable to stat
[Thu Feb 12 05:01:22.631205 2026] [php:error] [pid 49907] [client 158.173.36.164:0] script '/domains/windsorweb/Marvins.php' not found or unable to stat
[Thu Feb 12 05:01:22.637619 2026] [php:error] [pid 49884] [client 158.173.36.245:0] script '/domains/apunderkofler/wp-trackback.php' not found or unable to stat
[Thu Feb 12 05:01:22.708285 2026] [php:error] [pid 49899] [client 158.173.36.210:0] script '/domains/abtechsci/tinyfilemanager.php' not found or unable to stat
[Thu Feb 12 05:01:22.899683 2026] [php:error] [pid 49917] [client 158.173.36.68:0] script '/domains/rfisher.dnai/admin.php' not found or unable to stat
[Thu Feb 12 05:01:22.908445 2026] [php:error] [pid 49886] [client 158.173.36.57:0] script '/domains/sjsachs/wp_wlx.php' not found or unable to stat
[Thu Feb 12 05:01:22.908996 2026] [php:error] [pid 49918] [client 158.173.36.80:0] script '/domains/brenties/wp.php' not found or unable to stat
[Thu Feb 12 05:01:23.040689 2026] [php:error] [pid 49884] [client 158.173.36.245:0] script '/domains/apunderkofler/radio.php' not found or unable to stat
[Thu Feb 12 05:01:23.046704 2026] [php:error] [pid 49907] [client 158.173.36.164:0] script '/domains/windsorweb/wp-class.php' not found or unable to stat
[Thu Feb 12 05:01:23.101882 2026] [php:error] [pid 49910] [client 158.173.36.124:0] script '/domains/machinadynamica/manager.php' not found or unable to stat
[Thu Feb 12 05:01:23.234903 2026] [php:error] [pid 49904] [client 158.173.36.240:0] script '/domains/rfisher.dnai/images/upload.php' not found or unable to stat
[Thu Feb 12 05:01:23.236568 2026] [php:error] [pid 49917] [client 158.173.36.68:0] script '/domains/rfisher.dnai/mah.php' not found or unable to stat
[Thu Feb 12 05:01:23.246308 2026] [php:error] [pid 49910] [client 158.173.36.124:0] script '/domains/machinadynamica/bless.php' not found or unable to stat
[Thu Feb 12 05:01:23.258958 2026] [php:error] [pid 49882] [client 158.173.36.4:0] script '/domains/fayemoran/images/class.php' not found or unable to stat
[Thu Feb 12 05:01:23.259051 2026] [php:error] [pid 49899] [client 158.173.36.210:0] script '/domains/abtechsci/file.php' not found or unable to stat
[Thu Feb 12 05:01:23.528559 2026] [php:error] [pid 49907] [client 158.173.36.164:0] script '/domains/windsorweb/xx.php' not found or unable to stat
[Thu Feb 12 05:01:23.534363 2026] [php:error] [pid 49886] [client 158.173.36.57:0] script '/domains/sjsachs/wp.php' not found or unable to stat
[Thu Feb 12 05:01:23.722729 2026] [php:error] [pid 49917] [client 158.173.36.68:0] script '/domains/rfisher.dnai/core.php' not found or unable to stat
[Thu Feb 12 05:01:23.726651 2026] [php:error] [pid 49908] [client 158.173.36.210:0] script '/domains/brenties/classwithtostring.php' not found or unable to stat
[Thu Feb 12 05:01:23.726908 2026] [php:error] [pid 49907] [client 158.173.36.164:0] script '/domains/windsorweb/autoload_classmap.php' not found or unable to stat
[Thu Feb 12 05:01:23.730222 2026] [php:error] [pid 49918] [client 158.173.36.80:0] script '/domains/brenties/wp-header.php' not found or unable to stat
[Thu Feb 12 05:01:23.851858 2026] [php:error] [pid 49910] [client 158.173.36.124:0] script '/domains/machinadynamica/O-Simple.php' not found or unable to stat
[Thu Feb 12 05:01:23.902490 2026] [php:error] [pid 49917] [client 158.173.36.68:0] script '/domains/rfisher.dnai/robots.php' not found or unable to stat
[Thu Feb 12 05:01:23.902737 2026] [php:error] [pid 49884] [client 158.173.36.245:0] script '/domains/apunderkofler/wp-conflg.php' not found or unable to stat
[Thu Feb 12 05:01:23.903714 2026] [php:error] [pid 49882] [client 158.173.36.4:0] script '/domains/fayemoran/web.php' not found or unable to stat
[Thu Feb 12 05:01:23.997337 2026] [php:error] [pid 49910] [client 158.173.36.124:0] script '/domains/machinadynamica/lock360.php' not found or unable to stat
[Thu Feb 12 05:01:24.054051 2026] [php:error] [pid 49884] [client 158.173.36.245:0] script '/domains/apunderkofler/wp-setup.php' not found or unable to stat
[Thu Feb 12 05:01:24.055127 2026] [php:error] [pid 49917] [client 158.173.36.68:0] script '/domains/rfisher.dnai/inputs.php' not found or unable to stat
[Thu Feb 12 05:01:24.098303 2026] [php:error] [pid 49886] [client 158.173.36.57:0] script '/domains/sjsachs/wp-header.php' not found or unable to stat
[Thu Feb 12 05:01:24.098842 2026] [php:error] [pid 49918] [client 158.173.36.80:0] script '/domains/brenties/Marvins.php' not found or unable to stat
[Thu Feb 12 05:01:24.098855 2026] [php:error] [pid 49899] [client 158.173.36.210:0] script '/domains/abtechsci/buy.php' not found or unable to stat
[Thu Feb 12 05:01:24.206903 2026] [php:error] [pid 49910] [client 158.173.36.124:0] script '/domains/machinadynamica/zwso.php' not found or unable to stat
[Thu Feb 12 05:01:24.230595 2026] [php:error] [pid 49917] [client 158.173.36.68:0] script '/domains/rfisher.dnai/mini.php' not found or unable to stat
[Thu Feb 12 05:01:24.231073 2026] [php:error] [pid 49884] [client 158.173.36.245:0] script '/domains/apunderkofler/ms-themes.php' not found or unable to stat
[Thu Feb 12 05:01:24.231338 2026] [php:error] [pid 49907] [client 158.173.36.164:0] script '/domains/windsorweb/content.php' not found or unable to stat
[Thu Feb 12 05:01:24.258661 2026] [php:error] [pid 49882] [client 158.173.36.4:0] script '/domains/fayemoran/images/index.php' not found or unable to stat
[Thu Feb 12 05:01:24.446480 2026] [php:error] [pid 49908] [client 158.173.36.210:0] script '/domains/brenties/tinyfilemanager.php' not found or unable to stat
[Thu Feb 12 05:01:24.462362 2026] [php:error] [pid 49910] [client 158.173.36.124:0] script '/domains/machinadynamica/chosen.php' not found or unable to stat
[Thu Feb 12 05:01:24.464832 2026] [php:error] [pid 49917] [client 158.173.36.68:0] script '/domains/rfisher.dnai/goods.php' not found or unable to stat
[Thu Feb 12 05:01:24.496288 2026] [php:error] [pid 49886] [client 158.173.36.57:0] script '/domains/sjsachs/Marvins.php' not found or unable to stat
[Thu Feb 12 05:01:24.673639 2026] [php:error] [pid 49917] [client 158.173.36.68:0] script '/domains/rfisher.dnai/file5.php' not found or unable to stat
[Thu Feb 12 05:01:24.674286 2026] [php:error] [pid 49884] [client 158.173.36.245:0] script '/domains/apunderkofler/style.php' not found or unable to stat
[Thu Feb 12 05:01:24.675880 2026] [php:error] [pid 49918] [client 158.173.36.80:0] script '/domains/brenties/wp-class.php' not found or unable to stat
[Thu Feb 12 05:01:24.676405 2026] [php:error] [pid 49910] [client 158.173.36.124:0] script '/domains/machinadynamica/about.php' not found or unable to stat
[Thu Feb 12 05:01:24.868879 2026] [php:error] [pid 49917] [client 158.173.36.68:0] script '/domains/rfisher.dnai/ahax.php' not found or unable to stat
[Thu Feb 12 05:01:24.888848 2026] [php:error] [pid 49910] [client 158.173.36.124:0] script '/domains/machinadynamica/admin.php' not found or unable to stat
[Thu Feb 12 05:01:24.953966 2026] [php:error] [pid 49886] [client 158.173.36.57:0] script '/domains/sjsachs/wp-class.php' not found or unable to stat
[Thu Feb 12 05:01:25.143282 2026] [php:error] [pid 49917] [client 158.173.36.68:0] script '/domains/rfisher.dnai/f35.php' not found or unable to stat
[Thu Feb 12 05:01:25.143847 2026] [php:error] [pid 49908] [client 158.173.36.210:0] script '/domains/brenties/file.php' not found or unable to stat
[Thu Feb 12 05:01:25.147911 2026] [php:error] [pid 49918] [client 158.173.36.80:0] script '/domains/brenties/xx.php' not found or unable to stat
[Thu Feb 12 05:01:25.175143 2026] [php:error] [pid 49882] [client 158.173.36.4:0] script '/domains/fayemoran/wp-trackback.php' not found or unable to stat
[Thu Feb 12 05:01:25.305247 2026] [php:error] [pid 49918] [client 158.173.36.80:0] script '/domains/brenties/autoload_classmap.php' not found or unable to stat
[Thu Feb 12 05:01:25.305455 2026] [php:error] [pid 49917] [client 158.173.36.68:0] script '/domains/rfisher.dnai/simple.php' not found or unable to stat
[Thu Feb 12 05:01:25.305758 2026] [php:error] [pid 49910] [client 158.173.36.124:0] script '/domains/machinadynamica/mah.php' not found or unable to stat
[Thu Feb 12 05:01:25.306524 2026] [php:error] [pid 49884] [client 158.173.36.245:0] script '/domains/apunderkofler/x.php' not found or unable to stat
[Thu Feb 12 05:01:25.316038 2026] [php:error] [pid 49886] [client 158.173.36.57:0] script '/domains/sjsachs/xx.php' not found or unable to stat
[Thu Feb 12 05:01:25.496271 2026] [php:error] [pid 49886] [client 158.173.36.57:0] script '/domains/sjsachs/autoload_classmap.php' not found or unable to stat
[Thu Feb 12 05:01:25.532897 2026] [php:error] [pid 49882] [client 158.173.36.4:0] script '/domains/fayemoran/radio.php' not found or unable to stat
[Thu Feb 12 05:01:25.657932 2026] [php:error] [pid 49908] [client 158.173.36.210:0] script '/domains/brenties/buy.php' not found or unable to stat
[Thu Feb 12 05:01:25.670946 2026] [php:error] [pid 49910] [client 158.173.36.124:0] script '/domains/machinadynamica/core.php' not found or unable to stat
[Thu Feb 12 05:01:25.805900 2026] [php:error] [pid 49884] [client 158.173.36.245:0] script '/domains/apunderkofler/images/index22.php' not found or unable to stat
[Thu Feb 12 05:01:25.837432 2026] [php:error] [pid 49910] [client 158.173.36.124:0] script '/domains/machinadynamica/robots.php' not found or unable to stat
[Thu Feb 12 05:01:25.840483 2026] [php:error] [pid 49918] [client 158.173.36.80:0] script '/domains/brenties/content.php' not found or unable to stat
[Thu Feb 12 05:01:25.960626 2026] [php:error] [pid 49904] [client 158.173.36.240:0] script '/domains/rfisher.dnai/classwithtostring.php' not found or unable to stat
[Thu Feb 12 05:01:25.979630 2026] [php:error] [pid 49884] [client 158.173.36.245:0] script '/domains/apunderkofler/wp-user.php' not found or unable to stat
[Thu Feb 12 05:01:26.061069 2026] [php:error] [pid 49910] [client 158.173.36.124:0] script '/domains/machinadynamica/inputs.php' not found or unable to stat
[Thu Feb 12 05:01:26.061069 2026] [php:error] [pid 49886] [client 158.173.36.57:0] script '/domains/sjsachs/content.php' not found or unable to stat
[Thu Feb 12 05:01:26.257819 2026] [php:error] [pid 49910] [client 158.173.36.124:0] script '/domains/machinadynamica/mini.php' not found or unable to stat
[Thu Feb 12 05:01:26.431812 2026] [php:error] [pid 49910] [client 158.173.36.124:0] script '/domains/machinadynamica/goods.php' not found or unable to stat
[Thu Feb 12 05:01:26.519614 2026] [php:error] [pid 49904] [client 158.173.36.240:0] script '/domains/rfisher.dnai/tinyfilemanager.php' not found or unable to stat
[Thu Feb 12 05:01:26.520085 2026] [php:error] [pid 49882] [client 158.173.36.4:0] script '/domains/fayemoran/wp-conflg.php' not found or unable to stat
[Thu Feb 12 05:01:26.520077 2026] [php:error] [pid 49884] [client 158.173.36.245:0] script '/domains/apunderkofler/config.php' not found or unable to stat
[Thu Feb 12 05:01:26.520341 2026] [php:error] [pid 49907] [client 158.173.36.164:0] script '/domains/windsorweb/images/class.php' not found or unable to stat
[Thu Feb 12 05:01:26.610913 2026] [php:error] [pid 49910] [client 158.173.36.124:0] script '/domains/machinadynamica/file5.php' not found or unable to stat
[Thu Feb 12 05:01:26.686722 2026] [php:error] [pid 49917] [client 158.173.36.68:0] script '/domains/rfisher.dnai/images/upload.php' not found or unable to stat
[Thu Feb 12 05:01:26.686983 2026] [php:error] [pid 49884] [client 158.173.36.245:0] script '/domains/apunderkofler/special.php' not found or unable to stat
[Thu Feb 12 05:01:26.705781 2026] [php:error] [pid 49882] [client 158.173.36.4:0] script '/domains/fayemoran/wp-setup.php' not found or unable to stat
[Thu Feb 12 05:01:26.783794 2026] [php:error] [pid 49910] [client 158.173.36.124:0] script '/domains/machinadynamica/ahax.php' not found or unable to stat
[Thu Feb 12 05:01:26.922723 2026] [php:error] [pid 49907] [client 158.173.36.164:0] script '/domains/windsorweb/web.php' not found or unable to stat
[Thu Feb 12 05:01:26.923147 2026] [php:error] [pid 49882] [client 158.173.36.4:0] script '/domains/fayemoran/ms-themes.php' not found or unable to stat
[Thu Feb 12 05:01:26.960076 2026] [php:error] [pid 49910] [client 158.173.36.124:0] script '/domains/machinadynamica/f35.php' not found or unable to stat
[Thu Feb 12 05:01:26.965229 2026] [php:error] [pid 49899] [client 158.173.36.210:0] script '/domains/abtechsci/inc.php' not found or unable to stat
[Thu Feb 12 05:01:27.083208 2026] [php:error] [pid 49904] [client 158.173.36.240:0] script '/domains/rfisher.dnai/file.php' not found or unable to stat
[Thu Feb 12 05:01:27.133333 2026] [php:error] [pid 49910] [client 158.173.36.124:0] script '/domains/machinadynamica/simple.php' not found or unable to stat
[Thu Feb 12 05:01:27.262641 2026] [php:error] [pid 49882] [client 158.173.36.4:0] script '/domains/fayemoran/style.php' not found or unable to stat
[Thu Feb 12 05:01:27.316680 2026] [php:error] [pid 49907] [client 158.173.36.164:0] script '/domains/windsorweb/images/index.php' not found or unable to stat
[Thu Feb 12 05:01:27.322417 2026] [php:error] [pid 49899] [client 158.173.36.210:0] script '/domains/abtechsci/filemanager.php' not found or unable to stat
[Thu Feb 12 05:01:27.475843 2026] [php:error] [pid 49899] [client 158.173.36.210:0] script '/domains/abtechsci/cgi-bin/bypass.php' not found or unable to stat
[Thu Feb 12 05:01:27.671276 2026] [php:error] [pid 49904] [client 158.173.36.240:0] script '/domains/rfisher.dnai/buy.php' not found or unable to stat
[Thu Feb 12 05:01:27.980735 2026] [php:error] [pid 49927] [client 158.173.36.124:0] script '/domains/cccweb/manager.php' not found or unable to stat
[Thu Feb 12 05:01:28.007798 2026] [php:error] [pid 49907] [client 158.173.36.164:0] script '/domains/windsorweb/wp-trackback.php' not found or unable to stat
[Thu Feb 12 05:01:28.174526 2026] [php:error] [pid 49927] [client 158.173.36.124:0] script '/domains/cccweb/bless.php' not found or unable to stat
[Thu Feb 12 05:01:28.318363 2026] [php:error] [pid 49886] [client 158.173.36.57:0] script '/domains/sjsachs/images/class.php' not found or unable to stat
[Thu Feb 12 05:01:28.335894 2026] [php:error] [pid 49882] [client 158.173.36.4:0] script '/domains/fayemoran/x.php' not found or unable to stat
[Thu Feb 12 05:01:28.375794 2026] [php:error] [pid 49927] [client 158.173.36.124:0] script '/domains/cccweb/O-Simple.php' not found or unable to stat
[Thu Feb 12 05:01:28.423984 2026] [php:error] [pid 49907] [client 158.173.36.164:0] script '/domains/windsorweb/radio.php' not found or unable to stat
[Thu Feb 12 05:01:28.585915 2026] [php:error] [pid 49908] [client 158.173.36.210:0] script '/domains/brenties/inc.php' not found or unable to stat
[Thu Feb 12 05:01:28.587119 2026] [php:error] [pid 49927] [client 158.173.36.124:0] script '/domains/cccweb/lock360.php' not found or unable to stat
[Thu Feb 12 05:01:28.691416 2026] [php:error] [pid 49899] [client 158.173.36.210:0] script '/domains/abtechsci/function.php' not found or unable to stat
[Thu Feb 12 05:01:28.714573 2026] [php:error] [pid 49927] [client 158.173.36.124:0] script '/domains/cccweb/zwso.php' not found or unable to stat
[Thu Feb 12 05:01:28.735038 2026] [php:error] [pid 49886] [client 158.173.36.57:0] script '/domains/sjsachs/web.php' not found or unable to stat
[Thu Feb 12 05:01:28.738476 2026] [php:error] [pid 49918] [client 158.173.36.80:0] script '/domains/brenties/web.php' not found or unable to stat
[Thu Feb 12 05:01:28.889146 2026] [php:error] [pid 49908] [client 158.173.36.210:0] script '/domains/brenties/filemanager.php' not found or unable to stat
[Thu Feb 12 05:01:28.889271 2026] [php:error] [pid 49927] [client 158.173.36.124:0] script '/domains/cccweb/chosen.php' not found or unable to stat
[Thu Feb 12 05:01:28.889363 2026] [php:error] [pid 49925] [client 158.173.36.45:0] script '/domains/apunderkofler/webdb.php' not found or unable to stat
[Thu Feb 12 05:01:28.916792 2026] [php:error] [pid 49928] [client 158.173.36.217:0] script '/domains/cccweb/manager.php' not found or unable to stat
[Thu Feb 12 05:01:28.968815 2026] [php:error] [pid 49882] [client 158.173.36.4:0] script '/domains/fayemoran/images/index22.php' not found or unable to stat
[Thu Feb 12 05:01:28.970464 2026] [php:error] [pid 49910] [client 158.173.36.124:0] script '/domains/machinadynamica/images/upload.php' not found or unable to stat
[Thu Feb 12 05:01:29.034647 2026] [php:error] [pid 49899] [client 158.173.36.210:0] script '/domains/abtechsci/wp-signup.php' not found or unable to stat
[Thu Feb 12 05:01:29.055078 2026] [php:error] [pid 49927] [client 158.173.36.124:0] script '/domains/cccweb/about.php' not found or unable to stat
[Thu Feb 12 05:01:29.094702 2026] [php:error] [pid 49928] [client 158.173.36.217:0] script '/domains/cccweb/bless.php' not found or unable to stat
[Thu Feb 12 05:01:29.132354 2026] [php:error] [pid 49907] [client 158.173.36.164:0] script '/domains/windsorweb/wp-conflg.php' not found or unable to stat
[Thu Feb 12 05:01:29.142390 2026] [php:error] [pid 49886] [client 158.173.36.57:0] script '/domains/sjsachs/images/index.php' not found or unable to stat
[Thu Feb 12 05:01:29.147970 2026] [php:error] [pid 49882] [client 158.173.36.4:0] script '/domains/fayemoran/wp-user.php' not found or unable to stat
[Thu Feb 12 05:01:29.235897 2026] [php:error] [pid 49927] [client 158.173.36.124:0] script '/domains/cccweb/admin.php' not found or unable to stat
[Thu Feb 12 05:01:29.239439 2026] [php:error] [pid 49925] [client 158.173.36.45:0] script '/domains/apunderkofler/file2.php' not found or unable to stat
[Thu Feb 12 05:01:29.317436 2026] [php:error] [pid 49928] [client 158.173.36.217:0] script '/domains/cccweb/O-Simple.php' not found or unable to stat
[Thu Feb 12 05:01:29.336952 2026] [php:error] [pid 49907] [client 158.173.36.164:0] script '/domains/windsorweb/wp-setup.php' not found or unable to stat
[Thu Feb 12 05:01:29.341203 2026] [php:error] [pid 49917] [client 158.173.36.68:0] script '/domains/rfisher.dnai/classwithtostring.php' not found or unable to stat
[Thu Feb 12 05:01:29.509852 2026] [php:error] [pid 49928] [client 158.173.36.217:0] script '/domains/cccweb/lock360.php' not found or unable to stat
[Thu Feb 12 05:01:29.510003 2026] [php:error] [pid 49907] [client 158.173.36.164:0] script '/domains/windsorweb/ms-themes.php' not found or unable to stat
[Thu Feb 12 05:01:29.592209 2026] [php:error] [pid 49925] [client 158.173.36.45:0] script '/domains/apunderkofler/alfa.php' not found or unable to stat
[Thu Feb 12 05:01:29.600195 2026] [php:error] [pid 49927] [client 158.173.36.124:0] script '/domains/cccweb/mah.php' not found or unable to stat
[Thu Feb 12 05:01:29.611355 2026] [php:error] [pid 49899] [client 158.173.36.210:0] script '/domains/abtechsci/wp-blog.php' not found or unable to stat
[Thu Feb 12 05:01:29.737045 2026] [php:error] [pid 49928] [client 158.173.36.217:0] script '/domains/cccweb/zwso.php' not found or unable to stat
[Thu Feb 12 05:01:29.746834 2026] [php:error] [pid 49882] [client 158.173.36.4:0] script '/domains/fayemoran/config.php' not found or unable to stat
[Thu Feb 12 05:01:29.962633 2026] [php:error] [pid 49918] [client 158.173.36.80:0] script '/domains/brenties/wp-trackback.php' not found or unable to stat
[Thu Feb 12 05:01:29.962644 2026] [php:error] [pid 49882] [client 158.173.36.4:0] script '/domains/fayemoran/special.php' not found or unable to stat
[Thu Feb 12 05:01:29.963274 2026] [php:error] [pid 49886] [client 158.173.36.57:0] script '/domains/sjsachs/wp-trackback.php' not found or unable to stat
[Thu Feb 12 05:01:29.966456 2026] [php:error] [pid 49917] [client 158.173.36.68:0] script '/domains/rfisher.dnai/tinyfilemanager.php' not found or unable to stat
[Thu Feb 12 05:01:29.966760 2026] [php:error] [pid 49907] [client 158.173.36.164:0] script '/domains/windsorweb/style.php' not found or unable to stat
[Thu Feb 12 05:01:29.969357 2026] [php:error] [pid 49928] [client 158.173.36.217:0] script '/domains/cccweb/chosen.php' not found or unable to stat
[Thu Feb 12 05:01:29.969696 2026] [php:error] [pid 49927] [client 158.173.36.124:0] script '/domains/cccweb/core.php' not found or unable to stat
[Thu Feb 12 05:01:29.970923 2026] [php:error] [pid 49908] [client 158.173.36.210:0] script '/domains/brenties/function.php' not found or unable to stat
[Thu Feb 12 05:01:30.196240 2026] [php:error] [pid 49927] [client 158.173.36.124:0] script '/domains/cccweb/robots.php' not found or unable to stat
[Thu Feb 12 05:01:30.211381 2026] [php:error] [pid 49928] [client 158.173.36.217:0] script '/domains/cccweb/about.php' not found or unable to stat
[Thu Feb 12 05:01:30.399487 2026] [php:error] [pid 49904] [client 158.173.36.240:0] script '/domains/rfisher.dnai/inc.php' not found or unable to stat
[Thu Feb 12 05:01:30.402864 2026] [php:error] [pid 49927] [client 158.173.36.124:0] script '/domains/cccweb/inputs.php' not found or unable to stat
[Thu Feb 12 05:01:30.403188 2026] [php:error] [pid 49886] [client 158.173.36.57:0] script '/domains/sjsachs/radio.php' not found or unable to stat
[Thu Feb 12 05:01:30.433274 2026] [php:error] [pid 49908] [client 158.173.36.210:0] script '/domains/brenties/wp-signup.php' not found or unable to stat
[Thu Feb 12 05:01:30.433585 2026] [php:error] [pid 49918] [client 158.173.36.80:0] script '/domains/brenties/radio.php' not found or unable to stat
[Thu Feb 12 05:01:30.434249 2026] [php:error] [pid 49928] [client 158.173.36.217:0] script '/domains/cccweb/admin.php' not found or unable to stat
[Thu Feb 12 05:01:30.434702 2026] [php:error] [pid 49899] [client 158.173.36.210:0] script '/domains/abtechsci/wp-l0gin.php' not found or unable to stat
[Thu Feb 12 05:01:30.624319 2026] [php:error] [pid 49917] [client 158.173.36.68:0] script '/domains/rfisher.dnai/file.php' not found or unable to stat
[Thu Feb 12 05:01:30.624406 2026] [php:error] [pid 49907] [client 158.173.36.164:0] script '/domains/windsorweb/x.php' not found or unable to stat
[Thu Feb 12 05:01:30.625590 2026] [php:error] [pid 49927] [client 158.173.36.124:0] script '/domains/cccweb/mini.php' not found or unable to stat
[Thu Feb 12 05:01:30.876930 2026] [php:error] [pid 49927] [client 158.173.36.124:0] script '/domains/cccweb/goods.php' not found or unable to stat
[Thu Feb 12 05:01:30.876936 2026] [php:error] [pid 49904] [client 158.173.36.240:0] script '/domains/rfisher.dnai/filemanager.php' not found or unable to stat
[Thu Feb 12 05:01:30.940081 2026] [php:error] [pid 49899] [client 158.173.36.210:0] script '/domains/abtechsci/new.php' not found or unable to stat
[Thu Feb 12 05:01:30.946023 2026] [php:error] [pid 49928] [client 158.173.36.217:0] script '/domains/cccweb/mah.php' not found or unable to stat
[Thu Feb 12 05:01:31.065067 2026] [php:error] [pid 49927] [client 158.173.36.124:0] script '/domains/cccweb/file5.php' not found or unable to stat
[Thu Feb 12 05:01:31.152245 2026] [php:error] [pid 49908] [client 158.173.36.210:0] script '/domains/brenties/wp-blog.php' not found or unable to stat
[Thu Feb 12 05:01:31.244412 2026] [php:error] [pid 49927] [client 158.173.36.124:0] script '/domains/cccweb/ahax.php' not found or unable to stat
[Thu Feb 12 05:01:31.244448 2026] [php:error] [pid 49917] [client 158.173.36.68:0] script '/domains/rfisher.dnai/buy.php' not found or unable to stat
[Thu Feb 12 05:01:31.244686 2026] [php:error] [pid 49907] [client 158.173.36.164:0] script '/domains/windsorweb/images/index22.php' not found or unable to stat
[Thu Feb 12 05:01:31.245474 2026] [php:error] [pid 49925] [client 158.173.36.45:0] script '/domains/apunderkofler/edit.php' not found or unable to stat
[Thu Feb 12 05:01:31.441050 2026] [php:error] [pid 49928] [client 158.173.36.217:0] script '/domains/cccweb/core.php' not found or unable to stat
[Thu Feb 12 05:01:31.443305 2026] [php:error] [pid 49918] [client 158.173.36.80:0] script '/domains/brenties/wp-conflg.php' not found or unable to stat
[Thu Feb 12 05:01:31.449764 2026] [php:error] [pid 49927] [client 158.173.36.124:0] script '/domains/cccweb/f35.php' not found or unable to stat
[Thu Feb 12 05:01:31.450935 2026] [php:error] [pid 49907] [client 158.173.36.164:0] script '/domains/windsorweb/wp-user.php' not found or unable to stat
[Thu Feb 12 05:01:31.587321 2026] [php:error] [pid 49886] [client 158.173.36.57:0] script '/domains/sjsachs/wp-conflg.php' not found or unable to stat
[Thu Feb 12 05:01:31.599040 2026] [php:error] [pid 49927] [client 158.173.36.124:0] script '/domains/cccweb/simple.php' not found or unable to stat
[Thu Feb 12 05:01:31.604557 2026] [php:error] [pid 49918] [client 158.173.36.80:0] script '/domains/brenties/wp-setup.php' not found or unable to stat
[Thu Feb 12 05:01:31.604619 2026] [php:error] [pid 49899] [client 158.173.36.210:0] script '/domains/abtechsci/images/DJP9.php' not found or unable to stat
[Thu Feb 12 05:01:31.604674 2026] [php:error] [pid 49928] [client 158.173.36.217:0] script '/domains/cccweb/robots.php' not found or unable to stat
[Thu Feb 12 05:01:31.759795 2026] [php:error] [pid 49886] [client 158.173.36.57:0] script '/domains/sjsachs/wp-setup.php' not found or unable to stat
[Thu Feb 12 05:01:31.768921 2026] [php:error] [pid 49928] [client 158.173.36.217:0] script '/domains/cccweb/inputs.php' not found or unable to stat
[Thu Feb 12 05:01:31.769424 2026] [php:error] [pid 49918] [client 158.173.36.80:0] script '/domains/brenties/ms-themes.php' not found or unable to stat
[Thu Feb 12 05:01:31.772764 2026] [php:error] [pid 49925] [client 158.173.36.45:0] script '/domains/apunderkofler/wp-links-opml.php' not found or unable to stat
[Thu Feb 12 05:01:31.899923 2026] [php:error] [pid 49908] [client 158.173.36.210:0] script '/domains/brenties/wp-l0gin.php' not found or unable to stat
[Thu Feb 12 05:01:31.900212 2026] [php:error] [pid 49886] [client 158.173.36.57:0] script '/domains/sjsachs/ms-themes.php' not found or unable to stat
[Thu Feb 12 05:01:31.914543 2026] [php:error] [pid 49907] [client 158.173.36.164:0] script '/domains/windsorweb/config.php' not found or unable to stat
[Thu Feb 12 05:01:31.915541 2026] [php:error] [pid 49904] [client 158.173.36.240:0] script '/domains/rfisher.dnai/function.php' not found or unable to stat
[Thu Feb 12 05:01:31.932434 2026] [php:error] [pid 49910] [client 158.173.36.124:0] script '/domains/machinadynamica/classwithtostring.php' not found or unable to stat
[Thu Feb 12 05:01:31.932491 2026] [php:error] [pid 49928] [client 158.173.36.217:0] script '/domains/cccweb/mini.php' not found or unable to stat
[Thu Feb 12 05:01:32.080122 2026] [php:error] [pid 49925] [client 158.173.36.45:0] script '/domains/apunderkofler/atomlib.php' not found or unable to stat
[Thu Feb 12 05:01:32.080133 2026] [php:error] [pid 49907] [client 158.173.36.164:0] script '/domains/windsorweb/special.php' not found or unable to stat
[Thu Feb 12 05:01:32.085621 2026] [php:error] [pid 49918] [client 158.173.36.80:0] script '/domains/brenties/style.php' not found or unable to stat
[Thu Feb 12 05:01:32.085856 2026] [php:error] [pid 49928] [client 158.173.36.217:0] script '/domains/cccweb/goods.php' not found or unable to stat
[Thu Feb 12 05:01:32.086236 2026] [php:error] [pid 49899] [client 158.173.36.210:0] script '/domains/abtechsci/natural.php' not found or unable to stat
[Thu Feb 12 05:01:32.257423 2026] [php:error] [pid 49908] [client 158.173.36.210:0] script '/domains/brenties/new.php' not found or unable to stat
[Thu Feb 12 05:01:32.275134 2026] [php:error] [pid 49886] [client 158.173.36.57:0] script '/domains/sjsachs/style.php' not found or unable to stat
[Thu Feb 12 05:01:32.278133 2026] [php:error] [pid 49928] [client 158.173.36.217:0] script '/domains/cccweb/file5.php' not found or unable to stat
[Thu Feb 12 05:01:32.278164 2026] [php:error] [pid 49904] [client 158.173.36.240:0] script '/domains/rfisher.dnai/wp-signup.php' not found or unable to stat
[Thu Feb 12 05:01:32.278547 2026] [php:error] [pid 49899] [client 158.173.36.210:0] script '/domains/abtechsci/item.php' not found or unable to stat
[Thu Feb 12 05:01:32.488306 2026] [php:error] [pid 49928] [client 158.173.36.217:0] script '/domains/cccweb/ahax.php' not found or unable to stat
[Thu Feb 12 05:01:32.488991 2026] [php:error] [pid 49910] [client 158.173.36.124:0] script '/domains/machinadynamica/tinyfilemanager.php' not found or unable to stat
[Thu Feb 12 05:01:32.490829 2026] [php:error] [pid 49937] [client 158.173.36.12:0] script '/domains/fayemoran/webdb.php' not found or unable to stat
[Thu Feb 12 05:01:32.627564 2026] [php:error] [pid 49918] [client 158.173.36.80:0] script '/domains/brenties/x.php' not found or unable to stat
[Thu Feb 12 05:01:32.635562 2026] [php:error] [pid 49928] [client 158.173.36.217:0] script '/domains/cccweb/f35.php' not found or unable to stat
[Thu Feb 12 05:01:32.792089 2026] [php:error] [pid 49904] [client 158.173.36.240:0] script '/domains/rfisher.dnai/wp-blog.php' not found or unable to stat
[Thu Feb 12 05:01:32.792096 2026] [php:error] [pid 49886] [client 158.173.36.57:0] script '/domains/sjsachs/x.php' not found or unable to stat
[Thu Feb 12 05:01:32.929960 2026] [php:error] [pid 49928] [client 158.173.36.217:0] script '/domains/cccweb/simple.php' not found or unable to stat
[Thu Feb 12 05:01:32.930213 2026] [php:error] [pid 49937] [client 158.173.36.12:0] script '/domains/fayemoran/file2.php' not found or unable to stat
[Thu Feb 12 05:01:33.087267 2026] [php:error] [pid 49910] [client 158.173.36.124:0] script '/domains/machinadynamica/file.php' not found or unable to stat
[Thu Feb 12 05:01:33.091558 2026] [php:error] [pid 49925] [client 158.173.36.45:0] script '/domains/apunderkofler/xp.php' not found or unable to stat
[Thu Feb 12 05:01:33.231881 2026] [php:error] [pid 49927] [client 158.173.36.124:0] script '/domains/cccweb/images/upload.php' not found or unable to stat
[Thu Feb 12 05:01:33.232481 2026] [php:error] [pid 49937] [client 158.173.36.12:0] script '/domains/fayemoran/alfa.php' not found or unable to stat
[Thu Feb 12 05:01:33.463652 2026] [php:error] [pid 49918] [client 158.173.36.80:0] script '/domains/brenties/wp-user.php' not found or unable to stat
[Thu Feb 12 05:01:33.534848 2026] [php:error] [pid 49886] [client 158.173.36.57:0] script '/domains/sjsachs/images/index22.php' not found or unable to stat
[Thu Feb 12 05:01:33.572568 2026] [php:error] [pid 49922] [client 158.173.36.134:0] script '/domains/windsorweb/cgi-bin/class.api.php' not found or unable to stat
[Thu Feb 12 05:01:33.598507 2026] [php:error] [pid 49908] [client 158.173.36.210:0] script '/domains/brenties/natural.php' not found or unable to stat
[Thu Feb 12 05:01:33.598675 2026] [php:error] [pid 49925] [client 158.173.36.45:0] script '/domains/apunderkofler/wp-links.php' not found or unable to stat
[Thu Feb 12 05:01:33.622499 2026] [php:error] [pid 49910] [client 158.173.36.124:0] script '/domains/machinadynamica/buy.php' not found or unable to stat
[Thu Feb 12 05:01:33.747665 2026] [php:error] [pid 49886] [client 158.173.36.57:0] script '/domains/sjsachs/wp-user.php' not found or unable to stat
[Thu Feb 12 05:01:33.825266 2026] [php:error] [pid 49904] [client 158.173.36.240:0] script '/domains/rfisher.dnai/wp-l0gin.php' not found or unable to stat
[Thu Feb 12 05:01:33.825375 2026] [php:error] [pid 49908] [client 158.173.36.210:0] script '/domains/brenties/item.php' not found or unable to stat
[Thu Feb 12 05:01:34.107068 2026] [php:error] [pid 49918] [client 158.173.36.80:0] script '/domains/brenties/config.php' not found or unable to stat
[Thu Feb 12 05:01:34.260911 2026] [php:error] [pid 49917] [client 158.173.36.68:0] script '/domains/rfisher.dnai/inc.php' not found or unable to stat
[Thu Feb 12 05:01:34.305738 2026] [php:error] [pid 49918] [client 158.173.36.80:0] script '/domains/brenties/special.php' not found or unable to stat
[Thu Feb 12 05:01:34.403279 2026] [php:error] [pid 49886] [client 158.173.36.57:0] script '/domains/sjsachs/config.php' not found or unable to stat
[Thu Feb 12 05:01:34.403288 2026] [php:error] [pid 49904] [client 158.173.36.240:0] script '/domains/rfisher.dnai/new.php' not found or unable to stat
[Thu Feb 12 05:01:34.405526 2026] [php:error] [pid 49922] [client 158.173.36.134:0] script '/domains/windsorweb/webdb.php' not found or unable to stat
[Thu Feb 12 05:01:34.451280 2026] [php:error] [pid 49928] [client 158.173.36.217:0] script '/domains/cccweb/images/upload.php' not found or unable to stat
[Thu Feb 12 05:01:34.574891 2026] [php:error] [pid 49886] [client 158.173.36.57:0] script '/domains/sjsachs/special.php' not found or unable to stat
[Thu Feb 12 05:01:34.574936 2026] [php:error] [pid 49917] [client 158.173.36.68:0] script '/domains/rfisher.dnai/filemanager.php' not found or unable to stat
[Thu Feb 12 05:01:34.778050 2026] [php:error] [pid 49922] [client 158.173.36.134:0] script '/domains/windsorweb/file2.php' not found or unable to stat
[Thu Feb 12 05:01:34.778148 2026] [php:error] [pid 49937] [client 158.173.36.12:0] script '/domains/fayemoran/edit.php' not found or unable to stat
[Thu Feb 12 05:01:34.797238 2026] [php:error] [pid 49923] [client 158.173.36.57:0] script '/domains/abtechsci/default.php' not found or unable to stat
[Thu Feb 12 05:01:34.909221 2026] [php:error] [pid 49904] [client 158.173.36.240:0] script '/domains/rfisher.dnai/images/DJP9.php' not found or unable to stat
[Thu Feb 12 05:01:35.151901 2026] [php:error] [pid 49922] [client 158.173.36.134:0] script '/domains/windsorweb/alfa.php' not found or unable to stat
[Thu Feb 12 05:01:35.309702 2026] [php:error] [pid 49937] [client 158.173.36.12:0] script '/domains/fayemoran/wp-links-opml.php' not found or unable to stat
[Thu Feb 12 05:01:35.397972 2026] [php:error] [pid 49904] [client 158.173.36.240:0] script '/domains/rfisher.dnai/natural.php' not found or unable to stat
[Thu Feb 12 05:01:35.588285 2026] [php:error] [pid 49917] [client 158.173.36.68:0] script '/domains/rfisher.dnai/function.php' not found or unable to stat
[Thu Feb 12 05:01:35.588822 2026] [php:error] [pid 49904] [client 158.173.36.240:0] script '/domains/rfisher.dnai/item.php' not found or unable to stat
[Thu Feb 12 05:01:35.641952 2026] [php:error] [pid 49937] [client 158.173.36.12:0] script '/domains/fayemoran/atomlib.php' not found or unable to stat
[Thu Feb 12 05:01:35.758861 2026] [php:error] [pid 49925] [client 158.173.36.45:0] script '/domains/apunderkofler/moon.php' not found or unable to stat
[Thu Feb 12 05:01:35.826575 2026] [php:error] [pid 49923] [client 158.173.36.57:0] script '/domains/abtechsci/dropdown.php' not found or unable to stat
[Thu Feb 12 05:01:35.938033 2026] [php:error] [pid 49927] [client 158.173.36.124:0] script '/domains/cccweb/classwithtostring.php' not found or unable to stat
[Thu Feb 12 05:01:35.938117 2026] [php:error] [pid 49917] [client 158.173.36.68:0] script '/domains/rfisher.dnai/wp-signup.php' not found or unable to stat
[Thu Feb 12 05:01:36.006783 2026] [php:error] [pid 49923] [client 158.173.36.57:0] script '/domains/abtechsci/images/admin.php' not found or unable to stat
[Thu Feb 12 05:01:36.047593 2026] [php:error] [pid 49916] [client 158.173.36.210:0] script '/domains/sjsachs/cgi-bin/class.api.php' not found or unable to stat
[Thu Feb 12 05:01:36.134843 2026] [php:error] [pid 49884] [client 158.173.36.171:0] script '/domains/brenties/default.php' not found or unable to stat
[Thu Feb 12 05:01:36.217273 2026] [php:error] [pid 49923] [client 158.173.36.57:0] script '/domains/abtechsci/db.php' not found or unable to stat
[Thu Feb 12 05:01:36.240248 2026] [php:error] [pid 49910] [client 158.173.36.124:0] script '/domains/machinadynamica/inc.php' not found or unable to stat
[Thu Feb 12 05:01:36.274009 2026] [php:error] [pid 49925] [client 158.173.36.45:0] script '/domains/apunderkofler/webadmin.php' not found or unable to stat
[Thu Feb 12 05:01:36.425846 2026] [php:error] [pid 49907] [client 158.173.36.80:0] script '/domains/brenties/webdb.php' not found or unable to stat
[Thu Feb 12 05:01:36.448185 2026] [php:error] [pid 49927] [client 158.173.36.124:0] script '/domains/cccweb/tinyfilemanager.php' not found or unable to stat
[Thu Feb 12 05:01:36.449209 2026] [php:error] [pid 49917] [client 158.173.36.68:0] script '/domains/rfisher.dnai/wp-blog.php' not found or unable to stat
[Thu Feb 12 05:01:36.586481 2026] [php:error] [pid 49937] [client 158.173.36.12:0] script '/domains/fayemoran/xp.php' not found or unable to stat
