[Thu Feb 12 03:39:55.037937 2026] [php:error] [pid 31996] [client 158.173.36.241:0] script '/domains/nlyfoods/js/fm.php' not found or unable to stat
[Thu Feb 12 03:39:55.086365 2026] [php:error] [pid 32012] [client 158.173.36.63:0] script '/domains/mjbradley/shell.php' not found or unable to stat
[Thu Feb 12 03:39:55.086899 2026] [php:error] [pid 31986] [client 158.173.36.230:0] script '/domains/hdickens.enteract/dir.php' not found or unable to stat
[Thu Feb 12 03:39:55.118796 2026] [php:error] [pid 32003] [client 158.173.36.57:0] script '/domains/markrose/wp-good.php' not found or unable to stat
[Thu Feb 12 03:39:55.123794 2026] [php:error] [pid 32016] [client 158.173.36.63:0] script '/domains/mschmid/license.php' not found or unable to stat
[Thu Feb 12 03:39:55.237014 2026] [php:error] [pid 31979] [client 158.173.36.4:0] script '/domains/markrose/hehehehe.php' not found or unable to stat
[Thu Feb 12 03:39:55.341865 2026] [php:error] [pid 31990] [client 158.173.36.134:0] script '/domains/hdickens.enteract/customize.php' not found or unable to stat
[Thu Feb 12 03:39:55.369441 2026] [php:error] [pid 32013] [client 158.173.36.169:0] script '/domains/ecernstelectric/gifclass.php' not found or unable to stat
[Thu Feb 12 03:39:55.397088 2026] [php:error] [pid 32017] [client 158.173.36.227:0] script '/domains/wsmith.enteract/nf_tracking.php' not found or unable to stat
[Thu Feb 12 03:39:55.450387 2026] [php:error] [pid 32016] [client 158.173.36.63:0] script '/domains/mschmid/lock.php' not found or unable to stat
[Thu Feb 12 03:39:55.515418 2026] [php:error] [pid 31990] [client 158.173.36.134:0] script '/domains/hdickens.enteract/license.php' not found or unable to stat
[Thu Feb 12 03:39:55.569986 2026] [php:error] [pid 32013] [client 158.173.36.169:0] script '/domains/ecernstelectric/plugin.php' not found or unable to stat
[Thu Feb 12 03:39:55.656739 2026] [php:error] [pid 31998] [client 158.173.36.68:0] script '/domains/egmaweb/hehehehe.php' not found or unable to stat
[Thu Feb 12 03:39:55.656783 2026] [php:error] [pid 31926] [client 158.173.36.80:0] script '/domains/system_suspended/hehe.php' not found or unable to stat
[Thu Feb 12 03:39:55.658130 2026] [php:error] [pid 31993] [client 158.173.36.164:0] script '/domains/ebon/worm.PhP' not found or unable to stat
[Thu Feb 12 03:39:55.725264 2026] [php:error] [pid 32017] [client 158.173.36.227:0] script '/domains/wsmith.enteract/filefuns.php' not found or unable to stat
[Thu Feb 12 03:39:55.729190 2026] [php:error] [pid 31986] [client 158.173.36.230:0] script '/domains/hdickens.enteract/nf_tracking.php' not found or unable to stat
[Thu Feb 12 03:39:55.858829 2026] [php:error] [pid 31993] [client 158.173.36.164:0] script '/domains/ebon/ext.php' not found or unable to stat
[Thu Feb 12 03:39:55.873950 2026] [php:error] [pid 31996] [client 158.173.36.241:0] script '/domains/nlyfoods/fm.php' not found or unable to stat
[Thu Feb 12 03:39:55.892999 2026] [php:error] [pid 31990] [client 158.173.36.134:0] script '/domains/hdickens.enteract/lock.php' not found or unable to stat
[Thu Feb 12 03:39:55.943355 2026] [php:error] [pid 32012] [client 158.173.36.63:0] script '/domains/mjbradley/hehe.php' not found or unable to stat
[Thu Feb 12 03:39:56.021082 2026] [php:error] [pid 32013] [client 158.173.36.169:0] script '/domains/ecernstelectric/update-core.php' not found or unable to stat
[Thu Feb 12 03:39:56.061894 2026] [php:error] [pid 31993] [client 158.173.36.164:0] script '/domains/ebon/delpaths.php' not found or unable to stat
[Thu Feb 12 03:39:56.153310 2026] [php:error] [pid 31986] [client 158.173.36.230:0] script '/domains/hdickens.enteract/filefuns.php' not found or unable to stat
[Thu Feb 12 03:39:56.154500 2026] [php:error] [pid 32017] [client 158.173.36.227:0] script '/domains/wsmith.enteract/l.php' not found or unable to stat
[Thu Feb 12 03:39:56.154964 2026] [php:error] [pid 32001] [client 158.173.36.245:0] script '/domains/piltdweb1/moon.php' not found or unable to stat
[Thu Feb 12 03:39:56.306475 2026] [php:error] [pid 31926] [client 158.173.36.80:0] script '/domains/system_suspended/dir.php' not found or unable to stat
[Thu Feb 12 03:39:56.320608 2026] [php:error] [pid 32017] [client 158.173.36.227:0] script '/domains/wsmith.enteract/repeater.php' not found or unable to stat
[Thu Feb 12 03:39:56.365405 2026] [php:error] [pid 31994] [client 145.239.10.137:0] script '/domains/system_default/tcb.php' not found or unable to stat, referer: http://khp-cpa.com/tcb.php
[Thu Feb 12 03:39:56.413613 2026] [php:error] [pid 32013] [client 158.173.36.169:0] script '/domains/ecernstelectric/wp-mail.php' not found or unable to stat
[Thu Feb 12 03:39:56.455848 2026] [php:error] [pid 32003] [client 158.173.36.57:0] script '/domains/markrose/fonts/database.php' not found or unable to stat
[Thu Feb 12 03:39:56.489150 2026] [php:error] [pid 31986] [client 158.173.36.230:0] script '/domains/hdickens.enteract/l.php' not found or unable to stat
[Thu Feb 12 03:39:56.495747 2026] [php:error] [pid 32012] [client 158.173.36.63:0] script '/domains/mjbradley/dir.php' not found or unable to stat
[Thu Feb 12 03:39:56.604208 2026] [php:error] [pid 31996] [client 158.173.36.241:0] script '/domains/nlyfoods/ini.php' not found or unable to stat
[Thu Feb 12 03:39:56.640909 2026] [php:error] [pid 32003] [client 158.173.36.57:0] script '/domains/markrose/ff2.php' not found or unable to stat
[Thu Feb 12 03:39:56.672166 2026] [php:error] [pid 32001] [client 158.173.36.245:0] script '/domains/piltdweb1/webadmin.php' not found or unable to stat
[Thu Feb 12 03:39:56.695989 2026] [php:error] [pid 32015] [client 158.173.36.227:0] script '/domains/astrosfm/wp-content.php' not found or unable to stat
[Thu Feb 12 03:39:56.760811 2026] [php:error] [pid 31986] [client 158.173.36.230:0] script '/domains/hdickens.enteract/repeater.php' not found or unable to stat
[Thu Feb 12 03:39:56.908178 2026] [php:error] [pid 32017] [client 158.173.36.227:0] script '/domains/wsmith.enteract/contacts.php' not found or unable to stat
[Thu Feb 12 03:39:57.047235 2026] [php:error] [pid 32016] [client 158.173.36.63:0] script '/domains/mschmid/wp-good.php' not found or unable to stat
[Thu Feb 12 03:39:57.101258 2026] [php:error] [pid 32017] [client 158.173.36.227:0] script '/domains/wsmith.enteract/wsa.php' not found or unable to stat
[Thu Feb 12 03:39:57.117021 2026] [php:error] [pid 31926] [client 158.173.36.80:0] script '/domains/system_suspended/nf_tracking.php' not found or unable to stat
[Thu Feb 12 03:39:57.316510 2026] [php:error] [pid 32012] [client 158.173.36.63:0] script '/domains/mjbradley/nf_tracking.php' not found or unable to stat
[Thu Feb 12 03:39:57.317044 2026] [php:error] [pid 31990] [client 158.173.36.134:0] script '/domains/hdickens.enteract/wp-good.php' not found or unable to stat
[Thu Feb 12 03:39:57.318234 2026] [php:error] [pid 31993] [client 158.173.36.164:0] script '/domains/ebon/gifclass.php' not found or unable to stat
[Thu Feb 12 03:39:57.318372 2026] [php:error] [pid 32001] [client 158.173.36.245:0] script '/domains/piltdweb1/xl2023.php' not found or unable to stat
[Thu Feb 12 03:39:57.356292 2026] [php:error] [pid 31986] [client 158.173.36.230:0] script '/domains/hdickens.enteract/contacts.php' not found or unable to stat
[Thu Feb 12 03:39:57.469304 2026] [php:error] [pid 32001] [client 158.173.36.245:0] script '/domains/piltdweb1/go.php' not found or unable to stat
[Thu Feb 12 03:39:57.474079 2026] [php:error] [pid 31926] [client 158.173.36.80:0] script '/domains/system_suspended/filefuns.php' not found or unable to stat
[Thu Feb 12 03:39:57.474533 2026] [php:error] [pid 31993] [client 158.173.36.164:0] script '/domains/ebon/plugin.php' not found or unable to stat
[Thu Feb 12 03:39:57.476893 2026] [php:error] [pid 32003] [client 158.173.36.57:0] script '/domains/markrose/jp.php' not found or unable to stat
[Thu Feb 12 03:39:57.504010 2026] [php:error] [pid 31986] [client 158.173.36.230:0] script '/domains/hdickens.enteract/wsa.php' not found or unable to stat
[Thu Feb 12 03:39:57.940225 2026] [php:error] [pid 32012] [client 158.173.36.63:0] script '/domains/mjbradley/filefuns.php' not found or unable to stat
[Thu Feb 12 03:39:57.996323 2026] [php:error] [pid 31926] [client 158.173.36.80:0] script '/domains/system_suspended/l.php' not found or unable to stat
[Thu Feb 12 03:39:58.165241 2026] [php:error] [pid 32015] [client 158.173.36.227:0] script '/domains/astrosfm/customize.php' not found or unable to stat
[Thu Feb 12 03:39:58.201255 2026] [php:error] [pid 31926] [client 158.173.36.80:0] script '/domains/system_suspended/repeater.php' not found or unable to stat
[Thu Feb 12 03:39:58.202795 2026] [php:error] [pid 31993] [client 158.173.36.164:0] script '/domains/ebon/update-core.php' not found or unable to stat
[Thu Feb 12 03:39:58.336161 2026] [php:error] [pid 32012] [client 158.173.36.63:0] script '/domains/mjbradley/l.php' not found or unable to stat
[Thu Feb 12 03:39:58.385134 2026] [php:error] [pid 32015] [client 158.173.36.227:0] script '/domains/astrosfm/license.php' not found or unable to stat
[Thu Feb 12 03:39:58.387953 2026] [php:error] [pid 31980] [client 158.173.36.70:0] script '/domains/peterbmiller/hehehehe.php' not found or unable to stat
[Thu Feb 12 03:39:58.565200 2026] [php:error] [pid 32017] [client 158.173.36.227:0] script '/domains/wsmith.enteract/lv.php' not found or unable to stat
[Thu Feb 12 03:39:58.575283 2026] [php:error] [pid 32012] [client 158.173.36.63:0] script '/domains/mjbradley/repeater.php' not found or unable to stat
[Thu Feb 12 03:39:58.575764 2026] [php:error] [pid 32003] [client 158.173.36.57:0] script '/domains/markrose/wp-atom.php' not found or unable to stat
[Thu Feb 12 03:39:58.624127 2026] [php:error] [pid 31993] [client 158.173.36.164:0] script '/domains/ebon/wp-mail.php' not found or unable to stat
[Thu Feb 12 03:39:58.746454 2026] [php:error] [pid 31986] [client 158.173.36.230:0] script '/domains/hdickens.enteract/lv.php' not found or unable to stat
[Thu Feb 12 03:39:58.830269 2026] [php:error] [pid 31926] [client 158.173.36.80:0] script '/domains/system_suspended/contacts.php' not found or unable to stat
[Thu Feb 12 03:39:58.960981 2026] [php:error] [pid 32015] [client 158.173.36.227:0] script '/domains/astrosfm/lock.php' not found or unable to stat
[Thu Feb 12 03:39:59.031315 2026] [php:error] [pid 31986] [client 158.173.36.230:0] script '/domains/hdickens.enteract/images/js1.php' not found or unable to stat
[Thu Feb 12 03:39:59.033118 2026] [php:error] [pid 32016] [client 158.173.36.63:0] script '/domains/mschmid/ff2.php' not found or unable to stat
[Thu Feb 12 03:39:59.047546 2026] [php:error] [pid 32003] [client 158.173.36.57:0] script '/domains/markrose/up.php' not found or unable to stat
[Thu Feb 12 03:39:59.050701 2026] [php:error] [pid 31926] [client 158.173.36.80:0] script '/domains/system_suspended/wsa.php' not found or unable to stat
[Thu Feb 12 03:39:59.057344 2026] [php:error] [pid 31994] [client 158.173.36.169:0] script '/domains/ecernstelectric/aa.php' not found or unable to stat
[Thu Feb 12 03:39:59.191154 2026] [php:error] [pid 32012] [client 158.173.36.63:0] script '/domains/mjbradley/contacts.php' not found or unable to stat
[Thu Feb 12 03:39:59.213160 2026] [php:error] [pid 31990] [client 158.173.36.134:0] script '/domains/hdickens.enteract/fonts/database.php' not found or unable to stat
[Thu Feb 12 03:39:59.250600 2026] [php:error] [pid 31994] [client 158.173.36.169:0] script '/domains/ecernstelectric/index2.php' not found or unable to stat
[Thu Feb 12 03:39:59.390381 2026] [php:error] [pid 32012] [client 158.173.36.63:0] script '/domains/mjbradley/wsa.php' not found or unable to stat
[Thu Feb 12 03:39:59.416046 2026] [php:error] [pid 31990] [client 158.173.36.134:0] script '/domains/hdickens.enteract/ff2.php' not found or unable to stat
[Thu Feb 12 03:39:59.462104 2026] [php:error] [pid 31979] [client 158.173.36.12:0] script '/domains/nlyfoods/wp-content.php' not found or unable to stat
[Thu Feb 12 03:39:59.677682 2026] [php:error] [pid 32016] [client 158.173.36.63:0] script '/domains/mschmid/jp.php' not found or unable to stat
[Thu Feb 12 03:39:59.823231 2026] [php:error] [pid 32016] [client 158.173.36.63:0] script '/domains/mschmid/wp-atom.php' not found or unable to stat
[Thu Feb 12 03:39:59.915534 2026] [php:error] [pid 31926] [client 158.173.36.80:0] script '/domains/system_suspended/lv.php' not found or unable to stat
[Thu Feb 12 03:40:00.117736 2026] [php:error] [pid 32003] [client 158.173.36.57:0] script '/domains/markrose/worm.PhP' not found or unable to stat
[Thu Feb 12 03:40:00.117762 2026] [php:error] [pid 31990] [client 158.173.36.134:0] script '/domains/hdickens.enteract/jp.php' not found or unable to stat
[Thu Feb 12 03:40:00.195218 2026] [php:error] [pid 32012] [client 158.173.36.63:0] script '/domains/mjbradley/lv.php' not found or unable to stat
[Thu Feb 12 03:40:00.195441 2026] [php:error] [pid 32016] [client 158.173.36.63:0] script '/domains/mschmid/up.php' not found or unable to stat
[Thu Feb 12 03:40:00.281267 2026] [php:error] [pid 31994] [client 158.173.36.169:0] script '/domains/ecernstelectric/shell.php' not found or unable to stat
[Thu Feb 12 03:40:00.374180 2026] [php:error] [pid 31990] [client 158.173.36.134:0] script '/domains/hdickens.enteract/wp-atom.php' not found or unable to stat
[Thu Feb 12 03:40:00.374549 2026] [php:error] [pid 32015] [client 158.173.36.227:0] script '/domains/astrosfm/wp-good.php' not found or unable to stat
[Thu Feb 12 03:40:00.389658 2026] [php:error] [pid 31979] [client 158.173.36.12:0] script '/domains/nlyfoods/customize.php' not found or unable to stat
[Thu Feb 12 03:40:00.394377 2026] [php:error] [pid 32012] [client 158.173.36.63:0] script '/domains/mjbradley/images/js1.php' not found or unable to stat
[Thu Feb 12 03:40:00.526035 2026] [php:error] [pid 32003] [client 158.173.36.57:0] script '/domains/markrose/ext.php' not found or unable to stat
[Thu Feb 12 03:40:00.596470 2026] [php:error] [pid 31987] [client 158.173.36.71:0] script '/domains/markrose/byp.php' not found or unable to stat
[Thu Feb 12 03:40:00.597947 2026] [php:error] [pid 31979] [client 158.173.36.12:0] script '/domains/nlyfoods/license.php' not found or unable to stat
[Thu Feb 12 03:40:00.788523 2026] [php:error] [pid 32003] [client 158.173.36.57:0] script '/domains/markrose/delpaths.php' not found or unable to stat
[Thu Feb 12 03:40:00.804933 2026] [php:error] [pid 31990] [client 158.173.36.134:0] script '/domains/hdickens.enteract/up.php' not found or unable to stat
[Thu Feb 12 03:40:01.043531 2026] [php:error] [pid 31979] [client 158.173.36.12:0] script '/domains/nlyfoods/lock.php' not found or unable to stat
[Thu Feb 12 03:40:01.234329 2026] [php:error] [pid 32010] [client 158.173.36.245:0] script '/domains/awciii/byp.php' not found or unable to stat
[Thu Feb 12 03:40:01.240287 2026] [php:error] [pid 32004] [client 158.173.36.169:0] script '/domains/ebon/aa.php' not found or unable to stat
[Thu Feb 12 03:40:01.435213 2026] [php:error] [pid 32001] [client 158.173.36.245:0] script '/domains/piltdweb1/hehehehe.php' not found or unable to stat
[Thu Feb 12 03:40:01.435386 2026] [php:error] [pid 32016] [client 158.173.36.63:0] script '/domains/mschmid/worm.PhP' not found or unable to stat
[Thu Feb 12 03:40:01.466999 2026] [php:error] [pid 31998] [client 158.173.36.217:0] script '/domains/egmaweb/byp.php' not found or unable to stat
[Thu Feb 12 03:40:01.467730 2026] [php:error] [pid 32004] [client 158.173.36.169:0] script '/domains/ebon/index2.php' not found or unable to stat
[Thu Feb 12 03:40:01.495948 2026] [php:error] [pid 31994] [client 158.173.36.169:0] script '/domains/ecernstelectric/hehe.php' not found or unable to stat
[Thu Feb 12 03:40:01.617762 2026] [php:error] [pid 32016] [client 158.173.36.63:0] script '/domains/mschmid/ext.php' not found or unable to stat
[Thu Feb 12 03:40:01.663747 2026] [php:error] [pid 31990] [client 158.173.36.134:0] script '/domains/hdickens.enteract/js/wp-login.php' not found or unable to stat
[Thu Feb 12 03:40:01.831638 2026] [php:error] [pid 32016] [client 158.173.36.63:0] script '/domains/mschmid/delpaths.php' not found or unable to stat
[Thu Feb 12 03:40:01.842539 2026] [php:error] [pid 31980] [client 158.173.36.57:0] script '/domains/hdickens.enteract/tox.php' not found or unable to stat
[Thu Feb 12 03:40:01.849108 2026] [php:error] [pid 31996] [client 158.173.36.63:0] script '/domains/wsmith.enteract/tox.php' not found or unable to stat
[Thu Feb 12 03:40:02.186737 2026] [php:error] [pid 32003] [client 158.173.36.57:0] script '/domains/markrose/gifclass.php' not found or unable to stat
[Thu Feb 12 03:40:02.216537 2026] [php:error] [pid 31990] [client 158.173.36.134:0] script '/domains/hdickens.enteract/worm.PhP' not found or unable to stat
[Thu Feb 12 03:40:02.229395 2026] [php:error] [pid 32015] [client 158.173.36.227:0] script '/domains/astrosfm/ff2.php' not found or unable to stat
[Thu Feb 12 03:40:02.324431 2026] [php:error] [pid 31994] [client 158.173.36.169:0] script '/domains/ecernstelectric/dir.php' not found or unable to stat
[Thu Feb 12 03:40:02.330031 2026] [php:error] [pid 31987] [client 158.173.36.71:0] script '/domains/markrose/class.api.php' not found or unable to stat
[Thu Feb 12 03:40:02.477554 2026] [php:error] [pid 32003] [client 158.173.36.57:0] script '/domains/markrose/plugin.php' not found or unable to stat
[Thu Feb 12 03:40:02.478204 2026] [php:error] [pid 31990] [client 158.173.36.134:0] script '/domains/hdickens.enteract/ext.php' not found or unable to stat
[Thu Feb 12 03:40:02.554550 2026] [php:error] [pid 31979] [client 158.173.36.12:0] script '/domains/nlyfoods/wp-good.php' not found or unable to stat
[Thu Feb 12 03:40:02.556198 2026] [cgi:error] [pid 32010] [client 158.173.36.245:0] AH02811: stderr from /domains/awciii/cgi-bin/install.php: script not found or unable to stat
[Thu Feb 12 03:40:02.789359 2026] [php:error] [pid 31980] [client 158.173.36.57:0] script '/domains/hdickens.enteract/tiny.php' not found or unable to stat
[Thu Feb 12 03:40:02.791618 2026] [php:error] [pid 32004] [client 158.173.36.169:0] script '/domains/ebon/shell.php' not found or unable to stat
[Thu Feb 12 03:40:02.853433 2026] [php:error] [pid 31996] [client 158.173.36.63:0] script '/domains/wsmith.enteract/tiny.php' not found or unable to stat
[Thu Feb 12 03:40:02.934673 2026] [php:error] [pid 31990] [client 158.173.36.134:0] script '/domains/hdickens.enteract/delpaths.php' not found or unable to stat
[Thu Feb 12 03:40:02.942589 2026] [php:error] [pid 32003] [client 158.173.36.57:0] script '/domains/markrose/update-core.php' not found or unable to stat
[Thu Feb 12 03:40:03.042550 2026] [php:error] [pid 32010] [client 158.173.36.245:0] script '/domains/awciii/class.api.php' not found or unable to stat
[Thu Feb 12 03:40:03.042869 2026] [php:error] [pid 31987] [client 158.173.36.71:0] script '/domains/markrose/system_log.php' not found or unable to stat
[Thu Feb 12 03:40:03.042874 2026] [php:error] [pid 32017] [client 158.173.36.12:0] script '/domains/system_suspended/tox.php' not found or unable to stat
[Thu Feb 12 03:40:03.295574 2026] [php:error] [pid 31987] [client 158.173.36.71:0] script '/domains/markrose/.alf.php' not found or unable to stat
[Thu Feb 12 03:40:03.295646 2026] [php:error] [pid 32016] [client 158.173.36.63:0] script '/domains/mschmid/gifclass.php' not found or unable to stat
[Thu Feb 12 03:40:03.300632 2026] [php:error] [pid 31986] [client 158.173.36.71:0] script '/domains/mjbradley/tox.php' not found or unable to stat
[Thu Feb 12 03:40:03.307399 2026] [php:error] [pid 31980] [client 158.173.36.57:0] script '/domains/hdickens.enteract/themes.php' not found or unable to stat
[Thu Feb 12 03:40:03.307526 2026] [php:error] [pid 32015] [client 158.173.36.227:0] script '/domains/astrosfm/jp.php' not found or unable to stat
[Thu Feb 12 03:40:03.311772 2026] [php:error] [pid 31996] [client 158.173.36.63:0] script '/domains/wsmith.enteract/themes.php' not found or unable to stat
[Thu Feb 12 03:40:03.314958 2026] [php:error] [pid 32003] [client 158.173.36.57:0] script '/domains/markrose/wp-mail.php' not found or unable to stat
[Thu Feb 12 03:40:03.323287 2026] [php:error] [pid 31994] [client 158.173.36.169:0] script '/domains/ecernstelectric/nf_tracking.php' not found or unable to stat
[Thu Feb 12 03:40:03.485018 2026] [php:error] [pid 31987] [client 158.173.36.71:0] script '/domains/markrose/wso.php' not found or unable to stat
[Thu Feb 12 03:40:03.485213 2026] [php:error] [pid 32016] [client 158.173.36.63:0] script '/domains/mschmid/plugin.php' not found or unable to stat
[Thu Feb 12 03:40:03.510711 2026] [php:error] [pid 31998] [client 158.173.36.217:0] script '/domains/egmaweb/class.api.php' not found or unable to stat
[Thu Feb 12 03:40:03.510723 2026] [php:error] [pid 32015] [client 158.173.36.227:0] script '/domains/astrosfm/wp-atom.php' not found or unable to stat
[Thu Feb 12 03:40:03.511085 2026] [php:error] [pid 31996] [client 158.173.36.63:0] script '/domains/wsmith.enteract/wp-themes.php' not found or unable to stat
[Thu Feb 12 03:40:03.511098 2026] [php:error] [pid 31980] [client 158.173.36.57:0] script '/domains/hdickens.enteract/wp-themes.php' not found or unable to stat
[Thu Feb 12 03:40:03.692052 2026] [php:error] [pid 32010] [client 158.173.36.245:0] script '/domains/awciii/system_log.php' not found or unable to stat
[Thu Feb 12 03:40:03.765657 2026] [php:error] [pid 31994] [client 158.173.36.169:0] script '/domains/ecernstelectric/filefuns.php' not found or unable to stat
[Thu Feb 12 03:40:03.908047 2026] [php:error] [pid 31987] [client 158.173.36.71:0] script '/domains/markrose/flower.php' not found or unable to stat
[Thu Feb 12 03:40:03.908186 2026] [php:error] [pid 32013] [client 158.173.36.134:0] script '/domains/peterbmiller/byp.php' not found or unable to stat
[Thu Feb 12 03:40:03.908759 2026] [php:error] [pid 32010] [client 158.173.36.245:0] script '/domains/awciii/.alf.php' not found or unable to stat
[Thu Feb 12 03:40:03.909273 2026] [php:error] [pid 32016] [client 158.173.36.63:0] script '/domains/mschmid/update-core.php' not found or unable to stat
[Thu Feb 12 03:40:03.910463 2026] [php:error] [pid 32017] [client 158.173.36.12:0] script '/domains/system_suspended/tiny.php' not found or unable to stat
[Thu Feb 12 03:40:03.965996 2026] [php:error] [pid 32015] [client 158.173.36.227:0] script '/domains/astrosfm/up.php' not found or unable to stat
[Thu Feb 12 03:40:03.969223 2026] [php:error] [pid 32004] [client 158.173.36.169:0] script '/domains/ebon/hehe.php' not found or unable to stat
[Thu Feb 12 03:40:04.117973 2026] [php:error] [pid 32010] [client 158.173.36.245:0] script '/domains/awciii/wso.php' not found or unable to stat
[Thu Feb 12 03:40:04.117994 2026] [php:error] [pid 31986] [client 158.173.36.71:0] script '/domains/mjbradley/tiny.php' not found or unable to stat
[Thu Feb 12 03:40:04.174837 2026] [php:error] [pid 31980] [client 158.173.36.57:0] script '/domains/hdickens.enteract/mariju.php' not found or unable to stat
[Thu Feb 12 03:40:04.177424 2026] [php:error] [pid 31990] [client 158.173.36.134:0] script '/domains/hdickens.enteract/gifclass.php' not found or unable to stat
[Thu Feb 12 03:40:04.178611 2026] [php:error] [pid 31996] [client 158.173.36.63:0] script '/domains/wsmith.enteract/mariju.php' not found or unable to stat
[Thu Feb 12 03:40:04.183354 2026] [php:error] [pid 31998] [client 158.173.36.217:0] script '/domains/egmaweb/system_log.php' not found or unable to stat
[Thu Feb 12 03:40:04.272476 2026] [php:error] [pid 31994] [client 158.173.36.169:0] script '/domains/ecernstelectric/l.php' not found or unable to stat
[Thu Feb 12 03:40:04.334588 2026] [php:error] [pid 32017] [client 158.173.36.12:0] script '/domains/system_suspended/themes.php' not found or unable to stat
[Thu Feb 12 03:40:04.335532 2026] [php:error] [pid 32016] [client 158.173.36.63:0] script '/domains/mschmid/wp-mail.php' not found or unable to stat
[Thu Feb 12 03:40:04.390555 2026] [php:error] [pid 31980] [client 158.173.36.57:0] script '/domains/hdickens.enteract/waf_defender.php' not found or unable to stat
[Thu Feb 12 03:40:04.441591 2026] [php:error] [pid 31998] [client 158.173.36.217:0] script '/domains/egmaweb/.alf.php' not found or unable to stat
[Thu Feb 12 03:40:04.442319 2026] [php:error] [pid 31996] [client 158.173.36.63:0] script '/domains/wsmith.enteract/waf_defender.php' not found or unable to stat
[Thu Feb 12 03:40:04.443626 2026] [php:error] [pid 31990] [client 158.173.36.134:0] script '/domains/hdickens.enteract/plugin.php' not found or unable to stat
[Thu Feb 12 03:40:04.569222 2026] [php:error] [pid 31994] [client 158.173.36.169:0] script '/domains/ecernstelectric/repeater.php' not found or unable to stat
[Thu Feb 12 03:40:04.571915 2026] [php:error] [pid 32010] [client 158.173.36.245:0] script '/domains/awciii/flower.php' not found or unable to stat
[Thu Feb 12 03:40:04.572584 2026] [php:error] [pid 32017] [client 158.173.36.12:0] script '/domains/system_suspended/wp-themes.php' not found or unable to stat
[Thu Feb 12 03:40:04.679770 2026] [php:error] [pid 32004] [client 158.173.36.169:0] script '/domains/ebon/dir.php' not found or unable to stat
[Thu Feb 12 03:40:04.679770 2026] [php:error] [pid 31998] [client 158.173.36.217:0] script '/domains/egmaweb/wso.php' not found or unable to stat
[Thu Feb 12 03:40:04.792485 2026] [php:error] [pid 31979] [client 158.173.36.12:0] script '/domains/nlyfoods/ff2.php' not found or unable to stat
[Thu Feb 12 03:40:04.867800 2026] [php:error] [pid 31980] [client 158.173.36.57:0] script '/domains/hdickens.enteract/av.php' not found or unable to stat
[Thu Feb 12 03:40:04.892535 2026] [php:error] [pid 31990] [client 158.173.36.134:0] script '/domains/hdickens.enteract/update-core.php' not found or unable to stat
[Thu Feb 12 03:40:04.892861 2026] [php:error] [pid 31996] [client 158.173.36.63:0] script '/domains/wsmith.enteract/av.php' not found or unable to stat
[Thu Feb 12 03:40:05.164287 2026] [php:error] [pid 31998] [client 158.173.36.217:0] script '/domains/egmaweb/flower.php' not found or unable to stat
[Thu Feb 12 03:40:05.171541 2026] [php:error] [pid 31986] [client 158.173.36.71:0] script '/domains/mjbradley/themes.php' not found or unable to stat
[Thu Feb 12 03:40:05.176569 2026] [php:error] [pid 31987] [client 158.173.36.71:0] script '/domains/markrose/ioxi-o.php' not found or unable to stat
[Thu Feb 12 03:40:05.176785 2026] [php:error] [pid 32017] [client 158.173.36.12:0] script '/domains/system_suspended/mariju.php' not found or unable to stat
[Thu Feb 12 03:40:05.233655 2026] [php:error] [pid 31994] [client 158.173.36.169:0] script '/domains/ecernstelectric/contacts.php' not found or unable to stat
[Thu Feb 12 03:40:05.355470 2026] [php:error] [pid 31986] [client 158.173.36.71:0] script '/domains/mjbradley/wp-themes.php' not found or unable to stat
[Thu Feb 12 03:40:05.356565 2026] [php:error] [pid 31990] [client 158.173.36.134:0] script '/domains/hdickens.enteract/wp-mail.php' not found or unable to stat
[Thu Feb 12 03:40:05.357569 2026] [php:error] [pid 32015] [client 158.173.36.227:0] script '/domains/astrosfm/worm.PhP' not found or unable to stat
[Thu Feb 12 03:40:05.365769 2026] [php:error] [pid 31987] [client 158.173.36.71:0] script '/domains/markrose/info.php' not found or unable to stat
[Thu Feb 12 03:40:05.365919 2026] [php:error] [pid 32017] [client 158.173.36.12:0] script '/domains/system_suspended/waf_defender.php' not found or unable to stat
[Thu Feb 12 03:40:05.366100 2026] [php:error] [pid 32010] [client 158.173.36.245:0] script '/domains/awciii/ioxi-o.php' not found or unable to stat
[Thu Feb 12 03:40:05.419052 2026] [php:error] [pid 31994] [client 158.173.36.169:0] script '/domains/ecernstelectric/wsa.php' not found or unable to stat
[Thu Feb 12 03:40:05.576710 2026] [php:error] [pid 32004] [client 158.173.36.169:0] script '/domains/ebon/nf_tracking.php' not found or unable to stat
[Thu Feb 12 03:40:05.577900 2026] [php:error] [pid 31987] [client 158.173.36.71:0] script '/domains/markrose/setup.php' not found or unable to stat
[Thu Feb 12 03:40:05.578376 2026] [php:error] [pid 31979] [client 158.173.36.12:0] script '/domains/nlyfoods/jp.php' not found or unable to stat
[Thu Feb 12 03:40:05.578428 2026] [php:error] [pid 32010] [client 158.173.36.245:0] script '/domains/awciii/info.php' not found or unable to stat
[Thu Feb 12 03:40:05.578957 2026] [php:error] [pid 32015] [client 158.173.36.227:0] script '/domains/astrosfm/ext.php' not found or unable to stat
[Thu Feb 12 03:40:05.791459 2026] [php:error] [pid 32017] [client 158.173.36.12:0] script '/domains/system_suspended/av.php' not found or unable to stat
[Thu Feb 12 03:40:05.791503 2026] [php:error] [pid 31979] [client 158.173.36.12:0] script '/domains/nlyfoods/wp-atom.php' not found or unable to stat
[Thu Feb 12 03:40:05.791629 2026] [php:error] [pid 32010] [client 158.173.36.245:0] script '/domains/awciii/setup.php' not found or unable to stat
[Thu Feb 12 03:40:05.801630 2026] [php:error] [pid 32015] [client 158.173.36.227:0] script '/domains/astrosfm/delpaths.php' not found or unable to stat
[Thu Feb 12 03:40:05.968630 2026] [php:error] [pid 31986] [client 158.173.36.71:0] script '/domains/mjbradley/mariju.php' not found or unable to stat
[Thu Feb 12 03:40:05.968637 2026] [php:error] [pid 32013] [client 158.173.36.134:0] script '/domains/peterbmiller/class.api.php' not found or unable to stat
[Thu Feb 12 03:40:06.008468 2026] [php:error] [pid 31926] [client 158.173.36.227:0] script '/domains/markrose/aa.php' not found or unable to stat
[Thu Feb 12 03:40:06.008567 2026] [php:error] [pid 31998] [client 158.173.36.217:0] script '/domains/egmaweb/ioxi-o.php' not found or unable to stat
[Thu Feb 12 03:40:06.008818 2026] [php:error] [pid 32004] [client 158.173.36.169:0] script '/domains/ebon/filefuns.php' not found or unable to stat
[Thu Feb 12 03:40:06.128807 2026] [php:error] [pid 31986] [client 158.173.36.71:0] script '/domains/mjbradley/waf_defender.php' not found or unable to stat
[Thu Feb 12 03:40:06.157575 2026] [php:error] [pid 31979] [client 158.173.36.12:0] script '/domains/nlyfoods/up.php' not found or unable to stat
[Thu Feb 12 03:40:06.171862 2026] [php:error] [pid 31926] [client 158.173.36.227:0] script '/domains/markrose/index2.php' not found or unable to stat
[Thu Feb 12 03:40:06.188502 2026] [php:error] [pid 31998] [client 158.173.36.217:0] script '/domains/egmaweb/info.php' not found or unable to stat
[Thu Feb 12 03:40:06.410974 2026] [php:error] [pid 31998] [client 158.173.36.217:0] script '/domains/egmaweb/setup.php' not found or unable to stat
[Thu Feb 12 03:40:06.411214 2026] [php:error] [pid 32004] [client 158.173.36.169:0] script '/domains/ebon/l.php' not found or unable to stat
[Thu Feb 12 03:40:06.668920 2026] [php:error] [pid 31987] [client 158.173.36.71:0] script '/domains/markrose/as.php' not found or unable to stat
[Thu Feb 12 03:40:06.669391 2026] [php:error] [pid 31986] [client 158.173.36.71:0] script '/domains/mjbradley/av.php' not found or unable to stat
[Thu Feb 12 03:40:06.670143 2026] [php:error] [pid 32013] [client 158.173.36.134:0] script '/domains/peterbmiller/system_log.php' not found or unable to stat
[Thu Feb 12 03:40:06.711347 2026] [php:error] [pid 32004] [client 158.173.36.169:0] script '/domains/ebon/repeater.php' not found or unable to stat
[Thu Feb 12 03:40:06.713602 2026] [php:error] [pid 32011] [client 158.173.36.134:0] script '/domains/mschmid/aa.php' not found or unable to stat
[Thu Feb 12 03:40:06.726429 2026] [php:error] [pid 31994] [client 158.173.36.169:0] script '/domains/ecernstelectric/lv.php' not found or unable to stat
[Thu Feb 12 03:40:06.799410 2026] [php:error] [pid 32010] [client 158.173.36.245:0] script '/domains/awciii/as.php' not found or unable to stat
[Thu Feb 12 03:40:06.800187 2026] [php:error] [pid 31987] [client 158.173.36.71:0] script '/domains/markrose/cc.php' not found or unable to stat
[Thu Feb 12 03:40:06.801717 2026] [php:error] [pid 32013] [client 158.173.36.134:0] script '/domains/peterbmiller/.alf.php' not found or unable to stat
[Thu Feb 12 03:40:06.895437 2026] [php:error] [pid 32011] [client 158.173.36.134:0] script '/domains/mschmid/index2.php' not found or unable to stat
[Thu Feb 12 03:40:06.940483 2026] [php:error] [pid 31994] [client 158.173.36.169:0] script '/domains/ecernstelectric/images/js1.php' not found or unable to stat
[Thu Feb 12 03:40:06.996948 2026] [php:error] [pid 32010] [client 158.173.36.245:0] script '/domains/awciii/cc.php' not found or unable to stat
[Thu Feb 12 03:40:06.998438 2026] [php:error] [pid 32013] [client 158.173.36.134:0] script '/domains/peterbmiller/wso.php' not found or unable to stat
[Thu Feb 12 03:40:06.998836 2026] [php:error] [pid 31979] [client 158.173.36.12:0] script '/domains/nlyfoods/js/wp-login.php' not found or unable to stat
[Thu Feb 12 03:40:07.100548 2026] [php:error] [pid 31993] [client 158.173.36.171:0] script '/domains/hdickens.enteract/theme.php' not found or unable to stat
[Thu Feb 12 03:40:07.119895 2026] [php:error] [pid 32003] [client 158.173.36.169:0] script '/domains/wsmith.enteract/theme.php' not found or unable to stat
[Thu Feb 12 03:40:07.133246 2026] [php:error] [pid 32015] [client 158.173.36.227:0] script '/domains/astrosfm/gifclass.php' not found or unable to stat
[Thu Feb 12 03:40:07.199772 2026] [php:error] [pid 31987] [client 158.173.36.71:0] script '/domains/markrose/ab.php' not found or unable to stat
[Thu Feb 12 03:40:07.323298 2026] [php:error] [pid 31926] [client 158.173.36.227:0] script '/domains/markrose/shell.php' not found or unable to stat
[Thu Feb 12 03:40:07.335202 2026] [php:error] [pid 32004] [client 158.173.36.169:0] script '/domains/ebon/contacts.php' not found or unable to stat
[Thu Feb 12 03:40:07.337141 2026] [php:error] [pid 32015] [client 158.173.36.227:0] script '/domains/astrosfm/plugin.php' not found or unable to stat
[Thu Feb 12 03:40:07.395771 2026] [php:error] [pid 32010] [client 158.173.36.245:0] script '/domains/awciii/ab.php' not found or unable to stat
[Thu Feb 12 03:40:07.398393 2026] [php:error] [pid 31979] [client 158.173.36.12:0] script '/domains/nlyfoods/worm.PhP' not found or unable to stat
[Thu Feb 12 03:40:07.404420 2026] [php:error] [pid 32013] [client 158.173.36.134:0] script '/domains/peterbmiller/flower.php' not found or unable to stat
[Thu Feb 12 03:40:07.489393 2026] [php:error] [pid 32012] [client 158.173.36.49:0] script '/domains/piltdweb1/byp.php' not found or unable to stat
[Thu Feb 12 03:40:07.515063 2026] [php:error] [pid 32004] [client 158.173.36.169:0] script '/domains/ebon/wsa.php' not found or unable to stat
[Thu Feb 12 03:40:07.516818 2026] [php:error] [pid 31998] [client 158.173.36.217:0] script '/domains/egmaweb/as.php' not found or unable to stat
[Thu Feb 12 03:40:07.543732 2026] [php:error] [pid 31979] [client 158.173.36.12:0] script '/domains/nlyfoods/ext.php' not found or unable to stat
[Thu Feb 12 03:40:07.653101 2026] [php:error] [pid 31993] [client 158.173.36.171:0] script '/domains/hdickens.enteract/Simple.php' not found or unable to stat
[Thu Feb 12 03:40:07.685463 2026] [php:error] [pid 32016] [client 158.173.36.164:0] script '/domains/hdickens.enteract/aa.php' not found or unable to stat
[Thu Feb 12 03:40:07.685679 2026] [php:error] [pid 32003] [client 158.173.36.169:0] script '/domains/wsmith.enteract/Simple.php' not found or unable to stat
[Thu Feb 12 03:40:07.692242 2026] [php:error] [pid 32015] [client 158.173.36.227:0] script '/domains/astrosfm/update-core.php' not found or unable to stat
[Thu Feb 12 03:40:07.694930 2026] [php:error] [pid 31987] [client 158.173.36.71:0] script '/domains/markrose/doc.php' not found or unable to stat
[Thu Feb 12 03:40:07.695173 2026] [php:error] [pid 31998] [client 158.173.36.217:0] script '/domains/egmaweb/cc.php' not found or unable to stat
[Thu Feb 12 03:40:07.695233 2026] [php:error] [pid 31979] [client 158.173.36.12:0] script '/domains/nlyfoods/delpaths.php' not found or unable to stat
[Thu Feb 12 03:40:07.728686 2026] [php:error] [pid 31996] [client 158.173.36.4:0] script '/domains/system_suspended/theme.php' not found or unable to stat
[Thu Feb 12 03:40:07.811021 2026] [php:error] [pid 32011] [client 158.173.36.134:0] script '/domains/mschmid/shell.php' not found or unable to stat
[Thu Feb 12 03:40:07.838880 2026] [php:error] [pid 32016] [client 158.173.36.164:0] script '/domains/hdickens.enteract/index2.php' not found or unable to stat
[Thu Feb 12 03:40:07.848255 2026] [php:error] [pid 32010] [client 158.173.36.245:0] script '/domains/awciii/doc.php' not found or unable to stat
[Thu Feb 12 03:40:08.030568 2026] [php:error] [pid 31998] [client 158.173.36.217:0] script '/domains/egmaweb/ab.php' not found or unable to stat
[Thu Feb 12 03:40:08.030670 2026] [php:error] [pid 32015] [client 158.173.36.227:0] script '/domains/astrosfm/wp-mail.php' not found or unable to stat
[Thu Feb 12 03:40:08.041121 2026] [php:error] [pid 32013] [client 158.173.36.134:0] script '/domains/peterbmiller/ioxi-o.php' not found or unable to stat
[Thu Feb 12 03:40:08.224210 2026] [php:error] [pid 31926] [client 158.173.36.227:0] script '/domains/markrose/hehe.php' not found or unable to stat
[Thu Feb 12 03:40:08.242193 2026] [php:error] [pid 31987] [client 158.173.36.71:0] script '/domains/markrose/wp-login.php' not found or unable to stat
[Thu Feb 12 03:40:08.258817 2026] [php:error] [pid 32013] [client 158.173.36.134:0] script '/domains/peterbmiller/info.php' not found or unable to stat
[Thu Feb 12 03:40:08.303348 2026] [php:error] [pid 31996] [client 158.173.36.4:0] script '/domains/system_suspended/Simple.php' not found or unable to stat
[Thu Feb 12 03:40:08.457005 2026] [php:error] [pid 31987] [client 158.173.36.71:0] script '/domains/markrose/mar.php' not found or unable to stat
[Thu Feb 12 03:40:08.460772 2026] [php:error] [pid 32010] [client 158.173.36.245:0] script '/domains/awciii/wp-login.php' not found or unable to stat
[Thu Feb 12 03:40:08.475842 2026] [php:error] [pid 32013] [client 158.173.36.134:0] script '/domains/peterbmiller/setup.php' not found or unable to stat
[Thu Feb 12 03:40:08.482494 2026] [php:error] [pid 32004] [client 158.173.36.169:0] script '/domains/ebon/lv.php' not found or unable to stat
[Thu Feb 12 03:40:08.641438 2026] [php:error] [pid 32010] [client 158.173.36.245:0] script '/domains/awciii/mar.php' not found or unable to stat
[Thu Feb 12 03:40:08.670020 2026] [php:error] [pid 31998] [client 158.173.36.217:0] script '/domains/egmaweb/doc.php' not found or unable to stat
[Thu Feb 12 03:40:08.671908 2026] [php:error] [pid 32004] [client 158.173.36.169:0] script '/domains/ebon/images/js1.php' not found or unable to stat
[Thu Feb 12 03:40:08.671927 2026] [php:error] [pid 31980] [client 158.173.36.245:0] script '/domains/mjbradley/theme.php' not found or unable to stat
[Thu Feb 12 03:40:08.738730 2026] [php:error] [pid 32011] [client 158.173.36.134:0] script '/domains/mschmid/hehe.php' not found or unable to stat
[Thu Feb 12 03:40:08.823955 2026] [php:error] [pid 32016] [client 158.173.36.164:0] script '/domains/hdickens.enteract/shell.php' not found or unable to stat
[Thu Feb 12 03:40:08.824140 2026] [php:error] [pid 31979] [client 158.173.36.12:0] script '/domains/nlyfoods/gifclass.php' not found or unable to stat
[Thu Feb 12 03:40:08.824149 2026] [php:error] [pid 31926] [client 158.173.36.227:0] script '/domains/markrose/dir.php' not found or unable to stat
[Thu Feb 12 03:40:08.884383 2026] [php:error] [pid 31994] [client 158.173.36.70:0] script '/domains/hdickens.enteract/css/av.php' not found or unable to stat
[Thu Feb 12 03:40:08.886109 2026] [php:error] [pid 32012] [client 158.173.36.49:0] script '/domains/piltdweb1/class.api.php' not found or unable to stat
[Thu Feb 12 03:40:08.956753 2026] [php:error] [pid 31979] [client 158.173.36.12:0] script '/domains/nlyfoods/plugin.php' not found or unable to stat
[Thu Feb 12 03:40:08.960396 2026] [php:error] [pid 31987] [client 158.173.36.71:0] script '/domains/markrose/1.php' not found or unable to stat
[Thu Feb 12 03:40:09.040451 2026] [php:error] [pid 31994] [client 158.173.36.70:0] script '/domains/hdickens.enteract/images/waf_defender.php' not found or unable to stat
[Thu Feb 12 03:40:09.120748 2026] [php:error] [pid 32010] [client 158.173.36.245:0] script '/domains/awciii/1.php' not found or unable to stat
[Thu Feb 12 03:40:09.198826 2026] [php:error] [pid 32011] [client 158.173.36.134:0] script '/domains/mschmid/dir.php' not found or unable to stat
[Thu Feb 12 03:40:09.209533 2026] [php:error] [pid 31980] [client 158.173.36.245:0] script '/domains/mjbradley/Simple.php' not found or unable to stat
[Thu Feb 12 03:40:09.217094 2026] [php:error] [pid 31998] [client 158.173.36.217:0] script '/domains/egmaweb/wp-login.php' not found or unable to stat
[Thu Feb 12 03:40:09.271311 2026] [php:error] [pid 31979] [client 158.173.36.12:0] script '/domains/nlyfoods/update-core.php' not found or unable to stat
[Thu Feb 12 03:40:09.276787 2026] [php:error] [pid 32013] [client 158.173.36.134:0] script '/domains/peterbmiller/as.php' not found or unable to stat
[Thu Feb 12 03:40:09.388933 2026] [php:error] [pid 31994] [client 158.173.36.70:0] script '/domains/hdickens.enteract/small.php' not found or unable to stat
[Thu Feb 12 03:40:09.389111 2026] [php:error] [pid 32012] [client 158.173.36.49:0] script '/domains/piltdweb1/system_log.php' not found or unable to stat
[Thu Feb 12 03:40:09.411760 2026] [php:error] [pid 32017] [client 158.173.36.169:0] script '/domains/ecernstelectric/tox.php' not found or unable to stat
[Thu Feb 12 03:40:09.426691 2026] [php:error] [pid 31998] [client 158.173.36.217:0] script '/domains/egmaweb/mar.php' not found or unable to stat
[Thu Feb 12 03:40:09.455722 2026] [php:error] [pid 31986] [client 158.173.36.240:0] script '/domains/wsmith.enteract/small.php' not found or unable to stat
[Thu Feb 12 03:40:09.466810 2026] [php:error] [pid 32013] [client 158.173.36.134:0] script '/domains/peterbmiller/cc.php' not found or unable to stat
[Thu Feb 12 03:40:09.470037 2026] [php:error] [pid 31926] [client 158.173.36.227:0] script '/domains/markrose/nf_tracking.php' not found or unable to stat
[Thu Feb 12 03:40:09.577672 2026] [php:error] [pid 32012] [client 158.173.36.49:0] script '/domains/piltdweb1/.alf.php' not found or unable to stat
[Thu Feb 12 03:40:09.622741 2026] [php:error] [pid 31979] [client 158.173.36.12:0] script '/domains/nlyfoods/wp-mail.php' not found or unable to stat
[Thu Feb 12 03:40:09.634112 2026] [php:error] [pid 32016] [client 158.173.36.164:0] script '/domains/hdickens.enteract/hehe.php' not found or unable to stat
[Thu Feb 12 03:40:09.750022 2026] [php:error] [pid 32012] [client 158.173.36.49:0] script '/domains/piltdweb1/wso.php' not found or unable to stat
[Thu Feb 12 03:40:09.750314 2026] [php:error] [pid 31994] [client 158.173.36.70:0] script '/domains/hdickens.enteract/NewFile.php' not found or unable to stat
[Thu Feb 12 03:40:09.791273 2026] [php:error] [pid 32013] [client 158.173.36.134:0] script '/domains/peterbmiller/ab.php' not found or unable to stat
[Thu Feb 12 03:40:09.791325 2026] [php:error] [pid 31926] [client 158.173.36.227:0] script '/domains/markrose/filefuns.php' not found or unable to stat
[Thu Feb 12 03:40:09.795057 2026] [php:error] [pid 31986] [client 158.173.36.240:0] script '/domains/wsmith.enteract/NewFile.php' not found or unable to stat
[Thu Feb 12 03:40:09.897872 2026] [php:error] [pid 32011] [client 158.173.36.134:0] script '/domains/mschmid/nf_tracking.php' not found or unable to stat
[Thu Feb 12 03:40:09.964229 2026] [php:error] [pid 32016] [client 158.173.36.164:0] script '/domains/hdickens.enteract/css/slider.php' not found or unable to stat
[Thu Feb 12 03:40:09.968203 2026] [php:error] [pid 31998] [client 158.173.36.217:0] script '/domains/egmaweb/1.php' not found or unable to stat
[Thu Feb 12 03:40:10.089421 2026] [php:error] [pid 32012] [client 158.173.36.49:0] script '/domains/piltdweb1/flower.php' not found or unable to stat
[Thu Feb 12 03:40:10.089445 2026] [php:error] [pid 31994] [client 158.173.36.70:0] script '/domains/hdickens.enteract/error.php' not found or unable to stat
[Thu Feb 12 03:40:10.107867 2026] [php:error] [pid 32015] [client 158.173.36.171:0] script '/domains/astrosfm/aa.php' not found or unable to stat
[Thu Feb 12 03:40:10.122338 2026] [php:error] [pid 32016] [client 158.173.36.164:0] script '/domains/hdickens.enteract/dir.php' not found or unable to stat
[Thu Feb 12 03:40:10.122795 2026] [php:error] [pid 31926] [client 158.173.36.227:0] script '/domains/markrose/l.php' not found or unable to stat
[Thu Feb 12 03:40:10.158806 2026] [php:error] [pid 31986] [client 158.173.36.240:0] script '/domains/wsmith.enteract/error.php' not found or unable to stat
[Thu Feb 12 03:40:10.181292 2026] [php:error] [pid 32017] [client 158.173.36.169:0] script '/domains/ecernstelectric/tiny.php' not found or unable to stat
[Thu Feb 12 03:40:10.265500 2026] [php:error] [pid 32011] [client 158.173.36.134:0] script '/domains/mschmid/filefuns.php' not found or unable to stat
[Thu Feb 12 03:40:10.309068 2026] [php:error] [pid 32003] [client 158.173.36.80:0] script '/domains/system_suspended/small.php' not found or unable to stat
[Thu Feb 12 03:40:10.309081 2026] [php:error] [pid 32015] [client 158.173.36.171:0] script '/domains/astrosfm/index2.php' not found or unable to stat
[Thu Feb 12 03:40:10.316863 2026] [php:error] [pid 32013] [client 158.173.36.134:0] script '/domains/peterbmiller/doc.php' not found or unable to stat
[Thu Feb 12 03:40:10.505596 2026] [php:error] [pid 32010] [client 158.173.36.245:0] script '/domains/awciii/fm.php' not found or unable to stat
[Thu Feb 12 03:40:10.581602 2026] [php:error] [pid 31926] [client 158.173.36.227:0] script '/domains/markrose/repeater.php' not found or unable to stat
[Thu Feb 12 03:40:10.613960 2026] [php:error] [pid 32017] [client 158.173.36.169:0] script '/domains/ecernstelectric/themes.php' not found or unable to stat
[Thu Feb 12 03:40:10.615343 2026] [php:error] [pid 31987] [client 158.173.36.71:0] script '/domains/markrose/fm.php' not found or unable to stat
[Thu Feb 12 03:40:10.648486 2026] [php:error] [pid 32011] [client 158.173.36.134:0] script '/domains/mschmid/l.php' not found or unable to stat
[Thu Feb 12 03:40:10.691124 2026] [php:error] [pid 32003] [client 158.173.36.80:0] script '/domains/system_suspended/NewFile.php' not found or unable to stat
[Thu Feb 12 03:40:10.698634 2026] [php:error] [pid 32004] [client 158.173.36.230:0] script '/domains/mjbradley/images/waf_defender.php' not found or unable to stat
[Thu Feb 12 03:40:10.813037 2026] [php:error] [pid 32017] [client 158.173.36.169:0] script '/domains/ecernstelectric/wp-themes.php' not found or unable to stat
[Thu Feb 12 03:40:10.817575 2026] [php:error] [pid 32011] [client 158.173.36.134:0] script '/domains/mschmid/repeater.php' not found or unable to stat
[Thu Feb 12 03:40:10.819638 2026] [php:error] [pid 32012] [client 158.173.36.49:0] script '/domains/piltdweb1/ioxi-o.php' not found or unable to stat
[Thu Feb 12 03:40:10.820122 2026] [php:error] [pid 31994] [client 158.173.36.70:0] script '/domains/hdickens.enteract/wp-files.php' not found or unable to stat
[Thu Feb 12 03:40:10.833926 2026] [php:error] [pid 32016] [client 158.173.36.164:0] script '/domains/hdickens.enteract/nf_tracking.php' not found or unable to stat
[Thu Feb 12 03:40:10.834214 2026] [php:error] [pid 32013] [client 158.173.36.134:0] script '/domains/peterbmiller/wp-login.php' not found or unable to stat
[Thu Feb 12 03:40:10.912502 2026] [php:error] [pid 31986] [client 158.173.36.240:0] script '/domains/wsmith.enteract/wp-files.php' not found or unable to stat
[Thu Feb 12 03:40:10.984698 2026] [php:error] [pid 32012] [client 158.173.36.49:0] script '/domains/piltdweb1/info.php' not found or unable to stat
[Thu Feb 12 03:40:10.984737 2026] [php:error] [pid 31994] [client 158.173.36.70:0] script '/domains/hdickens.enteract/functions.php' not found or unable to stat
[Thu Feb 12 03:40:10.996286 2026] [php:error] [pid 32013] [client 158.173.36.134:0] script '/domains/peterbmiller/mar.php' not found or unable to stat
[Thu Feb 12 03:40:11.008711 2026] [php:error] [pid 31996] [client 158.173.36.210:0] script '/domains/ebon/tox.php' not found or unable to stat
[Thu Feb 12 03:40:11.035904 2026] [php:error] [pid 32003] [client 158.173.36.80:0] script '/domains/system_suspended/error.php' not found or unable to stat
[Thu Feb 12 03:40:11.060587 2026] [php:error] [pid 32004] [client 158.173.36.230:0] script '/domains/mjbradley/small.php' not found or unable to stat
[Thu Feb 12 03:40:11.124092 2026] [php:error] [pid 31926] [client 158.173.36.227:0] script '/domains/markrose/contacts.php' not found or unable to stat
[Thu Feb 12 03:40:11.129958 2026] [php:error] [pid 31986] [client 158.173.36.240:0] script '/domains/wsmith.enteract/functions.php' not found or unable to stat
[Thu Feb 12 03:40:11.187735 2026] [php:error] [pid 32012] [client 158.173.36.49:0] script '/domains/piltdweb1/setup.php' not found or unable to stat
[Thu Feb 12 03:40:11.193760 2026] [php:error] [pid 32016] [client 158.173.36.164:0] script '/domains/hdickens.enteract/filefuns.php' not found or unable to stat
[Thu Feb 12 03:40:11.193925 2026] [php:error] [pid 32010] [client 158.173.36.245:0] script '/domains/awciii/ini.php' not found or unable to stat
[Thu Feb 12 03:40:11.244511 2026] [php:error] [pid 32015] [client 158.173.36.171:0] script '/domains/astrosfm/shell.php' not found or unable to stat
[Thu Feb 12 03:40:11.325368 2026] [php:error] [pid 31926] [client 158.173.36.227:0] script '/domains/markrose/wsa.php' not found or unable to stat
[Thu Feb 12 03:40:11.376949 2026] [php:error] [pid 31987] [client 158.173.36.71:0] script '/domains/markrose/ini.php' not found or unable to stat
