[Thu Feb 12 03:39:18.911522 2026] [php:error] [pid 31997] [client 158.173.36.57:0] script '/domains/hdickens.enteract/xl2023.php' not found or unable to stat
[Thu Feb 12 03:39:18.911722 2026] [php:error] [pid 31986] [client 158.173.36.245:0] script '/domains/egmaweb/item.php' not found or unable to stat
[Thu Feb 12 03:39:18.919519 2026] [php:error] [pid 31991] [client 158.173.36.31:0] script '/domains/peterbmiller/images/DJP9.php' not found or unable to stat
[Thu Feb 12 03:39:18.919603 2026] [php:error] [pid 32001] [client 158.173.36.31:0] script '/domains/mschmid/x.php' not found or unable to stat
[Thu Feb 12 03:39:19.077857 2026] [php:error] [pid 31979] [client 158.173.36.71:0] script '/domains/markrose/special.php' not found or unable to stat
[Thu Feb 12 03:39:19.090757 2026] [php:error] [pid 32000] [client 158.173.36.63:0] script '/domains/hdickens.enteract/css/index.php' not found or unable to stat
[Thu Feb 12 03:39:19.093263 2026] [php:error] [pid 31997] [client 158.173.36.57:0] script '/domains/hdickens.enteract/go.php' not found or unable to stat
[Thu Feb 12 03:39:19.236901 2026] [php:error] [pid 31993] [client 158.173.36.80:0] script '/domains/mjbradley/xl2023.php' not found or unable to stat
[Thu Feb 12 03:39:19.237431 2026] [php:error] [pid 32006] [client 158.173.36.134:0] script '/domains/nlyfoods/content.php' not found or unable to stat
[Thu Feb 12 03:39:19.256995 2026] [php:error] [pid 32000] [client 158.173.36.63:0] script '/domains/hdickens.enteract/images/index22.php' not found or unable to stat
[Thu Feb 12 03:39:19.481925 2026] [php:error] [pid 31998] [client 158.173.36.245:0] script '/domains/system_suspended/moon.php' not found or unable to stat
[Thu Feb 12 03:39:19.481979 2026] [php:error] [pid 32001] [client 158.173.36.31:0] script '/domains/mschmid/images/index22.php' not found or unable to stat
[Thu Feb 12 03:39:19.486294 2026] [php:error] [pid 31993] [client 158.173.36.80:0] script '/domains/mjbradley/go.php' not found or unable to stat
[Thu Feb 12 03:39:19.487813 2026] [php:error] [pid 32000] [client 158.173.36.63:0] script '/domains/hdickens.enteract/wp-user.php' not found or unable to stat
[Thu Feb 12 03:39:19.519919 2026] [php:error] [pid 31991] [client 158.173.36.31:0] script '/domains/peterbmiller/natural.php' not found or unable to stat
[Thu Feb 12 03:39:19.752149 2026] [php:error] [pid 32001] [client 158.173.36.31:0] script '/domains/mschmid/wp-user.php' not found or unable to stat
[Thu Feb 12 03:39:19.820970 2026] [php:error] [pid 31994] [client 158.173.36.63:0] script '/domains/piltdweb1/function.php' not found or unable to stat
[Thu Feb 12 03:39:19.824409 2026] [php:error] [pid 31991] [client 158.173.36.31:0] script '/domains/peterbmiller/item.php' not found or unable to stat
[Thu Feb 12 03:39:19.946134 2026] [php:error] [pid 32002] [client 158.173.36.171:0] script '/domains/astrosfm/wp-trackback.php' not found or unable to stat
[Thu Feb 12 03:39:20.124445 2026] [php:error] [pid 31998] [client 158.173.36.245:0] script '/domains/system_suspended/webadmin.php' not found or unable to stat
[Thu Feb 12 03:39:20.185722 2026] [php:error] [pid 31994] [client 158.173.36.63:0] script '/domains/piltdweb1/wp-signup.php' not found or unable to stat
[Thu Feb 12 03:39:20.186914 2026] [php:error] [pid 31984] [client 158.173.36.54:0] script '/domains/ebon/edit.php' not found or unable to stat
[Thu Feb 12 03:39:20.194686 2026] [php:error] [pid 31979] [client 158.173.36.245:0] script '/domains/awciii/default.php' not found or unable to stat
[Thu Feb 12 03:39:20.281924 2026] [php:error] [pid 32002] [client 158.173.36.171:0] script '/domains/astrosfm/radio.php' not found or unable to stat
[Thu Feb 12 03:39:20.286019 2026] [php:error] [pid 32001] [client 158.173.36.31:0] script '/domains/mschmid/config.php' not found or unable to stat
[Thu Feb 12 03:39:20.293090 2026] [php:error] [pid 32000] [client 158.173.36.63:0] script '/domains/hdickens.enteract/config.php' not found or unable to stat
[Thu Feb 12 03:39:20.568700 2026] [php:error] [pid 32001] [client 158.173.36.31:0] script '/domains/mschmid/special.php' not found or unable to stat
[Thu Feb 12 03:39:20.600129 2026] [php:error] [pid 32000] [client 158.173.36.63:0] script '/domains/hdickens.enteract/special.php' not found or unable to stat
[Thu Feb 12 03:39:20.699826 2026] [php:error] [pid 31995] [client 158.173.36.4:0] script '/domains/markrose/default.php' not found or unable to stat
[Thu Feb 12 03:39:20.751011 2026] [php:error] [pid 31998] [client 158.173.36.245:0] script '/domains/system_suspended/xl2023.php' not found or unable to stat
[Thu Feb 12 03:39:20.930332 2026] [php:error] [pid 31998] [client 158.173.36.245:0] script '/domains/system_suspended/go.php' not found or unable to stat
[Thu Feb 12 03:39:21.031917 2026] [php:error] [pid 31984] [client 158.173.36.54:0] script '/domains/ebon/wp-links-opml.php' not found or unable to stat
[Thu Feb 12 03:39:21.080159 2026] [php:error] [pid 31994] [client 158.173.36.63:0] script '/domains/piltdweb1/wp-blog.php' not found or unable to stat
[Thu Feb 12 03:39:21.082915 2026] [php:error] [pid 32002] [client 158.173.36.171:0] script '/domains/astrosfm/wp-conflg.php' not found or unable to stat
[Thu Feb 12 03:39:21.253136 2026] [php:error] [pid 32007] [client 158.173.36.169:0] script '/domains/ecernstelectric/moon.php' not found or unable to stat
[Thu Feb 12 03:39:21.292738 2026] [php:error] [pid 32002] [client 158.173.36.171:0] script '/domains/astrosfm/wp-setup.php' not found or unable to stat
[Thu Feb 12 03:39:21.470879 2026] [php:error] [pid 31979] [client 158.173.36.245:0] script '/domains/awciii/dropdown.php' not found or unable to stat
[Thu Feb 12 03:39:21.479879 2026] [php:error] [pid 31984] [client 158.173.36.54:0] script '/domains/ebon/atomlib.php' not found or unable to stat
[Thu Feb 12 03:39:21.795293 2026] [php:error] [pid 31980] [client 158.173.36.31:0] script '/domains/markrose/webdb.php' not found or unable to stat
[Thu Feb 12 03:39:21.795842 2026] [php:error] [pid 32002] [client 158.173.36.171:0] script '/domains/astrosfm/ms-themes.php' not found or unable to stat
[Thu Feb 12 03:39:21.821781 2026] [php:error] [pid 32004] [client 158.173.36.31:0] script '/domains/wsmith.enteract/hehehehe.php' not found or unable to stat
[Thu Feb 12 03:39:21.822399 2026] [php:error] [pid 31979] [client 158.173.36.245:0] script '/domains/awciii/db.php' not found or unable to stat
[Thu Feb 12 03:39:21.877858 2026] [php:error] [pid 31995] [client 158.173.36.4:0] script '/domains/markrose/dropdown.php' not found or unable to stat
[Thu Feb 12 03:39:21.899667 2026] [php:error] [pid 32007] [client 158.173.36.169:0] script '/domains/ecernstelectric/webadmin.php' not found or unable to stat
[Thu Feb 12 03:39:21.994980 2026] [php:error] [pid 31996] [client 158.173.36.240:0] script '/domains/egmaweb/default.php' not found or unable to stat
[Thu Feb 12 03:39:22.023283 2026] [php:error] [pid 32006] [client 158.173.36.134:0] script '/domains/nlyfoods/web.php' not found or unable to stat
[Thu Feb 12 03:39:22.123001 2026] [php:error] [pid 32002] [client 158.173.36.171:0] script '/domains/astrosfm/style.php' not found or unable to stat
[Thu Feb 12 03:39:22.123002 2026] [php:error] [pid 31980] [client 158.173.36.31:0] script '/domains/markrose/file2.php' not found or unable to stat
[Thu Feb 12 03:39:22.149620 2026] [php:error] [pid 31994] [client 158.173.36.63:0] script '/domains/piltdweb1/wp-l0gin.php' not found or unable to stat
[Thu Feb 12 03:39:22.215513 2026] [php:error] [pid 31995] [client 158.173.36.4:0] script '/domains/markrose/db.php' not found or unable to stat
[Thu Feb 12 03:39:22.230382 2026] [php:error] [pid 32001] [client 158.173.36.210:0] script '/domains/peterbmiller/default.php' not found or unable to stat
[Thu Feb 12 03:39:22.387366 2026] [php:error] [pid 31984] [client 158.173.36.54:0] script '/domains/ebon/xp.php' not found or unable to stat
[Thu Feb 12 03:39:22.442405 2026] [php:error] [pid 31980] [client 158.173.36.31:0] script '/domains/markrose/alfa.php' not found or unable to stat
[Thu Feb 12 03:39:22.464266 2026] [php:error] [pid 32007] [client 158.173.36.169:0] script '/domains/ecernstelectric/xl2023.php' not found or unable to stat
[Thu Feb 12 03:39:22.533852 2026] [php:error] [pid 31994] [client 158.173.36.63:0] script '/domains/piltdweb1/new.php' not found or unable to stat
[Thu Feb 12 03:39:22.618509 2026] [php:error] [pid 32002] [client 158.173.36.171:0] script '/domains/astrosfm/x.php' not found or unable to stat
[Thu Feb 12 03:39:22.687825 2026] [php:error] [pid 32007] [client 158.173.36.169:0] script '/domains/ecernstelectric/go.php' not found or unable to stat
[Thu Feb 12 03:39:22.706147 2026] [php:error] [pid 31997] [client 158.173.36.57:0] script '/domains/hdickens.enteract/hehehehe.php' not found or unable to stat
[Thu Feb 12 03:39:22.893904 2026] [php:error] [pid 31993] [client 158.173.36.80:0] script '/domains/mjbradley/hehehehe.php' not found or unable to stat
[Thu Feb 12 03:39:22.894626 2026] [php:error] [pid 32002] [client 158.173.36.171:0] script '/domains/astrosfm/css/index.php' not found or unable to stat
[Thu Feb 12 03:39:22.896098 2026] [php:error] [pid 31984] [client 158.173.36.54:0] script '/domains/ebon/wp-links.php' not found or unable to stat
[Thu Feb 12 03:39:23.054476 2026] [php:error] [pid 32006] [client 158.173.36.134:0] script '/domains/nlyfoods/wp-trackback.php' not found or unable to stat
[Thu Feb 12 03:39:23.061868 2026] [php:error] [pid 31996] [client 158.173.36.240:0] script '/domains/egmaweb/dropdown.php' not found or unable to stat
[Thu Feb 12 03:39:23.162038 2026] [php:error] [pid 31926] [client 158.173.36.169:0] script '/domains/hdickens.enteract/webdb.php' not found or unable to stat
[Thu Feb 12 03:39:23.209045 2026] [php:error] [pid 32002] [client 158.173.36.171:0] script '/domains/astrosfm/wp-user.php' not found or unable to stat
[Thu Feb 12 03:39:23.228861 2026] [php:error] [pid 31996] [client 158.173.36.240:0] script '/domains/egmaweb/images/admin.php' not found or unable to stat
[Thu Feb 12 03:39:23.411048 2026] [php:error] [pid 32006] [client 158.173.36.134:0] script '/domains/nlyfoods/radio.php' not found or unable to stat
[Thu Feb 12 03:39:23.411790 2026] [php:error] [pid 31979] [client 158.173.36.245:0] script '/domains/awciii/install.php' not found or unable to stat
[Thu Feb 12 03:39:23.440850 2026] [php:error] [pid 31996] [client 158.173.36.240:0] script '/domains/egmaweb/db.php' not found or unable to stat
[Thu Feb 12 03:39:23.525020 2026] [php:error] [pid 31926] [client 158.173.36.169:0] script '/domains/hdickens.enteract/file2.php' not found or unable to stat
[Thu Feb 12 03:39:23.583137 2026] [php:error] [pid 31994] [client 158.173.36.63:0] script '/domains/piltdweb1/natural.php' not found or unable to stat
[Thu Feb 12 03:39:23.592806 2026] [php:error] [pid 32001] [client 158.173.36.210:0] script '/domains/peterbmiller/dropdown.php' not found or unable to stat
[Thu Feb 12 03:39:23.680194 2026] [php:error] [pid 31986] [client 158.173.36.54:0] script '/domains/mschmid/webdb.php' not found or unable to stat
[Thu Feb 12 03:39:23.735983 2026] [php:error] [pid 32002] [client 158.173.36.171:0] script '/domains/astrosfm/config.php' not found or unable to stat
[Thu Feb 12 03:39:23.742890 2026] [php:error] [pid 31994] [client 158.173.36.63:0] script '/domains/piltdweb1/item.php' not found or unable to stat
[Thu Feb 12 03:39:23.753080 2026] [php:error] [pid 32001] [client 158.173.36.210:0] script '/domains/peterbmiller/images/admin.php' not found or unable to stat
[Thu Feb 12 03:39:23.778987 2026] [php:error] [pid 31980] [client 158.173.36.31:0] script '/domains/markrose/edit.php' not found or unable to stat
[Thu Feb 12 03:39:23.839609 2026] [php:error] [pid 31926] [client 158.173.36.169:0] script '/domains/hdickens.enteract/alfa.php' not found or unable to stat
[Thu Feb 12 03:39:23.904800 2026] [php:error] [pid 32002] [client 158.173.36.171:0] script '/domains/astrosfm/special.php' not found or unable to stat
[Thu Feb 12 03:39:24.011139 2026] [php:error] [pid 32001] [client 158.173.36.210:0] script '/domains/peterbmiller/db.php' not found or unable to stat
[Thu Feb 12 03:39:24.011262 2026] [php:error] [pid 31995] [client 158.173.36.4:0] script '/domains/markrose/install.php' not found or unable to stat
[Thu Feb 12 03:39:24.027412 2026] [php:error] [pid 31998] [client 158.173.36.245:0] script '/domains/system_suspended/hehehehe.php' not found or unable to stat
[Thu Feb 12 03:39:24.083249 2026] [php:error] [pid 32006] [client 158.173.36.134:0] script '/domains/nlyfoods/wp-conflg.php' not found or unable to stat
[Thu Feb 12 03:39:24.263144 2026] [php:error] [pid 32006] [client 158.173.36.134:0] script '/domains/nlyfoods/wp-setup.php' not found or unable to stat
[Thu Feb 12 03:39:24.291971 2026] [php:error] [pid 31986] [client 158.173.36.54:0] script '/domains/mschmid/file2.php' not found or unable to stat
[Thu Feb 12 03:39:24.309707 2026] [php:error] [pid 31979] [client 158.173.36.245:0] script '/domains/awciii/bypass.php' not found or unable to stat
[Thu Feb 12 03:39:24.354358 2026] [php:error] [pid 31980] [client 158.173.36.31:0] script '/domains/markrose/wp-links-opml.php' not found or unable to stat
[Thu Feb 12 03:39:24.441543 2026] [php:error] [pid 32006] [client 158.173.36.134:0] script '/domains/nlyfoods/ms-themes.php' not found or unable to stat
[Thu Feb 12 03:39:24.518116 2026] [php:error] [pid 31979] [client 158.173.36.245:0] script '/domains/awciii/class.php' not found or unable to stat
[Thu Feb 12 03:39:24.643010 2026] [php:error] [pid 31986] [client 158.173.36.54:0] script '/domains/mschmid/alfa.php' not found or unable to stat
[Thu Feb 12 03:39:24.662666 2026] [php:error] [pid 31980] [client 158.173.36.31:0] script '/domains/markrose/atomlib.php' not found or unable to stat
[Thu Feb 12 03:39:24.718076 2026] [php:error] [pid 32006] [client 158.173.36.134:0] script '/domains/nlyfoods/style.php' not found or unable to stat
[Thu Feb 12 03:39:24.866599 2026] [php:error] [pid 31995] [client 158.173.36.4:0] script '/domains/markrose/bypass.php' not found or unable to stat
[Thu Feb 12 03:39:24.902579 2026] [php:error] [pid 31984] [client 158.173.36.54:0] script '/domains/ebon/moon.php' not found or unable to stat
[Thu Feb 12 03:39:25.041284 2026] [php:error] [pid 31995] [client 158.173.36.4:0] script '/domains/markrose/class.php' not found or unable to stat
[Thu Feb 12 03:39:25.116781 2026] [php:error] [pid 31996] [client 158.173.36.240:0] script '/domains/egmaweb/install.php' not found or unable to stat
[Thu Feb 12 03:39:25.228013 2026] [php:error] [pid 32006] [client 158.173.36.134:0] script '/domains/nlyfoods/x.php' not found or unable to stat
[Thu Feb 12 03:39:25.405190 2026] [php:error] [pid 31984] [client 158.173.36.54:0] script '/domains/ebon/webadmin.php' not found or unable to stat
[Thu Feb 12 03:39:25.439249 2026] [php:error] [pid 31996] [client 158.173.36.240:0] script '/domains/egmaweb/images/class-config.php' not found or unable to stat
[Thu Feb 12 03:39:25.493128 2026] [php:error] [pid 31926] [client 158.173.36.169:0] script '/domains/hdickens.enteract/edit.php' not found or unable to stat
[Thu Feb 12 03:39:25.525351 2026] [php:error] [pid 32001] [client 158.173.36.210:0] script '/domains/peterbmiller/install.php' not found or unable to stat
[Thu Feb 12 03:39:25.525835 2026] [php:error] [pid 32006] [client 158.173.36.134:0] script '/domains/nlyfoods/css/index.php' not found or unable to stat
[Thu Feb 12 03:39:25.922308 2026] [php:error] [pid 32006] [client 158.173.36.134:0] script '/domains/nlyfoods/wp-user.php' not found or unable to stat
[Thu Feb 12 03:39:25.923765 2026] [php:error] [pid 32001] [client 158.173.36.210:0] script '/domains/peterbmiller/images/class-config.php' not found or unable to stat
[Thu Feb 12 03:39:25.981236 2026] [php:error] [pid 31984] [client 158.173.36.54:0] script '/domains/ebon/xl2023.php' not found or unable to stat
[Thu Feb 12 03:39:25.981373 2026] [php:error] [pid 31980] [client 158.173.36.31:0] script '/domains/markrose/xp.php' not found or unable to stat
[Thu Feb 12 03:39:25.998650 2026] [php:error] [pid 31996] [client 158.173.36.240:0] script '/domains/egmaweb/bypass.php' not found or unable to stat
[Thu Feb 12 03:39:26.061397 2026] [php:error] [pid 31986] [client 158.173.36.54:0] script '/domains/mschmid/edit.php' not found or unable to stat
[Thu Feb 12 03:39:26.062362 2026] [php:error] [pid 31926] [client 158.173.36.169:0] script '/domains/hdickens.enteract/wp-links-opml.php' not found or unable to stat
[Thu Feb 12 03:39:26.062692 2026] [php:error] [pid 31979] [client 158.173.36.245:0] script '/domains/awciii/init.php' not found or unable to stat
[Thu Feb 12 03:39:26.087730 2026] [php:error] [pid 32003] [client 158.173.36.12:0] script '/domains/piltdweb1/default.php' not found or unable to stat
[Thu Feb 12 03:39:26.111172 2026] [php:error] [pid 31990] [client 158.173.36.134:0] script '/domains/astrosfm/webdb.php' not found or unable to stat
[Thu Feb 12 03:39:26.174022 2026] [php:error] [pid 31984] [client 158.173.36.54:0] script '/domains/ebon/go.php' not found or unable to stat
[Thu Feb 12 03:39:26.201352 2026] [php:error] [pid 31996] [client 158.173.36.240:0] script '/domains/egmaweb/class.php' not found or unable to stat
[Thu Feb 12 03:39:26.218984 2026] [php:error] [pid 32007] [client 158.173.36.169:0] script '/domains/ecernstelectric/hehehehe.php' not found or unable to stat
[Thu Feb 12 03:39:26.307893 2026] [php:error] [pid 31995] [client 158.173.36.4:0] script '/domains/markrose/init.php' not found or unable to stat
[Thu Feb 12 03:39:26.510138 2026] [php:error] [pid 31926] [client 158.173.36.169:0] script '/domains/hdickens.enteract/atomlib.php' not found or unable to stat
[Thu Feb 12 03:39:26.511391 2026] [php:error] [pid 32006] [client 158.173.36.134:0] script '/domains/nlyfoods/config.php' not found or unable to stat
[Thu Feb 12 03:39:26.511710 2026] [php:error] [pid 31990] [client 158.173.36.134:0] script '/domains/astrosfm/file2.php' not found or unable to stat
[Thu Feb 12 03:39:26.538142 2026] [php:error] [pid 32001] [client 158.173.36.210:0] script '/domains/peterbmiller/bypass.php' not found or unable to stat
[Thu Feb 12 03:39:26.557665 2026] [php:error] [pid 31980] [client 158.173.36.31:0] script '/domains/markrose/wp-links.php' not found or unable to stat
[Thu Feb 12 03:39:26.693860 2026] [php:error] [pid 32004] [client 158.173.36.230:0] script '/domains/wsmith.enteract/byp.php' not found or unable to stat
[Thu Feb 12 03:39:26.693934 2026] [php:error] [pid 31986] [client 158.173.36.54:0] script '/domains/mschmid/wp-links-opml.php' not found or unable to stat
[Thu Feb 12 03:39:26.696303 2026] [php:error] [pid 32006] [client 158.173.36.134:0] script '/domains/nlyfoods/special.php' not found or unable to stat
[Thu Feb 12 03:39:26.751053 2026] [php:error] [pid 32001] [client 158.173.36.210:0] script '/domains/peterbmiller/class.php' not found or unable to stat
[Thu Feb 12 03:39:26.893038 2026] [php:error] [pid 31990] [client 158.173.36.134:0] script '/domains/astrosfm/alfa.php' not found or unable to stat
[Thu Feb 12 03:39:27.032514 2026] [php:error] [pid 31986] [client 158.173.36.54:0] script '/domains/mschmid/atomlib.php' not found or unable to stat
[Thu Feb 12 03:39:27.453154 2026] [php:error] [pid 31926] [client 158.173.36.169:0] script '/domains/hdickens.enteract/xp.php' not found or unable to stat
[Thu Feb 12 03:39:27.807795 2026] [php:error] [pid 31987] [client 158.173.36.227:0] script '/domains/mjbradley/byp.php' not found or unable to stat
[Thu Feb 12 03:39:27.817347 2026] [php:error] [pid 31979] [client 158.173.36.245:0] script '/domains/awciii/adminfuns.php' not found or unable to stat
[Thu Feb 12 03:39:27.831442 2026] [php:error] [pid 31996] [client 158.173.36.240:0] script '/domains/egmaweb/init.php' not found or unable to stat
[Thu Feb 12 03:39:27.862868 2026] [php:error] [pid 31997] [client 158.173.36.80:0] script '/domains/hdickens.enteract/byp.php' not found or unable to stat
[Thu Feb 12 03:39:27.984816 2026] [php:error] [pid 31995] [client 158.173.36.4:0] script '/domains/markrose/adminfuns.php' not found or unable to stat
[Thu Feb 12 03:39:27.985928 2026] [php:error] [pid 32003] [client 158.173.36.12:0] script '/domains/piltdweb1/dropdown.php' not found or unable to stat
[Thu Feb 12 03:39:27.998965 2026] [php:error] [pid 31926] [client 158.173.36.169:0] script '/domains/hdickens.enteract/wp-links.php' not found or unable to stat
[Thu Feb 12 03:39:28.126483 2026] [php:error] [pid 31979] [client 158.173.36.245:0] script '/domains/awciii/wp_wlx.php' not found or unable to stat
[Thu Feb 12 03:39:28.138816 2026] [php:error] [pid 32004] [client 158.173.36.230:0] script '/domains/wsmith.enteract/class.api.php' not found or unable to stat
[Thu Feb 12 03:39:28.139398 2026] [php:error] [pid 31986] [client 158.173.36.54:0] script '/domains/mschmid/xp.php' not found or unable to stat
[Thu Feb 12 03:39:28.281049 2026] [php:error] [pid 32003] [client 158.173.36.12:0] script '/domains/piltdweb1/db.php' not found or unable to stat
[Thu Feb 12 03:39:28.283160 2026] [php:error] [pid 31995] [client 158.173.36.4:0] script '/domains/markrose/wp_wlx.php' not found or unable to stat
[Thu Feb 12 03:39:28.406049 2026] [php:error] [pid 31990] [client 158.173.36.134:0] script '/domains/astrosfm/edit.php' not found or unable to stat
[Thu Feb 12 03:39:28.622815 2026] [php:error] [pid 31986] [client 158.173.36.54:0] script '/domains/mschmid/wp-links.php' not found or unable to stat
[Thu Feb 12 03:39:28.623856 2026] [php:error] [pid 32004] [client 158.173.36.230:0] script '/domains/wsmith.enteract/system_log.php' not found or unable to stat
[Thu Feb 12 03:39:28.643972 2026] [php:error] [pid 31980] [client 158.173.36.31:0] script '/domains/markrose/moon.php' not found or unable to stat
[Thu Feb 12 03:39:28.644013 2026] [php:error] [pid 32001] [client 158.173.36.210:0] script '/domains/peterbmiller/init.php' not found or unable to stat
[Thu Feb 12 03:39:28.644589 2026] [php:error] [pid 31979] [client 158.173.36.245:0] script '/domains/awciii/wp.php' not found or unable to stat
[Thu Feb 12 03:39:28.709403 2026] [php:error] [pid 31998] [client 158.173.36.240:0] script '/domains/system_suspended/byp.php' not found or unable to stat
[Thu Feb 12 03:39:28.788074 2026] [php:error] [pid 32004] [client 158.173.36.230:0] script '/domains/wsmith.enteract/.alf.php' not found or unable to stat
[Thu Feb 12 03:39:28.805955 2026] [php:error] [pid 31995] [client 158.173.36.4:0] script '/domains/markrose/wp.php' not found or unable to stat
[Thu Feb 12 03:39:28.859922 2026] [php:error] [pid 31994] [client 158.173.36.57:0] script '/domains/nlyfoods/webdb.php' not found or unable to stat
[Thu Feb 12 03:39:28.884626 2026] [php:error] [pid 31990] [client 158.173.36.134:0] script '/domains/astrosfm/wp-links-opml.php' not found or unable to stat
[Thu Feb 12 03:39:29.308665 2026] [php:error] [pid 31979] [client 158.173.36.245:0] script '/domains/awciii/wp-header.php' not found or unable to stat
[Thu Feb 12 03:39:29.310516 2026] [php:error] [pid 31996] [client 158.173.36.240:0] script '/domains/egmaweb/adminfuns.php' not found or unable to stat
[Thu Feb 12 03:39:29.337136 2026] [php:error] [pid 31994] [client 158.173.36.57:0] script '/domains/nlyfoods/file2.php' not found or unable to stat
[Thu Feb 12 03:39:29.356345 2026] [php:error] [pid 31990] [client 158.173.36.134:0] script '/domains/astrosfm/atomlib.php' not found or unable to stat
[Thu Feb 12 03:39:29.398043 2026] [php:error] [pid 32004] [client 158.173.36.230:0] script '/domains/wsmith.enteract/wso.php' not found or unable to stat
[Thu Feb 12 03:39:29.535315 2026] [php:error] [pid 31980] [client 158.173.36.31:0] script '/domains/markrose/webadmin.php' not found or unable to stat
[Thu Feb 12 03:39:29.565104 2026] [php:error] [pid 31997] [client 158.173.36.80:0] script '/domains/hdickens.enteract/class.api.php' not found or unable to stat
[Thu Feb 12 03:39:29.738624 2026] [php:error] [pid 31996] [client 158.173.36.240:0] script '/domains/egmaweb/wp_wlx.php' not found or unable to stat
[Thu Feb 12 03:39:29.739470 2026] [php:error] [pid 31979] [client 158.173.36.245:0] script '/domains/awciii/Marvins.php' not found or unable to stat
[Thu Feb 12 03:39:29.766629 2026] [php:error] [pid 32004] [client 158.173.36.230:0] script '/domains/wsmith.enteract/flower.php' not found or unable to stat
[Thu Feb 12 03:39:29.792693 2026] [php:error] [pid 31987] [client 158.173.36.227:0] script '/domains/mjbradley/class.api.php' not found or unable to stat
[Thu Feb 12 03:39:30.154264 2026] [php:error] [pid 31995] [client 158.173.36.4:0] script '/domains/markrose/wp-header.php' not found or unable to stat
[Thu Feb 12 03:39:30.242040 2026] [php:error] [pid 31980] [client 158.173.36.31:0] script '/domains/markrose/xl2023.php' not found or unable to stat
[Thu Feb 12 03:39:30.271233 2026] [php:error] [pid 31979] [client 158.173.36.245:0] script '/domains/awciii/wp-class.php' not found or unable to stat
[Thu Feb 12 03:39:30.341026 2026] [php:error] [pid 31994] [client 158.173.36.57:0] script '/domains/nlyfoods/alfa.php' not found or unable to stat
[Thu Feb 12 03:39:30.451246 2026] [php:error] [pid 31980] [client 158.173.36.31:0] script '/domains/markrose/go.php' not found or unable to stat
[Thu Feb 12 03:39:30.507774 2026] [php:error] [pid 32001] [client 158.173.36.210:0] script '/domains/peterbmiller/adminfuns.php' not found or unable to stat
[Thu Feb 12 03:39:30.507885 2026] [php:error] [pid 31996] [client 158.173.36.240:0] script '/domains/egmaweb/wp.php' not found or unable to stat
[Thu Feb 12 03:39:30.580721 2026] [php:error] [pid 31984] [client 158.173.36.54:0] script '/domains/ebon/hehehehe.php' not found or unable to stat
[Thu Feb 12 03:39:30.587061 2026] [php:error] [pid 31995] [client 158.173.36.4:0] script '/domains/markrose/Marvins.php' not found or unable to stat
[Thu Feb 12 03:39:30.725678 2026] [php:error] [pid 31979] [client 158.173.36.245:0] script '/domains/awciii/xx.php' not found or unable to stat
[Thu Feb 12 03:39:30.757357 2026] [php:error] [pid 31997] [client 158.173.36.80:0] script '/domains/hdickens.enteract/system_log.php' not found or unable to stat
[Thu Feb 12 03:39:30.757361 2026] [php:error] [pid 32003] [client 158.173.36.12:0] script '/domains/piltdweb1/install.php' not found or unable to stat
[Thu Feb 12 03:39:30.877258 2026] [php:error] [pid 32001] [client 158.173.36.210:0] script '/domains/peterbmiller/wp_wlx.php' not found or unable to stat
[Thu Feb 12 03:39:30.877441 2026] [php:error] [pid 31979] [client 158.173.36.245:0] script '/domains/awciii/autoload_classmap.php' not found or unable to stat
[Thu Feb 12 03:39:30.901514 2026] [php:error] [pid 31997] [client 158.173.36.80:0] script '/domains/hdickens.enteract/.alf.php' not found or unable to stat
[Thu Feb 12 03:39:30.969307 2026] [php:error] [pid 31998] [client 158.173.36.240:0] script '/domains/system_suspended/class.api.php' not found or unable to stat
[Thu Feb 12 03:39:30.969318 2026] [php:error] [pid 32004] [client 158.173.36.230:0] script '/domains/wsmith.enteract/ioxi-o.php' not found or unable to stat
[Thu Feb 12 03:39:30.978496 2026] [php:error] [pid 31995] [client 158.173.36.4:0] script '/domains/markrose/wp-class.php' not found or unable to stat
[Thu Feb 12 03:39:30.982202 2026] [php:error] [pid 31987] [client 158.173.36.227:0] script '/domains/mjbradley/system_log.php' not found or unable to stat
[Thu Feb 12 03:39:31.074508 2026] [php:error] [pid 31996] [client 158.173.36.240:0] script '/domains/egmaweb/wp-header.php' not found or unable to stat
[Thu Feb 12 03:39:31.108781 2026] [php:error] [pid 31997] [client 158.173.36.80:0] script '/domains/hdickens.enteract/wso.php' not found or unable to stat
[Thu Feb 12 03:39:31.284920 2026] [php:error] [pid 32004] [client 158.173.36.230:0] script '/domains/wsmith.enteract/info.php' not found or unable to stat
[Thu Feb 12 03:39:31.310775 2026] [php:error] [pid 31987] [client 158.173.36.227:0] script '/domains/mjbradley/.alf.php' not found or unable to stat
[Thu Feb 12 03:39:31.565188 2026] [php:error] [pid 31986] [client 158.173.36.54:0] script '/domains/mschmid/moon.php' not found or unable to stat
[Thu Feb 12 03:39:31.593244 2026] [php:error] [pid 32001] [client 158.173.36.210:0] script '/domains/peterbmiller/wp.php' not found or unable to stat
[Thu Feb 12 03:39:31.593814 2026] [php:error] [pid 31996] [client 158.173.36.240:0] script '/domains/egmaweb/Marvins.php' not found or unable to stat
[Thu Feb 12 03:39:31.728361 2026] [php:error] [pid 31990] [client 158.173.36.134:0] script '/domains/astrosfm/xp.php' not found or unable to stat
[Thu Feb 12 03:39:31.752793 2026] [php:error] [pid 31995] [client 158.173.36.4:0] script '/domains/markrose/xx.php' not found or unable to stat
[Thu Feb 12 03:39:31.777293 2026] [php:error] [pid 32004] [client 158.173.36.230:0] script '/domains/wsmith.enteract/setup.php' not found or unable to stat
[Thu Feb 12 03:39:31.794121 2026] [php:error] [pid 31997] [client 158.173.36.80:0] script '/domains/hdickens.enteract/flower.php' not found or unable to stat
[Thu Feb 12 03:39:31.930162 2026] [php:error] [pid 31987] [client 158.173.36.227:0] script '/domains/mjbradley/wso.php' not found or unable to stat
[Thu Feb 12 03:39:31.955301 2026] [php:error] [pid 31995] [client 158.173.36.4:0] script '/domains/markrose/autoload_classmap.php' not found or unable to stat
[Thu Feb 12 03:39:31.981924 2026] [php:error] [pid 31996] [client 158.173.36.240:0] script '/domains/egmaweb/wp-class.php' not found or unable to stat
[Thu Feb 12 03:39:31.982256 2026] [php:error] [pid 31998] [client 158.173.36.240:0] script '/domains/system_suspended/system_log.php' not found or unable to stat
[Thu Feb 12 03:39:32.095336 2026] [php:error] [pid 31986] [client 158.173.36.54:0] script '/domains/mschmid/webadmin.php' not found or unable to stat
[Thu Feb 12 03:39:32.095539 2026] [php:error] [pid 31979] [client 158.173.36.245:0] script '/domains/awciii/content.php' not found or unable to stat
[Thu Feb 12 03:39:32.099310 2026] [php:error] [pid 32003] [client 158.173.36.12:0] script '/domains/piltdweb1/bypass.php' not found or unable to stat
[Thu Feb 12 03:39:32.135603 2026] [php:error] [pid 31998] [client 158.173.36.240:0] script '/domains/system_suspended/.alf.php' not found or unable to stat
[Thu Feb 12 03:39:32.140479 2026] [php:error] [pid 32001] [client 158.173.36.210:0] script '/domains/peterbmiller/wp-header.php' not found or unable to stat
[Thu Feb 12 03:39:32.277901 2026] [php:error] [pid 31990] [client 158.173.36.134:0] script '/domains/astrosfm/wp-links.php' not found or unable to stat
[Thu Feb 12 03:39:32.278163 2026] [php:error] [pid 32003] [client 158.173.36.12:0] script '/domains/piltdweb1/class.php' not found or unable to stat
[Thu Feb 12 03:39:32.278216 2026] [php:error] [pid 31987] [client 158.173.36.227:0] script '/domains/mjbradley/flower.php' not found or unable to stat
[Thu Feb 12 03:39:32.305398 2026] [php:error] [pid 31994] [client 158.173.36.57:0] script '/domains/nlyfoods/edit.php' not found or unable to stat
[Thu Feb 12 03:39:32.313639 2026] [php:error] [pid 31998] [client 158.173.36.240:0] script '/domains/system_suspended/wso.php' not found or unable to stat
[Thu Feb 12 03:39:32.328086 2026] [php:error] [pid 31996] [client 158.173.36.240:0] script '/domains/egmaweb/xx.php' not found or unable to stat
[Thu Feb 12 03:39:32.343523 2026] [php:error] [pid 31993] [client 158.173.36.169:0] script '/domains/ecernstelectric/byp.php' not found or unable to stat
[Thu Feb 12 03:39:32.465052 2026] [php:error] [pid 31997] [client 158.173.36.80:0] script '/domains/hdickens.enteract/ioxi-o.php' not found or unable to stat
[Thu Feb 12 03:39:32.471273 2026] [php:error] [pid 31995] [client 158.173.36.4:0] script '/domains/markrose/content.php' not found or unable to stat
[Thu Feb 12 03:39:32.502340 2026] [php:error] [pid 32001] [client 158.173.36.210:0] script '/domains/peterbmiller/Marvins.php' not found or unable to stat
[Thu Feb 12 03:39:32.503785 2026] [php:error] [pid 31996] [client 158.173.36.240:0] script '/domains/egmaweb/autoload_classmap.php' not found or unable to stat
[Thu Feb 12 03:39:32.591554 2026] [php:error] [pid 31986] [client 158.173.36.54:0] script '/domains/mschmid/xl2023.php' not found or unable to stat
[Thu Feb 12 03:39:32.599642 2026] [php:error] [pid 32004] [client 158.173.36.230:0] script '/domains/wsmith.enteract/as.php' not found or unable to stat
[Thu Feb 12 03:39:32.652413 2026] [php:error] [pid 31997] [client 158.173.36.80:0] script '/domains/hdickens.enteract/info.php' not found or unable to stat
[Thu Feb 12 03:39:32.655977 2026] [php:error] [pid 31998] [client 158.173.36.240:0] script '/domains/system_suspended/flower.php' not found or unable to stat
[Thu Feb 12 03:39:32.731479 2026] [php:error] [pid 31986] [client 158.173.36.54:0] script '/domains/mschmid/go.php' not found or unable to stat
[Thu Feb 12 03:39:32.745677 2026] [php:error] [pid 32004] [client 158.173.36.230:0] script '/domains/wsmith.enteract/cc.php' not found or unable to stat
[Thu Feb 12 03:39:32.814049 2026] [php:error] [pid 31997] [client 158.173.36.80:0] script '/domains/hdickens.enteract/setup.php' not found or unable to stat
[Thu Feb 12 03:39:32.821034 2026] [php:error] [pid 31994] [client 158.173.36.57:0] script '/domains/nlyfoods/wp-links-opml.php' not found or unable to stat
[Thu Feb 12 03:39:32.862471 2026] [php:error] [pid 31926] [client 158.173.36.169:0] script '/domains/hdickens.enteract/moon.php' not found or unable to stat
[Thu Feb 12 03:39:32.876789 2026] [php:error] [pid 32001] [client 158.173.36.210:0] script '/domains/peterbmiller/wp-class.php' not found or unable to stat
[Thu Feb 12 03:39:32.959341 2026] [php:error] [pid 31987] [client 158.173.36.227:0] script '/domains/mjbradley/ioxi-o.php' not found or unable to stat
[Thu Feb 12 03:39:33.016263 2026] [php:error] [pid 31996] [client 158.173.36.240:0] script '/domains/egmaweb/content.php' not found or unable to stat
[Thu Feb 12 03:39:33.107283 2026] [php:error] [pid 32004] [client 158.173.36.230:0] script '/domains/wsmith.enteract/ab.php' not found or unable to stat
[Thu Feb 12 03:39:33.224450 2026] [php:error] [pid 31987] [client 158.173.36.227:0] script '/domains/mjbradley/info.php' not found or unable to stat
[Thu Feb 12 03:39:33.226108 2026] [php:error] [pid 31994] [client 158.173.36.57:0] script '/domains/nlyfoods/atomlib.php' not found or unable to stat
[Thu Feb 12 03:39:33.388195 2026] [php:error] [pid 31998] [client 158.173.36.240:0] script '/domains/system_suspended/ioxi-o.php' not found or unable to stat
[Thu Feb 12 03:39:33.417300 2026] [php:error] [pid 32003] [client 158.173.36.12:0] script '/domains/piltdweb1/css/css.php' not found or unable to stat
[Thu Feb 12 03:39:33.418950 2026] [php:error] [pid 31987] [client 158.173.36.227:0] script '/domains/mjbradley/setup.php' not found or unable to stat
[Thu Feb 12 03:39:33.445550 2026] [php:error] [pid 31926] [client 158.173.36.169:0] script '/domains/hdickens.enteract/webadmin.php' not found or unable to stat
[Thu Feb 12 03:39:33.503030 2026] [php:error] [pid 32001] [client 158.173.36.210:0] script '/domains/peterbmiller/xx.php' not found or unable to stat
[Thu Feb 12 03:39:33.546226 2026] [php:error] [pid 31998] [client 158.173.36.240:0] script '/domains/system_suspended/info.php' not found or unable to stat
[Thu Feb 12 03:39:33.610268 2026] [php:error] [pid 32003] [client 158.173.36.12:0] script '/domains/piltdweb1/init.php' not found or unable to stat
[Thu Feb 12 03:39:33.621521 2026] [php:error] [pid 32004] [client 158.173.36.230:0] script '/domains/wsmith.enteract/doc.php' not found or unable to stat
[Thu Feb 12 03:39:33.646577 2026] [php:error] [pid 32001] [client 158.173.36.210:0] script '/domains/peterbmiller/autoload_classmap.php' not found or unable to stat
[Thu Feb 12 03:39:33.686564 2026] [php:error] [pid 31997] [client 158.173.36.80:0] script '/domains/hdickens.enteract/as.php' not found or unable to stat
[Thu Feb 12 03:39:33.687657 2026] [php:error] [pid 31998] [client 158.173.36.240:0] script '/domains/system_suspended/setup.php' not found or unable to stat
[Thu Feb 12 03:39:33.838909 2026] [php:error] [pid 31995] [client 158.173.36.4:0] script '/domains/markrose/fonts/fontawesome-webfont.php' not found or unable to stat
[Thu Feb 12 03:39:33.870775 2026] [php:error] [pid 31997] [client 158.173.36.80:0] script '/domains/hdickens.enteract/cc.php' not found or unable to stat
[Thu Feb 12 03:39:34.058505 2026] [php:error] [pid 31926] [client 158.173.36.169:0] script '/domains/hdickens.enteract/xl2023.php' not found or unable to stat
[Thu Feb 12 03:39:34.113122 2026] [php:error] [pid 31980] [client 158.173.36.31:0] script '/domains/markrose/hehehehe.php' not found or unable to stat
[Thu Feb 12 03:39:34.230626 2026] [php:error] [pid 31993] [client 158.173.36.169:0] script '/domains/ecernstelectric/class.api.php' not found or unable to stat
[Thu Feb 12 03:39:34.241886 2026] [php:error] [pid 31926] [client 158.173.36.169:0] script '/domains/hdickens.enteract/go.php' not found or unable to stat
[Thu Feb 12 03:39:34.251185 2026] [php:error] [pid 32004] [client 158.173.36.230:0] script '/domains/wsmith.enteract/wp-login.php' not found or unable to stat
[Thu Feb 12 03:39:34.276929 2026] [php:error] [pid 31994] [client 158.173.36.57:0] script '/domains/nlyfoods/xp.php' not found or unable to stat
[Thu Feb 12 03:39:34.360467 2026] [php:error] [pid 31997] [client 158.173.36.80:0] script '/domains/hdickens.enteract/ab.php' not found or unable to stat
[Thu Feb 12 03:39:34.365470 2026] [php:error] [pid 31990] [client 158.173.36.134:0] script '/domains/astrosfm/moon.php' not found or unable to stat
[Thu Feb 12 03:39:34.393108 2026] [php:error] [pid 32004] [client 158.173.36.230:0] script '/domains/wsmith.enteract/mar.php' not found or unable to stat
[Thu Feb 12 03:39:34.421903 2026] [php:error] [pid 31987] [client 158.173.36.227:0] script '/domains/mjbradley/as.php' not found or unable to stat
[Thu Feb 12 03:39:34.619185 2026] [php:error] [pid 31987] [client 158.173.36.227:0] script '/domains/mjbradley/cc.php' not found or unable to stat
[Thu Feb 12 03:39:34.693730 2026] [php:error] [pid 31998] [client 158.173.36.240:0] script '/domains/system_suspended/as.php' not found or unable to stat
[Thu Feb 12 03:39:34.696846 2026] [php:error] [pid 32001] [client 158.173.36.210:0] script '/domains/peterbmiller/content.php' not found or unable to stat
[Thu Feb 12 03:39:34.698520 2026] [php:error] [pid 31979] [client 158.173.36.245:0] script '/domains/awciii/web.php' not found or unable to stat
[Thu Feb 12 03:39:34.904680 2026] [php:error] [pid 31994] [client 158.173.36.57:0] script '/domains/nlyfoods/wp-links.php' not found or unable to stat
[Thu Feb 12 03:39:34.935751 2026] [php:error] [pid 31993] [client 158.173.36.169:0] script '/domains/ecernstelectric/system_log.php' not found or unable to stat
[Thu Feb 12 03:39:34.945335 2026] [php:error] [pid 31997] [client 158.173.36.80:0] script '/domains/hdickens.enteract/doc.php' not found or unable to stat
[Thu Feb 12 03:39:34.952031 2026] [php:error] [pid 31990] [client 158.173.36.134:0] script '/domains/astrosfm/webadmin.php' not found or unable to stat
[Thu Feb 12 03:39:35.101180 2026] [php:error] [pid 31987] [client 158.173.36.227:0] script '/domains/mjbradley/ab.php' not found or unable to stat
[Thu Feb 12 03:39:35.102209 2026] [php:error] [pid 32003] [client 158.173.36.12:0] script '/domains/piltdweb1/css/admin.php' not found or unable to stat
[Thu Feb 12 03:39:35.102602 2026] [php:error] [pid 32004] [client 158.173.36.230:0] script '/domains/wsmith.enteract/1.php' not found or unable to stat
[Thu Feb 12 03:39:35.113698 2026] [php:error] [pid 31993] [client 158.173.36.169:0] script '/domains/ecernstelectric/.alf.php' not found or unable to stat
[Thu Feb 12 03:39:35.248781 2026] [php:error] [pid 31995] [client 158.173.36.4:0] script '/domains/markrose/web.php' not found or unable to stat
[Thu Feb 12 03:39:35.250285 2026] [php:error] [pid 32003] [client 158.173.36.12:0] script '/domains/piltdweb1/adminfuns.php' not found or unable to stat
[Thu Feb 12 03:39:35.302392 2026] [php:error] [pid 31993] [client 158.173.36.169:0] script '/domains/ecernstelectric/wso.php' not found or unable to stat
[Thu Feb 12 03:39:35.304998 2026] [php:error] [pid 31998] [client 158.173.36.240:0] script '/domains/system_suspended/cc.php' not found or unable to stat
[Thu Feb 12 03:39:35.387406 2026] [php:error] [pid 31997] [client 158.173.36.80:0] script '/domains/hdickens.enteract/wp-login.php' not found or unable to stat
[Thu Feb 12 03:39:35.395471 2026] [php:error] [pid 31996] [client 158.173.36.240:0] script '/domains/egmaweb/images/class.php' not found or unable to stat
[Thu Feb 12 03:39:35.430670 2026] [php:error] [pid 31990] [client 158.173.36.134:0] script '/domains/astrosfm/xl2023.php' not found or unable to stat
[Thu Feb 12 03:39:35.569128 2026] [php:error] [pid 31997] [client 158.173.36.80:0] script '/domains/hdickens.enteract/mar.php' not found or unable to stat
[Thu Feb 12 03:39:35.573342 2026] [php:error] [pid 31987] [client 158.173.36.227:0] script '/domains/mjbradley/doc.php' not found or unable to stat
[Thu Feb 12 03:39:35.574328 2026] [php:error] [pid 32003] [client 158.173.36.12:0] script '/domains/piltdweb1/wp_wlx.php' not found or unable to stat
[Thu Feb 12 03:39:35.595263 2026] [php:error] [pid 31998] [client 158.173.36.240:0] script '/domains/system_suspended/ab.php' not found or unable to stat
[Thu Feb 12 03:39:35.596372 2026] [php:error] [pid 31990] [client 158.173.36.134:0] script '/domains/astrosfm/go.php' not found or unable to stat
[Thu Feb 12 03:39:35.644796 2026] [php:error] [pid 31993] [client 158.173.36.169:0] script '/domains/ecernstelectric/flower.php' not found or unable to stat
[Thu Feb 12 03:39:35.796491 2026] [php:error] [pid 31996] [client 158.173.36.240:0] script '/domains/egmaweb/web.php' not found or unable to stat
[Thu Feb 12 03:39:35.797543 2026] [php:error] [pid 31979] [client 158.173.36.245:0] script '/domains/awciii/wp-trackback.php' not found or unable to stat
[Thu Feb 12 03:39:35.816924 2026] [php:error] [pid 32000] [client 158.173.36.31:0] script '/domains/ebon/byp.php' not found or unable to stat
[Thu Feb 12 03:39:36.122599 2026] [php:error] [pid 31997] [client 158.173.36.80:0] script '/domains/hdickens.enteract/1.php' not found or unable to stat
[Thu Feb 12 03:39:36.139564 2026] [php:error] [pid 31998] [client 158.173.36.240:0] script '/domains/system_suspended/doc.php' not found or unable to stat
[Thu Feb 12 03:39:36.159125 2026] [php:error] [pid 31979] [client 158.173.36.245:0] script '/domains/awciii/radio.php' not found or unable to stat
[Thu Feb 12 03:39:36.166688 2026] [php:error] [pid 32003] [client 158.173.36.12:0] script '/domains/piltdweb1/wp.php' not found or unable to stat
[Thu Feb 12 03:39:36.170103 2026] [php:error] [pid 31996] [client 158.173.36.240:0] script '/domains/egmaweb/images/index.php' not found or unable to stat
[Thu Feb 12 03:39:36.171008 2026] [php:error] [pid 31987] [client 158.173.36.227:0] script '/domains/mjbradley/wp-login.php' not found or unable to stat
[Thu Feb 12 03:39:36.233233 2026] [php:error] [pid 31986] [client 158.173.36.54:0] script '/domains/mschmid/hehehehe.php' not found or unable to stat
[Thu Feb 12 03:39:36.353653 2026] [php:error] [pid 31987] [client 158.173.36.227:0] script '/domains/mjbradley/mar.php' not found or unable to stat
[Thu Feb 12 03:39:36.354164 2026] [php:error] [pid 31995] [client 158.173.36.4:0] script '/domains/markrose/wp-trackback.php' not found or unable to stat
[Thu Feb 12 03:39:36.423384 2026] [php:error] [pid 31993] [client 158.173.36.169:0] script '/domains/ecernstelectric/ioxi-o.php' not found or unable to stat
[Thu Feb 12 03:39:36.520044 2026] [php:error] [pid 32004] [client 158.173.36.230:0] script '/domains/wsmith.enteract/fm.php' not found or unable to stat
[Thu Feb 12 03:39:36.640396 2026] [php:error] [pid 31993] [client 158.173.36.169:0] script '/domains/ecernstelectric/info.php' not found or unable to stat
[Thu Feb 12 03:39:36.651373 2026] [php:error] [pid 31997] [client 158.173.36.80:0] script '/domains/hdickens.enteract/js/fm.php' not found or unable to stat
[Thu Feb 12 03:39:36.680791 2026] [php:error] [pid 31998] [client 158.173.36.240:0] script '/domains/system_suspended/wp-login.php' not found or unable to stat
[Thu Feb 12 03:39:36.724221 2026] [php:error] [pid 32003] [client 158.173.36.12:0] script '/domains/piltdweb1/wp-header.php' not found or unable to stat
[Thu Feb 12 03:39:36.724564 2026] [php:error] [pid 31995] [client 158.173.36.4:0] script '/domains/markrose/radio.php' not found or unable to stat
[Thu Feb 12 03:39:36.834676 2026] [php:error] [pid 31993] [client 158.173.36.169:0] script '/domains/ecernstelectric/setup.php' not found or unable to stat
[Thu Feb 12 03:39:36.844570 2026] [php:error] [pid 31998] [client 158.173.36.240:0] script '/domains/system_suspended/mar.php' not found or unable to stat
[Thu Feb 12 03:39:36.900777 2026] [php:error] [pid 32001] [client 158.173.36.210:0] script '/domains/peterbmiller/images/class.php' not found or unable to stat
[Thu Feb 12 03:39:36.901008 2026] [php:error] [pid 31987] [client 158.173.36.227:0] script '/domains/mjbradley/1.php' not found or unable to stat
[Thu Feb 12 03:39:36.902260 2026] [php:error] [pid 31979] [client 158.173.36.245:0] script '/domains/awciii/wp-conflg.php' not found or unable to stat
[Thu Feb 12 03:39:36.902291 2026] [php:error] [pid 31994] [client 158.173.36.57:0] script '/domains/nlyfoods/moon.php' not found or unable to stat
[Thu Feb 12 03:39:36.902291 2026] [php:error] [pid 31996] [client 158.173.36.240:0] script '/domains/egmaweb/wp-trackback.php' not found or unable to stat
[Thu Feb 12 03:39:37.053085 2026] [php:error] [pid 32003] [client 158.173.36.12:0] script '/domains/piltdweb1/Marvins.php' not found or unable to stat
[Thu Feb 12 03:39:37.054462 2026] [php:error] [pid 31979] [client 158.173.36.245:0] script '/domains/awciii/wp-setup.php' not found or unable to stat
[Thu Feb 12 03:39:37.187129 2026] [php:error] [pid 32004] [client 158.173.36.230:0] script '/domains/wsmith.enteract/ini.php' not found or unable to stat
[Thu Feb 12 03:39:37.213007 2026] [php:error] [pid 31979] [client 158.173.36.245:0] script '/domains/awciii/ms-themes.php' not found or unable to stat
[Thu Feb 12 03:39:37.214570 2026] [php:error] [pid 31996] [client 158.173.36.240:0] script '/domains/egmaweb/radio.php' not found or unable to stat
[Thu Feb 12 03:39:37.219238 2026] [php:error] [pid 32001] [client 158.173.36.210:0] script '/domains/peterbmiller/web.php' not found or unable to stat
[Thu Feb 12 03:39:37.282132 2026] [php:error] [pid 32000] [client 158.173.36.31:0] script '/domains/ebon/class.api.php' not found or unable to stat
[Thu Feb 12 03:39:37.312263 2026] [php:error] [pid 31998] [client 158.173.36.240:0] script '/domains/system_suspended/1.php' not found or unable to stat
[Thu Feb 12 03:39:37.313185 2026] [php:error] [pid 31926] [client 158.173.36.169:0] script '/domains/hdickens.enteract/hehehehe.php' not found or unable to stat
[Thu Feb 12 03:39:37.391224 2026] [php:error] [pid 31995] [client 158.173.36.4:0] script '/domains/markrose/wp-conflg.php' not found or unable to stat
[Thu Feb 12 03:39:37.391890 2026] [php:error] [pid 32003] [client 158.173.36.12:0] script '/domains/piltdweb1/wp-class.php' not found or unable to stat
[Thu Feb 12 03:39:37.391989 2026] [php:error] [pid 31994] [client 158.173.36.57:0] script '/domains/nlyfoods/webadmin.php' not found or unable to stat
[Thu Feb 12 03:39:37.455197 2026] [php:error] [pid 31997] [client 158.173.36.80:0] script '/domains/hdickens.enteract/fm.php' not found or unable to stat
[Thu Feb 12 03:39:37.629824 2026] [php:error] [pid 31979] [client 158.173.36.245:0] script '/domains/awciii/style.php' not found or unable to stat
[Thu Feb 12 03:39:37.663432 2026] [php:error] [pid 31995] [client 158.173.36.4:0] script '/domains/markrose/wp-setup.php' not found or unable to stat
[Thu Feb 12 03:39:37.663632 2026] [php:error] [pid 32001] [client 158.173.36.210:0] script '/domains/peterbmiller/images/index.php' not found or unable to stat
[Thu Feb 12 03:39:38.066385 2026] [php:error] [pid 32000] [client 158.173.36.31:0] script '/domains/ebon/system_log.php' not found or unable to stat
[Thu Feb 12 03:39:38.138286 2026] [php:error] [pid 31995] [client 158.173.36.4:0] script '/domains/markrose/ms-themes.php' not found or unable to stat
[Thu Feb 12 03:39:38.138470 2026] [php:error] [pid 32003] [client 158.173.36.12:0] script '/domains/piltdweb1/xx.php' not found or unable to stat
[Thu Feb 12 03:39:38.258866 2026] [php:error] [pid 32000] [client 158.173.36.31:0] script '/domains/ebon/.alf.php' not found or unable to stat
[Thu Feb 12 03:39:38.260610 2026] [php:error] [pid 31996] [client 158.173.36.240:0] script '/domains/egmaweb/wp-conflg.php' not found or unable to stat
[Thu Feb 12 03:39:38.260729 2026] [php:error] [pid 31994] [client 158.173.36.57:0] script '/domains/nlyfoods/xl2023.php' not found or unable to stat
[Thu Feb 12 03:39:38.310743 2026] [php:error] [pid 31997] [client 158.173.36.80:0] script '/domains/hdickens.enteract/ini.php' not found or unable to stat
[Thu Feb 12 03:39:38.333468 2026] [php:error] [pid 31993] [client 158.173.36.169:0] script '/domains/ecernstelectric/as.php' not found or unable to stat
[Thu Feb 12 03:39:38.339447 2026] [php:error] [pid 32003] [client 158.173.36.12:0] script '/domains/piltdweb1/autoload_classmap.php' not found or unable to stat
[Thu Feb 12 03:39:38.438082 2026] [php:error] [pid 31979] [client 158.173.36.245:0] script '/domains/awciii/x.php' not found or unable to stat
[Thu Feb 12 03:39:38.480813 2026] [php:error] [pid 31996] [client 158.173.36.240:0] script '/domains/egmaweb/wp-setup.php' not found or unable to stat
