[Thu Feb 12 03:38:46.134956 2026] [php:error] [pid 31987] [client 158.173.36.124:0] script '/domains/astrosfm/about.php' not found or unable to stat
[Thu Feb 12 03:38:46.255869 2026] [php:error] [pid 31994] [client 158.173.36.124:0] script '/domains/mschmid/inputs.php' not found or unable to stat
[Thu Feb 12 03:38:46.265784 2026] [php:error] [pid 31980] [client 158.173.36.4:0] script '/domains/hdickens.enteract/new.php' not found or unable to stat
[Thu Feb 12 03:38:46.275057 2026] [php:error] [pid 31987] [client 158.173.36.124:0] script '/domains/astrosfm/admin.php' not found or unable to stat
[Thu Feb 12 03:38:46.429645 2026] [php:error] [pid 31994] [client 158.173.36.124:0] script '/domains/mschmid/mini.php' not found or unable to stat
[Thu Feb 12 03:38:46.467996 2026] [php:error] [pid 31986] [client 158.173.36.85:0] script '/domains/ebon/classwithtostring.php' not found or unable to stat
[Thu Feb 12 03:38:46.471203 2026] [php:error] [pid 31984] [client 158.173.36.230:0] script '/domains/system_suspended/function.php' not found or unable to stat
[Thu Feb 12 03:38:46.612379 2026] [php:error] [pid 31994] [client 158.173.36.124:0] script '/domains/mschmid/goods.php' not found or unable to stat
[Thu Feb 12 03:38:46.670925 2026] [php:error] [pid 31987] [client 158.173.36.124:0] script '/domains/astrosfm/mah.php' not found or unable to stat
[Thu Feb 12 03:38:46.786447 2026] [php:error] [pid 31994] [client 158.173.36.124:0] script '/domains/mschmid/file5.php' not found or unable to stat
[Thu Feb 12 03:38:46.788676 2026] [php:error] [pid 31980] [client 158.173.36.4:0] script '/domains/hdickens.enteract/images/DJP9.php' not found or unable to stat
[Thu Feb 12 03:38:46.788938 2026] [php:error] [pid 31990] [client 158.173.36.230:0] script '/domains/mjbradley/wp-l0gin.php' not found or unable to stat
[Thu Feb 12 03:38:46.791506 2026] [php:error] [pid 31926] [client 158.173.36.160:0] script '/domains/wsmith.enteract/natural.php' not found or unable to stat
[Thu Feb 12 03:38:46.825690 2026] [php:error] [pid 31984] [client 158.173.36.230:0] script '/domains/system_suspended/wp-signup.php' not found or unable to stat
[Thu Feb 12 03:38:46.840367 2026] [php:error] [pid 31988] [client 158.173.36.169:0] script '/domains/ecernstelectric/wp-l0gin.php' not found or unable to stat
[Thu Feb 12 03:38:47.055931 2026] [php:error] [pid 31994] [client 158.173.36.124:0] script '/domains/mschmid/ahax.php' not found or unable to stat
[Thu Feb 12 03:38:47.090496 2026] [php:error] [pid 31926] [client 158.173.36.160:0] script '/domains/wsmith.enteract/item.php' not found or unable to stat
[Thu Feb 12 03:38:47.090541 2026] [php:error] [pid 31986] [client 158.173.36.85:0] script '/domains/ebon/tinyfilemanager.php' not found or unable to stat
[Thu Feb 12 03:38:47.213199 2026] [php:error] [pid 31987] [client 158.173.36.124:0] script '/domains/astrosfm/core.php' not found or unable to stat
[Thu Feb 12 03:38:47.221337 2026] [php:error] [pid 31994] [client 158.173.36.124:0] script '/domains/mschmid/f35.php' not found or unable to stat
[Thu Feb 12 03:38:47.263720 2026] [php:error] [pid 31990] [client 158.173.36.230:0] script '/domains/mjbradley/new.php' not found or unable to stat
[Thu Feb 12 03:38:47.386794 2026] [php:error] [pid 31994] [client 158.173.36.124:0] script '/domains/mschmid/simple.php' not found or unable to stat
[Thu Feb 12 03:38:47.405713 2026] [php:error] [pid 31987] [client 158.173.36.124:0] script '/domains/astrosfm/robots.php' not found or unable to stat
[Thu Feb 12 03:38:47.445697 2026] [php:error] [pid 31980] [client 158.173.36.4:0] script '/domains/hdickens.enteract/natural.php' not found or unable to stat
[Thu Feb 12 03:38:47.446580 2026] [php:error] [pid 31988] [client 158.173.36.169:0] script '/domains/ecernstelectric/new.php' not found or unable to stat
[Thu Feb 12 03:38:47.577510 2026] [php:error] [pid 31987] [client 158.173.36.124:0] script '/domains/astrosfm/inputs.php' not found or unable to stat
[Thu Feb 12 03:38:47.641153 2026] [php:error] [pid 31984] [client 158.173.36.230:0] script '/domains/system_suspended/wp-blog.php' not found or unable to stat
[Thu Feb 12 03:38:47.647232 2026] [php:error] [pid 31980] [client 158.173.36.4:0] script '/domains/hdickens.enteract/item.php' not found or unable to stat
[Thu Feb 12 03:38:47.648392 2026] [php:error] [pid 31986] [client 158.173.36.85:0] script '/domains/ebon/file.php' not found or unable to stat
[Thu Feb 12 03:38:47.761302 2026] [php:error] [pid 31987] [client 158.173.36.124:0] script '/domains/astrosfm/mini.php' not found or unable to stat
[Thu Feb 12 03:38:47.828483 2026] [php:error] [pid 31990] [client 158.173.36.230:0] script '/domains/mjbradley/images/DJP9.php' not found or unable to stat
[Thu Feb 12 03:38:47.952682 2026] [php:error] [pid 31987] [client 158.173.36.124:0] script '/domains/astrosfm/goods.php' not found or unable to stat
[Thu Feb 12 03:38:48.089574 2026] [php:error] [pid 31988] [client 158.173.36.169:0] script '/domains/ecernstelectric/images/DJP9.php' not found or unable to stat
[Thu Feb 12 03:38:48.150183 2026] [php:error] [pid 31987] [client 158.173.36.124:0] script '/domains/astrosfm/file5.php' not found or unable to stat
[Thu Feb 12 03:38:48.255365 2026] [php:error] [pid 31986] [client 158.173.36.85:0] script '/domains/ebon/buy.php' not found or unable to stat
[Thu Feb 12 03:38:48.314307 2026] [php:error] [pid 31987] [client 158.173.36.124:0] script '/domains/astrosfm/ahax.php' not found or unable to stat
[Thu Feb 12 03:38:48.369245 2026] [php:error] [pid 31990] [client 158.173.36.230:0] script '/domains/mjbradley/natural.php' not found or unable to stat
[Thu Feb 12 03:38:48.369715 2026] [php:error] [pid 31984] [client 158.173.36.230:0] script '/domains/system_suspended/wp-l0gin.php' not found or unable to stat
[Thu Feb 12 03:38:48.505232 2026] [php:error] [pid 31987] [client 158.173.36.124:0] script '/domains/astrosfm/f35.php' not found or unable to stat
[Thu Feb 12 03:38:48.538407 2026] [php:error] [pid 31990] [client 158.173.36.230:0] script '/domains/mjbradley/item.php' not found or unable to stat
[Thu Feb 12 03:38:48.682390 2026] [php:error] [pid 31993] [client 158.173.36.124:0] script '/domains/nlyfoods/manager.php' not found or unable to stat
[Thu Feb 12 03:38:48.688257 2026] [php:error] [pid 31987] [client 158.173.36.124:0] script '/domains/astrosfm/simple.php' not found or unable to stat
[Thu Feb 12 03:38:48.702017 2026] [php:error] [pid 31988] [client 158.173.36.169:0] script '/domains/ecernstelectric/natural.php' not found or unable to stat
[Thu Feb 12 03:38:48.720572 2026] [php:error] [pid 31984] [client 158.173.36.230:0] script '/domains/system_suspended/new.php' not found or unable to stat
[Thu Feb 12 03:38:48.740945 2026] [php:error] [pid 31994] [client 158.173.36.124:0] script '/domains/mschmid/images/upload.php' not found or unable to stat
[Thu Feb 12 03:38:48.823139 2026] [php:error] [pid 31979] [client 158.173.36.210:0] script '/domains/hdickens.enteract/classwithtostring.php' not found or unable to stat
[Thu Feb 12 03:38:48.893930 2026] [php:error] [pid 31993] [client 158.173.36.124:0] script '/domains/nlyfoods/bless.php' not found or unable to stat
[Thu Feb 12 03:38:48.917012 2026] [php:error] [pid 31988] [client 158.173.36.169:0] script '/domains/ecernstelectric/item.php' not found or unable to stat
[Thu Feb 12 03:38:49.083016 2026] [php:error] [pid 31993] [client 158.173.36.124:0] script '/domains/nlyfoods/O-Simple.php' not found or unable to stat
[Thu Feb 12 03:38:49.250392 2026] [php:error] [pid 31991] [client 158.173.36.134:0] script '/domains/markrose/classwithtostring.php' not found or unable to stat
[Thu Feb 12 03:38:49.287492 2026] [php:error] [pid 31993] [client 158.173.36.124:0] script '/domains/nlyfoods/lock360.php' not found or unable to stat
[Thu Feb 12 03:38:49.403861 2026] [php:error] [pid 31979] [client 158.173.36.210:0] script '/domains/hdickens.enteract/tinyfilemanager.php' not found or unable to stat
[Thu Feb 12 03:38:49.450079 2026] [php:error] [pid 31997] [client 158.173.36.164:0] script '/domains/wsmith.enteract/default.php' not found or unable to stat
[Thu Feb 12 03:38:49.483520 2026] [php:error] [pid 31993] [client 158.173.36.124:0] script '/domains/nlyfoods/zwso.php' not found or unable to stat
[Thu Feb 12 03:38:49.613329 2026] [php:error] [pid 31979] [client 158.173.36.210:0] script '/domains/hdickens.enteract/js/bas.php' not found or unable to stat
[Thu Feb 12 03:38:49.688116 2026] [php:error] [pid 31993] [client 158.173.36.124:0] script '/domains/nlyfoods/chosen.php' not found or unable to stat
[Thu Feb 12 03:38:49.847868 2026] [php:error] [pid 31993] [client 158.173.36.124:0] script '/domains/nlyfoods/about.php' not found or unable to stat
[Thu Feb 12 03:38:49.848016 2026] [php:error] [pid 31991] [client 158.173.36.134:0] script '/domains/markrose/tinyfilemanager.php' not found or unable to stat
[Thu Feb 12 03:38:49.850916 2026] [php:error] [pid 31984] [client 158.173.36.230:0] script '/domains/system_suspended/natural.php' not found or unable to stat
[Thu Feb 12 03:38:49.881195 2026] [php:error] [pid 31998] [client 158.173.36.240:0] script '/domains/hdickens.enteract/default.php' not found or unable to stat
[Thu Feb 12 03:38:49.942714 2026] [php:error] [pid 31979] [client 158.173.36.210:0] script '/domains/hdickens.enteract/file.php' not found or unable to stat
[Thu Feb 12 03:38:50.022817 2026] [php:error] [pid 31993] [client 158.173.36.124:0] script '/domains/nlyfoods/admin.php' not found or unable to stat
[Thu Feb 12 03:38:50.033935 2026] [php:error] [pid 31984] [client 158.173.36.230:0] script '/domains/system_suspended/item.php' not found or unable to stat
[Thu Feb 12 03:38:50.413904 2026] [php:error] [pid 31991] [client 158.173.36.134:0] script '/domains/markrose/file.php' not found or unable to stat
[Thu Feb 12 03:38:50.414339 2026] [php:error] [pid 31993] [client 158.173.36.124:0] script '/domains/nlyfoods/mah.php' not found or unable to stat
[Thu Feb 12 03:38:50.452894 2026] [php:error] [pid 31979] [client 158.173.36.210:0] script '/domains/hdickens.enteract/buy.php' not found or unable to stat
[Thu Feb 12 03:38:50.486085 2026] [php:error] [pid 31997] [client 158.173.36.164:0] script '/domains/wsmith.enteract/dropdown.php' not found or unable to stat
[Thu Feb 12 03:38:50.743643 2026] [php:error] [pid 31980] [client 158.173.36.68:0] script '/domains/mjbradley/default.php' not found or unable to stat
[Thu Feb 12 03:38:50.789666 2026] [php:error] [pid 31993] [client 158.173.36.124:0] script '/domains/nlyfoods/core.php' not found or unable to stat
[Thu Feb 12 03:38:50.824202 2026] [php:error] [pid 31997] [client 158.173.36.164:0] script '/domains/wsmith.enteract/db.php' not found or unable to stat
[Thu Feb 12 03:38:50.962845 2026] [php:error] [pid 31993] [client 158.173.36.124:0] script '/domains/nlyfoods/robots.php' not found or unable to stat
[Thu Feb 12 03:38:50.965548 2026] [php:error] [pid 31991] [client 158.173.36.134:0] script '/domains/markrose/buy.php' not found or unable to stat
[Thu Feb 12 03:38:50.965921 2026] [php:error] [pid 31998] [client 158.173.36.240:0] script '/domains/hdickens.enteract/dropdown.php' not found or unable to stat
[Thu Feb 12 03:38:50.966472 2026] [php:error] [pid 31986] [client 158.173.36.85:0] script '/domains/ebon/inc.php' not found or unable to stat
[Thu Feb 12 03:38:51.160538 2026] [php:error] [pid 31993] [client 158.173.36.124:0] script '/domains/nlyfoods/inputs.php' not found or unable to stat
[Thu Feb 12 03:38:51.164657 2026] [php:error] [pid 31998] [client 158.173.36.240:0] script '/domains/hdickens.enteract/images/admin.php' not found or unable to stat
[Thu Feb 12 03:38:51.313824 2026] [php:error] [pid 31990] [client 158.173.36.169:0] script '/domains/ecernstelectric/default.php' not found or unable to stat
[Thu Feb 12 03:38:51.356215 2026] [php:error] [pid 31993] [client 158.173.36.124:0] script '/domains/nlyfoods/mini.php' not found or unable to stat
[Thu Feb 12 03:38:51.362011 2026] [php:error] [pid 31998] [client 158.173.36.240:0] script '/domains/hdickens.enteract/db.php' not found or unable to stat
[Thu Feb 12 03:38:51.365344 2026] [php:error] [pid 31986] [client 158.173.36.85:0] script '/domains/ebon/filemanager.php' not found or unable to stat
[Thu Feb 12 03:38:51.507638 2026] [php:error] [pid 31994] [client 158.173.36.124:0] script '/domains/mschmid/classwithtostring.php' not found or unable to stat
[Thu Feb 12 03:38:51.545907 2026] [php:error] [pid 31993] [client 158.173.36.124:0] script '/domains/nlyfoods/goods.php' not found or unable to stat
[Thu Feb 12 03:38:51.712609 2026] [php:error] [pid 31993] [client 158.173.36.124:0] script '/domains/nlyfoods/file5.php' not found or unable to stat
[Thu Feb 12 03:38:51.905625 2026] [php:error] [pid 31980] [client 158.173.36.68:0] script '/domains/mjbradley/dropdown.php' not found or unable to stat
[Thu Feb 12 03:38:52.092659 2026] [php:error] [pid 31980] [client 158.173.36.68:0] script '/domains/mjbradley/images/admin.php' not found or unable to stat
[Thu Feb 12 03:38:52.167609 2026] [php:error] [pid 31993] [client 158.173.36.124:0] script '/domains/nlyfoods/ahax.php' not found or unable to stat
[Thu Feb 12 03:38:52.292817 2026] [php:error] [pid 31994] [client 158.173.36.124:0] script '/domains/mschmid/tinyfilemanager.php' not found or unable to stat
[Thu Feb 12 03:38:52.293438 2026] [php:error] [pid 31980] [client 158.173.36.68:0] script '/domains/mjbradley/db.php' not found or unable to stat
[Thu Feb 12 03:38:52.344657 2026] [php:error] [pid 31993] [client 158.173.36.124:0] script '/domains/nlyfoods/f35.php' not found or unable to stat
[Thu Feb 12 03:38:52.513308 2026] [php:error] [pid 31999] [client 158.173.36.164:0] script '/domains/system_suspended/default.php' not found or unable to stat
[Thu Feb 12 03:38:52.518231 2026] [php:error] [pid 31993] [client 158.173.36.124:0] script '/domains/nlyfoods/simple.php' not found or unable to stat
[Thu Feb 12 03:38:52.664630 2026] [php:error] [pid 31997] [client 158.173.36.164:0] script '/domains/wsmith.enteract/install.php' not found or unable to stat
[Thu Feb 12 03:38:52.666291 2026] [php:error] [pid 31990] [client 158.173.36.169:0] script '/domains/ecernstelectric/dropdown.php' not found or unable to stat
[Thu Feb 12 03:38:52.676501 2026] [php:error] [pid 31986] [client 158.173.36.85:0] script '/domains/ebon/function.php' not found or unable to stat
[Thu Feb 12 03:38:52.745438 2026] [php:error] [pid 31994] [client 158.173.36.124:0] script '/domains/mschmid/file.php' not found or unable to stat
[Thu Feb 12 03:38:52.847570 2026] [php:error] [pid 31990] [client 158.173.36.169:0] script '/domains/ecernstelectric/images/admin.php' not found or unable to stat
[Thu Feb 12 03:38:53.017169 2026] [php:error] [pid 31987] [client 158.173.36.124:0] script '/domains/astrosfm/classwithtostring.php' not found or unable to stat
[Thu Feb 12 03:38:53.018829 2026] [php:error] [pid 31986] [client 158.173.36.85:0] script '/domains/ebon/wp-signup.php' not found or unable to stat
[Thu Feb 12 03:38:53.029751 2026] [php:error] [pid 31990] [client 158.173.36.169:0] script '/domains/ecernstelectric/db.php' not found or unable to stat
[Thu Feb 12 03:38:53.197258 2026] [php:error] [pid 31998] [client 158.173.36.240:0] script '/domains/hdickens.enteract/install.php' not found or unable to stat
[Thu Feb 12 03:38:53.237837 2026] [php:error] [pid 31994] [client 158.173.36.124:0] script '/domains/mschmid/buy.php' not found or unable to stat
[Thu Feb 12 03:38:53.334995 2026] [php:error] [pid 31979] [client 158.173.36.210:0] script '/domains/hdickens.enteract/inc.php' not found or unable to stat
[Thu Feb 12 03:38:53.568783 2026] [php:error] [pid 31997] [client 158.173.36.164:0] script '/domains/wsmith.enteract/bypass.php' not found or unable to stat
[Thu Feb 12 03:38:53.568858 2026] [php:error] [pid 31999] [client 158.173.36.164:0] script '/domains/system_suspended/dropdown.php' not found or unable to stat
[Thu Feb 12 03:38:53.583815 2026] [php:error] [pid 31986] [client 158.173.36.85:0] script '/domains/ebon/wp-blog.php' not found or unable to stat
[Thu Feb 12 03:38:53.584859 2026] [php:error] [pid 31987] [client 158.173.36.124:0] script '/domains/astrosfm/tinyfilemanager.php' not found or unable to stat
[Thu Feb 12 03:38:53.585072 2026] [php:error] [pid 31998] [client 158.173.36.240:0] script '/domains/hdickens.enteract/images/class-config.php' not found or unable to stat
[Thu Feb 12 03:38:53.759104 2026] [php:error] [pid 31997] [client 158.173.36.164:0] script '/domains/wsmith.enteract/class.php' not found or unable to stat
[Thu Feb 12 03:38:53.759202 2026] [php:error] [pid 31979] [client 158.173.36.210:0] script '/domains/hdickens.enteract/filemanager.php' not found or unable to stat
[Thu Feb 12 03:38:53.984721 2026] [php:error] [pid 31999] [client 158.173.36.164:0] script '/domains/system_suspended/db.php' not found or unable to stat
[Thu Feb 12 03:38:53.986148 2026] [php:error] [pid 31980] [client 158.173.36.68:0] script '/domains/mjbradley/install.php' not found or unable to stat
[Thu Feb 12 03:38:53.986514 2026] [php:error] [pid 31991] [client 158.173.36.134:0] script '/domains/markrose/inc.php' not found or unable to stat
[Thu Feb 12 03:38:54.156617 2026] [php:error] [pid 31987] [client 158.173.36.124:0] script '/domains/astrosfm/file.php' not found or unable to stat
[Thu Feb 12 03:38:54.156624 2026] [php:error] [pid 31998] [client 158.173.36.240:0] script '/domains/hdickens.enteract/bypass.php' not found or unable to stat
[Thu Feb 12 03:38:54.275191 2026] [php:error] [pid 31980] [client 158.173.36.68:0] script '/domains/mjbradley/images/class-config.php' not found or unable to stat
[Thu Feb 12 03:38:54.316992 2026] [php:error] [pid 31986] [client 158.173.36.85:0] script '/domains/ebon/wp-l0gin.php' not found or unable to stat
[Thu Feb 12 03:38:54.316996 2026] [php:error] [pid 31991] [client 158.173.36.134:0] script '/domains/markrose/filemanager.php' not found or unable to stat
[Thu Feb 12 03:38:54.316994 2026] [php:error] [pid 31998] [client 158.173.36.240:0] script '/domains/hdickens.enteract/class.php' not found or unable to stat
[Thu Feb 12 03:38:54.829077 2026] [php:error] [pid 31986] [client 158.173.36.85:0] script '/domains/ebon/new.php' not found or unable to stat
[Thu Feb 12 03:38:54.831932 2026] [php:error] [pid 31987] [client 158.173.36.124:0] script '/domains/astrosfm/buy.php' not found or unable to stat
[Thu Feb 12 03:38:54.844398 2026] [php:error] [pid 31990] [client 158.173.36.169:0] script '/domains/ecernstelectric/install.php' not found or unable to stat
[Thu Feb 12 03:38:54.875103 2026] [php:error] [pid 31979] [client 158.173.36.210:0] script '/domains/hdickens.enteract/function.php' not found or unable to stat
[Thu Feb 12 03:38:54.882068 2026] [php:error] [pid 31980] [client 158.173.36.68:0] script '/domains/mjbradley/bypass.php' not found or unable to stat
[Thu Feb 12 03:38:55.033147 2026] [php:error] [pid 31997] [client 158.173.36.164:0] script '/domains/wsmith.enteract/init.php' not found or unable to stat
[Thu Feb 12 03:38:55.054756 2026] [php:error] [pid 31980] [client 158.173.36.68:0] script '/domains/mjbradley/class.php' not found or unable to stat
[Thu Feb 12 03:38:55.198270 2026] [php:error] [pid 31979] [client 158.173.36.210:0] script '/domains/hdickens.enteract/wp-signup.php' not found or unable to stat
[Thu Feb 12 03:38:55.211798 2026] [php:error] [pid 31990] [client 158.173.36.169:0] script '/domains/ecernstelectric/images/class-config.php' not found or unable to stat
[Thu Feb 12 03:38:55.360320 2026] [php:error] [pid 31986] [client 158.173.36.85:0] script '/domains/ebon/images/DJP9.php' not found or unable to stat
[Thu Feb 12 03:38:55.518067 2026] [php:error] [pid 31999] [client 158.173.36.164:0] script '/domains/system_suspended/install.php' not found or unable to stat
[Thu Feb 12 03:38:55.520993 2026] [php:error] [pid 31998] [client 158.173.36.240:0] script '/domains/hdickens.enteract/css/css.php' not found or unable to stat
[Thu Feb 12 03:38:55.553395 2026] [php:error] [pid 31991] [client 158.173.36.134:0] script '/domains/markrose/function.php' not found or unable to stat
[Thu Feb 12 03:38:55.684776 2026] [php:error] [pid 31979] [client 158.173.36.210:0] script '/domains/hdickens.enteract/wp-blog.php' not found or unable to stat
[Thu Feb 12 03:38:55.685117 2026] [php:error] [pid 31994] [client 158.173.36.124:0] script '/domains/mschmid/inc.php' not found or unable to stat
[Thu Feb 12 03:38:55.695591 2026] [php:error] [pid 31998] [client 158.173.36.240:0] script '/domains/hdickens.enteract/init.php' not found or unable to stat
[Thu Feb 12 03:38:55.770961 2026] [php:error] [pid 31990] [client 158.173.36.169:0] script '/domains/ecernstelectric/bypass.php' not found or unable to stat
[Thu Feb 12 03:38:55.912939 2026] [php:error] [pid 31991] [client 158.173.36.134:0] script '/domains/markrose/wp-signup.php' not found or unable to stat
[Thu Feb 12 03:38:55.913311 2026] [php:error] [pid 31986] [client 158.173.36.85:0] script '/domains/ebon/natural.php' not found or unable to stat
[Thu Feb 12 03:38:55.974777 2026] [php:error] [pid 31990] [client 158.173.36.169:0] script '/domains/ecernstelectric/class.php' not found or unable to stat
[Thu Feb 12 03:38:56.093866 2026] [php:error] [pid 31994] [client 158.173.36.124:0] script '/domains/mschmid/filemanager.php' not found or unable to stat
[Thu Feb 12 03:38:56.119483 2026] [php:error] [pid 31986] [client 158.173.36.85:0] script '/domains/ebon/item.php' not found or unable to stat
[Thu Feb 12 03:38:56.288947 2026] [php:error] [pid 31980] [client 158.173.36.68:0] script '/domains/mjbradley/init.php' not found or unable to stat
[Thu Feb 12 03:38:56.488556 2026] [php:error] [pid 31999] [client 158.173.36.164:0] script '/domains/system_suspended/bypass.php' not found or unable to stat
[Thu Feb 12 03:38:56.489128 2026] [php:error] [pid 31979] [client 158.173.36.210:0] script '/domains/hdickens.enteract/wp-l0gin.php' not found or unable to stat
[Thu Feb 12 03:38:56.507061 2026] [php:error] [pid 31997] [client 158.173.36.164:0] script '/domains/wsmith.enteract/adminfuns.php' not found or unable to stat
[Thu Feb 12 03:38:56.507322 2026] [php:error] [pid 31991] [client 158.173.36.134:0] script '/domains/markrose/wp-blog.php' not found or unable to stat
[Thu Feb 12 03:38:56.628998 2026] [php:error] [pid 31999] [client 158.173.36.164:0] script '/domains/system_suspended/class.php' not found or unable to stat
[Thu Feb 12 03:38:56.778252 2026] [php:error] [pid 31979] [client 158.173.36.210:0] script '/domains/hdickens.enteract/new.php' not found or unable to stat
[Thu Feb 12 03:38:56.820563 2026] [php:error] [pid 31997] [client 158.173.36.164:0] script '/domains/wsmith.enteract/wp_wlx.php' not found or unable to stat
[Thu Feb 12 03:38:56.825207 2026] [php:error] [pid 31993] [client 158.173.36.124:0] script '/domains/nlyfoods/classwithtostring.php' not found or unable to stat
[Thu Feb 12 03:38:57.005643 2026] [php:error] [pid 31998] [client 158.173.36.240:0] script '/domains/hdickens.enteract/css/admin.php' not found or unable to stat
[Thu Feb 12 03:38:57.099148 2026] [php:error] [pid 31994] [client 158.173.36.124:0] script '/domains/mschmid/function.php' not found or unable to stat
[Thu Feb 12 03:38:57.191280 2026] [php:error] [pid 31998] [client 158.173.36.240:0] script '/domains/hdickens.enteract/adminfuns.php' not found or unable to stat
[Thu Feb 12 03:38:57.191322 2026] [php:error] [pid 31991] [client 158.173.36.134:0] script '/domains/markrose/wp-l0gin.php' not found or unable to stat
[Thu Feb 12 03:38:57.286077 2026] [php:error] [pid 31979] [client 158.173.36.210:0] script '/domains/hdickens.enteract/images/DJP9.php' not found or unable to stat
[Thu Feb 12 03:38:57.349156 2026] [php:error] [pid 31997] [client 158.173.36.164:0] script '/domains/wsmith.enteract/wp.php' not found or unable to stat
[Thu Feb 12 03:38:57.395217 2026] [php:error] [pid 31993] [client 158.173.36.124:0] script '/domains/nlyfoods/tinyfilemanager.php' not found or unable to stat
[Thu Feb 12 03:38:57.405922 2026] [php:error] [pid 31990] [client 158.173.36.169:0] script '/domains/ecernstelectric/init.php' not found or unable to stat
[Thu Feb 12 03:38:57.461144 2026] [php:error] [pid 31994] [client 158.173.36.124:0] script '/domains/mschmid/wp-signup.php' not found or unable to stat
[Thu Feb 12 03:38:57.564288 2026] [php:error] [pid 31991] [client 158.173.36.134:0] script '/domains/markrose/new.php' not found or unable to stat
[Thu Feb 12 03:38:57.564306 2026] [php:error] [pid 31998] [client 158.173.36.240:0] script '/domains/hdickens.enteract/wp_wlx.php' not found or unable to stat
[Thu Feb 12 03:38:57.565191 2026] [php:error] [pid 31993] [client 158.173.36.124:0] script '/domains/nlyfoods/js/bas.php' not found or unable to stat
[Thu Feb 12 03:38:57.653753 2026] [php:error] [pid 31987] [client 158.173.36.124:0] script '/domains/astrosfm/inc.php' not found or unable to stat
[Thu Feb 12 03:38:57.664357 2026] [php:error] [pid 31980] [client 158.173.36.68:0] script '/domains/mjbradley/adminfuns.php' not found or unable to stat
[Thu Feb 12 03:38:57.789802 2026] [php:error] [pid 31999] [client 158.173.36.164:0] script '/domains/system_suspended/init.php' not found or unable to stat
[Thu Feb 12 03:38:57.789879 2026] [php:error] [pid 31979] [client 158.173.36.210:0] script '/domains/hdickens.enteract/natural.php' not found or unable to stat
[Thu Feb 12 03:38:57.821994 2026] [php:error] [pid 31997] [client 158.173.36.164:0] script '/domains/wsmith.enteract/wp-header.php' not found or unable to stat
[Thu Feb 12 03:38:57.919760 2026] [php:error] [pid 31993] [client 158.173.36.124:0] script '/domains/nlyfoods/file.php' not found or unable to stat
[Thu Feb 12 03:38:57.970131 2026] [php:error] [pid 31979] [client 158.173.36.210:0] script '/domains/hdickens.enteract/item.php' not found or unable to stat
[Thu Feb 12 03:38:57.970460 2026] [php:error] [pid 31994] [client 158.173.36.124:0] script '/domains/mschmid/wp-blog.php' not found or unable to stat
[Thu Feb 12 03:38:58.015452 2026] [php:error] [pid 31980] [client 158.173.36.68:0] script '/domains/mjbradley/wp_wlx.php' not found or unable to stat
[Thu Feb 12 03:38:58.021347 2026] [php:error] [pid 31987] [client 158.173.36.124:0] script '/domains/astrosfm/filemanager.php' not found or unable to stat
[Thu Feb 12 03:38:58.117658 2026] [php:error] [pid 31998] [client 158.173.36.240:0] script '/domains/hdickens.enteract/wp.php' not found or unable to stat
[Thu Feb 12 03:38:58.175219 2026] [php:error] [pid 31997] [client 158.173.36.164:0] script '/domains/wsmith.enteract/Marvins.php' not found or unable to stat
[Thu Feb 12 03:38:58.285503 2026] [php:error] [pid 31984] [client 158.173.36.31:0] script '/domains/ebon/default.php' not found or unable to stat
[Thu Feb 12 03:38:58.501560 2026] [php:error] [pid 31997] [client 158.173.36.164:0] script '/domains/wsmith.enteract/wp-class.php' not found or unable to stat
[Thu Feb 12 03:38:58.502896 2026] [php:error] [pid 31980] [client 158.173.36.68:0] script '/domains/mjbradley/wp.php' not found or unable to stat
[Thu Feb 12 03:38:58.509974 2026] [php:error] [pid 31993] [client 158.173.36.124:0] script '/domains/nlyfoods/buy.php' not found or unable to stat
[Thu Feb 12 03:38:58.666164 2026] [php:error] [pid 31994] [client 158.173.36.124:0] script '/domains/mschmid/wp-l0gin.php' not found or unable to stat
[Thu Feb 12 03:38:58.695857 2026] [php:error] [pid 31998] [client 158.173.36.240:0] script '/domains/hdickens.enteract/wp-header.php' not found or unable to stat
[Thu Feb 12 03:38:58.697378 2026] [php:error] [pid 31991] [client 158.173.36.134:0] script '/domains/markrose/natural.php' not found or unable to stat
[Thu Feb 12 03:38:58.849727 2026] [php:error] [pid 31997] [client 158.173.36.164:0] script '/domains/wsmith.enteract/xx.php' not found or unable to stat
[Thu Feb 12 03:38:58.873101 2026] [php:error] [pid 31991] [client 158.173.36.134:0] script '/domains/markrose/item.php' not found or unable to stat
[Thu Feb 12 03:38:58.909563 2026] [php:error] [pid 31990] [client 158.173.36.169:0] script '/domains/ecernstelectric/adminfuns.php' not found or unable to stat
[Thu Feb 12 03:38:58.982061 2026] [php:error] [pid 31994] [client 158.173.36.124:0] script '/domains/mschmid/new.php' not found or unable to stat
[Thu Feb 12 03:38:58.986892 2026] [php:error] [pid 31997] [client 158.173.36.164:0] script '/domains/wsmith.enteract/autoload_classmap.php' not found or unable to stat
[Thu Feb 12 03:38:58.987368 2026] [php:error] [pid 31980] [client 158.173.36.68:0] script '/domains/mjbradley/wp-header.php' not found or unable to stat
[Thu Feb 12 03:38:59.025263 2026] [php:error] [pid 31998] [client 158.173.36.240:0] script '/domains/hdickens.enteract/Marvins.php' not found or unable to stat
[Thu Feb 12 03:38:59.057412 2026] [php:error] [pid 31987] [client 158.173.36.124:0] script '/domains/astrosfm/function.php' not found or unable to stat
[Thu Feb 12 03:38:59.139481 2026] [php:error] [pid 31999] [client 158.173.36.164:0] script '/domains/system_suspended/adminfuns.php' not found or unable to stat
[Thu Feb 12 03:38:59.190428 2026] [php:error] [pid 31984] [client 158.173.36.31:0] script '/domains/ebon/dropdown.php' not found or unable to stat
[Thu Feb 12 03:38:59.246512 2026] [php:error] [pid 31990] [client 158.173.36.169:0] script '/domains/ecernstelectric/wp_wlx.php' not found or unable to stat
[Thu Feb 12 03:38:59.295276 2026] [php:error] [pid 31980] [client 158.173.36.68:0] script '/domains/mjbradley/Marvins.php' not found or unable to stat
[Thu Feb 12 03:38:59.330945 2026] [php:error] [pid 31996] [client 158.173.36.227:0] script '/domains/markrose/manager.php' not found or unable to stat
[Thu Feb 12 03:38:59.345030 2026] [php:error] [pid 31984] [client 158.173.36.31:0] script '/domains/ebon/images/admin.php' not found or unable to stat
[Thu Feb 12 03:38:59.359130 2026] [php:error] [pid 31998] [client 158.173.36.240:0] script '/domains/hdickens.enteract/wp-class.php' not found or unable to stat
[Thu Feb 12 03:38:59.380743 2026] [php:error] [pid 31987] [client 158.173.36.124:0] script '/domains/astrosfm/wp-signup.php' not found or unable to stat
[Thu Feb 12 03:38:59.483342 2026] [php:error] [pid 31994] [client 158.173.36.124:0] script '/domains/mschmid/images/DJP9.php' not found or unable to stat
[Thu Feb 12 03:38:59.483367 2026] [php:error] [pid 31999] [client 158.173.36.164:0] script '/domains/system_suspended/wp_wlx.php' not found or unable to stat
[Thu Feb 12 03:38:59.483559 2026] [php:error] [pid 31997] [client 158.173.36.164:0] script '/domains/wsmith.enteract/content.php' not found or unable to stat
[Thu Feb 12 03:38:59.527312 2026] [php:error] [pid 31984] [client 158.173.36.31:0] script '/domains/ebon/db.php' not found or unable to stat
[Thu Feb 12 03:38:59.564495 2026] [php:error] [pid 31996] [client 158.173.36.227:0] script '/domains/markrose/bless.php' not found or unable to stat
[Thu Feb 12 03:38:59.621137 2026] [php:error] [pid 31980] [client 158.173.36.68:0] script '/domains/mjbradley/wp-class.php' not found or unable to stat
[Thu Feb 12 03:38:59.720352 2026] [php:error] [pid 31996] [client 158.173.36.227:0] script '/domains/markrose/O-Simple.php' not found or unable to stat
[Thu Feb 12 03:38:59.768523 2026] [php:error] [pid 31998] [client 158.173.36.240:0] script '/domains/hdickens.enteract/xx.php' not found or unable to stat
[Thu Feb 12 03:38:59.794126 2026] [php:error] [pid 31990] [client 158.173.36.169:0] script '/domains/ecernstelectric/wp.php' not found or unable to stat
[Thu Feb 12 03:38:59.838780 2026] [php:error] [pid 31987] [client 158.173.36.124:0] script '/domains/astrosfm/wp-blog.php' not found or unable to stat
[Thu Feb 12 03:38:59.865864 2026] [php:error] [pid 31996] [client 158.173.36.227:0] script '/domains/markrose/lock360.php' not found or unable to stat
[Thu Feb 12 03:38:59.931023 2026] [php:error] [pid 31998] [client 158.173.36.240:0] script '/domains/hdickens.enteract/autoload_classmap.php' not found or unable to stat
[Thu Feb 12 03:38:59.931116 2026] [php:error] [pid 31999] [client 158.173.36.164:0] script '/domains/system_suspended/wp.php' not found or unable to stat
[Thu Feb 12 03:38:59.931123 2026] [php:error] [pid 31994] [client 158.173.36.124:0] script '/domains/mschmid/natural.php' not found or unable to stat
[Thu Feb 12 03:38:59.940958 2026] [php:error] [pid 31980] [client 158.173.36.68:0] script '/domains/mjbradley/xx.php' not found or unable to stat
[Thu Feb 12 03:38:59.944228 2026] [php:error] [pid 32000] [client 158.173.36.63:0] script '/domains/hdickens.enteract/default.php' not found or unable to stat
[Thu Feb 12 03:38:59.960948 2026] [php:error] [pid 31995] [client 158.173.36.124:0] script '/domains/awciii/manager.php' not found or unable to stat
[Thu Feb 12 03:39:00.048869 2026] [php:error] [pid 31996] [client 158.173.36.227:0] script '/domains/markrose/zwso.php' not found or unable to stat
[Thu Feb 12 03:39:00.134234 2026] [php:error] [pid 31980] [client 158.173.36.68:0] script '/domains/mjbradley/autoload_classmap.php' not found or unable to stat
[Thu Feb 12 03:39:00.168658 2026] [php:error] [pid 31995] [client 158.173.36.124:0] script '/domains/awciii/bless.php' not found or unable to stat
[Thu Feb 12 03:39:00.271834 2026] [php:error] [pid 31994] [client 158.173.36.124:0] script '/domains/mschmid/item.php' not found or unable to stat
[Thu Feb 12 03:39:00.271886 2026] [php:error] [pid 31996] [client 158.173.36.227:0] script '/domains/markrose/chosen.php' not found or unable to stat
[Thu Feb 12 03:39:00.372029 2026] [php:error] [pid 31995] [client 158.173.36.124:0] script '/domains/awciii/O-Simple.php' not found or unable to stat
[Thu Feb 12 03:39:00.415525 2026] [php:error] [pid 31990] [client 158.173.36.169:0] script '/domains/ecernstelectric/wp-header.php' not found or unable to stat
[Thu Feb 12 03:39:00.518247 2026] [php:error] [pid 31996] [client 158.173.36.227:0] script '/domains/markrose/about.php' not found or unable to stat
[Thu Feb 12 03:39:00.554912 2026] [php:error] [pid 31995] [client 158.173.36.124:0] script '/domains/awciii/lock360.php' not found or unable to stat
[Thu Feb 12 03:39:00.555032 2026] [php:error] [pid 31998] [client 158.173.36.240:0] script '/domains/hdickens.enteract/content.php' not found or unable to stat
[Thu Feb 12 03:39:00.676104 2026] [php:error] [pid 31987] [client 158.173.36.124:0] script '/domains/astrosfm/wp-l0gin.php' not found or unable to stat
[Thu Feb 12 03:39:00.705201 2026] [php:error] [pid 31999] [client 158.173.36.164:0] script '/domains/system_suspended/wp-header.php' not found or unable to stat
[Thu Feb 12 03:39:00.776794 2026] [php:error] [pid 31996] [client 158.173.36.227:0] script '/domains/markrose/admin.php' not found or unable to stat
[Thu Feb 12 03:39:00.777227 2026] [php:error] [pid 31980] [client 158.173.36.68:0] script '/domains/mjbradley/content.php' not found or unable to stat
[Thu Feb 12 03:39:00.781173 2026] [php:error] [pid 31995] [client 158.173.36.124:0] script '/domains/awciii/zwso.php' not found or unable to stat
[Thu Feb 12 03:39:00.856767 2026] [php:error] [pid 31990] [client 158.173.36.169:0] script '/domains/ecernstelectric/Marvins.php' not found or unable to stat
[Thu Feb 12 03:39:01.061088 2026] [php:error] [pid 31986] [client 158.173.36.245:0] script '/domains/egmaweb/manager.php' not found or unable to stat
[Thu Feb 12 03:39:01.105208 2026] [php:error] [pid 31979] [client 158.173.36.71:0] script '/domains/markrose/default.php' not found or unable to stat
[Thu Feb 12 03:39:01.133193 2026] [php:error] [pid 31999] [client 158.173.36.164:0] script '/domains/system_suspended/Marvins.php' not found or unable to stat
[Thu Feb 12 03:39:01.133595 2026] [php:error] [pid 31987] [client 158.173.36.124:0] script '/domains/astrosfm/new.php' not found or unable to stat
[Thu Feb 12 03:39:01.174121 2026] [php:error] [pid 31984] [client 158.173.36.31:0] script '/domains/ebon/install.php' not found or unable to stat
[Thu Feb 12 03:39:01.175521 2026] [php:error] [pid 31993] [client 158.173.36.124:0] script '/domains/nlyfoods/inc.php' not found or unable to stat
[Thu Feb 12 03:39:01.176689 2026] [php:error] [pid 31996] [client 158.173.36.227:0] script '/domains/markrose/mah.php' not found or unable to stat
[Thu Feb 12 03:39:01.202366 2026] [php:error] [pid 31995] [client 158.173.36.124:0] script '/domains/awciii/chosen.php' not found or unable to stat
[Thu Feb 12 03:39:01.347914 2026] [php:error] [pid 31986] [client 158.173.36.245:0] script '/domains/egmaweb/bless.php' not found or unable to stat
[Thu Feb 12 03:39:01.347922 2026] [php:error] [pid 31995] [client 158.173.36.124:0] script '/domains/awciii/about.php' not found or unable to stat
[Thu Feb 12 03:39:01.358853 2026] [php:error] [pid 31990] [client 158.173.36.169:0] script '/domains/ecernstelectric/wp-class.php' not found or unable to stat
[Thu Feb 12 03:39:01.545747 2026] [php:error] [pid 31999] [client 158.173.36.164:0] script '/domains/system_suspended/wp-class.php' not found or unable to stat
[Thu Feb 12 03:39:01.546494 2026] [php:error] [pid 31995] [client 158.173.36.124:0] script '/domains/awciii/admin.php' not found or unable to stat
[Thu Feb 12 03:39:01.546815 2026] [php:error] [pid 31984] [client 158.173.36.31:0] script '/domains/ebon/images/class-config.php' not found or unable to stat
[Thu Feb 12 03:39:01.550250 2026] [php:error] [pid 31986] [client 158.173.36.245:0] script '/domains/egmaweb/O-Simple.php' not found or unable to stat
[Thu Feb 12 03:39:01.563329 2026] [php:error] [pid 32000] [client 158.173.36.63:0] script '/domains/hdickens.enteract/dropdown.php' not found or unable to stat
[Thu Feb 12 03:39:01.563787 2026] [php:error] [pid 31996] [client 158.173.36.227:0] script '/domains/markrose/core.php' not found or unable to stat
[Thu Feb 12 03:39:01.565602 2026] [php:error] [pid 31993] [client 158.173.36.124:0] script '/domains/nlyfoods/filemanager.php' not found or unable to stat
[Thu Feb 12 03:39:01.718057 2026] [php:error] [pid 31986] [client 158.173.36.245:0] script '/domains/egmaweb/lock360.php' not found or unable to stat
[Thu Feb 12 03:39:01.751136 2026] [php:error] [pid 32000] [client 158.173.36.63:0] script '/domains/hdickens.enteract/images/admin.php' not found or unable to stat
[Thu Feb 12 03:39:01.751790 2026] [php:error] [pid 31996] [client 158.173.36.227:0] script '/domains/markrose/robots.php' not found or unable to stat
[Thu Feb 12 03:39:01.754646 2026] [php:error] [pid 31990] [client 158.173.36.169:0] script '/domains/ecernstelectric/xx.php' not found or unable to stat
[Thu Feb 12 03:39:01.891318 2026] [php:error] [pid 31999] [client 158.173.36.164:0] script '/domains/system_suspended/xx.php' not found or unable to stat
[Thu Feb 12 03:39:01.892296 2026] [php:error] [pid 31995] [client 158.173.36.124:0] script '/domains/awciii/mah.php' not found or unable to stat
[Thu Feb 12 03:39:01.902207 2026] [php:error] [pid 31991] [client 158.173.36.31:0] script '/domains/peterbmiller/manager.php' not found or unable to stat
[Thu Feb 12 03:39:01.906508 2026] [php:error] [pid 31986] [client 158.173.36.245:0] script '/domains/egmaweb/zwso.php' not found or unable to stat
[Thu Feb 12 03:39:01.935990 2026] [php:error] [pid 31996] [client 158.173.36.227:0] script '/domains/markrose/inputs.php' not found or unable to stat
[Thu Feb 12 03:39:01.937151 2026] [php:error] [pid 32000] [client 158.173.36.63:0] script '/domains/hdickens.enteract/db.php' not found or unable to stat
[Thu Feb 12 03:39:01.948860 2026] [php:error] [pid 31998] [client 158.173.36.240:0] script '/domains/hdickens.enteract/fonts/fontawesome-webfont.php' not found or unable to stat
[Thu Feb 12 03:39:01.950966 2026] [php:error] [pid 31990] [client 158.173.36.169:0] script '/domains/ecernstelectric/autoload_classmap.php' not found or unable to stat
[Thu Feb 12 03:39:02.042866 2026] [php:error] [pid 31984] [client 158.173.36.31:0] script '/domains/ebon/bypass.php' not found or unable to stat
[Thu Feb 12 03:39:02.042992 2026] [php:error] [pid 31999] [client 158.173.36.164:0] script '/domains/system_suspended/autoload_classmap.php' not found or unable to stat
[Thu Feb 12 03:39:02.089464 2026] [php:error] [pid 31986] [client 158.173.36.245:0] script '/domains/egmaweb/chosen.php' not found or unable to stat
[Thu Feb 12 03:39:02.089464 2026] [php:error] [pid 31991] [client 158.173.36.31:0] script '/domains/peterbmiller/bless.php' not found or unable to stat
[Thu Feb 12 03:39:02.125070 2026] [php:error] [pid 31996] [client 158.173.36.227:0] script '/domains/markrose/mini.php' not found or unable to stat
[Thu Feb 12 03:39:02.235958 2026] [php:error] [pid 31984] [client 158.173.36.31:0] script '/domains/ebon/class.php' not found or unable to stat
[Thu Feb 12 03:39:02.237030 2026] [php:error] [pid 31979] [client 158.173.36.71:0] script '/domains/markrose/dropdown.php' not found or unable to stat
[Thu Feb 12 03:39:02.237563 2026] [php:error] [pid 31995] [client 158.173.36.124:0] script '/domains/awciii/core.php' not found or unable to stat
[Thu Feb 12 03:39:02.312584 2026] [php:error] [pid 31991] [client 158.173.36.31:0] script '/domains/peterbmiller/O-Simple.php' not found or unable to stat
[Thu Feb 12 03:39:02.312977 2026] [php:error] [pid 31986] [client 158.173.36.245:0] script '/domains/egmaweb/about.php' not found or unable to stat
[Thu Feb 12 03:39:02.353677 2026] [php:error] [pid 31987] [client 158.173.36.124:0] script '/domains/astrosfm/natural.php' not found or unable to stat
[Thu Feb 12 03:39:02.453963 2026] [php:error] [pid 31997] [client 158.173.36.164:0] script '/domains/wsmith.enteract/web.php' not found or unable to stat
[Thu Feb 12 03:39:02.454047 2026] [php:error] [pid 31995] [client 158.173.36.124:0] script '/domains/awciii/robots.php' not found or unable to stat
[Thu Feb 12 03:39:02.531155 2026] [php:error] [pid 31991] [client 158.173.36.31:0] script '/domains/peterbmiller/lock360.php' not found or unable to stat
[Thu Feb 12 03:39:02.531222 2026] [php:error] [pid 31986] [client 158.173.36.245:0] script '/domains/egmaweb/admin.php' not found or unable to stat
[Thu Feb 12 03:39:02.559110 2026] [php:error] [pid 31987] [client 158.173.36.124:0] script '/domains/astrosfm/item.php' not found or unable to stat
[Thu Feb 12 03:39:02.601923 2026] [php:error] [pid 31990] [client 158.173.36.169:0] script '/domains/ecernstelectric/content.php' not found or unable to stat
[Thu Feb 12 03:39:02.662467 2026] [php:error] [pid 31979] [client 158.173.36.71:0] script '/domains/markrose/db.php' not found or unable to stat
[Thu Feb 12 03:39:02.667967 2026] [php:error] [pid 31999] [client 158.173.36.164:0] script '/domains/system_suspended/content.php' not found or unable to stat
[Thu Feb 12 03:39:02.690827 2026] [php:error] [pid 31995] [client 158.173.36.124:0] script '/domains/awciii/inputs.php' not found or unable to stat
[Thu Feb 12 03:39:02.731598 2026] [php:error] [pid 31996] [client 158.173.36.227:0] script '/domains/markrose/goods.php' not found or unable to stat
[Thu Feb 12 03:39:02.731954 2026] [php:error] [pid 31991] [client 158.173.36.31:0] script '/domains/peterbmiller/zwso.php' not found or unable to stat
[Thu Feb 12 03:39:02.732552 2026] [php:error] [pid 31993] [client 158.173.36.124:0] script '/domains/nlyfoods/function.php' not found or unable to stat
[Thu Feb 12 03:39:02.832532 2026] [php:error] [pid 31995] [client 158.173.36.124:0] script '/domains/awciii/mini.php' not found or unable to stat
[Thu Feb 12 03:39:02.858801 2026] [php:error] [pid 32001] [client 158.173.36.31:0] script '/domains/mschmid/default.php' not found or unable to stat
[Thu Feb 12 03:39:02.883435 2026] [php:error] [pid 31996] [client 158.173.36.227:0] script '/domains/markrose/file5.php' not found or unable to stat
[Thu Feb 12 03:39:02.885894 2026] [php:error] [pid 31998] [client 158.173.36.240:0] script '/domains/hdickens.enteract/images/class.php' not found or unable to stat
[Thu Feb 12 03:39:02.903394 2026] [php:error] [pid 31986] [client 158.173.36.245:0] script '/domains/egmaweb/mah.php' not found or unable to stat
[Thu Feb 12 03:39:02.903971 2026] [php:error] [pid 31991] [client 158.173.36.31:0] script '/domains/peterbmiller/chosen.php' not found or unable to stat
[Thu Feb 12 03:39:03.027270 2026] [php:error] [pid 31995] [client 158.173.36.124:0] script '/domains/awciii/goods.php' not found or unable to stat
[Thu Feb 12 03:39:03.209785 2026] [php:error] [pid 31993] [client 158.173.36.124:0] script '/domains/nlyfoods/wp-signup.php' not found or unable to stat
[Thu Feb 12 03:39:03.227173 2026] [php:error] [pid 31995] [client 158.173.36.124:0] script '/domains/awciii/file5.php' not found or unable to stat
[Thu Feb 12 03:39:03.341873 2026] [php:error] [pid 31996] [client 158.173.36.227:0] script '/domains/markrose/ahax.php' not found or unable to stat
[Thu Feb 12 03:39:03.342596 2026] [php:error] [pid 31986] [client 158.173.36.245:0] script '/domains/egmaweb/core.php' not found or unable to stat
[Thu Feb 12 03:39:03.345649 2026] [php:error] [pid 31991] [client 158.173.36.31:0] script '/domains/peterbmiller/about.php' not found or unable to stat
[Thu Feb 12 03:39:03.423218 2026] [php:error] [pid 31995] [client 158.173.36.124:0] script '/domains/awciii/ahax.php' not found or unable to stat
[Thu Feb 12 03:39:03.486871 2026] [php:error] [pid 31984] [client 158.173.36.31:0] script '/domains/ebon/init.php' not found or unable to stat
[Thu Feb 12 03:39:03.486968 2026] [php:error] [pid 31980] [client 158.173.36.68:0] script '/domains/mjbradley/images/class.php' not found or unable to stat
[Thu Feb 12 03:39:03.492098 2026] [php:error] [pid 31986] [client 158.173.36.245:0] script '/domains/egmaweb/robots.php' not found or unable to stat
[Thu Feb 12 03:39:03.492193 2026] [php:error] [pid 31996] [client 158.173.36.227:0] script '/domains/markrose/f35.php' not found or unable to stat
[Thu Feb 12 03:39:03.507452 2026] [php:error] [pid 31991] [client 158.173.36.31:0] script '/domains/peterbmiller/admin.php' not found or unable to stat
[Thu Feb 12 03:39:03.508802 2026] [php:error] [pid 31998] [client 158.173.36.240:0] script '/domains/hdickens.enteract/web.php' not found or unable to stat
[Thu Feb 12 03:39:03.556705 2026] [php:error] [pid 31997] [client 158.173.36.164:0] script '/domains/wsmith.enteract/wp-trackback.php' not found or unable to stat
[Thu Feb 12 03:39:03.560009 2026] [php:error] [pid 31995] [client 158.173.36.124:0] script '/domains/awciii/f35.php' not found or unable to stat
[Thu Feb 12 03:39:03.675356 2026] [php:error] [pid 31996] [client 158.173.36.227:0] script '/domains/markrose/simple.php' not found or unable to stat
[Thu Feb 12 03:39:03.675838 2026] [php:error] [pid 31986] [client 158.173.36.245:0] script '/domains/egmaweb/inputs.php' not found or unable to stat
[Thu Feb 12 03:39:03.749813 2026] [php:error] [pid 31995] [client 158.173.36.124:0] script '/domains/awciii/simple.php' not found or unable to stat
[Thu Feb 12 03:39:03.802818 2026] [php:error] [pid 31993] [client 158.173.36.124:0] script '/domains/nlyfoods/wp-blog.php' not found or unable to stat
[Thu Feb 12 03:39:03.826497 2026] [php:error] [pid 31980] [client 158.173.36.68:0] script '/domains/mjbradley/web.php' not found or unable to stat
[Thu Feb 12 03:39:03.841141 2026] [php:error] [pid 32000] [client 158.173.36.63:0] script '/domains/hdickens.enteract/install.php' not found or unable to stat
[Thu Feb 12 03:39:03.841862 2026] [php:error] [pid 31986] [client 158.173.36.245:0] script '/domains/egmaweb/mini.php' not found or unable to stat
[Thu Feb 12 03:39:03.860967 2026] [php:error] [pid 31991] [client 158.173.36.31:0] script '/domains/peterbmiller/mah.php' not found or unable to stat
[Thu Feb 12 03:39:03.861328 2026] [php:error] [pid 31998] [client 158.173.36.240:0] script '/domains/hdickens.enteract/images/index.php' not found or unable to stat
[Thu Feb 12 03:39:03.893052 2026] [php:error] [pid 31997] [client 158.173.36.164:0] script '/domains/wsmith.enteract/radio.php' not found or unable to stat
[Thu Feb 12 03:39:03.964151 2026] [php:error] [pid 32001] [client 158.173.36.31:0] script '/domains/mschmid/dropdown.php' not found or unable to stat
[Thu Feb 12 03:39:03.997500 2026] [php:error] [pid 31986] [client 158.173.36.245:0] script '/domains/egmaweb/goods.php' not found or unable to stat
[Thu Feb 12 03:39:04.147051 2026] [php:error] [pid 32001] [client 158.173.36.31:0] script '/domains/mschmid/images/admin.php' not found or unable to stat
[Thu Feb 12 03:39:04.157725 2026] [php:error] [pid 31979] [client 158.173.36.71:0] script '/domains/markrose/install.php' not found or unable to stat
[Thu Feb 12 03:39:04.157984 2026] [php:error] [pid 31980] [client 158.173.36.68:0] script '/domains/mjbradley/images/index.php' not found or unable to stat
[Thu Feb 12 03:39:04.202292 2026] [php:error] [pid 32000] [client 158.173.36.63:0] script '/domains/hdickens.enteract/images/class-config.php' not found or unable to stat
[Thu Feb 12 03:39:04.203554 2026] [php:error] [pid 31986] [client 158.173.36.245:0] script '/domains/egmaweb/file5.php' not found or unable to stat
[Thu Feb 12 03:39:04.238748 2026] [php:error] [pid 31991] [client 158.173.36.31:0] script '/domains/peterbmiller/core.php' not found or unable to stat
[Thu Feb 12 03:39:04.327407 2026] [php:error] [pid 32001] [client 158.173.36.31:0] script '/domains/mschmid/db.php' not found or unable to stat
[Thu Feb 12 03:39:04.405149 2026] [php:error] [pid 31986] [client 158.173.36.245:0] script '/domains/egmaweb/ahax.php' not found or unable to stat
[Thu Feb 12 03:39:04.450443 2026] [php:error] [pid 31991] [client 158.173.36.31:0] script '/domains/peterbmiller/robots.php' not found or unable to stat
[Thu Feb 12 03:39:04.497307 2026] [php:error] [pid 31993] [client 158.173.36.124:0] script '/domains/nlyfoods/wp-l0gin.php' not found or unable to stat
[Thu Feb 12 03:39:04.558906 2026] [php:error] [pid 31997] [client 158.173.36.164:0] script '/domains/wsmith.enteract/wp-conflg.php' not found or unable to stat
