[Thu Feb 12 05:01:56.474924 2026] [php:error] [pid 49933] [client 158.173.36.31:0] script '/domains/apunderkofler/ini.php' not found or unable to stat
[Thu Feb 12 05:01:56.480588 2026] [php:error] [pid 49918] [client 158.173.36.80:0] script '/domains/deltaele/wp-blog.php' not found or unable to stat
[Thu Feb 12 05:01:56.480988 2026] [php:error] [pid 49937] [client 158.173.36.124:0] script '/domains/cccweb/wp_wlx.php' not found or unable to stat
[Thu Feb 12 05:01:56.481089 2026] [php:error] [pid 49929] [client 158.173.36.134:0] script '/domains/fifibear/classwithtostring.php' not found or unable to stat
[Thu Feb 12 05:01:56.656836 2026] [php:error] [pid 49943] [client 158.173.36.160:0] script '/domains/brenties/system_log.php' not found or unable to stat
[Thu Feb 12 05:01:56.659844 2026] [php:error] [pid 49936] [client 158.173.36.164:0] script '/domains/rfisher.dnai/web.php' not found or unable to stat
[Thu Feb 12 05:01:56.660344 2026] [php:error] [pid 49932] [client 158.173.36.57:0] script '/domains/rfisher.dnai/style.php' not found or unable to stat
[Thu Feb 12 05:01:56.985285 2026] [php:error] [pid 49882] [client 158.173.36.68:0] script '/domains/abtechsci/webdb.php' not found or unable to stat
[Thu Feb 12 05:01:57.113758 2026] [php:error] [pid 49937] [client 158.173.36.124:0] script '/domains/cccweb/wp.php' not found or unable to stat
[Thu Feb 12 05:01:57.149209 2026] [php:error] [pid 49943] [client 158.173.36.160:0] script '/domains/brenties/.alf.php' not found or unable to stat
[Thu Feb 12 05:01:57.151087 2026] [php:error] [pid 49907] [client 158.173.36.171:0] script '/domains/pauljbrock/images/upload.php' not found or unable to stat
[Thu Feb 12 05:01:57.173608 2026] [php:error] [pid 49922] [client 158.173.36.29:0] script '/domains/windsorweb/as.php' not found or unable to stat
[Thu Feb 12 05:01:57.177954 2026] [php:error] [pid 49908] [client 158.173.36.85:0] script '/domains/fayemoran/as.php' not found or unable to stat
[Thu Feb 12 05:01:57.337896 2026] [php:error] [pid 49932] [client 158.173.36.57:0] script '/domains/rfisher.dnai/x.php' not found or unable to stat
[Thu Feb 12 05:01:57.337929 2026] [php:error] [pid 49943] [client 158.173.36.160:0] script '/domains/brenties/wso.php' not found or unable to stat
[Thu Feb 12 05:01:57.343595 2026] [php:error] [pid 49936] [client 158.173.36.164:0] script '/domains/rfisher.dnai/images/index.php' not found or unable to stat
[Thu Feb 12 05:01:57.355215 2026] [php:error] [pid 49922] [client 158.173.36.29:0] script '/domains/windsorweb/cc.php' not found or unable to stat
[Thu Feb 12 05:01:57.357222 2026] [php:error] [pid 49929] [client 158.173.36.134:0] script '/domains/fifibear/tinyfilemanager.php' not found or unable to stat
[Thu Feb 12 05:01:57.368624 2026] [php:error] [pid 49908] [client 158.173.36.85:0] script '/domains/fayemoran/cc.php' not found or unable to stat
[Thu Feb 12 05:01:57.368809 2026] [php:error] [pid 49882] [client 158.173.36.68:0] script '/domains/abtechsci/file2.php' not found or unable to stat
[Thu Feb 12 05:01:57.551421 2026] [php:error] [pid 49918] [client 158.173.36.80:0] script '/domains/deltaele/wp-l0gin.php' not found or unable to stat
[Thu Feb 12 05:01:57.709532 2026] [php:error] [pid 49882] [client 158.173.36.68:0] script '/domains/abtechsci/alfa.php' not found or unable to stat
[Thu Feb 12 05:01:57.709610 2026] [php:error] [pid 49908] [client 158.173.36.85:0] script '/domains/fayemoran/ab.php' not found or unable to stat
[Thu Feb 12 05:01:57.710787 2026] [php:error] [pid 49928] [client 158.173.36.161:0] script '/domains/sjsachs/cgi-bin/install.php' not found or unable to stat
[Thu Feb 12 05:01:57.739026 2026] [php:error] [pid 49922] [client 158.173.36.29:0] script '/domains/windsorweb/ab.php' not found or unable to stat
[Thu Feb 12 05:01:57.739047 2026] [php:error] [pid 49943] [client 158.173.36.160:0] script '/domains/brenties/flower.php' not found or unable to stat
[Thu Feb 12 05:01:57.739059 2026] [php:error] [pid 49937] [client 158.173.36.124:0] script '/domains/cccweb/wp-header.php' not found or unable to stat
[Thu Feb 12 05:01:57.901511 2026] [php:error] [pid 49918] [client 158.173.36.80:0] script '/domains/deltaele/new.php' not found or unable to stat
[Thu Feb 12 05:01:57.903956 2026] [php:error] [pid 49929] [client 158.173.36.134:0] script '/domains/fifibear/file.php' not found or unable to stat
[Thu Feb 12 05:01:57.911447 2026] [php:error] [pid 49932] [client 158.173.36.57:0] script '/domains/rfisher.dnai/images/index22.php' not found or unable to stat
[Thu Feb 12 05:01:58.064341 2026] [php:error] [pid 49936] [client 158.173.36.164:0] script '/domains/rfisher.dnai/wp-trackback.php' not found or unable to stat
[Thu Feb 12 05:01:58.064622 2026] [php:error] [pid 49942] [client 158.173.36.63:0] script '/domains/cccweb/adminfuns.php' not found or unable to stat
[Thu Feb 12 05:01:58.066224 2026] [php:error] [pid 49928] [client 158.173.36.161:0] script '/domains/sjsachs/class.api.php' not found or unable to stat
[Thu Feb 12 05:01:58.066231 2026] [php:error] [pid 49932] [client 158.173.36.57:0] script '/domains/rfisher.dnai/wp-user.php' not found or unable to stat
[Thu Feb 12 05:01:58.066242 2026] [php:error] [pid 49937] [client 158.173.36.124:0] script '/domains/cccweb/Marvins.php' not found or unable to stat
[Thu Feb 12 05:01:58.508067 2026] [php:error] [pid 49922] [client 158.173.36.29:0] script '/domains/windsorweb/doc.php' not found or unable to stat
[Thu Feb 12 05:01:58.509270 2026] [php:error] [pid 49908] [client 158.173.36.85:0] script '/domains/fayemoran/doc.php' not found or unable to stat
[Thu Feb 12 05:01:58.509457 2026] [php:error] [pid 49943] [client 158.173.36.160:0] script '/domains/brenties/ioxi-o.php' not found or unable to stat
[Thu Feb 12 05:01:58.529970 2026] [php:error] [pid 49936] [client 158.173.36.164:0] script '/domains/rfisher.dnai/radio.php' not found or unable to stat
[Thu Feb 12 05:01:58.530454 2026] [php:error] [pid 49929] [client 158.173.36.134:0] script '/domains/fifibear/buy.php' not found or unable to stat
[Thu Feb 12 05:01:58.530642 2026] [php:error] [pid 49942] [client 158.173.36.63:0] script '/domains/cccweb/wp_wlx.php' not found or unable to stat
[Thu Feb 12 05:01:58.531597 2026] [php:error] [pid 49937] [client 158.173.36.124:0] script '/domains/cccweb/wp-class.php' not found or unable to stat
[Thu Feb 12 05:01:58.661480 2026] [php:error] [pid 49943] [client 158.173.36.160:0] script '/domains/brenties/info.php' not found or unable to stat
[Thu Feb 12 05:01:58.688364 2026] [php:error] [pid 49932] [client 158.173.36.57:0] script '/domains/rfisher.dnai/config.php' not found or unable to stat
[Thu Feb 12 05:01:58.688654 2026] [php:error] [pid 49928] [client 158.173.36.161:0] script '/domains/sjsachs/system_log.php' not found or unable to stat
[Thu Feb 12 05:01:58.690073 2026] [php:error] [pid 49938] [client 158.173.36.85:0] script '/domains/brenties/webdb.php' not found or unable to stat
[Thu Feb 12 05:01:58.788985 2026] [php:error] [pid 49899] [client 158.173.36.227:0] script '/domains/machinadynamica/images/class.php' not found or unable to stat
[Thu Feb 12 05:01:58.806782 2026] [php:error] [pid 49943] [client 158.173.36.160:0] script '/domains/brenties/setup.php' not found or unable to stat
[Thu Feb 12 05:01:58.862044 2026] [php:error] [pid 49932] [client 158.173.36.57:0] script '/domains/rfisher.dnai/special.php' not found or unable to stat
[Thu Feb 12 05:01:58.863222 2026] [php:error] [pid 49928] [client 158.173.36.161:0] script '/domains/sjsachs/.alf.php' not found or unable to stat
[Thu Feb 12 05:01:58.863624 2026] [php:error] [pid 49937] [client 158.173.36.124:0] script '/domains/cccweb/xx.php' not found or unable to stat
[Thu Feb 12 05:01:58.950135 2026] [php:error] [pid 49922] [client 158.173.36.29:0] script '/domains/windsorweb/wp-login.php' not found or unable to stat
[Thu Feb 12 05:01:59.010020 2026] [php:error] [pid 49908] [client 158.173.36.85:0] script '/domains/fayemoran/wp-login.php' not found or unable to stat
[Thu Feb 12 05:01:59.011260 2026] [php:error] [pid 49937] [client 158.173.36.124:0] script '/domains/cccweb/autoload_classmap.php' not found or unable to stat
[Thu Feb 12 05:01:59.011770 2026] [php:error] [pid 49918] [client 158.173.36.80:0] script '/domains/deltaele/natural.php' not found or unable to stat
[Thu Feb 12 05:01:59.011799 2026] [php:error] [pid 49938] [client 158.173.36.85:0] script '/domains/brenties/file2.php' not found or unable to stat
[Thu Feb 12 05:01:59.011825 2026] [php:error] [pid 49942] [client 158.173.36.63:0] script '/domains/cccweb/wp.php' not found or unable to stat
[Thu Feb 12 05:01:59.012186 2026] [php:error] [pid 49928] [client 158.173.36.161:0] script '/domains/sjsachs/wso.php' not found or unable to stat
[Thu Feb 12 05:01:59.058835 2026] [php:error] [pid 49923] [client 158.173.36.68:0] script '/domains/apunderkofler/wp-content.php' not found or unable to stat
[Thu Feb 12 05:01:59.061448 2026] [php:error] [pid 49899] [client 158.173.36.227:0] script '/domains/machinadynamica/web.php' not found or unable to stat
[Thu Feb 12 05:01:59.125162 2026] [php:error] [pid 49922] [client 158.173.36.29:0] script '/domains/windsorweb/mar.php' not found or unable to stat
[Thu Feb 12 05:01:59.161087 2026] [php:error] [pid 49936] [client 158.173.36.164:0] script '/domains/rfisher.dnai/wp-conflg.php' not found or unable to stat
[Thu Feb 12 05:01:59.169642 2026] [php:error] [pid 49918] [client 158.173.36.80:0] script '/domains/deltaele/item.php' not found or unable to stat
[Thu Feb 12 05:01:59.170171 2026] [php:error] [pid 49908] [client 158.173.36.85:0] script '/domains/fayemoran/mar.php' not found or unable to stat
[Thu Feb 12 05:01:59.336974 2026] [php:error] [pid 49936] [client 158.173.36.164:0] script '/domains/rfisher.dnai/wp-setup.php' not found or unable to stat
[Thu Feb 12 05:01:59.338067 2026] [php:error] [pid 49938] [client 158.173.36.85:0] script '/domains/brenties/alfa.php' not found or unable to stat
[Thu Feb 12 05:01:59.338076 2026] [php:error] [pid 49928] [client 158.173.36.161:0] script '/domains/sjsachs/flower.php' not found or unable to stat
[Thu Feb 12 05:01:59.679561 2026] [php:error] [pid 49942] [client 158.173.36.63:0] script '/domains/cccweb/wp-header.php' not found or unable to stat
[Thu Feb 12 05:01:59.707271 2026] [php:error] [pid 49899] [client 158.173.36.227:0] script '/domains/machinadynamica/images/index.php' not found or unable to stat
[Thu Feb 12 05:01:59.718651 2026] [php:error] [pid 49936] [client 158.173.36.164:0] script '/domains/rfisher.dnai/ms-themes.php' not found or unable to stat
[Thu Feb 12 05:01:59.724197 2026] [php:error] [pid 49937] [client 158.173.36.124:0] script '/domains/cccweb/content.php' not found or unable to stat
[Thu Feb 12 05:01:59.724284 2026] [php:error] [pid 49882] [client 158.173.36.68:0] script '/domains/abtechsci/edit.php' not found or unable to stat
[Thu Feb 12 05:01:59.886558 2026] [php:error] [pid 49922] [client 158.173.36.29:0] script '/domains/windsorweb/1.php' not found or unable to stat
[Thu Feb 12 05:01:59.887006 2026] [php:error] [pid 49907] [client 158.173.36.171:0] script '/domains/pauljbrock/classwithtostring.php' not found or unable to stat
[Thu Feb 12 05:01:59.887104 2026] [php:error] [pid 49943] [client 158.173.36.160:0] script '/domains/brenties/as.php' not found or unable to stat
[Thu Feb 12 05:01:59.889419 2026] [php:error] [pid 49908] [client 158.173.36.85:0] script '/domains/fayemoran/1.php' not found or unable to stat
[Thu Feb 12 05:02:00.026525 2026] [php:error] [pid 49942] [client 158.173.36.63:0] script '/domains/cccweb/Marvins.php' not found or unable to stat
[Thu Feb 12 05:02:00.054993 2026] [php:error] [pid 49943] [client 158.173.36.160:0] script '/domains/brenties/cc.php' not found or unable to stat
[Thu Feb 12 05:02:00.057941 2026] [php:error] [pid 49882] [client 158.173.36.68:0] script '/domains/abtechsci/cgi-bin/autoload_classmap.php' not found or unable to stat
[Thu Feb 12 05:02:00.059243 2026] [php:error] [pid 49936] [client 158.173.36.164:0] script '/domains/rfisher.dnai/style.php' not found or unable to stat
[Thu Feb 12 05:02:00.308210 2026] [php:error] [pid 49923] [client 158.173.36.68:0] script '/domains/apunderkofler/customize.php' not found or unable to stat
[Thu Feb 12 05:02:00.308228 2026] [php:error] [pid 49882] [client 158.173.36.68:0] script '/domains/abtechsci/wp-links-opml.php' not found or unable to stat
[Thu Feb 12 05:02:00.308238 2026] [php:error] [pid 49928] [client 158.173.36.161:0] script '/domains/sjsachs/ioxi-o.php' not found or unable to stat
[Thu Feb 12 05:02:00.573636 2026] [php:error] [pid 49942] [client 158.173.36.63:0] script '/domains/cccweb/wp-class.php' not found or unable to stat
[Thu Feb 12 05:02:00.573858 2026] [php:error] [pid 49943] [client 158.173.36.160:0] script '/domains/brenties/ab.php' not found or unable to stat
[Thu Feb 12 05:02:00.574019 2026] [php:error] [pid 49907] [client 158.173.36.171:0] script '/domains/pauljbrock/tinyfilemanager.php' not found or unable to stat
[Thu Feb 12 05:02:00.574334 2026] [php:error] [pid 49923] [client 158.173.36.68:0] script '/domains/apunderkofler/license.php' not found or unable to stat
[Thu Feb 12 05:02:00.574827 2026] [php:error] [pid 49899] [client 158.173.36.227:0] script '/domains/machinadynamica/wp-trackback.php' not found or unable to stat
[Thu Feb 12 05:02:00.574826 2026] [php:error] [pid 49928] [client 158.173.36.161:0] script '/domains/sjsachs/info.php' not found or unable to stat
[Thu Feb 12 05:02:00.906673 2026] [php:error] [pid 49882] [client 158.173.36.68:0] script '/domains/abtechsci/atomlib.php' not found or unable to stat
[Thu Feb 12 05:02:00.906705 2026] [php:error] [pid 49928] [client 158.173.36.161:0] script '/domains/sjsachs/setup.php' not found or unable to stat
[Thu Feb 12 05:02:00.906848 2026] [php:error] [pid 49936] [client 158.173.36.164:0] script '/domains/rfisher.dnai/x.php' not found or unable to stat
[Thu Feb 12 05:02:01.099398 2026] [php:error] [pid 49942] [client 158.173.36.63:0] script '/domains/cccweb/xx.php' not found or unable to stat
[Thu Feb 12 05:02:01.100442 2026] [php:error] [pid 49923] [client 158.173.36.68:0] script '/domains/apunderkofler/lock.php' not found or unable to stat
[Thu Feb 12 05:02:01.200749 2026] [php:error] [pid 49899] [client 158.173.36.227:0] script '/domains/machinadynamica/radio.php' not found or unable to stat
[Thu Feb 12 05:02:01.283715 2026] [php:error] [pid 49942] [client 158.173.36.63:0] script '/domains/cccweb/autoload_classmap.php' not found or unable to stat
[Thu Feb 12 05:02:01.288772 2026] [php:error] [pid 49938] [client 158.173.36.85:0] script '/domains/brenties/edit.php' not found or unable to stat
[Thu Feb 12 05:02:01.337895 2026] [php:error] [pid 49943] [client 158.173.36.160:0] script '/domains/brenties/doc.php' not found or unable to stat
[Thu Feb 12 05:02:01.344858 2026] [php:error] [pid 49907] [client 158.173.36.171:0] script '/domains/pauljbrock/file.php' not found or unable to stat
[Thu Feb 12 05:02:01.465166 2026] [php:error] [pid 49936] [client 158.173.36.164:0] script '/domains/rfisher.dnai/images/index22.php' not found or unable to stat
[Thu Feb 12 05:02:01.468994 2026] [php:error] [pid 49929] [client 158.173.36.134:0] script '/domains/fifibear/inc.php' not found or unable to stat
[Thu Feb 12 05:02:01.530996 2026] [php:error] [pid 49927] [client 158.173.36.134:0] script '/domains/rfisher.dnai/webdb.php' not found or unable to stat
[Thu Feb 12 05:02:01.683083 2026] [php:error] [pid 49936] [client 158.173.36.164:0] script '/domains/rfisher.dnai/wp-user.php' not found or unable to stat
[Thu Feb 12 05:02:01.686412 2026] [php:error] [pid 49908] [client 158.173.36.85:0] script '/domains/fayemoran/fm.php' not found or unable to stat
[Thu Feb 12 05:02:01.728771 2026] [php:error] [pid 49922] [client 158.173.36.29:0] script '/domains/windsorweb/fm.php' not found or unable to stat
[Thu Feb 12 05:02:01.894836 2026] [php:error] [pid 49928] [client 158.173.36.161:0] script '/domains/sjsachs/as.php' not found or unable to stat
[Thu Feb 12 05:02:01.898689 2026] [php:error] [pid 49933] [client 158.173.36.12:0] script '/domains/deltaele/default.php' not found or unable to stat
[Thu Feb 12 05:02:01.909994 2026] [php:error] [pid 49882] [client 158.173.36.68:0] script '/domains/abtechsci/xp.php' not found or unable to stat
[Thu Feb 12 05:02:01.909994 2026] [php:error] [pid 49938] [client 158.173.36.85:0] script '/domains/brenties/wp-links-opml.php' not found or unable to stat
[Thu Feb 12 05:02:01.910029 2026] [php:error] [pid 49929] [client 158.173.36.134:0] script '/domains/fifibear/filemanager.php' not found or unable to stat
[Thu Feb 12 05:02:01.911085 2026] [php:error] [pid 49942] [client 158.173.36.63:0] script '/domains/cccweb/content.php' not found or unable to stat
[Thu Feb 12 05:02:01.978028 2026] [php:error] [pid 49943] [client 158.173.36.160:0] script '/domains/brenties/wp-login.php' not found or unable to stat
[Thu Feb 12 05:02:02.125015 2026] [php:error] [pid 49928] [client 158.173.36.161:0] script '/domains/sjsachs/cc.php' not found or unable to stat
[Thu Feb 12 05:02:02.165886 2026] [php:error] [pid 49943] [client 158.173.36.160:0] script '/domains/brenties/mar.php' not found or unable to stat
[Thu Feb 12 05:02:02.166714 2026] [php:error] [pid 49899] [client 158.173.36.227:0] script '/domains/machinadynamica/wp-conflg.php' not found or unable to stat
[Thu Feb 12 05:02:02.205980 2026] [php:error] [pid 49927] [client 158.173.36.134:0] script '/domains/rfisher.dnai/file2.php' not found or unable to stat
[Thu Feb 12 05:02:02.223595 2026] [php:error] [pid 49907] [client 158.173.36.171:0] script '/domains/pauljbrock/buy.php' not found or unable to stat
[Thu Feb 12 05:02:02.268088 2026] [php:error] [pid 49936] [client 158.173.36.164:0] script '/domains/rfisher.dnai/config.php' not found or unable to stat
[Thu Feb 12 05:02:02.269406 2026] [php:error] [pid 49937] [client 158.173.36.124:0] script '/domains/cccweb/images/class.php' not found or unable to stat
[Thu Feb 12 05:02:02.269627 2026] [php:error] [pid 49938] [client 158.173.36.85:0] script '/domains/brenties/atomlib.php' not found or unable to stat
[Thu Feb 12 05:02:02.297098 2026] [php:error] [pid 49899] [client 158.173.36.227:0] script '/domains/machinadynamica/wp-setup.php' not found or unable to stat
[Thu Feb 12 05:02:02.450499 2026] [php:error] [pid 49923] [client 158.173.36.68:0] script '/domains/apunderkofler/wp-good.php' not found or unable to stat
[Thu Feb 12 05:02:02.452717 2026] [php:error] [pid 49928] [client 158.173.36.161:0] script '/domains/sjsachs/ab.php' not found or unable to stat
[Thu Feb 12 05:02:02.452846 2026] [php:error] [pid 49936] [client 158.173.36.164:0] script '/domains/rfisher.dnai/special.php' not found or unable to stat
[Thu Feb 12 05:02:02.452855 2026] [php:error] [pid 49908] [client 158.173.36.85:0] script '/domains/fayemoran/ini.php' not found or unable to stat
[Thu Feb 12 05:02:02.452958 2026] [php:error] [pid 49882] [client 158.173.36.68:0] script '/domains/abtechsci/wp-links.php' not found or unable to stat
[Thu Feb 12 05:02:02.460188 2026] [php:error] [pid 49899] [client 158.173.36.227:0] script '/domains/machinadynamica/ms-themes.php' not found or unable to stat
[Thu Feb 12 05:02:02.578807 2026] [php:error] [pid 49922] [client 158.173.36.29:0] script '/domains/windsorweb/ini.php' not found or unable to stat
[Thu Feb 12 05:02:02.581270 2026] [php:error] [pid 49927] [client 158.173.36.134:0] script '/domains/rfisher.dnai/alfa.php' not found or unable to stat
[Thu Feb 12 05:02:02.601571 2026] [php:error] [pid 49943] [client 158.173.36.160:0] script '/domains/brenties/1.php' not found or unable to stat
[Thu Feb 12 05:02:02.605234 2026] [php:error] [pid 49937] [client 158.173.36.124:0] script '/domains/cccweb/web.php' not found or unable to stat
[Thu Feb 12 05:02:02.797113 2026] [php:error] [pid 49899] [client 158.173.36.227:0] script '/domains/machinadynamica/style.php' not found or unable to stat
[Thu Feb 12 05:02:02.984153 2026] [php:error] [pid 49937] [client 158.173.36.124:0] script '/domains/cccweb/images/index.php' not found or unable to stat
[Thu Feb 12 05:02:03.179599 2026] [php:error] [pid 49929] [client 158.173.36.134:0] script '/domains/fifibear/function.php' not found or unable to stat
[Thu Feb 12 05:02:03.184212 2026] [php:error] [pid 49928] [client 158.173.36.161:0] script '/domains/sjsachs/doc.php' not found or unable to stat
[Thu Feb 12 05:02:03.198867 2026] [php:error] [pid 49936] [client 145.239.10.137:0] script '/domains/antiqueweb1/s.php' not found or unable to stat, referer: http://marketantique.com/s.php
[Thu Feb 12 05:02:03.379813 2026] [php:error] [pid 49933] [client 158.173.36.12:0] script '/domains/deltaele/dropdown.php' not found or unable to stat
[Thu Feb 12 05:02:03.383302 2026] [php:error] [pid 49938] [client 158.173.36.85:0] script '/domains/brenties/xp.php' not found or unable to stat
[Thu Feb 12 05:02:03.559981 2026] [php:error] [pid 49899] [client 158.173.36.227:0] script '/domains/machinadynamica/x.php' not found or unable to stat
[Thu Feb 12 05:02:03.565058 2026] [php:error] [pid 49929] [client 158.173.36.134:0] script '/domains/fifibear/wp-signup.php' not found or unable to stat
[Thu Feb 12 05:02:03.679292 2026] [php:error] [pid 49937] [client 158.173.36.124:0] script '/domains/cccweb/wp-trackback.php' not found or unable to stat
[Thu Feb 12 05:02:03.695348 2026] [php:error] [pid 49933] [client 158.173.36.12:0] script '/domains/deltaele/db.php' not found or unable to stat
[Thu Feb 12 05:02:03.710423 2026] [php:error] [pid 49928] [client 158.173.36.161:0] script '/domains/sjsachs/wp-login.php' not found or unable to stat
[Thu Feb 12 05:02:03.969440 2026] [php:error] [pid 49923] [client 158.173.36.68:0] script '/domains/apunderkofler/ff2.php' not found or unable to stat
[Thu Feb 12 05:02:04.078478 2026] [php:error] [pid 49928] [client 158.173.36.161:0] script '/domains/sjsachs/mar.php' not found or unable to stat
[Thu Feb 12 05:02:04.164629 2026] [php:error] [pid 49899] [client 158.173.36.227:0] script '/domains/machinadynamica/images/index22.php' not found or unable to stat
[Thu Feb 12 05:02:04.192805 2026] [php:error] [pid 49938] [client 158.173.36.85:0] script '/domains/brenties/wp-links.php' not found or unable to stat
[Thu Feb 12 05:02:04.334693 2026] [php:error] [pid 49943] [client 158.173.36.160:0] script '/domains/brenties/fm.php' not found or unable to stat
[Thu Feb 12 05:02:04.334728 2026] [php:error] [pid 49899] [client 158.173.36.227:0] script '/domains/machinadynamica/wp-user.php' not found or unable to stat
[Thu Feb 12 05:02:04.388110 2026] [php:error] [pid 49927] [client 158.173.36.134:0] script '/domains/rfisher.dnai/edit.php' not found or unable to stat
[Thu Feb 12 05:02:04.522997 2026] [php:error] [pid 49922] [client 158.173.36.164:0] script '/domains/windsorweb/wp-content.php' not found or unable to stat
[Thu Feb 12 05:02:04.539959 2026] [php:error] [pid 49908] [client 158.173.36.245:0] script '/domains/fayemoran/wp-content.php' not found or unable to stat
[Thu Feb 12 05:02:04.637505 2026] [php:error] [pid 49947] [client 158.173.36.71:0] script '/domains/rnachum/manager.php' not found or unable to stat
[Thu Feb 12 05:02:04.653662 2026] [php:error] [pid 49929] [client 158.173.36.134:0] script '/domains/fifibear/wp-blog.php' not found or unable to stat
[Thu Feb 12 05:02:04.653844 2026] [php:error] [pid 49942] [client 158.173.36.63:0] script '/domains/cccweb/images/class.php' not found or unable to stat
[Thu Feb 12 05:02:04.662909 2026] [php:error] [pid 49937] [client 158.173.36.124:0] script '/domains/cccweb/radio.php' not found or unable to stat
[Thu Feb 12 05:02:04.852946 2026] [php:error] [pid 49947] [client 158.173.36.71:0] script '/domains/rnachum/bless.php' not found or unable to stat
[Thu Feb 12 05:02:04.864306 2026] [php:error] [pid 49928] [client 158.173.36.161:0] script '/domains/sjsachs/1.php' not found or unable to stat
[Thu Feb 12 05:02:04.941687 2026] [php:error] [pid 49927] [client 158.173.36.134:0] script '/domains/rfisher.dnai/wp-links-opml.php' not found or unable to stat
[Thu Feb 12 05:02:05.017229 2026] [php:error] [pid 49943] [client 158.173.36.160:0] script '/domains/brenties/ini.php' not found or unable to stat
[Thu Feb 12 05:02:05.018080 2026] [php:error] [pid 49947] [client 158.173.36.71:0] script '/domains/rnachum/O-Simple.php' not found or unable to stat
[Thu Feb 12 05:02:05.033422 2026] [php:error] [pid 49942] [client 158.173.36.63:0] script '/domains/cccweb/web.php' not found or unable to stat
[Thu Feb 12 05:02:05.034137 2026] [php:error] [pid 49923] [client 158.173.36.68:0] script '/domains/apunderkofler/jp.php' not found or unable to stat
[Thu Feb 12 05:02:05.153693 2026] [php:error] [pid 49947] [client 158.173.36.71:0] script '/domains/rnachum/lock360.php' not found or unable to stat
[Thu Feb 12 05:02:05.205396 2026] [php:error] [pid 49899] [client 158.173.36.227:0] script '/domains/machinadynamica/config.php' not found or unable to stat
[Thu Feb 12 05:02:05.205608 2026] [php:error] [pid 49882] [client 158.173.36.68:0] script '/domains/abtechsci/moon.php' not found or unable to stat
[Thu Feb 12 05:02:05.238611 2026] [php:error] [pid 49923] [client 158.173.36.68:0] script '/domains/apunderkofler/wp-atom.php' not found or unable to stat
[Thu Feb 12 05:02:05.280359 2026] [php:error] [pid 49927] [client 158.173.36.134:0] script '/domains/rfisher.dnai/atomlib.php' not found or unable to stat
[Thu Feb 12 05:02:05.281533 2026] [php:error] [pid 49907] [client 158.173.36.171:0] script '/domains/pauljbrock/inc.php' not found or unable to stat
[Thu Feb 12 05:02:05.281546 2026] [php:error] [pid 49947] [client 158.173.36.71:0] script '/domains/rnachum/zwso.php' not found or unable to stat
[Thu Feb 12 05:02:05.368666 2026] [php:error] [pid 49899] [client 158.173.36.227:0] script '/domains/machinadynamica/special.php' not found or unable to stat
[Thu Feb 12 05:02:05.372974 2026] [php:error] [pid 49942] [client 158.173.36.63:0] script '/domains/cccweb/images/index.php' not found or unable to stat
[Thu Feb 12 05:02:05.374453 2026] [php:error] [pid 49929] [client 158.173.36.134:0] script '/domains/fifibear/wp-l0gin.php' not found or unable to stat
[Thu Feb 12 05:02:05.428390 2026] [php:error] [pid 49922] [client 158.173.36.164:0] script '/domains/windsorweb/customize.php' not found or unable to stat
[Thu Feb 12 05:02:05.428457 2026] [php:error] [pid 49947] [client 158.173.36.71:0] script '/domains/rnachum/chosen.php' not found or unable to stat
[Thu Feb 12 05:02:05.437660 2026] [php:error] [pid 49908] [client 158.173.36.245:0] script '/domains/fayemoran/customize.php' not found or unable to stat
[Thu Feb 12 05:02:05.617667 2026] [php:error] [pid 49947] [client 158.173.36.71:0] script '/domains/rnachum/about.php' not found or unable to stat
[Thu Feb 12 05:02:05.618039 2026] [php:error] [pid 49907] [client 158.173.36.171:0] script '/domains/pauljbrock/filemanager.php' not found or unable to stat
[Thu Feb 12 05:02:05.618588 2026] [php:error] [pid 49922] [client 158.173.36.164:0] script '/domains/windsorweb/license.php' not found or unable to stat
[Thu Feb 12 05:02:05.623089 2026] [php:error] [pid 49923] [client 158.173.36.68:0] script '/domains/apunderkofler/up.php' not found or unable to stat
[Thu Feb 12 05:02:05.675375 2026] [php:error] [pid 49948] [client 158.173.36.240:0] script '/domains/homesbyaudrey1/manager.php' not found or unable to stat
[Thu Feb 12 05:02:05.675845 2026] [php:error] [pid 49949] [client 158.173.36.227:0] script '/domains/homesbyaudrey1/manager.php' not found or unable to stat
[Thu Feb 12 05:02:05.701118 2026] [php:error] [pid 49936] [client 158.173.36.54:0] script '/domains/rfisher.dnai/webdb.php' not found or unable to stat
[Thu Feb 12 05:02:05.770075 2026] [php:error] [pid 49929] [client 158.173.36.134:0] script '/domains/fifibear/new.php' not found or unable to stat
[Thu Feb 12 05:02:05.771209 2026] [php:error] [pid 49882] [client 158.173.36.68:0] script '/domains/abtechsci/webadmin.php' not found or unable to stat
[Thu Feb 12 05:02:05.780393 2026] [php:error] [pid 49933] [client 158.173.36.12:0] script '/domains/deltaele/install.php' not found or unable to stat
[Thu Feb 12 05:02:05.788582 2026] [php:error] [pid 49947] [client 158.173.36.71:0] script '/domains/rnachum/admin.php' not found or unable to stat
[Thu Feb 12 05:02:05.855329 2026] [php:error] [pid 49949] [client 158.173.36.227:0] script '/domains/homesbyaudrey1/bless.php' not found or unable to stat
[Thu Feb 12 05:02:05.857073 2026] [php:error] [pid 49948] [client 158.173.36.240:0] script '/domains/homesbyaudrey1/bless.php' not found or unable to stat
[Thu Feb 12 05:02:05.857321 2026] [php:error] [pid 49937] [client 158.173.36.124:0] script '/domains/cccweb/wp-conflg.php' not found or unable to stat
[Thu Feb 12 05:02:06.083545 2026] [php:error] [pid 49922] [client 158.173.36.164:0] script '/domains/windsorweb/lock.php' not found or unable to stat
[Thu Feb 12 05:02:06.085285 2026] [php:error] [pid 49948] [client 158.173.36.240:0] script '/domains/homesbyaudrey1/O-Simple.php' not found or unable to stat
[Thu Feb 12 05:02:06.085944 2026] [php:error] [pid 49937] [client 158.173.36.124:0] script '/domains/cccweb/wp-setup.php' not found or unable to stat
[Thu Feb 12 05:02:06.085974 2026] [php:error] [pid 49949] [client 158.173.36.227:0] script '/domains/homesbyaudrey1/O-Simple.php' not found or unable to stat
[Thu Feb 12 05:02:06.088508 2026] [php:error] [pid 49908] [client 158.173.36.245:0] script '/domains/fayemoran/license.php' not found or unable to stat
[Thu Feb 12 05:02:06.234013 2026] [php:error] [pid 49936] [client 158.173.36.54:0] script '/domains/rfisher.dnai/file2.php' not found or unable to stat
[Thu Feb 12 05:02:06.250814 2026] [php:error] [pid 49947] [client 158.173.36.71:0] script '/domains/rnachum/mah.php' not found or unable to stat
[Thu Feb 12 05:02:06.254433 2026] [php:error] [pid 49948] [client 158.173.36.240:0] script '/domains/homesbyaudrey1/lock360.php' not found or unable to stat
[Thu Feb 12 05:02:06.254777 2026] [php:error] [pid 49949] [client 158.173.36.227:0] script '/domains/homesbyaudrey1/lock360.php' not found or unable to stat
[Thu Feb 12 05:02:06.255254 2026] [php:error] [pid 49937] [client 158.173.36.124:0] script '/domains/cccweb/ms-themes.php' not found or unable to stat
[Thu Feb 12 05:02:06.257513 2026] [php:error] [pid 49927] [client 158.173.36.134:0] script '/domains/rfisher.dnai/xp.php' not found or unable to stat
[Thu Feb 12 05:02:06.258523 2026] [php:error] [pid 49942] [client 158.173.36.63:0] script '/domains/cccweb/wp-trackback.php' not found or unable to stat
[Thu Feb 12 05:02:06.461802 2026] [php:error] [pid 49949] [client 158.173.36.227:0] script '/domains/homesbyaudrey1/zwso.php' not found or unable to stat
[Thu Feb 12 05:02:06.461928 2026] [php:error] [pid 49882] [client 158.173.36.68:0] script '/domains/abtechsci/xl2023.php' not found or unable to stat
[Thu Feb 12 05:02:06.461944 2026] [php:error] [pid 49908] [client 158.173.36.245:0] script '/domains/fayemoran/lock.php' not found or unable to stat
[Thu Feb 12 05:02:06.461968 2026] [php:error] [pid 49928] [client 158.173.36.161:0] script '/domains/sjsachs/fm.php' not found or unable to stat
[Thu Feb 12 05:02:06.464406 2026] [php:error] [pid 49948] [client 158.173.36.240:0] script '/domains/homesbyaudrey1/zwso.php' not found or unable to stat
[Thu Feb 12 05:02:06.669481 2026] [php:error] [pid 49936] [client 158.173.36.54:0] script '/domains/rfisher.dnai/alfa.php' not found or unable to stat
[Thu Feb 12 05:02:06.672775 2026] [php:error] [pid 49942] [client 158.173.36.63:0] script '/domains/cccweb/radio.php' not found or unable to stat
[Thu Feb 12 05:02:06.672939 2026] [php:error] [pid 49947] [client 158.173.36.71:0] script '/domains/rnachum/core.php' not found or unable to stat
[Thu Feb 12 05:02:06.673060 2026] [php:error] [pid 49938] [client 158.173.36.85:0] script '/domains/brenties/moon.php' not found or unable to stat
[Thu Feb 12 05:02:06.673871 2026] [php:error] [pid 49937] [client 158.173.36.124:0] script '/domains/cccweb/style.php' not found or unable to stat
[Thu Feb 12 05:02:06.673887 2026] [php:error] [pid 49948] [client 158.173.36.240:0] script '/domains/homesbyaudrey1/chosen.php' not found or unable to stat
[Thu Feb 12 05:02:06.674792 2026] [php:error] [pid 49949] [client 158.173.36.227:0] script '/domains/homesbyaudrey1/chosen.php' not found or unable to stat
[Thu Feb 12 05:02:06.674970 2026] [php:error] [pid 49882] [client 158.173.36.68:0] script '/domains/abtechsci/go.php' not found or unable to stat
[Thu Feb 12 05:02:06.866549 2026] [php:error] [pid 49933] [client 158.173.36.12:0] script '/domains/deltaele/bypass.php' not found or unable to stat
[Thu Feb 12 05:02:06.871713 2026] [php:error] [pid 49907] [client 158.173.36.171:0] script '/domains/pauljbrock/function.php' not found or unable to stat
[Thu Feb 12 05:02:06.871741 2026] [php:error] [pid 49947] [client 158.173.36.71:0] script '/domains/rnachum/robots.php' not found or unable to stat
[Thu Feb 12 05:02:06.883301 2026] [php:error] [pid 49948] [client 158.173.36.240:0] script '/domains/homesbyaudrey1/about.php' not found or unable to stat
[Thu Feb 12 05:02:06.883383 2026] [php:error] [pid 49949] [client 158.173.36.227:0] script '/domains/homesbyaudrey1/about.php' not found or unable to stat
[Thu Feb 12 05:02:06.885599 2026] [php:error] [pid 49927] [client 158.173.36.134:0] script '/domains/rfisher.dnai/wp-links.php' not found or unable to stat
[Thu Feb 12 05:02:06.885997 2026] [php:error] [pid 49923] [client 158.173.36.68:0] script '/domains/apunderkofler/worm.PhP' not found or unable to stat
[Thu Feb 12 05:02:07.046373 2026] [php:error] [pid 49933] [client 158.173.36.12:0] script '/domains/deltaele/class.php' not found or unable to stat
[Thu Feb 12 05:02:07.058273 2026] [php:error] [pid 49947] [client 158.173.36.71:0] script '/domains/rnachum/inputs.php' not found or unable to stat
[Thu Feb 12 05:02:07.079205 2026] [php:error] [pid 49929] [client 158.173.36.134:0] script '/domains/fifibear/natural.php' not found or unable to stat
[Thu Feb 12 05:02:07.079736 2026] [php:error] [pid 49948] [client 158.173.36.240:0] script '/domains/homesbyaudrey1/admin.php' not found or unable to stat
[Thu Feb 12 05:02:07.079856 2026] [php:error] [pid 49949] [client 158.173.36.227:0] script '/domains/homesbyaudrey1/admin.php' not found or unable to stat
[Thu Feb 12 05:02:07.080744 2026] [php:error] [pid 49923] [client 158.173.36.68:0] script '/domains/apunderkofler/ext.php' not found or unable to stat
[Thu Feb 12 05:02:07.103424 2026] [php:error] [pid 49943] [client 158.173.36.68:0] script '/domains/brenties/wp-content.php' not found or unable to stat
[Thu Feb 12 05:02:07.104147 2026] [php:error] [pid 49952] [client 158.173.36.217:0] script '/domains/mschmid/manager.php' not found or unable to stat
[Thu Feb 12 05:02:07.230152 2026] [php:error] [pid 49947] [client 158.173.36.71:0] script '/domains/rnachum/mini.php' not found or unable to stat
[Thu Feb 12 05:02:07.230286 2026] [php:error] [pid 49907] [client 158.173.36.171:0] script '/domains/pauljbrock/wp-signup.php' not found or unable to stat
[Thu Feb 12 05:02:07.241095 2026] [php:error] [pid 49928] [client 158.173.36.161:0] script '/domains/sjsachs/ini.php' not found or unable to stat
[Thu Feb 12 05:02:07.279793 2026] [php:error] [pid 49929] [client 158.173.36.134:0] script '/domains/fifibear/item.php' not found or unable to stat
[Thu Feb 12 05:02:07.284239 2026] [php:error] [pid 49937] [client 158.173.36.124:0] script '/domains/cccweb/x.php' not found or unable to stat
[Thu Feb 12 05:02:07.289566 2026] [php:error] [pid 49952] [client 158.173.36.217:0] script '/domains/mschmid/bless.php' not found or unable to stat
[Thu Feb 12 05:02:07.310211 2026] [php:error] [pid 49938] [client 158.173.36.85:0] script '/domains/brenties/webadmin.php' not found or unable to stat
[Thu Feb 12 05:02:07.310845 2026] [php:error] [pid 49923] [client 158.173.36.68:0] script '/domains/apunderkofler/delpaths.php' not found or unable to stat
[Thu Feb 12 05:02:07.390496 2026] [php:error] [pid 49947] [client 158.173.36.71:0] script '/domains/rnachum/goods.php' not found or unable to stat
[Thu Feb 12 05:02:07.391006 2026] [php:error] [pid 49922] [client 158.173.36.164:0] script '/domains/windsorweb/wp-good.php' not found or unable to stat
[Thu Feb 12 05:02:07.472841 2026] [php:error] [pid 49952] [client 158.173.36.217:0] script '/domains/mschmid/O-Simple.php' not found or unable to stat
[Thu Feb 12 05:02:07.477216 2026] [php:error] [pid 49942] [client 158.173.36.63:0] script '/domains/cccweb/wp-conflg.php' not found or unable to stat
[Thu Feb 12 05:02:07.490332 2026] [php:error] [pid 49948] [client 158.173.36.240:0] script '/domains/homesbyaudrey1/mah.php' not found or unable to stat
[Thu Feb 12 05:02:07.490558 2026] [php:error] [pid 49949] [client 158.173.36.227:0] script '/domains/homesbyaudrey1/mah.php' not found or unable to stat
[Thu Feb 12 05:02:07.585041 2026] [php:error] [pid 49947] [client 158.173.36.71:0] script '/domains/rnachum/file5.php' not found or unable to stat
[Thu Feb 12 05:02:07.614991 2026] [php:error] [pid 49952] [client 158.173.36.217:0] script '/domains/mschmid/lock360.php' not found or unable to stat
[Thu Feb 12 05:02:07.624663 2026] [php:error] [pid 49942] [client 158.173.36.63:0] script '/domains/cccweb/wp-setup.php' not found or unable to stat
[Thu Feb 12 05:02:07.742418 2026] [php:error] [pid 49907] [client 158.173.36.171:0] script '/domains/pauljbrock/wp-blog.php' not found or unable to stat
[Thu Feb 12 05:02:07.744962 2026] [php:error] [pid 49947] [client 158.173.36.71:0] script '/domains/rnachum/ahax.php' not found or unable to stat
[Thu Feb 12 05:02:07.745008 2026] [php:error] [pid 49908] [client 158.173.36.245:0] script '/domains/fayemoran/wp-good.php' not found or unable to stat
[Thu Feb 12 05:02:07.752047 2026] [php:error] [pid 49899] [client 158.173.36.57:0] script '/domains/machinadynamica/webdb.php' not found or unable to stat
[Thu Feb 12 05:02:07.754669 2026] [php:error] [pid 49882] [client 158.173.36.68:0] script '/domains/abtechsci/cgi-bin/index.php' not found or unable to stat
[Thu Feb 12 05:02:07.771935 2026] [php:error] [pid 49953] [client 158.173.36.71:0] script '/domains/system_suspended/manager.php' not found or unable to stat
[Thu Feb 12 05:02:07.800097 2026] [php:error] [pid 49937] [client 158.173.36.124:0] script '/domains/cccweb/images/index22.php' not found or unable to stat
[Thu Feb 12 05:02:07.800903 2026] [php:error] [pid 49952] [client 158.173.36.217:0] script '/domains/mschmid/zwso.php' not found or unable to stat
[Thu Feb 12 05:02:07.802980 2026] [php:error] [pid 49942] [client 158.173.36.63:0] script '/domains/cccweb/ms-themes.php' not found or unable to stat
[Thu Feb 12 05:02:07.850315 2026] [php:error] [pid 49948] [client 158.173.36.240:0] script '/domains/homesbyaudrey1/core.php' not found or unable to stat
[Thu Feb 12 05:02:07.851119 2026] [php:error] [pid 49949] [client 158.173.36.227:0] script '/domains/homesbyaudrey1/core.php' not found or unable to stat
[Thu Feb 12 05:02:07.862191 2026] [php:error] [pid 49938] [client 158.173.36.85:0] script '/domains/brenties/xl2023.php' not found or unable to stat
[Thu Feb 12 05:02:07.903129 2026] [php:error] [pid 49947] [client 158.173.36.71:0] script '/domains/rnachum/f35.php' not found or unable to stat
[Thu Feb 12 05:02:07.924002 2026] [php:error] [pid 49953] [client 158.173.36.71:0] script '/domains/system_suspended/bless.php' not found or unable to stat
[Thu Feb 12 05:02:07.958431 2026] [php:error] [pid 49943] [client 158.173.36.68:0] script '/domains/brenties/customize.php' not found or unable to stat
[Thu Feb 12 05:02:07.972291 2026] [php:error] [pid 49937] [client 158.173.36.124:0] script '/domains/cccweb/wp-user.php' not found or unable to stat
[Thu Feb 12 05:02:07.972356 2026] [php:error] [pid 49952] [client 158.173.36.217:0] script '/domains/mschmid/chosen.php' not found or unable to stat
[Thu Feb 12 05:02:08.055160 2026] [php:error] [pid 49954] [client 158.173.36.161:0] script '/domains/deltaele/manager.php' not found or unable to stat
[Thu Feb 12 05:02:08.115961 2026] [php:error] [pid 49949] [client 158.173.36.227:0] script '/domains/homesbyaudrey1/robots.php' not found or unable to stat
[Thu Feb 12 05:02:08.116961 2026] [php:error] [pid 49948] [client 158.173.36.240:0] script '/domains/homesbyaudrey1/robots.php' not found or unable to stat
[Thu Feb 12 05:02:08.157544 2026] [php:error] [pid 49938] [client 158.173.36.85:0] script '/domains/brenties/go.php' not found or unable to stat
[Thu Feb 12 05:02:08.284096 2026] [php:error] [pid 49954] [client 158.173.36.161:0] script '/domains/deltaele/bless.php' not found or unable to stat
[Thu Feb 12 05:02:08.321994 2026] [php:error] [pid 49899] [client 158.173.36.57:0] script '/domains/machinadynamica/file2.php' not found or unable to stat
[Thu Feb 12 05:02:08.322731 2026] [php:error] [pid 49949] [client 158.173.36.227:0] script '/domains/homesbyaudrey1/inputs.php' not found or unable to stat
[Thu Feb 12 05:02:08.325450 2026] [php:error] [pid 49952] [client 158.173.36.217:0] script '/domains/mschmid/about.php' not found or unable to stat
[Thu Feb 12 05:02:08.326563 2026] [php:error] [pid 49948] [client 158.173.36.240:0] script '/domains/homesbyaudrey1/inputs.php' not found or unable to stat
[Thu Feb 12 05:02:08.377583 2026] [php:error] [pid 49953] [client 158.173.36.71:0] script '/domains/system_suspended/O-Simple.php' not found or unable to stat
[Thu Feb 12 05:02:08.394893 2026] [php:error] [pid 49936] [client 158.173.36.54:0] script '/domains/rfisher.dnai/edit.php' not found or unable to stat
[Thu Feb 12 05:02:08.394984 2026] [php:error] [pid 49943] [client 158.173.36.68:0] script '/domains/brenties/license.php' not found or unable to stat
[Thu Feb 12 05:02:08.395016 2026] [php:error] [pid 49947] [client 158.173.36.71:0] script '/domains/rnachum/simple.php' not found or unable to stat
[Thu Feb 12 05:02:08.448761 2026] [php:error] [pid 49942] [client 158.173.36.63:0] script '/domains/cccweb/style.php' not found or unable to stat
[Thu Feb 12 05:02:08.520246 2026] [php:error] [pid 49952] [client 158.173.36.217:0] script '/domains/mschmid/admin.php' not found or unable to stat
[Thu Feb 12 05:02:08.520543 2026] [php:error] [pid 49949] [client 158.173.36.227:0] script '/domains/homesbyaudrey1/mini.php' not found or unable to stat
[Thu Feb 12 05:02:08.529086 2026] [php:error] [pid 49948] [client 158.173.36.240:0] script '/domains/homesbyaudrey1/mini.php' not found or unable to stat
[Thu Feb 12 05:02:08.529681 2026] [php:error] [pid 49923] [client 158.173.36.68:0] script '/domains/apunderkofler/gifclass.php' not found or unable to stat
[Thu Feb 12 05:02:08.584951 2026] [php:error] [pid 49933] [client 158.173.36.12:0] script '/domains/deltaele/init.php' not found or unable to stat
[Thu Feb 12 05:02:08.585391 2026] [php:error] [pid 49953] [client 158.173.36.71:0] script '/domains/system_suspended/lock360.php' not found or unable to stat
[Thu Feb 12 05:02:08.639108 2026] [php:error] [pid 49950] [client 158.158.72.119:0] script '/domains/smartny/ws66.php' not found or unable to stat
[Thu Feb 12 05:02:08.714521 2026] [php:error] [pid 49899] [client 158.173.36.57:0] script '/domains/machinadynamica/alfa.php' not found or unable to stat
[Thu Feb 12 05:02:09.021218 2026] [php:error] [pid 49952] [client 158.173.36.217:0] script '/domains/mschmid/mah.php' not found or unable to stat
[Thu Feb 12 05:02:09.191461 2026] [php:error] [pid 49948] [client 158.173.36.240:0] script '/domains/homesbyaudrey1/goods.php' not found or unable to stat
[Thu Feb 12 05:02:09.191824 2026] [php:error] [pid 49923] [client 158.173.36.68:0] script '/domains/apunderkofler/plugin.php' not found or unable to stat
[Thu Feb 12 05:02:09.192090 2026] [php:error] [pid 49949] [client 158.173.36.227:0] script '/domains/homesbyaudrey1/goods.php' not found or unable to stat
[Thu Feb 12 05:02:09.193058 2026] [php:error] [pid 49953] [client 158.173.36.71:0] script '/domains/system_suspended/zwso.php' not found or unable to stat
[Thu Feb 12 05:02:09.195088 2026] [php:error] [pid 49907] [client 158.173.36.171:0] script '/domains/pauljbrock/wp-l0gin.php' not found or unable to stat
[Thu Feb 12 05:02:09.199568 2026] [php:error] [pid 49943] [client 158.173.36.68:0] script '/domains/brenties/lock.php' not found or unable to stat
[Thu Feb 12 05:02:09.200764 2026] [php:error] [pid 49954] [client 158.173.36.161:0] script '/domains/deltaele/O-Simple.php' not found or unable to stat
[Thu Feb 12 05:02:09.370415 2026] [php:error] [pid 49952] [client 158.173.36.217:0] script '/domains/mschmid/core.php' not found or unable to stat
[Thu Feb 12 05:02:09.375453 2026] [php:error] [pid 49936] [client 158.173.36.54:0] script '/domains/rfisher.dnai/wp-links-opml.php' not found or unable to stat
[Thu Feb 12 05:02:09.375872 2026] [php:error] [pid 49927] [client 158.173.36.134:0] script '/domains/rfisher.dnai/moon.php' not found or unable to stat
[Thu Feb 12 05:02:09.377734 2026] [php:error] [pid 49922] [client 158.173.36.164:0] script '/domains/windsorweb/ff2.php' not found or unable to stat
[Thu Feb 12 05:02:09.377942 2026] [php:error] [pid 49954] [client 158.173.36.161:0] script '/domains/deltaele/lock360.php' not found or unable to stat
[Thu Feb 12 05:02:09.378129 2026] [php:error] [pid 49942] [client 158.173.36.63:0] script '/domains/cccweb/x.php' not found or unable to stat
[Thu Feb 12 05:02:09.378902 2026] [php:error] [pid 49953] [client 158.173.36.71:0] script '/domains/system_suspended/chosen.php' not found or unable to stat
[Thu Feb 12 05:02:09.379661 2026] [php:error] [pid 49948] [client 158.173.36.240:0] script '/domains/homesbyaudrey1/file5.php' not found or unable to stat
[Thu Feb 12 05:02:09.380431 2026] [php:error] [pid 49949] [client 158.173.36.227:0] script '/domains/homesbyaudrey1/file5.php' not found or unable to stat
[Thu Feb 12 05:02:09.380662 2026] [php:error] [pid 49937] [client 158.173.36.124:0] script '/domains/cccweb/config.php' not found or unable to stat
[Thu Feb 12 05:02:09.575270 2026] [php:error] [pid 49954] [client 158.173.36.161:0] script '/domains/deltaele/zwso.php' not found or unable to stat
[Thu Feb 12 05:02:09.575646 2026] [php:error] [pid 49952] [client 158.173.36.217:0] script '/domains/mschmid/robots.php' not found or unable to stat
[Thu Feb 12 05:02:09.580860 2026] [php:error] [pid 49949] [client 158.173.36.227:0] script '/domains/homesbyaudrey1/ahax.php' not found or unable to stat
[Thu Feb 12 05:02:09.582102 2026] [php:error] [pid 49923] [client 158.173.36.68:0] script '/domains/apunderkofler/update-core.php' not found or unable to stat
[Thu Feb 12 05:02:09.736366 2026] [php:error] [pid 49954] [client 158.173.36.161:0] script '/domains/deltaele/chosen.php' not found or unable to stat
[Thu Feb 12 05:02:09.740631 2026] [php:error] [pid 49952] [client 158.173.36.217:0] script '/domains/mschmid/inputs.php' not found or unable to stat
[Thu Feb 12 05:02:09.750889 2026] [php:error] [pid 49949] [client 158.173.36.227:0] script '/domains/homesbyaudrey1/f35.php' not found or unable to stat
[Thu Feb 12 05:02:09.756678 2026] [php:error] [pid 49953] [client 158.173.36.71:0] script '/domains/system_suspended/about.php' not found or unable to stat
[Thu Feb 12 05:02:09.764579 2026] [php:error] [pid 49937] [client 158.173.36.124:0] script '/domains/cccweb/special.php' not found or unable to stat
[Thu Feb 12 05:02:09.853962 2026] [php:error] [pid 49907] [client 158.173.36.171:0] script '/domains/pauljbrock/new.php' not found or unable to stat
[Thu Feb 12 05:02:09.904428 2026] [php:error] [pid 49948] [client 158.173.36.240:0] script '/domains/homesbyaudrey1/ahax.php' not found or unable to stat
[Thu Feb 12 05:02:09.936599 2026] [php:error] [pid 49954] [client 158.173.36.161:0] script '/domains/deltaele/about.php' not found or unable to stat
[Thu Feb 12 05:02:09.937771 2026] [php:error] [pid 49955] [client 158.173.36.241:0] script '/domains/sjsachs/wp-content.php' not found or unable to stat
[Thu Feb 12 05:02:09.937962 2026] [php:error] [pid 49923] [client 158.173.36.68:0] script '/domains/apunderkofler/wp-mail.php' not found or unable to stat
[Thu Feb 12 05:02:09.938269 2026] [php:error] [pid 49942] [client 158.173.36.63:0] script '/domains/cccweb/images/index22.php' not found or unable to stat
[Thu Feb 12 05:02:09.938836 2026] [php:error] [pid 49949] [client 158.173.36.227:0] script '/domains/homesbyaudrey1/simple.php' not found or unable to stat
[Thu Feb 12 05:02:09.939352 2026] [php:error] [pid 49953] [client 158.173.36.71:0] script '/domains/system_suspended/admin.php' not found or unable to stat
[Thu Feb 12 05:02:09.941213 2026] [php:error] [pid 49952] [client 158.173.36.217:0] script '/domains/mschmid/mini.php' not found or unable to stat
[Thu Feb 12 05:02:10.051965 2026] [php:error] [pid 49936] [client 158.173.36.54:0] script '/domains/rfisher.dnai/atomlib.php' not found or unable to stat
[Thu Feb 12 05:02:10.106181 2026] [php:error] [pid 49948] [client 158.173.36.240:0] script '/domains/homesbyaudrey1/f35.php' not found or unable to stat
[Thu Feb 12 05:02:10.113144 2026] [php:error] [pid 49922] [client 158.173.36.164:0] script '/domains/windsorweb/jp.php' not found or unable to stat
[Thu Feb 12 05:02:10.118164 2026] [php:error] [pid 49954] [client 158.173.36.161:0] script '/domains/deltaele/admin.php' not found or unable to stat
[Thu Feb 12 05:02:10.123838 2026] [php:error] [pid 49952] [client 158.173.36.217:0] script '/domains/mschmid/goods.php' not found or unable to stat
[Thu Feb 12 05:02:10.125491 2026] [php:error] [pid 49942] [client 158.173.36.63:0] script '/domains/cccweb/wp-user.php' not found or unable to stat
[Thu Feb 12 05:02:10.131090 2026] [php:error] [pid 49927] [client 158.173.36.134:0] script '/domains/rfisher.dnai/webadmin.php' not found or unable to stat
