[Sun Feb 08 02:02:39.863946 2026] [php:error] [pid 46857] [client 194.5.82.102:0] script '/domains/miles.interport/wp-crom.php' not found or unable to stat
[Sun Feb 08 02:02:40.075580 2026] [php:error] [pid 46857] [client 194.5.82.102:0] script '/domains/miles.interport/ee.php' not found or unable to stat
[Sun Feb 08 02:02:40.287392 2026] [php:error] [pid 46857] [client 194.5.82.102:0] script '/domains/miles.interport/al.php' not found or unable to stat
[Sun Feb 08 02:02:40.713366 2026] [php:error] [pid 46857] [client 194.5.82.102:0] script '/domains/miles.interport/images/about.php' not found or unable to stat
[Sun Feb 08 02:02:40.924420 2026] [php:error] [pid 46857] [client 194.5.82.102:0] script '/domains/miles.interport/uploxe.php' not found or unable to stat
[Sun Feb 08 02:02:41.139435 2026] [php:error] [pid 46857] [client 194.5.82.102:0] script '/domains/miles.interport/login.php' not found or unable to stat
[Sun Feb 08 02:02:41.351122 2026] [php:error] [pid 46857] [client 194.5.82.102:0] script '/domains/miles.interport/wp-cron.php' not found or unable to stat
[Sun Feb 08 02:02:41.563140 2026] [php:error] [pid 46857] [client 194.5.82.102:0] script '/domains/miles.interport/core.php' not found or unable to stat
[Sun Feb 08 02:02:42.202960 2026] [php:error] [pid 46857] [client 194.5.82.102:0] script '/domains/miles.interport/pvafcbhg.php' not found or unable to stat
[Sun Feb 08 02:02:42.416760 2026] [php:error] [pid 46857] [client 194.5.82.102:0] script '/domains/miles.interport/l.php' not found or unable to stat
[Sun Feb 08 02:02:43.263630 2026] [php:error] [pid 46857] [client 194.5.82.102:0] script '/domains/miles.interport/cmd.php' not found or unable to stat
[Sun Feb 08 02:02:43.902160 2026] [php:error] [pid 46857] [client 194.5.82.102:0] script '/domains/miles.interport/i.php' not found or unable to stat
[Sun Feb 08 02:02:44.323891 2026] [php:error] [pid 46857] [client 194.5.82.102:0] script '/domains/miles.interport/batm.php' not found or unable to stat
[Sun Feb 08 02:02:44.958340 2026] [php:error] [pid 46857] [client 194.5.82.102:0] script '/domains/miles.interport/moddofuns.php' not found or unable to stat
[Sun Feb 08 02:02:45.386368 2026] [php:error] [pid 46857] [client 194.5.82.102:0] script '/domains/miles.interport/plugins.php' not found or unable to stat
[Sun Feb 08 02:02:45.814115 2026] [php:error] [pid 46857] [client 194.5.82.102:0] script '/domains/miles.interport/test.php' not found or unable to stat
[Sun Feb 08 02:02:46.026009 2026] [php:error] [pid 46857] [client 194.5.82.102:0] script '/domains/miles.interport/gfile.php' not found or unable to stat
[Sun Feb 08 02:02:46.238610 2026] [php:error] [pid 46857] [client 194.5.82.102:0] script '/domains/miles.interport/file.php' not found or unable to stat
[Sun Feb 08 02:02:46.875595 2026] [php:error] [pid 46857] [client 194.5.82.102:0] script '/domains/miles.interport/st.php' not found or unable to stat
[Sun Feb 08 02:02:47.306546 2026] [php:error] [pid 46857] [client 194.5.82.102:0] script '/domains/miles.interport/config.php' not found or unable to stat
[Sun Feb 08 02:02:47.501730 2026] [php:error] [pid 46877] [client 20.100.190.151:0] script '/domains/conservation1/166.php' not found or unable to stat
[Sun Feb 08 02:02:47.611459 2026] [php:error] [pid 46877] [client 20.100.190.151:0] script '/domains/conservation1/2026.php' not found or unable to stat
[Sun Feb 08 02:02:47.708173 2026] [php:error] [pid 46877] [client 20.100.190.151:0] script '/domains/conservation1/muzu.php' not found or unable to stat
[Sun Feb 08 02:02:47.729285 2026] [php:error] [pid 46857] [client 194.5.82.102:0] script '/domains/miles.interport/f.php' not found or unable to stat
[Sun Feb 08 02:02:47.943118 2026] [php:error] [pid 46857] [client 194.5.82.102:0] script '/domains/miles.interport/c.php' not found or unable to stat
[Sun Feb 08 02:02:47.952997 2026] [php:error] [pid 46877] [client 20.100.190.151:0] script '/domains/conservation1/reze.php' not found or unable to stat
[Sun Feb 08 02:02:48.254979 2026] [php:error] [pid 46877] [client 20.100.190.151:0] script '/domains/conservation1/jsond.php' not found or unable to stat
[Sun Feb 08 02:02:48.351360 2026] [php:error] [pid 46877] [client 20.100.190.151:0] script '/domains/conservation1/x7.php' not found or unable to stat
[Sun Feb 08 02:02:48.365222 2026] [php:error] [pid 46857] [client 194.5.82.102:0] script '/domains/miles.interport/wp-signup.php' not found or unable to stat
[Sun Feb 08 02:02:48.484423 2026] [php:error] [pid 46877] [client 20.100.190.151:0] script '/domains/conservation1/bgymj.php' not found or unable to stat
[Sun Feb 08 02:02:48.576654 2026] [php:error] [pid 46857] [client 194.5.82.102:0] script '/domains/miles.interport/akc.php' not found or unable to stat
[Sun Feb 08 02:02:48.608771 2026] [php:error] [pid 46877] [client 20.100.190.151:0] script '/domains/conservation1/lala.php' not found or unable to stat
[Sun Feb 08 02:02:48.704943 2026] [php:error] [pid 46877] [client 20.100.190.151:0] script '/domains/conservation1/8xyz.php' not found or unable to stat
[Sun Feb 08 02:02:48.801174 2026] [php:error] [pid 46877] [client 20.100.190.151:0] script '/domains/conservation1/wsd.php' not found or unable to stat
[Sun Feb 08 02:02:49.027946 2026] [php:error] [pid 46877] [client 20.100.190.151:0] script '/domains/conservation1/la.php' not found or unable to stat
[Sun Feb 08 02:02:49.124632 2026] [php:error] [pid 46877] [client 20.100.190.151:0] script '/domains/conservation1/Wp-good.php' not found or unable to stat
[Sun Feb 08 02:02:49.209304 2026] [php:error] [pid 46857] [client 194.5.82.102:0] script '/domains/miles.interport/adin.php' not found or unable to stat
[Sun Feb 08 02:02:49.285692 2026] [php:error] [pid 46877] [client 20.100.190.151:0] script '/domains/conservation1/tphp.php' not found or unable to stat
[Sun Feb 08 02:02:49.432417 2026] [php:error] [pid 46877] [client 20.100.190.151:0] script '/domains/conservation1/a1.php' not found or unable to stat
[Sun Feb 08 02:02:49.529101 2026] [php:error] [pid 46877] [client 20.100.190.151:0] script '/domains/conservation1/nyan.php' not found or unable to stat
[Sun Feb 08 02:02:49.625602 2026] [php:error] [pid 46877] [client 20.100.190.151:0] script '/domains/conservation1/autoload_classmap.php' not found or unable to stat
[Sun Feb 08 02:02:49.724891 2026] [php:error] [pid 46877] [client 20.100.190.151:0] script '/domains/conservation1/alfa.php' not found or unable to stat
[Sun Feb 08 02:02:49.993555 2026] [php:error] [pid 46877] [client 20.100.190.151:0] script '/domains/conservation1/luxe.php' not found or unable to stat
[Sun Feb 08 02:02:50.073592 2026] [php:error] [pid 46857] [client 194.5.82.102:0] script '/domains/miles.interport/alf.php' not found or unable to stat
[Sun Feb 08 02:02:50.229059 2026] [php:error] [pid 46877] [client 20.100.190.151:0] script '/domains/conservation1/rezor.php' not found or unable to stat
[Sun Feb 08 02:02:50.368130 2026] [php:error] [pid 46877] [client 20.100.190.151:0] script '/domains/conservation1/doc.php' not found or unable to stat
[Sun Feb 08 02:02:50.495847 2026] [php:error] [pid 46857] [client 194.5.82.102:0] script '/domains/miles.interport/go.php' not found or unable to stat
[Sun Feb 08 02:02:50.665074 2026] [php:error] [pid 46877] [client 20.100.190.151:0] script '/domains/conservation1/install.php' not found or unable to stat
[Sun Feb 08 02:02:50.919089 2026] [php:error] [pid 46857] [client 194.5.82.102:0] script '/domains/miles.interport/wso2.php' not found or unable to stat
[Sun Feb 08 02:02:50.961167 2026] [php:error] [pid 46877] [client 20.100.190.151:0] script '/domains/conservation1/sto.php' not found or unable to stat
[Sun Feb 08 02:02:51.219500 2026] [php:error] [pid 46877] [client 20.100.190.151:0] script '/domains/conservation1/x.php' not found or unable to stat
[Sun Feb 08 02:02:51.324731 2026] [php:error] [pid 46877] [client 20.100.190.151:0] script '/domains/conservation1/test.php' not found or unable to stat
[Sun Feb 08 02:02:51.342208 2026] [php:error] [pid 46857] [client 194.5.82.102:0] script '/domains/miles.interport/user-new.php' not found or unable to stat
[Sun Feb 08 02:02:51.549399 2026] [php:error] [pid 46877] [client 20.100.190.151:0] script '/domains/conservation1/n3.php' not found or unable to stat
[Sun Feb 08 02:02:51.553650 2026] [php:error] [pid 46857] [client 194.5.82.102:0] script '/domains/miles.interport/signup.php' not found or unable to stat
[Sun Feb 08 02:02:51.766349 2026] [php:error] [pid 46857] [client 194.5.82.102:0] script '/domains/miles.interport/wp-lock.php' not found or unable to stat
[Sun Feb 08 02:02:51.799377 2026] [php:error] [pid 46877] [client 20.100.190.151:0] script '/domains/conservation1/o.php' not found or unable to stat
[Sun Feb 08 02:02:51.977210 2026] [php:error] [pid 46857] [client 194.5.82.102:0] script '/domains/miles.interport/beence.php' not found or unable to stat
[Sun Feb 08 02:02:51.999746 2026] [php:error] [pid 46877] [client 20.100.190.151:0] script '/domains/conservation1/class-t.api.php' not found or unable to stat
[Sun Feb 08 02:02:52.196453 2026] [php:error] [pid 46877] [client 20.100.190.151:0] script '/domains/conservation1/wp.php' not found or unable to stat
[Sun Feb 08 02:02:52.400513 2026] [php:error] [pid 46898] [client 194.5.82.61:0] script '/domains/miles.interport/7.php' not found or unable to stat
[Sun Feb 08 02:02:53.037883 2026] [php:error] [pid 46898] [client 194.5.82.61:0] script '/domains/miles.interport/post.php' not found or unable to stat
[Sun Feb 08 02:02:53.197106 2026] [php:error] [pid 46877] [client 20.100.190.151:0] script '/domains/conservation1/h.php' not found or unable to stat
[Sun Feb 08 02:02:53.251589 2026] [php:error] [pid 46898] [client 194.5.82.61:0] script '/domains/miles.interport/jp.php' not found or unable to stat
[Sun Feb 08 02:02:53.419589 2026] [php:error] [pid 46877] [client 20.100.190.151:0] script '/domains/conservation1/wrt.php' not found or unable to stat
[Sun Feb 08 02:02:53.677738 2026] [php:error] [pid 46898] [client 194.5.82.61:0] script '/domains/miles.interport/we.php' not found or unable to stat
[Sun Feb 08 02:02:54.016572 2026] [php:error] [pid 46877] [client 20.100.190.151:0] script '/domains/conservation1/images/c99.php' not found or unable to stat
[Sun Feb 08 02:02:54.101621 2026] [php:error] [pid 46898] [client 194.5.82.61:0] script '/domains/miles.interport/lock.php' not found or unable to stat
[Sun Feb 08 02:02:54.287690 2026] [php:error] [pid 46877] [client 20.100.190.151:0] script '/domains/conservation1/png.php' not found or unable to stat
[Sun Feb 08 02:02:54.313509 2026] [php:error] [pid 46898] [client 194.5.82.61:0] script '/domains/miles.interport/nakrip.php' not found or unable to stat
[Sun Feb 08 02:02:54.499527 2026] [php:error] [pid 46877] [client 20.100.190.151:0] script '/domains/conservation1/zwso.php' not found or unable to stat
[Sun Feb 08 02:02:54.526583 2026] [php:error] [pid 46898] [client 194.5.82.61:0] script '/domains/miles.interport/server.php' not found or unable to stat
[Sun Feb 08 02:02:54.738803 2026] [php:error] [pid 46898] [client 194.5.82.61:0] script '/domains/miles.interport/yox.php' not found or unable to stat
[Sun Feb 08 02:02:55.162359 2026] [php:error] [pid 46898] [client 194.5.82.61:0] script '/domains/miles.interport/8.php' not found or unable to stat
[Sun Feb 08 02:02:55.275829 2026] [php:error] [pid 46877] [client 20.100.190.151:0] script '/domains/conservation1/ton.php' not found or unable to stat
[Sun Feb 08 02:02:55.395092 2026] [php:error] [pid 46877] [client 20.100.190.151:0] script '/domains/conservation1/wso.php' not found or unable to stat
[Sun Feb 08 02:02:55.640100 2026] [php:error] [pid 46877] [client 20.100.190.151:0] script '/domains/conservation1/a2.php' not found or unable to stat
[Sun Feb 08 02:02:55.740838 2026] [php:error] [pid 46877] [client 20.100.190.151:0] script '/domains/conservation1/shell.php' not found or unable to stat
[Sun Feb 08 02:02:56.011917 2026] [php:error] [pid 46898] [client 194.5.82.61:0] script '/domains/miles.interport/file.php' not found or unable to stat
[Sun Feb 08 02:02:56.030979 2026] [php:error] [pid 46877] [client 20.100.190.151:0] script '/domains/conservation1/sxo.php' not found or unable to stat
[Sun Feb 08 02:02:56.423253 2026] [php:error] [pid 46877] [client 20.100.190.151:0] script '/domains/conservation1/mans.php' not found or unable to stat
[Sun Feb 08 02:02:56.612576 2026] [php:error] [pid 46877] [client 20.100.190.151:0] script '/domains/conservation1/dropdown.php' not found or unable to stat
[Sun Feb 08 02:02:56.985078 2026] [php:error] [pid 46877] [client 20.100.190.151:0] script '/domains/conservation1/ze.php' not found or unable to stat
[Sun Feb 08 02:02:57.083812 2026] [php:error] [pid 46877] [client 20.100.190.151:0] script '/domains/conservation1/geck.php' not found or unable to stat
[Sun Feb 08 02:02:57.180126 2026] [php:error] [pid 46877] [client 20.100.190.151:0] script '/domains/conservation1/menu.php' not found or unable to stat
[Sun Feb 08 02:02:57.549341 2026] [php:error] [pid 46877] [client 20.100.190.151:0] script '/domains/conservation1/flower.php' not found or unable to stat
[Sun Feb 08 02:02:57.645943 2026] [php:error] [pid 46877] [client 20.100.190.151:0] script '/domains/conservation1/ftp.php' not found or unable to stat
[Sun Feb 08 02:02:57.709879 2026] [php:error] [pid 46898] [client 194.5.82.61:0] script '/domains/miles.interport/0x.php' not found or unable to stat
[Sun Feb 08 02:02:57.760287 2026] [php:error] [pid 46877] [client 20.100.190.151:0] script '/domains/conservation1/mds.php' not found or unable to stat
[Sun Feb 08 02:02:57.856963 2026] [php:error] [pid 46877] [client 20.100.190.151:0] script '/domains/conservation1/ahax.php' not found or unable to stat
[Sun Feb 08 02:02:57.922938 2026] [php:error] [pid 46898] [client 194.5.82.61:0] script '/domains/miles.interport/alfashell.php' not found or unable to stat
[Sun Feb 08 02:02:58.258003 2026] [php:error] [pid 46877] [client 20.100.190.151:0] script '/domains/conservation1/cool.php' not found or unable to stat
[Sun Feb 08 02:02:58.408109 2026] [php:error] [pid 46877] [client 20.100.190.151:0] script '/domains/conservation1/gm.php' not found or unable to stat
[Sun Feb 08 02:02:58.524468 2026] [php:error] [pid 46877] [client 20.100.190.151:0] script '/domains/conservation1/simple.php' not found or unable to stat
[Sun Feb 08 02:02:58.654034 2026] [php:error] [pid 46877] [client 20.100.190.151:0] script '/domains/conservation1/elp.php' not found or unable to stat
[Sun Feb 08 02:02:58.793640 2026] [php:error] [pid 46877] [client 20.100.190.151:0] script '/domains/conservation1/bolt.php' not found or unable to stat
[Sun Feb 08 02:02:58.983831 2026] [php:error] [pid 46880] [client 194.5.82.167:0] script '/domains/miles.interport/khgdl.php' not found or unable to stat
[Sun Feb 08 02:02:59.075640 2026] [php:error] [pid 46877] [client 20.100.190.151:0] script '/domains/conservation1/inputs.php' not found or unable to stat
[Sun Feb 08 02:02:59.196210 2026] [php:error] [pid 46880] [client 194.5.82.167:0] script '/domains/miles.interport/jquery.php' not found or unable to stat
[Sun Feb 08 02:02:59.409099 2026] [php:error] [pid 46880] [client 194.5.82.167:0] script '/domains/miles.interport/asus.php' not found or unable to stat
[Sun Feb 08 02:02:59.620683 2026] [php:error] [pid 46880] [client 194.5.82.167:0] script '/domains/miles.interport/wp-wso.php' not found or unable to stat
[Sun Feb 08 02:02:59.738797 2026] [php:error] [pid 46877] [client 20.100.190.151:0] script '/domains/conservation1/system.php' not found or unable to stat
[Sun Feb 08 02:03:00.234884 2026] [php:error] [pid 46877] [client 20.100.190.151:0] script '/domains/conservation1/an.php' not found or unable to stat
[Sun Feb 08 02:03:00.340175 2026] [php:error] [pid 46877] [client 20.100.190.151:0] script '/domains/conservation1/w.php' not found or unable to stat
[Sun Feb 08 02:03:00.471486 2026] [php:error] [pid 46877] [client 20.100.190.151:0] script '/domains/conservation1/gmo.php' not found or unable to stat
[Sun Feb 08 02:03:00.567928 2026] [php:error] [pid 46877] [client 20.100.190.151:0] script '/domains/conservation1/gib.php' not found or unable to stat
[Sun Feb 08 02:03:00.677967 2026] [php:error] [pid 46877] [client 20.100.190.151:0] script '/domains/conservation1/wp-miiss.php.php' not found or unable to stat
[Sun Feb 08 02:03:00.871351 2026] [php:error] [pid 46877] [client 20.100.190.151:0] script '/domains/conservation1/moon.php' not found or unable to stat
[Sun Feb 08 02:03:00.968526 2026] [php:error] [pid 46877] [client 20.100.190.151:0] script '/domains/conservation1/filesss.php' not found or unable to stat
[Sun Feb 08 02:03:01.179564 2026] [php:error] [pid 46880] [client 194.5.82.167:0] script '/domains/miles.interport/send.php' not found or unable to stat
[Sun Feb 08 02:03:01.309743 2026] [php:error] [pid 46877] [client 20.100.190.151:0] script '/domains/conservation1/hey.php' not found or unable to stat
[Sun Feb 08 02:03:01.394249 2026] [php:error] [pid 46880] [client 194.5.82.167:0] script '/domains/miles.interport/wp-acc.php' not found or unable to stat
[Sun Feb 08 02:03:01.710952 2026] [php:error] [pid 46877] [client 20.100.190.151:0] script '/domains/conservation1/1337.php' not found or unable to stat
[Sun Feb 08 02:03:01.807305 2026] [php:error] [pid 46877] [client 20.100.190.151:0] script '/domains/conservation1/buy.php' not found or unable to stat
[Sun Feb 08 02:03:01.820215 2026] [php:error] [pid 46880] [client 194.5.82.167:0] script '/domains/miles.interport/.p.php' not found or unable to stat
[Sun Feb 08 02:03:02.011288 2026] [php:error] [pid 46877] [client 20.100.190.151:0] script '/domains/conservation1/m.php' not found or unable to stat
[Sun Feb 08 02:03:03.118467 2026] [php:error] [pid 46898] [client 20.100.190.151:0] script '/domains/conservation1/wp-is.php' not found or unable to stat
[Sun Feb 08 02:03:03.246731 2026] [php:error] [pid 46898] [client 20.100.190.151:0] script '/domains/conservation1/jmfi2.php' not found or unable to stat
[Sun Feb 08 02:03:03.324462 2026] [php:error] [pid 46880] [client 194.5.82.167:0] script '/domains/miles.interport/g.php' not found or unable to stat
[Sun Feb 08 02:03:03.445619 2026] [php:error] [pid 46898] [client 20.100.190.151:0] script '/domains/conservation1/bnn_.php' not found or unable to stat
[Sun Feb 08 02:03:03.539049 2026] [php:error] [pid 46880] [client 194.5.82.167:0] script '/domains/miles.interport/wp-loccs.php' not found or unable to stat
[Sun Feb 08 02:03:03.633309 2026] [php:error] [pid 46898] [client 20.100.190.151:0] script '/domains/conservation1/hzz.php' not found or unable to stat
[Sun Feb 08 02:03:03.751338 2026] [php:error] [pid 46880] [client 194.5.82.167:0] script '/domains/miles.interport/1.php' not found or unable to stat
[Sun Feb 08 02:03:03.963296 2026] [php:error] [pid 46880] [client 194.5.82.167:0] script '/domains/miles.interport/wp-error_log.php' not found or unable to stat
[Sun Feb 08 02:03:04.026975 2026] [php:error] [pid 46898] [client 20.100.190.151:0] script '/domains/conservation1/shell20211028.php' not found or unable to stat
[Sun Feb 08 02:03:04.141244 2026] [php:error] [pid 46898] [client 20.100.190.151:0] script '/domains/conservation1/content.php' not found or unable to stat
[Sun Feb 08 02:03:04.385768 2026] [php:error] [pid 46898] [client 20.100.190.151:0] script '/domains/conservation1/ps.php' not found or unable to stat
[Sun Feb 08 02:03:04.689772 2026] [php:error] [pid 46898] [client 20.100.190.151:0] script '/domains/conservation1/cache.php' not found or unable to stat
[Sun Feb 08 02:03:05.041328 2026] [php:error] [pid 46898] [client 20.100.190.151:0] script '/domains/conservation1/ss.php' not found or unable to stat
[Sun Feb 08 02:03:05.165478 2026] [php:error] [pid 46898] [client 20.100.190.151:0] script '/domains/conservation1/p.php' not found or unable to stat
[Sun Feb 08 02:03:05.355659 2026] [php:error] [pid 46898] [client 20.100.190.151:0] script '/domains/conservation1/user.php' not found or unable to stat
[Sun Feb 08 02:03:05.981144 2026] [php:error] [pid 46898] [client 20.100.190.151:0] script '/domains/conservation1/wp.php' not found or unable to stat
[Sun Feb 08 02:03:06.187514 2026] [php:error] [pid 46898] [client 20.100.190.151:0] script '/domains/conservation1/rip.php' not found or unable to stat
[Sun Feb 08 02:03:06.280994 2026] [php:error] [pid 46898] [client 20.100.190.151:0] script '/domains/conservation1/wp4.php' not found or unable to stat
[Sun Feb 08 02:03:06.374525 2026] [php:error] [pid 46898] [client 20.100.190.151:0] script '/domains/conservation1/403.php' not found or unable to stat
[Sun Feb 08 02:03:06.629709 2026] [php:error] [pid 46898] [client 20.100.190.151:0] script '/domains/conservation1/asd67.php' not found or unable to stat
[Sun Feb 08 02:03:06.818113 2026] [php:error] [pid 46898] [client 20.100.190.151:0] script '/domains/conservation1/oivcl.php' not found or unable to stat
[Sun Feb 08 02:03:06.913728 2026] [php:error] [pid 46898] [client 20.100.190.151:0] script '/domains/conservation1/about.php' not found or unable to stat
[Sun Feb 08 02:03:07.157523 2026] [php:error] [pid 46898] [client 20.100.190.151:0] script '/domains/conservation1/v2.php' not found or unable to stat
[Sun Feb 08 02:03:07.682006 2026] [php:error] [pid 46898] [client 20.100.190.151:0] script '/domains/conservation1/dr.php' not found or unable to stat
[Sun Feb 08 02:03:07.775447 2026] [php:error] [pid 46898] [client 20.100.190.151:0] script '/domains/conservation1/raw.php' not found or unable to stat
[Sun Feb 08 02:03:08.080717 2026] [php:error] [pid 46898] [client 20.100.190.151:0] script '/domains/conservation1/ioxi-o2.php' not found or unable to stat
[Sun Feb 08 02:03:08.174818 2026] [php:error] [pid 46898] [client 20.100.190.151:0] script '/domains/conservation1/dropdown.php' not found or unable to stat
[Sun Feb 08 02:03:08.268203 2026] [php:error] [pid 46898] [client 20.100.190.151:0] script '/domains/conservation1/dlu.php' not found or unable to stat
[Sun Feb 08 02:03:08.465875 2026] [php:error] [pid 46898] [client 20.100.190.151:0] script '/domains/conservation1/db.php' not found or unable to stat
[Sun Feb 08 02:03:08.591456 2026] [php:error] [pid 46898] [client 20.100.190.151:0] script '/domains/conservation1/packed.php' not found or unable to stat
[Sun Feb 08 02:03:08.685392 2026] [php:error] [pid 46898] [client 20.100.190.151:0] script '/domains/conservation1/wp-configs.php' not found or unable to stat
[Sun Feb 08 02:03:08.803381 2026] [php:error] [pid 46898] [client 20.100.190.151:0] script '/domains/conservation1/404.php' not found or unable to stat
[Sun Feb 08 02:03:08.896717 2026] [php:error] [pid 46898] [client 20.100.190.151:0] script '/domains/conservation1/des.php' not found or unable to stat
[Sun Feb 08 02:03:09.083923 2026] [php:error] [pid 46898] [client 20.100.190.151:0] script '/domains/conservation1/lufix.php' not found or unable to stat
[Sun Feb 08 02:03:57.432985 2026] [php:error] [pid 46900] [client 20.187.78.62:0] script '/domains/bruceweb/admin.php' not found or unable to stat
[Sun Feb 08 02:03:57.637087 2026] [php:error] [pid 46900] [client 20.187.78.62:0] script '/domains/bruceweb/manager.php' not found or unable to stat
[Sun Feb 08 02:03:59.146971 2026] [php:error] [pid 46900] [client 20.187.78.62:0] script '/domains/bruceweb/wp-sing.php' not found or unable to stat
[Sun Feb 08 02:03:59.649417 2026] [php:error] [pid 46900] [client 20.187.78.62:0] script '/domains/bruceweb/goods.php' not found or unable to stat
[Sun Feb 08 02:04:00.402601 2026] [php:error] [pid 46900] [client 20.187.78.62:0] script '/domains/bruceweb/chosen.php' not found or unable to stat
[Sun Feb 08 02:04:00.631464 2026] [php:error] [pid 46900] [client 20.187.78.62:0] script '/domains/bruceweb/term.php' not found or unable to stat
[Sun Feb 08 02:04:02.000330 2026] [php:error] [pid 46900] [client 20.187.78.62:0] script '/domains/bruceweb/wpc.php' not found or unable to stat
[Sun Feb 08 02:04:02.423357 2026] [php:error] [pid 46900] [client 20.187.78.62:0] script '/domains/bruceweb/about.php' not found or unable to stat
[Sun Feb 08 02:04:02.689649 2026] [php:error] [pid 46900] [client 20.187.78.62:0] script '/domains/bruceweb/deepseek_d.php' not found or unable to stat
[Sun Feb 08 02:04:03.107723 2026] [php:error] [pid 46900] [client 20.187.78.62:0] script '/domains/bruceweb/elp.php' not found or unable to stat
[Sun Feb 08 02:04:03.971935 2026] [php:error] [pid 46900] [client 20.187.78.62:0] script '/domains/bruceweb/bless.php' not found or unable to stat
[Sun Feb 08 02:04:04.204071 2026] [php:error] [pid 46900] [client 20.187.78.62:0] script '/domains/bruceweb/edit.php' not found or unable to stat
[Sun Feb 08 02:04:04.768072 2026] [php:error] [pid 46900] [client 20.187.78.62:0] script '/domains/bruceweb/simple.php' not found or unable to stat
[Sun Feb 08 02:04:05.396892 2026] [php:error] [pid 46900] [client 20.187.78.62:0] script '/domains/bruceweb/wp-login.php' not found or unable to stat
[Sun Feb 08 02:04:06.086026 2026] [php:error] [pid 46900] [client 20.187.78.62:0] script '/domains/bruceweb/ioxi-o.php' not found or unable to stat
[Sun Feb 08 02:04:07.106172 2026] [php:error] [pid 46900] [client 20.187.78.62:0] script '/domains/bruceweb/test.php' not found or unable to stat
[Sun Feb 08 02:04:07.896305 2026] [php:error] [pid 46900] [client 20.187.78.62:0] script '/domains/bruceweb/classwithtostring.php' not found or unable to stat
[Sun Feb 08 02:04:09.143534 2026] [php:error] [pid 46900] [client 20.187.78.62:0] script '/domains/bruceweb/2.php' not found or unable to stat
[Sun Feb 08 02:04:09.557070 2026] [php:error] [pid 46900] [client 20.187.78.62:0] script '/domains/bruceweb/functions.php' not found or unable to stat
[Sun Feb 08 02:04:10.874233 2026] [php:error] [pid 46900] [client 20.187.78.62:0] script '/domains/bruceweb/aaa.php' not found or unable to stat
[Sun Feb 08 02:04:11.528573 2026] [php:error] [pid 46900] [client 20.187.78.62:0] script '/domains/bruceweb/inputs.php' not found or unable to stat
[Sun Feb 08 02:04:11.736939 2026] [php:error] [pid 46900] [client 20.187.78.62:0] script '/domains/bruceweb/log.php' not found or unable to stat
[Sun Feb 08 02:04:11.946498 2026] [php:error] [pid 46900] [client 20.187.78.62:0] script '/domains/bruceweb/man.php' not found or unable to stat
[Sun Feb 08 02:04:12.686682 2026] [php:error] [pid 46900] [client 20.187.78.62:0] script '/domains/bruceweb/1.php' not found or unable to stat
[Sun Feb 08 02:04:12.920462 2026] [php:error] [pid 46900] [client 20.187.78.62:0] script '/domains/bruceweb/aa.php' not found or unable to stat
[Sun Feb 08 02:04:13.609103 2026] [php:error] [pid 46900] [client 20.187.78.62:0] script '/domains/bruceweb/dropdown.php' not found or unable to stat
[Sun Feb 08 02:04:13.832204 2026] [php:error] [pid 46900] [client 20.187.78.62:0] script '/domains/bruceweb/rtx.php' not found or unable to stat
[Sun Feb 08 02:04:16.245123 2026] [php:error] [pid 46900] [client 20.187.78.62:0] script '/domains/bruceweb/atomlib.php' not found or unable to stat
[Sun Feb 08 02:04:16.446127 2026] [php:error] [pid 46900] [client 20.187.78.62:0] script '/domains/bruceweb/info.php' not found or unable to stat
[Sun Feb 08 02:04:17.564737 2026] [php:error] [pid 46900] [client 20.187.78.62:0] script '/domains/bruceweb/lock360.php' not found or unable to stat
[Sun Feb 08 02:04:17.975336 2026] [php:error] [pid 46900] [client 20.187.78.62:0] script '/domains/bruceweb/vx.php' not found or unable to stat
[Sun Feb 08 02:04:18.601704 2026] [php:error] [pid 46900] [client 20.187.78.62:0] script '/domains/bruceweb/wp-content.php' not found or unable to stat
[Sun Feb 08 02:04:20.683351 2026] [php:error] [pid 46900] [client 20.187.78.62:0] script '/domains/bruceweb/adminfuns.php' not found or unable to stat
[Sun Feb 08 02:04:21.309634 2026] [php:error] [pid 46900] [client 20.187.78.62:0] script '/domains/bruceweb/ahax.php' not found or unable to stat
[Sun Feb 08 02:04:21.530381 2026] [php:error] [pid 46900] [client 20.187.78.62:0] script '/domains/bruceweb/autoload_classmap.php' not found or unable to stat
[Sun Feb 08 02:04:22.102092 2026] [php:error] [pid 46900] [client 20.187.78.62:0] script '/domains/bruceweb/file.php' not found or unable to stat
[Sun Feb 08 02:04:22.870881 2026] [php:error] [pid 46900] [client 20.187.78.62:0] script '/domains/bruceweb/file5.php' not found or unable to stat
[Sun Feb 08 02:04:25.793256 2026] [php:error] [pid 46900] [client 20.187.78.62:0] script '/domains/bruceweb/xmlrpc.php' not found or unable to stat
[Sun Feb 08 02:04:26.024015 2026] [php:error] [pid 46900] [client 20.187.78.62:0] script '/domains/bruceweb/alfa.php' not found or unable to stat
[Sun Feb 08 02:04:26.124227 2026] [php:error] [pid 46901] [client 20.220.144.75:0] script '/domains/hofficer1/dialog.php' not found or unable to stat
[Sun Feb 08 02:04:26.234518 2026] [php:error] [pid 46900] [client 20.187.78.62:0] script '/domains/bruceweb/as.php' not found or unable to stat
[Sun Feb 08 02:04:26.261769 2026] [php:error] [pid 46901] [client 20.220.144.75:0] script '/domains/hofficer1/as.php' not found or unable to stat
[Sun Feb 08 02:04:26.287055 2026] [php:error] [pid 46901] [client 20.220.144.75:0] script '/domains/hofficer1/twenty.php' not found or unable to stat
[Sun Feb 08 02:04:26.311019 2026] [php:error] [pid 46901] [client 20.220.144.75:0] script '/domains/hofficer1/mah.php' not found or unable to stat
[Sun Feb 08 02:04:26.335755 2026] [php:error] [pid 46901] [client 20.220.144.75:0] script '/domains/hofficer1/configs.php' not found or unable to stat
[Sun Feb 08 02:04:26.370152 2026] [php:error] [pid 46901] [client 20.220.144.75:0] script '/domains/hofficer1/alfa1.php' not found or unable to stat
[Sun Feb 08 02:04:26.397234 2026] [php:error] [pid 46901] [client 20.220.144.75:0] script '/domains/hofficer1/atomlib.php' not found or unable to stat
[Sun Feb 08 02:04:26.421276 2026] [php:error] [pid 46901] [client 20.220.144.75:0] script '/domains/hofficer1/function.php' not found or unable to stat
[Sun Feb 08 02:04:26.748579 2026] [php:error] [pid 46901] [client 20.220.144.75:0] script '/domains/hofficer1/sx.php' not found or unable to stat
[Sun Feb 08 02:04:26.903596 2026] [php:error] [pid 46901] [client 20.220.144.75:0] script '/domains/hofficer1/network.php' not found or unable to stat
[Sun Feb 08 02:04:26.927935 2026] [php:error] [pid 46901] [client 20.220.144.75:0] script '/domains/hofficer1/cloud.php' not found or unable to stat
[Sun Feb 08 02:04:26.952877 2026] [php:error] [pid 46901] [client 20.220.144.75:0] script '/domains/hofficer1/file7.php' not found or unable to stat
[Sun Feb 08 02:04:26.981269 2026] [php:error] [pid 46901] [client 20.220.144.75:0] script '/domains/hofficer1/makeasmtp.php' not found or unable to stat
[Sun Feb 08 02:04:27.005312 2026] [php:error] [pid 46901] [client 20.220.144.75:0] script '/domains/hofficer1/plugin.php' not found or unable to stat
[Sun Feb 08 02:04:27.040696 2026] [php:error] [pid 46901] [client 20.220.144.75:0] script '/domains/hofficer1/ws.php.php' not found or unable to stat
[Sun Feb 08 02:04:27.065028 2026] [php:error] [pid 46901] [client 20.220.144.75:0] script '/domains/hofficer1/cc.php' not found or unable to stat
[Sun Feb 08 02:04:27.096703 2026] [php:error] [pid 46901] [client 20.220.144.75:0] script '/domains/hofficer1/db.php' not found or unable to stat
[Sun Feb 08 02:04:27.121564 2026] [php:error] [pid 46901] [client 20.220.144.75:0] script '/domains/hofficer1/edit.php' not found or unable to stat
[Sun Feb 08 02:04:27.152686 2026] [php:error] [pid 46901] [client 20.220.144.75:0] script '/domains/hofficer1/fosil.php' not found or unable to stat
[Sun Feb 08 02:04:27.176749 2026] [php:error] [pid 46901] [client 20.220.144.75:0] script '/domains/hofficer1/content.php' not found or unable to stat
[Sun Feb 08 02:04:27.200621 2026] [php:error] [pid 46901] [client 20.220.144.75:0] script '/domains/hofficer1/k.php' not found or unable to stat
[Sun Feb 08 02:04:27.224810 2026] [php:error] [pid 46901] [client 20.220.144.75:0] script '/domains/hofficer1/abouts.php' not found or unable to stat
[Sun Feb 08 02:04:27.273552 2026] [php:error] [pid 46901] [client 20.220.144.75:0] script '/domains/hofficer1/1.php' not found or unable to stat
[Sun Feb 08 02:04:27.303623 2026] [php:error] [pid 46901] [client 20.220.144.75:0] script '/domains/hofficer1/moon.php' not found or unable to stat
[Sun Feb 08 02:04:27.340421 2026] [php:error] [pid 46901] [client 20.220.144.75:0] script '/domains/hofficer1/issue.php' not found or unable to stat
[Sun Feb 08 02:04:27.364390 2026] [php:error] [pid 46901] [client 20.220.144.75:0] script '/domains/hofficer1/log.php' not found or unable to stat
[Sun Feb 08 02:04:27.446762 2026] [php:error] [pid 46901] [client 20.220.144.75:0] script '/domains/hofficer1/text.php' not found or unable to stat
[Sun Feb 08 02:04:27.494309 2026] [php:error] [pid 46901] [client 20.220.144.75:0] script '/domains/hofficer1/system_log.php' not found or unable to stat
[Sun Feb 08 02:04:27.518453 2026] [php:error] [pid 46901] [client 20.220.144.75:0] script '/domains/hofficer1/tinyfilemanager.php' not found or unable to stat
[Sun Feb 08 02:04:27.556062 2026] [php:error] [pid 46901] [client 20.220.144.75:0] script '/domains/hofficer1/file13.php' not found or unable to stat
[Sun Feb 08 02:04:27.580270 2026] [php:error] [pid 46901] [client 20.220.144.75:0] script '/domains/hofficer1/wp-activate.php' not found or unable to stat
[Sun Feb 08 02:04:27.619483 2026] [php:error] [pid 46901] [client 20.220.144.75:0] script '/domains/hofficer1/Xleet.php' not found or unable to stat
[Sun Feb 08 02:04:27.691268 2026] [php:error] [pid 46901] [client 20.220.144.75:0] script '/domains/hofficer1/f.php' not found or unable to stat
[Sun Feb 08 02:04:27.858714 2026] [php:error] [pid 46900] [client 20.187.78.62:0] script '/domains/bruceweb/class-t.api.php' not found or unable to stat
[Sun Feb 08 02:04:27.870065 2026] [php:error] [pid 46901] [client 20.220.144.75:0] script '/domains/hofficer1/wp-class.php' not found or unable to stat
[Sun Feb 08 02:04:27.894958 2026] [php:error] [pid 46901] [client 20.220.144.75:0] script '/domains/hofficer1/json.php' not found or unable to stat
[Sun Feb 08 02:04:27.934712 2026] [php:error] [pid 46901] [client 20.220.144.75:0] script '/domains/hofficer1/rk2.php' not found or unable to stat
[Sun Feb 08 02:04:27.958945 2026] [php:error] [pid 46901] [client 20.220.144.75:0] script '/domains/hofficer1/wp-2019.php' not found or unable to stat
[Sun Feb 08 02:04:28.633712 2026] [php:error] [pid 46900] [client 20.187.78.62:0] script '/domains/bruceweb/indoxploit.php' not found or unable to stat
[Sun Feb 08 02:04:28.643712 2026] [php:error] [pid 46901] [client 20.220.144.75:0] script '/domains/hofficer1/click.php' not found or unable to stat
[Sun Feb 08 02:04:28.683869 2026] [php:error] [pid 46901] [client 20.220.144.75:0] script '/domains/hofficer1/simple.php' not found or unable to stat
[Sun Feb 08 02:04:28.734674 2026] [php:error] [pid 46901] [client 20.220.144.75:0] script '/domains/hofficer1/wp-mail.php' not found or unable to stat
[Sun Feb 08 02:04:28.760661 2026] [php:error] [pid 46901] [client 20.220.144.75:0] script '/domains/hofficer1/wsoyanz1.php' not found or unable to stat
[Sun Feb 08 02:04:28.803295 2026] [php:error] [pid 46901] [client 20.220.144.75:0] script '/domains/hofficer1/file6.php' not found or unable to stat
[Sun Feb 08 02:04:28.856624 2026] [php:error] [pid 46901] [client 20.220.144.75:0] script '/domains/hofficer1/file8.php' not found or unable to stat
[Sun Feb 08 02:04:28.881374 2026] [php:error] [pid 46901] [client 20.220.144.75:0] script '/domains/hofficer1/system.php' not found or unable to stat
[Sun Feb 08 02:04:28.906934 2026] [php:error] [pid 46901] [client 20.220.144.75:0] script '/domains/hofficer1/dropdown.php' not found or unable to stat
[Sun Feb 08 02:04:28.932899 2026] [php:error] [pid 46901] [client 20.220.144.75:0] script '/domains/hofficer1/plugins.php' not found or unable to stat
[Sun Feb 08 02:04:28.994508 2026] [php:error] [pid 46901] [client 20.220.144.75:0] script '/domains/hofficer1/goat1.php' not found or unable to stat
[Sun Feb 08 02:04:29.024397 2026] [php:error] [pid 46901] [client 20.220.144.75:0] script '/domains/hofficer1/mar.php' not found or unable to stat
[Sun Feb 08 02:04:29.058768 2026] [php:error] [pid 46901] [client 20.220.144.75:0] script '/domains/hofficer1/wp-trackback.php' not found or unable to stat
[Sun Feb 08 02:04:29.082863 2026] [php:error] [pid 46901] [client 20.220.144.75:0] script '/domains/hofficer1/item.php' not found or unable to stat
[Sun Feb 08 02:04:29.192674 2026] [php:error] [pid 46901] [client 20.220.144.75:0] script '/domains/hofficer1/verify.php' not found or unable to stat
[Sun Feb 08 02:04:29.248025 2026] [php:error] [pid 46901] [client 20.220.144.75:0] script '/domains/hofficer1/maint.php' not found or unable to stat
[Sun Feb 08 02:04:29.274875 2026] [php:error] [pid 46901] [client 20.220.144.75:0] script '/domains/hofficer1/file.php' not found or unable to stat
[Sun Feb 08 02:04:29.302012 2026] [php:error] [pid 46901] [client 20.220.144.75:0] script '/domains/hofficer1/wp-configss.php' not found or unable to stat
[Sun Feb 08 02:04:29.326366 2026] [php:error] [pid 46901] [client 20.220.144.75:0] script '/domains/hofficer1/Mhbgf.php' not found or unable to stat
[Sun Feb 08 02:04:29.362278 2026] [php:error] [pid 46901] [client 20.220.144.75:0] script '/domains/hofficer1/w.php' not found or unable to stat
[Sun Feb 08 02:04:29.387316 2026] [php:error] [pid 46901] [client 20.220.144.75:0] script '/domains/hofficer1/admin2.php' not found or unable to stat
[Sun Feb 08 02:04:29.411541 2026] [php:error] [pid 46901] [client 20.220.144.75:0] script '/domains/hofficer1/about.php' not found or unable to stat
[Sun Feb 08 02:04:29.477928 2026] [php:error] [pid 46900] [client 20.187.78.62:0] script '/domains/bruceweb/shell.php' not found or unable to stat
[Sun Feb 08 02:04:29.574026 2026] [php:error] [pid 46901] [client 20.220.144.75:0] script '/domains/hofficer1/berlin.php' not found or unable to stat
[Sun Feb 08 02:04:29.683281 2026] [php:error] [pid 46901] [client 20.220.144.75:0] script '/domains/hofficer1/wp-blog-header.php' not found or unable to stat
[Sun Feb 08 02:04:29.722639 2026] [php:error] [pid 46901] [client 20.220.144.75:0] script '/domains/hofficer1/updates.php' not found or unable to stat
[Sun Feb 08 02:04:29.849519 2026] [php:error] [pid 46900] [client 20.187.78.62:0] script '/domains/bruceweb/system.php' not found or unable to stat
[Sun Feb 08 02:04:30.041103 2026] [php:error] [pid 46901] [client 20.220.144.75:0] script '/domains/hofficer1/goat.php' not found or unable to stat
[Sun Feb 08 02:04:30.064996 2026] [php:error] [pid 46901] [client 20.220.144.75:0] script '/domains/hofficer1/vuln.php' not found or unable to stat
[Sun Feb 08 02:04:30.122482 2026] [php:error] [pid 46901] [client 20.220.144.75:0] script '/domains/hofficer1/upgrade.php' not found or unable to stat
[Sun Feb 08 02:04:30.149552 2026] [php:error] [pid 46901] [client 20.220.144.75:0] script '/domains/hofficer1/info.php' not found or unable to stat
[Sun Feb 08 02:04:30.173989 2026] [php:error] [pid 46901] [client 20.220.144.75:0] script '/domains/hofficer1/elFinderConnector.class.php' not found or unable to stat
[Sun Feb 08 02:04:30.206649 2026] [php:error] [pid 46901] [client 20.220.144.75:0] script '/domains/hofficer1/a.php' not found or unable to stat
[Sun Feb 08 02:04:30.230868 2026] [php:error] [pid 46901] [client 20.220.144.75:0] script '/domains/hofficer1/autoload_classmap.php' not found or unable to stat
[Sun Feb 08 02:04:30.270679 2026] [php:error] [pid 46901] [client 20.220.144.75:0] script '/domains/hofficer1/up.php' not found or unable to stat
[Sun Feb 08 02:04:30.297087 2026] [php:error] [pid 46901] [client 20.220.144.75:0] script '/domains/hofficer1/wp-files.php' not found or unable to stat
[Sun Feb 08 02:04:30.323928 2026] [php:error] [pid 46901] [client 20.220.144.75:0] script '/domains/hofficer1/filemanager.php' not found or unable to stat
[Sun Feb 08 02:04:30.351602 2026] [php:error] [pid 46901] [client 20.220.144.75:0] script '/domains/hofficer1/c.php' not found or unable to stat
[Sun Feb 08 02:04:30.782894 2026] [php:error] [pid 46900] [client 20.187.78.62:0] script '/domains/bruceweb/wp-admin.php' not found or unable to stat
[Sun Feb 08 02:04:33.788131 2026] [php:error] [pid 46900] [client 20.187.78.62:0] script '/domains/bruceweb/wp-block.php' not found or unable to stat
[Sun Feb 08 02:04:34.133513 2026] [php:error] [pid 46857] [client 20.151.2.11:0] script '/domains/rextrav/x9.php' not found or unable to stat
[Sun Feb 08 02:04:34.155438 2026] [php:error] [pid 46857] [client 20.151.2.11:0] script '/domains/rextrav/grsiuk.php' not found or unable to stat
[Sun Feb 08 02:04:34.198744 2026] [php:error] [pid 46857] [client 20.151.2.11:0] script '/domains/rextrav/byel.php' not found or unable to stat
[Sun Feb 08 02:04:34.220891 2026] [php:error] [pid 46857] [client 20.151.2.11:0] script '/domains/rextrav/layou.php' not found or unable to stat
[Sun Feb 08 02:04:34.243095 2026] [php:error] [pid 46857] [client 20.151.2.11:0] script '/domains/rextrav/lgsts.php' not found or unable to stat
[Sun Feb 08 02:04:34.265008 2026] [php:error] [pid 46857] [client 20.151.2.11:0] script '/domains/rextrav/tourpa.php' not found or unable to stat
[Sun Feb 08 02:04:34.287148 2026] [php:error] [pid 46857] [client 20.151.2.11:0] script '/domains/rextrav/yvtuizub.php' not found or unable to stat
[Sun Feb 08 02:04:34.308916 2026] [php:error] [pid 46857] [client 20.151.2.11:0] script '/domains/rextrav/mln.php' not found or unable to stat
[Sun Feb 08 02:04:34.334111 2026] [php:error] [pid 46857] [client 20.151.2.11:0] script '/domains/rextrav/inege.php' not found or unable to stat
[Sun Feb 08 02:04:35.807186 2026] [php:error] [pid 46900] [client 20.187.78.62:0] script '/domains/bruceweb/wp-good.php' not found or unable to stat
[Sun Feb 08 02:04:38.965688 2026] [php:error] [pid 46904] [client 20.213.25.204:0] script '/domains/system_suspended/rip.php' not found or unable to stat
[Sun Feb 08 02:04:39.168662 2026] [php:error] [pid 46904] [client 20.213.25.204:0] script '/domains/system_suspended/ms-edit.php' not found or unable to stat
[Sun Feb 08 02:04:39.377491 2026] [php:error] [pid 46904] [client 20.213.25.204:0] script '/domains/system_suspended/about.php' not found or unable to stat
[Sun Feb 08 02:04:39.994823 2026] [php:error] [pid 46904] [client 20.213.25.204:0] script '/domains/system_suspended/admin.php' not found or unable to stat
[Sun Feb 08 02:04:40.198763 2026] [php:error] [pid 46904] [client 20.213.25.204:0] script '/domains/system_suspended/ioxi-o.php' not found or unable to stat
[Sun Feb 08 02:04:40.611483 2026] [php:error] [pid 46904] [client 20.213.25.204:0] script '/domains/system_suspended/adminfuns.php' not found or unable to stat
[Sun Feb 08 02:04:41.230068 2026] [php:error] [pid 46904] [client 20.213.25.204:0] script '/domains/system_suspended/goods.php' not found or unable to stat
[Sun Feb 08 02:04:41.433378 2026] [php:error] [pid 46904] [client 20.213.25.204:0] script '/domains/system_suspended/sf.php' not found or unable to stat
[Sun Feb 08 02:04:42.373880 2026] [php:error] [pid 46907] [client 20.187.78.62:0] script '/domains/bruceweb/01.php' not found or unable to stat
[Sun Feb 08 02:04:43.176352 2026] [php:error] [pid 46907] [client 20.187.78.62:0] script '/domains/bruceweb/222.php' not found or unable to stat
[Sun Feb 08 02:04:43.283948 2026] [php:error] [pid 46904] [client 20.213.25.204:0] script '/domains/system_suspended/222.php' not found or unable to stat
[Sun Feb 08 02:04:43.396047 2026] [php:error] [pid 46907] [client 20.187.78.62:0] script '/domains/bruceweb/403.php' not found or unable to stat
[Sun Feb 08 02:04:43.488288 2026] [php:error] [pid 46904] [client 20.213.25.204:0] script '/domains/system_suspended/abcd.php' not found or unable to stat
[Sun Feb 08 02:04:43.624782 2026] [php:error] [pid 46907] [client 20.187.78.62:0] script '/domains/bruceweb/404.php' not found or unable to stat
[Sun Feb 08 02:04:43.690918 2026] [php:error] [pid 46904] [client 20.213.25.204:0] script '/domains/system_suspended/class-t.api.php' not found or unable to stat
[Sun Feb 08 02:04:43.828841 2026] [php:error] [pid 46907] [client 20.187.78.62:0] script '/domains/bruceweb/Q.php' not found or unable to stat
[Sun Feb 08 02:04:43.896466 2026] [php:error] [pid 46904] [client 20.213.25.204:0] script '/domains/system_suspended/classwithtostring.php' not found or unable to stat
[Sun Feb 08 02:04:44.101186 2026] [php:error] [pid 46904] [client 20.213.25.204:0] script '/domains/system_suspended/file.php' not found or unable to stat
[Sun Feb 08 02:04:44.307606 2026] [php:error] [pid 46904] [client 20.213.25.204:0] script '/domains/system_suspended/info.php' not found or unable to stat
[Sun Feb 08 02:04:44.654579 2026] [php:error] [pid 46907] [client 20.187.78.62:0] script '/domains/bruceweb/WSO.php' not found or unable to stat
[Sun Feb 08 02:04:44.876323 2026] [php:error] [pid 46907] [client 20.187.78.62:0] script '/domains/bruceweb/abc.php' not found or unable to stat
[Sun Feb 08 02:04:45.398077 2026] [php:error] [pid 46907] [client 20.187.78.62:0] script '/domains/bruceweb/abcd.php' not found or unable to stat
[Sun Feb 08 02:04:45.953572 2026] [php:error] [pid 46904] [client 20.213.25.204:0] script '/domains/system_suspended/wp-good.php' not found or unable to stat
[Sun Feb 08 02:04:48.529073 2026] [php:error] [pid 46907] [client 20.187.78.62:0] script '/domains/bruceweb/byp.php' not found or unable to stat
[Sun Feb 08 02:04:49.272313 2026] [php:error] [pid 46907] [client 20.187.78.62:0] script '/domains/bruceweb/c.php' not found or unable to stat
[Sun Feb 08 02:04:49.574058 2026] [php:error] [pid 46907] [client 20.187.78.62:0] script '/domains/bruceweb/ca4.php' not found or unable to stat
[Sun Feb 08 02:04:50.900907 2026] [php:error] [pid 46907] [client 20.187.78.62:0] script '/domains/bruceweb/config.php' not found or unable to stat
[Sun Feb 08 02:04:51.481022 2026] [php:error] [pid 46907] [client 20.187.78.62:0] script '/domains/bruceweb/content.php' not found or unable to stat
[Sun Feb 08 02:04:51.690482 2026] [php:error] [pid 46907] [client 20.187.78.62:0] script '/domains/bruceweb/favicon.php' not found or unable to stat
[Sun Feb 08 02:04:51.899343 2026] [php:error] [pid 46907] [client 20.187.78.62:0] script '/domains/bruceweb/file56.php' not found or unable to stat
[Sun Feb 08 02:04:52.117125 2026] [php:error] [pid 46907] [client 20.187.78.62:0] script '/domains/bruceweb/flower.php' not found or unable to stat
[Sun Feb 08 02:04:52.334358 2026] [php:error] [pid 46907] [client 20.187.78.62:0] script '/domains/bruceweb/fw.php' not found or unable to stat
[Sun Feb 08 02:04:52.560878 2026] [php:error] [pid 46907] [client 20.187.78.62:0] script '/domains/bruceweb/gecko-new.php' not found or unable to stat
[Sun Feb 08 02:06:32.467230 2026] [php:error] [pid 46916] [client 20.42.209.0:0] script '/domains/fbardin/bootstrap.php' not found or unable to stat
[Sun Feb 08 02:06:32.871655 2026] [php:error] [pid 46916] [client 20.42.209.0:0] script '/domains/fbardin/24name.php' not found or unable to stat
[Sun Feb 08 02:06:33.074463 2026] [php:error] [pid 46916] [client 20.42.209.0:0] script '/domains/fbardin/b7.php' not found or unable to stat
[Sun Feb 08 02:06:33.277285 2026] [php:error] [pid 46916] [client 20.42.209.0:0] script '/domains/fbardin/ms.php' not found or unable to stat
[Sun Feb 08 02:06:33.479439 2026] [php:error] [pid 46916] [client 20.42.209.0:0] script '/domains/fbardin/ava.php' not found or unable to stat
[Sun Feb 08 02:06:34.088731 2026] [php:error] [pid 46916] [client 20.42.209.0:0] script '/domains/fbardin/h02ugyh.php' not found or unable to stat
[Sun Feb 08 02:06:34.492291 2026] [php:error] [pid 46916] [client 20.42.209.0:0] script '/domains/fbardin/ovakmrurz.php' not found or unable to stat
[Sun Feb 08 02:06:34.896390 2026] [php:error] [pid 46916] [client 20.42.209.0:0] script '/domains/fbardin/fetch.php' not found or unable to stat
[Sun Feb 08 02:06:35.098351 2026] [php:error] [pid 46916] [client 20.42.209.0:0] script '/domains/fbardin/155.php' not found or unable to stat
[Sun Feb 08 02:06:35.299995 2026] [php:error] [pid 46916] [client 20.42.209.0:0] script '/domains/fbardin/proxy.php' not found or unable to stat
[Sun Feb 08 02:06:35.503813 2026] [php:error] [pid 46916] [client 20.42.209.0:0] script '/domains/fbardin/cxc.php' not found or unable to stat
[Sun Feb 08 02:06:35.705630 2026] [php:error] [pid 46916] [client 20.42.209.0:0] script '/domains/fbardin/grsiuk.php' not found or unable to stat
[Sun Feb 08 02:06:35.907615 2026] [php:error] [pid 46916] [client 20.42.209.0:0] script '/domains/fbardin/6.php' not found or unable to stat
[Sun Feb 08 02:06:36.109249 2026] [php:error] [pid 46916] [client 20.42.209.0:0] script '/domains/fbardin/bolt.php' not found or unable to stat
[Sun Feb 08 02:06:36.310974 2026] [php:error] [pid 46916] [client 20.42.209.0:0] script '/domains/fbardin/inege.php' not found or unable to stat
[Sun Feb 08 02:06:36.516191 2026] [php:error] [pid 46916] [client 20.42.209.0:0] script '/domains/fbardin/common.php' not found or unable to stat
[Sun Feb 08 02:06:37.121784 2026] [php:error] [pid 46916] [client 20.42.209.0:0] script '/domains/fbardin/inc.php' not found or unable to stat
[Sun Feb 08 02:06:37.728183 2026] [php:error] [pid 46916] [client 20.42.209.0:0] script '/domains/fbardin/lib.php' not found or unable to stat
[Sun Feb 08 02:06:37.929853 2026] [php:error] [pid 46916] [client 20.42.209.0:0] script '/domains/fbardin/asz.php' not found or unable to stat
[Sun Feb 08 02:06:38.333773 2026] [php:error] [pid 46916] [client 20.42.209.0:0] script '/domains/fbardin/weo.php' not found or unable to stat
