[Sun Feb 08 02:24:53.835829 2026] [php:error] [pid 52745] [client 4.241.184.25:0] script '/domains/koenig.interport/1337.php' not found or unable to stat
[Sun Feb 08 02:24:53.993390 2026] [php:error] [pid 52745] [client 4.241.184.25:0] script '/domains/koenig.interport/test.php' not found or unable to stat
[Sun Feb 08 02:24:54.163559 2026] [php:error] [pid 52745] [client 4.241.184.25:0] script '/domains/koenig.interport/menu.php' not found or unable to stat
[Sun Feb 08 02:24:54.322032 2026] [php:error] [pid 52745] [client 4.241.184.25:0] script '/domains/koenig.interport/content.php' not found or unable to stat
[Sun Feb 08 02:24:54.492048 2026] [php:error] [pid 52745] [client 4.241.184.25:0] script '/domains/koenig.interport/wqqs.php' not found or unable to stat
[Sun Feb 08 02:24:54.666197 2026] [php:error] [pid 52745] [client 4.241.184.25:0] script '/domains/koenig.interport/ole.php' not found or unable to stat
[Sun Feb 08 02:24:54.980405 2026] [php:error] [pid 52745] [client 4.241.184.25:0] script '/domains/koenig.interport/p.php' not found or unable to stat
[Sun Feb 08 02:24:55.156685 2026] [php:error] [pid 52745] [client 4.241.184.25:0] script '/domains/koenig.interport/ak.php' not found or unable to stat
[Sun Feb 08 02:24:55.471031 2026] [php:error] [pid 52745] [client 4.241.184.25:0] script '/domains/koenig.interport/mds.php' not found or unable to stat
[Sun Feb 08 02:24:55.628413 2026] [php:error] [pid 52745] [client 4.241.184.25:0] script '/domains/koenig.interport/ellv3.php' not found or unable to stat
[Sun Feb 08 02:24:55.787606 2026] [php:error] [pid 52745] [client 4.241.184.25:0] script '/domains/koenig.interport/inputs.php' not found or unable to stat
[Sun Feb 08 02:24:55.945776 2026] [php:error] [pid 52745] [client 4.241.184.25:0] script '/domains/koenig.interport/ffd.php' not found or unable to stat
[Sun Feb 08 02:24:56.261263 2026] [php:error] [pid 52745] [client 4.241.184.25:0] script '/domains/koenig.interport/x_3.php' not found or unable to stat
[Sun Feb 08 02:24:56.418645 2026] [php:error] [pid 52745] [client 4.241.184.25:0] script '/domains/koenig.interport/wp_wlx.php' not found or unable to stat
[Sun Feb 08 02:24:57.419089 2026] [php:error] [pid 52697] [client 4.241.184.25:0] script '/domains/koenig.interport/oivcl.php' not found or unable to stat
[Sun Feb 08 02:24:57.741249 2026] [php:error] [pid 52697] [client 4.241.184.25:0] script '/domains/koenig.interport/o.php' not found or unable to stat
[Sun Feb 08 02:24:57.898257 2026] [php:error] [pid 52697] [client 4.241.184.25:0] script '/domains/koenig.interport/asd67.php' not found or unable to stat
[Sun Feb 08 02:24:58.370237 2026] [php:error] [pid 52697] [client 4.241.184.25:0] script '/domains/koenig.interport/mar.php' not found or unable to stat
[Sun Feb 08 02:24:58.527262 2026] [php:error] [pid 52697] [client 4.241.184.25:0] script '/domains/koenig.interport/raw.php' not found or unable to stat
[Sun Feb 08 02:24:58.684832 2026] [php:error] [pid 52697] [client 4.241.184.25:0] script '/domains/koenig.interport/a2.php' not found or unable to stat
[Sun Feb 08 02:24:58.999096 2026] [php:error] [pid 52697] [client 4.241.184.25:0] script '/domains/koenig.interport/mal.php' not found or unable to stat
[Sun Feb 08 02:24:59.314046 2026] [php:error] [pid 52697] [client 4.241.184.25:0] script '/domains/koenig.interport/flower.php' not found or unable to stat
[Sun Feb 08 02:24:59.787399 2026] [php:error] [pid 52697] [client 4.241.184.25:0] script '/domains/koenig.interport/ph33w.php' not found or unable to stat
[Sun Feb 08 02:24:59.945394 2026] [php:error] [pid 52697] [client 4.241.184.25:0] script '/domains/koenig.interport/cv.php' not found or unable to stat
[Sun Feb 08 02:25:00.260582 2026] [php:error] [pid 52697] [client 4.241.184.25:0] script '/domains/koenig.interport/wp4.php' not found or unable to stat
[Sun Feb 08 02:25:00.574351 2026] [php:error] [pid 52697] [client 4.241.184.25:0] script '/domains/koenig.interport/dropdown.php' not found or unable to stat
[Sun Feb 08 02:25:00.731824 2026] [php:error] [pid 52697] [client 4.241.184.25:0] script '/domains/koenig.interport/sxo.php' not found or unable to stat
[Sun Feb 08 02:25:00.927031 2026] [php:error] [pid 52697] [client 4.241.184.25:0] script '/domains/koenig.interport/2026.php' not found or unable to stat
[Sun Feb 08 02:25:01.120551 2026] [php:error] [pid 52697] [client 4.241.184.25:0] script '/domains/koenig.interport/wp.php' not found or unable to stat
[Sun Feb 08 02:25:01.277604 2026] [php:error] [pid 52697] [client 4.241.184.25:0] script '/domains/koenig.interport/sto.php' not found or unable to stat
[Sun Feb 08 02:25:01.434311 2026] [php:error] [pid 52697] [client 4.241.184.25:0] script '/domains/koenig.interport/h.php' not found or unable to stat
[Sun Feb 08 02:25:01.500269 2026] [php:error] [pid 52745] [client 20.238.51.51:0] script '/domains/sjsachs/x9.php' not found or unable to stat
[Sun Feb 08 02:25:01.572158 2026] [php:error] [pid 52745] [client 20.238.51.51:0] script '/domains/sjsachs/grsiuk.php' not found or unable to stat
[Sun Feb 08 02:25:01.591241 2026] [php:error] [pid 52697] [client 4.241.184.25:0] script '/domains/koenig.interport/tphp.php' not found or unable to stat
[Sun Feb 08 02:25:01.644296 2026] [php:error] [pid 52745] [client 20.238.51.51:0] script '/domains/sjsachs/byel.php' not found or unable to stat
[Sun Feb 08 02:25:01.716371 2026] [php:error] [pid 52745] [client 20.238.51.51:0] script '/domains/sjsachs/layou.php' not found or unable to stat
[Sun Feb 08 02:25:01.748288 2026] [php:error] [pid 52697] [client 4.241.184.25:0] script '/domains/koenig.interport/cs.php' not found or unable to stat
[Sun Feb 08 02:25:01.793151 2026] [php:error] [pid 52745] [client 20.238.51.51:0] script '/domains/sjsachs/lgsts.php' not found or unable to stat
[Sun Feb 08 02:25:01.864871 2026] [php:error] [pid 52745] [client 20.238.51.51:0] script '/domains/sjsachs/tourpa.php' not found or unable to stat
[Sun Feb 08 02:25:01.924577 2026] [php:error] [pid 52697] [client 4.241.184.25:0] script '/domains/koenig.interport/user.php' not found or unable to stat
[Sun Feb 08 02:25:01.936404 2026] [php:error] [pid 52745] [client 20.238.51.51:0] script '/domains/sjsachs/yvtuizub.php' not found or unable to stat
[Sun Feb 08 02:25:02.007794 2026] [php:error] [pid 52745] [client 20.238.51.51:0] script '/domains/sjsachs/mln.php' not found or unable to stat
[Sun Feb 08 02:25:02.079757 2026] [php:error] [pid 52745] [client 20.238.51.51:0] script '/domains/sjsachs/inege.php' not found or unable to stat
[Sun Feb 08 02:25:02.254754 2026] [php:error] [pid 52697] [client 4.241.184.25:0] script '/domains/koenig.interport/8xyz.php' not found or unable to stat
[Sun Feb 08 02:25:02.572505 2026] [php:error] [pid 52697] [client 4.241.184.25:0] script '/domains/koenig.interport/rezor.php' not found or unable to stat
[Sun Feb 08 02:25:02.729783 2026] [php:error] [pid 52697] [client 4.241.184.25:0] script '/domains/koenig.interport/Wp-good.php' not found or unable to stat
[Sun Feb 08 02:25:02.900326 2026] [php:error] [pid 52697] [client 4.241.184.25:0] script '/domains/koenig.interport/ze.php' not found or unable to stat
[Sun Feb 08 02:25:03.057439 2026] [php:error] [pid 52697] [client 4.241.184.25:0] script '/domains/koenig.interport/bgymj.php' not found or unable to stat
[Sun Feb 08 02:25:03.214813 2026] [php:error] [pid 52697] [client 4.241.184.25:0] script '/domains/koenig.interport/jmfi2.php' not found or unable to stat
[Sun Feb 08 02:25:03.373416 2026] [php:error] [pid 52697] [client 4.241.184.25:0] script '/domains/koenig.interport/x7.php' not found or unable to stat
[Sun Feb 08 02:25:03.530361 2026] [php:error] [pid 52697] [client 4.241.184.25:0] script '/domains/koenig.interport/hey.php' not found or unable to stat
[Sun Feb 08 02:25:04.183841 2026] [php:error] [pid 52697] [client 4.241.184.25:0] script '/domains/koenig.interport/gib.php' not found or unable to stat
[Sun Feb 08 02:25:04.344412 2026] [php:error] [pid 52697] [client 4.241.184.25:0] script '/domains/koenig.interport/wso.php' not found or unable to stat
[Sun Feb 08 02:25:04.513071 2026] [php:error] [pid 52697] [client 4.241.184.25:0] script '/domains/koenig.interport/x.php' not found or unable to stat
[Sun Feb 08 02:25:14.786409 2026] [php:error] [pid 52755] [client 144.172.110.138:0] script '/domains/micra/adminer.php' not found or unable to stat
[Sun Feb 08 02:25:50.771868 2026] [php:error] [pid 52766] [client 20.205.200.255:0] script '/domains/afglcweb/admin.php' not found or unable to stat
[Sun Feb 08 02:25:51.012179 2026] [php:error] [pid 52766] [client 20.205.200.255:0] script '/domains/afglcweb/manager.php' not found or unable to stat
[Sun Feb 08 02:25:53.182634 2026] [php:error] [pid 52766] [client 20.205.200.255:0] script '/domains/afglcweb/wp-sing.php' not found or unable to stat
[Sun Feb 08 02:25:53.415967 2026] [php:error] [pid 52766] [client 20.205.200.255:0] script '/domains/afglcweb/goods.php' not found or unable to stat
[Sun Feb 08 02:25:53.665938 2026] [php:error] [pid 52766] [client 20.205.200.255:0] script '/domains/afglcweb/chosen.php' not found or unable to stat
[Sun Feb 08 02:25:53.907957 2026] [php:error] [pid 52766] [client 20.205.200.255:0] script '/domains/afglcweb/term.php' not found or unable to stat
[Sun Feb 08 02:25:54.389578 2026] [php:error] [pid 52766] [client 20.205.200.255:0] script '/domains/afglcweb/wpc.php' not found or unable to stat
[Sun Feb 08 02:25:54.648365 2026] [php:error] [pid 52766] [client 20.205.200.255:0] script '/domains/afglcweb/about.php' not found or unable to stat
[Sun Feb 08 02:25:54.896197 2026] [php:error] [pid 52766] [client 20.205.200.255:0] script '/domains/afglcweb/deepseek_d.php' not found or unable to stat
[Sun Feb 08 02:25:55.939244 2026] [php:error] [pid 52766] [client 20.205.200.255:0] script '/domains/afglcweb/elp.php' not found or unable to stat
[Sun Feb 08 02:25:56.644155 2026] [php:error] [pid 52766] [client 20.205.200.255:0] script '/domains/afglcweb/bless.php' not found or unable to stat
[Sun Feb 08 02:25:57.632145 2026] [php:error] [pid 52766] [client 20.205.200.255:0] script '/domains/afglcweb/edit.php' not found or unable to stat
[Sun Feb 08 02:25:58.579501 2026] [php:error] [pid 52766] [client 20.205.200.255:0] script '/domains/afglcweb/simple.php' not found or unable to stat
[Sun Feb 08 02:25:59.457587 2026] [php:error] [pid 52766] [client 20.205.200.255:0] script '/domains/afglcweb/wp-login.php' not found or unable to stat
[Sun Feb 08 02:26:00.171785 2026] [php:error] [pid 52766] [client 20.205.200.255:0] script '/domains/afglcweb/ioxi-o.php' not found or unable to stat
[Sun Feb 08 02:26:01.307088 2026] [php:error] [pid 52766] [client 20.205.200.255:0] script '/domains/afglcweb/test.php' not found or unable to stat
[Sun Feb 08 02:26:02.929927 2026] [php:error] [pid 52766] [client 20.205.200.255:0] script '/domains/afglcweb/classwithtostring.php' not found or unable to stat
[Sun Feb 08 02:26:04.070117 2026] [php:error] [pid 52766] [client 20.205.200.255:0] script '/domains/afglcweb/2.php' not found or unable to stat
[Sun Feb 08 02:26:04.314137 2026] [php:error] [pid 52766] [client 20.205.200.255:0] script '/domains/afglcweb/functions.php' not found or unable to stat
[Sun Feb 08 02:26:06.175431 2026] [php:error] [pid 52766] [client 20.205.200.255:0] script '/domains/afglcweb/aaa.php' not found or unable to stat
[Sun Feb 08 02:26:06.888798 2026] [php:error] [pid 52766] [client 20.205.200.255:0] script '/domains/afglcweb/inputs.php' not found or unable to stat
[Sun Feb 08 02:26:07.515417 2026] [php:error] [pid 52766] [client 20.205.200.255:0] script '/domains/afglcweb/log.php' not found or unable to stat
[Sun Feb 08 02:26:08.393031 2026] [php:error] [pid 52766] [client 20.205.200.255:0] script '/domains/afglcweb/man.php' not found or unable to stat
[Sun Feb 08 02:26:09.190986 2026] [php:error] [pid 52766] [client 20.205.200.255:0] script '/domains/afglcweb/1.php' not found or unable to stat
[Sun Feb 08 02:26:09.700030 2026] [php:error] [pid 52766] [client 20.205.200.255:0] script '/domains/afglcweb/aa.php' not found or unable to stat
[Sun Feb 08 02:26:09.934623 2026] [php:error] [pid 52766] [client 20.205.200.255:0] script '/domains/afglcweb/dropdown.php' not found or unable to stat
[Sun Feb 08 02:26:10.173484 2026] [php:error] [pid 52766] [client 20.205.200.255:0] script '/domains/afglcweb/rtx.php' not found or unable to stat
[Sun Feb 08 02:26:13.560464 2026] [php:error] [pid 52766] [client 20.205.200.255:0] script '/domains/afglcweb/atomlib.php' not found or unable to stat
[Sun Feb 08 02:26:13.803070 2026] [php:error] [pid 52766] [client 20.205.200.255:0] script '/domains/afglcweb/info.php' not found or unable to stat
[Sun Feb 08 02:26:14.036271 2026] [php:error] [pid 52766] [client 20.205.200.255:0] script '/domains/afglcweb/lock360.php' not found or unable to stat
[Sun Feb 08 02:26:15.227100 2026] [php:error] [pid 52766] [client 20.205.200.255:0] script '/domains/afglcweb/vx.php' not found or unable to stat
[Sun Feb 08 02:26:16.854262 2026] [php:error] [pid 52766] [client 20.205.200.255:0] script '/domains/afglcweb/wp-content.php' not found or unable to stat
[Sun Feb 08 02:26:19.446808 2026] [php:error] [pid 52766] [client 20.205.200.255:0] script '/domains/afglcweb/adminfuns.php' not found or unable to stat
[Sun Feb 08 02:26:19.696945 2026] [php:error] [pid 52766] [client 20.205.200.255:0] script '/domains/afglcweb/ahax.php' not found or unable to stat
[Sun Feb 08 02:26:19.929829 2026] [php:error] [pid 52766] [client 20.205.200.255:0] script '/domains/afglcweb/autoload_classmap.php' not found or unable to stat
[Sun Feb 08 02:26:20.753633 2026] [php:error] [pid 52766] [client 20.205.200.255:0] script '/domains/afglcweb/file.php' not found or unable to stat
[Sun Feb 08 02:26:21.075188 2026] [php:error] [pid 52766] [client 20.205.200.255:0] script '/domains/afglcweb/file5.php' not found or unable to stat
[Sun Feb 08 02:26:24.587065 2026] [php:error] [pid 52766] [client 20.205.200.255:0] script '/domains/afglcweb/xmlrpc.php' not found or unable to stat
[Sun Feb 08 02:26:24.831610 2026] [php:error] [pid 52766] [client 20.205.200.255:0] script '/domains/afglcweb/alfa.php' not found or unable to stat
[Sun Feb 08 02:26:25.062603 2026] [php:error] [pid 52766] [client 20.205.200.255:0] script '/domains/afglcweb/as.php' not found or unable to stat
[Sun Feb 08 02:26:25.564187 2026] [php:error] [pid 52766] [client 20.205.200.255:0] script '/domains/afglcweb/class-t.api.php' not found or unable to stat
[Sun Feb 08 02:26:25.800043 2026] [php:error] [pid 52766] [client 20.205.200.255:0] script '/domains/afglcweb/indoxploit.php' not found or unable to stat
[Sun Feb 08 02:26:26.594187 2026] [php:error] [pid 52766] [client 20.205.200.255:0] script '/domains/afglcweb/shell.php' not found or unable to stat
[Sun Feb 08 02:26:27.302014 2026] [php:error] [pid 52766] [client 20.205.200.255:0] script '/domains/afglcweb/system.php' not found or unable to stat
[Sun Feb 08 02:26:27.535610 2026] [php:error] [pid 52766] [client 20.205.200.255:0] script '/domains/afglcweb/wp-admin.php' not found or unable to stat
[Sun Feb 08 02:26:29.592527 2026] [php:error] [pid 52766] [client 20.205.200.255:0] script '/domains/afglcweb/wp-block.php' not found or unable to stat
[Sun Feb 08 02:26:31.337914 2026] [php:error] [pid 52766] [client 20.205.200.255:0] script '/domains/afglcweb/wp-good.php' not found or unable to stat
[Sun Feb 08 02:26:33.972275 2026] [php:error] [pid 52770] [client 20.205.200.255:0] script '/domains/afglcweb/01.php' not found or unable to stat
[Sun Feb 08 02:26:34.204728 2026] [php:error] [pid 52770] [client 20.205.200.255:0] script '/domains/afglcweb/222.php' not found or unable to stat
[Sun Feb 08 02:26:35.020830 2026] [php:error] [pid 52770] [client 20.205.200.255:0] script '/domains/afglcweb/403.php' not found or unable to stat
[Sun Feb 08 02:26:35.252378 2026] [php:error] [pid 52770] [client 20.205.200.255:0] script '/domains/afglcweb/404.php' not found or unable to stat
[Sun Feb 08 02:26:35.493375 2026] [php:error] [pid 52770] [client 20.205.200.255:0] script '/domains/afglcweb/Q.php' not found or unable to stat
[Sun Feb 08 02:26:35.740758 2026] [php:error] [pid 52770] [client 20.205.200.255:0] script '/domains/afglcweb/WSO.php' not found or unable to stat
[Sun Feb 08 02:26:35.987251 2026] [php:error] [pid 52770] [client 20.205.200.255:0] script '/domains/afglcweb/abc.php' not found or unable to stat
[Sun Feb 08 02:26:36.786527 2026] [php:error] [pid 52770] [client 20.205.200.255:0] script '/domains/afglcweb/abcd.php' not found or unable to stat
[Sun Feb 08 02:26:37.122298 2026] [php:error] [pid 52755] [client 20.205.200.255:0] script '/domains/king1969/admin.php' not found or unable to stat
[Sun Feb 08 02:26:37.357748 2026] [php:error] [pid 52755] [client 20.205.200.255:0] script '/domains/king1969/manager.php' not found or unable to stat
[Sun Feb 08 02:26:38.827628 2026] [php:error] [pid 52770] [client 20.205.200.255:0] script '/domains/afglcweb/byp.php' not found or unable to stat
[Sun Feb 08 02:26:39.062025 2026] [php:error] [pid 52770] [client 20.205.200.255:0] script '/domains/afglcweb/c.php' not found or unable to stat
[Sun Feb 08 02:26:39.312260 2026] [php:error] [pid 52770] [client 20.205.200.255:0] script '/domains/afglcweb/ca4.php' not found or unable to stat
[Sun Feb 08 02:26:39.331652 2026] [php:error] [pid 52755] [client 20.205.200.255:0] script '/domains/king1969/wp-sing.php' not found or unable to stat
[Sun Feb 08 02:26:39.713005 2026] [php:error] [pid 52755] [client 20.205.200.255:0] script '/domains/king1969/goods.php' not found or unable to stat
[Sun Feb 08 02:26:39.933499 2026] [php:error] [pid 52755] [client 20.205.200.255:0] script '/domains/king1969/chosen.php' not found or unable to stat
[Sun Feb 08 02:26:40.166855 2026] [php:error] [pid 52755] [client 20.205.200.255:0] script '/domains/king1969/term.php' not found or unable to stat
[Sun Feb 08 02:26:40.898962 2026] [php:error] [pid 52755] [client 20.205.200.255:0] script '/domains/king1969/wpc.php' not found or unable to stat
[Sun Feb 08 02:26:41.125158 2026] [php:error] [pid 52770] [client 20.205.200.255:0] script '/domains/afglcweb/config.php' not found or unable to stat
[Sun Feb 08 02:26:41.158982 2026] [php:error] [pid 52755] [client 20.205.200.255:0] script '/domains/king1969/about.php' not found or unable to stat
[Sun Feb 08 02:26:41.357332 2026] [php:error] [pid 52770] [client 20.205.200.255:0] script '/domains/afglcweb/content.php' not found or unable to stat
[Sun Feb 08 02:26:41.385378 2026] [php:error] [pid 52755] [client 20.205.200.255:0] script '/domains/king1969/deepseek_d.php' not found or unable to stat
[Sun Feb 08 02:26:41.599055 2026] [php:error] [pid 52770] [client 20.205.200.255:0] script '/domains/afglcweb/favicon.php' not found or unable to stat
[Sun Feb 08 02:26:41.880675 2026] [php:error] [pid 52755] [client 20.205.200.255:0] script '/domains/king1969/elp.php' not found or unable to stat
[Sun Feb 08 02:26:42.267407 2026] [php:error] [pid 52755] [client 20.205.200.255:0] script '/domains/king1969/bless.php' not found or unable to stat
[Sun Feb 08 02:26:42.375033 2026] [php:error] [pid 52770] [client 20.205.200.255:0] script '/domains/afglcweb/file56.php' not found or unable to stat
[Sun Feb 08 02:26:43.055740 2026] [php:error] [pid 52745] [client 20.215.184.141:0] script '/domains/system_default/x9.php' not found or unable to stat
[Sun Feb 08 02:26:43.156464 2026] [php:error] [pid 52745] [client 20.215.184.141:0] script '/domains/system_default/grsiuk.php' not found or unable to stat
[Sun Feb 08 02:26:43.258314 2026] [php:error] [pid 52745] [client 20.215.184.141:0] script '/domains/system_default/byel.php' not found or unable to stat
[Sun Feb 08 02:26:43.305528 2026] [php:error] [pid 52755] [client 20.205.200.255:0] script '/domains/king1969/edit.php' not found or unable to stat
[Sun Feb 08 02:26:43.366477 2026] [php:error] [pid 52745] [client 20.215.184.141:0] script '/domains/system_default/layou.php' not found or unable to stat
[Sun Feb 08 02:26:43.368891 2026] [php:error] [pid 52770] [client 20.205.200.255:0] script '/domains/afglcweb/flower.php' not found or unable to stat
[Sun Feb 08 02:26:43.467566 2026] [php:error] [pid 52745] [client 20.215.184.141:0] script '/domains/system_default/lgsts.php' not found or unable to stat
[Sun Feb 08 02:26:43.581723 2026] [php:error] [pid 52745] [client 20.215.184.141:0] script '/domains/system_default/tourpa.php' not found or unable to stat
[Sun Feb 08 02:26:43.682423 2026] [php:error] [pid 52745] [client 20.215.184.141:0] script '/domains/system_default/yvtuizub.php' not found or unable to stat
[Sun Feb 08 02:26:43.709351 2026] [php:error] [pid 52770] [client 20.205.200.255:0] script '/domains/afglcweb/fw.php' not found or unable to stat
[Sun Feb 08 02:26:43.783684 2026] [php:error] [pid 52745] [client 20.215.184.141:0] script '/domains/system_default/mln.php' not found or unable to stat
[Sun Feb 08 02:26:43.887337 2026] [php:error] [pid 52745] [client 20.215.184.141:0] script '/domains/system_default/inege.php' not found or unable to stat
[Sun Feb 08 02:26:43.895504 2026] [php:error] [pid 52755] [client 20.205.200.255:0] script '/domains/king1969/simple.php' not found or unable to stat
[Sun Feb 08 02:26:44.146509 2026] [php:error] [pid 52755] [client 20.205.200.255:0] script '/domains/king1969/wp-login.php' not found or unable to stat
[Sun Feb 08 02:26:44.526434 2026] [php:error] [pid 52770] [client 20.205.200.255:0] script '/domains/afglcweb/gecko-new.php' not found or unable to stat
[Sun Feb 08 02:26:45.743679 2026] [php:error] [pid 52755] [client 20.205.200.255:0] script '/domains/king1969/ioxi-o.php' not found or unable to stat
[Sun Feb 08 02:26:46.594489 2026] [php:error] [pid 52755] [client 20.205.200.255:0] script '/domains/king1969/test.php' not found or unable to stat
[Sun Feb 08 02:26:47.834777 2026] [php:error] [pid 52755] [client 20.205.200.255:0] script '/domains/king1969/classwithtostring.php' not found or unable to stat
[Sun Feb 08 02:26:49.354961 2026] [php:error] [pid 52755] [client 20.205.200.255:0] script '/domains/king1969/2.php' not found or unable to stat
[Sun Feb 08 02:26:49.663351 2026] [php:error] [pid 52755] [client 20.205.200.255:0] script '/domains/king1969/functions.php' not found or unable to stat
[Sun Feb 08 02:26:51.049761 2026] [php:error] [pid 52755] [client 20.205.200.255:0] script '/domains/king1969/aaa.php' not found or unable to stat
[Sun Feb 08 02:26:51.271561 2026] [php:error] [pid 52755] [client 20.205.200.255:0] script '/domains/king1969/inputs.php' not found or unable to stat
[Sun Feb 08 02:26:51.510484 2026] [php:error] [pid 52755] [client 20.205.200.255:0] script '/domains/king1969/log.php' not found or unable to stat
[Sun Feb 08 02:26:51.744877 2026] [php:error] [pid 52755] [client 20.205.200.255:0] script '/domains/king1969/man.php' not found or unable to stat
[Sun Feb 08 02:26:51.972035 2026] [php:error] [pid 52755] [client 20.205.200.255:0] script '/domains/king1969/1.php' not found or unable to stat
[Sun Feb 08 02:26:52.562811 2026] [php:error] [pid 52755] [client 20.205.200.255:0] script '/domains/king1969/aa.php' not found or unable to stat
[Sun Feb 08 02:26:53.234773 2026] [php:error] [pid 52755] [client 20.205.200.255:0] script '/domains/king1969/dropdown.php' not found or unable to stat
[Sun Feb 08 02:26:53.717871 2026] [php:error] [pid 52755] [client 20.205.200.255:0] script '/domains/king1969/rtx.php' not found or unable to stat
[Sun Feb 08 02:26:55.013373 2026] [php:error] [pid 52770] [client 20.78.154.40:0] script '/domains/system_suspended/admin.php' not found or unable to stat
[Sun Feb 08 02:26:55.579988 2026] [php:error] [pid 52770] [client 20.78.154.40:0] script '/domains/system_suspended/manager.php' not found or unable to stat
[Sun Feb 08 02:26:56.917792 2026] [php:error] [pid 52770] [client 20.78.154.40:0] script '/domains/system_suspended/wp-sing.php' not found or unable to stat
[Sun Feb 08 02:26:57.245754 2026] [php:error] [pid 52770] [client 20.78.154.40:0] script '/domains/system_suspended/goods.php' not found or unable to stat
[Sun Feb 08 02:26:57.406001 2026] [php:error] [pid 52755] [client 20.205.200.255:0] script '/domains/king1969/atomlib.php' not found or unable to stat
[Sun Feb 08 02:26:57.538299 2026] [php:error] [pid 52770] [client 20.78.154.40:0] script '/domains/system_suspended/chosen.php' not found or unable to stat
[Sun Feb 08 02:26:57.637755 2026] [php:error] [pid 52755] [client 20.205.200.255:0] script '/domains/king1969/info.php' not found or unable to stat
[Sun Feb 08 02:26:57.712794 2026] [php:error] [pid 52770] [client 20.78.154.40:0] script '/domains/system_suspended/term.php' not found or unable to stat
[Sun Feb 08 02:26:57.858528 2026] [php:error] [pid 52755] [client 20.205.200.255:0] script '/domains/king1969/lock360.php' not found or unable to stat
[Sun Feb 08 02:26:58.316993 2026] [php:error] [pid 52755] [client 20.205.200.255:0] script '/domains/king1969/vx.php' not found or unable to stat
[Sun Feb 08 02:26:58.827059 2026] [php:error] [pid 52770] [client 20.78.154.40:0] script '/domains/system_suspended/wpc.php' not found or unable to stat
[Sun Feb 08 02:26:59.020899 2026] [php:error] [pid 52755] [client 20.205.200.255:0] script '/domains/king1969/wp-content.php' not found or unable to stat
[Sun Feb 08 02:26:59.031778 2026] [php:error] [pid 52770] [client 20.78.154.40:0] script '/domains/system_suspended/about.php' not found or unable to stat
[Sun Feb 08 02:26:59.211660 2026] [php:error] [pid 52770] [client 20.78.154.40:0] script '/domains/system_suspended/deepseek_d.php' not found or unable to stat
[Sun Feb 08 02:26:59.912438 2026] [php:error] [pid 52770] [client 20.78.154.40:0] script '/domains/system_suspended/elp.php' not found or unable to stat
[Sun Feb 08 02:27:00.105422 2026] [php:error] [pid 52770] [client 20.78.154.40:0] script '/domains/system_suspended/bless.php' not found or unable to stat
[Sun Feb 08 02:27:00.314776 2026] [php:error] [pid 52770] [client 20.78.154.40:0] script '/domains/system_suspended/edit.php' not found or unable to stat
[Sun Feb 08 02:27:00.518909 2026] [php:error] [pid 52770] [client 20.78.154.40:0] script '/domains/system_suspended/simple.php' not found or unable to stat
[Sun Feb 08 02:27:00.943698 2026] [php:error] [pid 52755] [client 20.205.200.255:0] script '/domains/king1969/adminfuns.php' not found or unable to stat
[Sun Feb 08 02:27:01.172160 2026] [php:error] [pid 52770] [client 20.78.154.40:0] script '/domains/system_suspended/wp-login.php' not found or unable to stat
[Sun Feb 08 02:27:01.972646 2026] [php:error] [pid 52755] [client 20.205.200.255:0] script '/domains/king1969/ahax.php' not found or unable to stat
[Sun Feb 08 02:27:02.423930 2026] [php:error] [pid 52755] [client 20.205.200.255:0] script '/domains/king1969/autoload_classmap.php' not found or unable to stat
[Sun Feb 08 02:27:02.696353 2026] [php:error] [pid 52770] [client 20.78.154.40:0] script '/domains/system_suspended/ioxi-o.php' not found or unable to stat
[Sun Feb 08 02:27:02.888817 2026] [php:error] [pid 52755] [client 20.205.200.255:0] script '/domains/king1969/file.php' not found or unable to stat
[Sun Feb 08 02:27:03.134923 2026] [php:error] [pid 52755] [client 20.205.200.255:0] script '/domains/king1969/file5.php' not found or unable to stat
[Sun Feb 08 02:27:03.745276 2026] [php:error] [pid 52770] [client 20.78.154.40:0] script '/domains/system_suspended/test.php' not found or unable to stat
[Sun Feb 08 02:27:04.712591 2026] [php:error] [pid 52770] [client 20.78.154.40:0] script '/domains/system_suspended/classwithtostring.php' not found or unable to stat
[Sun Feb 08 02:27:05.591405 2026] [php:error] [pid 52770] [client 20.78.154.40:0] script '/domains/system_suspended/2.php' not found or unable to stat
[Sun Feb 08 02:27:05.765441 2026] [php:error] [pid 52770] [client 20.78.154.40:0] script '/domains/system_suspended/functions.php' not found or unable to stat
[Sun Feb 08 02:27:07.063922 2026] [php:error] [pid 52789] [client 188.166.185.148:0] script '/domains/koenig.interport/wp-login.php' not found or unable to stat, referer: https://wordpress.org/
[Sun Feb 08 02:27:07.912753 2026] [php:error] [pid 52781] [client 188.166.185.148:0] script '/domains/koenig.interport/wp-login.php' not found or unable to stat, referer: https://t.co/
[Sun Feb 08 02:27:08.344057 2026] [php:error] [pid 52770] [client 20.78.154.40:0] script '/domains/system_suspended/aaa.php' not found or unable to stat
[Sun Feb 08 02:27:09.188229 2026] [php:error] [pid 52770] [client 20.78.154.40:0] script '/domains/system_suspended/inputs.php' not found or unable to stat
[Sun Feb 08 02:27:09.748743 2026] [php:error] [pid 52755] [client 20.205.200.255:0] script '/domains/king1969/xmlrpc.php' not found or unable to stat
[Sun Feb 08 02:27:09.829551 2026] [php:error] [pid 52770] [client 20.78.154.40:0] script '/domains/system_suspended/log.php' not found or unable to stat
[Sun Feb 08 02:27:10.190998 2026] [php:error] [pid 52770] [client 20.78.154.40:0] script '/domains/system_suspended/man.php' not found or unable to stat
[Sun Feb 08 02:27:10.414725 2026] [php:error] [pid 52770] [client 20.78.154.40:0] script '/domains/system_suspended/1.php' not found or unable to stat
[Sun Feb 08 02:27:10.479642 2026] [php:error] [pid 52755] [client 20.205.200.255:0] script '/domains/king1969/alfa.php' not found or unable to stat
[Sun Feb 08 02:27:10.608260 2026] [php:error] [pid 52770] [client 20.78.154.40:0] script '/domains/system_suspended/aa.php' not found or unable to stat
[Sun Feb 08 02:27:11.026453 2026] [php:error] [pid 52755] [client 20.205.200.255:0] script '/domains/king1969/as.php' not found or unable to stat
[Sun Feb 08 02:27:11.186548 2026] [php:error] [pid 52770] [client 20.78.154.40:0] script '/domains/system_suspended/dropdown.php' not found or unable to stat
[Sun Feb 08 02:27:11.429366 2026] [php:error] [pid 52770] [client 20.78.154.40:0] script '/domains/system_suspended/rtx.php' not found or unable to stat
[Sun Feb 08 02:27:12.260482 2026] [php:error] [pid 52755] [client 20.205.200.255:0] script '/domains/king1969/class-t.api.php' not found or unable to stat
[Sun Feb 08 02:27:12.777888 2026] [php:error] [pid 52755] [client 20.205.200.255:0] script '/domains/king1969/indoxploit.php' not found or unable to stat
[Sun Feb 08 02:27:12.853122 2026] [php:error] [pid 52770] [client 20.78.154.40:0] script '/domains/system_suspended/atomlib.php' not found or unable to stat
[Sun Feb 08 02:27:13.001963 2026] [php:error] [pid 52755] [client 20.205.200.255:0] script '/domains/king1969/shell.php' not found or unable to stat
[Sun Feb 08 02:27:13.262496 2026] [php:error] [pid 52755] [client 20.205.200.255:0] script '/domains/king1969/system.php' not found or unable to stat
[Sun Feb 08 02:27:13.426936 2026] [php:error] [pid 52770] [client 20.78.154.40:0] script '/domains/system_suspended/info.php' not found or unable to stat
[Sun Feb 08 02:27:13.536338 2026] [php:error] [pid 52755] [client 20.205.200.255:0] script '/domains/king1969/wp-admin.php' not found or unable to stat
[Sun Feb 08 02:27:13.761561 2026] [php:error] [pid 52770] [client 20.78.154.40:0] script '/domains/system_suspended/lock360.php' not found or unable to stat
[Sun Feb 08 02:27:14.981335 2026] [php:error] [pid 52770] [client 20.78.154.40:0] script '/domains/system_suspended/vx.php' not found or unable to stat
[Sun Feb 08 02:27:15.538325 2026] [php:error] [pid 52770] [client 20.78.154.40:0] script '/domains/system_suspended/wp-content.php' not found or unable to stat
[Sun Feb 08 02:27:17.691235 2026] [php:error] [pid 52755] [client 20.205.200.255:0] script '/domains/king1969/wp-block.php' not found or unable to stat
[Sun Feb 08 02:27:18.411364 2026] [php:error] [pid 52770] [client 20.78.154.40:0] script '/domains/system_suspended/adminfuns.php' not found or unable to stat
[Sun Feb 08 02:27:18.695272 2026] [php:error] [pid 52770] [client 20.78.154.40:0] script '/domains/system_suspended/ahax.php' not found or unable to stat
[Sun Feb 08 02:27:18.897540 2026] [php:error] [pid 52770] [client 20.78.154.40:0] script '/domains/system_suspended/autoload_classmap.php' not found or unable to stat
[Sun Feb 08 02:27:19.080253 2026] [php:error] [pid 52755] [client 20.205.200.255:0] script '/domains/king1969/wp-good.php' not found or unable to stat
[Sun Feb 08 02:27:19.442020 2026] [php:error] [pid 52770] [client 20.78.154.40:0] script '/domains/system_suspended/file.php' not found or unable to stat
[Sun Feb 08 02:27:19.614119 2026] [php:error] [pid 52770] [client 20.78.154.40:0] script '/domains/system_suspended/file5.php' not found or unable to stat
[Sun Feb 08 02:27:22.456787 2026] [php:error] [pid 52770] [client 20.78.154.40:0] script '/domains/system_suspended/xmlrpc.php' not found or unable to stat
[Sun Feb 08 02:27:22.646551 2026] [php:error] [pid 52770] [client 20.78.154.40:0] script '/domains/system_suspended/alfa.php' not found or unable to stat
[Sun Feb 08 02:27:23.187250 2026] [php:error] [pid 52770] [client 20.78.154.40:0] script '/domains/system_suspended/as.php' not found or unable to stat
[Sun Feb 08 02:27:23.560361 2026] [php:error] [pid 52770] [client 20.78.154.40:0] script '/domains/system_suspended/class-t.api.php' not found or unable to stat
[Sun Feb 08 02:27:23.772588 2026] [php:error] [pid 52770] [client 20.78.154.40:0] script '/domains/system_suspended/indoxploit.php' not found or unable to stat
[Sun Feb 08 02:27:23.945302 2026] [php:error] [pid 52770] [client 20.78.154.40:0] script '/domains/system_suspended/shell.php' not found or unable to stat
[Sun Feb 08 02:27:24.125256 2026] [php:error] [pid 52770] [client 20.78.154.40:0] script '/domains/system_suspended/system.php' not found or unable to stat
[Sun Feb 08 02:27:24.523466 2026] [php:error] [pid 52770] [client 20.78.154.40:0] script '/domains/system_suspended/wp-admin.php' not found or unable to stat
[Sun Feb 08 02:27:25.087995 2026] [php:error] [pid 52789] [client 20.205.200.255:0] script '/domains/king1969/01.php' not found or unable to stat
[Sun Feb 08 02:27:25.328632 2026] [php:error] [pid 52789] [client 20.205.200.255:0] script '/domains/king1969/222.php' not found or unable to stat
[Sun Feb 08 02:27:25.583298 2026] [php:error] [pid 52789] [client 20.205.200.255:0] script '/domains/king1969/403.php' not found or unable to stat
[Sun Feb 08 02:27:26.660815 2026] [php:error] [pid 52770] [client 20.78.154.40:0] script '/domains/system_suspended/wp-block.php' not found or unable to stat
[Sun Feb 08 02:27:26.914608 2026] [php:error] [pid 52789] [client 20.205.200.255:0] script '/domains/king1969/404.php' not found or unable to stat
[Sun Feb 08 02:27:27.139927 2026] [php:error] [pid 52789] [client 20.205.200.255:0] script '/domains/king1969/Q.php' not found or unable to stat
[Sun Feb 08 02:27:27.363760 2026] [php:error] [pid 52789] [client 20.205.200.255:0] script '/domains/king1969/WSO.php' not found or unable to stat
[Sun Feb 08 02:27:27.676493 2026] [php:error] [pid 52789] [client 20.205.200.255:0] script '/domains/king1969/abc.php' not found or unable to stat
[Sun Feb 08 02:27:27.923906 2026] [php:error] [pid 52789] [client 20.205.200.255:0] script '/domains/king1969/abcd.php' not found or unable to stat
[Sun Feb 08 02:27:27.996603 2026] [php:error] [pid 52770] [client 20.78.154.40:0] script '/domains/system_suspended/wp-good.php' not found or unable to stat
[Sun Feb 08 02:27:30.927434 2026] [php:error] [pid 52789] [client 20.205.200.255:0] script '/domains/king1969/byp.php' not found or unable to stat
[Sun Feb 08 02:27:31.161749 2026] [php:error] [pid 52789] [client 20.205.200.255:0] script '/domains/king1969/c.php' not found or unable to stat
[Sun Feb 08 02:27:31.872535 2026] [php:error] [pid 52789] [client 20.205.200.255:0] script '/domains/king1969/ca4.php' not found or unable to stat
[Sun Feb 08 02:27:32.166905 2026] [php:error] [pid 52745] [client 20.78.154.40:0] script '/domains/system_suspended/01.php' not found or unable to stat
[Sun Feb 08 02:27:32.356128 2026] [php:error] [pid 52745] [client 20.78.154.40:0] script '/domains/system_suspended/222.php' not found or unable to stat
[Sun Feb 08 02:27:32.580544 2026] [php:error] [pid 52745] [client 20.78.154.40:0] script '/domains/system_suspended/403.php' not found or unable to stat
[Sun Feb 08 02:27:32.752454 2026] [php:error] [pid 52745] [client 20.78.154.40:0] script '/domains/system_suspended/404.php' not found or unable to stat
[Sun Feb 08 02:27:32.954478 2026] [php:error] [pid 52745] [client 20.78.154.40:0] script '/domains/system_suspended/Q.php' not found or unable to stat
[Sun Feb 08 02:27:33.131264 2026] [php:error] [pid 52745] [client 20.78.154.40:0] script '/domains/system_suspended/WSO.php' not found or unable to stat
[Sun Feb 08 02:27:33.305414 2026] [php:error] [pid 52745] [client 20.78.154.40:0] script '/domains/system_suspended/abc.php' not found or unable to stat
[Sun Feb 08 02:27:33.478615 2026] [php:error] [pid 52745] [client 20.78.154.40:0] script '/domains/system_suspended/abcd.php' not found or unable to stat
[Sun Feb 08 02:27:33.668488 2026] [php:error] [pid 52789] [client 20.205.200.255:0] script '/domains/king1969/config.php' not found or unable to stat
[Sun Feb 08 02:27:34.126843 2026] [php:error] [pid 52789] [client 20.205.200.255:0] script '/domains/king1969/content.php' not found or unable to stat
[Sun Feb 08 02:27:34.392606 2026] [php:error] [pid 52789] [client 20.205.200.255:0] script '/domains/king1969/favicon.php' not found or unable to stat
[Sun Feb 08 02:27:34.623072 2026] [php:error] [pid 52789] [client 20.205.200.255:0] script '/domains/king1969/file56.php' not found or unable to stat
[Sun Feb 08 02:27:34.879188 2026] [php:error] [pid 52789] [client 20.205.200.255:0] script '/domains/king1969/flower.php' not found or unable to stat
[Sun Feb 08 02:27:35.335075 2026] [php:error] [pid 52789] [client 20.205.200.255:0] script '/domains/king1969/fw.php' not found or unable to stat
[Sun Feb 08 02:27:35.556490 2026] [php:error] [pid 52789] [client 20.205.200.255:0] script '/domains/king1969/gecko-new.php' not found or unable to stat
[Sun Feb 08 02:27:35.866273 2026] [php:error] [pid 52745] [client 20.78.154.40:0] script '/domains/system_suspended/byp.php' not found or unable to stat
[Sun Feb 08 02:27:36.033848 2026] [php:error] [pid 52745] [client 20.78.154.40:0] script '/domains/system_suspended/c.php' not found or unable to stat
[Sun Feb 08 02:27:36.200315 2026] [php:error] [pid 52745] [client 20.78.154.40:0] script '/domains/system_suspended/ca4.php' not found or unable to stat
[Sun Feb 08 02:27:36.956941 2026] [php:error] [pid 52745] [client 20.78.154.40:0] script '/domains/system_suspended/config.php' not found or unable to stat
[Sun Feb 08 02:27:37.320882 2026] [php:error] [pid 52745] [client 20.78.154.40:0] script '/domains/system_suspended/content.php' not found or unable to stat
[Sun Feb 08 02:27:37.793559 2026] [php:error] [pid 52745] [client 20.78.154.40:0] script '/domains/system_suspended/favicon.php' not found or unable to stat
[Sun Feb 08 02:27:37.977846 2026] [php:error] [pid 52745] [client 20.78.154.40:0] script '/domains/system_suspended/file56.php' not found or unable to stat
[Sun Feb 08 02:27:38.179642 2026] [php:error] [pid 52745] [client 20.78.154.40:0] script '/domains/system_suspended/flower.php' not found or unable to stat
[Sun Feb 08 02:27:38.785280 2026] [php:error] [pid 52745] [client 20.78.154.40:0] script '/domains/system_suspended/fw.php' not found or unable to stat
[Sun Feb 08 02:27:38.950922 2026] [php:error] [pid 52745] [client 20.78.154.40:0] script '/domains/system_suspended/gecko-new.php' not found or unable to stat
[Sun Feb 08 02:27:58.017432 2026] [php:error] [pid 52770] [client 20.215.184.141:0] script '/domains/conservation1/grsiuk.php' not found or unable to stat
[Sun Feb 08 02:27:58.130432 2026] [php:error] [pid 52770] [client 20.215.184.141:0] script '/domains/conservation1/fs.php' not found or unable to stat
[Sun Feb 08 02:27:58.231515 2026] [php:error] [pid 52770] [client 20.215.184.141:0] script '/domains/conservation1/;k.php' not found or unable to stat
[Sun Feb 08 02:28:04.682642 2026] [php:error] [pid 52794] [client 20.220.144.75:0] script '/domains/rnachum/grsiuk.php' not found or unable to stat
[Sun Feb 08 02:28:04.706622 2026] [php:error] [pid 52794] [client 20.220.144.75:0] script '/domains/rnachum/fs.php' not found or unable to stat
[Sun Feb 08 02:28:04.730703 2026] [php:error] [pid 52794] [client 20.220.144.75:0] script '/domains/rnachum/;k.php' not found or unable to stat
[Sun Feb 08 02:28:25.949142 2026] [php:error] [pid 52755] [client 51.120.74.232:0] script '/domains/thewalshgroup/grsiuk.php' not found or unable to stat
[Sun Feb 08 02:28:26.046385 2026] [php:error] [pid 52755] [client 51.120.74.232:0] script '/domains/thewalshgroup/fs.php' not found or unable to stat
[Sun Feb 08 02:28:26.144091 2026] [php:error] [pid 52755] [client 51.120.74.232:0] script '/domains/thewalshgroup/;k.php' not found or unable to stat
[Sun Feb 08 02:30:49.463678 2026] [php:error] [pid 52817] [client 20.28.217.101:0] script '/domains/deltaele/admin.php' not found or unable to stat
[Sun Feb 08 02:30:49.665705 2026] [php:error] [pid 52817] [client 20.28.217.101:0] script '/domains/deltaele/manager.php' not found or unable to stat
[Sun Feb 08 02:30:50.585131 2026] [php:error] [pid 52817] [client 20.28.217.101:0] script '/domains/deltaele/wp-sing.php' not found or unable to stat
[Sun Feb 08 02:30:50.792531 2026] [php:error] [pid 52817] [client 20.28.217.101:0] script '/domains/deltaele/goods.php' not found or unable to stat
[Sun Feb 08 02:30:51.126026 2026] [php:error] [pid 52817] [client 20.28.217.101:0] script '/domains/deltaele/chosen.php' not found or unable to stat
[Sun Feb 08 02:30:51.387885 2026] [php:error] [pid 52817] [client 20.28.217.101:0] script '/domains/deltaele/term.php' not found or unable to stat
[Sun Feb 08 02:30:52.197257 2026] [php:error] [pid 52817] [client 20.28.217.101:0] script '/domains/deltaele/wpc.php' not found or unable to stat
[Sun Feb 08 02:30:52.402667 2026] [php:error] [pid 52817] [client 20.28.217.101:0] script '/domains/deltaele/about.php' not found or unable to stat
[Sun Feb 08 02:30:52.605489 2026] [php:error] [pid 52817] [client 20.28.217.101:0] script '/domains/deltaele/deepseek_d.php' not found or unable to stat
[Sun Feb 08 02:30:53.067991 2026] [php:error] [pid 52817] [client 20.28.217.101:0] script '/domains/deltaele/elp.php' not found or unable to stat
[Sun Feb 08 02:30:53.273331 2026] [php:error] [pid 52817] [client 20.28.217.101:0] script '/domains/deltaele/bless.php' not found or unable to stat
[Sun Feb 08 02:30:53.529020 2026] [php:error] [pid 52817] [client 20.28.217.101:0] script '/domains/deltaele/edit.php' not found or unable to stat
[Sun Feb 08 02:30:53.763898 2026] [php:error] [pid 52817] [client 20.28.217.101:0] script '/domains/deltaele/simple.php' not found or unable to stat
[Sun Feb 08 02:30:53.959154 2026] [php:error] [pid 52817] [client 20.28.217.101:0] script '/domains/deltaele/wp-login.php' not found or unable to stat
[Sun Feb 08 02:30:55.048377 2026] [php:error] [pid 52817] [client 20.28.217.101:0] script '/domains/deltaele/ioxi-o.php' not found or unable to stat
[Sun Feb 08 02:30:55.675562 2026] [php:error] [pid 52817] [client 20.28.217.101:0] script '/domains/deltaele/test.php' not found or unable to stat
[Sun Feb 08 02:30:56.382985 2026] [php:error] [pid 52817] [client 20.28.217.101:0] script '/domains/deltaele/classwithtostring.php' not found or unable to stat
[Sun Feb 08 02:30:56.993619 2026] [php:error] [pid 52817] [client 20.28.217.101:0] script '/domains/deltaele/2.php' not found or unable to stat
[Sun Feb 08 02:30:57.196164 2026] [php:error] [pid 52817] [client 20.28.217.101:0] script '/domains/deltaele/functions.php' not found or unable to stat
[Sun Feb 08 02:30:58.220720 2026] [php:error] [pid 52817] [client 20.28.217.101:0] script '/domains/deltaele/aaa.php' not found or unable to stat
[Sun Feb 08 02:30:58.465395 2026] [php:error] [pid 52817] [client 20.28.217.101:0] script '/domains/deltaele/inputs.php' not found or unable to stat
[Sun Feb 08 02:30:58.715880 2026] [php:error] [pid 52817] [client 20.28.217.101:0] script '/domains/deltaele/log.php' not found or unable to stat
[Sun Feb 08 02:30:59.661444 2026] [php:error] [pid 52817] [client 20.28.217.101:0] script '/domains/deltaele/man.php' not found or unable to stat
[Sun Feb 08 02:31:00.376472 2026] [php:error] [pid 52817] [client 20.28.217.101:0] script '/domains/deltaele/1.php' not found or unable to stat
[Sun Feb 08 02:31:00.578296 2026] [php:error] [pid 52817] [client 20.28.217.101:0] script '/domains/deltaele/aa.php' not found or unable to stat
[Sun Feb 08 02:31:00.790213 2026] [php:error] [pid 52817] [client 20.28.217.101:0] script '/domains/deltaele/dropdown.php' not found or unable to stat
[Sun Feb 08 02:31:01.001118 2026] [php:error] [pid 52817] [client 20.28.217.101:0] script '/domains/deltaele/rtx.php' not found or unable to stat
[Sun Feb 08 02:31:02.923236 2026] [php:error] [pid 52817] [client 20.28.217.101:0] script '/domains/deltaele/atomlib.php' not found or unable to stat
[Sun Feb 08 02:31:03.133560 2026] [php:error] [pid 52817] [client 20.28.217.101:0] script '/domains/deltaele/info.php' not found or unable to stat
[Sun Feb 08 02:31:03.454901 2026] [php:error] [pid 52817] [client 20.28.217.101:0] script '/domains/deltaele/lock360.php' not found or unable to stat
[Sun Feb 08 02:31:04.225599 2026] [php:error] [pid 52817] [client 20.28.217.101:0] script '/domains/deltaele/vx.php' not found or unable to stat
[Sun Feb 08 02:31:04.517510 2026] [php:error] [pid 52811] [client 20.110.243.199:0] script '/domains/system_suspended/dialog.php' not found or unable to stat
[Sun Feb 08 02:31:04.525336 2026] [php:error] [pid 52811] [client 20.110.243.199:0] script '/domains/system_suspended/as.php' not found or unable to stat
[Sun Feb 08 02:31:04.532709 2026] [php:error] [pid 52811] [client 20.110.243.199:0] script '/domains/system_suspended/twenty.php' not found or unable to stat
[Sun Feb 08 02:31:04.549607 2026] [php:error] [pid 52811] [client 20.110.243.199:0] script '/domains/system_suspended/mah.php' not found or unable to stat
[Sun Feb 08 02:31:04.556934 2026] [php:error] [pid 52811] [client 20.110.243.199:0] script '/domains/system_suspended/configs.php' not found or unable to stat
[Sun Feb 08 02:31:04.578962 2026] [php:error] [pid 52811] [client 20.110.243.199:0] script '/domains/system_suspended/alfa1.php' not found or unable to stat
[Sun Feb 08 02:31:04.586964 2026] [php:error] [pid 52811] [client 20.110.243.199:0] script '/domains/system_suspended/atomlib.php' not found or unable to stat
[Sun Feb 08 02:31:04.594766 2026] [php:error] [pid 52811] [client 20.110.243.199:0] script '/domains/system_suspended/function.php' not found or unable to stat
[Sun Feb 08 02:31:04.613436 2026] [php:error] [pid 52811] [client 20.110.243.199:0] script '/domains/system_suspended/sx.php' not found or unable to stat
[Sun Feb 08 02:31:04.628455 2026] [php:error] [pid 52811] [client 20.110.243.199:0] script '/domains/system_suspended/network.php' not found or unable to stat
[Sun Feb 08 02:31:04.867073 2026] [php:error] [pid 52811] [client 20.110.243.199:0] script '/domains/system_suspended/cloud.php' not found or unable to stat
[Sun Feb 08 02:31:04.884745 2026] [php:error] [pid 52811] [client 20.110.243.199:0] script '/domains/system_suspended/file7.php' not found or unable to stat
[Sun Feb 08 02:31:05.034313 2026] [php:error] [pid 52811] [client 20.110.243.199:0] script '/domains/system_suspended/makeasmtp.php' not found or unable to stat
[Sun Feb 08 02:31:05.120875 2026] [php:error] [pid 52811] [client 20.110.243.199:0] script '/domains/system_suspended/plugin.php' not found or unable to stat
[Sun Feb 08 02:31:05.128689 2026] [php:error] [pid 52811] [client 20.110.243.199:0] script '/domains/system_suspended/ws.php.php' not found or unable to stat
[Sun Feb 08 02:31:05.136073 2026] [php:error] [pid 52811] [client 20.110.243.199:0] script '/domains/system_suspended/cc.php' not found or unable to stat
[Sun Feb 08 02:31:05.152860 2026] [php:error] [pid 52811] [client 20.110.243.199:0] script '/domains/system_suspended/db.php' not found or unable to stat
[Sun Feb 08 02:31:05.168752 2026] [php:error] [pid 52811] [client 20.110.243.199:0] script '/domains/system_suspended/edit.php' not found or unable to stat
[Sun Feb 08 02:31:05.183414 2026] [php:error] [pid 52811] [client 20.110.243.199:0] script '/domains/system_suspended/fosil.php' not found or unable to stat
[Sun Feb 08 02:31:05.239896 2026] [php:error] [pid 52811] [client 20.110.243.199:0] script '/domains/system_suspended/content.php' not found or unable to stat
[Sun Feb 08 02:31:05.248138 2026] [php:error] [pid 52817] [client 20.28.217.101:0] script '/domains/deltaele/wp-content.php' not found or unable to stat
[Sun Feb 08 02:31:05.255963 2026] [php:error] [pid 52811] [client 20.110.243.199:0] script '/domains/system_suspended/k.php' not found or unable to stat
[Sun Feb 08 02:31:05.263575 2026] [php:error] [pid 52811] [client 20.110.243.199:0] script '/domains/system_suspended/abouts.php' not found or unable to stat
[Sun Feb 08 02:31:05.271559 2026] [php:error] [pid 52811] [client 20.110.243.199:0] script '/domains/system_suspended/1.php' not found or unable to stat
[Sun Feb 08 02:31:05.278984 2026] [php:error] [pid 52811] [client 20.110.243.199:0] script '/domains/system_suspended/moon.php' not found or unable to stat
[Sun Feb 08 02:31:05.286594 2026] [php:error] [pid 52811] [client 20.110.243.199:0] script '/domains/system_suspended/issue.php' not found or unable to stat
[Sun Feb 08 02:31:05.297715 2026] [php:error] [pid 52811] [client 20.110.243.199:0] script '/domains/system_suspended/log.php' not found or unable to stat
