[Sun Feb 08 01:23:25.824414 2026] [php:error] [pid 40905] [client 40.89.140.250:0] script '/domains/fayemoran/w.php' not found or unable to stat
[Sun Feb 08 01:23:25.912276 2026] [php:error] [pid 40905] [client 40.89.140.250:0] script '/domains/fayemoran/zaa.php' not found or unable to stat
[Sun Feb 08 01:23:25.985754 2026] [php:error] [pid 40915] [client 194.5.82.95:0] script '/domains/pbuilder/good.php' not found or unable to stat
[Sun Feb 08 01:23:26.022139 2026] [php:error] [pid 40905] [client 40.89.140.250:0] script '/domains/fayemoran/wp-miiss.php.php' not found or unable to stat
[Sun Feb 08 01:23:26.110411 2026] [php:error] [pid 40905] [client 40.89.140.250:0] script '/domains/fayemoran/gmo.php' not found or unable to stat
[Sun Feb 08 01:23:26.392180 2026] [php:error] [pid 40905] [client 40.89.140.250:0] script '/domains/fayemoran/gettest.php' not found or unable to stat
[Sun Feb 08 01:23:26.480330 2026] [php:error] [pid 40905] [client 40.89.140.250:0] script '/domains/fayemoran/a1.php' not found or unable to stat
[Sun Feb 08 01:23:26.568389 2026] [php:error] [pid 40905] [client 40.89.140.250:0] script '/domains/fayemoran/ma.php' not found or unable to stat
[Sun Feb 08 01:23:26.656658 2026] [php:error] [pid 40905] [client 40.89.140.250:0] script '/domains/fayemoran/fetch.php' not found or unable to stat
[Sun Feb 08 01:23:26.749094 2026] [php:error] [pid 40905] [client 40.89.140.250:0] script '/domains/fayemoran/v2.php' not found or unable to stat
[Sun Feb 08 01:23:26.844414 2026] [php:error] [pid 40905] [client 40.89.140.250:0] script '/domains/fayemoran/ton.php' not found or unable to stat
[Sun Feb 08 01:23:27.122642 2026] [php:error] [pid 40905] [client 40.89.140.250:0] script '/domains/fayemoran/des.php' not found or unable to stat
[Sun Feb 08 01:23:27.210468 2026] [php:error] [pid 40905] [client 40.89.140.250:0] script '/domains/fayemoran/mans.php' not found or unable to stat
[Sun Feb 08 01:23:27.307321 2026] [php:error] [pid 40905] [client 40.89.140.250:0] script '/domains/fayemoran/about.php' not found or unable to stat
[Sun Feb 08 01:23:27.487362 2026] [php:error] [pid 40905] [client 40.89.140.250:0] script '/domains/fayemoran/dr.php' not found or unable to stat
[Sun Feb 08 01:23:27.696926 2026] [php:error] [pid 40915] [client 194.5.82.95:0] script '/domains/pbuilder/ini.php' not found or unable to stat
[Sun Feb 08 01:23:27.760511 2026] [php:error] [pid 40905] [client 40.89.140.250:0] script '/domains/fayemoran/autoload_classmap.php' not found or unable to stat
[Sun Feb 08 01:23:27.813612 2026] [php:error] [pid 40914] [client 20.187.78.62:0] script '/domains/brenties/classwithtostring.php' not found or unable to stat
[Sun Feb 08 01:23:27.854177 2026] [php:error] [pid 40905] [client 40.89.140.250:0] script '/domains/fayemoran/zwso.php' not found or unable to stat
[Sun Feb 08 01:23:28.037467 2026] [php:error] [pid 40905] [client 40.89.140.250:0] script '/domains/fayemoran/geck.php' not found or unable to stat
[Sun Feb 08 01:23:28.127223 2026] [php:error] [pid 40905] [client 40.89.140.250:0] script '/domains/fayemoran/errw.php' not found or unable to stat
[Sun Feb 08 01:23:28.215239 2026] [php:error] [pid 40905] [client 40.89.140.250:0] script '/domains/fayemoran/wp.php' not found or unable to stat
[Sun Feb 08 01:23:28.303643 2026] [php:error] [pid 40905] [client 40.89.140.250:0] script '/domains/fayemoran/jsond.php' not found or unable to stat
[Sun Feb 08 01:23:28.331664 2026] [php:error] [pid 40915] [client 194.5.82.95:0] script '/domains/pbuilder/leaf.php' not found or unable to stat
[Sun Feb 08 01:23:28.392039 2026] [php:error] [pid 40905] [client 40.89.140.250:0] script '/domains/fayemoran/configuration.php' not found or unable to stat
[Sun Feb 08 01:23:28.486313 2026] [php:error] [pid 40905] [client 40.89.140.250:0] script '/domains/fayemoran/100.kb.php' not found or unable to stat
[Sun Feb 08 01:23:28.567630 2026] [php:error] [pid 40915] [client 194.5.82.95:0] script '/domains/pbuilder/t.php' not found or unable to stat
[Sun Feb 08 01:23:28.576517 2026] [php:error] [pid 40905] [client 40.89.140.250:0] script '/domains/fayemoran/rip.php' not found or unable to stat
[Sun Feb 08 01:23:28.756474 2026] [php:error] [pid 40905] [client 40.89.140.250:0] script '/domains/fayemoran/class-t.api.php' not found or unable to stat
[Sun Feb 08 01:23:28.844091 2026] [php:error] [pid 40905] [client 40.89.140.250:0] script '/domains/fayemoran/lala.php' not found or unable to stat
[Sun Feb 08 01:23:28.938966 2026] [php:error] [pid 40905] [client 40.89.140.250:0] script '/domains/fayemoran/lp6.php' not found or unable to stat
[Sun Feb 08 01:23:29.115023 2026] [php:error] [pid 40905] [client 40.89.140.250:0] script '/domains/fayemoran/bk.php' not found or unable to stat
[Sun Feb 08 01:23:29.197644 2026] [php:error] [pid 40915] [client 194.5.82.95:0] script '/domains/pbuilder/about.php' not found or unable to stat
[Sun Feb 08 01:23:29.220238 2026] [php:error] [pid 40905] [client 40.89.140.250:0] script '/domains/fayemoran/bolt.php' not found or unable to stat
[Sun Feb 08 01:23:29.307935 2026] [php:error] [pid 40905] [client 40.89.140.250:0] script '/domains/fayemoran/m.php' not found or unable to stat
[Sun Feb 08 01:23:29.574793 2026] [php:error] [pid 40905] [client 40.89.140.250:0] script '/domains/fayemoran/alfa.php' not found or unable to stat
[Sun Feb 08 01:23:29.664350 2026] [php:error] [pid 40905] [client 40.89.140.250:0] script '/domains/fayemoran/ap.php' not found or unable to stat
[Sun Feb 08 01:23:29.752475 2026] [php:error] [pid 40905] [client 40.89.140.250:0] script '/domains/fayemoran/doc.php' not found or unable to stat
[Sun Feb 08 01:23:29.840103 2026] [php:error] [pid 40905] [client 40.89.140.250:0] script '/domains/fayemoran/clasa99.php' not found or unable to stat
[Sun Feb 08 01:23:29.928452 2026] [php:error] [pid 40905] [client 40.89.140.250:0] script '/domains/fayemoran/an.php' not found or unable to stat
[Sun Feb 08 01:23:30.041034 2026] [php:error] [pid 40905] [client 40.89.140.250:0] script '/domains/fayemoran/assacc.php' not found or unable to stat
[Sun Feb 08 01:23:30.156348 2026] [php:error] [pid 40905] [client 40.89.140.250:0] script '/domains/fayemoran/hzz.php' not found or unable to stat
[Sun Feb 08 01:23:30.332157 2026] [php:error] [pid 40905] [client 40.89.140.250:0] script '/domains/fayemoran/system.php' not found or unable to stat
[Sun Feb 08 01:23:30.425087 2026] [php:error] [pid 40905] [client 40.89.140.250:0] script '/domains/fayemoran/shell.php' not found or unable to stat
[Sun Feb 08 01:23:30.498200 2026] [php:error] [pid 40915] [client 194.5.82.95:0] script '/domains/pbuilder/gm.php' not found or unable to stat
[Sun Feb 08 01:23:30.513345 2026] [php:error] [pid 40905] [client 40.89.140.250:0] script '/domains/fayemoran/zwq13.php' not found or unable to stat
[Sun Feb 08 01:23:30.876742 2026] [php:error] [pid 40905] [client 40.89.140.250:0] script '/domains/fayemoran/la.php' not found or unable to stat
[Sun Feb 08 01:23:30.942216 2026] [php:error] [pid 40915] [client 194.5.82.95:0] script '/domains/pbuilder/fw.php' not found or unable to stat
[Sun Feb 08 01:23:30.964935 2026] [php:error] [pid 40905] [client 40.89.140.250:0] script '/domains/fayemoran/install.php' not found or unable to stat
[Sun Feb 08 01:23:31.054848 2026] [php:error] [pid 40905] [client 40.89.140.250:0] script '/domains/fayemoran/Geforce.php' not found or unable to stat
[Sun Feb 08 01:23:31.144599 2026] [php:error] [pid 40905] [client 40.89.140.250:0] script '/domains/fayemoran/nyan.php' not found or unable to stat
[Sun Feb 08 01:23:31.175618 2026] [php:error] [pid 40915] [client 194.5.82.95:0] script '/domains/pbuilder/10.php' not found or unable to stat
[Sun Feb 08 01:23:31.467698 2026] [php:error] [pid 40914] [client 20.187.78.62:0] script '/domains/brenties/2.php' not found or unable to stat
[Sun Feb 08 01:23:31.518054 2026] [php:error] [pid 40905] [client 40.89.140.250:0] script '/domains/fayemoran/wrt.php' not found or unable to stat
[Sun Feb 08 01:23:31.605614 2026] [php:error] [pid 40905] [client 40.89.140.250:0] script '/domains/fayemoran/403.php' not found or unable to stat
[Sun Feb 08 01:23:31.693617 2026] [php:error] [pid 40905] [client 40.89.140.250:0] script '/domains/fayemoran/shell20211028.php' not found or unable to stat
[Sun Feb 08 01:23:31.781878 2026] [php:error] [pid 40905] [client 40.89.140.250:0] script '/domains/fayemoran/gm.php' not found or unable to stat
[Sun Feb 08 01:23:31.871243 2026] [php:error] [pid 40905] [client 40.89.140.250:0] script '/domains/fayemoran/images/c99.php' not found or unable to stat
[Sun Feb 08 01:23:31.966184 2026] [php:error] [pid 40905] [client 40.89.140.250:0] script '/domains/fayemoran/n3.php' not found or unable to stat
[Sun Feb 08 01:23:32.200581 2026] [php:error] [pid 40905] [client 40.89.140.250:0] script '/domains/fayemoran/environment.php' not found or unable to stat
[Sun Feb 08 01:23:32.378109 2026] [php:error] [pid 40905] [client 40.89.140.250:0] script '/domains/fayemoran/bnn_.php' not found or unable to stat
[Sun Feb 08 01:23:32.465708 2026] [php:error] [pid 40905] [client 40.89.140.250:0] script '/domains/fayemoran/1337.php' not found or unable to stat
[Sun Feb 08 01:23:32.554251 2026] [php:error] [pid 40905] [client 40.89.140.250:0] script '/domains/fayemoran/test.php' not found or unable to stat
[Sun Feb 08 01:23:32.644064 2026] [php:error] [pid 40905] [client 40.89.140.250:0] script '/domains/fayemoran/menu.php' not found or unable to stat
[Sun Feb 08 01:23:32.674496 2026] [php:error] [pid 40915] [client 194.5.82.95:0] script '/domains/pbuilder/tx24.php' not found or unable to stat
[Sun Feb 08 01:23:32.686147 2026] [php:error] [pid 40914] [client 20.187.78.62:0] script '/domains/brenties/functions.php' not found or unable to stat
[Sun Feb 08 01:23:32.741048 2026] [php:error] [pid 40905] [client 40.89.140.250:0] script '/domains/fayemoran/content.php' not found or unable to stat
[Sun Feb 08 01:23:32.828819 2026] [php:error] [pid 40905] [client 40.89.140.250:0] script '/domains/fayemoran/wqqs.php' not found or unable to stat
[Sun Feb 08 01:23:32.919757 2026] [php:error] [pid 40905] [client 40.89.140.250:0] script '/domains/fayemoran/ole.php' not found or unable to stat
[Sun Feb 08 01:23:33.100642 2026] [php:error] [pid 40905] [client 40.89.140.250:0] script '/domains/fayemoran/p.php' not found or unable to stat
[Sun Feb 08 01:23:33.101746 2026] [php:error] [pid 40915] [client 194.5.82.95:0] script '/domains/pbuilder/wp-conflg.php' not found or unable to stat
[Sun Feb 08 01:23:33.188756 2026] [php:error] [pid 40905] [client 40.89.140.250:0] script '/domains/fayemoran/ak.php' not found or unable to stat
[Sun Feb 08 01:23:33.310920 2026] [php:error] [pid 40915] [client 194.5.82.95:0] script '/domains/pbuilder/akc.php' not found or unable to stat
[Sun Feb 08 01:23:33.369039 2026] [php:error] [pid 40905] [client 40.89.140.250:0] script '/domains/fayemoran/mds.php' not found or unable to stat
[Sun Feb 08 01:23:33.458666 2026] [php:error] [pid 40905] [client 40.89.140.250:0] script '/domains/fayemoran/ellv3.php' not found or unable to stat
[Sun Feb 08 01:23:33.522876 2026] [php:error] [pid 40915] [client 194.5.82.95:0] script '/domains/pbuilder/404.php' not found or unable to stat
[Sun Feb 08 01:23:33.555516 2026] [php:error] [pid 40905] [client 40.89.140.250:0] script '/domains/fayemoran/inputs.php' not found or unable to stat
[Sun Feb 08 01:23:33.643243 2026] [php:error] [pid 40905] [client 40.89.140.250:0] script '/domains/fayemoran/ffd.php' not found or unable to stat
[Sun Feb 08 01:23:33.832738 2026] [php:error] [pid 40905] [client 40.89.140.250:0] script '/domains/fayemoran/x_3.php' not found or unable to stat
[Sun Feb 08 01:23:33.931863 2026] [php:error] [pid 40905] [client 40.89.140.250:0] script '/domains/fayemoran/wp_wlx.php' not found or unable to stat
[Sun Feb 08 01:23:34.399984 2026] [php:error] [pid 40909] [client 194.5.82.103:0] script '/domains/pbuilder/repeater.php' not found or unable to stat
[Sun Feb 08 01:23:34.509167 2026] [php:error] [pid 40913] [client 40.89.140.250:0] script '/domains/fayemoran/oivcl.php' not found or unable to stat
[Sun Feb 08 01:23:34.613409 2026] [php:error] [pid 40909] [client 194.5.82.103:0] script '/domains/pbuilder/p.php' not found or unable to stat
[Sun Feb 08 01:23:34.693901 2026] [php:error] [pid 40913] [client 40.89.140.250:0] script '/domains/fayemoran/o.php' not found or unable to stat
[Sun Feb 08 01:23:34.780719 2026] [php:error] [pid 40913] [client 40.89.140.250:0] script '/domains/fayemoran/asd67.php' not found or unable to stat
[Sun Feb 08 01:23:34.826060 2026] [php:error] [pid 40909] [client 194.5.82.103:0] script '/domains/pbuilder/shell.php' not found or unable to stat
[Sun Feb 08 01:23:35.040405 2026] [php:error] [pid 40913] [client 40.89.140.250:0] script '/domains/fayemoran/mar.php' not found or unable to stat
[Sun Feb 08 01:23:35.127645 2026] [php:error] [pid 40913] [client 40.89.140.250:0] script '/domains/fayemoran/raw.php' not found or unable to stat
[Sun Feb 08 01:23:35.214400 2026] [php:error] [pid 40913] [client 40.89.140.250:0] script '/domains/fayemoran/a2.php' not found or unable to stat
[Sun Feb 08 01:23:35.409475 2026] [php:error] [pid 40913] [client 40.89.140.250:0] script '/domains/fayemoran/mal.php' not found or unable to stat
[Sun Feb 08 01:23:35.509832 2026] [php:error] [pid 40919] [client 194.5.82.87:0] script '/domains/pbuilder/222.php' not found or unable to stat
[Sun Feb 08 01:23:35.650717 2026] [php:error] [pid 40913] [client 40.89.140.250:0] script '/domains/fayemoran/flower.php' not found or unable to stat
[Sun Feb 08 01:23:35.914745 2026] [php:error] [pid 40913] [client 40.89.140.250:0] script '/domains/fayemoran/ph33w.php' not found or unable to stat
[Sun Feb 08 01:23:35.967774 2026] [php:error] [pid 40919] [client 194.5.82.87:0] script '/domains/pbuilder/xxl.php' not found or unable to stat
[Sun Feb 08 01:23:36.001393 2026] [php:error] [pid 40913] [client 40.89.140.250:0] script '/domains/fayemoran/cv.php' not found or unable to stat
[Sun Feb 08 01:23:36.179306 2026] [php:error] [pid 40913] [client 40.89.140.250:0] script '/domains/fayemoran/wp4.php' not found or unable to stat
[Sun Feb 08 01:23:36.183599 2026] [php:error] [pid 40919] [client 194.5.82.87:0] script '/domains/pbuilder/wp2.php' not found or unable to stat
[Sun Feb 08 01:23:36.346049 2026] [php:error] [pid 40914] [client 20.187.78.62:0] script '/domains/brenties/aaa.php' not found or unable to stat
[Sun Feb 08 01:23:36.356282 2026] [php:error] [pid 40913] [client 40.89.140.250:0] script '/domains/fayemoran/dropdown.php' not found or unable to stat
[Sun Feb 08 01:23:36.395720 2026] [php:error] [pid 40919] [client 194.5.82.87:0] script '/domains/pbuilder/sitemap.php' not found or unable to stat
[Sun Feb 08 01:23:36.446858 2026] [php:error] [pid 40913] [client 40.89.140.250:0] script '/domains/fayemoran/sxo.php' not found or unable to stat
[Sun Feb 08 01:23:36.533530 2026] [php:error] [pid 40913] [client 40.89.140.250:0] script '/domains/fayemoran/2026.php' not found or unable to stat
[Sun Feb 08 01:23:36.611391 2026] [php:error] [pid 40914] [client 20.187.78.62:0] script '/domains/brenties/inputs.php' not found or unable to stat
[Sun Feb 08 01:23:36.666923 2026] [php:error] [pid 40913] [client 40.89.140.250:0] script '/domains/fayemoran/wp.php' not found or unable to stat
[Sun Feb 08 01:23:36.760687 2026] [php:error] [pid 40913] [client 40.89.140.250:0] script '/domains/fayemoran/sto.php' not found or unable to stat
[Sun Feb 08 01:23:36.875883 2026] [php:error] [pid 40913] [client 40.89.140.250:0] script '/domains/fayemoran/h.php' not found or unable to stat
[Sun Feb 08 01:23:36.962486 2026] [php:error] [pid 40913] [client 40.89.140.250:0] script '/domains/fayemoran/tphp.php' not found or unable to stat
[Sun Feb 08 01:23:37.049117 2026] [php:error] [pid 40913] [client 40.89.140.250:0] script '/domains/fayemoran/cs.php' not found or unable to stat
[Sun Feb 08 01:23:37.065943 2026] [php:error] [pid 40919] [client 194.5.82.87:0] script '/domains/pbuilder/build.php' not found or unable to stat
[Sun Feb 08 01:23:37.137088 2026] [php:error] [pid 40913] [client 40.89.140.250:0] script '/domains/fayemoran/user.php' not found or unable to stat
[Sun Feb 08 01:23:37.314080 2026] [php:error] [pid 40913] [client 40.89.140.250:0] script '/domains/fayemoran/8xyz.php' not found or unable to stat
[Sun Feb 08 01:23:37.473641 2026] [php:error] [pid 40914] [client 20.187.78.62:0] script '/domains/brenties/log.php' not found or unable to stat
[Sun Feb 08 01:23:37.498106 2026] [php:error] [pid 40913] [client 40.89.140.250:0] script '/domains/fayemoran/rezor.php' not found or unable to stat
[Sun Feb 08 01:23:37.584588 2026] [php:error] [pid 40913] [client 40.89.140.250:0] script '/domains/fayemoran/Wp-good.php' not found or unable to stat
[Sun Feb 08 01:23:37.676681 2026] [php:error] [pid 40913] [client 40.89.140.250:0] script '/domains/fayemoran/ze.php' not found or unable to stat
[Sun Feb 08 01:23:37.763104 2026] [php:error] [pid 40913] [client 40.89.140.250:0] script '/domains/fayemoran/bgymj.php' not found or unable to stat
[Sun Feb 08 01:23:37.850187 2026] [php:error] [pid 40913] [client 40.89.140.250:0] script '/domains/fayemoran/jmfi2.php' not found or unable to stat
[Sun Feb 08 01:23:37.936715 2026] [php:error] [pid 40913] [client 40.89.140.250:0] script '/domains/fayemoran/x7.php' not found or unable to stat
[Sun Feb 08 01:23:38.081346 2026] [php:error] [pid 40913] [client 40.89.140.250:0] script '/domains/fayemoran/hey.php' not found or unable to stat
[Sun Feb 08 01:23:38.424409 2026] [php:error] [pid 40914] [client 20.187.78.62:0] script '/domains/brenties/man.php' not found or unable to stat
[Sun Feb 08 01:23:38.439120 2026] [php:error] [pid 40913] [client 40.89.140.250:0] script '/domains/fayemoran/gib.php' not found or unable to stat
[Sun Feb 08 01:23:38.526498 2026] [php:error] [pid 40913] [client 40.89.140.250:0] script '/domains/fayemoran/wso.php' not found or unable to stat
[Sun Feb 08 01:23:38.613120 2026] [php:error] [pid 40913] [client 40.89.140.250:0] script '/domains/fayemoran/x.php' not found or unable to stat
[Sun Feb 08 01:23:39.014771 2026] [php:error] [pid 40919] [client 194.5.82.87:0] script '/domains/pbuilder/bak.php' not found or unable to stat
[Sun Feb 08 01:23:39.265325 2026] [php:error] [pid 40919] [client 194.5.82.87:0] script '/domains/pbuilder/lf.php' not found or unable to stat
[Sun Feb 08 01:23:39.478075 2026] [php:error] [pid 40919] [client 194.5.82.87:0] script '/domains/pbuilder/bala.php' not found or unable to stat
[Sun Feb 08 01:23:39.567124 2026] [php:error] [pid 40914] [client 20.187.78.62:0] script '/domains/brenties/1.php' not found or unable to stat
[Sun Feb 08 01:23:39.902951 2026] [php:error] [pid 40919] [client 194.5.82.87:0] script '/domains/pbuilder/blog.php' not found or unable to stat
[Sun Feb 08 01:23:40.674280 2026] [php:error] [pid 40914] [client 20.187.78.62:0] script '/domains/brenties/aa.php' not found or unable to stat
[Sun Feb 08 01:23:40.793135 2026] [php:error] [pid 40919] [client 194.5.82.87:0] script '/domains/pbuilder/cux.php' not found or unable to stat
[Sun Feb 08 01:23:40.880619 2026] [php:error] [pid 40914] [client 20.187.78.62:0] script '/domains/brenties/dropdown.php' not found or unable to stat
[Sun Feb 08 01:23:41.130097 2026] [php:error] [pid 40914] [client 20.187.78.62:0] script '/domains/brenties/rtx.php' not found or unable to stat
[Sun Feb 08 01:23:41.217557 2026] [php:error] [pid 40919] [client 194.5.82.87:0] script '/domains/pbuilder/readme.php' not found or unable to stat
[Sun Feb 08 01:23:41.465085 2026] [php:error] [pid 40919] [client 194.5.82.87:0] script '/domains/pbuilder/Njima.php' not found or unable to stat
[Sun Feb 08 01:23:41.679752 2026] [php:error] [pid 40919] [client 194.5.82.87:0] script '/domains/pbuilder/hehehehe.php' not found or unable to stat
[Sun Feb 08 01:23:41.892516 2026] [php:error] [pid 40919] [client 194.5.82.87:0] script '/domains/pbuilder/fm.php' not found or unable to stat
[Sun Feb 08 01:23:42.104392 2026] [php:error] [pid 40919] [client 194.5.82.87:0] script '/domains/pbuilder/r.php' not found or unable to stat
[Sun Feb 08 01:23:43.416321 2026] [php:error] [pid 40915] [client 194.5.82.63:0] script '/domains/pbuilder/click.php' not found or unable to stat
[Sun Feb 08 01:23:43.867603 2026] [php:error] [pid 40915] [client 194.5.82.63:0] script '/domains/pbuilder/cc.php' not found or unable to stat
[Sun Feb 08 01:23:44.077404 2026] [php:error] [pid 40915] [client 194.5.82.63:0] script '/domains/pbuilder/wp-22.php' not found or unable to stat
[Sun Feb 08 01:23:44.707714 2026] [php:error] [pid 40915] [client 194.5.82.63:0] script '/domains/pbuilder/smm.php' not found or unable to stat
[Sun Feb 08 01:23:45.129888 2026] [php:error] [pid 40915] [client 194.5.82.63:0] script '/domains/pbuilder/wso-x569.php' not found or unable to stat
[Sun Feb 08 01:23:45.361151 2026] [php:error] [pid 40914] [client 20.187.78.62:0] script '/domains/brenties/atomlib.php' not found or unable to stat
[Sun Feb 08 01:23:45.365544 2026] [php:error] [pid 40915] [client 194.5.82.63:0] script '/domains/pbuilder/header.php' not found or unable to stat
[Sun Feb 08 01:23:45.583362 2026] [php:error] [pid 40914] [client 20.187.78.62:0] script '/domains/brenties/info.php' not found or unable to stat
[Sun Feb 08 01:23:45.820182 2026] [php:error] [pid 40914] [client 20.187.78.62:0] script '/domains/brenties/lock360.php' not found or unable to stat
[Sun Feb 08 01:23:45.999890 2026] [php:error] [pid 40915] [client 194.5.82.63:0] script '/domains/pbuilder/a1vx.php' not found or unable to stat
[Sun Feb 08 01:23:46.209282 2026] [php:error] [pid 40915] [client 194.5.82.63:0] script '/domains/pbuilder/wp-activate.php' not found or unable to stat
[Sun Feb 08 01:23:46.276424 2026] [php:error] [pid 40914] [client 20.187.78.62:0] script '/domains/brenties/vx.php' not found or unable to stat
[Sun Feb 08 01:23:46.976288 2026] [php:error] [pid 40914] [client 20.187.78.62:0] script '/domains/brenties/wp-content.php' not found or unable to stat
[Sun Feb 08 01:23:47.094438 2026] [php:error] [pid 40915] [client 194.5.82.63:0] script '/domains/pbuilder/class.php' not found or unable to stat
[Sun Feb 08 01:23:47.518267 2026] [php:error] [pid 40915] [client 194.5.82.63:0] script '/domains/pbuilder/wp_class_datalib.php' not found or unable to stat
[Sun Feb 08 01:23:48.398260 2026] [php:error] [pid 40915] [client 194.5.82.63:0] script '/domains/pbuilder/kex.php' not found or unable to stat
[Sun Feb 08 01:23:49.479820 2026] [php:error] [pid 40915] [client 194.5.82.63:0] script '/domains/pbuilder/about.php' not found or unable to stat
[Sun Feb 08 01:23:49.688808 2026] [php:error] [pid 40915] [client 194.5.82.63:0] script '/domains/pbuilder/wp.php' not found or unable to stat
[Sun Feb 08 01:23:50.567811 2026] [php:error] [pid 40915] [client 194.5.82.63:0] script '/domains/pbuilder/css.php' not found or unable to stat
[Sun Feb 08 01:23:50.655809 2026] [php:error] [pid 40914] [client 20.187.78.62:0] script '/domains/brenties/adminfuns.php' not found or unable to stat
[Sun Feb 08 01:23:50.989583 2026] [php:error] [pid 40915] [client 194.5.82.63:0] script '/domains/pbuilder/goat.php' not found or unable to stat
[Sun Feb 08 01:23:51.200933 2026] [php:error] [pid 40915] [client 194.5.82.63:0] script '/domains/pbuilder/edit-tags.php' not found or unable to stat
[Sun Feb 08 01:23:51.699621 2026] [php:error] [pid 40914] [client 20.187.78.62:0] script '/domains/brenties/ahax.php' not found or unable to stat
[Sun Feb 08 01:23:51.804359 2026] [php:error] [pid 40923] [client 4.213.99.137:0] script '/domains/samscars/class-t.api.php' not found or unable to stat
[Sun Feb 08 01:23:51.872323 2026] [php:error] [pid 40915] [client 194.5.82.63:0] script '/domains/pbuilder/wp-comments.php' not found or unable to stat
[Sun Feb 08 01:23:52.012968 2026] [php:error] [pid 40923] [client 4.213.99.137:0] script '/domains/samscars/zwso.php' not found or unable to stat
[Sun Feb 08 01:23:52.290869 2026] [php:error] [pid 40915] [client 194.5.82.63:0] script '/domains/pbuilder/tx17.php' not found or unable to stat
[Sun Feb 08 01:23:52.421532 2026] [php:error] [pid 40923] [client 4.213.99.137:0] script '/domains/samscars/class19.php' not found or unable to stat
[Sun Feb 08 01:23:52.645708 2026] [php:error] [pid 40923] [client 4.213.99.137:0] script '/domains/samscars/class20.php' not found or unable to stat
[Sun Feb 08 01:23:52.814494 2026] [php:error] [pid 40914] [client 20.187.78.62:0] script '/domains/brenties/autoload_classmap.php' not found or unable to stat
[Sun Feb 08 01:23:52.848139 2026] [php:error] [pid 40923] [client 4.213.99.137:0] script '/domains/samscars/admin.php' not found or unable to stat
[Sun Feb 08 01:23:52.920156 2026] [php:error] [pid 40915] [client 194.5.82.63:0] script '/domains/pbuilder/about.php' not found or unable to stat
[Sun Feb 08 01:23:53.050264 2026] [php:error] [pid 40923] [client 4.213.99.137:0] script '/domains/samscars/randkeyword.php' not found or unable to stat
[Sun Feb 08 01:23:53.258444 2026] [php:error] [pid 40923] [client 4.213.99.137:0] script '/domains/samscars/fwe.php' not found or unable to stat
[Sun Feb 08 01:23:53.289049 2026] [php:error] [pid 40914] [client 20.187.78.62:0] script '/domains/brenties/file.php' not found or unable to stat
[Sun Feb 08 01:23:53.378045 2026] [php:error] [pid 40915] [client 194.5.82.63:0] script '/domains/pbuilder/footer.php' not found or unable to stat
[Sun Feb 08 01:23:53.467068 2026] [php:error] [pid 40923] [client 4.213.99.137:0] script '/domains/samscars/images/m.php' not found or unable to stat
[Sun Feb 08 01:23:53.668920 2026] [php:error] [pid 40923] [client 4.213.99.137:0] script '/domains/samscars/g.php' not found or unable to stat
[Sun Feb 08 01:23:53.871292 2026] [php:error] [pid 40923] [client 4.213.99.137:0] script '/domains/samscars/tx1.php' not found or unable to stat
[Sun Feb 08 01:23:54.007807 2026] [php:error] [pid 40915] [client 194.5.82.63:0] script '/domains/pbuilder/dex.php' not found or unable to stat
[Sun Feb 08 01:23:54.075230 2026] [php:error] [pid 40923] [client 4.213.99.137:0] script '/domains/samscars/xv.php' not found or unable to stat
[Sun Feb 08 01:23:54.277608 2026] [php:error] [pid 40923] [client 4.213.99.137:0] script '/domains/samscars/x56.php' not found or unable to stat
[Sun Feb 08 01:23:54.485422 2026] [php:error] [pid 40923] [client 4.213.99.137:0] script '/domains/samscars/htaccess.php' not found or unable to stat
[Sun Feb 08 01:23:54.675064 2026] [php:error] [pid 40915] [client 194.5.82.63:0] script '/domains/pbuilder/02.php' not found or unable to stat
[Sun Feb 08 01:23:54.690154 2026] [php:error] [pid 40923] [client 4.213.99.137:0] script '/domains/samscars/readme.php' not found or unable to stat
[Sun Feb 08 01:23:54.888709 2026] [php:error] [pid 40915] [client 194.5.82.63:0] script '/domains/pbuilder/f35.php' not found or unable to stat
[Sun Feb 08 01:23:54.892013 2026] [php:error] [pid 40923] [client 4.213.99.137:0] script '/domains/samscars/x50.php' not found or unable to stat
[Sun Feb 08 01:23:55.094386 2026] [php:error] [pid 40923] [client 4.213.99.137:0] script '/domains/samscars/fv.php' not found or unable to stat
[Sun Feb 08 01:23:55.156014 2026] [php:error] [pid 40914] [client 20.187.78.62:0] script '/domains/brenties/file5.php' not found or unable to stat
[Sun Feb 08 01:23:55.302577 2026] [php:error] [pid 40923] [client 4.213.99.137:0] script '/domains/samscars/file.php' not found or unable to stat
[Sun Feb 08 01:23:55.308707 2026] [php:error] [pid 40915] [client 194.5.82.63:0] script '/domains/pbuilder/wsoyanz.php' not found or unable to stat
[Sun Feb 08 01:23:55.504557 2026] [php:error] [pid 40923] [client 4.213.99.137:0] script '/domains/samscars/lsd.php' not found or unable to stat
[Sun Feb 08 01:23:55.708329 2026] [php:error] [pid 40923] [client 4.213.99.137:0] script '/domains/samscars/as.php' not found or unable to stat
[Sun Feb 08 01:23:55.910419 2026] [php:error] [pid 40923] [client 4.213.99.137:0] script '/domains/samscars/wsd.php' not found or unable to stat
[Sun Feb 08 01:23:55.975661 2026] [php:error] [pid 40915] [client 194.5.82.63:0] script '/domains/pbuilder/Yanzmini.php' not found or unable to stat
[Sun Feb 08 01:23:56.115921 2026] [php:error] [pid 40923] [client 4.213.99.137:0] script '/domains/samscars/gtc.php' not found or unable to stat
[Sun Feb 08 01:23:56.318055 2026] [php:error] [pid 40923] [client 4.213.99.137:0] script '/domains/samscars/atx.php' not found or unable to stat
[Sun Feb 08 01:23:56.519853 2026] [php:error] [pid 40923] [client 4.213.99.137:0] script '/domains/samscars/z60.php' not found or unable to stat
[Sun Feb 08 01:23:56.721807 2026] [php:error] [pid 40923] [client 4.213.99.137:0] script '/domains/samscars/403.php' not found or unable to stat
[Sun Feb 08 01:23:56.814292 2026] [php:error] [pid 40915] [client 194.5.82.63:0] script '/domains/pbuilder/0.php' not found or unable to stat
[Sun Feb 08 01:23:56.923871 2026] [php:error] [pid 40923] [client 4.213.99.137:0] script '/domains/samscars/m.php' not found or unable to stat
[Sun Feb 08 01:23:57.126493 2026] [php:error] [pid 40923] [client 4.213.99.137:0] script '/domains/samscars/themes.php' not found or unable to stat
[Sun Feb 08 01:23:57.483554 2026] [php:error] [pid 40915] [client 194.5.82.63:0] script '/domains/pbuilder/million.php' not found or unable to stat
[Sun Feb 08 01:23:57.745563 2026] [php:error] [pid 40923] [client 4.213.99.137:0] script '/domains/samscars/click.php' not found or unable to stat
[Sun Feb 08 01:23:57.903183 2026] [php:error] [pid 40915] [client 194.5.82.63:0] script '/domains/pbuilder/ava.php' not found or unable to stat
[Sun Feb 08 01:23:57.950177 2026] [php:error] [pid 40923] [client 4.213.99.137:0] script '/domains/samscars/install.php' not found or unable to stat
[Sun Feb 08 01:23:58.152147 2026] [php:error] [pid 40923] [client 4.213.99.137:0] script '/domains/samscars/lv.php' not found or unable to stat
[Sun Feb 08 01:23:58.357277 2026] [php:error] [pid 40923] [client 4.213.99.137:0] script '/domains/samscars/simple.php' not found or unable to stat
[Sun Feb 08 01:23:58.564559 2026] [php:error] [pid 40923] [client 4.213.99.137:0] script '/domains/samscars/css.php' not found or unable to stat
[Sun Feb 08 01:23:58.576849 2026] [php:error] [pid 40915] [client 194.5.82.63:0] script '/domains/pbuilder/system.php' not found or unable to stat
[Sun Feb 08 01:23:58.766524 2026] [php:error] [pid 40923] [client 4.213.99.137:0] script '/domains/samscars/cong.php' not found or unable to stat
[Sun Feb 08 01:23:58.790738 2026] [php:error] [pid 40915] [client 194.5.82.63:0] script '/domains/pbuilder/uplozvb.php' not found or unable to stat
[Sun Feb 08 01:23:59.171878 2026] [php:error] [pid 40923] [client 4.213.99.137:0] script '/domains/samscars/cong.php' not found or unable to stat
[Sun Feb 08 01:23:59.373850 2026] [php:error] [pid 40923] [client 4.213.99.137:0] script '/domains/samscars/w.php' not found or unable to stat
[Sun Feb 08 01:23:59.576593 2026] [php:error] [pid 40923] [client 4.213.99.137:0] script '/domains/samscars/404.php' not found or unable to stat
[Sun Feb 08 01:23:59.778599 2026] [php:error] [pid 40923] [client 4.213.99.137:0] script '/domains/samscars/ioxi-o.php' not found or unable to stat
[Sun Feb 08 01:23:59.870797 2026] [php:error] [pid 40915] [client 194.5.82.63:0] script '/domains/pbuilder/network_xo.php' not found or unable to stat
[Sun Feb 08 01:23:59.981323 2026] [php:error] [pid 40923] [client 4.213.99.137:0] script '/domains/samscars/0x.php' not found or unable to stat
[Sun Feb 08 01:24:00.085159 2026] [php:error] [pid 40915] [client 194.5.82.63:0] script '/domains/pbuilder/22.php' not found or unable to stat
[Sun Feb 08 01:24:00.194660 2026] [php:error] [pid 40923] [client 4.213.99.137:0] script '/domains/samscars/css.php' not found or unable to stat
[Sun Feb 08 01:24:00.396677 2026] [php:error] [pid 40923] [client 4.213.99.137:0] script '/domains/samscars/222.php' not found or unable to stat
[Sun Feb 08 01:24:00.808576 2026] [php:error] [pid 40923] [client 4.213.99.137:0] script '/domains/samscars/admin.php' not found or unable to stat
[Sun Feb 08 01:24:00.935350 2026] [php:error] [pid 40915] [client 194.5.82.63:0] script '/domains/pbuilder/gecko.php' not found or unable to stat
[Sun Feb 08 01:24:00.972063 2026] [php:error] [pid 40914] [client 20.187.78.62:0] script '/domains/brenties/xmlrpc.php' not found or unable to stat
[Sun Feb 08 01:24:01.232101 2026] [php:error] [pid 40923] [client 4.213.99.137:0] script '/domains/samscars/classwithtostring.php' not found or unable to stat
[Sun Feb 08 01:24:01.434104 2026] [php:error] [pid 40923] [client 4.213.99.137:0] script '/domains/samscars/abcd.php' not found or unable to stat
[Sun Feb 08 01:24:01.636104 2026] [php:error] [pid 40923] [client 4.213.99.137:0] script '/domains/samscars/autoload_classmap.php' not found or unable to stat
[Sun Feb 08 01:24:01.838335 2026] [php:error] [pid 40923] [client 4.213.99.137:0] script '/domains/samscars/inputs.php' not found or unable to stat
[Sun Feb 08 01:24:02.040471 2026] [php:error] [pid 40923] [client 4.213.99.137:0] script '/domains/samscars/about.php' not found or unable to stat
[Sun Feb 08 01:24:02.242708 2026] [php:error] [pid 40923] [client 4.213.99.137:0] script '/domains/samscars/alfa.php' not found or unable to stat
[Sun Feb 08 01:24:02.315754 2026] [php:error] [pid 40914] [client 20.187.78.62:0] script '/domains/brenties/alfa.php' not found or unable to stat
[Sun Feb 08 01:24:02.470472 2026] [php:error] [pid 40926] [client 194.5.82.81:0] script '/domains/pbuilder/classwithtostring.php' not found or unable to stat
[Sun Feb 08 01:24:02.557648 2026] [php:error] [pid 40914] [client 20.187.78.62:0] script '/domains/brenties/as.php' not found or unable to stat
[Sun Feb 08 01:24:02.683984 2026] [php:error] [pid 40926] [client 194.5.82.81:0] script '/domains/pbuilder/buy.php' not found or unable to stat
[Sun Feb 08 01:24:02.897239 2026] [php:error] [pid 40926] [client 194.5.82.81:0] script '/domains/pbuilder/wp-pano.php' not found or unable to stat
[Sun Feb 08 01:24:02.980704 2026] [php:error] [pid 40914] [client 20.187.78.62:0] script '/domains/brenties/class-t.api.php' not found or unable to stat
[Sun Feb 08 01:24:03.110352 2026] [php:error] [pid 40926] [client 194.5.82.81:0] script '/domains/pbuilder/lufix.php' not found or unable to stat
[Sun Feb 08 01:24:03.266271 2026] [php:error] [pid 40923] [client 4.213.99.137:0] script '/domains/samscars/manager.php' not found or unable to stat
[Sun Feb 08 01:24:03.322069 2026] [php:error] [pid 40926] [client 194.5.82.81:0] script '/domains/pbuilder/an.php' not found or unable to stat
[Sun Feb 08 01:24:03.477872 2026] [php:error] [pid 40923] [client 4.213.99.137:0] script '/domains/samscars/item.php' not found or unable to stat
[Sun Feb 08 01:24:03.888570 2026] [php:error] [pid 40923] [client 4.213.99.137:0] script '/domains/samscars/404.php' not found or unable to stat
[Sun Feb 08 01:24:03.997482 2026] [php:error] [pid 40926] [client 194.5.82.81:0] script '/domains/pbuilder/klbnm.php' not found or unable to stat
[Sun Feb 08 01:24:04.094871 2026] [php:error] [pid 40923] [client 4.213.99.137:0] script '/domains/samscars/mail.php' not found or unable to stat
[Sun Feb 08 01:24:04.411720 2026] [php:error] [pid 40914] [client 20.187.78.62:0] script '/domains/brenties/indoxploit.php' not found or unable to stat
[Sun Feb 08 01:24:04.500648 2026] [php:error] [pid 40923] [client 4.213.99.137:0] script '/domains/samscars/sx.php' not found or unable to stat
[Sun Feb 08 01:24:04.635666 2026] [php:error] [pid 40914] [client 20.187.78.62:0] script '/domains/brenties/shell.php' not found or unable to stat
[Sun Feb 08 01:24:04.672368 2026] [php:error] [pid 40926] [client 194.5.82.81:0] script '/domains/pbuilder/lock360.php' not found or unable to stat
[Sun Feb 08 01:24:04.873618 2026] [php:error] [pid 40914] [client 20.187.78.62:0] script '/domains/brenties/system.php' not found or unable to stat
[Sun Feb 08 01:24:04.887100 2026] [php:error] [pid 40926] [client 194.5.82.81:0] script '/domains/pbuilder/sim.php' not found or unable to stat
[Sun Feb 08 01:24:04.904386 2026] [php:error] [pid 40923] [client 4.213.99.137:0] script '/domains/samscars/alfa.php' not found or unable to stat
[Sun Feb 08 01:24:05.081331 2026] [php:error] [pid 40914] [client 20.187.78.62:0] script '/domains/brenties/wp-admin.php' not found or unable to stat
[Sun Feb 08 01:24:05.110638 2026] [php:error] [pid 40923] [client 4.213.99.137:0] script '/domains/samscars/1.php' not found or unable to stat
[Sun Feb 08 01:24:05.312388 2026] [php:error] [pid 40923] [client 4.213.99.137:0] script '/domains/samscars/byp.php' not found or unable to stat
[Sun Feb 08 01:24:05.514454 2026] [php:error] [pid 40923] [client 4.213.99.137:0] script '/domains/samscars/wp-trackback.php' not found or unable to stat
[Sun Feb 08 01:24:05.527259 2026] [php:error] [pid 40926] [client 194.5.82.81:0] script '/domains/pbuilder/db.php' not found or unable to stat
[Sun Feb 08 01:24:06.326430 2026] [php:error] [pid 40923] [client 4.213.99.137:0] script '/domains/samscars/gmo.php' not found or unable to stat
[Sun Feb 08 01:24:06.617381 2026] [php:error] [pid 40913] [client 194.5.82.86:0] script '/domains/pbuilder/alfa-rex.php' not found or unable to stat
[Sun Feb 08 01:24:06.827091 2026] [php:error] [pid 40913] [client 194.5.82.86:0] script '/domains/pbuilder/wp-add-admin.php' not found or unable to stat
[Sun Feb 08 01:24:07.702443 2026] [php:error] [pid 40913] [client 194.5.82.86:0] script '/domains/pbuilder/v.php' not found or unable to stat
[Sun Feb 08 01:24:07.914111 2026] [php:error] [pid 40913] [client 194.5.82.86:0] script '/domains/pbuilder/k.php' not found or unable to stat
[Sun Feb 08 01:24:08.124261 2026] [php:error] [pid 40913] [client 194.5.82.86:0] script '/domains/pbuilder/22.php' not found or unable to stat
[Sun Feb 08 01:24:08.556852 2026] [php:error] [pid 40914] [client 20.187.78.62:0] script '/domains/brenties/wp-block.php' not found or unable to stat
[Sun Feb 08 01:24:08.610797 2026] [php:error] [pid 40923] [client 4.213.99.137:0] script '/domains/samscars/ww1.php' not found or unable to stat
[Sun Feb 08 01:24:08.797824 2026] [php:error] [pid 40913] [client 194.5.82.86:0] script '/domains/pbuilder/tyasd.php' not found or unable to stat
[Sun Feb 08 01:24:09.668198 2026] [php:error] [pid 40913] [client 194.5.82.86:0] script '/domains/pbuilder/mail.php' not found or unable to stat
[Sun Feb 08 01:24:09.828826 2026] [php:error] [pid 40926] [client 4.213.99.137:0] script '/domains/samscars/security.php' not found or unable to stat
[Sun Feb 08 01:24:10.724897 2026] [php:error] [pid 40913] [client 194.5.82.86:0] script '/domains/pbuilder/xtride.php' not found or unable to stat
[Sun Feb 08 01:24:11.168184 2026] [php:error] [pid 40913] [client 194.5.82.86:0] script '/domains/pbuilder/WSO.php' not found or unable to stat
[Sun Feb 08 01:24:11.384551 2026] [php:error] [pid 40913] [client 194.5.82.86:0] script '/domains/pbuilder/user.php' not found or unable to stat
[Sun Feb 08 01:24:11.790246 2026] [php:error] [pid 40914] [client 20.187.78.62:0] script '/domains/brenties/wp-good.php' not found or unable to stat
[Sun Feb 08 01:24:12.230377 2026] [php:error] [pid 40913] [client 194.5.82.86:0] script '/domains/pbuilder/users.php' not found or unable to stat
[Sun Feb 08 01:24:12.312075 2026] [php:error] [pid 40926] [client 4.213.99.137:0] script '/domains/samscars/class.php' not found or unable to stat
[Sun Feb 08 01:24:12.515520 2026] [php:error] [pid 40926] [client 4.213.99.137:0] script '/domains/samscars/bless5.php' not found or unable to stat
[Sun Feb 08 01:24:12.679518 2026] [php:error] [pid 40913] [client 194.5.82.86:0] script '/domains/pbuilder/edit.php' not found or unable to stat
[Sun Feb 08 01:24:12.888563 2026] [php:error] [pid 40913] [client 194.5.82.86:0] script '/domains/pbuilder/t.php' not found or unable to stat
[Sun Feb 08 01:24:13.100486 2026] [php:error] [pid 40913] [client 194.5.82.86:0] script '/domains/pbuilder/style.php' not found or unable to stat
[Sun Feb 08 01:24:13.123809 2026] [php:error] [pid 40926] [client 4.213.99.137:0] script '/domains/samscars/lock360.php' not found or unable to stat
[Sun Feb 08 01:24:13.312407 2026] [php:error] [pid 40913] [client 194.5.82.86:0] script '/domains/pbuilder/link.php' not found or unable to stat
[Sun Feb 08 01:24:13.326876 2026] [php:error] [pid 40926] [client 4.213.99.137:0] script '/domains/samscars/f35.php' not found or unable to stat
[Sun Feb 08 01:24:13.533045 2026] [php:error] [pid 40926] [client 4.213.99.137:0] script '/domains/samscars/ioxi-o1.php' not found or unable to stat
[Sun Feb 08 01:24:13.573200 2026] [php:error] [pid 40928] [client 167.99.71.172:0] script '/domains/system_default/upl.php' not found or unable to stat
[Sun Feb 08 01:24:13.736049 2026] [php:error] [pid 40926] [client 4.213.99.137:0] script '/domains/samscars/juuuu.php' not found or unable to stat
[Sun Feb 08 01:24:13.764581 2026] [php:error] [pid 40913] [client 194.5.82.86:0] script '/domains/pbuilder/ioxi2.php' not found or unable to stat
[Sun Feb 08 01:24:13.939150 2026] [php:error] [pid 40926] [client 4.213.99.137:0] script '/domains/samscars/ha.php' not found or unable to stat
[Sun Feb 08 01:24:14.142504 2026] [php:error] [pid 40926] [client 4.213.99.137:0] script '/domains/samscars/gg.php' not found or unable to stat
[Sun Feb 08 01:24:14.193852 2026] [php:error] [pid 40913] [client 194.5.82.86:0] script '/domains/pbuilder/rss.php' not found or unable to stat
[Sun Feb 08 01:24:14.345856 2026] [php:error] [pid 40926] [client 4.213.99.137:0] script '/domains/samscars/we2.php' not found or unable to stat
[Sun Feb 08 01:24:14.422542 2026] [php:error] [pid 40913] [client 194.5.82.86:0] script '/domains/pbuilder/text.php' not found or unable to stat
[Sun Feb 08 01:24:14.549442 2026] [php:error] [pid 40926] [client 4.213.99.137:0] script '/domains/samscars/04.php' not found or unable to stat
[Sun Feb 08 01:24:14.752470 2026] [php:error] [pid 40926] [client 4.213.99.137:0] script '/domains/samscars/333.php' not found or unable to stat
[Sun Feb 08 01:24:14.881961 2026] [php:error] [pid 40913] [client 194.5.82.86:0] script '/domains/pbuilder/flower.php' not found or unable to stat
[Sun Feb 08 01:24:14.963533 2026] [php:error] [pid 40926] [client 4.213.99.137:0] script '/domains/samscars/520.php' not found or unable to stat
[Sun Feb 08 01:24:15.166973 2026] [php:error] [pid 40926] [client 4.213.99.137:0] script '/domains/samscars/ar.php' not found or unable to stat
[Sun Feb 08 01:24:15.339990 2026] [php:error] [pid 40920] [client 167.99.71.172:0] script '/domains/system_default/1.php' not found or unable to stat
[Sun Feb 08 01:24:15.369912 2026] [php:error] [pid 40926] [client 4.213.99.137:0] script '/domains/samscars/x.php' not found or unable to stat
[Sun Feb 08 01:24:15.572854 2026] [php:error] [pid 40926] [client 4.213.99.137:0] script '/domains/samscars/xx.php' not found or unable to stat
[Sun Feb 08 01:24:15.722247 2026] [php:error] [pid 40913] [client 194.5.82.86:0] script '/domains/pbuilder/ok.php' not found or unable to stat
[Sun Feb 08 01:24:15.776699 2026] [php:error] [pid 40926] [client 4.213.99.137:0] script '/domains/samscars/gifclass4.php' not found or unable to stat
[Sun Feb 08 01:24:15.980062 2026] [php:error] [pid 40926] [client 4.213.99.137:0] script '/domains/samscars/2clas.php' not found or unable to stat
[Sun Feb 08 01:24:16.174022 2026] [php:error] [pid 40913] [client 194.5.82.86:0] script '/domains/pbuilder/classsmtps.php' not found or unable to stat
[Sun Feb 08 01:24:16.183148 2026] [php:error] [pid 40926] [client 4.213.99.137:0] script '/domains/samscars/ave.php' not found or unable to stat
[Sun Feb 08 01:24:16.234089 2026] [php:error] [pid 40915] [client 167.99.71.172:0] script '/domains/system_default/password.php' not found or unable to stat
[Sun Feb 08 01:24:16.387309 2026] [php:error] [pid 40913] [client 194.5.82.86:0] script '/domains/pbuilder/backup.php' not found or unable to stat
[Sun Feb 08 01:24:16.403389 2026] [php:error] [pid 40926] [client 4.213.99.137:0] script '/domains/samscars/wrt.php' not found or unable to stat
[Sun Feb 08 01:24:16.606876 2026] [php:error] [pid 40926] [client 4.213.99.137:0] script '/domains/samscars/bibil.php' not found or unable to stat
[Sun Feb 08 01:24:16.810128 2026] [php:error] [pid 40926] [client 4.213.99.137:0] script '/domains/samscars/radio.php' not found or unable to stat
[Sun Feb 08 01:24:17.013341 2026] [php:error] [pid 40926] [client 4.213.99.137:0] script '/domains/samscars/files.php' not found or unable to stat
[Sun Feb 08 01:24:17.218069 2026] [php:error] [pid 40926] [client 4.213.99.137:0] script '/domains/samscars/file7.php' not found or unable to stat
[Sun Feb 08 01:24:17.268394 2026] [php:error] [pid 40913] [client 194.5.82.86:0] script '/domains/pbuilder/asgoxtyad2mjhno6ds4ikvhdCakc128.php' not found or unable to stat
[Sun Feb 08 01:24:17.368500 2026] [php:error] [pid 40920] [client 20.187.78.62:0] script '/domains/brenties/01.php' not found or unable to stat
[Sun Feb 08 01:24:17.425473 2026] [php:error] [pid 40926] [client 4.213.99.137:0] script '/domains/samscars/gifclass.php' not found or unable to stat
[Sun Feb 08 01:24:17.694849 2026] [php:error] [pid 40913] [client 194.5.82.86:0] script '/domains/pbuilder/404.php' not found or unable to stat
[Sun Feb 08 01:24:17.804752 2026] [php:error] [pid 40920] [client 20.187.78.62:0] script '/domains/brenties/222.php' not found or unable to stat
[Sun Feb 08 01:24:17.860938 2026] [php:error] [pid 40926] [client 4.213.99.137:0] script '/domains/samscars/nox.php' not found or unable to stat
[Sun Feb 08 01:24:18.028131 2026] [php:error] [pid 40920] [client 20.187.78.62:0] script '/domains/brenties/403.php' not found or unable to stat
[Sun Feb 08 01:24:18.064868 2026] [php:error] [pid 40926] [client 4.213.99.137:0] script '/domains/samscars/file48.php' not found or unable to stat
[Sun Feb 08 01:24:18.240141 2026] [php:error] [pid 40920] [client 20.187.78.62:0] script '/domains/brenties/404.php' not found or unable to stat
[Sun Feb 08 01:24:18.268456 2026] [php:error] [pid 40926] [client 4.213.99.137:0] script '/domains/samscars/info.php' not found or unable to stat
[Sun Feb 08 01:24:18.322801 2026] [php:error] [pid 40915] [client 194.5.82.78:0] script '/domains/pbuilder/gtc.php' not found or unable to stat
[Sun Feb 08 01:24:18.471767 2026] [php:error] [pid 40926] [client 4.213.99.137:0] script '/domains/samscars/class9.php' not found or unable to stat
[Sun Feb 08 01:24:18.675366 2026] [php:error] [pid 40926] [client 4.213.99.137:0] script '/domains/samscars/la.php' not found or unable to stat
[Sun Feb 08 01:24:18.879638 2026] [php:error] [pid 40926] [client 4.213.99.137:0] script '/domains/samscars/bless11.php' not found or unable to stat
[Sun Feb 08 01:24:19.090018 2026] [php:error] [pid 40926] [client 4.213.99.137:0] script '/domains/samscars/ccou.php' not found or unable to stat
[Sun Feb 08 01:24:19.206176 2026] [php:error] [pid 40915] [client 194.5.82.78:0] script '/domains/pbuilder/s.php' not found or unable to stat
[Sun Feb 08 01:24:19.294051 2026] [php:error] [pid 40926] [client 4.213.99.137:0] script '/domains/samscars/ton.php' not found or unable to stat
[Sun Feb 08 01:24:19.347402 2026] [php:error] [pid 40920] [client 20.187.78.62:0] script '/domains/brenties/Q.php' not found or unable to stat
[Sun Feb 08 01:24:19.497012 2026] [php:error] [pid 40926] [client 4.213.99.137:0] script '/domains/samscars/403.php' not found or unable to stat
[Sun Feb 08 01:24:19.628754 2026] [php:error] [pid 40915] [client 194.5.82.78:0] script '/domains/pbuilder/help.php' not found or unable to stat
[Sun Feb 08 01:24:19.700457 2026] [php:error] [pid 40926] [client 4.213.99.137:0] script '/domains/samscars/file9.php' not found or unable to stat
[Sun Feb 08 01:24:19.869144 2026] [php:error] [pid 40915] [client 194.5.82.78:0] script '/domains/pbuilder/css.php' not found or unable to stat
[Sun Feb 08 01:24:19.903630 2026] [php:error] [pid 40926] [client 4.213.99.137:0] script '/domains/samscars/ac.php' not found or unable to stat
[Sun Feb 08 01:24:20.109988 2026] [php:error] [pid 40926] [client 4.213.99.137:0] script '/domains/samscars/new4.php' not found or unable to stat
[Sun Feb 08 01:24:20.312797 2026] [php:error] [pid 40926] [client 4.213.99.137:0] script '/domains/samscars/pop.php' not found or unable to stat
[Sun Feb 08 01:24:20.441110 2026] [php:error] [pid 40920] [client 20.187.78.62:0] script '/domains/brenties/WSO.php' not found or unable to stat
[Sun Feb 08 01:24:20.516128 2026] [php:error] [pid 40926] [client 4.213.99.137:0] script '/domains/samscars/az.php' not found or unable to stat
[Sun Feb 08 01:24:20.719430 2026] [php:error] [pid 40926] [client 4.213.99.137:0] script '/domains/samscars/xaz.php' not found or unable to stat
[Sun Feb 08 01:24:20.922628 2026] [php:error] [pid 40926] [client 4.213.99.137:0] script '/domains/samscars/up4.php' not found or unable to stat
[Sun Feb 08 01:24:20.965590 2026] [php:error] [pid 40915] [client 194.5.82.78:0] script '/domains/pbuilder/footers.php' not found or unable to stat
[Sun Feb 08 01:24:21.125847 2026] [php:error] [pid 40926] [client 4.213.99.137:0] script '/domains/samscars/1aa.php' not found or unable to stat
[Sun Feb 08 01:24:21.180841 2026] [php:error] [pid 40915] [client 194.5.82.78:0] script '/domains/pbuilder/wp-head.php' not found or unable to stat
[Sun Feb 08 01:24:21.346599 2026] [php:error] [pid 40920] [client 20.187.78.62:0] script '/domains/brenties/abc.php' not found or unable to stat
[Sun Feb 08 01:24:21.368415 2026] [php:error] [pid 40926] [client 4.213.99.137:0] script '/domains/samscars/elp.php' not found or unable to stat
[Sun Feb 08 01:24:21.571484 2026] [php:error] [pid 40926] [client 4.213.99.137:0] script '/domains/samscars/wtz.php' not found or unable to stat
