[Sun Feb 08 01:19:16.628092 2026] [php:error] [pid 40865] [client 104.28.214.122:0] script '/domains/homesbyaudrey1/files.php' not found or unable to stat
[Sun Feb 08 01:19:16.672304 2026] [php:error] [pid 40865] [client 104.28.214.122:0] script '/domains/homesbyaudrey1/wp-editor.php' not found or unable to stat
[Sun Feb 08 01:19:16.716810 2026] [php:error] [pid 40865] [client 104.28.214.122:0] script '/domains/homesbyaudrey1/txets.php' not found or unable to stat
[Sun Feb 08 01:19:16.873928 2026] [php:error] [pid 40865] [client 104.28.214.122:0] script '/domains/homesbyaudrey1/postnews.php' not found or unable to stat
[Sun Feb 08 01:19:54.171968 2026] [php:error] [pid 40870] [client 20.110.243.199:0] script '/domains/system_default/dialog.php' not found or unable to stat
[Sun Feb 08 01:19:54.304548 2026] [php:error] [pid 40870] [client 20.110.243.199:0] script '/domains/system_default/as.php' not found or unable to stat
[Sun Feb 08 01:19:54.365514 2026] [php:error] [pid 40870] [client 20.110.243.199:0] script '/domains/system_default/twenty.php' not found or unable to stat
[Sun Feb 08 01:19:54.382920 2026] [php:error] [pid 40870] [client 20.110.243.199:0] script '/domains/system_default/mah.php' not found or unable to stat
[Sun Feb 08 01:19:54.415718 2026] [php:error] [pid 40870] [client 20.110.243.199:0] script '/domains/system_default/configs.php' not found or unable to stat
[Sun Feb 08 01:19:54.454032 2026] [php:error] [pid 40870] [client 20.110.243.199:0] script '/domains/system_default/alfa1.php' not found or unable to stat
[Sun Feb 08 01:19:54.466181 2026] [php:error] [pid 40870] [client 20.110.243.199:0] script '/domains/system_default/atomlib.php' not found or unable to stat
[Sun Feb 08 01:19:54.473979 2026] [php:error] [pid 40870] [client 20.110.243.199:0] script '/domains/system_default/function.php' not found or unable to stat
[Sun Feb 08 01:19:54.484640 2026] [php:error] [pid 40870] [client 20.110.243.199:0] script '/domains/system_default/sx.php' not found or unable to stat
[Sun Feb 08 01:19:54.522309 2026] [php:error] [pid 40870] [client 20.110.243.199:0] script '/domains/system_default/network.php' not found or unable to stat
[Sun Feb 08 01:19:54.530200 2026] [php:error] [pid 40870] [client 20.110.243.199:0] script '/domains/system_default/cloud.php' not found or unable to stat
[Sun Feb 08 01:19:54.538232 2026] [php:error] [pid 40870] [client 20.110.243.199:0] script '/domains/system_default/file7.php' not found or unable to stat
[Sun Feb 08 01:19:54.556152 2026] [php:error] [pid 40870] [client 20.110.243.199:0] script '/domains/system_default/makeasmtp.php' not found or unable to stat
[Sun Feb 08 01:19:54.585403 2026] [php:error] [pid 40870] [client 20.110.243.199:0] script '/domains/system_default/plugin.php' not found or unable to stat
[Sun Feb 08 01:19:54.640960 2026] [php:error] [pid 40870] [client 20.110.243.199:0] script '/domains/system_default/ws.php.php' not found or unable to stat
[Sun Feb 08 01:19:54.675337 2026] [php:error] [pid 40870] [client 20.110.243.199:0] script '/domains/system_default/cc.php' not found or unable to stat
[Sun Feb 08 01:19:54.683114 2026] [php:error] [pid 40870] [client 20.110.243.199:0] script '/domains/system_default/db.php' not found or unable to stat
[Sun Feb 08 01:19:54.694859 2026] [php:error] [pid 40870] [client 20.110.243.199:0] script '/domains/system_default/edit.php' not found or unable to stat
[Sun Feb 08 01:19:54.704192 2026] [php:error] [pid 40870] [client 20.110.243.199:0] script '/domains/system_default/fosil.php' not found or unable to stat
[Sun Feb 08 01:19:54.792470 2026] [php:error] [pid 40870] [client 20.110.243.199:0] script '/domains/system_default/content.php' not found or unable to stat
[Sun Feb 08 01:19:54.834926 2026] [php:error] [pid 40870] [client 20.110.243.199:0] script '/domains/system_default/k.php' not found or unable to stat
[Sun Feb 08 01:19:54.843116 2026] [php:error] [pid 40870] [client 20.110.243.199:0] script '/domains/system_default/abouts.php' not found or unable to stat
[Sun Feb 08 01:19:54.851050 2026] [php:error] [pid 40870] [client 20.110.243.199:0] script '/domains/system_default/1.php' not found or unable to stat
[Sun Feb 08 01:19:54.859245 2026] [php:error] [pid 40870] [client 20.110.243.199:0] script '/domains/system_default/moon.php' not found or unable to stat
[Sun Feb 08 01:19:54.921424 2026] [php:error] [pid 40870] [client 20.110.243.199:0] script '/domains/system_default/issue.php' not found or unable to stat
[Sun Feb 08 01:19:54.930208 2026] [php:error] [pid 40870] [client 20.110.243.199:0] script '/domains/system_default/log.php' not found or unable to stat
[Sun Feb 08 01:19:54.938138 2026] [php:error] [pid 40870] [client 20.110.243.199:0] script '/domains/system_default/text.php' not found or unable to stat
[Sun Feb 08 01:19:54.946099 2026] [php:error] [pid 40870] [client 20.110.243.199:0] script '/domains/system_default/system_log.php' not found or unable to stat
[Sun Feb 08 01:19:55.024406 2026] [php:error] [pid 40870] [client 20.110.243.199:0] script '/domains/system_default/tinyfilemanager.php' not found or unable to stat
[Sun Feb 08 01:19:55.094532 2026] [php:error] [pid 40870] [client 20.110.243.199:0] script '/domains/system_default/file13.php' not found or unable to stat
[Sun Feb 08 01:19:55.104186 2026] [php:error] [pid 40870] [client 20.110.243.199:0] script '/domains/system_default/wp-activate.php' not found or unable to stat
[Sun Feb 08 01:19:55.124162 2026] [php:error] [pid 40870] [client 20.110.243.199:0] script '/domains/system_default/Xleet.php' not found or unable to stat
[Sun Feb 08 01:19:55.195504 2026] [php:error] [pid 40870] [client 20.110.243.199:0] script '/domains/system_default/f.php' not found or unable to stat
[Sun Feb 08 01:19:55.204232 2026] [php:error] [pid 40870] [client 20.110.243.199:0] script '/domains/system_default/wp-class.php' not found or unable to stat
[Sun Feb 08 01:19:55.270393 2026] [php:error] [pid 40870] [client 20.110.243.199:0] script '/domains/system_default/json.php' not found or unable to stat
[Sun Feb 08 01:19:55.278540 2026] [php:error] [pid 40870] [client 20.110.243.199:0] script '/domains/system_default/rk2.php' not found or unable to stat
[Sun Feb 08 01:19:55.286740 2026] [php:error] [pid 40870] [client 20.110.243.199:0] script '/domains/system_default/wp-2019.php' not found or unable to stat
[Sun Feb 08 01:19:55.316322 2026] [php:error] [pid 40870] [client 20.110.243.199:0] script '/domains/system_default/click.php' not found or unable to stat
[Sun Feb 08 01:19:55.409755 2026] [php:error] [pid 40870] [client 20.110.243.199:0] script '/domains/system_default/simple.php' not found or unable to stat
[Sun Feb 08 01:19:55.497598 2026] [php:error] [pid 40870] [client 20.110.243.199:0] script '/domains/system_default/wp-mail.php' not found or unable to stat
[Sun Feb 08 01:19:55.567656 2026] [php:error] [pid 40870] [client 20.110.243.199:0] script '/domains/system_default/wsoyanz1.php' not found or unable to stat
[Sun Feb 08 01:19:55.579380 2026] [php:error] [pid 40870] [client 20.110.243.199:0] script '/domains/system_default/file6.php' not found or unable to stat
[Sun Feb 08 01:19:55.587255 2026] [php:error] [pid 40870] [client 20.110.243.199:0] script '/domains/system_default/file8.php' not found or unable to stat
[Sun Feb 08 01:19:55.786908 2026] [php:error] [pid 40870] [client 20.110.243.199:0] script '/domains/system_default/system.php' not found or unable to stat
[Sun Feb 08 01:19:55.804798 2026] [php:error] [pid 40870] [client 20.110.243.199:0] script '/domains/system_default/dropdown.php' not found or unable to stat
[Sun Feb 08 01:19:55.812861 2026] [php:error] [pid 40870] [client 20.110.243.199:0] script '/domains/system_default/plugins.php' not found or unable to stat
[Sun Feb 08 01:19:55.820895 2026] [php:error] [pid 40870] [client 20.110.243.199:0] script '/domains/system_default/goat1.php' not found or unable to stat
[Sun Feb 08 01:19:55.829183 2026] [php:error] [pid 40870] [client 20.110.243.199:0] script '/domains/system_default/mar.php' not found or unable to stat
[Sun Feb 08 01:19:55.837583 2026] [php:error] [pid 40870] [client 20.110.243.199:0] script '/domains/system_default/wp-trackback.php' not found or unable to stat
[Sun Feb 08 01:19:55.949995 2026] [php:error] [pid 40870] [client 20.110.243.199:0] script '/domains/system_default/item.php' not found or unable to stat
[Sun Feb 08 01:19:56.001626 2026] [php:error] [pid 40870] [client 20.110.243.199:0] script '/domains/system_default/verify.php' not found or unable to stat
[Sun Feb 08 01:19:56.031159 2026] [php:error] [pid 40870] [client 20.110.243.199:0] script '/domains/system_default/maint.php' not found or unable to stat
[Sun Feb 08 01:19:56.039101 2026] [php:error] [pid 40870] [client 20.110.243.199:0] script '/domains/system_default/file.php' not found or unable to stat
[Sun Feb 08 01:19:56.046691 2026] [php:error] [pid 40870] [client 20.110.243.199:0] script '/domains/system_default/wp-configss.php' not found or unable to stat
[Sun Feb 08 01:19:56.200180 2026] [php:error] [pid 40870] [client 20.110.243.199:0] script '/domains/system_default/Mhbgf.php' not found or unable to stat
[Sun Feb 08 01:19:56.208300 2026] [php:error] [pid 40870] [client 20.110.243.199:0] script '/domains/system_default/w.php' not found or unable to stat
[Sun Feb 08 01:19:56.216687 2026] [php:error] [pid 40870] [client 20.110.243.199:0] script '/domains/system_default/admin2.php' not found or unable to stat
[Sun Feb 08 01:19:56.273686 2026] [php:error] [pid 40870] [client 20.110.243.199:0] script '/domains/system_default/about.php' not found or unable to stat
[Sun Feb 08 01:19:56.348169 2026] [php:error] [pid 40870] [client 20.110.243.199:0] script '/domains/system_default/berlin.php' not found or unable to stat
[Sun Feb 08 01:19:56.356036 2026] [php:error] [pid 40870] [client 20.110.243.199:0] script '/domains/system_default/wp-blog-header.php' not found or unable to stat
[Sun Feb 08 01:19:56.434503 2026] [php:error] [pid 40870] [client 20.110.243.199:0] script '/domains/system_default/updates.php' not found or unable to stat
[Sun Feb 08 01:19:56.528003 2026] [php:error] [pid 40870] [client 20.110.243.199:0] script '/domains/system_default/goat.php' not found or unable to stat
[Sun Feb 08 01:19:56.593606 2026] [php:error] [pid 40870] [client 20.110.243.199:0] script '/domains/system_default/vuln.php' not found or unable to stat
[Sun Feb 08 01:19:56.717680 2026] [php:error] [pid 40870] [client 20.110.243.199:0] script '/domains/system_default/upgrade.php' not found or unable to stat
[Sun Feb 08 01:19:56.802620 2026] [php:error] [pid 40870] [client 20.110.243.199:0] script '/domains/system_default/info.php' not found or unable to stat
[Sun Feb 08 01:19:56.810498 2026] [php:error] [pid 40870] [client 20.110.243.199:0] script '/domains/system_default/elFinderConnector.class.php' not found or unable to stat
[Sun Feb 08 01:19:57.224335 2026] [php:error] [pid 40870] [client 20.110.243.199:0] script '/domains/system_default/autoload_classmap.php' not found or unable to stat
[Sun Feb 08 01:19:57.232430 2026] [php:error] [pid 40870] [client 20.110.243.199:0] script '/domains/system_default/up.php' not found or unable to stat
[Sun Feb 08 01:19:57.240169 2026] [php:error] [pid 40870] [client 20.110.243.199:0] script '/domains/system_default/wp-files.php' not found or unable to stat
[Sun Feb 08 01:19:57.248001 2026] [php:error] [pid 40870] [client 20.110.243.199:0] script '/domains/system_default/filemanager.php' not found or unable to stat
[Sun Feb 08 01:19:57.450630 2026] [php:error] [pid 40870] [client 20.110.243.199:0] script '/domains/system_default/c.php' not found or unable to stat
[Sun Feb 08 01:20:17.227418 2026] [php:error] [pid 40874] [client 20.215.184.141:0] script '/domains/bfitpro2/grsiuk.php' not found or unable to stat
[Sun Feb 08 01:20:17.334771 2026] [php:error] [pid 40874] [client 20.215.184.141:0] script '/domains/bfitpro2/fs.php' not found or unable to stat
[Sun Feb 08 01:20:17.437827 2026] [php:error] [pid 40874] [client 20.215.184.141:0] script '/domains/bfitpro2/;k.php' not found or unable to stat
[Sun Feb 08 01:21:40.437864 2026] [php:error] [pid 40887] [client 172.213.144.187:0] script '/domains/fbardin/x9.php' not found or unable to stat
[Sun Feb 08 01:21:40.529968 2026] [php:error] [pid 40887] [client 172.213.144.187:0] script '/domains/fbardin/grsiuk.php' not found or unable to stat
[Sun Feb 08 01:21:40.623090 2026] [php:error] [pid 40887] [client 172.213.144.187:0] script '/domains/fbardin/byel.php' not found or unable to stat
[Sun Feb 08 01:21:40.715163 2026] [php:error] [pid 40887] [client 172.213.144.187:0] script '/domains/fbardin/layou.php' not found or unable to stat
[Sun Feb 08 01:21:40.811869 2026] [php:error] [pid 40887] [client 172.213.144.187:0] script '/domains/fbardin/lgsts.php' not found or unable to stat
[Sun Feb 08 01:21:40.905977 2026] [php:error] [pid 40887] [client 172.213.144.187:0] script '/domains/fbardin/tourpa.php' not found or unable to stat
[Sun Feb 08 01:21:40.998838 2026] [php:error] [pid 40887] [client 172.213.144.187:0] script '/domains/fbardin/yvtuizub.php' not found or unable to stat
[Sun Feb 08 01:21:41.092664 2026] [php:error] [pid 40887] [client 172.213.144.187:0] script '/domains/fbardin/mln.php' not found or unable to stat
[Sun Feb 08 01:21:41.190524 2026] [php:error] [pid 40887] [client 172.213.144.187:0] script '/domains/fbardin/inege.php' not found or unable to stat
[Sun Feb 08 01:22:28.489794 2026] [php:error] [pid 40906] [client 194.5.82.104:0] script '/domains/pbuilder/aa.php' not found or unable to stat
[Sun Feb 08 01:22:28.702419 2026] [php:error] [pid 40906] [client 194.5.82.104:0] script '/domains/pbuilder/wp-file.php' not found or unable to stat
[Sun Feb 08 01:22:29.170403 2026] [php:error] [pid 40906] [client 194.5.82.104:0] script '/domains/pbuilder/chosen.php' not found or unable to stat
[Sun Feb 08 01:22:29.382962 2026] [php:error] [pid 40906] [client 194.5.82.104:0] script '/domains/pbuilder/info.php' not found or unable to stat
[Sun Feb 08 01:22:29.595407 2026] [php:error] [pid 40906] [client 194.5.82.104:0] script '/domains/pbuilder/num.php' not found or unable to stat
[Sun Feb 08 01:22:29.810594 2026] [php:error] [pid 40906] [client 194.5.82.104:0] script '/domains/pbuilder/xmlrpc.php' not found or unable to stat
[Sun Feb 08 01:22:30.289528 2026] [php:error] [pid 40906] [client 194.5.82.104:0] script '/domains/pbuilder/edit.php' not found or unable to stat
[Sun Feb 08 01:22:30.501321 2026] [php:error] [pid 40906] [client 194.5.82.104:0] script '/domains/pbuilder/chosen.php' not found or unable to stat
[Sun Feb 08 01:22:30.713598 2026] [php:error] [pid 40906] [client 194.5.82.104:0] script '/domains/pbuilder/atomlib.php' not found or unable to stat
[Sun Feb 08 01:22:31.184668 2026] [php:error] [pid 40906] [client 194.5.82.104:0] script '/domains/pbuilder/bolt.php' not found or unable to stat
[Sun Feb 08 01:22:31.619473 2026] [php:error] [pid 40906] [client 194.5.82.104:0] script '/domains/pbuilder/classwithtostring.php' not found or unable to stat
[Sun Feb 08 01:22:32.071903 2026] [php:error] [pid 40906] [client 194.5.82.104:0] script '/domains/pbuilder/wp-good.php' not found or unable to stat
[Sun Feb 08 01:22:32.295621 2026] [php:error] [pid 40906] [client 194.5.82.104:0] script '/domains/pbuilder/hplfuns.php' not found or unable to stat
[Sun Feb 08 01:22:33.188868 2026] [php:error] [pid 40909] [client 194.5.82.58:0] script '/domains/pbuilder/themes.php' not found or unable to stat
[Sun Feb 08 01:22:33.401449 2026] [php:error] [pid 40909] [client 194.5.82.58:0] script '/domains/pbuilder/sts.php' not found or unable to stat
[Sun Feb 08 01:22:33.613803 2026] [php:error] [pid 40909] [client 194.5.82.58:0] script '/domains/pbuilder/file.php' not found or unable to stat
[Sun Feb 08 01:22:33.822879 2026] [php:error] [pid 40909] [client 194.5.82.58:0] script '/domains/pbuilder/wp-signin.php' not found or unable to stat
[Sun Feb 08 01:22:34.293815 2026] [php:error] [pid 40909] [client 194.5.82.58:0] script '/domains/pbuilder/wp-blog.php' not found or unable to stat
[Sun Feb 08 01:22:34.503180 2026] [php:error] [pid 40909] [client 194.5.82.58:0] script '/domains/pbuilder/adminfuns.php' not found or unable to stat
[Sun Feb 08 01:22:34.712182 2026] [php:error] [pid 40909] [client 194.5.82.58:0] script '/domains/pbuilder/ahax.php' not found or unable to stat
[Sun Feb 08 01:22:34.921063 2026] [php:error] [pid 40909] [client 194.5.82.58:0] script '/domains/pbuilder/autoload_classmap.php' not found or unable to stat
[Sun Feb 08 01:22:35.162866 2026] [php:error] [pid 40909] [client 194.5.82.58:0] script '/domains/pbuilder/mah.php' not found or unable to stat
[Sun Feb 08 01:22:35.386850 2026] [php:error] [pid 40909] [client 194.5.82.58:0] script '/domains/pbuilder/filemanager.php' not found or unable to stat
[Sun Feb 08 01:22:35.812627 2026] [php:error] [pid 40909] [client 194.5.82.58:0] script '/domains/pbuilder/akcc.php' not found or unable to stat
[Sun Feb 08 01:22:36.237427 2026] [php:error] [pid 40909] [client 194.5.82.58:0] script '/domains/pbuilder/404.php' not found or unable to stat
[Sun Feb 08 01:22:36.470161 2026] [php:error] [pid 40909] [client 194.5.82.58:0] script '/domains/pbuilder/form.php' not found or unable to stat
[Sun Feb 08 01:22:36.911468 2026] [php:error] [pid 40909] [client 194.5.82.58:0] script '/domains/pbuilder/x.php' not found or unable to stat
[Sun Feb 08 01:22:37.123854 2026] [php:error] [pid 40909] [client 194.5.82.58:0] script '/domains/pbuilder/test.php' not found or unable to stat
[Sun Feb 08 01:22:37.340107 2026] [php:error] [pid 40909] [client 194.5.82.58:0] script '/domains/pbuilder/k.php' not found or unable to stat
[Sun Feb 08 01:22:37.781748 2026] [php:error] [pid 40909] [client 194.5.82.58:0] script '/domains/pbuilder/admin.php' not found or unable to stat
[Sun Feb 08 01:22:37.990640 2026] [php:error] [pid 40909] [client 194.5.82.58:0] script '/domains/pbuilder/bless.php' not found or unable to stat
[Sun Feb 08 01:22:38.201017 2026] [php:error] [pid 40909] [client 194.5.82.58:0] script '/domains/pbuilder/about.php' not found or unable to stat
[Sun Feb 08 01:22:38.411916 2026] [php:error] [pid 40909] [client 194.5.82.58:0] script '/domains/pbuilder/403.php' not found or unable to stat
[Sun Feb 08 01:22:38.868762 2026] [php:error] [pid 40909] [client 194.5.82.58:0] script '/domains/pbuilder/goods.php' not found or unable to stat
[Sun Feb 08 01:22:39.077837 2026] [php:error] [pid 40909] [client 194.5.82.58:0] script '/domains/pbuilder/ioxi-o.php' not found or unable to stat
[Sun Feb 08 01:22:39.497510 2026] [php:error] [pid 40909] [client 194.5.82.58:0] script '/domains/pbuilder/alfa.php' not found or unable to stat
[Sun Feb 08 01:22:39.706612 2026] [php:error] [pid 40909] [client 194.5.82.58:0] script '/domains/pbuilder/wp-themes.php' not found or unable to stat
[Sun Feb 08 01:22:40.374493 2026] [php:error] [pid 40909] [client 194.5.82.58:0] script '/domains/pbuilder/defaults.php' not found or unable to stat
[Sun Feb 08 01:22:40.796320 2026] [php:error] [pid 40909] [client 194.5.82.58:0] script '/domains/pbuilder/gel4y.php' not found or unable to stat
[Sun Feb 08 01:22:41.005515 2026] [php:error] [pid 40909] [client 194.5.82.58:0] script '/domains/pbuilder/fm.php' not found or unable to stat
[Sun Feb 08 01:22:41.462346 2026] [php:error] [pid 40909] [client 194.5.82.58:0] script '/domains/pbuilder/wp-links-opml.php' not found or unable to stat
[Sun Feb 08 01:22:41.679657 2026] [php:error] [pid 40909] [client 194.5.82.58:0] script '/domains/pbuilder/radio.php' not found or unable to stat
[Sun Feb 08 01:22:41.890526 2026] [php:error] [pid 40909] [client 194.5.82.58:0] script '/domains/pbuilder/simple.php' not found or unable to stat
[Sun Feb 08 01:22:42.100287 2026] [php:error] [pid 40909] [client 194.5.82.58:0] script '/domains/pbuilder/1.php' not found or unable to stat
[Sun Feb 08 01:22:42.310540 2026] [php:error] [pid 40909] [client 194.5.82.58:0] script '/domains/pbuilder/manager.php' not found or unable to stat
[Sun Feb 08 01:22:42.519972 2026] [php:error] [pid 40909] [client 194.5.82.58:0] script '/domains/pbuilder/admin.php' not found or unable to stat
[Sun Feb 08 01:22:42.990138 2026] [php:error] [pid 40909] [client 194.5.82.58:0] script '/domains/pbuilder/av.php' not found or unable to stat
[Sun Feb 08 01:22:43.199120 2026] [php:error] [pid 40909] [client 194.5.82.58:0] script '/domains/pbuilder/buy.php' not found or unable to stat
[Sun Feb 08 01:22:43.408811 2026] [php:error] [pid 40909] [client 194.5.82.58:0] script '/domains/pbuilder/dropdown.php' not found or unable to stat
[Sun Feb 08 01:22:43.620305 2026] [php:error] [pid 40909] [client 194.5.82.58:0] script '/domains/pbuilder/vx.php' not found or unable to stat
[Sun Feb 08 01:22:44.081521 2026] [php:error] [pid 40909] [client 194.5.82.58:0] script '/domains/pbuilder/xmrlpc.php' not found or unable to stat
[Sun Feb 08 01:22:44.293085 2026] [php:error] [pid 40909] [client 194.5.82.58:0] script '/domains/pbuilder/wp.php' not found or unable to stat
[Sun Feb 08 01:22:44.503173 2026] [php:error] [pid 40909] [client 194.5.82.58:0] script '/domains/pbuilder/inputs.php' not found or unable to stat
[Sun Feb 08 01:22:44.921765 2026] [php:error] [pid 40909] [client 194.5.82.58:0] script '/domains/pbuilder/new.php' not found or unable to stat
[Sun Feb 08 01:22:45.376489 2026] [php:error] [pid 40909] [client 194.5.82.58:0] script '/domains/pbuilder/inputs.php' not found or unable to stat
[Sun Feb 08 01:22:45.585888 2026] [php:error] [pid 40909] [client 194.5.82.58:0] script '/domains/pbuilder/options-reading.php' not found or unable to stat
[Sun Feb 08 01:22:45.796285 2026] [php:error] [pid 40909] [client 194.5.82.58:0] script '/domains/pbuilder/abcd.php' not found or unable to stat
[Sun Feb 08 01:22:46.010429 2026] [php:error] [pid 40909] [client 194.5.82.58:0] script '/domains/pbuilder/wp-editor.php' not found or unable to stat
[Sun Feb 08 01:22:46.219860 2026] [php:error] [pid 40909] [client 194.5.82.58:0] script '/domains/pbuilder/ws.php' not found or unable to stat
[Sun Feb 08 01:22:46.665005 2026] [php:error] [pid 40909] [client 194.5.82.58:0] script '/domains/pbuilder/yas.php' not found or unable to stat
[Sun Feb 08 01:22:47.515191 2026] [php:error] [pid 40909] [client 194.5.82.58:0] script '/domains/pbuilder/wp-mail.php' not found or unable to stat
[Sun Feb 08 01:22:47.763448 2026] [php:error] [pid 40909] [client 194.5.82.58:0] script '/domains/pbuilder/install.php' not found or unable to stat
[Sun Feb 08 01:22:47.977219 2026] [php:error] [pid 40909] [client 194.5.82.58:0] script '/domains/pbuilder/item.php' not found or unable to stat
[Sun Feb 08 01:22:48.187683 2026] [php:error] [pid 40909] [client 194.5.82.58:0] script '/domains/pbuilder/www.php' not found or unable to stat
[Sun Feb 08 01:22:48.605967 2026] [php:error] [pid 40909] [client 194.5.82.58:0] script '/domains/pbuilder/wp-conflg.php' not found or unable to stat
[Sun Feb 08 01:22:48.815284 2026] [php:error] [pid 40909] [client 194.5.82.58:0] script '/domains/pbuilder/num.php' not found or unable to stat
[Sun Feb 08 01:22:49.025069 2026] [php:error] [pid 40909] [client 194.5.82.58:0] script '/domains/pbuilder/default.php' not found or unable to stat
[Sun Feb 08 01:22:49.235261 2026] [php:error] [pid 40909] [client 194.5.82.58:0] script '/domains/pbuilder/z.php' not found or unable to stat
[Sun Feb 08 01:22:49.472048 2026] [php:error] [pid 40909] [client 194.5.82.58:0] script '/domains/pbuilder/past.php' not found or unable to stat
[Sun Feb 08 01:22:50.103342 2026] [php:error] [pid 40869] [client 194.5.82.86:0] script '/domains/pbuilder/system_log.php' not found or unable to stat
[Sun Feb 08 01:22:50.566928 2026] [php:error] [pid 40869] [client 194.5.82.86:0] script '/domains/pbuilder/makeasmtp.php' not found or unable to stat
[Sun Feb 08 01:22:50.777191 2026] [php:error] [pid 40869] [client 194.5.82.86:0] script '/domains/pbuilder/shell.php' not found or unable to stat
[Sun Feb 08 01:22:50.988146 2026] [php:error] [pid 40869] [client 194.5.82.86:0] script '/domains/pbuilder/wso.php' not found or unable to stat
[Sun Feb 08 01:22:51.197467 2026] [php:error] [pid 40869] [client 194.5.82.86:0] script '/domains/pbuilder/as.php' not found or unable to stat
[Sun Feb 08 01:22:51.616950 2026] [php:error] [pid 40869] [client 194.5.82.86:0] script '/domains/pbuilder/wp-atom.php' not found or unable to stat
[Sun Feb 08 01:22:52.284716 2026] [php:error] [pid 40869] [client 194.5.82.86:0] script '/domains/pbuilder/moon.php' not found or unable to stat
[Sun Feb 08 01:22:52.671795 2026] [php:error] [pid 40909] [client 20.219.6.212:0] script '/domains/emsco1/dialog.php' not found or unable to stat
[Sun Feb 08 01:22:52.876615 2026] [php:error] [pid 40909] [client 20.219.6.212:0] script '/domains/emsco1/as.php' not found or unable to stat
[Sun Feb 08 01:22:52.941127 2026] [php:error] [pid 40869] [client 194.5.82.86:0] script '/domains/pbuilder/mah.php' not found or unable to stat
[Sun Feb 08 01:22:53.083086 2026] [php:error] [pid 40909] [client 20.219.6.212:0] script '/domains/emsco1/twenty.php' not found or unable to stat
[Sun Feb 08 01:22:53.195040 2026] [php:error] [pid 40869] [client 194.5.82.86:0] script '/domains/pbuilder/shell20211028.php' not found or unable to stat
[Sun Feb 08 01:22:53.346366 2026] [php:error] [pid 40909] [client 20.219.6.212:0] script '/domains/emsco1/mah.php' not found or unable to stat
[Sun Feb 08 01:22:53.556205 2026] [php:error] [pid 40909] [client 20.219.6.212:0] script '/domains/emsco1/configs.php' not found or unable to stat
[Sun Feb 08 01:22:53.760684 2026] [php:error] [pid 40909] [client 20.219.6.212:0] script '/domains/emsco1/alfa1.php' not found or unable to stat
[Sun Feb 08 01:22:53.898258 2026] [php:error] [pid 40869] [client 194.5.82.86:0] script '/domains/pbuilder/wp-user.php' not found or unable to stat
[Sun Feb 08 01:22:53.965658 2026] [php:error] [pid 40909] [client 20.219.6.212:0] script '/domains/emsco1/atomlib.php' not found or unable to stat
[Sun Feb 08 01:22:54.112576 2026] [php:error] [pid 40869] [client 194.5.82.86:0] script '/domains/pbuilder/nc4.php' not found or unable to stat
[Sun Feb 08 01:22:54.170112 2026] [php:error] [pid 40909] [client 20.219.6.212:0] script '/domains/emsco1/function.php' not found or unable to stat
[Sun Feb 08 01:22:54.374274 2026] [php:error] [pid 40909] [client 20.219.6.212:0] script '/domains/emsco1/sx.php' not found or unable to stat
[Sun Feb 08 01:22:54.578862 2026] [php:error] [pid 40909] [client 20.219.6.212:0] script '/domains/emsco1/network.php' not found or unable to stat
[Sun Feb 08 01:22:54.586731 2026] [php:error] [pid 40869] [client 194.5.82.86:0] script '/domains/pbuilder/content.php' not found or unable to stat
[Sun Feb 08 01:22:54.791296 2026] [php:error] [pid 40909] [client 20.219.6.212:0] script '/domains/emsco1/cloud.php' not found or unable to stat
[Sun Feb 08 01:22:54.812020 2026] [php:error] [pid 40869] [client 194.5.82.86:0] script '/domains/pbuilder/mini.php' not found or unable to stat
[Sun Feb 08 01:22:55.077467 2026] [php:error] [pid 40869] [client 194.5.82.86:0] script '/domains/pbuilder/nf_tracking.php' not found or unable to stat
[Sun Feb 08 01:22:55.101232 2026] [php:error] [pid 40909] [client 20.219.6.212:0] script '/domains/emsco1/file7.php' not found or unable to stat
[Sun Feb 08 01:22:55.318216 2026] [php:error] [pid 40909] [client 20.219.6.212:0] script '/domains/emsco1/makeasmtp.php' not found or unable to stat
[Sun Feb 08 01:22:55.528980 2026] [php:error] [pid 40909] [client 20.219.6.212:0] script '/domains/emsco1/plugin.php' not found or unable to stat
[Sun Feb 08 01:22:55.773723 2026] [php:error] [pid 40909] [client 20.219.6.212:0] script '/domains/emsco1/ws.php.php' not found or unable to stat
[Sun Feb 08 01:22:55.984836 2026] [php:error] [pid 40909] [client 20.219.6.212:0] script '/domains/emsco1/cc.php' not found or unable to stat
[Sun Feb 08 01:22:56.192692 2026] [php:error] [pid 40869] [client 194.5.82.86:0] script '/domains/pbuilder/a.php' not found or unable to stat
[Sun Feb 08 01:22:56.199041 2026] [php:error] [pid 40909] [client 20.219.6.212:0] script '/domains/emsco1/db.php' not found or unable to stat
[Sun Feb 08 01:22:56.406056 2026] [php:error] [pid 40869] [client 194.5.82.86:0] script '/domains/pbuilder/hilk.php' not found or unable to stat
[Sun Feb 08 01:22:56.414031 2026] [php:error] [pid 40909] [client 20.219.6.212:0] script '/domains/emsco1/edit.php' not found or unable to stat
[Sun Feb 08 01:22:56.620255 2026] [php:error] [pid 40869] [client 194.5.82.86:0] script '/domains/pbuilder/lv.php' not found or unable to stat
[Sun Feb 08 01:22:56.690506 2026] [php:error] [pid 40909] [client 20.219.6.212:0] script '/domains/emsco1/fosil.php' not found or unable to stat
[Sun Feb 08 01:22:57.084881 2026] [php:error] [pid 40869] [client 194.5.82.86:0] script '/domains/pbuilder/worksec.php' not found or unable to stat
[Sun Feb 08 01:22:57.141614 2026] [php:error] [pid 40909] [client 20.219.6.212:0] script '/domains/emsco1/content.php' not found or unable to stat
[Sun Feb 08 01:22:57.347576 2026] [php:error] [pid 40909] [client 20.219.6.212:0] script '/domains/emsco1/k.php' not found or unable to stat
[Sun Feb 08 01:22:57.556691 2026] [php:error] [pid 40909] [client 20.219.6.212:0] script '/domains/emsco1/abouts.php' not found or unable to stat
[Sun Feb 08 01:22:57.775843 2026] [php:error] [pid 40869] [client 194.5.82.86:0] script '/domains/pbuilder/autoload_classmap.php' not found or unable to stat
[Sun Feb 08 01:22:57.785864 2026] [php:error] [pid 40909] [client 20.219.6.212:0] script '/domains/emsco1/1.php' not found or unable to stat
[Sun Feb 08 01:22:58.044819 2026] [php:error] [pid 40909] [client 20.219.6.212:0] script '/domains/emsco1/moon.php' not found or unable to stat
[Sun Feb 08 01:22:58.196730 2026] [php:error] [pid 40869] [client 194.5.82.86:0] script '/domains/pbuilder/asasx.php' not found or unable to stat
[Sun Feb 08 01:22:58.249363 2026] [php:error] [pid 40909] [client 20.219.6.212:0] script '/domains/emsco1/issue.php' not found or unable to stat
[Sun Feb 08 01:22:58.458835 2026] [php:error] [pid 40909] [client 20.219.6.212:0] script '/domains/emsco1/log.php' not found or unable to stat
[Sun Feb 08 01:22:58.854015 2026] [php:error] [pid 40909] [client 20.219.6.212:0] script '/domains/emsco1/text.php' not found or unable to stat
[Sun Feb 08 01:22:58.864284 2026] [php:error] [pid 40869] [client 194.5.82.86:0] script '/domains/pbuilder/elp.php' not found or unable to stat
[Sun Feb 08 01:22:59.076805 2026] [php:error] [pid 40869] [client 194.5.82.86:0] script '/domains/pbuilder/manager.php' not found or unable to stat
[Sun Feb 08 01:22:59.164106 2026] [php:error] [pid 40909] [client 20.219.6.212:0] script '/domains/emsco1/system_log.php' not found or unable to stat
[Sun Feb 08 01:22:59.491460 2026] [php:error] [pid 40909] [client 20.219.6.212:0] script '/domains/emsco1/tinyfilemanager.php' not found or unable to stat
[Sun Feb 08 01:22:59.506605 2026] [php:error] [pid 40869] [client 194.5.82.86:0] script '/domains/pbuilder/api.php' not found or unable to stat
[Sun Feb 08 01:22:59.699367 2026] [php:error] [pid 40909] [client 20.219.6.212:0] script '/domains/emsco1/file13.php' not found or unable to stat
[Sun Feb 08 01:22:59.919659 2026] [php:error] [pid 40909] [client 20.219.6.212:0] script '/domains/emsco1/wp-activate.php' not found or unable to stat
[Sun Feb 08 01:22:59.925126 2026] [php:error] [pid 40869] [client 194.5.82.86:0] script '/domains/pbuilder/load.php' not found or unable to stat
[Sun Feb 08 01:23:00.124365 2026] [php:error] [pid 40909] [client 20.219.6.212:0] script '/domains/emsco1/Xleet.php' not found or unable to stat
[Sun Feb 08 01:23:00.390175 2026] [php:error] [pid 40869] [client 194.5.82.86:0] script '/domains/pbuilder/wp-trackback.php' not found or unable to stat
[Sun Feb 08 01:23:00.575523 2026] [php:error] [pid 40909] [client 20.219.6.212:0] script '/domains/emsco1/f.php' not found or unable to stat
[Sun Feb 08 01:23:00.780239 2026] [php:error] [pid 40909] [client 20.219.6.212:0] script '/domains/emsco1/wp-class.php' not found or unable to stat
[Sun Feb 08 01:23:00.893454 2026] [php:error] [pid 40869] [client 194.5.82.86:0] script '/domains/pbuilder/makeasmtp.php' not found or unable to stat
[Sun Feb 08 01:23:00.985433 2026] [php:error] [pid 40909] [client 20.219.6.212:0] script '/domains/emsco1/json.php' not found or unable to stat
[Sun Feb 08 01:23:01.191663 2026] [php:error] [pid 40909] [client 20.219.6.212:0] script '/domains/emsco1/rk2.php' not found or unable to stat
[Sun Feb 08 01:23:01.313720 2026] [php:error] [pid 40869] [client 194.5.82.86:0] script '/domains/pbuilder/class.api.php' not found or unable to stat
[Sun Feb 08 01:23:01.411740 2026] [php:error] [pid 40909] [client 20.219.6.212:0] script '/domains/emsco1/wp-2019.php' not found or unable to stat
[Sun Feb 08 01:23:01.616428 2026] [php:error] [pid 40909] [client 20.219.6.212:0] script '/domains/emsco1/click.php' not found or unable to stat
[Sun Feb 08 01:23:01.823174 2026] [php:error] [pid 40909] [client 20.219.6.212:0] script '/domains/emsco1/simple.php' not found or unable to stat
[Sun Feb 08 01:23:02.141773 2026] [php:error] [pid 40909] [client 20.219.6.212:0] script '/domains/emsco1/wp-mail.php' not found or unable to stat
[Sun Feb 08 01:23:02.416555 2026] [php:error] [pid 40869] [client 194.5.82.86:0] script '/domains/pbuilder/about.php' not found or unable to stat
[Sun Feb 08 01:23:02.641384 2026] [php:error] [pid 40869] [client 194.5.82.86:0] script '/domains/pbuilder/doc.php' not found or unable to stat
[Sun Feb 08 01:23:02.873667 2026] [php:error] [pid 40869] [client 194.5.82.86:0] script '/domains/pbuilder/xx.php' not found or unable to stat
[Sun Feb 08 01:23:02.944212 2026] [php:error] [pid 40909] [client 20.219.6.212:0] script '/domains/emsco1/wsoyanz1.php' not found or unable to stat
[Sun Feb 08 01:23:03.084739 2026] [php:error] [pid 40869] [client 194.5.82.86:0] script '/domains/pbuilder/akcc.php' not found or unable to stat
[Sun Feb 08 01:23:03.148575 2026] [php:error] [pid 40909] [client 20.219.6.212:0] script '/domains/emsco1/file6.php' not found or unable to stat
[Sun Feb 08 01:23:03.353171 2026] [php:error] [pid 40909] [client 20.219.6.212:0] script '/domains/emsco1/file8.php' not found or unable to stat
[Sun Feb 08 01:23:03.608812 2026] [php:error] [pid 40909] [client 20.219.6.212:0] script '/domains/emsco1/system.php' not found or unable to stat
[Sun Feb 08 01:23:03.813086 2026] [php:error] [pid 40909] [client 20.219.6.212:0] script '/domains/emsco1/dropdown.php' not found or unable to stat
[Sun Feb 08 01:23:04.022776 2026] [php:error] [pid 40909] [client 20.219.6.212:0] script '/domains/emsco1/plugins.php' not found or unable to stat
[Sun Feb 08 01:23:04.180064 2026] [php:error] [pid 40869] [client 194.5.82.86:0] script '/domains/pbuilder/cong.php' not found or unable to stat
[Sun Feb 08 01:23:04.399277 2026] [php:error] [pid 40909] [client 20.219.6.212:0] script '/domains/emsco1/goat1.php' not found or unable to stat
[Sun Feb 08 01:23:04.726551 2026] [php:error] [pid 40909] [client 20.219.6.212:0] script '/domains/emsco1/mar.php' not found or unable to stat
[Sun Feb 08 01:23:04.816816 2026] [php:error] [pid 40869] [client 194.5.82.86:0] script '/domains/pbuilder/gg.php' not found or unable to stat
[Sun Feb 08 01:23:04.942273 2026] [php:error] [pid 40909] [client 20.219.6.212:0] script '/domains/emsco1/wp-trackback.php' not found or unable to stat
[Sun Feb 08 01:23:05.148351 2026] [php:error] [pid 40909] [client 20.219.6.212:0] script '/domains/emsco1/item.php' not found or unable to stat
[Sun Feb 08 01:23:05.286485 2026] [php:error] [pid 40869] [client 194.5.82.86:0] script '/domains/pbuilder/wp-admin.php' not found or unable to stat
[Sun Feb 08 01:23:05.439441 2026] [php:error] [pid 40909] [client 20.219.6.212:0] script '/domains/emsco1/verify.php' not found or unable to stat
[Sun Feb 08 01:23:05.736509 2026] [php:error] [pid 40869] [client 194.5.82.86:0] script '/domains/pbuilder/contact.php' not found or unable to stat
[Sun Feb 08 01:23:05.848231 2026] [php:error] [pid 40909] [client 20.219.6.212:0] script '/domains/emsco1/maint.php' not found or unable to stat
[Sun Feb 08 01:23:05.971033 2026] [php:error] [pid 40869] [client 194.5.82.86:0] script '/domains/pbuilder/rzki.php' not found or unable to stat
[Sun Feb 08 01:23:06.054713 2026] [php:error] [pid 40909] [client 20.219.6.212:0] script '/domains/emsco1/file.php' not found or unable to stat
[Sun Feb 08 01:23:06.188029 2026] [php:error] [pid 40869] [client 194.5.82.86:0] script '/domains/pbuilder/dropdown.php' not found or unable to stat
[Sun Feb 08 01:23:06.277628 2026] [php:error] [pid 40909] [client 20.219.6.212:0] script '/domains/emsco1/wp-configss.php' not found or unable to stat
[Sun Feb 08 01:23:06.482234 2026] [php:error] [pid 40909] [client 20.219.6.212:0] script '/domains/emsco1/Mhbgf.php' not found or unable to stat
[Sun Feb 08 01:23:06.750852 2026] [php:error] [pid 40909] [client 20.219.6.212:0] script '/domains/emsco1/w.php' not found or unable to stat
[Sun Feb 08 01:23:06.955510 2026] [php:error] [pid 40909] [client 20.219.6.212:0] script '/domains/emsco1/admin2.php' not found or unable to stat
[Sun Feb 08 01:23:07.080092 2026] [php:error] [pid 40869] [client 194.5.82.86:0] script '/domains/pbuilder/fm1.php' not found or unable to stat
[Sun Feb 08 01:23:07.289357 2026] [php:error] [pid 40909] [client 20.219.6.212:0] script '/domains/emsco1/about.php' not found or unable to stat
[Sun Feb 08 01:23:07.294654 2026] [php:error] [pid 40869] [client 194.5.82.86:0] script '/domains/pbuilder/up.php' not found or unable to stat
[Sun Feb 08 01:23:07.659157 2026] [php:error] [pid 40909] [client 20.219.6.212:0] script '/domains/emsco1/berlin.php' not found or unable to stat
[Sun Feb 08 01:23:07.737107 2026] [php:error] [pid 40869] [client 194.5.82.86:0] script '/domains/pbuilder/cache.php' not found or unable to stat
[Sun Feb 08 01:23:08.159971 2026] [php:error] [pid 40909] [client 20.219.6.212:0] script '/domains/emsco1/wp-blog-header.php' not found or unable to stat
[Sun Feb 08 01:23:08.364471 2026] [php:error] [pid 40909] [client 20.219.6.212:0] script '/domains/emsco1/updates.php' not found or unable to stat
[Sun Feb 08 01:23:08.618086 2026] [php:error] [pid 40869] [client 194.5.82.86:0] script '/domains/pbuilder/packed.php' not found or unable to stat
[Sun Feb 08 01:23:08.800007 2026] [php:error] [pid 40909] [client 20.219.6.212:0] script '/domains/emsco1/goat.php' not found or unable to stat
[Sun Feb 08 01:23:08.867277 2026] [php:error] [pid 40869] [client 194.5.82.86:0] script '/domains/pbuilder/admin.php' not found or unable to stat
[Sun Feb 08 01:23:09.004419 2026] [php:error] [pid 40909] [client 20.219.6.212:0] script '/domains/emsco1/vuln.php' not found or unable to stat
[Sun Feb 08 01:23:09.097781 2026] [php:error] [pid 40869] [client 194.5.82.86:0] script '/domains/pbuilder/classwithtostring.php' not found or unable to stat
[Sun Feb 08 01:23:09.415352 2026] [php:error] [pid 40909] [client 20.219.6.212:0] script '/domains/emsco1/upgrade.php' not found or unable to stat
[Sun Feb 08 01:23:09.518194 2026] [php:error] [pid 40869] [client 194.5.82.86:0] script '/domains/pbuilder/wp-2019.php' not found or unable to stat
[Sun Feb 08 01:23:09.776814 2026] [php:error] [pid 40909] [client 20.219.6.212:0] script '/domains/emsco1/info.php' not found or unable to stat
[Sun Feb 08 01:23:09.974090 2026] [php:error] [pid 40869] [client 194.5.82.86:0] script '/domains/pbuilder/w.php' not found or unable to stat
[Sun Feb 08 01:23:10.113455 2026] [php:error] [pid 40909] [client 20.219.6.212:0] script '/domains/emsco1/elFinderConnector.class.php' not found or unable to stat
[Sun Feb 08 01:23:10.184710 2026] [php:error] [pid 40869] [client 194.5.82.86:0] script '/domains/pbuilder/option-old.php' not found or unable to stat
[Sun Feb 08 01:23:10.474251 2026] [php:error] [pid 40909] [client 20.219.6.212:0] script '/domains/emsco1/a.php' not found or unable to stat
[Sun Feb 08 01:23:10.696665 2026] [php:error] [pid 40909] [client 20.219.6.212:0] script '/domains/emsco1/autoload_classmap.php' not found or unable to stat
[Sun Feb 08 01:23:11.163474 2026] [php:error] [pid 40909] [client 20.219.6.212:0] script '/domains/emsco1/up.php' not found or unable to stat
[Sun Feb 08 01:23:11.167721 2026] [php:error] [pid 40914] [client 20.187.78.62:0] script '/domains/brenties/admin.php' not found or unable to stat
[Sun Feb 08 01:23:11.282344 2026] [php:error] [pid 40869] [client 194.5.82.86:0] script '/domains/pbuilder/cord.php' not found or unable to stat
[Sun Feb 08 01:23:11.454678 2026] [php:error] [pid 40909] [client 20.219.6.212:0] script '/domains/emsco1/wp-files.php' not found or unable to stat
[Sun Feb 08 01:23:11.491705 2026] [php:error] [pid 40869] [client 194.5.82.86:0] script '/domains/pbuilder/xleet.php' not found or unable to stat
[Sun Feb 08 01:23:11.702837 2026] [php:error] [pid 40869] [client 194.5.82.86:0] script '/domains/pbuilder/wp-links.php' not found or unable to stat
[Sun Feb 08 01:23:12.097793 2026] [php:error] [pid 40909] [client 20.219.6.212:0] script '/domains/emsco1/filemanager.php' not found or unable to stat
[Sun Feb 08 01:23:12.324775 2026] [php:error] [pid 40909] [client 20.219.6.212:0] script '/domains/emsco1/c.php' not found or unable to stat
[Sun Feb 08 01:23:12.727825 2026] [php:error] [pid 40914] [client 20.187.78.62:0] script '/domains/brenties/manager.php' not found or unable to stat
[Sun Feb 08 01:23:13.680253 2026] [php:error] [pid 40915] [client 194.5.82.95:0] script '/domains/pbuilder/images/install.php' not found or unable to stat
[Sun Feb 08 01:23:13.890078 2026] [php:error] [pid 40915] [client 194.5.82.95:0] script '/domains/pbuilder/file5.php' not found or unable to stat
[Sun Feb 08 01:23:14.099028 2026] [php:error] [pid 40915] [client 194.5.82.95:0] script '/domains/pbuilder/file2.php' not found or unable to stat
[Sun Feb 08 01:23:14.214781 2026] [php:error] [pid 40914] [client 20.187.78.62:0] script '/domains/brenties/wp-sing.php' not found or unable to stat
[Sun Feb 08 01:23:14.886476 2026] [php:error] [pid 40914] [client 20.187.78.62:0] script '/domains/brenties/goods.php' not found or unable to stat
[Sun Feb 08 01:23:14.988391 2026] [php:error] [pid 40915] [client 194.5.82.95:0] script '/domains/pbuilder/file-manager.php' not found or unable to stat
[Sun Feb 08 01:23:15.095272 2026] [php:error] [pid 40914] [client 20.187.78.62:0] script '/domains/brenties/chosen.php' not found or unable to stat
[Sun Feb 08 01:23:15.305402 2026] [php:error] [pid 40914] [client 20.187.78.62:0] script '/domains/brenties/term.php' not found or unable to stat
[Sun Feb 08 01:23:15.407971 2026] [php:error] [pid 40915] [client 194.5.82.95:0] script '/domains/pbuilder/ar.php' not found or unable to stat
[Sun Feb 08 01:23:15.618109 2026] [php:error] [pid 40915] [client 194.5.82.95:0] script '/domains/pbuilder/Sanskrit.php' not found or unable to stat
[Sun Feb 08 01:23:15.867215 2026] [php:error] [pid 40915] [client 194.5.82.95:0] script '/domains/pbuilder/lock360.php' not found or unable to stat
[Sun Feb 08 01:23:16.304099 2026] [php:error] [pid 40915] [client 194.5.82.95:0] script '/domains/pbuilder/elp.php' not found or unable to stat
[Sun Feb 08 01:23:17.183208 2026] [php:error] [pid 40915] [client 194.5.82.95:0] script '/domains/pbuilder/m.php' not found or unable to stat
[Sun Feb 08 01:23:17.392653 2026] [php:error] [pid 40915] [client 194.5.82.95:0] script '/domains/pbuilder/robots.php' not found or unable to stat
[Sun Feb 08 01:23:17.732389 2026] [php:error] [pid 40914] [client 20.187.78.62:0] script '/domains/brenties/wpc.php' not found or unable to stat
[Sun Feb 08 01:23:17.814723 2026] [php:error] [pid 40915] [client 194.5.82.95:0] script '/domains/pbuilder/alfanew.php' not found or unable to stat
[Sun Feb 08 01:23:18.066635 2026] [php:error] [pid 40915] [client 194.5.82.95:0] script '/domains/pbuilder/b.php' not found or unable to stat
[Sun Feb 08 01:23:18.276758 2026] [php:error] [pid 40915] [client 194.5.82.95:0] script '/domains/pbuilder/tx20.php' not found or unable to stat
[Sun Feb 08 01:23:18.416397 2026] [php:error] [pid 40914] [client 20.187.78.62:0] script '/domains/brenties/about.php' not found or unable to stat
[Sun Feb 08 01:23:18.497491 2026] [php:error] [pid 40915] [client 194.5.82.95:0] script '/domains/pbuilder/function.php' not found or unable to stat
[Sun Feb 08 01:23:18.630917 2026] [php:error] [pid 40914] [client 20.187.78.62:0] script '/domains/brenties/deepseek_d.php' not found or unable to stat
[Sun Feb 08 01:23:19.105379 2026] [php:error] [pid 40914] [client 20.187.78.62:0] script '/domains/brenties/elp.php' not found or unable to stat
[Sun Feb 08 01:23:19.385478 2026] [php:error] [pid 40915] [client 194.5.82.95:0] script '/domains/pbuilder/files.php' not found or unable to stat
[Sun Feb 08 01:23:19.596054 2026] [php:error] [pid 40915] [client 194.5.82.95:0] script '/domains/pbuilder/wso112233.php' not found or unable to stat
[Sun Feb 08 01:23:20.014808 2026] [php:error] [pid 40915] [client 194.5.82.95:0] script '/domains/pbuilder/moon.php' not found or unable to stat
[Sun Feb 08 01:23:20.263200 2026] [php:error] [pid 40915] [client 194.5.82.95:0] script '/domains/pbuilder/cc.php' not found or unable to stat
[Sun Feb 08 01:23:20.461110 2026] [php:error] [pid 40914] [client 20.187.78.62:0] script '/domains/brenties/bless.php' not found or unable to stat
[Sun Feb 08 01:23:20.903091 2026] [php:error] [pid 40915] [client 194.5.82.95:0] script '/domains/pbuilder/asasx.php' not found or unable to stat
[Sun Feb 08 01:23:21.114385 2026] [php:error] [pid 40915] [client 194.5.82.95:0] script '/domains/pbuilder/images/admin.php' not found or unable to stat
[Sun Feb 08 01:23:21.366351 2026] [php:error] [pid 40915] [client 194.5.82.95:0] script '/domains/pbuilder/natural.php' not found or unable to stat
[Sun Feb 08 01:23:21.568363 2026] [php:error] [pid 40914] [client 20.187.78.62:0] script '/domains/brenties/edit.php' not found or unable to stat
[Sun Feb 08 01:23:21.798368 2026] [php:error] [pid 40915] [client 194.5.82.95:0] script '/domains/pbuilder/wp-configs.php' not found or unable to stat
[Sun Feb 08 01:23:21.813220 2026] [php:error] [pid 40914] [client 20.187.78.62:0] script '/domains/brenties/simple.php' not found or unable to stat
[Sun Feb 08 01:23:22.020576 2026] [php:error] [pid 40915] [client 194.5.82.95:0] script '/domains/pbuilder/geju.php' not found or unable to stat
[Sun Feb 08 01:23:22.271957 2026] [php:error] [pid 40915] [client 194.5.82.95:0] script '/domains/pbuilder/test1.php' not found or unable to stat
[Sun Feb 08 01:23:22.712138 2026] [php:error] [pid 40914] [client 20.187.78.62:0] script '/domains/brenties/wp-login.php' not found or unable to stat
[Sun Feb 08 01:23:22.920797 2026] [php:error] [pid 40915] [client 194.5.82.95:0] script '/domains/pbuilder/mar.php' not found or unable to stat
[Sun Feb 08 01:23:23.130939 2026] [php:error] [pid 40915] [client 194.5.82.95:0] script '/domains/pbuilder/woh.php' not found or unable to stat
[Sun Feb 08 01:23:23.370322 2026] [php:error] [pid 40915] [client 194.5.82.95:0] script '/domains/pbuilder/xc.php' not found or unable to stat
[Sun Feb 08 01:23:23.396430 2026] [php:error] [pid 40914] [client 20.187.78.62:0] script '/domains/brenties/ioxi-o.php' not found or unable to stat
[Sun Feb 08 01:23:23.584766 2026] [php:error] [pid 40915] [client 194.5.82.95:0] script '/domains/pbuilder/log.php' not found or unable to stat
[Sun Feb 08 01:23:23.793764 2026] [php:error] [pid 40915] [client 194.5.82.95:0] script '/domains/pbuilder/app.php' not found or unable to stat
[Sun Feb 08 01:23:24.004551 2026] [php:error] [pid 40915] [client 194.5.82.95:0] script '/domains/pbuilder/inc.php' not found or unable to stat
[Sun Feb 08 01:23:24.213836 2026] [php:error] [pid 40915] [client 194.5.82.95:0] script '/domains/pbuilder/NewFile.php' not found or unable to stat
[Sun Feb 08 01:23:24.674328 2026] [php:error] [pid 40915] [client 194.5.82.95:0] script '/domains/pbuilder/a.php' not found or unable to stat
[Sun Feb 08 01:23:24.824136 2026] [php:error] [pid 40905] [client 40.89.140.250:0] script '/domains/fayemoran/f.php' not found or unable to stat
[Sun Feb 08 01:23:24.890634 2026] [php:error] [pid 40915] [client 194.5.82.95:0] script '/domains/pbuilder/license.php' not found or unable to stat
[Sun Feb 08 01:23:24.912023 2026] [php:error] [pid 40905] [client 40.89.140.250:0] script '/domains/fayemoran/ss.php' not found or unable to stat
[Sun Feb 08 01:23:25.000120 2026] [php:error] [pid 40905] [client 40.89.140.250:0] script '/domains/fayemoran/ftp.php' not found or unable to stat
[Sun Feb 08 01:23:25.100633 2026] [php:error] [pid 40915] [client 194.5.82.95:0] script '/domains/pbuilder/options.php' not found or unable to stat
[Sun Feb 08 01:23:25.179801 2026] [php:error] [pid 40905] [client 40.89.140.250:0] script '/domains/fayemoran/ahax.php' not found or unable to stat
[Sun Feb 08 01:23:25.274050 2026] [php:error] [pid 40905] [client 40.89.140.250:0] script '/domains/fayemoran/bolt.php' not found or unable to stat
[Sun Feb 08 01:23:25.363495 2026] [php:error] [pid 40905] [client 40.89.140.250:0] script '/domains/fayemoran/elp.php' not found or unable to stat
[Sun Feb 08 01:23:25.451355 2026] [php:error] [pid 40905] [client 40.89.140.250:0] script '/domains/fayemoran/adminfuns.php' not found or unable to stat
[Sun Feb 08 01:23:25.551381 2026] [php:error] [pid 40905] [client 40.89.140.250:0] script '/domains/fayemoran/cache.php' not found or unable to stat
[Sun Feb 08 01:23:25.675709 2026] [php:error] [pid 40914] [client 20.187.78.62:0] script '/domains/brenties/test.php' not found or unable to stat
[Sun Feb 08 01:23:25.768158 2026] [php:error] [pid 40915] [client 194.5.82.95:0] script '/domains/pbuilder/xxx.php' not found or unable to stat
