[Sun Feb 08 01:52:12.107997 2026] [php:error] [pid 46720] [client 20.215.184.141:0] script '/domains/micra/tourpa.php' not found or unable to stat
[Sun Feb 08 01:52:12.213161 2026] [php:error] [pid 46720] [client 20.215.184.141:0] script '/domains/micra/yvtuizub.php' not found or unable to stat
[Sun Feb 08 01:52:12.314116 2026] [php:error] [pid 46720] [client 20.215.184.141:0] script '/domains/micra/mln.php' not found or unable to stat
[Sun Feb 08 01:52:12.421359 2026] [php:error] [pid 46720] [client 20.215.184.141:0] script '/domains/micra/inege.php' not found or unable to stat
[Sun Feb 08 01:53:08.284762 2026] [php:error] [pid 46770] [client 74.225.153.249:0] script '/domains/bburke/f.php' not found or unable to stat
[Sun Feb 08 01:53:08.521588 2026] [php:error] [pid 46770] [client 74.225.153.249:0] script '/domains/bburke/ss.php' not found or unable to stat
[Sun Feb 08 01:53:08.722831 2026] [php:error] [pid 46770] [client 74.225.153.249:0] script '/domains/bburke/ftp.php' not found or unable to stat
[Sun Feb 08 01:53:09.131713 2026] [php:error] [pid 46770] [client 74.225.153.249:0] script '/domains/bburke/ahax.php' not found or unable to stat
[Sun Feb 08 01:53:09.333917 2026] [php:error] [pid 46770] [client 74.225.153.249:0] script '/domains/bburke/bolt.php' not found or unable to stat
[Sun Feb 08 01:53:09.535635 2026] [php:error] [pid 46770] [client 74.225.153.249:0] script '/domains/bburke/elp.php' not found or unable to stat
[Sun Feb 08 01:53:09.736834 2026] [php:error] [pid 46770] [client 74.225.153.249:0] script '/domains/bburke/adminfuns.php' not found or unable to stat
[Sun Feb 08 01:53:09.954068 2026] [php:error] [pid 46770] [client 74.225.153.249:0] script '/domains/bburke/cache.php' not found or unable to stat
[Sun Feb 08 01:53:10.564502 2026] [php:error] [pid 46770] [client 74.225.153.249:0] script '/domains/bburke/w.php' not found or unable to stat
[Sun Feb 08 01:53:10.765743 2026] [php:error] [pid 46770] [client 74.225.153.249:0] script '/domains/bburke/zaa.php' not found or unable to stat
[Sun Feb 08 01:53:10.968892 2026] [php:error] [pid 46770] [client 74.225.153.249:0] script '/domains/bburke/wp-miiss.php.php' not found or unable to stat
[Sun Feb 08 01:53:11.196051 2026] [php:error] [pid 46770] [client 74.225.153.249:0] script '/domains/bburke/gmo.php' not found or unable to stat
[Sun Feb 08 01:53:11.828627 2026] [php:error] [pid 46770] [client 74.225.153.249:0] script '/domains/bburke/gettest.php' not found or unable to stat
[Sun Feb 08 01:53:12.031527 2026] [php:error] [pid 46770] [client 74.225.153.249:0] script '/domains/bburke/a1.php' not found or unable to stat
[Sun Feb 08 01:53:12.233282 2026] [php:error] [pid 46770] [client 74.225.153.249:0] script '/domains/bburke/ma.php' not found or unable to stat
[Sun Feb 08 01:53:12.436400 2026] [php:error] [pid 46770] [client 74.225.153.249:0] script '/domains/bburke/fetch.php' not found or unable to stat
[Sun Feb 08 01:53:12.644479 2026] [php:error] [pid 46770] [client 74.225.153.249:0] script '/domains/bburke/v2.php' not found or unable to stat
[Sun Feb 08 01:53:12.868718 2026] [php:error] [pid 46770] [client 74.225.153.249:0] script '/domains/bburke/ton.php' not found or unable to stat
[Sun Feb 08 01:53:13.472384 2026] [php:error] [pid 46770] [client 74.225.153.249:0] script '/domains/bburke/des.php' not found or unable to stat
[Sun Feb 08 01:53:13.673232 2026] [php:error] [pid 46770] [client 74.225.153.249:0] script '/domains/bburke/mans.php' not found or unable to stat
[Sun Feb 08 01:53:13.875065 2026] [php:error] [pid 46770] [client 74.225.153.249:0] script '/domains/bburke/about.php' not found or unable to stat
[Sun Feb 08 01:53:14.277995 2026] [php:error] [pid 46770] [client 74.225.153.249:0] script '/domains/bburke/dr.php' not found or unable to stat
[Sun Feb 08 01:53:14.913132 2026] [php:error] [pid 46770] [client 74.225.153.249:0] script '/domains/bburke/autoload_classmap.php' not found or unable to stat
[Sun Feb 08 01:53:15.125527 2026] [php:error] [pid 46770] [client 74.225.153.249:0] script '/domains/bburke/zwso.php' not found or unable to stat
[Sun Feb 08 01:53:15.550264 2026] [php:error] [pid 46770] [client 74.225.153.249:0] script '/domains/bburke/geck.php' not found or unable to stat
[Sun Feb 08 01:53:15.775861 2026] [php:error] [pid 46770] [client 74.225.153.249:0] script '/domains/bburke/errw.php' not found or unable to stat
[Sun Feb 08 01:53:15.977467 2026] [php:error] [pid 46770] [client 74.225.153.249:0] script '/domains/bburke/wp.php' not found or unable to stat
[Sun Feb 08 01:53:16.178753 2026] [php:error] [pid 46770] [client 74.225.153.249:0] script '/domains/bburke/jsond.php' not found or unable to stat
[Sun Feb 08 01:53:16.385327 2026] [php:error] [pid 46770] [client 74.225.153.249:0] script '/domains/bburke/configuration.php' not found or unable to stat
[Sun Feb 08 01:53:16.586369 2026] [php:error] [pid 46770] [client 74.225.153.249:0] script '/domains/bburke/100.kb.php' not found or unable to stat
[Sun Feb 08 01:53:16.821882 2026] [php:error] [pid 46770] [client 74.225.153.249:0] script '/domains/bburke/rip.php' not found or unable to stat
[Sun Feb 08 01:53:17.225060 2026] [php:error] [pid 46770] [client 74.225.153.249:0] script '/domains/bburke/class-t.api.php' not found or unable to stat
[Sun Feb 08 01:53:17.450237 2026] [php:error] [pid 46770] [client 74.225.153.249:0] script '/domains/bburke/lala.php' not found or unable to stat
[Sun Feb 08 01:53:17.651755 2026] [php:error] [pid 46770] [client 74.225.153.249:0] script '/domains/bburke/lp6.php' not found or unable to stat
[Sun Feb 08 01:53:18.056032 2026] [php:error] [pid 46770] [client 74.225.153.249:0] script '/domains/bburke/bk.php' not found or unable to stat
[Sun Feb 08 01:53:18.277836 2026] [php:error] [pid 46770] [client 74.225.153.249:0] script '/domains/bburke/bolt.php' not found or unable to stat
[Sun Feb 08 01:53:18.478908 2026] [php:error] [pid 46770] [client 74.225.153.249:0] script '/domains/bburke/m.php' not found or unable to stat
[Sun Feb 08 01:53:19.082617 2026] [php:error] [pid 46770] [client 74.225.153.249:0] script '/domains/bburke/alfa.php' not found or unable to stat
[Sun Feb 08 01:53:19.284251 2026] [php:error] [pid 46770] [client 74.225.153.249:0] script '/domains/bburke/ap.php' not found or unable to stat
[Sun Feb 08 01:53:19.543072 2026] [php:error] [pid 46770] [client 74.225.153.249:0] script '/domains/bburke/doc.php' not found or unable to stat
[Sun Feb 08 01:53:19.744619 2026] [php:error] [pid 46770] [client 74.225.153.249:0] script '/domains/bburke/clasa99.php' not found or unable to stat
[Sun Feb 08 01:53:19.971294 2026] [php:error] [pid 46770] [client 74.225.153.249:0] script '/domains/bburke/an.php' not found or unable to stat
[Sun Feb 08 01:53:20.176090 2026] [php:error] [pid 46770] [client 74.225.153.249:0] script '/domains/bburke/assacc.php' not found or unable to stat
[Sun Feb 08 01:53:20.378672 2026] [php:error] [pid 46770] [client 74.225.153.249:0] script '/domains/bburke/hzz.php' not found or unable to stat
[Sun Feb 08 01:53:20.800823 2026] [php:error] [pid 46770] [client 74.225.153.249:0] script '/domains/bburke/system.php' not found or unable to stat
[Sun Feb 08 01:53:21.002881 2026] [php:error] [pid 46770] [client 74.225.153.249:0] script '/domains/bburke/shell.php' not found or unable to stat
[Sun Feb 08 01:53:21.204825 2026] [php:error] [pid 46770] [client 74.225.153.249:0] script '/domains/bburke/zwq13.php' not found or unable to stat
[Sun Feb 08 01:53:22.023618 2026] [php:error] [pid 46770] [client 74.225.153.249:0] script '/domains/bburke/la.php' not found or unable to stat
[Sun Feb 08 01:53:22.244898 2026] [php:error] [pid 46770] [client 74.225.153.249:0] script '/domains/bburke/install.php' not found or unable to stat
[Sun Feb 08 01:53:22.446229 2026] [php:error] [pid 46770] [client 74.225.153.249:0] script '/domains/bburke/Geforce.php' not found or unable to stat
[Sun Feb 08 01:53:22.647443 2026] [php:error] [pid 46770] [client 74.225.153.249:0] script '/domains/bburke/nyan.php' not found or unable to stat
[Sun Feb 08 01:53:23.500824 2026] [php:error] [pid 46770] [client 74.225.153.249:0] script '/domains/bburke/wrt.php' not found or unable to stat
[Sun Feb 08 01:53:23.702686 2026] [php:error] [pid 46770] [client 74.225.153.249:0] script '/domains/bburke/403.php' not found or unable to stat
[Sun Feb 08 01:53:23.904325 2026] [php:error] [pid 46770] [client 74.225.153.249:0] script '/domains/bburke/shell20211028.php' not found or unable to stat
[Sun Feb 08 01:53:24.117547 2026] [php:error] [pid 46770] [client 74.225.153.249:0] script '/domains/bburke/gm.php' not found or unable to stat
[Sun Feb 08 01:53:24.320090 2026] [php:error] [pid 46770] [client 74.225.153.249:0] script '/domains/bburke/images/c99.php' not found or unable to stat
[Sun Feb 08 01:53:24.535909 2026] [php:error] [pid 46770] [client 74.225.153.249:0] script '/domains/bburke/n3.php' not found or unable to stat
[Sun Feb 08 01:53:24.944574 2026] [php:error] [pid 46770] [client 74.225.153.249:0] script '/domains/bburke/environment.php' not found or unable to stat
[Sun Feb 08 01:53:25.390188 2026] [php:error] [pid 46770] [client 74.225.153.249:0] script '/domains/bburke/bnn_.php' not found or unable to stat
[Sun Feb 08 01:53:25.592119 2026] [php:error] [pid 46770] [client 74.225.153.249:0] script '/domains/bburke/1337.php' not found or unable to stat
[Sun Feb 08 01:53:25.811911 2026] [php:error] [pid 46770] [client 74.225.153.249:0] script '/domains/bburke/test.php' not found or unable to stat
[Sun Feb 08 01:53:26.014114 2026] [php:error] [pid 46770] [client 74.225.153.249:0] script '/domains/bburke/menu.php' not found or unable to stat
[Sun Feb 08 01:53:26.215601 2026] [php:error] [pid 46770] [client 74.225.153.249:0] script '/domains/bburke/content.php' not found or unable to stat
[Sun Feb 08 01:53:26.441126 2026] [php:error] [pid 46770] [client 74.225.153.249:0] script '/domains/bburke/wqqs.php' not found or unable to stat
[Sun Feb 08 01:53:26.650503 2026] [php:error] [pid 46770] [client 74.225.153.249:0] script '/domains/bburke/ole.php' not found or unable to stat
[Sun Feb 08 01:53:27.055674 2026] [php:error] [pid 46770] [client 74.225.153.249:0] script '/domains/bburke/p.php' not found or unable to stat
[Sun Feb 08 01:53:27.264534 2026] [php:error] [pid 46770] [client 74.225.153.249:0] script '/domains/bburke/ak.php' not found or unable to stat
[Sun Feb 08 01:53:27.666762 2026] [php:error] [pid 46770] [client 74.225.153.249:0] script '/domains/bburke/mds.php' not found or unable to stat
[Sun Feb 08 01:53:27.867979 2026] [php:error] [pid 46770] [client 74.225.153.249:0] script '/domains/bburke/ellv3.php' not found or unable to stat
[Sun Feb 08 01:53:28.147635 2026] [php:error] [pid 46770] [client 74.225.153.249:0] script '/domains/bburke/inputs.php' not found or unable to stat
[Sun Feb 08 01:53:28.364675 2026] [php:error] [pid 46770] [client 74.225.153.249:0] script '/domains/bburke/ffd.php' not found or unable to stat
[Sun Feb 08 01:53:29.070902 2026] [php:error] [pid 46770] [client 74.225.153.249:0] script '/domains/bburke/x_3.php' not found or unable to stat
[Sun Feb 08 01:53:29.331928 2026] [php:error] [pid 46770] [client 74.225.153.249:0] script '/domains/bburke/wp_wlx.php' not found or unable to stat
[Sun Feb 08 01:53:30.625647 2026] [php:error] [pid 46778] [client 74.225.153.249:0] script '/domains/bburke/oivcl.php' not found or unable to stat
[Sun Feb 08 01:53:31.057144 2026] [php:error] [pid 46778] [client 74.225.153.249:0] script '/domains/bburke/o.php' not found or unable to stat
[Sun Feb 08 01:53:31.268727 2026] [php:error] [pid 46778] [client 74.225.153.249:0] script '/domains/bburke/asd67.php' not found or unable to stat
[Sun Feb 08 01:53:31.897864 2026] [php:error] [pid 46778] [client 74.225.153.249:0] script '/domains/bburke/mar.php' not found or unable to stat
[Sun Feb 08 01:53:32.118401 2026] [php:error] [pid 46778] [client 74.225.153.249:0] script '/domains/bburke/raw.php' not found or unable to stat
[Sun Feb 08 01:53:32.325559 2026] [php:error] [pid 46778] [client 74.225.153.249:0] script '/domains/bburke/a2.php' not found or unable to stat
[Sun Feb 08 01:53:32.733598 2026] [php:error] [pid 46778] [client 74.225.153.249:0] script '/domains/bburke/mal.php' not found or unable to stat
[Sun Feb 08 01:53:33.155788 2026] [php:error] [pid 46778] [client 74.225.153.249:0] script '/domains/bburke/flower.php' not found or unable to stat
[Sun Feb 08 01:53:33.786051 2026] [php:error] [pid 46778] [client 74.225.153.249:0] script '/domains/bburke/ph33w.php' not found or unable to stat
[Sun Feb 08 01:53:34.146877 2026] [php:error] [pid 46778] [client 74.225.153.249:0] script '/domains/bburke/cv.php' not found or unable to stat
[Sun Feb 08 01:53:34.587310 2026] [php:error] [pid 46778] [client 74.225.153.249:0] script '/domains/bburke/wp4.php' not found or unable to stat
[Sun Feb 08 01:53:34.995987 2026] [php:error] [pid 46778] [client 74.225.153.249:0] script '/domains/bburke/dropdown.php' not found or unable to stat
[Sun Feb 08 01:53:35.229367 2026] [php:error] [pid 46778] [client 74.225.153.249:0] script '/domains/bburke/sxo.php' not found or unable to stat
[Sun Feb 08 01:53:35.461558 2026] [php:error] [pid 46778] [client 74.225.153.249:0] script '/domains/bburke/2026.php' not found or unable to stat
[Sun Feb 08 01:53:35.664100 2026] [php:error] [pid 46778] [client 74.225.153.249:0] script '/domains/bburke/wp.php' not found or unable to stat
[Sun Feb 08 01:53:35.870045 2026] [php:error] [pid 46778] [client 74.225.153.249:0] script '/domains/bburke/sto.php' not found or unable to stat
[Sun Feb 08 01:53:36.072752 2026] [php:error] [pid 46778] [client 74.225.153.249:0] script '/domains/bburke/h.php' not found or unable to stat
[Sun Feb 08 01:53:36.276075 2026] [php:error] [pid 46778] [client 74.225.153.249:0] script '/domains/bburke/tphp.php' not found or unable to stat
[Sun Feb 08 01:53:36.478717 2026] [php:error] [pid 46778] [client 74.225.153.249:0] script '/domains/bburke/cs.php' not found or unable to stat
[Sun Feb 08 01:53:36.689570 2026] [php:error] [pid 46778] [client 74.225.153.249:0] script '/domains/bburke/user.php' not found or unable to stat
[Sun Feb 08 01:53:37.095326 2026] [php:error] [pid 46778] [client 74.225.153.249:0] script '/domains/bburke/8xyz.php' not found or unable to stat
[Sun Feb 08 01:53:37.520772 2026] [php:error] [pid 46778] [client 74.225.153.249:0] script '/domains/bburke/rezor.php' not found or unable to stat
[Sun Feb 08 01:53:37.733590 2026] [php:error] [pid 46778] [client 74.225.153.249:0] script '/domains/bburke/Wp-good.php' not found or unable to stat
[Sun Feb 08 01:53:37.936309 2026] [php:error] [pid 46778] [client 74.225.153.249:0] script '/domains/bburke/ze.php' not found or unable to stat
[Sun Feb 08 01:53:38.139820 2026] [php:error] [pid 46778] [client 74.225.153.249:0] script '/domains/bburke/bgymj.php' not found or unable to stat
[Sun Feb 08 01:53:38.353943 2026] [php:error] [pid 46778] [client 74.225.153.249:0] script '/domains/bburke/jmfi2.php' not found or unable to stat
[Sun Feb 08 01:53:38.569129 2026] [php:error] [pid 46778] [client 74.225.153.249:0] script '/domains/bburke/x7.php' not found or unable to stat
[Sun Feb 08 01:53:38.789872 2026] [php:error] [pid 46778] [client 74.225.153.249:0] script '/domains/bburke/hey.php' not found or unable to stat
[Sun Feb 08 01:53:39.602301 2026] [php:error] [pid 46778] [client 74.225.153.249:0] script '/domains/bburke/gib.php' not found or unable to stat
[Sun Feb 08 01:53:39.805328 2026] [php:error] [pid 46778] [client 74.225.153.249:0] script '/domains/bburke/wso.php' not found or unable to stat
[Sun Feb 08 01:53:40.149897 2026] [php:error] [pid 46778] [client 74.225.153.249:0] script '/domains/bburke/x.php' not found or unable to stat
[Sun Feb 08 01:54:03.954418 2026] [php:error] [pid 46778] [client 129.150.62.199:0] script '/domains/nostrada/xmlrpc.php' not found or unable to stat
[Sun Feb 08 01:54:12.085995 2026] [php:error] [pid 46783] [client 104.208.81.121:0] script '/domains/metrolighting/cgi-bin/radio.php' not found or unable to stat
[Sun Feb 08 01:54:13.448220 2026] [php:error] [pid 46783] [client 104.208.81.121:0] script '/domains/metrolighting/about.php' not found or unable to stat
[Sun Feb 08 01:54:13.861347 2026] [php:error] [pid 46783] [client 104.208.81.121:0] script '/domains/metrolighting/system.php' not found or unable to stat
[Sun Feb 08 01:54:14.099874 2026] [php:error] [pid 46783] [client 104.208.81.121:0] script '/domains/metrolighting/ini.php' not found or unable to stat
[Sun Feb 08 01:54:15.613754 2026] [php:error] [pid 46784] [client 104.208.81.121:0] script '/domains/metrolighting/content.php' not found or unable to stat
[Sun Feb 08 01:54:16.024404 2026] [php:error] [pid 46784] [client 104.208.81.121:0] script '/domains/metrolighting/elp.php' not found or unable to stat
[Sun Feb 08 01:54:16.293486 2026] [php:error] [pid 46784] [client 104.208.81.121:0] script '/domains/metrolighting/FII.php' not found or unable to stat
[Sun Feb 08 01:54:17.061499 2026] [php:error] [pid 46784] [client 104.208.81.121:0] script '/domains/metrolighting/bolt.php' not found or unable to stat
[Sun Feb 08 01:54:17.265521 2026] [php:error] [pid 46784] [client 104.208.81.121:0] script '/domains/metrolighting/api.php' not found or unable to stat
[Sun Feb 08 01:54:18.133618 2026] [php:error] [pid 46784] [client 104.208.81.121:0] script '/domains/metrolighting/mini.php' not found or unable to stat
[Sun Feb 08 01:54:18.885722 2026] [php:error] [pid 46784] [client 104.208.81.121:0] script '/domains/metrolighting/dropdown.php' not found or unable to stat
[Sun Feb 08 01:54:19.711649 2026] [php:error] [pid 46784] [client 104.208.81.121:0] script '/domains/metrolighting/wp-file.php' not found or unable to stat
[Sun Feb 08 01:54:20.112027 2026] [php:error] [pid 46784] [client 104.208.81.121:0] script '/domains/metrolighting/alfa-rex.php' not found or unable to stat
[Sun Feb 08 01:54:21.646091 2026] [php:error] [pid 46784] [client 104.208.81.121:0] script '/domains/metrolighting/abcd.php' not found or unable to stat
[Sun Feb 08 01:54:22.047875 2026] [php:error] [pid 46784] [client 104.208.81.121:0] script '/domains/metrolighting/lib.php' not found or unable to stat
[Sun Feb 08 01:54:23.339770 2026] [php:error] [pid 46784] [client 104.208.81.121:0] script '/domains/metrolighting/shell.php' not found or unable to stat
[Sun Feb 08 01:54:24.255733 2026] [php:error] [pid 46784] [client 104.208.81.121:0] script '/domains/metrolighting/ds.php' not found or unable to stat
[Sun Feb 08 01:54:24.474410 2026] [php:error] [pid 46784] [client 104.208.81.121:0] script '/domains/metrolighting/makeasmtp.php' not found or unable to stat
[Sun Feb 08 01:54:27.509661 2026] [php:error] [pid 46789] [client 104.208.81.121:0] script '/domains/metrolighting/buy.php' not found or unable to stat
[Sun Feb 08 01:54:28.355725 2026] [php:error] [pid 46789] [client 104.208.81.121:0] script '/domains/metrolighting/theme.php' not found or unable to stat
[Sun Feb 08 01:54:28.554035 2026] [php:error] [pid 46789] [client 104.208.81.121:0] script '/domains/metrolighting/chosen.php' not found or unable to stat
[Sun Feb 08 01:54:28.964628 2026] [php:error] [pid 46789] [client 104.208.81.121:0] script '/domains/metrolighting/st.php' not found or unable to stat
[Sun Feb 08 01:54:29.163390 2026] [php:error] [pid 46789] [client 104.208.81.121:0] script '/domains/metrolighting/inputs.php' not found or unable to stat
[Sun Feb 08 01:54:29.782206 2026] [php:error] [pid 46789] [client 104.208.81.121:0] script '/domains/metrolighting/aaa.php' not found or unable to stat
[Sun Feb 08 01:54:29.980631 2026] [php:error] [pid 46789] [client 104.208.81.121:0] script '/domains/metrolighting/wp-login.php' not found or unable to stat
[Sun Feb 08 01:54:31.367123 2026] [php:error] [pid 46789] [client 104.208.81.121:0] script '/domains/metrolighting/wp-signup.php' not found or unable to stat
[Sun Feb 08 01:54:31.565645 2026] [php:error] [pid 46789] [client 104.208.81.121:0] script '/domains/metrolighting/core.php' not found or unable to stat
[Sun Feb 08 01:54:32.009138 2026] [php:error] [pid 46789] [client 104.208.81.121:0] script '/domains/metrolighting/403.php' not found or unable to stat
[Sun Feb 08 01:54:32.037013 2026] [php:error] [pid 46793] [client 20.214.152.240:0] script '/domains/antiqueweb1/admin.php' not found or unable to stat
[Sun Feb 08 01:54:32.224670 2026] [php:error] [pid 46793] [client 20.214.152.240:0] script '/domains/antiqueweb1/manager.php' not found or unable to stat
[Sun Feb 08 01:54:32.524714 2026] [php:error] [pid 46789] [client 104.208.81.121:0] script '/domains/metrolighting/new4.php' not found or unable to stat
[Sun Feb 08 01:54:32.730678 2026] [php:error] [pid 46789] [client 104.208.81.121:0] script '/domains/metrolighting/adminfuns.php' not found or unable to stat
[Sun Feb 08 01:54:32.945918 2026] [php:error] [pid 46789] [client 104.208.81.121:0] script '/domains/metrolighting/radio.php' not found or unable to stat
[Sun Feb 08 01:54:34.435227 2026] [php:error] [pid 46793] [client 20.214.152.240:0] script '/domains/antiqueweb1/wp-sing.php' not found or unable to stat
[Sun Feb 08 01:54:34.592567 2026] [php:error] [pid 46789] [client 104.208.81.121:0] script '/domains/metrolighting/mah.php' not found or unable to stat
[Sun Feb 08 01:54:35.385314 2026] [php:error] [pid 46793] [client 20.214.152.240:0] script '/domains/antiqueweb1/goods.php' not found or unable to stat
[Sun Feb 08 01:54:35.498626 2026] [php:error] [pid 46789] [client 104.208.81.121:0] script '/domains/metrolighting/sim.php' not found or unable to stat
[Sun Feb 08 01:54:35.751112 2026] [php:error] [pid 46789] [client 104.208.81.121:0] script '/domains/metrolighting/cgi-bin/index.php' not found or unable to stat
[Sun Feb 08 01:54:35.982141 2026] [php:error] [pid 46789] [client 104.208.81.121:0] script '/domains/metrolighting/error.php' not found or unable to stat
[Sun Feb 08 01:54:36.274212 2026] [php:error] [pid 46793] [client 20.214.152.240:0] script '/domains/antiqueweb1/chosen.php' not found or unable to stat
[Sun Feb 08 01:54:36.631773 2026] [php:error] [pid 46789] [client 104.208.81.121:0] script '/domains/metrolighting/cong.php' not found or unable to stat
[Sun Feb 08 01:54:36.988645 2026] [php:error] [pid 46793] [client 20.214.152.240:0] script '/domains/antiqueweb1/term.php' not found or unable to stat
[Sun Feb 08 01:54:37.887980 2026] [php:error] [pid 46793] [client 20.214.152.240:0] script '/domains/antiqueweb1/wpc.php' not found or unable to stat
[Sun Feb 08 01:54:38.104775 2026] [php:error] [pid 46793] [client 20.214.152.240:0] script '/domains/antiqueweb1/about.php' not found or unable to stat
[Sun Feb 08 01:54:38.155779 2026] [php:error] [pid 46789] [client 104.208.81.121:0] script '/domains/metrolighting/kyami.php' not found or unable to stat
[Sun Feb 08 01:54:38.289805 2026] [php:error] [pid 46793] [client 20.214.152.240:0] script '/domains/antiqueweb1/deepseek_d.php' not found or unable to stat
[Sun Feb 08 01:54:39.031209 2026] [php:error] [pid 46789] [client 104.208.81.121:0] script '/domains/metrolighting/1.php' not found or unable to stat
[Sun Feb 08 01:54:39.724357 2026] [php:error] [pid 46789] [client 104.208.81.121:0] script '/domains/metrolighting/gecko-new.php' not found or unable to stat
[Sun Feb 08 01:54:39.961698 2026] [php:error] [pid 46793] [client 20.214.152.240:0] script '/domains/antiqueweb1/elp.php' not found or unable to stat
[Sun Feb 08 01:54:39.967511 2026] [php:error] [pid 46789] [client 104.208.81.121:0] script '/domains/metrolighting/cgi-bin/xmrlpc.php' not found or unable to stat
[Sun Feb 08 01:54:40.398059 2026] [php:error] [pid 46789] [client 104.208.81.121:0] script '/domains/metrolighting/wp-blog-header.php' not found or unable to stat
[Sun Feb 08 01:54:40.829356 2026] [php:error] [pid 46789] [client 104.208.81.121:0] script '/domains/metrolighting/item.php' not found or unable to stat
[Sun Feb 08 01:54:40.858713 2026] [php:error] [pid 46793] [client 20.214.152.240:0] script '/domains/antiqueweb1/bless.php' not found or unable to stat
[Sun Feb 08 01:54:41.029471 2026] [php:error] [pid 46789] [client 104.208.81.121:0] script '/domains/metrolighting/xmrlpc.php' not found or unable to stat
[Sun Feb 08 01:54:41.049720 2026] [php:error] [pid 46793] [client 20.214.152.240:0] script '/domains/antiqueweb1/edit.php' not found or unable to stat
[Sun Feb 08 01:54:41.245979 2026] [php:error] [pid 46793] [client 20.214.152.240:0] script '/domains/antiqueweb1/simple.php' not found or unable to stat
[Sun Feb 08 01:54:41.267300 2026] [php:error] [pid 46789] [client 104.208.81.121:0] script '/domains/metrolighting/config.php' not found or unable to stat
[Sun Feb 08 01:54:41.465538 2026] [php:error] [pid 46789] [client 104.208.81.121:0] script '/domains/metrolighting/cc.php' not found or unable to stat
[Sun Feb 08 01:54:42.086347 2026] [php:error] [pid 46793] [client 20.214.152.240:0] script '/domains/antiqueweb1/wp-login.php' not found or unable to stat
[Sun Feb 08 01:54:42.275022 2026] [php:error] [pid 46789] [client 104.208.81.121:0] script '/domains/metrolighting/wp-conflg.php' not found or unable to stat
[Sun Feb 08 01:54:42.473051 2026] [php:error] [pid 46789] [client 104.208.81.121:0] script '/domains/metrolighting/themes.php' not found or unable to stat
[Sun Feb 08 01:54:42.719178 2026] [php:error] [pid 46789] [client 104.208.81.121:0] script '/domains/metrolighting/hplfuns.php' not found or unable to stat
[Sun Feb 08 01:54:43.358544 2026] [php:error] [pid 46789] [client 104.208.81.121:0] script '/domains/metrolighting/admin.php' not found or unable to stat
[Sun Feb 08 01:54:43.564330 2026] [php:error] [pid 46789] [client 104.208.81.121:0] script '/domains/metrolighting/alfa.php' not found or unable to stat
[Sun Feb 08 01:54:43.944841 2026] [php:error] [pid 46793] [client 20.214.152.240:0] script '/domains/antiqueweb1/ioxi-o.php' not found or unable to stat
[Sun Feb 08 01:54:44.047890 2026] [php:error] [pid 46789] [client 104.208.81.121:0] script '/domains/metrolighting/wp-2019.php' not found or unable to stat
[Sun Feb 08 01:54:44.903114 2026] [php:error] [pid 46789] [client 104.208.81.121:0] script '/domains/metrolighting/akcc.php' not found or unable to stat
[Sun Feb 08 01:54:45.112186 2026] [php:error] [pid 46789] [client 104.208.81.121:0] script '/domains/metrolighting/404.php' not found or unable to stat
[Sun Feb 08 01:54:45.297988 2026] [php:error] [pid 46793] [client 20.214.152.240:0] script '/domains/antiqueweb1/test.php' not found or unable to stat
[Sun Feb 08 01:54:45.862251 2026] [php:error] [pid 46789] [client 104.208.81.121:0] script '/domains/metrolighting/wp-corn-sample.php' not found or unable to stat
[Sun Feb 08 01:54:46.060358 2026] [php:error] [pid 46789] [client 104.208.81.121:0] script '/domains/metrolighting/classwithtostring.php' not found or unable to stat
[Sun Feb 08 01:54:46.360913 2026] [php:error] [pid 46789] [client 104.208.81.121:0] script '/domains/metrolighting/ab.php' not found or unable to stat
[Sun Feb 08 01:54:46.966961 2026] [php:error] [pid 46789] [client 104.208.81.121:0] script '/domains/metrolighting/asasx.php' not found or unable to stat
[Sun Feb 08 01:54:47.040357 2026] [php:error] [pid 46793] [client 20.214.152.240:0] script '/domains/antiqueweb1/classwithtostring.php' not found or unable to stat
[Sun Feb 08 01:54:48.523177 2026] [php:error] [pid 46793] [client 20.214.152.240:0] script '/domains/antiqueweb1/2.php' not found or unable to stat
[Sun Feb 08 01:54:48.549297 2026] [php:error] [pid 46789] [client 104.208.81.121:0] script '/domains/metrolighting/fox.php' not found or unable to stat
[Sun Feb 08 01:54:49.215063 2026] [php:error] [pid 46793] [client 20.214.152.240:0] script '/domains/antiqueweb1/functions.php' not found or unable to stat
[Sun Feb 08 01:54:49.310097 2026] [php:error] [pid 46783] [client 20.215.184.141:0] script '/domains/trodine/x9.php' not found or unable to stat
[Sun Feb 08 01:54:49.411830 2026] [php:error] [pid 46783] [client 20.215.184.141:0] script '/domains/trodine/grsiuk.php' not found or unable to stat
[Sun Feb 08 01:54:49.435194 2026] [php:error] [pid 46789] [client 104.208.81.121:0] script '/domains/metrolighting/moon.php' not found or unable to stat
[Sun Feb 08 01:54:49.513300 2026] [php:error] [pid 46783] [client 20.215.184.141:0] script '/domains/trodine/byel.php' not found or unable to stat
[Sun Feb 08 01:54:49.621509 2026] [php:error] [pid 46783] [client 20.215.184.141:0] script '/domains/trodine/layou.php' not found or unable to stat
[Sun Feb 08 01:54:49.690201 2026] [php:error] [pid 46789] [client 104.208.81.121:0] script '/domains/metrolighting/mar.php' not found or unable to stat
[Sun Feb 08 01:54:49.722895 2026] [php:error] [pid 46783] [client 20.215.184.141:0] script '/domains/trodine/lgsts.php' not found or unable to stat
[Sun Feb 08 01:54:49.824959 2026] [php:error] [pid 46783] [client 20.215.184.141:0] script '/domains/trodine/tourpa.php' not found or unable to stat
[Sun Feb 08 01:54:49.926436 2026] [php:error] [pid 46783] [client 20.215.184.141:0] script '/domains/trodine/yvtuizub.php' not found or unable to stat
[Sun Feb 08 01:54:50.027610 2026] [php:error] [pid 46783] [client 20.215.184.141:0] script '/domains/trodine/mln.php' not found or unable to stat
[Sun Feb 08 01:54:50.197362 2026] [php:error] [pid 46783] [client 20.215.184.141:0] script '/domains/trodine/inege.php' not found or unable to stat
[Sun Feb 08 01:54:50.961102 2026] [php:error] [pid 46793] [client 20.214.152.240:0] script '/domains/antiqueweb1/aaa.php' not found or unable to stat
[Sun Feb 08 01:54:52.027797 2026] [php:error] [pid 46793] [client 20.214.152.240:0] script '/domains/antiqueweb1/inputs.php' not found or unable to stat
[Sun Feb 08 01:54:52.158615 2026] [php:error] [pid 46789] [client 104.208.81.121:0] script '/domains/metrolighting/install.php' not found or unable to stat
[Sun Feb 08 01:54:52.357123 2026] [php:error] [pid 46789] [client 104.208.81.121:0] script '/domains/metrolighting/menu.php' not found or unable to stat
[Sun Feb 08 01:54:52.993435 2026] [php:error] [pid 46793] [client 20.214.152.240:0] script '/domains/antiqueweb1/log.php' not found or unable to stat
[Sun Feb 08 01:54:53.175721 2026] [php:error] [pid 46793] [client 20.214.152.240:0] script '/domains/antiqueweb1/man.php' not found or unable to stat
[Sun Feb 08 01:54:53.855050 2026] [php:error] [pid 46770] [client 104.208.81.121:0] script '/domains/metrolighting/images/index.php' not found or unable to stat
[Sun Feb 08 01:54:54.488682 2026] [php:error] [pid 46793] [client 20.214.152.240:0] script '/domains/antiqueweb1/1.php' not found or unable to stat
[Sun Feb 08 01:54:54.675855 2026] [php:error] [pid 46793] [client 20.214.152.240:0] script '/domains/antiqueweb1/aa.php' not found or unable to stat
[Sun Feb 08 01:54:54.947325 2026] [php:error] [pid 46770] [client 104.208.81.121:0] script '/domains/metrolighting/defaults.php' not found or unable to stat
[Sun Feb 08 01:54:54.952859 2026] [php:error] [pid 46793] [client 20.214.152.240:0] script '/domains/antiqueweb1/dropdown.php' not found or unable to stat
[Sun Feb 08 01:54:55.145280 2026] [php:error] [pid 46793] [client 20.214.152.240:0] script '/domains/antiqueweb1/rtx.php' not found or unable to stat
[Sun Feb 08 01:54:55.560337 2026] [php:error] [pid 46770] [client 104.208.81.121:0] script '/domains/metrolighting/css.php' not found or unable to stat
[Sun Feb 08 01:54:55.958869 2026] [php:error] [pid 46770] [client 104.208.81.121:0] script '/domains/metrolighting/wp-links-opml.php' not found or unable to stat
[Sun Feb 08 01:54:57.013887 2026] [php:error] [pid 46770] [client 104.208.81.121:0] script '/domains/metrolighting/123.php' not found or unable to stat
[Sun Feb 08 01:54:57.276595 2026] [php:error] [pid 46770] [client 104.208.81.121:0] script '/domains/metrolighting/log.php' not found or unable to stat
[Sun Feb 08 01:54:57.533196 2026] [php:error] [pid 46793] [client 20.214.152.240:0] script '/domains/antiqueweb1/atomlib.php' not found or unable to stat
[Sun Feb 08 01:54:57.715546 2026] [php:error] [pid 46793] [client 20.214.152.240:0] script '/domains/antiqueweb1/info.php' not found or unable to stat
[Sun Feb 08 01:54:57.872269 2026] [php:error] [pid 46791] [client 20.203.129.2:0] script '/domains/testregisgroup/x9.php' not found or unable to stat
[Sun Feb 08 01:54:57.967727 2026] [php:error] [pid 46791] [client 20.203.129.2:0] script '/domains/testregisgroup/grsiuk.php' not found or unable to stat
[Sun Feb 08 01:54:58.066961 2026] [php:error] [pid 46791] [client 20.203.129.2:0] script '/domains/testregisgroup/byel.php' not found or unable to stat
[Sun Feb 08 01:54:58.171071 2026] [php:error] [pid 46791] [client 20.203.129.2:0] script '/domains/testregisgroup/layou.php' not found or unable to stat
[Sun Feb 08 01:54:58.276677 2026] [php:error] [pid 46791] [client 20.203.129.2:0] script '/domains/testregisgroup/lgsts.php' not found or unable to stat
[Sun Feb 08 01:54:58.372488 2026] [php:error] [pid 46791] [client 20.203.129.2:0] script '/domains/testregisgroup/tourpa.php' not found or unable to stat
[Sun Feb 08 01:54:58.469273 2026] [php:error] [pid 46791] [client 20.203.129.2:0] script '/domains/testregisgroup/yvtuizub.php' not found or unable to stat
[Sun Feb 08 01:54:58.548858 2026] [php:error] [pid 46793] [client 20.214.152.240:0] script '/domains/antiqueweb1/lock360.php' not found or unable to stat
[Sun Feb 08 01:54:58.572360 2026] [php:error] [pid 46791] [client 20.203.129.2:0] script '/domains/testregisgroup/mln.php' not found or unable to stat
[Sun Feb 08 01:54:58.705035 2026] [php:error] [pid 46791] [client 20.203.129.2:0] script '/domains/testregisgroup/inege.php' not found or unable to stat
[Sun Feb 08 01:54:58.990857 2026] [php:error] [pid 46793] [client 20.214.152.240:0] script '/domains/antiqueweb1/vx.php' not found or unable to stat
[Sun Feb 08 01:54:59.144674 2026] [php:error] [pid 46770] [client 104.208.81.121:0] script '/domains/metrolighting/as.php' not found or unable to stat
[Sun Feb 08 01:54:59.746981 2026] [php:error] [pid 46770] [client 104.208.81.121:0] script '/domains/metrolighting/style.php' not found or unable to stat
[Sun Feb 08 01:54:59.946483 2026] [php:error] [pid 46770] [client 104.208.81.121:0] script '/domains/metrolighting/aa.php' not found or unable to stat
[Sun Feb 08 01:55:00.145851 2026] [php:error] [pid 46770] [client 104.208.81.121:0] script '/domains/metrolighting/hehehehe.php' not found or unable to stat
[Sun Feb 08 01:55:00.397984 2026] [php:error] [pid 46770] [client 104.208.81.121:0] script '/domains/metrolighting/x.php' not found or unable to stat
[Sun Feb 08 01:55:00.510819 2026] [php:error] [pid 46793] [client 20.214.152.240:0] script '/domains/antiqueweb1/wp-content.php' not found or unable to stat
[Sun Feb 08 01:55:00.599232 2026] [php:error] [pid 46770] [client 104.208.81.121:0] script '/domains/metrolighting/wp-links.php' not found or unable to stat
[Sun Feb 08 01:55:01.370947 2026] [php:error] [pid 46783] [client 20.207.198.35:0] script '/domains/system_suspended/admin.php' not found or unable to stat
[Sun Feb 08 01:55:01.699970 2026] [php:error] [pid 46770] [client 104.208.81.121:0] script '/domains/metrolighting/main.php' not found or unable to stat
[Sun Feb 08 01:55:02.016660 2026] [php:error] [pid 46783] [client 20.207.198.35:0] script '/domains/system_suspended/manager.php' not found or unable to stat
[Sun Feb 08 01:55:02.325911 2026] [php:error] [pid 46770] [client 104.208.81.121:0] script '/domains/metrolighting/wso.php' not found or unable to stat
[Sun Feb 08 01:55:02.557682 2026] [php:error] [pid 46770] [client 104.208.81.121:0] script '/domains/metrolighting/wp-configs.php' not found or unable to stat
[Sun Feb 08 01:55:02.757539 2026] [php:error] [pid 46770] [client 104.208.81.121:0] script '/domains/metrolighting/lock.php' not found or unable to stat
[Sun Feb 08 01:55:02.968482 2026] [php:error] [pid 46770] [client 104.208.81.121:0] script '/domains/metrolighting/file.php' not found or unable to stat
[Sun Feb 08 01:55:03.239655 2026] [php:error] [pid 46783] [client 20.207.198.35:0] script '/domains/system_suspended/wp-sing.php' not found or unable to stat
[Sun Feb 08 01:55:03.412745 2026] [php:error] [pid 46770] [client 104.208.81.121:0] script '/domains/metrolighting/wp-trackback.php' not found or unable to stat
[Sun Feb 08 01:55:03.452072 2026] [php:error] [pid 46793] [client 20.214.152.240:0] script '/domains/antiqueweb1/adminfuns.php' not found or unable to stat
[Sun Feb 08 01:55:03.622670 2026] [php:error] [pid 46770] [client 104.208.81.121:0] script '/domains/metrolighting/app.php' not found or unable to stat
[Sun Feb 08 01:55:03.999682 2026] [php:error] [pid 46793] [client 20.214.152.240:0] script '/domains/antiqueweb1/ahax.php' not found or unable to stat
[Sun Feb 08 01:55:04.023821 2026] [php:error] [pid 46783] [client 20.207.198.35:0] script '/domains/system_suspended/goods.php' not found or unable to stat
[Sun Feb 08 01:55:04.107585 2026] [php:error] [pid 46770] [client 104.208.81.121:0] script '/domains/metrolighting/simple.php' not found or unable to stat
[Sun Feb 08 01:55:04.186188 2026] [php:error] [pid 46793] [client 20.214.152.240:0] script '/domains/antiqueweb1/autoload_classmap.php' not found or unable to stat
[Sun Feb 08 01:55:04.278142 2026] [php:error] [pid 46783] [client 20.207.198.35:0] script '/domains/system_suspended/chosen.php' not found or unable to stat
[Sun Feb 08 01:55:04.506182 2026] [php:error] [pid 46770] [client 104.208.81.121:0] script '/domains/metrolighting/bless.php' not found or unable to stat
[Sun Feb 08 01:55:04.790493 2026] [php:error] [pid 46783] [client 20.207.198.35:0] script '/domains/system_suspended/term.php' not found or unable to stat
[Sun Feb 08 01:55:04.933241 2026] [php:error] [pid 46770] [client 104.208.81.121:0] script '/domains/metrolighting/ava.php' not found or unable to stat
[Sun Feb 08 01:55:05.179914 2026] [php:error] [pid 46793] [client 20.214.152.240:0] script '/domains/antiqueweb1/file.php' not found or unable to stat
[Sun Feb 08 01:55:05.267763 2026] [php:error] [pid 46783] [client 20.207.198.35:0] script '/domains/system_suspended/wpc.php' not found or unable to stat
[Sun Feb 08 01:55:05.362591 2026] [php:error] [pid 46793] [client 20.214.152.240:0] script '/domains/antiqueweb1/file5.php' not found or unable to stat
[Sun Feb 08 01:55:05.482351 2026] [php:error] [pid 46783] [client 20.207.198.35:0] script '/domains/system_suspended/about.php' not found or unable to stat
[Sun Feb 08 01:55:06.088008 2026] [php:error] [pid 46783] [client 20.207.198.35:0] script '/domains/system_suspended/deepseek_d.php' not found or unable to stat
[Sun Feb 08 01:55:06.517960 2026] [php:error] [pid 46783] [client 20.207.198.35:0] script '/domains/system_suspended/elp.php' not found or unable to stat
[Sun Feb 08 01:55:06.745169 2026] [php:error] [pid 46783] [client 20.207.198.35:0] script '/domains/system_suspended/bless.php' not found or unable to stat
[Sun Feb 08 01:55:06.762749 2026] [php:error] [pid 46770] [client 104.208.81.121:0] script '/domains/metrolighting/ioxi-o.php' not found or unable to stat
[Sun Feb 08 01:55:06.961986 2026] [php:error] [pid 46770] [client 104.208.81.121:0] script '/domains/metrolighting/1index.php' not found or unable to stat
[Sun Feb 08 01:55:07.271616 2026] [php:error] [pid 46783] [client 20.207.198.35:0] script '/domains/system_suspended/edit.php' not found or unable to stat
[Sun Feb 08 01:55:07.487943 2026] [php:error] [pid 46783] [client 20.207.198.35:0] script '/domains/system_suspended/simple.php' not found or unable to stat
[Sun Feb 08 01:55:07.698187 2026] [php:error] [pid 46783] [client 20.207.198.35:0] script '/domains/system_suspended/wp-login.php' not found or unable to stat
[Sun Feb 08 01:55:07.843595 2026] [php:error] [pid 46770] [client 104.208.81.121:0] script '/domains/metrolighting/file2.php' not found or unable to stat
[Sun Feb 08 01:55:08.250693 2026] [php:error] [pid 46770] [client 104.208.81.121:0] script '/domains/metrolighting/default.php' not found or unable to stat
[Sun Feb 08 01:55:08.614654 2026] [php:error] [pid 46783] [client 20.207.198.35:0] script '/domains/system_suspended/ioxi-o.php' not found or unable to stat
[Sun Feb 08 01:55:08.676396 2026] [php:error] [pid 46770] [client 104.208.81.121:0] script '/domains/metrolighting/xml.php' not found or unable to stat
[Sun Feb 08 01:55:08.882945 2026] [php:error] [pid 46770] [client 104.208.81.121:0] script '/domains/metrolighting/sx.php' not found or unable to stat
[Sun Feb 08 01:55:09.482083 2026] [php:error] [pid 46793] [client 20.214.152.240:0] script '/domains/antiqueweb1/xmlrpc.php' not found or unable to stat
[Sun Feb 08 01:55:09.513182 2026] [php:error] [pid 46783] [client 20.207.198.35:0] script '/domains/system_suspended/test.php' not found or unable to stat
[Sun Feb 08 01:55:09.639950 2026] [php:error] [pid 46770] [client 104.208.81.121:0] script '/domains/metrolighting/wp-cron.php' not found or unable to stat
[Sun Feb 08 01:55:10.235734 2026] [php:error] [pid 46793] [client 20.214.152.240:0] script '/domains/antiqueweb1/alfa.php' not found or unable to stat
[Sun Feb 08 01:55:10.470575 2026] [php:error] [pid 46783] [client 20.207.198.35:0] script '/domains/system_suspended/classwithtostring.php' not found or unable to stat
[Sun Feb 08 01:55:11.007943 2026] [php:error] [pid 46793] [client 20.214.152.240:0] script '/domains/antiqueweb1/as.php' not found or unable to stat
[Sun Feb 08 01:55:11.026326 2026] [php:error] [pid 46770] [client 104.208.81.121:0] script '/domains/metrolighting/backup.php' not found or unable to stat
[Sun Feb 08 01:55:11.196809 2026] [php:error] [pid 46783] [client 20.207.198.35:0] script '/domains/system_suspended/2.php' not found or unable to stat
[Sun Feb 08 01:55:11.227039 2026] [php:error] [pid 46770] [client 104.208.81.121:0] script '/domains/metrolighting/images/class-config.php' not found or unable to stat
[Sun Feb 08 01:55:11.427811 2026] [php:error] [pid 46770] [client 104.208.81.121:0] script '/domains/metrolighting/wp-admin.php' not found or unable to stat
[Sun Feb 08 01:55:11.444477 2026] [php:error] [pid 46783] [client 20.207.198.35:0] script '/domains/system_suspended/functions.php' not found or unable to stat
[Sun Feb 08 01:55:11.671524 2026] [php:error] [pid 46793] [client 20.214.152.240:0] script '/domains/antiqueweb1/class-t.api.php' not found or unable to stat
[Sun Feb 08 01:55:11.794015 2026] [php:error] [pid 46770] [client 104.208.81.121:0] script '/domains/metrolighting/akc.php' not found or unable to stat
[Sun Feb 08 01:55:12.405625 2026] [php:error] [pid 46793] [client 20.214.152.240:0] script '/domains/antiqueweb1/indoxploit.php' not found or unable to stat
[Sun Feb 08 01:55:12.578462 2026] [php:error] [pid 46770] [client 104.208.81.121:0] script '/domains/metrolighting/test1.php' not found or unable to stat
[Sun Feb 08 01:55:12.588110 2026] [php:error] [pid 46793] [client 20.214.152.240:0] script '/domains/antiqueweb1/shell.php' not found or unable to stat
[Sun Feb 08 01:55:12.798836 2026] [php:error] [pid 46770] [client 104.208.81.121:0] script '/domains/metrolighting/bolt.php' not found or unable to stat
[Sun Feb 08 01:55:12.996426 2026] [php:error] [pid 46793] [client 20.214.152.240:0] script '/domains/antiqueweb1/system.php' not found or unable to stat
[Sun Feb 08 01:55:13.002738 2026] [php:error] [pid 46770] [client 104.208.81.121:0] script '/domains/metrolighting/help.php' not found or unable to stat
[Sun Feb 08 01:55:13.201958 2026] [php:error] [pid 46770] [client 104.208.81.121:0] script '/domains/metrolighting/atomlib.php' not found or unable to stat
[Sun Feb 08 01:55:13.313504 2026] [php:error] [pid 46783] [client 20.207.198.35:0] script '/domains/system_suspended/aaa.php' not found or unable to stat
[Sun Feb 08 01:55:13.402591 2026] [php:error] [pid 46770] [client 104.208.81.121:0] script '/domains/metrolighting/wp-good.php' not found or unable to stat
[Sun Feb 08 01:55:13.533782 2026] [php:error] [pid 46783] [client 20.207.198.35:0] script '/domains/system_suspended/inputs.php' not found or unable to stat
[Sun Feb 08 01:55:13.641531 2026] [php:error] [pid 46770] [client 104.208.81.121:0] script '/domains/metrolighting/gecko.php' not found or unable to stat
[Sun Feb 08 01:55:13.736910 2026] [php:error] [pid 46793] [client 20.214.152.240:0] script '/domains/antiqueweb1/wp-admin.php' not found or unable to stat
[Sun Feb 08 01:55:13.751058 2026] [php:error] [pid 46783] [client 20.207.198.35:0] script '/domains/system_suspended/log.php' not found or unable to stat
[Sun Feb 08 01:55:13.962653 2026] [php:error] [pid 46783] [client 20.207.198.35:0] script '/domains/system_suspended/man.php' not found or unable to stat
[Sun Feb 08 01:55:14.041673 2026] [php:error] [pid 46770] [client 104.208.81.121:0] script '/domains/metrolighting/news.php' not found or unable to stat
[Sun Feb 08 01:55:14.241621 2026] [php:error] [pid 46770] [client 104.208.81.121:0] script '/domains/metrolighting/xmlrpc.php' not found or unable to stat
[Sun Feb 08 01:55:14.491869 2026] [php:error] [pid 46783] [client 20.207.198.35:0] script '/domains/system_suspended/1.php' not found or unable to stat
[Sun Feb 08 01:55:14.564693 2026] [php:error] [pid 46770] [client 104.208.81.121:0] script '/domains/metrolighting/new.php' not found or unable to stat
[Sun Feb 08 01:55:14.700631 2026] [php:error] [pid 46783] [client 20.207.198.35:0] script '/domains/system_suspended/aa.php' not found or unable to stat
[Sun Feb 08 01:55:14.942186 2026] [php:error] [pid 46783] [client 20.207.198.35:0] script '/domains/system_suspended/dropdown.php' not found or unable to stat
[Sun Feb 08 01:55:15.361521 2026] [php:error] [pid 46783] [client 20.207.198.35:0] script '/domains/system_suspended/rtx.php' not found or unable to stat
[Sun Feb 08 01:55:15.622740 2026] [php:error] [pid 46770] [client 104.208.81.121:0] script '/domains/metrolighting/server.php' not found or unable to stat
[Sun Feb 08 01:55:15.724221 2026] [php:error] [pid 46793] [client 20.214.152.240:0] script '/domains/antiqueweb1/wp-block.php' not found or unable to stat
[Sun Feb 08 01:55:15.833373 2026] [php:error] [pid 46770] [client 104.208.81.121:0] script '/domains/metrolighting/wp-signin.php' not found or unable to stat
[Sun Feb 08 01:55:16.793886 2026] [php:error] [pid 46770] [client 104.208.81.121:0] script '/domains/metrolighting/class.php' not found or unable to stat
[Sun Feb 08 01:55:17.118562 2026] [php:error] [pid 46783] [client 20.207.198.35:0] script '/domains/system_suspended/atomlib.php' not found or unable to stat
[Sun Feb 08 01:55:17.159780 2026] [php:error] [pid 46770] [client 104.208.81.121:0] script '/domains/metrolighting/wp.php' not found or unable to stat
[Sun Feb 08 01:55:17.275756 2026] [php:error] [pid 46793] [client 20.214.152.240:0] script '/domains/antiqueweb1/wp-good.php' not found or unable to stat
[Sun Feb 08 01:55:17.332076 2026] [php:error] [pid 46783] [client 20.207.198.35:0] script '/domains/system_suspended/info.php' not found or unable to stat
[Sun Feb 08 01:55:17.543256 2026] [php:error] [pid 46783] [client 20.207.198.35:0] script '/domains/system_suspended/lock360.php' not found or unable to stat
[Sun Feb 08 01:55:17.961202 2026] [php:error] [pid 46783] [client 20.207.198.35:0] script '/domains/system_suspended/vx.php' not found or unable to stat
[Sun Feb 08 01:55:18.641104 2026] [php:error] [pid 46783] [client 20.207.198.35:0] script '/domains/system_suspended/wp-content.php' not found or unable to stat
[Sun Feb 08 01:55:19.422663 2026] [php:error] [pid 46790] [client 104.208.81.121:0] script '/domains/metrolighting/special.php' not found or unable to stat
[Sun Feb 08 01:55:20.531016 2026] [php:error] [pid 46783] [client 20.207.198.35:0] script '/domains/system_suspended/adminfuns.php' not found or unable to stat
[Sun Feb 08 01:55:20.740125 2026] [php:error] [pid 46783] [client 20.207.198.35:0] script '/domains/system_suspended/ahax.php' not found or unable to stat
[Sun Feb 08 01:55:20.779085 2026] [php:error] [pid 46795] [client 20.214.152.240:0] script '/domains/antiqueweb1/01.php' not found or unable to stat
[Sun Feb 08 01:55:20.973604 2026] [php:error] [pid 46783] [client 20.207.198.35:0] script '/domains/system_suspended/autoload_classmap.php' not found or unable to stat
[Sun Feb 08 01:55:21.176333 2026] [php:error] [pid 46795] [client 20.214.152.240:0] script '/domains/antiqueweb1/222.php' not found or unable to stat
[Sun Feb 08 01:55:21.406201 2026] [php:error] [pid 46795] [client 20.214.152.240:0] script '/domains/antiqueweb1/403.php' not found or unable to stat
[Sun Feb 08 01:55:21.602805 2026] [php:error] [pid 46795] [client 20.214.152.240:0] script '/domains/antiqueweb1/404.php' not found or unable to stat
[Sun Feb 08 01:55:21.777836 2026] [php:error] [pid 46783] [client 20.207.198.35:0] script '/domains/system_suspended/file.php' not found or unable to stat
[Sun Feb 08 01:55:21.787343 2026] [php:error] [pid 46795] [client 20.214.152.240:0] script '/domains/antiqueweb1/Q.php' not found or unable to stat
[Sun Feb 08 01:55:21.988707 2026] [php:error] [pid 46795] [client 20.214.152.240:0] script '/domains/antiqueweb1/WSO.php' not found or unable to stat
[Sun Feb 08 01:55:21.997540 2026] [php:error] [pid 46783] [client 20.207.198.35:0] script '/domains/system_suspended/file5.php' not found or unable to stat
[Sun Feb 08 01:55:22.214804 2026] [php:error] [pid 46795] [client 20.214.152.240:0] script '/domains/antiqueweb1/abc.php' not found or unable to stat
[Sun Feb 08 01:55:22.408200 2026] [php:error] [pid 46795] [client 20.214.152.240:0] script '/domains/antiqueweb1/abcd.php' not found or unable to stat
[Sun Feb 08 01:55:24.771453 2026] [php:error] [pid 46795] [client 20.214.152.240:0] script '/domains/antiqueweb1/byp.php' not found or unable to stat
