[Sun Feb 08 02:15:34.131478 2026] [php:error] [pid 52627] [client 194.5.82.124:0] script '/domains/jrp.interport/wsoyanz.php' not found or unable to stat
[Sun Feb 08 02:15:34.793813 2026] [php:error] [pid 52627] [client 194.5.82.124:0] script '/domains/jrp.interport/Yanzmini.php' not found or unable to stat
[Sun Feb 08 02:15:35.667456 2026] [php:error] [pid 52627] [client 194.5.82.124:0] script '/domains/jrp.interport/0.php' not found or unable to stat
[Sun Feb 08 02:15:36.296367 2026] [php:error] [pid 52627] [client 194.5.82.124:0] script '/domains/jrp.interport/million.php' not found or unable to stat
[Sun Feb 08 02:15:36.715530 2026] [php:error] [pid 52627] [client 194.5.82.124:0] script '/domains/jrp.interport/ava.php' not found or unable to stat
[Sun Feb 08 02:15:37.381069 2026] [php:error] [pid 52627] [client 194.5.82.124:0] script '/domains/jrp.interport/system.php' not found or unable to stat
[Sun Feb 08 02:15:37.590214 2026] [php:error] [pid 52627] [client 194.5.82.124:0] script '/domains/jrp.interport/uplozvb.php' not found or unable to stat
[Sun Feb 08 02:15:38.636401 2026] [php:error] [pid 52627] [client 194.5.82.124:0] script '/domains/jrp.interport/network_xo.php' not found or unable to stat
[Sun Feb 08 02:15:38.873775 2026] [php:error] [pid 52627] [client 194.5.82.124:0] script '/domains/jrp.interport/22.php' not found or unable to stat
[Sun Feb 08 02:15:39.718677 2026] [php:error] [pid 52627] [client 194.5.82.124:0] script '/domains/jrp.interport/gecko.php' not found or unable to stat
[Sun Feb 08 02:15:41.235386 2026] [php:error] [pid 52635] [client 194.5.82.135:0] script '/domains/jrp.interport/classwithtostring.php' not found or unable to stat
[Sun Feb 08 02:15:41.467018 2026] [php:error] [pid 52635] [client 194.5.82.135:0] script '/domains/jrp.interport/buy.php' not found or unable to stat
[Sun Feb 08 02:15:41.678975 2026] [php:error] [pid 52635] [client 194.5.82.135:0] script '/domains/jrp.interport/wp-pano.php' not found or unable to stat
[Sun Feb 08 02:15:41.887894 2026] [php:error] [pid 52635] [client 194.5.82.135:0] script '/domains/jrp.interport/lufix.php' not found or unable to stat
[Sun Feb 08 02:15:42.097418 2026] [php:error] [pid 52635] [client 194.5.82.135:0] script '/domains/jrp.interport/an.php' not found or unable to stat
[Sun Feb 08 02:15:42.725459 2026] [php:error] [pid 52635] [client 194.5.82.135:0] script '/domains/jrp.interport/klbnm.php' not found or unable to stat
[Sun Feb 08 02:15:43.405148 2026] [php:error] [pid 52635] [client 194.5.82.135:0] script '/domains/jrp.interport/lock360.php' not found or unable to stat
[Sun Feb 08 02:15:43.614564 2026] [php:error] [pid 52635] [client 194.5.82.135:0] script '/domains/jrp.interport/sim.php' not found or unable to stat
[Sun Feb 08 02:15:44.275572 2026] [php:error] [pid 52635] [client 194.5.82.135:0] script '/domains/jrp.interport/db.php' not found or unable to stat
[Sun Feb 08 02:15:45.374396 2026] [php:error] [pid 52627] [client 194.5.82.153:0] script '/domains/jrp.interport/alfa-rex.php' not found or unable to stat
[Sun Feb 08 02:15:45.586472 2026] [php:error] [pid 52627] [client 194.5.82.153:0] script '/domains/jrp.interport/wp-add-admin.php' not found or unable to stat
[Sun Feb 08 02:15:46.430658 2026] [php:error] [pid 52627] [client 194.5.82.153:0] script '/domains/jrp.interport/v.php' not found or unable to stat
[Sun Feb 08 02:15:46.643302 2026] [php:error] [pid 52627] [client 194.5.82.153:0] script '/domains/jrp.interport/k.php' not found or unable to stat
[Sun Feb 08 02:15:46.872706 2026] [php:error] [pid 52627] [client 194.5.82.153:0] script '/domains/jrp.interport/22.php' not found or unable to stat
[Sun Feb 08 02:15:47.516082 2026] [php:error] [pid 52627] [client 194.5.82.153:0] script '/domains/jrp.interport/tyasd.php' not found or unable to stat
[Sun Feb 08 02:15:48.412534 2026] [php:error] [pid 52627] [client 194.5.82.153:0] script '/domains/jrp.interport/mail.php' not found or unable to stat
[Sun Feb 08 02:15:49.502425 2026] [php:error] [pid 52627] [client 194.5.82.153:0] script '/domains/jrp.interport/xtride.php' not found or unable to stat
[Sun Feb 08 02:15:49.928678 2026] [php:error] [pid 52627] [client 194.5.82.153:0] script '/domains/jrp.interport/WSO.php' not found or unable to stat
[Sun Feb 08 02:15:50.170611 2026] [php:error] [pid 52627] [client 194.5.82.153:0] script '/domains/jrp.interport/user.php' not found or unable to stat
[Sun Feb 08 02:15:51.019677 2026] [php:error] [pid 52627] [client 194.5.82.153:0] script '/domains/jrp.interport/users.php' not found or unable to stat
[Sun Feb 08 02:15:51.484134 2026] [php:error] [pid 52627] [client 194.5.82.153:0] script '/domains/jrp.interport/edit.php' not found or unable to stat
[Sun Feb 08 02:15:51.695416 2026] [php:error] [pid 52627] [client 194.5.82.153:0] script '/domains/jrp.interport/t.php' not found or unable to stat
[Sun Feb 08 02:15:51.912780 2026] [php:error] [pid 52627] [client 194.5.82.153:0] script '/domains/jrp.interport/style.php' not found or unable to stat
[Sun Feb 08 02:15:52.124250 2026] [php:error] [pid 52627] [client 194.5.82.153:0] script '/domains/jrp.interport/link.php' not found or unable to stat
[Sun Feb 08 02:15:52.582973 2026] [php:error] [pid 52627] [client 194.5.82.153:0] script '/domains/jrp.interport/ioxi2.php' not found or unable to stat
[Sun Feb 08 02:15:53.006841 2026] [php:error] [pid 52627] [client 194.5.82.153:0] script '/domains/jrp.interport/rss.php' not found or unable to stat
[Sun Feb 08 02:15:53.220295 2026] [php:error] [pid 52627] [client 194.5.82.153:0] script '/domains/jrp.interport/text.php' not found or unable to stat
[Sun Feb 08 02:15:53.678258 2026] [php:error] [pid 52627] [client 194.5.82.153:0] script '/domains/jrp.interport/flower.php' not found or unable to stat
[Sun Feb 08 02:15:53.704811 2026] [php:error] [pid 52635] [client 20.219.6.212:0] script '/domains/system_default/about.php' not found or unable to stat
[Sun Feb 08 02:15:54.177008 2026] [php:error] [pid 52635] [client 20.219.6.212:0] script '/domains/system_default/system.php' not found or unable to stat
[Sun Feb 08 02:15:54.413749 2026] [php:error] [pid 52635] [client 20.219.6.212:0] script '/domains/system_default/ini.php' not found or unable to stat
[Sun Feb 08 02:15:54.524921 2026] [php:error] [pid 52627] [client 194.5.82.153:0] script '/domains/jrp.interport/ok.php' not found or unable to stat
[Sun Feb 08 02:15:54.985054 2026] [php:error] [pid 52627] [client 194.5.82.153:0] script '/domains/jrp.interport/classsmtps.php' not found or unable to stat
[Sun Feb 08 02:15:55.196266 2026] [php:error] [pid 52627] [client 194.5.82.153:0] script '/domains/jrp.interport/backup.php' not found or unable to stat
[Sun Feb 08 02:15:55.609987 2026] [php:error] [pid 52638] [client 20.219.6.212:0] script '/domains/system_default/content.php' not found or unable to stat
[Sun Feb 08 02:15:56.037224 2026] [php:error] [pid 52638] [client 20.219.6.212:0] script '/domains/system_default/elp.php' not found or unable to stat
[Sun Feb 08 02:15:56.079152 2026] [php:error] [pid 52627] [client 194.5.82.153:0] script '/domains/jrp.interport/asgoxtyad2mjhno6ds4ikvhdCakc128.php' not found or unable to stat
[Sun Feb 08 02:15:56.245469 2026] [php:error] [pid 52638] [client 20.219.6.212:0] script '/domains/system_default/FII.php' not found or unable to stat
[Sun Feb 08 02:15:56.501987 2026] [php:error] [pid 52627] [client 194.5.82.153:0] script '/domains/jrp.interport/404.php' not found or unable to stat
[Sun Feb 08 02:15:56.916804 2026] [php:error] [pid 52638] [client 20.219.6.212:0] script '/domains/system_default/bolt.php' not found or unable to stat
[Sun Feb 08 02:15:57.132063 2026] [php:error] [pid 52626] [client 194.5.82.111:0] script '/domains/jrp.interport/gtc.php' not found or unable to stat
[Sun Feb 08 02:15:57.573874 2026] [php:error] [pid 52638] [client 20.219.6.212:0] script '/domains/system_default/api.php' not found or unable to stat
[Sun Feb 08 02:15:58.000622 2026] [php:error] [pid 52626] [client 194.5.82.111:0] script '/domains/jrp.interport/s.php' not found or unable to stat
[Sun Feb 08 02:15:58.018623 2026] [php:error] [pid 52638] [client 20.219.6.212:0] script '/domains/system_default/mini.php' not found or unable to stat
[Sun Feb 08 02:15:58.418495 2026] [php:error] [pid 52626] [client 194.5.82.111:0] script '/domains/jrp.interport/help.php' not found or unable to stat
[Sun Feb 08 02:15:58.667573 2026] [php:error] [pid 52626] [client 194.5.82.111:0] script '/domains/jrp.interport/css.php' not found or unable to stat
[Sun Feb 08 02:15:59.112206 2026] [php:error] [pid 52638] [client 20.219.6.212:0] script '/domains/system_default/dropdown.php' not found or unable to stat
[Sun Feb 08 02:15:59.580281 2026] [php:error] [pid 52638] [client 20.219.6.212:0] script '/domains/system_default/wp-file.php' not found or unable to stat
[Sun Feb 08 02:15:59.721669 2026] [php:error] [pid 52626] [client 194.5.82.111:0] script '/domains/jrp.interport/footers.php' not found or unable to stat
[Sun Feb 08 02:15:59.970409 2026] [php:error] [pid 52626] [client 194.5.82.111:0] script '/domains/jrp.interport/wp-head.php' not found or unable to stat
[Sun Feb 08 02:16:00.009249 2026] [php:error] [pid 52638] [client 20.219.6.212:0] script '/domains/system_default/alfa-rex.php' not found or unable to stat
[Sun Feb 08 02:16:00.397655 2026] [php:error] [pid 52626] [client 194.5.82.111:0] script '/domains/jrp.interport/mm.php' not found or unable to stat
[Sun Feb 08 02:16:01.718316 2026] [php:error] [pid 52626] [client 194.5.82.111:0] script '/domains/jrp.interport/mailer.php' not found or unable to stat
[Sun Feb 08 02:16:01.969641 2026] [php:error] [pid 52626] [client 194.5.82.111:0] script '/domains/jrp.interport/aaa.php' not found or unable to stat
[Sun Feb 08 02:16:02.179293 2026] [php:error] [pid 52626] [client 194.5.82.111:0] script '/domains/jrp.interport/filemanager.php' not found or unable to stat
[Sun Feb 08 02:16:03.224142 2026] [php:error] [pid 52626] [client 194.5.82.111:0] script '/domains/jrp.interport/MARIJUANA.php' not found or unable to stat
[Sun Feb 08 02:16:03.432779 2026] [php:error] [pid 52626] [client 194.5.82.111:0] script '/domains/jrp.interport/mln.php' not found or unable to stat
[Sun Feb 08 02:16:03.486051 2026] [php:error] [pid 52638] [client 20.219.6.212:0] script '/domains/system_default/abcd.php' not found or unable to stat
[Sun Feb 08 02:16:03.879455 2026] [php:error] [pid 52626] [client 194.5.82.111:0] script '/domains/jrp.interport/vx.php' not found or unable to stat
[Sun Feb 08 02:16:04.296970 2026] [php:error] [pid 52626] [client 194.5.82.111:0] script '/domains/jrp.interport/ioxi01.php' not found or unable to stat
[Sun Feb 08 02:16:04.506152 2026] [php:error] [pid 52626] [client 194.5.82.111:0] script '/domains/jrp.interport/ms.php' not found or unable to stat
[Sun Feb 08 02:16:04.582630 2026] [php:error] [pid 52638] [client 20.219.6.212:0] script '/domains/system_default/lib.php' not found or unable to stat
[Sun Feb 08 02:16:04.714699 2026] [php:error] [pid 52626] [client 194.5.82.111:0] script '/domains/jrp.interport/u.php' not found or unable to stat
[Sun Feb 08 02:16:05.131743 2026] [php:error] [pid 52626] [client 194.5.82.111:0] script '/domains/jrp.interport/wp-config-sample.php' not found or unable to stat
[Sun Feb 08 02:16:06.005647 2026] [php:error] [pid 52626] [client 194.5.82.111:0] script '/domains/jrp.interport/jga.php' not found or unable to stat
[Sun Feb 08 02:16:06.214935 2026] [php:error] [pid 52626] [client 194.5.82.111:0] script '/domains/jrp.interport/filemanager.php' not found or unable to stat
[Sun Feb 08 02:16:06.468711 2026] [php:error] [pid 52626] [client 194.5.82.111:0] script '/domains/jrp.interport/xy.php' not found or unable to stat
[Sun Feb 08 02:16:06.684160 2026] [php:error] [pid 52638] [client 20.219.6.212:0] script '/domains/system_default/shell.php' not found or unable to stat
[Sun Feb 08 02:16:06.888391 2026] [php:error] [pid 52626] [client 194.5.82.111:0] script '/domains/jrp.interport/okxh.php' not found or unable to stat
[Sun Feb 08 02:16:07.105673 2026] [php:error] [pid 52638] [client 20.219.6.212:0] script '/domains/system_default/ds.php' not found or unable to stat
[Sun Feb 08 02:16:07.309598 2026] [php:error] [pid 52626] [client 194.5.82.111:0] script '/domains/jrp.interport/j.php' not found or unable to stat
[Sun Feb 08 02:16:07.312657 2026] [php:error] [pid 52638] [client 20.219.6.212:0] script '/domains/system_default/makeasmtp.php' not found or unable to stat
[Sun Feb 08 02:16:07.982810 2026] [php:error] [pid 52626] [client 194.5.82.111:0] script '/domains/jrp.interport/wp-user.php' not found or unable to stat
[Sun Feb 08 02:16:08.446409 2026] [php:error] [pid 52628] [client 20.219.6.212:0] script '/domains/system_default/buy.php' not found or unable to stat
[Sun Feb 08 02:16:08.610257 2026] [php:error] [pid 52623] [client 194.5.82.164:0] script '/domains/jrp.interport/error.php' not found or unable to stat
[Sun Feb 08 02:16:08.819998 2026] [php:error] [pid 52623] [client 194.5.82.164:0] script '/domains/jrp.interport/gelay.php' not found or unable to stat
[Sun Feb 08 02:16:09.029966 2026] [php:error] [pid 52623] [client 194.5.82.164:0] script '/domains/jrp.interport/epinyins.php' not found or unable to stat
[Sun Feb 08 02:16:09.410937 2026] [php:error] [pid 52628] [client 20.219.6.212:0] script '/domains/system_default/theme.php' not found or unable to stat
[Sun Feb 08 02:16:09.479363 2026] [php:error] [pid 52623] [client 194.5.82.164:0] script '/domains/jrp.interport/images/class-config.php' not found or unable to stat
[Sun Feb 08 02:16:09.799196 2026] [php:error] [pid 52628] [client 20.219.6.212:0] script '/domains/system_default/chosen.php' not found or unable to stat
[Sun Feb 08 02:16:10.110396 2026] [php:error] [pid 52623] [client 194.5.82.164:0] script '/domains/jrp.interport/root.php' not found or unable to stat
[Sun Feb 08 02:16:10.243316 2026] [php:error] [pid 52628] [client 20.219.6.212:0] script '/domains/system_default/st.php' not found or unable to stat
[Sun Feb 08 02:16:10.447501 2026] [php:error] [pid 52628] [client 20.219.6.212:0] script '/domains/system_default/inputs.php' not found or unable to stat
[Sun Feb 08 02:16:10.568010 2026] [php:error] [pid 52623] [client 194.5.82.164:0] script '/domains/jrp.interport/bolt.php' not found or unable to stat
[Sun Feb 08 02:16:11.110128 2026] [php:error] [pid 52628] [client 20.219.6.212:0] script '/domains/system_default/aaa.php' not found or unable to stat
[Sun Feb 08 02:16:11.320614 2026] [php:error] [pid 52628] [client 20.219.6.212:0] script '/domains/system_default/wp-login.php' not found or unable to stat
[Sun Feb 08 02:16:11.617442 2026] [php:error] [pid 52623] [client 194.5.82.164:0] script '/domains/jrp.interport/byp.php' not found or unable to stat
[Sun Feb 08 02:16:12.078197 2026] [php:error] [pid 52623] [client 194.5.82.164:0] script '/domains/jrp.interport/e.php' not found or unable to stat
[Sun Feb 08 02:16:12.190624 2026] [php:error] [pid 52628] [client 20.219.6.212:0] script '/domains/system_default/wp-signup.php' not found or unable to stat
[Sun Feb 08 02:16:12.409785 2026] [php:error] [pid 52628] [client 20.219.6.212:0] script '/domains/system_default/core.php' not found or unable to stat
[Sun Feb 08 02:16:12.627259 2026] [php:error] [pid 52628] [client 20.219.6.212:0] script '/domains/system_default/403.php' not found or unable to stat
[Sun Feb 08 02:16:12.917489 2026] [php:error] [pid 52623] [client 194.5.82.164:0] script '/domains/jrp.interport/9.php' not found or unable to stat
[Sun Feb 08 02:16:13.036848 2026] [php:error] [pid 52628] [client 20.219.6.212:0] script '/domains/system_default/new4.php' not found or unable to stat
[Sun Feb 08 02:16:13.241148 2026] [php:error] [pid 52628] [client 20.219.6.212:0] script '/domains/system_default/adminfuns.php' not found or unable to stat
[Sun Feb 08 02:16:13.445105 2026] [php:error] [pid 52628] [client 20.219.6.212:0] script '/domains/system_default/radio.php' not found or unable to stat
[Sun Feb 08 02:16:13.800760 2026] [php:error] [pid 52623] [client 194.5.82.164:0] script '/domains/jrp.interport/xmlrpc.php' not found or unable to stat
[Sun Feb 08 02:16:14.427929 2026] [php:error] [pid 52623] [client 194.5.82.164:0] script '/domains/jrp.interport/wsa.php' not found or unable to stat
[Sun Feb 08 02:16:14.667625 2026] [php:error] [pid 52623] [client 194.5.82.164:0] script '/domains/jrp.interport/fie.php' not found or unable to stat
[Sun Feb 08 02:16:15.065352 2026] [php:error] [pid 52628] [client 20.219.6.212:0] script '/domains/system_default/mah.php' not found or unable to stat
[Sun Feb 08 02:16:15.979224 2026] [php:error] [pid 52623] [client 194.5.82.164:0] script '/domains/jrp.interport/layout.php' not found or unable to stat
[Sun Feb 08 02:16:16.196998 2026] [php:error] [pid 52623] [client 194.5.82.164:0] script '/domains/jrp.interport/admin.php' not found or unable to stat
[Sun Feb 08 02:16:16.257043 2026] [php:error] [pid 52628] [client 20.219.6.212:0] script '/domains/system_default/sim.php' not found or unable to stat
[Sun Feb 08 02:16:16.935804 2026] [php:error] [pid 52628] [client 20.219.6.212:0] script '/domains/system_default/error.php' not found or unable to stat
[Sun Feb 08 02:16:17.343600 2026] [php:error] [pid 52628] [client 20.219.6.212:0] script '/domains/system_default/cong.php' not found or unable to stat
[Sun Feb 08 02:16:17.715358 2026] [php:error] [pid 52623] [client 194.5.82.164:0] script '/domains/jrp.interport/fm.php' not found or unable to stat
[Sun Feb 08 02:16:18.183921 2026] [php:error] [pid 52623] [client 194.5.82.164:0] script '/domains/jrp.interport/wp-setup.php' not found or unable to stat
[Sun Feb 08 02:16:18.605853 2026] [php:error] [pid 52623] [client 194.5.82.164:0] script '/domains/jrp.interport/kly1.php' not found or unable to stat
[Sun Feb 08 02:16:18.663513 2026] [php:error] [pid 52628] [client 20.219.6.212:0] script '/domains/system_default/kyami.php' not found or unable to stat
[Sun Feb 08 02:16:18.816082 2026] [php:error] [pid 52623] [client 194.5.82.164:0] script '/domains/jrp.interport/network.php' not found or unable to stat
[Sun Feb 08 02:16:19.025009 2026] [php:error] [pid 52623] [client 194.5.82.164:0] script '/domains/jrp.interport/13.php' not found or unable to stat
[Sun Feb 08 02:16:19.318683 2026] [php:error] [pid 52628] [client 20.219.6.212:0] script '/domains/system_default/1.php' not found or unable to stat
[Sun Feb 08 02:16:19.929873 2026] [php:error] [pid 52628] [client 20.219.6.212:0] script '/domains/system_default/gecko-new.php' not found or unable to stat
[Sun Feb 08 02:16:20.772772 2026] [php:error] [pid 52641] [client 194.5.82.130:0] script '/domains/jrp.interport/ss.php' not found or unable to stat
[Sun Feb 08 02:16:20.992336 2026] [php:error] [pid 52641] [client 194.5.82.130:0] script '/domains/jrp.interport/wp-content.php' not found or unable to stat
[Sun Feb 08 02:16:21.203140 2026] [php:error] [pid 52641] [client 194.5.82.130:0] script '/domains/jrp.interport/shx.php' not found or unable to stat
[Sun Feb 08 02:16:21.305763 2026] [php:error] [pid 52628] [client 20.219.6.212:0] script '/domains/system_default/wp-blog-header.php' not found or unable to stat
[Sun Feb 08 02:16:21.414096 2026] [php:error] [pid 52641] [client 194.5.82.130:0] script '/domains/jrp.interport/priv8.php' not found or unable to stat
[Sun Feb 08 02:16:21.624995 2026] [php:error] [pid 52641] [client 194.5.82.130:0] script '/domains/jrp.interport/wp-blog-header.php' not found or unable to stat
[Sun Feb 08 02:16:21.799546 2026] [php:error] [pid 52628] [client 20.219.6.212:0] script '/domains/system_default/item.php' not found or unable to stat
[Sun Feb 08 02:16:22.005244 2026] [php:error] [pid 52628] [client 20.219.6.212:0] script '/domains/system_default/xmrlpc.php' not found or unable to stat
[Sun Feb 08 02:16:22.227587 2026] [php:error] [pid 52628] [client 20.219.6.212:0] script '/domains/system_default/config.php' not found or unable to stat
[Sun Feb 08 02:16:22.293543 2026] [php:error] [pid 52641] [client 194.5.82.130:0] script '/domains/jrp.interport/browse.php' not found or unable to stat
[Sun Feb 08 02:16:22.441357 2026] [php:error] [pid 52628] [client 20.219.6.212:0] script '/domains/system_default/cc.php' not found or unable to stat
[Sun Feb 08 02:16:22.921680 2026] [php:error] [pid 52641] [client 194.5.82.147:0] script '/domains/jrp.interport/n.php' not found or unable to stat
[Sun Feb 08 02:16:23.267525 2026] [php:error] [pid 52628] [client 20.219.6.212:0] script '/domains/system_default/wp-conflg.php' not found or unable to stat
[Sun Feb 08 02:16:23.367660 2026] [php:error] [pid 52641] [client 194.5.82.147:0] script '/domains/jrp.interport/up4.php' not found or unable to stat
[Sun Feb 08 02:16:23.569519 2026] [php:error] [pid 52628] [client 20.219.6.212:0] script '/domains/system_default/themes.php' not found or unable to stat
[Sun Feb 08 02:16:23.788533 2026] [php:error] [pid 52641] [client 194.5.82.147:0] script '/domains/jrp.interport/sx.php' not found or unable to stat
[Sun Feb 08 02:16:23.850530 2026] [php:error] [pid 52628] [client 20.219.6.212:0] script '/domains/system_default/hplfuns.php' not found or unable to stat
[Sun Feb 08 02:16:24.206083 2026] [php:error] [pid 52641] [client 194.5.82.147:0] script '/domains/jrp.interport/zz.php' not found or unable to stat
[Sun Feb 08 02:16:24.548488 2026] [php:error] [pid 52628] [client 20.219.6.212:0] script '/domains/system_default/admin.php' not found or unable to stat
[Sun Feb 08 02:16:24.768254 2026] [php:error] [pid 52628] [client 20.219.6.212:0] script '/domains/system_default/alfa.php' not found or unable to stat
[Sun Feb 08 02:16:25.202204 2026] [php:error] [pid 52628] [client 20.219.6.212:0] script '/domains/system_default/wp-2019.php' not found or unable to stat
[Sun Feb 08 02:16:25.708853 2026] [php:error] [pid 52641] [client 194.5.82.147:0] script '/domains/jrp.interport/goods.php' not found or unable to stat
[Sun Feb 08 02:16:26.109398 2026] [php:error] [pid 52628] [client 20.219.6.212:0] script '/domains/system_default/akcc.php' not found or unable to stat
[Sun Feb 08 02:16:26.402575 2026] [php:error] [pid 52628] [client 20.219.6.212:0] script '/domains/system_default/404.php' not found or unable to stat
[Sun Feb 08 02:16:26.579404 2026] [php:error] [pid 52641] [client 194.5.82.147:0] script '/domains/jrp.interport/2.php' not found or unable to stat
[Sun Feb 08 02:16:26.847442 2026] [php:error] [pid 52628] [client 20.219.6.212:0] script '/domains/system_default/wp-corn-sample.php' not found or unable to stat
[Sun Feb 08 02:16:27.018567 2026] [php:error] [pid 52641] [client 194.5.82.147:0] script '/domains/jrp.interport/wp-class.php' not found or unable to stat
[Sun Feb 08 02:16:27.053930 2026] [php:error] [pid 52628] [client 20.219.6.212:0] script '/domains/system_default/classwithtostring.php' not found or unable to stat
[Sun Feb 08 02:16:27.257953 2026] [php:error] [pid 52628] [client 20.219.6.212:0] script '/domains/system_default/ab.php' not found or unable to stat
[Sun Feb 08 02:16:27.680639 2026] [php:error] [pid 52641] [client 194.5.82.147:0] script '/domains/jrp.interport/ds.php' not found or unable to stat
[Sun Feb 08 02:16:27.890128 2026] [php:error] [pid 52641] [client 194.5.82.147:0] script '/domains/jrp.interport/randkeyword.php' not found or unable to stat
[Sun Feb 08 02:16:27.943477 2026] [php:error] [pid 52628] [client 20.219.6.212:0] script '/domains/system_default/asasx.php' not found or unable to stat
[Sun Feb 08 02:16:28.098836 2026] [php:error] [pid 52641] [client 194.5.82.147:0] script '/domains/jrp.interport/file.php' not found or unable to stat
[Sun Feb 08 02:16:28.546055 2026] [php:error] [pid 52641] [client 194.5.82.147:0] script '/domains/jrp.interport/wb.php' not found or unable to stat
[Sun Feb 08 02:16:28.770915 2026] [php:error] [pid 52641] [client 194.5.82.147:0] script '/domains/jrp.interport/sim.php' not found or unable to stat
[Sun Feb 08 02:16:29.159559 2026] [php:error] [pid 52628] [client 20.219.6.212:0] script '/domains/system_default/fox.php' not found or unable to stat
[Sun Feb 08 02:16:29.188108 2026] [php:error] [pid 52641] [client 194.5.82.147:0] script '/domains/jrp.interport/wander.php' not found or unable to stat
[Sun Feb 08 02:16:29.895457 2026] [php:error] [pid 52628] [client 20.219.6.212:0] script '/domains/system_default/moon.php' not found or unable to stat
[Sun Feb 08 02:16:30.154192 2026] [php:error] [pid 52628] [client 20.219.6.212:0] script '/domains/system_default/mar.php' not found or unable to stat
[Sun Feb 08 02:16:30.685460 2026] [php:error] [pid 52641] [client 194.5.82.147:0] script '/domains/jrp.interport/wp_wrong_datlib.php' not found or unable to stat
[Sun Feb 08 02:16:31.785488 2026] [php:error] [pid 52641] [client 194.5.82.147:0] script '/domains/jrp.interport/plugin.php' not found or unable to stat
[Sun Feb 08 02:16:31.998001 2026] [php:error] [pid 52641] [client 194.5.82.147:0] script '/domains/jrp.interport/admin.php' not found or unable to stat
[Sun Feb 08 02:16:32.211105 2026] [php:error] [pid 52641] [client 194.5.82.147:0] script '/domains/jrp.interport/wp-crom.php' not found or unable to stat
[Sun Feb 08 02:16:32.424547 2026] [php:error] [pid 52641] [client 194.5.82.147:0] script '/domains/jrp.interport/ee.php' not found or unable to stat
[Sun Feb 08 02:16:32.652122 2026] [php:error] [pid 52628] [client 20.219.6.212:0] script '/domains/system_default/install.php' not found or unable to stat
[Sun Feb 08 02:16:32.678375 2026] [php:error] [pid 52641] [client 194.5.82.147:0] script '/domains/jrp.interport/al.php' not found or unable to stat
[Sun Feb 08 02:16:32.867442 2026] [php:error] [pid 52628] [client 20.219.6.212:0] script '/domains/system_default/menu.php' not found or unable to stat
[Sun Feb 08 02:16:33.099133 2026] [php:error] [pid 52641] [client 194.5.82.147:0] script '/domains/jrp.interport/images/about.php' not found or unable to stat
[Sun Feb 08 02:16:33.313348 2026] [php:error] [pid 52641] [client 194.5.82.147:0] script '/domains/jrp.interport/uploxe.php' not found or unable to stat
[Sun Feb 08 02:16:33.522080 2026] [php:error] [pid 52641] [client 194.5.82.147:0] script '/domains/jrp.interport/login.php' not found or unable to stat
[Sun Feb 08 02:16:33.775066 2026] [php:error] [pid 52641] [client 194.5.82.147:0] script '/domains/jrp.interport/wp-cron.php' not found or unable to stat
[Sun Feb 08 02:16:33.983728 2026] [php:error] [pid 52641] [client 194.5.82.147:0] script '/domains/jrp.interport/core.php' not found or unable to stat
[Sun Feb 08 02:16:34.611708 2026] [php:error] [pid 52641] [client 194.5.82.147:0] script '/domains/jrp.interport/pvafcbhg.php' not found or unable to stat
[Sun Feb 08 02:16:34.823332 2026] [php:error] [pid 52641] [client 194.5.82.147:0] script '/domains/jrp.interport/l.php' not found or unable to stat
[Sun Feb 08 02:16:35.712855 2026] [php:error] [pid 52641] [client 194.5.82.147:0] script '/domains/jrp.interport/cmd.php' not found or unable to stat
[Sun Feb 08 02:16:35.835702 2026] [php:error] [pid 52646] [client 20.219.6.212:0] script '/domains/system_default/defaults.php' not found or unable to stat
[Sun Feb 08 02:16:36.373059 2026] [php:error] [pid 52641] [client 194.5.82.147:0] script '/domains/jrp.interport/i.php' not found or unable to stat
[Sun Feb 08 02:16:36.485374 2026] [php:error] [pid 52646] [client 20.219.6.212:0] script '/domains/system_default/css.php' not found or unable to stat
[Sun Feb 08 02:16:36.792147 2026] [php:error] [pid 52641] [client 194.5.82.147:0] script '/domains/jrp.interport/batm.php' not found or unable to stat
[Sun Feb 08 02:16:36.888671 2026] [php:error] [pid 52646] [client 20.219.6.212:0] script '/domains/system_default/wp-links-opml.php' not found or unable to stat
[Sun Feb 08 02:16:37.419735 2026] [php:error] [pid 52641] [client 194.5.82.147:0] script '/domains/jrp.interport/moddofuns.php' not found or unable to stat
[Sun Feb 08 02:16:37.882256 2026] [php:error] [pid 52641] [client 194.5.82.147:0] script '/domains/jrp.interport/plugins.php' not found or unable to stat
[Sun Feb 08 02:16:38.299645 2026] [php:error] [pid 52641] [client 194.5.82.147:0] script '/domains/jrp.interport/test.php' not found or unable to stat
[Sun Feb 08 02:16:38.375948 2026] [php:error] [pid 52646] [client 20.219.6.212:0] script '/domains/system_default/123.php' not found or unable to stat
[Sun Feb 08 02:16:38.508632 2026] [php:error] [pid 52641] [client 194.5.82.147:0] script '/domains/jrp.interport/gfile.php' not found or unable to stat
[Sun Feb 08 02:16:38.576121 2026] [php:error] [pid 52646] [client 20.219.6.212:0] script '/domains/system_default/log.php' not found or unable to stat
[Sun Feb 08 02:16:38.716937 2026] [php:error] [pid 52641] [client 194.5.82.147:0] script '/domains/jrp.interport/file.php' not found or unable to stat
[Sun Feb 08 02:16:39.395988 2026] [php:error] [pid 52641] [client 194.5.82.147:0] script '/domains/jrp.interport/st.php' not found or unable to stat
[Sun Feb 08 02:16:39.816282 2026] [php:error] [pid 52641] [client 194.5.82.147:0] script '/domains/jrp.interport/config.php' not found or unable to stat
[Sun Feb 08 02:16:40.281528 2026] [php:error] [pid 52641] [client 194.5.82.147:0] script '/domains/jrp.interport/f.php' not found or unable to stat
[Sun Feb 08 02:16:40.490093 2026] [php:error] [pid 52641] [client 194.5.82.147:0] script '/domains/jrp.interport/c.php' not found or unable to stat
[Sun Feb 08 02:16:40.690258 2026] [php:error] [pid 52646] [client 20.219.6.212:0] script '/domains/system_default/as.php' not found or unable to stat
[Sun Feb 08 02:16:40.907636 2026] [php:error] [pid 52641] [client 194.5.82.147:0] script '/domains/jrp.interport/wp-signup.php' not found or unable to stat
[Sun Feb 08 02:16:41.118493 2026] [php:error] [pid 52641] [client 194.5.82.147:0] script '/domains/jrp.interport/akc.php' not found or unable to stat
[Sun Feb 08 02:16:41.299422 2026] [php:error] [pid 52646] [client 20.219.6.212:0] script '/domains/system_default/style.php' not found or unable to stat
[Sun Feb 08 02:16:41.501022 2026] [php:error] [pid 52646] [client 20.219.6.212:0] script '/domains/system_default/aa.php' not found or unable to stat
[Sun Feb 08 02:16:41.701532 2026] [php:error] [pid 52646] [client 20.219.6.212:0] script '/domains/system_default/hehehehe.php' not found or unable to stat
[Sun Feb 08 02:16:41.774943 2026] [php:error] [pid 52641] [client 194.5.82.147:0] script '/domains/jrp.interport/adin.php' not found or unable to stat
[Sun Feb 08 02:16:41.906370 2026] [php:error] [pid 52646] [client 20.219.6.212:0] script '/domains/system_default/x.php' not found or unable to stat
[Sun Feb 08 02:16:42.194913 2026] [php:error] [pid 52646] [client 20.219.6.212:0] script '/domains/system_default/wp-links.php' not found or unable to stat
[Sun Feb 08 02:16:42.409547 2026] [php:error] [pid 52649] [client 20.43.35.7:0] script '/domains/vangoghagainweb/x9.php' not found or unable to stat
[Sun Feb 08 02:16:42.496340 2026] [php:error] [pid 52649] [client 20.43.35.7:0] script '/domains/vangoghagainweb/grsiuk.php' not found or unable to stat
[Sun Feb 08 02:16:42.588973 2026] [php:error] [pid 52649] [client 20.43.35.7:0] script '/domains/vangoghagainweb/byel.php' not found or unable to stat
[Sun Feb 08 02:16:42.611504 2026] [php:error] [pid 52641] [client 194.5.82.147:0] script '/domains/jrp.interport/alf.php' not found or unable to stat
[Sun Feb 08 02:16:42.679025 2026] [php:error] [pid 52649] [client 20.43.35.7:0] script '/domains/vangoghagainweb/layou.php' not found or unable to stat
[Sun Feb 08 02:16:42.885874 2026] [php:error] [pid 52649] [client 20.43.35.7:0] script '/domains/vangoghagainweb/lgsts.php' not found or unable to stat
[Sun Feb 08 02:16:42.972243 2026] [php:error] [pid 52649] [client 20.43.35.7:0] script '/domains/vangoghagainweb/tourpa.php' not found or unable to stat
[Sun Feb 08 02:16:43.038933 2026] [php:error] [pid 52646] [client 20.219.6.212:0] script '/domains/system_default/main.php' not found or unable to stat
[Sun Feb 08 02:16:43.058740 2026] [php:error] [pid 52649] [client 20.43.35.7:0] script '/domains/vangoghagainweb/yvtuizub.php' not found or unable to stat
[Sun Feb 08 02:16:43.066557 2026] [php:error] [pid 52641] [client 194.5.82.147:0] script '/domains/jrp.interport/go.php' not found or unable to stat
[Sun Feb 08 02:16:43.145535 2026] [php:error] [pid 52649] [client 20.43.35.7:0] script '/domains/vangoghagainweb/mln.php' not found or unable to stat
[Sun Feb 08 02:16:43.272890 2026] [php:error] [pid 52649] [client 20.43.35.7:0] script '/domains/vangoghagainweb/inege.php' not found or unable to stat
[Sun Feb 08 02:16:43.488992 2026] [php:error] [pid 52641] [client 194.5.82.147:0] script '/domains/jrp.interport/wso2.php' not found or unable to stat
[Sun Feb 08 02:16:43.915647 2026] [php:error] [pid 52641] [client 194.5.82.147:0] script '/domains/jrp.interport/user-new.php' not found or unable to stat
[Sun Feb 08 02:16:44.127073 2026] [php:error] [pid 52641] [client 194.5.82.147:0] script '/domains/jrp.interport/signup.php' not found or unable to stat
[Sun Feb 08 02:16:44.371325 2026] [php:error] [pid 52641] [client 194.5.82.147:0] script '/domains/jrp.interport/wp-lock.php' not found or unable to stat
[Sun Feb 08 02:16:44.588711 2026] [php:error] [pid 52641] [client 194.5.82.147:0] script '/domains/jrp.interport/beence.php' not found or unable to stat
[Sun Feb 08 02:16:45.006033 2026] [php:error] [pid 52641] [client 194.5.82.123:0] script '/domains/jrp.interport/7.php' not found or unable to stat
[Sun Feb 08 02:16:45.669146 2026] [php:error] [pid 52641] [client 194.5.82.123:0] script '/domains/jrp.interport/post.php' not found or unable to stat
[Sun Feb 08 02:16:45.885933 2026] [php:error] [pid 52641] [client 194.5.82.123:0] script '/domains/jrp.interport/jp.php' not found or unable to stat
[Sun Feb 08 02:16:46.307681 2026] [php:error] [pid 52641] [client 194.5.82.123:0] script '/domains/jrp.interport/we.php' not found or unable to stat
[Sun Feb 08 02:16:46.773762 2026] [php:error] [pid 52641] [client 194.5.82.123:0] script '/domains/jrp.interport/lock.php' not found or unable to stat
[Sun Feb 08 02:16:46.985576 2026] [php:error] [pid 52641] [client 194.5.82.123:0] script '/domains/jrp.interport/nakrip.php' not found or unable to stat
[Sun Feb 08 02:16:47.195364 2026] [php:error] [pid 52641] [client 194.5.82.123:0] script '/domains/jrp.interport/server.php' not found or unable to stat
[Sun Feb 08 02:16:47.404554 2026] [php:error] [pid 52641] [client 194.5.82.123:0] script '/domains/jrp.interport/yox.php' not found or unable to stat
[Sun Feb 08 02:16:47.817448 2026] [php:error] [pid 52651] [client 20.151.2.11:0] script '/domains/system_default/x9.php' not found or unable to stat
[Sun Feb 08 02:16:47.822438 2026] [php:error] [pid 52641] [client 194.5.82.123:0] script '/domains/jrp.interport/8.php' not found or unable to stat
[Sun Feb 08 02:16:47.842206 2026] [php:error] [pid 52651] [client 20.151.2.11:0] script '/domains/system_default/grsiuk.php' not found or unable to stat
[Sun Feb 08 02:16:47.866843 2026] [php:error] [pid 52651] [client 20.151.2.11:0] script '/domains/system_default/byel.php' not found or unable to stat
[Sun Feb 08 02:16:47.891293 2026] [php:error] [pid 52651] [client 20.151.2.11:0] script '/domains/system_default/layou.php' not found or unable to stat
[Sun Feb 08 02:16:47.916894 2026] [php:error] [pid 52651] [client 20.151.2.11:0] script '/domains/system_default/lgsts.php' not found or unable to stat
[Sun Feb 08 02:16:47.941495 2026] [php:error] [pid 52651] [client 20.151.2.11:0] script '/domains/system_default/tourpa.php' not found or unable to stat
[Sun Feb 08 02:16:47.966410 2026] [php:error] [pid 52651] [client 20.151.2.11:0] script '/domains/system_default/yvtuizub.php' not found or unable to stat
[Sun Feb 08 02:16:47.990746 2026] [php:error] [pid 52651] [client 20.151.2.11:0] script '/domains/system_default/mln.php' not found or unable to stat
[Sun Feb 08 02:16:48.014975 2026] [php:error] [pid 52651] [client 20.151.2.11:0] script '/domains/system_default/inege.php' not found or unable to stat
[Sun Feb 08 02:16:48.693913 2026] [php:error] [pid 52641] [client 194.5.82.123:0] script '/domains/jrp.interport/file.php' not found or unable to stat
[Sun Feb 08 02:16:50.466591 2026] [php:error] [pid 52641] [client 194.5.82.123:0] script '/domains/jrp.interport/0x.php' not found or unable to stat
[Sun Feb 08 02:16:50.709412 2026] [php:error] [pid 52641] [client 194.5.82.123:0] script '/domains/jrp.interport/alfashell.php' not found or unable to stat
[Sun Feb 08 02:16:50.946755 2026] [php:error] [pid 52628] [client 20.219.6.212:0] script '/domains/system_default/wso.php' not found or unable to stat
[Sun Feb 08 02:16:51.149083 2026] [php:error] [pid 52628] [client 20.219.6.212:0] script '/domains/system_default/wp-configs.php' not found or unable to stat
[Sun Feb 08 02:16:51.376780 2026] [php:error] [pid 52628] [client 20.219.6.212:0] script '/domains/system_default/lock.php' not found or unable to stat
[Sun Feb 08 02:16:51.577349 2026] [php:error] [pid 52628] [client 20.219.6.212:0] script '/domains/system_default/file.php' not found or unable to stat
[Sun Feb 08 02:16:51.799867 2026] [php:error] [pid 52646] [client 194.5.82.134:0] script '/domains/jrp.interport/khgdl.php' not found or unable to stat
[Sun Feb 08 02:16:52.011448 2026] [php:error] [pid 52646] [client 194.5.82.134:0] script '/domains/jrp.interport/jquery.php' not found or unable to stat
[Sun Feb 08 02:16:52.223863 2026] [php:error] [pid 52646] [client 194.5.82.134:0] script '/domains/jrp.interport/asus.php' not found or unable to stat
[Sun Feb 08 02:16:52.306583 2026] [php:error] [pid 52628] [client 20.219.6.212:0] script '/domains/system_default/wp-trackback.php' not found or unable to stat
[Sun Feb 08 02:16:52.467748 2026] [php:error] [pid 52646] [client 194.5.82.134:0] script '/domains/jrp.interport/wp-wso.php' not found or unable to stat
[Sun Feb 08 02:16:52.549980 2026] [php:error] [pid 52628] [client 20.219.6.212:0] script '/domains/system_default/app.php' not found or unable to stat
[Sun Feb 08 02:16:53.306763 2026] [php:error] [pid 52628] [client 20.219.6.212:0] script '/domains/system_default/simple.php' not found or unable to stat
[Sun Feb 08 02:16:53.824222 2026] [php:error] [pid 52628] [client 20.219.6.212:0] script '/domains/system_default/bless.php' not found or unable to stat
[Sun Feb 08 02:16:53.999644 2026] [php:error] [pid 52646] [client 194.5.82.134:0] script '/domains/jrp.interport/send.php' not found or unable to stat
[Sun Feb 08 02:16:54.210436 2026] [php:error] [pid 52646] [client 194.5.82.134:0] script '/domains/jrp.interport/wp-acc.php' not found or unable to stat
[Sun Feb 08 02:16:54.241336 2026] [php:error] [pid 52628] [client 20.219.6.212:0] script '/domains/system_default/ava.php' not found or unable to stat
[Sun Feb 08 02:16:54.670487 2026] [php:error] [pid 52646] [client 194.5.82.134:0] script '/domains/jrp.interport/.p.php' not found or unable to stat
[Sun Feb 08 02:16:56.025998 2026] [php:error] [pid 52628] [client 20.219.6.212:0] script '/domains/system_default/ioxi-o.php' not found or unable to stat
[Sun Feb 08 02:16:56.194612 2026] [php:error] [pid 52646] [client 194.5.82.134:0] script '/domains/jrp.interport/g.php' not found or unable to stat
[Sun Feb 08 02:16:56.405570 2026] [php:error] [pid 52646] [client 194.5.82.134:0] script '/domains/jrp.interport/wp-loccs.php' not found or unable to stat
[Sun Feb 08 02:16:56.566134 2026] [php:error] [pid 52628] [client 20.219.6.212:0] script '/domains/system_default/1index.php' not found or unable to stat
[Sun Feb 08 02:16:56.616507 2026] [php:error] [pid 52646] [client 194.5.82.134:0] script '/domains/jrp.interport/1.php' not found or unable to stat
[Sun Feb 08 02:16:56.828037 2026] [php:error] [pid 52646] [client 194.5.82.134:0] script '/domains/jrp.interport/wp-error_log.php' not found or unable to stat
[Sun Feb 08 02:16:57.529683 2026] [php:error] [pid 52628] [client 20.219.6.212:0] script '/domains/system_default/file2.php' not found or unable to stat
[Sun Feb 08 02:16:57.833784 2026] [php:error] [pid 52628] [client 20.219.6.212:0] script '/domains/system_default/default.php' not found or unable to stat
[Sun Feb 08 02:16:58.285498 2026] [php:error] [pid 52628] [client 20.219.6.212:0] script '/domains/system_default/xml.php' not found or unable to stat
[Sun Feb 08 02:16:58.485726 2026] [php:error] [pid 52628] [client 20.219.6.212:0] script '/domains/system_default/sx.php' not found or unable to stat
[Sun Feb 08 02:16:59.170737 2026] [php:error] [pid 52628] [client 20.219.6.212:0] script '/domains/system_default/wp-cron.php' not found or unable to stat
[Sun Feb 08 02:17:01.315253 2026] [php:error] [pid 52628] [client 20.219.6.212:0] script '/domains/system_default/backup.php' not found or unable to stat
[Sun Feb 08 02:17:01.716255 2026] [php:error] [pid 52628] [client 20.219.6.212:0] script '/domains/system_default/wp-admin.php' not found or unable to stat
[Sun Feb 08 02:17:02.441716 2026] [php:error] [pid 52628] [client 20.219.6.212:0] script '/domains/system_default/akc.php' not found or unable to stat
[Sun Feb 08 02:17:03.153498 2026] [php:error] [pid 52628] [client 20.219.6.212:0] script '/domains/system_default/test1.php' not found or unable to stat
[Sun Feb 08 02:17:03.476010 2026] [php:error] [pid 52628] [client 20.219.6.212:0] script '/domains/system_default/bolt.php' not found or unable to stat
[Sun Feb 08 02:17:03.698556 2026] [php:error] [pid 52628] [client 20.219.6.212:0] script '/domains/system_default/help.php' not found or unable to stat
[Sun Feb 08 02:17:03.791110 2026] [php:error] [pid 52652] [client 20.215.184.141:0] script '/domains/acagolf1/grsiuk.php' not found or unable to stat
[Sun Feb 08 02:17:03.892514 2026] [php:error] [pid 52652] [client 20.215.184.141:0] script '/domains/acagolf1/fs.php' not found or unable to stat
[Sun Feb 08 02:17:03.913139 2026] [php:error] [pid 52628] [client 20.219.6.212:0] script '/domains/system_default/atomlib.php' not found or unable to stat
[Sun Feb 08 02:17:03.994385 2026] [php:error] [pid 52652] [client 20.215.184.141:0] script '/domains/acagolf1/;k.php' not found or unable to stat
[Sun Feb 08 02:17:04.115249 2026] [php:error] [pid 52628] [client 20.219.6.212:0] script '/domains/system_default/wp-good.php' not found or unable to stat
[Sun Feb 08 02:17:04.348928 2026] [php:error] [pid 52628] [client 20.219.6.212:0] script '/domains/system_default/gecko.php' not found or unable to stat
[Sun Feb 08 02:17:05.174838 2026] [php:error] [pid 52628] [client 20.219.6.212:0] script '/domains/system_default/news.php' not found or unable to stat
[Sun Feb 08 02:17:05.387956 2026] [php:error] [pid 52628] [client 20.219.6.212:0] script '/domains/system_default/xmlrpc.php' not found or unable to stat
[Sun Feb 08 02:17:05.588781 2026] [php:error] [pid 52628] [client 20.219.6.212:0] script '/domains/system_default/new.php' not found or unable to stat
[Sun Feb 08 02:17:06.827917 2026] [php:error] [pid 52628] [client 20.219.6.212:0] script '/domains/system_default/server.php' not found or unable to stat
[Sun Feb 08 02:17:07.061198 2026] [php:error] [pid 52628] [client 20.219.6.212:0] script '/domains/system_default/wp-signin.php' not found or unable to stat
[Sun Feb 08 02:17:08.101108 2026] [php:error] [pid 52628] [client 20.219.6.212:0] script '/domains/system_default/class.php' not found or unable to stat
[Sun Feb 08 02:17:08.306361 2026] [php:error] [pid 52628] [client 20.219.6.212:0] script '/domains/system_default/wp.php' not found or unable to stat
[Sun Feb 08 02:17:09.941448 2026] [php:error] [pid 52628] [client 20.219.6.212:0] script '/domains/system_default/special.php' not found or unable to stat
[Sun Feb 08 02:18:06.646424 2026] [php:error] [pid 52651] [client 172.190.142.176:0] script '/domains/system_suspended/f.php' not found or unable to stat
[Sun Feb 08 02:18:06.650349 2026] [php:error] [pid 52651] [client 172.190.142.176:0] script '/domains/system_suspended/ss.php' not found or unable to stat
[Sun Feb 08 02:18:06.654311 2026] [php:error] [pid 52651] [client 172.190.142.176:0] script '/domains/system_suspended/ftp.php' not found or unable to stat
[Sun Feb 08 02:18:06.661891 2026] [php:error] [pid 52651] [client 172.190.142.176:0] script '/domains/system_suspended/ahax.php' not found or unable to stat
[Sun Feb 08 02:18:06.665711 2026] [php:error] [pid 52651] [client 172.190.142.176:0] script '/domains/system_suspended/bolt.php' not found or unable to stat
[Sun Feb 08 02:18:06.669452 2026] [php:error] [pid 52651] [client 172.190.142.176:0] script '/domains/system_suspended/elp.php' not found or unable to stat
[Sun Feb 08 02:18:06.673222 2026] [php:error] [pid 52651] [client 172.190.142.176:0] script '/domains/system_suspended/adminfuns.php' not found or unable to stat
[Sun Feb 08 02:18:06.681633 2026] [php:error] [pid 52651] [client 172.190.142.176:0] script '/domains/system_suspended/cache.php' not found or unable to stat
[Sun Feb 08 02:18:06.693060 2026] [php:error] [pid 52651] [client 172.190.142.176:0] script '/domains/system_suspended/w.php' not found or unable to stat
[Sun Feb 08 02:18:06.696943 2026] [php:error] [pid 52651] [client 172.190.142.176:0] script '/domains/system_suspended/zaa.php' not found or unable to stat
[Sun Feb 08 02:18:06.700609 2026] [php:error] [pid 52651] [client 172.190.142.176:0] script '/domains/system_suspended/wp-miiss.php.php' not found or unable to stat
[Sun Feb 08 02:18:06.704329 2026] [php:error] [pid 52651] [client 172.190.142.176:0] script '/domains/system_suspended/gmo.php' not found or unable to stat
[Sun Feb 08 02:18:06.715309 2026] [php:error] [pid 52651] [client 172.190.142.176:0] script '/domains/system_suspended/gettest.php' not found or unable to stat
[Sun Feb 08 02:18:06.719133 2026] [php:error] [pid 52651] [client 172.190.142.176:0] script '/domains/system_suspended/a1.php' not found or unable to stat
[Sun Feb 08 02:18:06.722893 2026] [php:error] [pid 52651] [client 172.190.142.176:0] script '/domains/system_suspended/ma.php' not found or unable to stat
[Sun Feb 08 02:18:06.726566 2026] [php:error] [pid 52651] [client 172.190.142.176:0] script '/domains/system_suspended/fetch.php' not found or unable to stat
[Sun Feb 08 02:18:06.730316 2026] [php:error] [pid 52651] [client 172.190.142.176:0] script '/domains/system_suspended/v2.php' not found or unable to stat
[Sun Feb 08 02:18:06.734210 2026] [php:error] [pid 52651] [client 172.190.142.176:0] script '/domains/system_suspended/ton.php' not found or unable to stat
[Sun Feb 08 02:18:06.745595 2026] [php:error] [pid 52651] [client 172.190.142.176:0] script '/domains/system_suspended/des.php' not found or unable to stat
[Sun Feb 08 02:18:06.749315 2026] [php:error] [pid 52651] [client 172.190.142.176:0] script '/domains/system_suspended/mans.php' not found or unable to stat
[Sun Feb 08 02:18:06.753247 2026] [php:error] [pid 52651] [client 172.190.142.176:0] script '/domains/system_suspended/about.php' not found or unable to stat
[Sun Feb 08 02:18:06.761060 2026] [php:error] [pid 52651] [client 172.190.142.176:0] script '/domains/system_suspended/dr.php' not found or unable to stat
[Sun Feb 08 02:18:06.771802 2026] [php:error] [pid 52651] [client 172.190.142.176:0] script '/domains/system_suspended/autoload_classmap.php' not found or unable to stat
[Sun Feb 08 02:18:06.775983 2026] [php:error] [pid 52651] [client 172.190.142.176:0] script '/domains/system_suspended/zwso.php' not found or unable to stat
[Sun Feb 08 02:18:06.783646 2026] [php:error] [pid 52651] [client 172.190.142.176:0] script '/domains/system_suspended/geck.php' not found or unable to stat
[Sun Feb 08 02:18:06.787674 2026] [php:error] [pid 52651] [client 172.190.142.176:0] script '/domains/system_suspended/errw.php' not found or unable to stat
[Sun Feb 08 02:18:06.791342 2026] [php:error] [pid 52651] [client 172.190.142.176:0] script '/domains/system_suspended/wp.php' not found or unable to stat
[Sun Feb 08 02:18:06.795085 2026] [php:error] [pid 52651] [client 172.190.142.176:0] script '/domains/system_suspended/jsond.php' not found or unable to stat
[Sun Feb 08 02:18:06.798953 2026] [php:error] [pid 52651] [client 172.190.142.176:0] script '/domains/system_suspended/configuration.php' not found or unable to stat
[Sun Feb 08 02:18:06.803029 2026] [php:error] [pid 52651] [client 172.190.142.176:0] script '/domains/system_suspended/100.kb.php' not found or unable to stat
[Sun Feb 08 02:18:06.806811 2026] [php:error] [pid 52651] [client 172.190.142.176:0] script '/domains/system_suspended/rip.php' not found or unable to stat
[Sun Feb 08 02:18:06.814259 2026] [php:error] [pid 52651] [client 172.190.142.176:0] script '/domains/system_suspended/class-t.api.php' not found or unable to stat
[Sun Feb 08 02:18:06.818155 2026] [php:error] [pid 52651] [client 172.190.142.176:0] script '/domains/system_suspended/lala.php' not found or unable to stat
[Sun Feb 08 02:18:06.821867 2026] [php:error] [pid 52651] [client 172.190.142.176:0] script '/domains/system_suspended/lp6.php' not found or unable to stat
[Sun Feb 08 02:18:06.829070 2026] [php:error] [pid 52651] [client 172.190.142.176:0] script '/domains/system_suspended/bk.php' not found or unable to stat
[Sun Feb 08 02:18:06.832632 2026] [php:error] [pid 52651] [client 172.190.142.176:0] script '/domains/system_suspended/bolt.php' not found or unable to stat
[Sun Feb 08 02:18:06.836394 2026] [php:error] [pid 52651] [client 172.190.142.176:0] script '/domains/system_suspended/m.php' not found or unable to stat
[Sun Feb 08 02:18:06.847576 2026] [php:error] [pid 52651] [client 172.190.142.176:0] script '/domains/system_suspended/alfa.php' not found or unable to stat
[Sun Feb 08 02:18:06.851511 2026] [php:error] [pid 52651] [client 172.190.142.176:0] script '/domains/system_suspended/ap.php' not found or unable to stat
