[Sun Feb 08 00:33:43.656479 2026] [php:error] [pid 29103] [client 20.110.243.199:0] script '/domains/ecernstelectric/plugins.php' not found or unable to stat
[Sun Feb 08 00:33:43.685837 2026] [php:error] [pid 29103] [client 20.110.243.199:0] script '/domains/ecernstelectric/goat1.php' not found or unable to stat
[Sun Feb 08 00:33:43.701153 2026] [php:error] [pid 29103] [client 20.110.243.199:0] script '/domains/ecernstelectric/mar.php' not found or unable to stat
[Sun Feb 08 00:33:43.716815 2026] [php:error] [pid 29103] [client 20.110.243.199:0] script '/domains/ecernstelectric/wp-trackback.php' not found or unable to stat
[Sun Feb 08 00:33:43.738055 2026] [php:error] [pid 29103] [client 20.110.243.199:0] script '/domains/ecernstelectric/item.php' not found or unable to stat
[Sun Feb 08 00:33:43.769855 2026] [php:error] [pid 29103] [client 20.110.243.199:0] script '/domains/ecernstelectric/verify.php' not found or unable to stat
[Sun Feb 08 00:33:43.848540 2026] [php:error] [pid 29103] [client 20.110.243.199:0] script '/domains/ecernstelectric/maint.php' not found or unable to stat
[Sun Feb 08 00:33:43.947030 2026] [php:error] [pid 29103] [client 20.110.243.199:0] script '/domains/ecernstelectric/file.php' not found or unable to stat
[Sun Feb 08 00:33:43.974019 2026] [php:error] [pid 29103] [client 20.110.243.199:0] script '/domains/ecernstelectric/wp-configss.php' not found or unable to stat
[Sun Feb 08 00:33:43.997838 2026] [php:error] [pid 29103] [client 20.110.243.199:0] script '/domains/ecernstelectric/Mhbgf.php' not found or unable to stat
[Sun Feb 08 00:33:44.059923 2026] [php:error] [pid 29103] [client 20.110.243.199:0] script '/domains/ecernstelectric/w.php' not found or unable to stat
[Sun Feb 08 00:33:44.078669 2026] [php:error] [pid 29103] [client 20.110.243.199:0] script '/domains/ecernstelectric/admin2.php' not found or unable to stat
[Sun Feb 08 00:33:44.092935 2026] [php:error] [pid 29103] [client 20.110.243.199:0] script '/domains/ecernstelectric/about.php' not found or unable to stat
[Sun Feb 08 00:33:44.126577 2026] [php:error] [pid 29103] [client 20.110.243.199:0] script '/domains/ecernstelectric/berlin.php' not found or unable to stat
[Sun Feb 08 00:33:44.141540 2026] [php:error] [pid 29103] [client 20.110.243.199:0] script '/domains/ecernstelectric/wp-blog-header.php' not found or unable to stat
[Sun Feb 08 00:33:44.175264 2026] [php:error] [pid 29103] [client 20.110.243.199:0] script '/domains/ecernstelectric/updates.php' not found or unable to stat
[Sun Feb 08 00:33:44.204971 2026] [php:error] [pid 29103] [client 20.110.243.199:0] script '/domains/ecernstelectric/goat.php' not found or unable to stat
[Sun Feb 08 00:33:44.238801 2026] [php:error] [pid 29103] [client 20.110.243.199:0] script '/domains/ecernstelectric/vuln.php' not found or unable to stat
[Sun Feb 08 00:33:44.400502 2026] [php:error] [pid 29103] [client 20.110.243.199:0] script '/domains/ecernstelectric/upgrade.php' not found or unable to stat
[Sun Feb 08 00:33:44.427429 2026] [php:error] [pid 29103] [client 20.110.243.199:0] script '/domains/ecernstelectric/info.php' not found or unable to stat
[Sun Feb 08 00:33:44.454945 2026] [php:error] [pid 29103] [client 20.110.243.199:0] script '/domains/ecernstelectric/elFinderConnector.class.php' not found or unable to stat
[Sun Feb 08 00:33:44.488428 2026] [php:error] [pid 29103] [client 20.110.243.199:0] script '/domains/ecernstelectric/a.php' not found or unable to stat
[Sun Feb 08 00:33:44.575381 2026] [php:error] [pid 29103] [client 20.110.243.199:0] script '/domains/ecernstelectric/autoload_classmap.php' not found or unable to stat
[Sun Feb 08 00:33:44.727243 2026] [php:error] [pid 29103] [client 20.110.243.199:0] script '/domains/ecernstelectric/up.php' not found or unable to stat
[Sun Feb 08 00:33:44.741109 2026] [php:error] [pid 29103] [client 20.110.243.199:0] script '/domains/ecernstelectric/wp-files.php' not found or unable to stat
[Sun Feb 08 00:33:44.761433 2026] [php:error] [pid 29103] [client 20.110.243.199:0] script '/domains/ecernstelectric/filemanager.php' not found or unable to stat
[Sun Feb 08 00:33:44.789342 2026] [php:error] [pid 29103] [client 20.110.243.199:0] script '/domains/ecernstelectric/c.php' not found or unable to stat
[Sun Feb 08 00:34:44.352902 2026] [php:error] [pid 29148] [client 52.169.119.118:0] script '/domains/hofficer1/x9.php' not found or unable to stat
[Sun Feb 08 00:34:44.426276 2026] [php:error] [pid 29148] [client 52.169.119.118:0] script '/domains/hofficer1/grsiuk.php' not found or unable to stat
[Sun Feb 08 00:34:44.499390 2026] [php:error] [pid 29148] [client 52.169.119.118:0] script '/domains/hofficer1/byel.php' not found or unable to stat
[Sun Feb 08 00:34:44.572408 2026] [php:error] [pid 29148] [client 52.169.119.118:0] script '/domains/hofficer1/layou.php' not found or unable to stat
[Sun Feb 08 00:34:44.645745 2026] [php:error] [pid 29148] [client 52.169.119.118:0] script '/domains/hofficer1/lgsts.php' not found or unable to stat
[Sun Feb 08 00:34:44.718768 2026] [php:error] [pid 29148] [client 52.169.119.118:0] script '/domains/hofficer1/tourpa.php' not found or unable to stat
[Sun Feb 08 00:34:44.792243 2026] [php:error] [pid 29148] [client 52.169.119.118:0] script '/domains/hofficer1/yvtuizub.php' not found or unable to stat
[Sun Feb 08 00:34:44.871043 2026] [php:error] [pid 29148] [client 52.169.119.118:0] script '/domains/hofficer1/mln.php' not found or unable to stat
[Sun Feb 08 00:34:44.944179 2026] [php:error] [pid 29148] [client 52.169.119.118:0] script '/domains/hofficer1/inege.php' not found or unable to stat
[Sun Feb 08 00:34:58.689852 2026] [php:error] [pid 29152] [client 35.247.243.252:0] script '/domains/covertcomic/adminer-5.2.1.php' not found or unable to stat
[Sun Feb 08 00:35:43.550139 2026] [php:error] [pid 29151] [client 51.120.74.232:0] script '/domains/rextrav/grsiuk.php' not found or unable to stat
[Sun Feb 08 00:35:43.647480 2026] [php:error] [pid 29151] [client 51.120.74.232:0] script '/domains/rextrav/fs.php' not found or unable to stat
[Sun Feb 08 00:35:43.744138 2026] [php:error] [pid 29151] [client 51.120.74.232:0] script '/domains/rextrav/;k.php' not found or unable to stat
[Sun Feb 08 00:35:58.293737 2026] [php:error] [pid 29145] [client 20.110.243.199:0] script '/domains/nlyfoods/dialog.php' not found or unable to stat
[Sun Feb 08 00:35:58.300898 2026] [php:error] [pid 29145] [client 20.110.243.199:0] script '/domains/nlyfoods/as.php' not found or unable to stat
[Sun Feb 08 00:35:58.307974 2026] [php:error] [pid 29145] [client 20.110.243.199:0] script '/domains/nlyfoods/twenty.php' not found or unable to stat
[Sun Feb 08 00:35:58.505093 2026] [php:error] [pid 29145] [client 20.110.243.199:0] script '/domains/nlyfoods/mah.php' not found or unable to stat
[Sun Feb 08 00:35:58.512352 2026] [php:error] [pid 29145] [client 20.110.243.199:0] script '/domains/nlyfoods/configs.php' not found or unable to stat
[Sun Feb 08 00:35:58.622508 2026] [php:error] [pid 29145] [client 20.110.243.199:0] script '/domains/nlyfoods/alfa1.php' not found or unable to stat
[Sun Feb 08 00:35:58.633187 2026] [php:error] [pid 29145] [client 20.110.243.199:0] script '/domains/nlyfoods/atomlib.php' not found or unable to stat
[Sun Feb 08 00:35:58.643253 2026] [php:error] [pid 29145] [client 20.110.243.199:0] script '/domains/nlyfoods/function.php' not found or unable to stat
[Sun Feb 08 00:35:58.650627 2026] [php:error] [pid 29145] [client 20.110.243.199:0] script '/domains/nlyfoods/sx.php' not found or unable to stat
[Sun Feb 08 00:35:58.658171 2026] [php:error] [pid 29145] [client 20.110.243.199:0] script '/domains/nlyfoods/network.php' not found or unable to stat
[Sun Feb 08 00:35:58.665584 2026] [php:error] [pid 29145] [client 20.110.243.199:0] script '/domains/nlyfoods/cloud.php' not found or unable to stat
[Sun Feb 08 00:35:58.695075 2026] [php:error] [pid 29145] [client 20.110.243.199:0] script '/domains/nlyfoods/file7.php' not found or unable to stat
[Sun Feb 08 00:35:58.706289 2026] [php:error] [pid 29145] [client 20.110.243.199:0] script '/domains/nlyfoods/makeasmtp.php' not found or unable to stat
[Sun Feb 08 00:35:58.730791 2026] [php:error] [pid 29145] [client 20.110.243.199:0] script '/domains/nlyfoods/plugin.php' not found or unable to stat
[Sun Feb 08 00:35:58.739986 2026] [php:error] [pid 29145] [client 20.110.243.199:0] script '/domains/nlyfoods/ws.php.php' not found or unable to stat
[Sun Feb 08 00:35:58.747383 2026] [php:error] [pid 29145] [client 20.110.243.199:0] script '/domains/nlyfoods/cc.php' not found or unable to stat
[Sun Feb 08 00:35:58.755170 2026] [php:error] [pid 29145] [client 20.110.243.199:0] script '/domains/nlyfoods/db.php' not found or unable to stat
[Sun Feb 08 00:35:58.853037 2026] [php:error] [pid 29145] [client 20.110.243.199:0] script '/domains/nlyfoods/edit.php' not found or unable to stat
[Sun Feb 08 00:35:58.877054 2026] [php:error] [pid 29145] [client 20.110.243.199:0] script '/domains/nlyfoods/fosil.php' not found or unable to stat
[Sun Feb 08 00:35:58.884366 2026] [php:error] [pid 29145] [client 20.110.243.199:0] script '/domains/nlyfoods/content.php' not found or unable to stat
[Sun Feb 08 00:35:58.895976 2026] [php:error] [pid 29145] [client 20.110.243.199:0] script '/domains/nlyfoods/k.php' not found or unable to stat
[Sun Feb 08 00:35:58.922765 2026] [php:error] [pid 29145] [client 20.110.243.199:0] script '/domains/nlyfoods/abouts.php' not found or unable to stat
[Sun Feb 08 00:35:59.025817 2026] [php:error] [pid 29145] [client 20.110.243.199:0] script '/domains/nlyfoods/1.php' not found or unable to stat
[Sun Feb 08 00:35:59.087481 2026] [php:error] [pid 29145] [client 20.110.243.199:0] script '/domains/nlyfoods/moon.php' not found or unable to stat
[Sun Feb 08 00:35:59.094690 2026] [php:error] [pid 29145] [client 20.110.243.199:0] script '/domains/nlyfoods/issue.php' not found or unable to stat
[Sun Feb 08 00:35:59.103810 2026] [php:error] [pid 29145] [client 20.110.243.199:0] script '/domains/nlyfoods/log.php' not found or unable to stat
[Sun Feb 08 00:35:59.141240 2026] [php:error] [pid 29145] [client 20.110.243.199:0] script '/domains/nlyfoods/text.php' not found or unable to stat
[Sun Feb 08 00:35:59.287675 2026] [php:error] [pid 29145] [client 20.110.243.199:0] script '/domains/nlyfoods/system_log.php' not found or unable to stat
[Sun Feb 08 00:35:59.346481 2026] [php:error] [pid 29145] [client 20.110.243.199:0] script '/domains/nlyfoods/tinyfilemanager.php' not found or unable to stat
[Sun Feb 08 00:35:59.591614 2026] [php:error] [pid 29145] [client 20.110.243.199:0] script '/domains/nlyfoods/file13.php' not found or unable to stat
[Sun Feb 08 00:35:59.617613 2026] [php:error] [pid 29145] [client 20.110.243.199:0] script '/domains/nlyfoods/wp-activate.php' not found or unable to stat
[Sun Feb 08 00:35:59.626214 2026] [php:error] [pid 29145] [client 20.110.243.199:0] script '/domains/nlyfoods/Xleet.php' not found or unable to stat
[Sun Feb 08 00:35:59.657544 2026] [php:error] [pid 29145] [client 20.110.243.199:0] script '/domains/nlyfoods/f.php' not found or unable to stat
[Sun Feb 08 00:35:59.897566 2026] [php:error] [pid 29145] [client 20.110.243.199:0] script '/domains/nlyfoods/wp-class.php' not found or unable to stat
[Sun Feb 08 00:35:59.918685 2026] [php:error] [pid 29145] [client 20.110.243.199:0] script '/domains/nlyfoods/json.php' not found or unable to stat
[Sun Feb 08 00:36:00.237433 2026] [php:error] [pid 29145] [client 20.110.243.199:0] script '/domains/nlyfoods/rk2.php' not found or unable to stat
[Sun Feb 08 00:36:00.245125 2026] [php:error] [pid 29145] [client 20.110.243.199:0] script '/domains/nlyfoods/wp-2019.php' not found or unable to stat
[Sun Feb 08 00:36:00.282073 2026] [php:error] [pid 29145] [client 20.110.243.199:0] script '/domains/nlyfoods/click.php' not found or unable to stat
[Sun Feb 08 00:36:00.327027 2026] [php:error] [pid 29145] [client 20.110.243.199:0] script '/domains/nlyfoods/simple.php' not found or unable to stat
[Sun Feb 08 00:36:00.353468 2026] [php:error] [pid 29145] [client 20.110.243.199:0] script '/domains/nlyfoods/wp-mail.php' not found or unable to stat
[Sun Feb 08 00:36:00.450173 2026] [php:error] [pid 29145] [client 20.110.243.199:0] script '/domains/nlyfoods/wsoyanz1.php' not found or unable to stat
[Sun Feb 08 00:36:00.577361 2026] [php:error] [pid 29145] [client 20.110.243.199:0] script '/domains/nlyfoods/file6.php' not found or unable to stat
[Sun Feb 08 00:36:00.666422 2026] [php:error] [pid 29145] [client 20.110.243.199:0] script '/domains/nlyfoods/file8.php' not found or unable to stat
[Sun Feb 08 00:36:00.701448 2026] [php:error] [pid 29145] [client 20.110.243.199:0] script '/domains/nlyfoods/system.php' not found or unable to stat
[Sun Feb 08 00:36:00.708713 2026] [php:error] [pid 29145] [client 20.110.243.199:0] script '/domains/nlyfoods/dropdown.php' not found or unable to stat
[Sun Feb 08 00:36:00.716151 2026] [php:error] [pid 29145] [client 20.110.243.199:0] script '/domains/nlyfoods/plugins.php' not found or unable to stat
[Sun Feb 08 00:36:00.723586 2026] [php:error] [pid 29145] [client 20.110.243.199:0] script '/domains/nlyfoods/goat1.php' not found or unable to stat
[Sun Feb 08 00:36:00.933554 2026] [php:error] [pid 29145] [client 20.110.243.199:0] script '/domains/nlyfoods/mar.php' not found or unable to stat
[Sun Feb 08 00:36:00.957643 2026] [php:error] [pid 29145] [client 20.110.243.199:0] script '/domains/nlyfoods/wp-trackback.php' not found or unable to stat
[Sun Feb 08 00:36:00.974907 2026] [php:error] [pid 29145] [client 20.110.243.199:0] script '/domains/nlyfoods/item.php' not found or unable to stat
[Sun Feb 08 00:36:00.989464 2026] [php:error] [pid 29145] [client 20.110.243.199:0] script '/domains/nlyfoods/verify.php' not found or unable to stat
[Sun Feb 08 00:36:01.017196 2026] [php:error] [pid 29145] [client 20.110.243.199:0] script '/domains/nlyfoods/maint.php' not found or unable to stat
[Sun Feb 08 00:36:01.088230 2026] [php:error] [pid 29145] [client 20.110.243.199:0] script '/domains/nlyfoods/file.php' not found or unable to stat
[Sun Feb 08 00:36:01.154562 2026] [php:error] [pid 29145] [client 20.110.243.199:0] script '/domains/nlyfoods/wp-configss.php' not found or unable to stat
[Sun Feb 08 00:36:01.161879 2026] [php:error] [pid 29145] [client 20.110.243.199:0] script '/domains/nlyfoods/Mhbgf.php' not found or unable to stat
[Sun Feb 08 00:36:01.182712 2026] [php:error] [pid 29145] [client 20.110.243.199:0] script '/domains/nlyfoods/w.php' not found or unable to stat
[Sun Feb 08 00:36:01.209104 2026] [php:error] [pid 29145] [client 20.110.243.199:0] script '/domains/nlyfoods/admin2.php' not found or unable to stat
[Sun Feb 08 00:36:01.220314 2026] [php:error] [pid 29145] [client 20.110.243.199:0] script '/domains/nlyfoods/about.php' not found or unable to stat
[Sun Feb 08 00:36:01.236023 2026] [php:error] [pid 29157] [client 35.247.243.249:0] script '/domains/covertcomic/adminer-5.0.6-mysql-en.php' not found or unable to stat
[Sun Feb 08 00:36:01.237820 2026] [php:error] [pid 29145] [client 20.110.243.199:0] script '/domains/nlyfoods/berlin.php' not found or unable to stat
[Sun Feb 08 00:36:01.245134 2026] [php:error] [pid 29145] [client 20.110.243.199:0] script '/domains/nlyfoods/wp-blog-header.php' not found or unable to stat
[Sun Feb 08 00:36:01.290226 2026] [php:error] [pid 29145] [client 20.110.243.199:0] script '/domains/nlyfoods/updates.php' not found or unable to stat
[Sun Feb 08 00:36:01.395260 2026] [php:error] [pid 29145] [client 20.110.243.199:0] script '/domains/nlyfoods/goat.php' not found or unable to stat
[Sun Feb 08 00:36:01.402488 2026] [php:error] [pid 29145] [client 20.110.243.199:0] script '/domains/nlyfoods/vuln.php' not found or unable to stat
[Sun Feb 08 00:36:01.417724 2026] [php:error] [pid 29145] [client 20.110.243.199:0] script '/domains/nlyfoods/upgrade.php' not found or unable to stat
[Sun Feb 08 00:36:01.424889 2026] [php:error] [pid 29145] [client 20.110.243.199:0] script '/domains/nlyfoods/info.php' not found or unable to stat
[Sun Feb 08 00:36:01.433713 2026] [php:error] [pid 29145] [client 20.110.243.199:0] script '/domains/nlyfoods/elFinderConnector.class.php' not found or unable to stat
[Sun Feb 08 00:36:01.440849 2026] [php:error] [pid 29145] [client 20.110.243.199:0] script '/domains/nlyfoods/a.php' not found or unable to stat
[Sun Feb 08 00:36:01.448020 2026] [php:error] [pid 29145] [client 20.110.243.199:0] script '/domains/nlyfoods/autoload_classmap.php' not found or unable to stat
[Sun Feb 08 00:36:01.623031 2026] [php:error] [pid 29145] [client 20.110.243.199:0] script '/domains/nlyfoods/up.php' not found or unable to stat
[Sun Feb 08 00:36:01.630761 2026] [php:error] [pid 29145] [client 20.110.243.199:0] script '/domains/nlyfoods/wp-files.php' not found or unable to stat
[Sun Feb 08 00:36:01.651446 2026] [php:error] [pid 29145] [client 20.110.243.199:0] script '/domains/nlyfoods/filemanager.php' not found or unable to stat
[Sun Feb 08 00:36:01.673485 2026] [php:error] [pid 29145] [client 20.110.243.199:0] script '/domains/nlyfoods/c.php' not found or unable to stat
[Sun Feb 08 00:37:45.093545 2026] [php:error] [pid 29170] [client 20.46.120.47:0] script '/domains/samscars/admin.php' not found or unable to stat
[Sun Feb 08 00:37:45.267711 2026] [php:error] [pid 29170] [client 20.46.120.47:0] script '/domains/samscars/manager.php' not found or unable to stat
[Sun Feb 08 00:37:46.455766 2026] [php:error] [pid 29170] [client 20.46.120.47:0] script '/domains/samscars/wp-sing.php' not found or unable to stat
[Sun Feb 08 00:37:46.650332 2026] [php:error] [pid 29170] [client 20.46.120.47:0] script '/domains/samscars/goods.php' not found or unable to stat
[Sun Feb 08 00:37:47.400420 2026] [php:error] [pid 29168] [client 223.223.138.60:0] script '/domains/awciii/xmlrpc.php' not found or unable to stat
[Sun Feb 08 00:37:47.828155 2026] [php:error] [pid 29170] [client 20.46.120.47:0] script '/domains/samscars/chosen.php' not found or unable to stat
[Sun Feb 08 00:37:48.670810 2026] [php:error] [pid 29170] [client 20.46.120.47:0] script '/domains/samscars/term.php' not found or unable to stat
[Sun Feb 08 00:37:49.062016 2026] [php:error] [pid 29170] [client 20.46.120.47:0] script '/domains/samscars/wpc.php' not found or unable to stat
[Sun Feb 08 00:37:49.239404 2026] [php:error] [pid 29170] [client 20.46.120.47:0] script '/domains/samscars/about.php' not found or unable to stat
[Sun Feb 08 00:37:49.473627 2026] [php:error] [pid 29170] [client 20.46.120.47:0] script '/domains/samscars/deepseek_d.php' not found or unable to stat
[Sun Feb 08 00:37:50.627008 2026] [php:error] [pid 29170] [client 20.46.120.47:0] script '/domains/samscars/elp.php' not found or unable to stat
[Sun Feb 08 00:37:50.802153 2026] [php:error] [pid 29170] [client 20.46.120.47:0] script '/domains/samscars/bless.php' not found or unable to stat
[Sun Feb 08 00:37:50.982963 2026] [php:error] [pid 29170] [client 20.46.120.47:0] script '/domains/samscars/edit.php' not found or unable to stat
[Sun Feb 08 00:37:51.178606 2026] [php:error] [pid 29170] [client 20.46.120.47:0] script '/domains/samscars/simple.php' not found or unable to stat
[Sun Feb 08 00:37:51.860413 2026] [php:error] [pid 29170] [client 20.46.120.47:0] script '/domains/samscars/wp-login.php' not found or unable to stat
[Sun Feb 08 00:37:52.542594 2026] [php:error] [pid 29170] [client 20.46.120.47:0] script '/domains/samscars/ioxi-o.php' not found or unable to stat
[Sun Feb 08 00:37:53.614512 2026] [php:error] [pid 29170] [client 20.46.120.47:0] script '/domains/samscars/test.php' not found or unable to stat
[Sun Feb 08 00:37:54.859148 2026] [php:error] [pid 29170] [client 20.46.120.47:0] script '/domains/samscars/classwithtostring.php' not found or unable to stat
[Sun Feb 08 00:37:55.354273 2026] [php:error] [pid 29170] [client 20.46.120.47:0] script '/domains/samscars/2.php' not found or unable to stat
[Sun Feb 08 00:37:56.377635 2026] [php:error] [pid 29170] [client 20.46.120.47:0] script '/domains/samscars/functions.php' not found or unable to stat
[Sun Feb 08 00:37:57.051249 2026] [php:error] [pid 29170] [client 20.46.120.47:0] script '/domains/samscars/aaa.php' not found or unable to stat
[Sun Feb 08 00:37:57.239433 2026] [php:error] [pid 29170] [client 20.46.120.47:0] script '/domains/samscars/inputs.php' not found or unable to stat
[Sun Feb 08 00:37:57.420861 2026] [php:error] [pid 29170] [client 20.46.120.47:0] script '/domains/samscars/log.php' not found or unable to stat
[Sun Feb 08 00:37:58.251061 2026] [php:error] [pid 29170] [client 20.46.120.47:0] script '/domains/samscars/man.php' not found or unable to stat
[Sun Feb 08 00:37:58.453661 2026] [php:error] [pid 29170] [client 20.46.120.47:0] script '/domains/samscars/1.php' not found or unable to stat
[Sun Feb 08 00:37:58.621475 2026] [php:error] [pid 29170] [client 20.46.120.47:0] script '/domains/samscars/aa.php' not found or unable to stat
[Sun Feb 08 00:37:59.352207 2026] [php:error] [pid 29170] [client 20.46.120.47:0] script '/domains/samscars/dropdown.php' not found or unable to stat
[Sun Feb 08 00:38:00.446236 2026] [php:error] [pid 29170] [client 20.46.120.47:0] script '/domains/samscars/rtx.php' not found or unable to stat
[Sun Feb 08 00:38:01.214420 2026] [php:error] [pid 29176] [client 194.5.82.61:0] script '/domains/agribiz/aa.php' not found or unable to stat
[Sun Feb 08 00:38:01.429525 2026] [php:error] [pid 29176] [client 194.5.82.61:0] script '/domains/agribiz/wp-file.php' not found or unable to stat
[Sun Feb 08 00:38:01.873733 2026] [php:error] [pid 29176] [client 194.5.82.61:0] script '/domains/agribiz/chosen.php' not found or unable to stat
[Sun Feb 08 00:38:02.104427 2026] [php:error] [pid 29176] [client 194.5.82.61:0] script '/domains/agribiz/info.php' not found or unable to stat
[Sun Feb 08 00:38:02.317881 2026] [php:error] [pid 29176] [client 194.5.82.61:0] script '/domains/agribiz/num.php' not found or unable to stat
[Sun Feb 08 00:38:02.530278 2026] [php:error] [pid 29176] [client 194.5.82.61:0] script '/domains/agribiz/xmlrpc.php' not found or unable to stat
[Sun Feb 08 00:38:02.667018 2026] [php:error] [pid 29170] [client 20.46.120.47:0] script '/domains/samscars/atomlib.php' not found or unable to stat
[Sun Feb 08 00:38:02.957805 2026] [php:error] [pid 29176] [client 194.5.82.61:0] script '/domains/agribiz/edit.php' not found or unable to stat
[Sun Feb 08 00:38:03.169599 2026] [php:error] [pid 29176] [client 194.5.82.61:0] script '/domains/agribiz/chosen.php' not found or unable to stat
[Sun Feb 08 00:38:03.406659 2026] [php:error] [pid 29176] [client 194.5.82.61:0] script '/domains/agribiz/atomlib.php' not found or unable to stat
[Sun Feb 08 00:38:03.468941 2026] [php:error] [pid 29170] [client 20.46.120.47:0] script '/domains/samscars/info.php' not found or unable to stat
[Sun Feb 08 00:38:03.651022 2026] [php:error] [pid 29170] [client 20.46.120.47:0] script '/domains/samscars/lock360.php' not found or unable to stat
[Sun Feb 08 00:38:03.837117 2026] [php:error] [pid 29176] [client 194.5.82.61:0] script '/domains/agribiz/bolt.php' not found or unable to stat
[Sun Feb 08 00:38:04.022417 2026] [php:error] [pid 29170] [client 20.46.120.47:0] script '/domains/samscars/vx.php' not found or unable to stat
[Sun Feb 08 00:38:04.264916 2026] [php:error] [pid 29176] [client 194.5.82.61:0] script '/domains/agribiz/classwithtostring.php' not found or unable to stat
[Sun Feb 08 00:38:04.711388 2026] [php:error] [pid 29176] [client 194.5.82.61:0] script '/domains/agribiz/wp-good.php' not found or unable to stat
[Sun Feb 08 00:38:04.924668 2026] [php:error] [pid 29176] [client 194.5.82.61:0] script '/domains/agribiz/hplfuns.php' not found or unable to stat
[Sun Feb 08 00:38:04.994742 2026] [php:error] [pid 29170] [client 20.46.120.47:0] script '/domains/samscars/wp-content.php' not found or unable to stat
[Sun Feb 08 00:38:05.798450 2026] [php:error] [pid 29173] [client 194.5.82.78:0] script '/domains/agribiz/themes.php' not found or unable to stat
[Sun Feb 08 00:38:06.009260 2026] [php:error] [pid 29173] [client 194.5.82.78:0] script '/domains/agribiz/sts.php' not found or unable to stat
[Sun Feb 08 00:38:06.220782 2026] [php:error] [pid 29173] [client 194.5.82.78:0] script '/domains/agribiz/file.php' not found or unable to stat
[Sun Feb 08 00:38:06.431353 2026] [php:error] [pid 29173] [client 194.5.82.78:0] script '/domains/agribiz/wp-signin.php' not found or unable to stat
[Sun Feb 08 00:38:06.855974 2026] [php:error] [pid 29173] [client 194.5.82.78:0] script '/domains/agribiz/wp-blog.php' not found or unable to stat
[Sun Feb 08 00:38:07.086599 2026] [php:error] [pid 29173] [client 194.5.82.78:0] script '/domains/agribiz/adminfuns.php' not found or unable to stat
[Sun Feb 08 00:38:07.299192 2026] [php:error] [pid 29173] [client 194.5.82.78:0] script '/domains/agribiz/ahax.php' not found or unable to stat
[Sun Feb 08 00:38:07.553541 2026] [php:error] [pid 29173] [client 194.5.82.78:0] script '/domains/agribiz/autoload_classmap.php' not found or unable to stat
[Sun Feb 08 00:38:07.770338 2026] [php:error] [pid 29173] [client 194.5.82.78:0] script '/domains/agribiz/mah.php' not found or unable to stat
[Sun Feb 08 00:38:07.985333 2026] [php:error] [pid 29173] [client 194.5.82.78:0] script '/domains/agribiz/filemanager.php' not found or unable to stat
[Sun Feb 08 00:38:08.041120 2026] [php:error] [pid 29170] [client 20.46.120.47:0] script '/domains/samscars/adminfuns.php' not found or unable to stat
[Sun Feb 08 00:38:08.415513 2026] [php:error] [pid 29173] [client 194.5.82.78:0] script '/domains/agribiz/akcc.php' not found or unable to stat
[Sun Feb 08 00:38:08.811335 2026] [php:error] [pid 29170] [client 20.46.120.47:0] script '/domains/samscars/ahax.php' not found or unable to stat
[Sun Feb 08 00:38:08.837426 2026] [php:error] [pid 29173] [client 194.5.82.78:0] script '/domains/agribiz/404.php' not found or unable to stat
[Sun Feb 08 00:38:08.982302 2026] [php:error] [pid 29170] [client 20.46.120.47:0] script '/domains/samscars/autoload_classmap.php' not found or unable to stat
[Sun Feb 08 00:38:09.058199 2026] [php:error] [pid 29173] [client 194.5.82.78:0] script '/domains/agribiz/form.php' not found or unable to stat
[Sun Feb 08 00:38:09.336548 2026] [php:error] [pid 29170] [client 20.46.120.47:0] script '/domains/samscars/file.php' not found or unable to stat
[Sun Feb 08 00:38:09.500031 2026] [php:error] [pid 29170] [client 20.46.120.47:0] script '/domains/samscars/file5.php' not found or unable to stat
[Sun Feb 08 00:38:09.523429 2026] [php:error] [pid 29173] [client 194.5.82.78:0] script '/domains/agribiz/x.php' not found or unable to stat
[Sun Feb 08 00:38:09.736334 2026] [php:error] [pid 29173] [client 194.5.82.78:0] script '/domains/agribiz/test.php' not found or unable to stat
[Sun Feb 08 00:38:09.958084 2026] [php:error] [pid 29173] [client 194.5.82.78:0] script '/domains/agribiz/k.php' not found or unable to stat
[Sun Feb 08 00:38:10.386298 2026] [php:error] [pid 29173] [client 194.5.82.78:0] script '/domains/agribiz/admin.php' not found or unable to stat
[Sun Feb 08 00:38:10.618748 2026] [php:error] [pid 29173] [client 194.5.82.78:0] script '/domains/agribiz/bless.php' not found or unable to stat
[Sun Feb 08 00:38:10.831567 2026] [php:error] [pid 29173] [client 194.5.82.78:0] script '/domains/agribiz/about.php' not found or unable to stat
[Sun Feb 08 00:38:11.045577 2026] [php:error] [pid 29173] [client 194.5.82.78:0] script '/domains/agribiz/403.php' not found or unable to stat
[Sun Feb 08 00:38:11.468032 2026] [php:error] [pid 29173] [client 194.5.82.78:0] script '/domains/agribiz/goods.php' not found or unable to stat
[Sun Feb 08 00:38:11.681115 2026] [php:error] [pid 29173] [client 194.5.82.78:0] script '/domains/agribiz/ioxi-o.php' not found or unable to stat
[Sun Feb 08 00:38:12.115432 2026] [php:error] [pid 29173] [client 194.5.82.78:0] script '/domains/agribiz/alfa.php' not found or unable to stat
[Sun Feb 08 00:38:12.326719 2026] [php:error] [pid 29173] [client 194.5.82.78:0] script '/domains/agribiz/wp-themes.php' not found or unable to stat
[Sun Feb 08 00:38:12.483534 2026] [php:error] [pid 29170] [client 20.46.120.47:0] script '/domains/samscars/xmlrpc.php' not found or unable to stat
[Sun Feb 08 00:38:12.650224 2026] [php:error] [pid 29170] [client 20.46.120.47:0] script '/domains/samscars/alfa.php' not found or unable to stat
[Sun Feb 08 00:38:12.973998 2026] [php:error] [pid 29173] [client 194.5.82.78:0] script '/domains/agribiz/defaults.php' not found or unable to stat
[Sun Feb 08 00:38:13.301635 2026] [php:error] [pid 29170] [client 20.46.120.47:0] script '/domains/samscars/as.php' not found or unable to stat
[Sun Feb 08 00:38:13.409598 2026] [php:error] [pid 29173] [client 194.5.82.78:0] script '/domains/agribiz/gel4y.php' not found or unable to stat
[Sun Feb 08 00:38:13.631429 2026] [php:error] [pid 29173] [client 194.5.82.78:0] script '/domains/agribiz/fm.php' not found or unable to stat
[Sun Feb 08 00:38:13.637136 2026] [php:error] [pid 29170] [client 20.46.120.47:0] script '/domains/samscars/class-t.api.php' not found or unable to stat
[Sun Feb 08 00:38:14.057040 2026] [php:error] [pid 29173] [client 194.5.82.78:0] script '/domains/agribiz/wp-links-opml.php' not found or unable to stat
[Sun Feb 08 00:38:14.267877 2026] [php:error] [pid 29173] [client 194.5.82.78:0] script '/domains/agribiz/radio.php' not found or unable to stat
[Sun Feb 08 00:38:14.482582 2026] [php:error] [pid 29173] [client 194.5.82.78:0] script '/domains/agribiz/simple.php' not found or unable to stat
[Sun Feb 08 00:38:14.585530 2026] [php:error] [pid 29170] [client 20.46.120.47:0] script '/domains/samscars/indoxploit.php' not found or unable to stat
[Sun Feb 08 00:38:14.702100 2026] [php:error] [pid 29173] [client 194.5.82.78:0] script '/domains/agribiz/1.php' not found or unable to stat
[Sun Feb 08 00:38:14.933429 2026] [php:error] [pid 29173] [client 194.5.82.78:0] script '/domains/agribiz/manager.php' not found or unable to stat
[Sun Feb 08 00:38:15.145612 2026] [php:error] [pid 29173] [client 194.5.82.78:0] script '/domains/agribiz/admin.php' not found or unable to stat
[Sun Feb 08 00:38:15.226221 2026] [php:error] [pid 29170] [client 20.46.120.47:0] script '/domains/samscars/shell.php' not found or unable to stat
[Sun Feb 08 00:38:15.569503 2026] [php:error] [pid 29173] [client 194.5.82.78:0] script '/domains/agribiz/av.php' not found or unable to stat
[Sun Feb 08 00:38:15.799415 2026] [php:error] [pid 29173] [client 194.5.82.78:0] script '/domains/agribiz/buy.php' not found or unable to stat
[Sun Feb 08 00:38:16.009449 2026] [php:error] [pid 29173] [client 194.5.82.78:0] script '/domains/agribiz/dropdown.php' not found or unable to stat
[Sun Feb 08 00:38:16.068919 2026] [php:error] [pid 29170] [client 20.46.120.47:0] script '/domains/samscars/system.php' not found or unable to stat
[Sun Feb 08 00:38:16.222551 2026] [php:error] [pid 29173] [client 194.5.82.78:0] script '/domains/agribiz/vx.php' not found or unable to stat
[Sun Feb 08 00:38:16.244790 2026] [php:error] [pid 29170] [client 20.46.120.47:0] script '/domains/samscars/wp-admin.php' not found or unable to stat
[Sun Feb 08 00:38:16.660835 2026] [php:error] [pid 29173] [client 194.5.82.78:0] script '/domains/agribiz/xmrlpc.php' not found or unable to stat
[Sun Feb 08 00:38:16.902358 2026] [php:error] [pid 29173] [client 194.5.82.78:0] script '/domains/agribiz/wp.php' not found or unable to stat
[Sun Feb 08 00:38:17.157755 2026] [php:error] [pid 29173] [client 194.5.82.78:0] script '/domains/agribiz/inputs.php' not found or unable to stat
[Sun Feb 08 00:38:17.586440 2026] [php:error] [pid 29173] [client 194.5.82.78:0] script '/domains/agribiz/new.php' not found or unable to stat
[Sun Feb 08 00:38:18.021202 2026] [php:error] [pid 29173] [client 194.5.82.78:0] script '/domains/agribiz/inputs.php' not found or unable to stat
[Sun Feb 08 00:38:18.232562 2026] [php:error] [pid 29173] [client 194.5.82.78:0] script '/domains/agribiz/options-reading.php' not found or unable to stat
[Sun Feb 08 00:38:18.444776 2026] [php:error] [pid 29173] [client 194.5.82.78:0] script '/domains/agribiz/abcd.php' not found or unable to stat
[Sun Feb 08 00:38:18.656231 2026] [php:error] [pid 29173] [client 194.5.82.78:0] script '/domains/agribiz/wp-editor.php' not found or unable to stat
[Sun Feb 08 00:38:18.866658 2026] [php:error] [pid 29173] [client 194.5.82.78:0] script '/domains/agribiz/ws.php' not found or unable to stat
[Sun Feb 08 00:38:19.307223 2026] [php:error] [pid 29173] [client 194.5.82.78:0] script '/domains/agribiz/yas.php' not found or unable to stat
[Sun Feb 08 00:38:19.407817 2026] [php:error] [pid 29170] [client 20.46.120.47:0] script '/domains/samscars/wp-block.php' not found or unable to stat
[Sun Feb 08 00:38:20.177679 2026] [php:error] [pid 29173] [client 194.5.82.78:0] script '/domains/agribiz/wp-mail.php' not found or unable to stat
[Sun Feb 08 00:38:20.396186 2026] [php:error] [pid 29173] [client 194.5.82.78:0] script '/domains/agribiz/install.php' not found or unable to stat
[Sun Feb 08 00:38:20.596809 2026] [php:error] [pid 29170] [client 20.46.120.47:0] script '/domains/samscars/wp-good.php' not found or unable to stat
[Sun Feb 08 00:38:20.624434 2026] [php:error] [pid 29173] [client 194.5.82.78:0] script '/domains/agribiz/item.php' not found or unable to stat
[Sun Feb 08 00:38:20.863192 2026] [php:error] [pid 29173] [client 194.5.82.78:0] script '/domains/agribiz/www.php' not found or unable to stat
[Sun Feb 08 00:38:21.306871 2026] [php:error] [pid 29173] [client 194.5.82.78:0] script '/domains/agribiz/wp-conflg.php' not found or unable to stat
[Sun Feb 08 00:38:21.524030 2026] [php:error] [pid 29173] [client 194.5.82.78:0] script '/domains/agribiz/num.php' not found or unable to stat
[Sun Feb 08 00:38:21.738293 2026] [php:error] [pid 29173] [client 194.5.82.78:0] script '/domains/agribiz/default.php' not found or unable to stat
[Sun Feb 08 00:38:21.959654 2026] [php:error] [pid 29173] [client 194.5.82.78:0] script '/domains/agribiz/z.php' not found or unable to stat
[Sun Feb 08 00:38:22.176420 2026] [php:error] [pid 29173] [client 194.5.82.78:0] script '/domains/agribiz/past.php' not found or unable to stat
[Sun Feb 08 00:38:23.140216 2026] [php:error] [pid 29179] [client 34.96.162.58:0] script '/domains/covertcomic/adminer-5.0.1-mysql.php' not found or unable to stat
[Sun Feb 08 00:38:23.830963 2026] [php:error] [pid 29178] [client 194.5.82.101:0] script '/domains/agribiz/system_log.php' not found or unable to stat
[Sun Feb 08 00:38:24.137981 2026] [php:error] [pid 29181] [client 20.46.120.47:0] script '/domains/samscars/01.php' not found or unable to stat
[Sun Feb 08 00:38:24.258077 2026] [php:error] [pid 29178] [client 194.5.82.101:0] script '/domains/agribiz/makeasmtp.php' not found or unable to stat
[Sun Feb 08 00:38:24.469847 2026] [php:error] [pid 29181] [client 20.46.120.47:0] script '/domains/samscars/222.php' not found or unable to stat
[Sun Feb 08 00:38:24.472894 2026] [php:error] [pid 29178] [client 194.5.82.101:0] script '/domains/agribiz/shell.php' not found or unable to stat
[Sun Feb 08 00:38:24.629609 2026] [php:error] [pid 29181] [client 20.46.120.47:0] script '/domains/samscars/403.php' not found or unable to stat
[Sun Feb 08 00:38:24.712120 2026] [php:error] [pid 29178] [client 194.5.82.101:0] script '/domains/agribiz/wso.php' not found or unable to stat
[Sun Feb 08 00:38:24.852127 2026] [php:error] [pid 29181] [client 20.46.120.47:0] script '/domains/samscars/404.php' not found or unable to stat
[Sun Feb 08 00:38:24.930976 2026] [php:error] [pid 29178] [client 194.5.82.101:0] script '/domains/agribiz/as.php' not found or unable to stat
[Sun Feb 08 00:38:25.374236 2026] [php:error] [pid 29178] [client 194.5.82.101:0] script '/domains/agribiz/wp-atom.php' not found or unable to stat
[Sun Feb 08 00:38:25.476438 2026] [php:error] [pid 29181] [client 20.46.120.47:0] script '/domains/samscars/Q.php' not found or unable to stat
[Sun Feb 08 00:38:26.030990 2026] [php:error] [pid 29178] [client 194.5.82.101:0] script '/domains/agribiz/moon.php' not found or unable to stat
[Sun Feb 08 00:38:26.204362 2026] [php:error] [pid 29181] [client 20.46.120.47:0] script '/domains/samscars/WSO.php' not found or unable to stat
[Sun Feb 08 00:38:26.377258 2026] [php:error] [pid 29181] [client 20.46.120.47:0] script '/domains/samscars/abc.php' not found or unable to stat
[Sun Feb 08 00:38:26.647776 2026] [php:error] [pid 29181] [client 20.46.120.47:0] script '/domains/samscars/abcd.php' not found or unable to stat
[Sun Feb 08 00:38:26.678066 2026] [php:error] [pid 29178] [client 194.5.82.101:0] script '/domains/agribiz/mah.php' not found or unable to stat
[Sun Feb 08 00:38:26.910884 2026] [php:error] [pid 29178] [client 194.5.82.101:0] script '/domains/agribiz/shell20211028.php' not found or unable to stat
[Sun Feb 08 00:38:27.555807 2026] [php:error] [pid 29178] [client 194.5.82.101:0] script '/domains/agribiz/wp-user.php' not found or unable to stat
[Sun Feb 08 00:38:27.768396 2026] [php:error] [pid 29178] [client 194.5.82.101:0] script '/domains/agribiz/nc4.php' not found or unable to stat
[Sun Feb 08 00:38:28.205816 2026] [php:error] [pid 29178] [client 194.5.82.101:0] script '/domains/agribiz/content.php' not found or unable to stat
[Sun Feb 08 00:38:28.420383 2026] [php:error] [pid 29178] [client 194.5.82.101:0] script '/domains/agribiz/mini.php' not found or unable to stat
[Sun Feb 08 00:38:28.637832 2026] [php:error] [pid 29178] [client 194.5.82.101:0] script '/domains/agribiz/nf_tracking.php' not found or unable to stat
[Sun Feb 08 00:38:28.969227 2026] [php:error] [pid 29181] [client 20.46.120.47:0] script '/domains/samscars/byp.php' not found or unable to stat
[Sun Feb 08 00:38:29.145487 2026] [php:error] [pid 29181] [client 20.46.120.47:0] script '/domains/samscars/c.php' not found or unable to stat
[Sun Feb 08 00:38:29.801135 2026] [php:error] [pid 29178] [client 194.5.82.101:0] script '/domains/agribiz/a.php' not found or unable to stat
[Sun Feb 08 00:38:29.838641 2026] [php:error] [pid 29181] [client 20.46.120.47:0] script '/domains/samscars/ca4.php' not found or unable to stat
[Sun Feb 08 00:38:30.038426 2026] [php:error] [pid 29178] [client 194.5.82.101:0] script '/domains/agribiz/hilk.php' not found or unable to stat
[Sun Feb 08 00:38:30.280841 2026] [php:error] [pid 29178] [client 194.5.82.101:0] script '/domains/agribiz/lv.php' not found or unable to stat
[Sun Feb 08 00:38:30.715881 2026] [php:error] [pid 29178] [client 194.5.82.101:0] script '/domains/agribiz/worksec.php' not found or unable to stat
[Sun Feb 08 00:38:31.634249 2026] [php:error] [pid 29178] [client 194.5.82.101:0] script '/domains/agribiz/autoload_classmap.php' not found or unable to stat
[Sun Feb 08 00:38:31.831610 2026] [php:error] [pid 29181] [client 20.46.120.47:0] script '/domains/samscars/config.php' not found or unable to stat
[Sun Feb 08 00:38:32.009830 2026] [php:error] [pid 29181] [client 20.46.120.47:0] script '/domains/samscars/content.php' not found or unable to stat
[Sun Feb 08 00:38:32.070594 2026] [php:error] [pid 29178] [client 194.5.82.101:0] script '/domains/agribiz/asasx.php' not found or unable to stat
[Sun Feb 08 00:38:32.169926 2026] [php:error] [pid 29181] [client 20.46.120.47:0] script '/domains/samscars/favicon.php' not found or unable to stat
[Sun Feb 08 00:38:32.727004 2026] [php:error] [pid 29178] [client 194.5.82.101:0] script '/domains/agribiz/elp.php' not found or unable to stat
[Sun Feb 08 00:38:32.940247 2026] [php:error] [pid 29178] [client 194.5.82.101:0] script '/domains/agribiz/manager.php' not found or unable to stat
[Sun Feb 08 00:38:33.147803 2026] [php:error] [pid 29181] [client 20.46.120.47:0] script '/domains/samscars/file56.php' not found or unable to stat
[Sun Feb 08 00:38:33.327634 2026] [php:error] [pid 29181] [client 20.46.120.47:0] script '/domains/samscars/flower.php' not found or unable to stat
[Sun Feb 08 00:38:33.403920 2026] [php:error] [pid 29178] [client 194.5.82.101:0] script '/domains/agribiz/api.php' not found or unable to stat
[Sun Feb 08 00:38:33.498933 2026] [php:error] [pid 29181] [client 20.46.120.47:0] script '/domains/samscars/fw.php' not found or unable to stat
[Sun Feb 08 00:38:33.660747 2026] [php:error] [pid 29181] [client 20.46.120.47:0] script '/domains/samscars/gecko-new.php' not found or unable to stat
[Sun Feb 08 00:38:33.834438 2026] [php:error] [pid 29178] [client 194.5.82.101:0] script '/domains/agribiz/load.php' not found or unable to stat
[Sun Feb 08 00:38:34.265171 2026] [php:error] [pid 29178] [client 194.5.82.101:0] script '/domains/agribiz/wp-trackback.php' not found or unable to stat
[Sun Feb 08 00:38:34.515124 2026] [php:error] [pid 29178] [client 194.5.82.101:0] script '/domains/agribiz/cgi-bin/file.php' not found or unable to stat
[Sun Feb 08 00:38:34.734627 2026] [php:error] [pid 29178] [client 194.5.82.101:0] script '/domains/agribiz/makeasmtp.php' not found or unable to stat
[Sun Feb 08 00:38:35.165440 2026] [php:error] [pid 29178] [client 194.5.82.101:0] script '/domains/agribiz/class.api.php' not found or unable to stat
[Sun Feb 08 00:38:36.252039 2026] [php:error] [pid 29178] [client 194.5.82.101:0] script '/domains/agribiz/about.php' not found or unable to stat
[Sun Feb 08 00:38:36.475214 2026] [php:error] [pid 29178] [client 194.5.82.101:0] script '/domains/agribiz/doc.php' not found or unable to stat
[Sun Feb 08 00:38:36.687289 2026] [php:error] [pid 29178] [client 194.5.82.101:0] script '/domains/agribiz/xx.php' not found or unable to stat
[Sun Feb 08 00:38:36.898672 2026] [php:error] [pid 29178] [client 194.5.82.101:0] script '/domains/agribiz/akcc.php' not found or unable to stat
[Sun Feb 08 00:38:37.999998 2026] [php:error] [pid 29178] [client 194.5.82.101:0] script '/domains/agribiz/cong.php' not found or unable to stat
[Sun Feb 08 00:38:38.647420 2026] [php:error] [pid 29178] [client 194.5.82.101:0] script '/domains/agribiz/gg.php' not found or unable to stat
[Sun Feb 08 00:38:39.104736 2026] [php:error] [pid 29178] [client 194.5.82.101:0] script '/domains/agribiz/wp-admin.php' not found or unable to stat
[Sun Feb 08 00:38:39.544578 2026] [php:error] [pid 29178] [client 194.5.82.101:0] script '/domains/agribiz/contact.php' not found or unable to stat
[Sun Feb 08 00:38:39.756372 2026] [php:error] [pid 29178] [client 194.5.82.101:0] script '/domains/agribiz/rzki.php' not found or unable to stat
[Sun Feb 08 00:38:39.971024 2026] [php:error] [pid 29178] [client 194.5.82.101:0] script '/domains/agribiz/dropdown.php' not found or unable to stat
[Sun Feb 08 00:38:40.838784 2026] [php:error] [pid 29178] [client 194.5.82.101:0] script '/domains/agribiz/fm1.php' not found or unable to stat
[Sun Feb 08 00:38:41.050205 2026] [php:error] [pid 29178] [client 194.5.82.101:0] script '/domains/agribiz/up.php' not found or unable to stat
[Sun Feb 08 00:38:41.561108 2026] [php:error] [pid 29178] [client 194.5.82.101:0] script '/domains/agribiz/cache.php' not found or unable to stat
[Sun Feb 08 00:38:42.027486 2026] [php:error] [pid 29180] [client 23.100.66.55:0] script '/domains/sjsachs/x9.php' not found or unable to stat
[Sun Feb 08 00:38:42.042514 2026] [php:error] [pid 29180] [client 23.100.66.55:0] script '/domains/sjsachs/grsiuk.php' not found or unable to stat
[Sun Feb 08 00:38:42.054665 2026] [php:error] [pid 29180] [client 23.100.66.55:0] script '/domains/sjsachs/byel.php' not found or unable to stat
[Sun Feb 08 00:38:42.064327 2026] [php:error] [pid 29180] [client 23.100.66.55:0] script '/domains/sjsachs/layou.php' not found or unable to stat
[Sun Feb 08 00:38:42.076688 2026] [php:error] [pid 29180] [client 23.100.66.55:0] script '/domains/sjsachs/lgsts.php' not found or unable to stat
[Sun Feb 08 00:38:42.093106 2026] [php:error] [pid 29180] [client 23.100.66.55:0] script '/domains/sjsachs/tourpa.php' not found or unable to stat
[Sun Feb 08 00:38:42.105492 2026] [php:error] [pid 29180] [client 23.100.66.55:0] script '/domains/sjsachs/yvtuizub.php' not found or unable to stat
[Sun Feb 08 00:38:42.113201 2026] [php:error] [pid 29180] [client 23.100.66.55:0] script '/domains/sjsachs/mln.php' not found or unable to stat
[Sun Feb 08 00:38:42.120897 2026] [php:error] [pid 29180] [client 23.100.66.55:0] script '/domains/sjsachs/inege.php' not found or unable to stat
[Sun Feb 08 00:38:42.456741 2026] [php:error] [pid 29178] [client 194.5.82.101:0] script '/domains/agribiz/packed.php' not found or unable to stat
[Sun Feb 08 00:38:42.708011 2026] [php:error] [pid 29178] [client 194.5.82.101:0] script '/domains/agribiz/admin.php' not found or unable to stat
[Sun Feb 08 00:38:42.932306 2026] [php:error] [pid 29178] [client 194.5.82.101:0] script '/domains/agribiz/classwithtostring.php' not found or unable to stat
[Sun Feb 08 00:38:43.359235 2026] [php:error] [pid 29178] [client 194.5.82.101:0] script '/domains/agribiz/wp-2019.php' not found or unable to stat
[Sun Feb 08 00:38:43.794143 2026] [php:error] [pid 29178] [client 194.5.82.101:0] script '/domains/agribiz/w.php' not found or unable to stat
[Sun Feb 08 00:38:44.008561 2026] [php:error] [pid 29178] [client 194.5.82.101:0] script '/domains/agribiz/option-old.php' not found or unable to stat
[Sun Feb 08 00:38:44.696621 2026] [php:error] [pid 29178] [client 194.5.82.101:0] script '/domains/agribiz/cgi-bin/xmrlpc.php' not found or unable to stat
[Sun Feb 08 00:38:45.128874 2026] [php:error] [pid 29178] [client 194.5.82.101:0] script '/domains/agribiz/cord.php' not found or unable to stat
[Sun Feb 08 00:38:45.348242 2026] [php:error] [pid 29178] [client 194.5.82.101:0] script '/domains/agribiz/xleet.php' not found or unable to stat
[Sun Feb 08 00:38:45.560921 2026] [php:error] [pid 29178] [client 194.5.82.101:0] script '/domains/agribiz/wp-links.php' not found or unable to stat
[Sun Feb 08 00:38:47.537848 2026] [php:error] [pid 29173] [client 194.5.82.104:0] script '/domains/agribiz/images/install.php' not found or unable to stat
[Sun Feb 08 00:38:47.768310 2026] [php:error] [pid 29173] [client 194.5.82.104:0] script '/domains/agribiz/file5.php' not found or unable to stat
[Sun Feb 08 00:38:47.992302 2026] [php:error] [pid 29173] [client 194.5.82.104:0] script '/domains/agribiz/file2.php' not found or unable to stat
[Sun Feb 08 00:38:48.838260 2026] [php:error] [pid 29173] [client 194.5.82.104:0] script '/domains/agribiz/file-manager.php' not found or unable to stat
[Sun Feb 08 00:38:49.277040 2026] [php:error] [pid 29173] [client 194.5.82.104:0] script '/domains/agribiz/ar.php' not found or unable to stat
[Sun Feb 08 00:38:49.487183 2026] [php:error] [pid 29173] [client 194.5.82.104:0] script '/domains/agribiz/Sanskrit.php' not found or unable to stat
[Sun Feb 08 00:38:49.698707 2026] [php:error] [pid 29173] [client 194.5.82.104:0] script '/domains/agribiz/lock360.php' not found or unable to stat
[Sun Feb 08 00:38:50.121733 2026] [php:error] [pid 29173] [client 194.5.82.104:0] script '/domains/agribiz/elp.php' not found or unable to stat
[Sun Feb 08 00:38:51.000088 2026] [php:error] [pid 29173] [client 194.5.82.104:0] script '/domains/agribiz/m.php' not found or unable to stat
[Sun Feb 08 00:38:51.210402 2026] [php:error] [pid 29173] [client 194.5.82.104:0] script '/domains/agribiz/robots.php' not found or unable to stat
[Sun Feb 08 00:38:51.549890 2026] [php:error] [pid 29183] [client 34.96.162.50:0] script '/domains/covertcomic/adminer-5.4.1-en.php' not found or unable to stat
[Sun Feb 08 00:38:51.636395 2026] [php:error] [pid 29173] [client 194.5.82.104:0] script '/domains/agribiz/alfanew.php' not found or unable to stat
[Sun Feb 08 00:38:51.847450 2026] [php:error] [pid 29173] [client 194.5.82.104:0] script '/domains/agribiz/b.php' not found or unable to stat
[Sun Feb 08 00:38:52.064715 2026] [php:error] [pid 29173] [client 194.5.82.104:0] script '/domains/agribiz/tx20.php' not found or unable to stat
[Sun Feb 08 00:38:52.277488 2026] [php:error] [pid 29173] [client 194.5.82.104:0] script '/domains/agribiz/function.php' not found or unable to stat
[Sun Feb 08 00:38:53.123121 2026] [php:error] [pid 29173] [client 194.5.82.104:0] script '/domains/agribiz/files.php' not found or unable to stat
[Sun Feb 08 00:38:53.342292 2026] [php:error] [pid 29173] [client 194.5.82.104:0] script '/domains/agribiz/wso112233.php' not found or unable to stat
[Sun Feb 08 00:38:53.763371 2026] [php:error] [pid 29173] [client 194.5.82.104:0] script '/domains/agribiz/moon.php' not found or unable to stat
[Sun Feb 08 00:38:53.989778 2026] [php:error] [pid 29173] [client 194.5.82.104:0] script '/domains/agribiz/cc.php' not found or unable to stat
[Sun Feb 08 00:38:54.653707 2026] [php:error] [pid 29173] [client 194.5.82.104:0] script '/domains/agribiz/asasx.php' not found or unable to stat
[Sun Feb 08 00:38:54.870314 2026] [php:error] [pid 29173] [client 194.5.82.104:0] script '/domains/agribiz/images/admin.php' not found or unable to stat
[Sun Feb 08 00:38:55.088383 2026] [php:error] [pid 29173] [client 194.5.82.104:0] script '/domains/agribiz/natural.php' not found or unable to stat
[Sun Feb 08 00:38:55.509857 2026] [php:error] [pid 29173] [client 194.5.82.104:0] script '/domains/agribiz/wp-configs.php' not found or unable to stat
[Sun Feb 08 00:38:55.737739 2026] [php:error] [pid 29173] [client 194.5.82.104:0] script '/domains/agribiz/geju.php' not found or unable to stat
[Sun Feb 08 00:38:55.961995 2026] [php:error] [pid 29173] [client 194.5.82.104:0] script '/domains/agribiz/test1.php' not found or unable to stat
[Sun Feb 08 00:38:56.596653 2026] [php:error] [pid 29173] [client 194.5.82.104:0] script '/domains/agribiz/mar.php' not found or unable to stat
[Sun Feb 08 00:38:56.806447 2026] [php:error] [pid 29173] [client 194.5.82.104:0] script '/domains/agribiz/woh.php' not found or unable to stat
