[Sun Feb 08 00:23:03.745918 2026] [php:error] [pid 28975] [client 4.217.217.16:0] script '/domains/takie/install.php' not found or unable to stat
[Sun Feb 08 00:23:03.902558 2026] [php:error] [pid 28983] [client 40.89.140.250:0] script '/domains/memanuel/2026.php' not found or unable to stat
[Sun Feb 08 00:23:03.926599 2026] [php:error] [pid 28975] [client 4.217.217.16:0] script '/domains/takie/Geforce.php' not found or unable to stat
[Sun Feb 08 00:23:03.990579 2026] [php:error] [pid 28983] [client 40.89.140.250:0] script '/domains/memanuel/muzu.php' not found or unable to stat
[Sun Feb 08 00:23:04.078962 2026] [php:error] [pid 28983] [client 40.89.140.250:0] script '/domains/memanuel/reze.php' not found or unable to stat
[Sun Feb 08 00:23:04.106067 2026] [php:error] [pid 28975] [client 4.217.217.16:0] script '/domains/takie/nyan.php' not found or unable to stat
[Sun Feb 08 00:23:04.169117 2026] [php:error] [pid 28983] [client 40.89.140.250:0] script '/domains/memanuel/jsond.php' not found or unable to stat
[Sun Feb 08 00:23:04.267926 2026] [php:error] [pid 28983] [client 40.89.140.250:0] script '/domains/memanuel/x7.php' not found or unable to stat
[Sun Feb 08 00:23:04.387675 2026] [php:error] [pid 28983] [client 40.89.140.250:0] script '/domains/memanuel/bgymj.php' not found or unable to stat
[Sun Feb 08 00:23:04.563622 2026] [php:error] [pid 28983] [client 40.89.140.250:0] script '/domains/memanuel/lala.php' not found or unable to stat
[Sun Feb 08 00:23:04.720532 2026] [php:error] [pid 28983] [client 40.89.140.250:0] script '/domains/memanuel/8xyz.php' not found or unable to stat
[Sun Feb 08 00:23:04.822606 2026] [php:error] [pid 28975] [client 4.217.217.16:0] script '/domains/takie/wrt.php' not found or unable to stat
[Sun Feb 08 00:23:04.827943 2026] [php:error] [pid 28983] [client 40.89.140.250:0] script '/domains/memanuel/wsd.php' not found or unable to stat
[Sun Feb 08 00:23:05.001117 2026] [php:error] [pid 28975] [client 4.217.217.16:0] script '/domains/takie/403.php' not found or unable to stat
[Sun Feb 08 00:23:05.042829 2026] [php:error] [pid 28983] [client 40.89.140.250:0] script '/domains/memanuel/la.php' not found or unable to stat
[Sun Feb 08 00:23:05.180874 2026] [php:error] [pid 28975] [client 4.217.217.16:0] script '/domains/takie/shell20211028.php' not found or unable to stat
[Sun Feb 08 00:23:05.205983 2026] [php:error] [pid 28983] [client 40.89.140.250:0] script '/domains/memanuel/Wp-good.php' not found or unable to stat
[Sun Feb 08 00:23:05.361084 2026] [php:error] [pid 28975] [client 4.217.217.16:0] script '/domains/takie/gm.php' not found or unable to stat
[Sun Feb 08 00:23:05.474644 2026] [php:error] [pid 28983] [client 40.89.140.250:0] script '/domains/memanuel/tphp.php' not found or unable to stat
[Sun Feb 08 00:23:05.566809 2026] [php:error] [pid 28983] [client 40.89.140.250:0] script '/domains/memanuel/a1.php' not found or unable to stat
[Sun Feb 08 00:23:05.719231 2026] [php:error] [pid 28975] [client 4.217.217.16:0] script '/domains/takie/n3.php' not found or unable to stat
[Sun Feb 08 00:23:05.815838 2026] [php:error] [pid 28983] [client 40.89.140.250:0] script '/domains/memanuel/nyan.php' not found or unable to stat
[Sun Feb 08 00:23:06.092857 2026] [php:error] [pid 28975] [client 4.217.217.16:0] script '/domains/takie/environment.php' not found or unable to stat
[Sun Feb 08 00:23:06.119052 2026] [php:error] [pid 28983] [client 40.89.140.250:0] script '/domains/memanuel/autoload_classmap.php' not found or unable to stat
[Sun Feb 08 00:23:06.422391 2026] [php:error] [pid 28983] [client 40.89.140.250:0] script '/domains/memanuel/alfa.php' not found or unable to stat
[Sun Feb 08 00:23:06.453105 2026] [php:error] [pid 28975] [client 4.217.217.16:0] script '/domains/takie/bnn_.php' not found or unable to stat
[Sun Feb 08 00:23:06.620345 2026] [php:error] [pid 28983] [client 40.89.140.250:0] script '/domains/memanuel/luxe.php' not found or unable to stat
[Sun Feb 08 00:23:06.632071 2026] [php:error] [pid 28975] [client 4.217.217.16:0] script '/domains/takie/1337.php' not found or unable to stat
[Sun Feb 08 00:23:06.810686 2026] [php:error] [pid 28975] [client 4.217.217.16:0] script '/domains/takie/test.php' not found or unable to stat
[Sun Feb 08 00:23:06.959521 2026] [php:error] [pid 28963] [client 20.205.200.255:0] script '/domains/hans.interport/adminfuns.php' not found or unable to stat
[Sun Feb 08 00:23:06.968260 2026] [php:error] [pid 28983] [client 40.89.140.250:0] script '/domains/memanuel/rezor.php' not found or unable to stat
[Sun Feb 08 00:23:06.990459 2026] [php:error] [pid 28975] [client 4.217.217.16:0] script '/domains/takie/menu.php' not found or unable to stat
[Sun Feb 08 00:23:07.061677 2026] [php:error] [pid 28983] [client 40.89.140.250:0] script '/domains/memanuel/doc.php' not found or unable to stat
[Sun Feb 08 00:23:07.169271 2026] [php:error] [pid 28975] [client 4.217.217.16:0] script '/domains/takie/content.php' not found or unable to stat
[Sun Feb 08 00:23:07.212162 2026] [php:error] [pid 28963] [client 20.205.200.255:0] script '/domains/hans.interport/ahax.php' not found or unable to stat
[Sun Feb 08 00:23:07.347991 2026] [php:error] [pid 28975] [client 4.217.217.16:0] script '/domains/takie/wqqs.php' not found or unable to stat
[Sun Feb 08 00:23:07.526772 2026] [php:error] [pid 28975] [client 4.217.217.16:0] script '/domains/takie/ole.php' not found or unable to stat
[Sun Feb 08 00:23:07.884557 2026] [php:error] [pid 28975] [client 4.217.217.16:0] script '/domains/takie/p.php' not found or unable to stat
[Sun Feb 08 00:23:07.974861 2026] [php:error] [pid 28983] [client 40.89.140.250:0] script '/domains/memanuel/install.php' not found or unable to stat
[Sun Feb 08 00:23:08.063244 2026] [php:error] [pid 28975] [client 4.217.217.16:0] script '/domains/takie/ak.php' not found or unable to stat
[Sun Feb 08 00:23:08.420955 2026] [php:error] [pid 28975] [client 4.217.217.16:0] script '/domains/takie/mds.php' not found or unable to stat
[Sun Feb 08 00:23:08.429561 2026] [php:error] [pid 28983] [client 40.89.140.250:0] script '/domains/memanuel/sto.php' not found or unable to stat
[Sun Feb 08 00:23:08.517727 2026] [php:error] [pid 28983] [client 40.89.140.250:0] script '/domains/memanuel/x.php' not found or unable to stat
[Sun Feb 08 00:23:08.537279 2026] [php:error] [pid 28963] [client 20.205.200.255:0] script '/domains/hans.interport/autoload_classmap.php' not found or unable to stat
[Sun Feb 08 00:23:08.599896 2026] [php:error] [pid 28975] [client 4.217.217.16:0] script '/domains/takie/ellv3.php' not found or unable to stat
[Sun Feb 08 00:23:08.607322 2026] [php:error] [pid 28983] [client 40.89.140.250:0] script '/domains/memanuel/test.php' not found or unable to stat
[Sun Feb 08 00:23:08.778324 2026] [php:error] [pid 28975] [client 4.217.217.16:0] script '/domains/takie/inputs.php' not found or unable to stat
[Sun Feb 08 00:23:08.963769 2026] [php:error] [pid 28975] [client 4.217.217.16:0] script '/domains/takie/ffd.php' not found or unable to stat
[Sun Feb 08 00:23:09.053483 2026] [php:error] [pid 28983] [client 40.89.140.250:0] script '/domains/memanuel/n3.php' not found or unable to stat
[Sun Feb 08 00:23:09.065102 2026] [php:error] [pid 28963] [client 20.205.200.255:0] script '/domains/hans.interport/file.php' not found or unable to stat
[Sun Feb 08 00:23:09.281147 2026] [php:error] [pid 28983] [client 40.89.140.250:0] script '/domains/memanuel/o.php' not found or unable to stat
[Sun Feb 08 00:23:09.320525 2026] [php:error] [pid 28975] [client 4.217.217.16:0] script '/domains/takie/x_3.php' not found or unable to stat
[Sun Feb 08 00:23:09.499033 2026] [php:error] [pid 28975] [client 4.217.217.16:0] script '/domains/takie/wp_wlx.php' not found or unable to stat
[Sun Feb 08 00:23:09.656307 2026] [php:error] [pid 28983] [client 40.89.140.250:0] script '/domains/memanuel/class-t.api.php' not found or unable to stat
[Sun Feb 08 00:23:09.834252 2026] [php:error] [pid 28983] [client 40.89.140.250:0] script '/domains/memanuel/wp.php' not found or unable to stat
[Sun Feb 08 00:23:10.218027 2026] [php:error] [pid 28963] [client 20.205.200.255:0] script '/domains/hans.interport/file5.php' not found or unable to stat
[Sun Feb 08 00:23:10.275113 2026] [php:error] [pid 28983] [client 40.89.140.250:0] script '/domains/memanuel/h.php' not found or unable to stat
[Sun Feb 08 00:23:10.488649 2026] [php:error] [pid 28983] [client 40.89.140.250:0] script '/domains/memanuel/wrt.php' not found or unable to stat
[Sun Feb 08 00:23:10.596226 2026] [php:error] [pid 28997] [client 4.217.217.16:0] script '/domains/takie/oivcl.php' not found or unable to stat
[Sun Feb 08 00:23:10.822599 2026] [php:error] [pid 28983] [client 40.89.140.250:0] script '/domains/memanuel/images/c99.php' not found or unable to stat
[Sun Feb 08 00:23:10.917094 2026] [php:error] [pid 28983] [client 40.89.140.250:0] script '/domains/memanuel/png.php' not found or unable to stat
[Sun Feb 08 00:23:10.952831 2026] [php:error] [pid 28997] [client 4.217.217.16:0] script '/domains/takie/o.php' not found or unable to stat
[Sun Feb 08 00:23:11.112913 2026] [php:error] [pid 28983] [client 40.89.140.250:0] script '/domains/memanuel/zwso.php' not found or unable to stat
[Sun Feb 08 00:23:11.131212 2026] [php:error] [pid 28997] [client 4.217.217.16:0] script '/domains/takie/asd67.php' not found or unable to stat
[Sun Feb 08 00:23:11.624098 2026] [php:error] [pid 28983] [client 40.89.140.250:0] script '/domains/memanuel/ton.php' not found or unable to stat
[Sun Feb 08 00:23:11.667646 2026] [php:error] [pid 28997] [client 4.217.217.16:0] script '/domains/takie/mar.php' not found or unable to stat
[Sun Feb 08 00:23:11.821155 2026] [php:error] [pid 28983] [client 40.89.140.250:0] script '/domains/memanuel/wso.php' not found or unable to stat
[Sun Feb 08 00:23:11.891480 2026] [php:error] [pid 28997] [client 4.217.217.16:0] script '/domains/takie/raw.php' not found or unable to stat
[Sun Feb 08 00:23:12.069768 2026] [php:error] [pid 28997] [client 4.217.217.16:0] script '/domains/takie/a2.php' not found or unable to stat
[Sun Feb 08 00:23:12.190970 2026] [php:error] [pid 28983] [client 40.89.140.250:0] script '/domains/memanuel/a2.php' not found or unable to stat
[Sun Feb 08 00:23:12.360172 2026] [php:error] [pid 28983] [client 40.89.140.250:0] script '/domains/memanuel/shell.php' not found or unable to stat
[Sun Feb 08 00:23:12.426648 2026] [php:error] [pid 28997] [client 4.217.217.16:0] script '/domains/takie/mal.php' not found or unable to stat
[Sun Feb 08 00:23:12.559100 2026] [php:error] [pid 28983] [client 40.89.140.250:0] script '/domains/memanuel/sxo.php' not found or unable to stat
[Sun Feb 08 00:23:12.789851 2026] [php:error] [pid 28997] [client 4.217.217.16:0] script '/domains/takie/flower.php' not found or unable to stat
[Sun Feb 08 00:23:12.939380 2026] [php:error] [pid 28983] [client 40.89.140.250:0] script '/domains/memanuel/mans.php' not found or unable to stat
[Sun Feb 08 00:23:13.029162 2026] [php:error] [pid 28983] [client 40.89.140.250:0] script '/domains/memanuel/dropdown.php' not found or unable to stat
[Sun Feb 08 00:23:13.325407 2026] [php:error] [pid 28997] [client 4.217.217.16:0] script '/domains/takie/ph33w.php' not found or unable to stat
[Sun Feb 08 00:23:13.444382 2026] [php:error] [pid 28983] [client 40.89.140.250:0] script '/domains/memanuel/ze.php' not found or unable to stat
[Sun Feb 08 00:23:13.507035 2026] [php:error] [pid 28997] [client 4.217.217.16:0] script '/domains/takie/cv.php' not found or unable to stat
[Sun Feb 08 00:23:13.542175 2026] [php:error] [pid 28983] [client 40.89.140.250:0] script '/domains/memanuel/geck.php' not found or unable to stat
[Sun Feb 08 00:23:13.630298 2026] [php:error] [pid 28983] [client 40.89.140.250:0] script '/domains/memanuel/menu.php' not found or unable to stat
[Sun Feb 08 00:23:13.890186 2026] [php:error] [pid 28997] [client 4.217.217.16:0] script '/domains/takie/wp4.php' not found or unable to stat
[Sun Feb 08 00:23:14.047029 2026] [php:error] [pid 28983] [client 40.89.140.250:0] script '/domains/memanuel/flower.php' not found or unable to stat
[Sun Feb 08 00:23:14.201414 2026] [php:error] [pid 28983] [client 40.89.140.250:0] script '/domains/memanuel/ftp.php' not found or unable to stat
[Sun Feb 08 00:23:14.247347 2026] [php:error] [pid 28997] [client 4.217.217.16:0] script '/domains/takie/dropdown.php' not found or unable to stat
[Sun Feb 08 00:23:14.289493 2026] [php:error] [pid 28983] [client 40.89.140.250:0] script '/domains/memanuel/mds.php' not found or unable to stat
[Sun Feb 08 00:23:14.425763 2026] [php:error] [pid 28997] [client 4.217.217.16:0] script '/domains/takie/sxo.php' not found or unable to stat
[Sun Feb 08 00:23:14.458499 2026] [php:error] [pid 28983] [client 40.89.140.250:0] script '/domains/memanuel/ahax.php' not found or unable to stat
[Sun Feb 08 00:23:14.606918 2026] [php:error] [pid 28997] [client 4.217.217.16:0] script '/domains/takie/2026.php' not found or unable to stat
[Sun Feb 08 00:23:14.785300 2026] [php:error] [pid 28997] [client 4.217.217.16:0] script '/domains/takie/wp.php' not found or unable to stat
[Sun Feb 08 00:23:14.965543 2026] [php:error] [pid 28997] [client 4.217.217.16:0] script '/domains/takie/sto.php' not found or unable to stat
[Sun Feb 08 00:23:15.096713 2026] [php:error] [pid 28983] [client 40.89.140.250:0] script '/domains/memanuel/cool.php' not found or unable to stat
[Sun Feb 08 00:23:15.144495 2026] [php:error] [pid 28997] [client 4.217.217.16:0] script '/domains/takie/h.php' not found or unable to stat
[Sun Feb 08 00:23:15.185305 2026] [php:error] [pid 28983] [client 40.89.140.250:0] script '/domains/memanuel/gm.php' not found or unable to stat
[Sun Feb 08 00:23:15.319370 2026] [php:error] [pid 28983] [client 40.89.140.250:0] script '/domains/memanuel/simple.php' not found or unable to stat
[Sun Feb 08 00:23:15.322875 2026] [php:error] [pid 28997] [client 4.217.217.16:0] script '/domains/takie/tphp.php' not found or unable to stat
[Sun Feb 08 00:23:15.454130 2026] [php:error] [pid 28983] [client 40.89.140.250:0] script '/domains/memanuel/elp.php' not found or unable to stat
[Sun Feb 08 00:23:15.501204 2026] [php:error] [pid 28997] [client 4.217.217.16:0] script '/domains/takie/cs.php' not found or unable to stat
[Sun Feb 08 00:23:15.542183 2026] [php:error] [pid 28983] [client 40.89.140.250:0] script '/domains/memanuel/bolt.php' not found or unable to stat
[Sun Feb 08 00:23:15.679444 2026] [php:error] [pid 28997] [client 4.217.217.16:0] script '/domains/takie/user.php' not found or unable to stat
[Sun Feb 08 00:23:15.845089 2026] [php:error] [pid 28983] [client 40.89.140.250:0] script '/domains/memanuel/inputs.php' not found or unable to stat
[Sun Feb 08 00:23:16.036047 2026] [php:error] [pid 28997] [client 4.217.217.16:0] script '/domains/takie/8xyz.php' not found or unable to stat
[Sun Feb 08 00:23:16.133058 2026] [php:error] [pid 28983] [client 40.89.140.250:0] script '/domains/memanuel/system.php' not found or unable to stat
[Sun Feb 08 00:23:16.397476 2026] [php:error] [pid 28997] [client 4.217.217.16:0] script '/domains/takie/rezor.php' not found or unable to stat
[Sun Feb 08 00:23:16.539676 2026] [php:error] [pid 28983] [client 40.89.140.250:0] script '/domains/memanuel/an.php' not found or unable to stat
[Sun Feb 08 00:23:16.569383 2026] [php:error] [pid 28963] [client 20.205.200.255:0] script '/domains/hans.interport/xmlrpc.php' not found or unable to stat
[Sun Feb 08 00:23:16.576331 2026] [php:error] [pid 28997] [client 4.217.217.16:0] script '/domains/takie/Wp-good.php' not found or unable to stat
[Sun Feb 08 00:23:16.755580 2026] [php:error] [pid 28997] [client 4.217.217.16:0] script '/domains/takie/ze.php' not found or unable to stat
[Sun Feb 08 00:23:16.764843 2026] [php:error] [pid 28983] [client 40.89.140.250:0] script '/domains/memanuel/w.php' not found or unable to stat
[Sun Feb 08 00:23:16.934689 2026] [php:error] [pid 28997] [client 4.217.217.16:0] script '/domains/takie/bgymj.php' not found or unable to stat
[Sun Feb 08 00:23:16.984379 2026] [php:error] [pid 28983] [client 40.89.140.250:0] script '/domains/memanuel/gmo.php' not found or unable to stat
[Sun Feb 08 00:23:17.097576 2026] [php:error] [pid 28983] [client 40.89.140.250:0] script '/domains/memanuel/gib.php' not found or unable to stat
[Sun Feb 08 00:23:17.112994 2026] [php:error] [pid 28997] [client 4.217.217.16:0] script '/domains/takie/jmfi2.php' not found or unable to stat
[Sun Feb 08 00:23:17.183544 2026] [php:error] [pid 28963] [client 20.205.200.255:0] script '/domains/hans.interport/alfa.php' not found or unable to stat
[Sun Feb 08 00:23:17.247239 2026] [php:error] [pid 28983] [client 40.89.140.250:0] script '/domains/memanuel/wp-miiss.php.php' not found or unable to stat
[Sun Feb 08 00:23:17.294662 2026] [php:error] [pid 28997] [client 4.217.217.16:0] script '/domains/takie/x7.php' not found or unable to stat
[Sun Feb 08 00:23:17.476849 2026] [php:error] [pid 28997] [client 4.217.217.16:0] script '/domains/takie/hey.php' not found or unable to stat
[Sun Feb 08 00:23:17.526071 2026] [php:error] [pid 28983] [client 40.89.140.250:0] script '/domains/memanuel/moon.php' not found or unable to stat
[Sun Feb 08 00:23:17.614555 2026] [php:error] [pid 28983] [client 40.89.140.250:0] script '/domains/memanuel/filesss.php' not found or unable to stat
[Sun Feb 08 00:23:17.704798 2026] [php:error] [pid 28983] [client 40.89.140.250:0] script '/domains/memanuel/hey.php' not found or unable to stat
[Sun Feb 08 00:23:17.962392 2026] [php:error] [pid 28983] [client 40.89.140.250:0] script '/domains/memanuel/1337.php' not found or unable to stat
[Sun Feb 08 00:23:18.051015 2026] [php:error] [pid 28983] [client 40.89.140.250:0] script '/domains/memanuel/buy.php' not found or unable to stat
[Sun Feb 08 00:23:18.205371 2026] [php:error] [pid 28997] [client 4.217.217.16:0] script '/domains/takie/gib.php' not found or unable to stat
[Sun Feb 08 00:23:18.247198 2026] [php:error] [pid 28983] [client 40.89.140.250:0] script '/domains/memanuel/m.php' not found or unable to stat
[Sun Feb 08 00:23:18.375743 2026] [php:error] [pid 28963] [client 20.205.200.255:0] script '/domains/hans.interport/as.php' not found or unable to stat
[Sun Feb 08 00:23:18.385432 2026] [php:error] [pid 28997] [client 4.217.217.16:0] script '/domains/takie/wso.php' not found or unable to stat
[Sun Feb 08 00:23:18.564164 2026] [php:error] [pid 28997] [client 4.217.217.16:0] script '/domains/takie/x.php' not found or unable to stat
[Sun Feb 08 00:23:19.341409 2026] [php:error] [pid 28963] [client 20.205.200.255:0] script '/domains/hans.interport/class-t.api.php' not found or unable to stat
[Sun Feb 08 00:23:19.348560 2026] [php:error] [pid 29002] [client 40.89.140.250:0] script '/domains/memanuel/wp-is.php' not found or unable to stat
[Sun Feb 08 00:23:19.790369 2026] [php:error] [pid 29002] [client 40.89.140.250:0] script '/domains/memanuel/jmfi2.php' not found or unable to stat
[Sun Feb 08 00:23:19.988962 2026] [php:error] [pid 29002] [client 40.89.140.250:0] script '/domains/memanuel/bnn_.php' not found or unable to stat
[Sun Feb 08 00:23:20.234053 2026] [php:error] [pid 29002] [client 40.89.140.250:0] script '/domains/memanuel/hzz.php' not found or unable to stat
[Sun Feb 08 00:23:20.330336 2026] [php:error] [pid 29002] [client 40.89.140.250:0] script '/domains/memanuel/shell20211028.php' not found or unable to stat
[Sun Feb 08 00:23:20.417344 2026] [php:error] [pid 29002] [client 40.89.140.250:0] script '/domains/memanuel/content.php' not found or unable to stat
[Sun Feb 08 00:23:20.530079 2026] [php:error] [pid 28963] [client 20.205.200.255:0] script '/domains/hans.interport/indoxploit.php' not found or unable to stat
[Sun Feb 08 00:23:20.652599 2026] [php:error] [pid 29002] [client 40.89.140.250:0] script '/domains/memanuel/ps.php' not found or unable to stat
[Sun Feb 08 00:23:20.775457 2026] [php:error] [pid 28963] [client 20.205.200.255:0] script '/domains/hans.interport/shell.php' not found or unable to stat
[Sun Feb 08 00:23:21.011136 2026] [php:error] [pid 28963] [client 20.205.200.255:0] script '/domains/hans.interport/system.php' not found or unable to stat
[Sun Feb 08 00:23:21.022900 2026] [php:error] [pid 29002] [client 40.89.140.250:0] script '/domains/memanuel/cache.php' not found or unable to stat
[Sun Feb 08 00:23:21.109360 2026] [php:error] [pid 29002] [client 40.89.140.250:0] script '/domains/memanuel/ss.php' not found or unable to stat
[Sun Feb 08 00:23:21.199790 2026] [php:error] [pid 29002] [client 40.89.140.250:0] script '/domains/memanuel/p.php' not found or unable to stat
[Sun Feb 08 00:23:21.277282 2026] [php:error] [pid 28963] [client 20.205.200.255:0] script '/domains/hans.interport/wp-admin.php' not found or unable to stat
[Sun Feb 08 00:23:21.425228 2026] [php:error] [pid 29002] [client 40.89.140.250:0] script '/domains/memanuel/user.php' not found or unable to stat
[Sun Feb 08 00:23:21.963741 2026] [php:error] [pid 29002] [client 40.89.140.250:0] script '/domains/memanuel/wp.php' not found or unable to stat
[Sun Feb 08 00:23:22.066407 2026] [php:error] [pid 29002] [client 40.89.140.250:0] script '/domains/memanuel/rip.php' not found or unable to stat
[Sun Feb 08 00:23:22.164635 2026] [php:error] [pid 29002] [client 40.89.140.250:0] script '/domains/memanuel/wp4.php' not found or unable to stat
[Sun Feb 08 00:23:22.325221 2026] [php:error] [pid 29002] [client 40.89.140.250:0] script '/domains/memanuel/403.php' not found or unable to stat
[Sun Feb 08 00:23:22.583511 2026] [php:error] [pid 29002] [client 40.89.140.250:0] script '/domains/memanuel/asd67.php' not found or unable to stat
[Sun Feb 08 00:23:22.908046 2026] [php:error] [pid 29002] [client 40.89.140.250:0] script '/domains/memanuel/oivcl.php' not found or unable to stat
[Sun Feb 08 00:23:23.287100 2026] [php:error] [pid 29002] [client 40.89.140.250:0] script '/domains/memanuel/about.php' not found or unable to stat
[Sun Feb 08 00:23:23.474537 2026] [php:error] [pid 29002] [client 40.89.140.250:0] script '/domains/memanuel/v2.php' not found or unable to stat
[Sun Feb 08 00:23:23.995704 2026] [php:error] [pid 29002] [client 40.89.140.250:0] script '/domains/memanuel/dr.php' not found or unable to stat
[Sun Feb 08 00:23:24.090123 2026] [php:error] [pid 29002] [client 40.89.140.250:0] script '/domains/memanuel/raw.php' not found or unable to stat
[Sun Feb 08 00:23:24.586813 2026] [php:error] [pid 29002] [client 40.89.140.250:0] script '/domains/memanuel/ioxi-o2.php' not found or unable to stat
[Sun Feb 08 00:23:24.674255 2026] [php:error] [pid 29002] [client 40.89.140.250:0] script '/domains/memanuel/dropdown.php' not found or unable to stat
[Sun Feb 08 00:23:24.761309 2026] [php:error] [pid 29002] [client 40.89.140.250:0] script '/domains/memanuel/dlu.php' not found or unable to stat
[Sun Feb 08 00:23:25.181324 2026] [php:error] [pid 29002] [client 40.89.140.250:0] script '/domains/memanuel/db.php' not found or unable to stat
[Sun Feb 08 00:23:25.268617 2026] [php:error] [pid 29002] [client 40.89.140.250:0] script '/domains/memanuel/packed.php' not found or unable to stat
[Sun Feb 08 00:23:25.355547 2026] [php:error] [pid 29002] [client 40.89.140.250:0] script '/domains/memanuel/wp-configs.php' not found or unable to stat
[Sun Feb 08 00:23:25.358319 2026] [php:error] [pid 28963] [client 20.205.200.255:0] script '/domains/hans.interport/wp-block.php' not found or unable to stat
[Sun Feb 08 00:23:25.444606 2026] [php:error] [pid 29002] [client 40.89.140.250:0] script '/domains/memanuel/404.php' not found or unable to stat
[Sun Feb 08 00:23:25.532141 2026] [php:error] [pid 29002] [client 40.89.140.250:0] script '/domains/memanuel/des.php' not found or unable to stat
[Sun Feb 08 00:23:25.729596 2026] [php:error] [pid 29002] [client 40.89.140.250:0] script '/domains/memanuel/lufix.php' not found or unable to stat
[Sun Feb 08 00:23:26.051290 2026] [php:error] [pid 28963] [client 20.205.200.255:0] script '/domains/hans.interport/wp-good.php' not found or unable to stat
[Sun Feb 08 00:23:30.274633 2026] [php:error] [pid 29004] [client 20.205.200.255:0] script '/domains/hans.interport/01.php' not found or unable to stat
[Sun Feb 08 00:23:31.224717 2026] [php:error] [pid 29004] [client 20.205.200.255:0] script '/domains/hans.interport/222.php' not found or unable to stat
[Sun Feb 08 00:23:32.630223 2026] [php:error] [pid 29004] [client 20.205.200.255:0] script '/domains/hans.interport/403.php' not found or unable to stat
[Sun Feb 08 00:23:32.865788 2026] [php:error] [pid 29004] [client 20.205.200.255:0] script '/domains/hans.interport/404.php' not found or unable to stat
[Sun Feb 08 00:23:33.094142 2026] [php:error] [pid 29004] [client 20.205.200.255:0] script '/domains/hans.interport/Q.php' not found or unable to stat
[Sun Feb 08 00:23:33.338900 2026] [php:error] [pid 29004] [client 20.205.200.255:0] script '/domains/hans.interport/WSO.php' not found or unable to stat
[Sun Feb 08 00:23:33.584882 2026] [php:error] [pid 29004] [client 20.205.200.255:0] script '/domains/hans.interport/abc.php' not found or unable to stat
[Sun Feb 08 00:23:33.819166 2026] [php:error] [pid 29004] [client 20.205.200.255:0] script '/domains/hans.interport/abcd.php' not found or unable to stat
[Sun Feb 08 00:23:36.342091 2026] [php:error] [pid 29004] [client 20.205.200.255:0] script '/domains/hans.interport/byp.php' not found or unable to stat
[Sun Feb 08 00:23:36.565330 2026] [php:error] [pid 29004] [client 20.205.200.255:0] script '/domains/hans.interport/c.php' not found or unable to stat
[Sun Feb 08 00:23:36.832037 2026] [php:error] [pid 29004] [client 20.205.200.255:0] script '/domains/hans.interport/ca4.php' not found or unable to stat
[Sun Feb 08 00:23:40.246549 2026] [php:error] [pid 29004] [client 20.205.200.255:0] script '/domains/hans.interport/config.php' not found or unable to stat
[Sun Feb 08 00:23:41.235200 2026] [php:error] [pid 29004] [client 20.205.200.255:0] script '/domains/hans.interport/content.php' not found or unable to stat
[Sun Feb 08 00:23:42.685972 2026] [php:error] [pid 29004] [client 20.205.200.255:0] script '/domains/hans.interport/favicon.php' not found or unable to stat
[Sun Feb 08 00:23:43.550320 2026] [php:error] [pid 29004] [client 20.205.200.255:0] script '/domains/hans.interport/file56.php' not found or unable to stat
[Sun Feb 08 00:23:43.811519 2026] [php:error] [pid 29004] [client 20.205.200.255:0] script '/domains/hans.interport/flower.php' not found or unable to stat
[Sun Feb 08 00:23:44.040128 2026] [php:error] [pid 29004] [client 20.205.200.255:0] script '/domains/hans.interport/fw.php' not found or unable to stat
[Sun Feb 08 00:23:44.728316 2026] [php:error] [pid 29004] [client 20.205.200.255:0] script '/domains/hans.interport/gecko-new.php' not found or unable to stat
[Sun Feb 08 00:23:54.121505 2026] [php:error] [pid 28990] [client 20.205.200.255:0] script '/domains/samscars/admin.php' not found or unable to stat
[Sun Feb 08 00:23:54.383189 2026] [php:error] [pid 28990] [client 20.205.200.255:0] script '/domains/samscars/manager.php' not found or unable to stat
[Sun Feb 08 00:23:55.824639 2026] [php:error] [pid 28990] [client 20.205.200.255:0] script '/domains/samscars/wp-sing.php' not found or unable to stat
[Sun Feb 08 00:23:56.065998 2026] [php:error] [pid 28990] [client 20.205.200.255:0] script '/domains/samscars/goods.php' not found or unable to stat
[Sun Feb 08 00:23:56.304133 2026] [php:error] [pid 28990] [client 20.205.200.255:0] script '/domains/samscars/chosen.php' not found or unable to stat
[Sun Feb 08 00:23:57.070681 2026] [php:error] [pid 28990] [client 20.205.200.255:0] script '/domains/samscars/term.php' not found or unable to stat
[Sun Feb 08 00:23:57.560955 2026] [php:error] [pid 28990] [client 20.205.200.255:0] script '/domains/samscars/wpc.php' not found or unable to stat
[Sun Feb 08 00:23:58.351329 2026] [php:error] [pid 28990] [client 20.205.200.255:0] script '/domains/samscars/about.php' not found or unable to stat
[Sun Feb 08 00:23:58.601425 2026] [php:error] [pid 28990] [client 20.205.200.255:0] script '/domains/samscars/deepseek_d.php' not found or unable to stat
[Sun Feb 08 00:23:59.061827 2026] [php:error] [pid 28990] [client 20.205.200.255:0] script '/domains/samscars/elp.php' not found or unable to stat
[Sun Feb 08 00:23:59.299974 2026] [php:error] [pid 28990] [client 20.205.200.255:0] script '/domains/samscars/bless.php' not found or unable to stat
[Sun Feb 08 00:23:59.987678 2026] [php:error] [pid 28990] [client 20.205.200.255:0] script '/domains/samscars/edit.php' not found or unable to stat
[Sun Feb 08 00:24:00.221368 2026] [php:error] [pid 28990] [client 20.205.200.255:0] script '/domains/samscars/simple.php' not found or unable to stat
[Sun Feb 08 00:24:00.474684 2026] [php:error] [pid 28990] [client 20.205.200.255:0] script '/domains/samscars/wp-login.php' not found or unable to stat
[Sun Feb 08 00:24:02.148461 2026] [php:error] [pid 28990] [client 20.205.200.255:0] script '/domains/samscars/ioxi-o.php' not found or unable to stat
[Sun Feb 08 00:24:03.165823 2026] [php:error] [pid 28990] [client 20.205.200.255:0] script '/domains/samscars/test.php' not found or unable to stat
[Sun Feb 08 00:24:03.996626 2026] [php:error] [pid 28990] [client 20.205.200.255:0] script '/domains/samscars/classwithtostring.php' not found or unable to stat
[Sun Feb 08 00:24:04.976055 2026] [php:error] [pid 28990] [client 20.205.200.255:0] script '/domains/samscars/2.php' not found or unable to stat
[Sun Feb 08 00:24:05.310099 2026] [php:error] [pid 28990] [client 20.205.200.255:0] script '/domains/samscars/functions.php' not found or unable to stat
[Sun Feb 08 00:24:06.799896 2026] [php:error] [pid 28990] [client 20.205.200.255:0] script '/domains/samscars/aaa.php' not found or unable to stat
[Sun Feb 08 00:24:07.688148 2026] [php:error] [pid 28990] [client 20.205.200.255:0] script '/domains/samscars/inputs.php' not found or unable to stat
[Sun Feb 08 00:24:07.915438 2026] [php:error] [pid 28990] [client 20.205.200.255:0] script '/domains/samscars/log.php' not found or unable to stat
[Sun Feb 08 00:24:08.141772 2026] [php:error] [pid 28990] [client 20.205.200.255:0] script '/domains/samscars/man.php' not found or unable to stat
[Sun Feb 08 00:24:08.402264 2026] [php:error] [pid 28990] [client 20.205.200.255:0] script '/domains/samscars/1.php' not found or unable to stat
[Sun Feb 08 00:24:08.648180 2026] [php:error] [pid 28990] [client 20.205.200.255:0] script '/domains/samscars/aa.php' not found or unable to stat
[Sun Feb 08 00:24:08.890978 2026] [php:error] [pid 28990] [client 20.205.200.255:0] script '/domains/samscars/dropdown.php' not found or unable to stat
[Sun Feb 08 00:24:09.123788 2026] [php:error] [pid 28990] [client 20.205.200.255:0] script '/domains/samscars/rtx.php' not found or unable to stat
[Sun Feb 08 00:24:12.023310 2026] [php:error] [pid 28990] [client 20.205.200.255:0] script '/domains/samscars/atomlib.php' not found or unable to stat
[Sun Feb 08 00:24:12.899998 2026] [php:error] [pid 28990] [client 20.205.200.255:0] script '/domains/samscars/info.php' not found or unable to stat
[Sun Feb 08 00:24:13.147246 2026] [php:error] [pid 28990] [client 20.205.200.255:0] script '/domains/samscars/lock360.php' not found or unable to stat
[Sun Feb 08 00:24:14.532845 2026] [php:error] [pid 28990] [client 20.205.200.255:0] script '/domains/samscars/vx.php' not found or unable to stat
[Sun Feb 08 00:24:15.555892 2026] [php:error] [pid 28990] [client 20.205.200.255:0] script '/domains/samscars/wp-content.php' not found or unable to stat
[Sun Feb 08 00:24:17.756845 2026] [php:error] [pid 28990] [client 20.205.200.255:0] script '/domains/samscars/adminfuns.php' not found or unable to stat
[Sun Feb 08 00:24:18.001878 2026] [php:error] [pid 28990] [client 20.205.200.255:0] script '/domains/samscars/ahax.php' not found or unable to stat
[Sun Feb 08 00:24:18.810470 2026] [php:error] [pid 28990] [client 20.205.200.255:0] script '/domains/samscars/autoload_classmap.php' not found or unable to stat
[Sun Feb 08 00:24:19.291748 2026] [php:error] [pid 28990] [client 20.205.200.255:0] script '/domains/samscars/file.php' not found or unable to stat
[Sun Feb 08 00:24:19.520229 2026] [php:error] [pid 28990] [client 20.205.200.255:0] script '/domains/samscars/file5.php' not found or unable to stat
[Sun Feb 08 00:24:22.975304 2026] [php:error] [pid 28990] [client 20.205.200.255:0] script '/domains/samscars/xmlrpc.php' not found or unable to stat
[Sun Feb 08 00:24:23.365108 2026] [php:error] [pid 28990] [client 20.205.200.255:0] script '/domains/samscars/alfa.php' not found or unable to stat
[Sun Feb 08 00:24:23.676885 2026] [php:error] [pid 28990] [client 20.205.200.255:0] script '/domains/samscars/as.php' not found or unable to stat
[Sun Feb 08 00:24:24.177531 2026] [php:error] [pid 28990] [client 20.205.200.255:0] script '/domains/samscars/class-t.api.php' not found or unable to stat
[Sun Feb 08 00:24:24.404611 2026] [php:error] [pid 28990] [client 20.205.200.255:0] script '/domains/samscars/indoxploit.php' not found or unable to stat
[Sun Feb 08 00:24:24.659473 2026] [php:error] [pid 28990] [client 20.205.200.255:0] script '/domains/samscars/shell.php' not found or unable to stat
[Sun Feb 08 00:24:25.163497 2026] [php:error] [pid 28990] [client 20.205.200.255:0] script '/domains/samscars/system.php' not found or unable to stat
[Sun Feb 08 00:24:25.403575 2026] [php:error] [pid 28990] [client 20.205.200.255:0] script '/domains/samscars/wp-admin.php' not found or unable to stat
[Sun Feb 08 00:24:27.734934 2026] [php:error] [pid 28990] [client 20.205.200.255:0] script '/domains/samscars/wp-block.php' not found or unable to stat
[Sun Feb 08 00:24:28.534162 2026] [php:error] [pid 28990] [client 20.205.200.255:0] script '/domains/samscars/wp-good.php' not found or unable to stat
[Sun Feb 08 00:24:33.721876 2026] [php:error] [pid 29004] [client 20.205.200.255:0] script '/domains/samscars/01.php' not found or unable to stat
[Sun Feb 08 00:24:34.553968 2026] [php:error] [pid 29004] [client 20.205.200.255:0] script '/domains/samscars/222.php' not found or unable to stat
[Sun Feb 08 00:24:34.791244 2026] [php:error] [pid 29004] [client 20.205.200.255:0] script '/domains/samscars/403.php' not found or unable to stat
[Sun Feb 08 00:24:35.686532 2026] [php:error] [pid 29004] [client 20.205.200.255:0] script '/domains/samscars/404.php' not found or unable to stat
[Sun Feb 08 00:24:35.914654 2026] [php:error] [pid 29004] [client 20.205.200.255:0] script '/domains/samscars/Q.php' not found or unable to stat
[Sun Feb 08 00:24:36.524139 2026] [php:error] [pid 29004] [client 20.205.200.255:0] script '/domains/samscars/WSO.php' not found or unable to stat
[Sun Feb 08 00:24:36.751852 2026] [php:error] [pid 29004] [client 20.205.200.255:0] script '/domains/samscars/abc.php' not found or unable to stat
[Sun Feb 08 00:24:36.978373 2026] [php:error] [pid 29004] [client 20.205.200.255:0] script '/domains/samscars/abcd.php' not found or unable to stat
[Sun Feb 08 00:24:40.547805 2026] [php:error] [pid 29004] [client 20.205.200.255:0] script '/domains/samscars/byp.php' not found or unable to stat
[Sun Feb 08 00:24:40.842020 2026] [php:error] [pid 29004] [client 20.205.200.255:0] script '/domains/samscars/c.php' not found or unable to stat
[Sun Feb 08 00:24:41.090798 2026] [php:error] [pid 29004] [client 20.205.200.255:0] script '/domains/samscars/ca4.php' not found or unable to stat
[Sun Feb 08 00:24:42.199216 2026] [php:error] [pid 29004] [client 20.205.200.255:0] script '/domains/samscars/config.php' not found or unable to stat
[Sun Feb 08 00:24:42.453926 2026] [php:error] [pid 29004] [client 20.205.200.255:0] script '/domains/samscars/content.php' not found or unable to stat
[Sun Feb 08 00:24:42.958775 2026] [php:error] [pid 29004] [client 20.205.200.255:0] script '/domains/samscars/favicon.php' not found or unable to stat
[Sun Feb 08 00:24:43.204103 2026] [php:error] [pid 29004] [client 20.205.200.255:0] script '/domains/samscars/file56.php' not found or unable to stat
[Sun Feb 08 00:24:43.688169 2026] [php:error] [pid 29004] [client 20.205.200.255:0] script '/domains/samscars/flower.php' not found or unable to stat
[Sun Feb 08 00:24:43.915680 2026] [php:error] [pid 29004] [client 20.205.200.255:0] script '/domains/samscars/fw.php' not found or unable to stat
[Sun Feb 08 00:24:44.161600 2026] [php:error] [pid 29004] [client 20.205.200.255:0] script '/domains/samscars/gecko-new.php' not found or unable to stat
[Sun Feb 08 00:25:15.726129 2026] [php:error] [pid 29004] [client 35.247.243.246:0] script '/domains/covertcomic/adminer-5.0.2-en.php' not found or unable to stat
[Sun Feb 08 00:25:35.680848 2026] [php:error] [pid 29013] [client 20.28.217.101:0] script '/domains/quintet/admin.php' not found or unable to stat
[Sun Feb 08 00:25:35.905703 2026] [php:error] [pid 29013] [client 20.28.217.101:0] script '/domains/quintet/manager.php' not found or unable to stat
[Sun Feb 08 00:25:37.464124 2026] [php:error] [pid 29013] [client 20.28.217.101:0] script '/domains/quintet/wp-sing.php' not found or unable to stat
[Sun Feb 08 00:25:37.815920 2026] [php:error] [pid 29013] [client 20.28.217.101:0] script '/domains/quintet/goods.php' not found or unable to stat
[Sun Feb 08 00:25:38.223727 2026] [php:error] [pid 29013] [client 20.28.217.101:0] script '/domains/quintet/chosen.php' not found or unable to stat
[Sun Feb 08 00:25:38.563910 2026] [php:error] [pid 29013] [client 20.28.217.101:0] script '/domains/quintet/term.php' not found or unable to stat
[Sun Feb 08 00:25:39.558450 2026] [php:error] [pid 29013] [client 20.28.217.101:0] script '/domains/quintet/wpc.php' not found or unable to stat
[Sun Feb 08 00:25:40.316720 2026] [php:error] [pid 29013] [client 20.28.217.101:0] script '/domains/quintet/about.php' not found or unable to stat
[Sun Feb 08 00:25:40.935204 2026] [php:error] [pid 29013] [client 20.28.217.101:0] script '/domains/quintet/deepseek_d.php' not found or unable to stat
[Sun Feb 08 00:25:41.560489 2026] [php:error] [pid 29013] [client 20.28.217.101:0] script '/domains/quintet/elp.php' not found or unable to stat
[Sun Feb 08 00:25:41.791798 2026] [php:error] [pid 29013] [client 20.28.217.101:0] script '/domains/quintet/bless.php' not found or unable to stat
[Sun Feb 08 00:25:42.014659 2026] [php:error] [pid 29013] [client 20.28.217.101:0] script '/domains/quintet/edit.php' not found or unable to stat
[Sun Feb 08 00:25:42.453127 2026] [php:error] [pid 29013] [client 20.28.217.101:0] script '/domains/quintet/simple.php' not found or unable to stat
[Sun Feb 08 00:25:42.666081 2026] [php:error] [pid 29013] [client 20.28.217.101:0] script '/domains/quintet/wp-login.php' not found or unable to stat
[Sun Feb 08 00:25:43.900182 2026] [php:error] [pid 29013] [client 20.28.217.101:0] script '/domains/quintet/ioxi-o.php' not found or unable to stat
[Sun Feb 08 00:25:44.741612 2026] [php:error] [pid 29013] [client 20.28.217.101:0] script '/domains/quintet/test.php' not found or unable to stat
[Sun Feb 08 00:25:45.395594 2026] [php:error] [pid 29013] [client 20.28.217.101:0] script '/domains/quintet/classwithtostring.php' not found or unable to stat
[Sun Feb 08 00:25:47.065395 2026] [php:error] [pid 29013] [client 20.28.217.101:0] script '/domains/quintet/2.php' not found or unable to stat
[Sun Feb 08 00:25:47.304611 2026] [php:error] [pid 29013] [client 20.28.217.101:0] script '/domains/quintet/functions.php' not found or unable to stat
[Sun Feb 08 00:25:48.406228 2026] [php:error] [pid 29013] [client 20.28.217.101:0] script '/domains/quintet/aaa.php' not found or unable to stat
[Sun Feb 08 00:25:48.615616 2026] [php:error] [pid 29013] [client 20.28.217.101:0] script '/domains/quintet/inputs.php' not found or unable to stat
[Sun Feb 08 00:25:49.085673 2026] [php:error] [pid 29013] [client 20.28.217.101:0] script '/domains/quintet/log.php' not found or unable to stat
[Sun Feb 08 00:25:49.397267 2026] [php:error] [pid 29013] [client 20.28.217.101:0] script '/domains/quintet/man.php' not found or unable to stat
[Sun Feb 08 00:25:50.121332 2026] [php:error] [pid 29013] [client 20.28.217.101:0] script '/domains/quintet/1.php' not found or unable to stat
[Sun Feb 08 00:25:50.365891 2026] [php:error] [pid 29013] [client 20.28.217.101:0] script '/domains/quintet/aa.php' not found or unable to stat
[Sun Feb 08 00:25:50.605102 2026] [php:error] [pid 29013] [client 20.28.217.101:0] script '/domains/quintet/dropdown.php' not found or unable to stat
[Sun Feb 08 00:25:50.823214 2026] [php:error] [pid 29013] [client 20.28.217.101:0] script '/domains/quintet/rtx.php' not found or unable to stat
[Sun Feb 08 00:25:52.585959 2026] [php:error] [pid 29013] [client 20.28.217.101:0] script '/domains/quintet/atomlib.php' not found or unable to stat
[Sun Feb 08 00:25:52.800923 2026] [php:error] [pid 29013] [client 20.28.217.101:0] script '/domains/quintet/info.php' not found or unable to stat
[Sun Feb 08 00:25:53.236942 2026] [php:error] [pid 29013] [client 20.28.217.101:0] script '/domains/quintet/lock360.php' not found or unable to stat
[Sun Feb 08 00:25:54.282825 2026] [php:error] [pid 29013] [client 20.28.217.101:0] script '/domains/quintet/vx.php' not found or unable to stat
[Sun Feb 08 00:25:55.569868 2026] [php:error] [pid 29013] [client 20.28.217.101:0] script '/domains/quintet/wp-content.php' not found or unable to stat
[Sun Feb 08 00:25:57.462692 2026] [php:error] [pid 29013] [client 20.28.217.101:0] script '/domains/quintet/adminfuns.php' not found or unable to stat
[Sun Feb 08 00:25:58.052198 2026] [php:error] [pid 29013] [client 20.28.217.101:0] script '/domains/quintet/ahax.php' not found or unable to stat
[Sun Feb 08 00:25:58.265689 2026] [php:error] [pid 29013] [client 20.28.217.101:0] script '/domains/quintet/autoload_classmap.php' not found or unable to stat
[Sun Feb 08 00:25:58.801879 2026] [php:error] [pid 29013] [client 20.28.217.101:0] script '/domains/quintet/file.php' not found or unable to stat
[Sun Feb 08 00:25:59.218371 2026] [php:error] [pid 29013] [client 20.28.217.101:0] script '/domains/quintet/file5.php' not found or unable to stat
[Sun Feb 08 00:26:02.331636 2026] [php:error] [pid 29013] [client 20.28.217.101:0] script '/domains/quintet/xmlrpc.php' not found or unable to stat
[Sun Feb 08 00:26:02.537216 2026] [php:error] [pid 29013] [client 20.28.217.101:0] script '/domains/quintet/alfa.php' not found or unable to stat
[Sun Feb 08 00:26:02.743098 2026] [php:error] [pid 29013] [client 20.28.217.101:0] script '/domains/quintet/as.php' not found or unable to stat
[Sun Feb 08 00:26:04.133665 2026] [php:error] [pid 29013] [client 20.28.217.101:0] script '/domains/quintet/class-t.api.php' not found or unable to stat
[Sun Feb 08 00:26:04.473137 2026] [php:error] [pid 29013] [client 20.28.217.101:0] script '/domains/quintet/indoxploit.php' not found or unable to stat
[Sun Feb 08 00:26:04.717680 2026] [php:error] [pid 29013] [client 20.28.217.101:0] script '/domains/quintet/shell.php' not found or unable to stat
[Sun Feb 08 00:26:04.930991 2026] [php:error] [pid 29013] [client 20.28.217.101:0] script '/domains/quintet/system.php' not found or unable to stat
[Sun Feb 08 00:26:05.679437 2026] [php:error] [pid 29013] [client 20.28.217.101:0] script '/domains/quintet/wp-admin.php' not found or unable to stat
[Sun Feb 08 00:26:09.072925 2026] [php:error] [pid 29013] [client 20.28.217.101:0] script '/domains/quintet/wp-block.php' not found or unable to stat
[Sun Feb 08 00:26:10.461447 2026] [php:error] [pid 29013] [client 20.28.217.101:0] script '/domains/quintet/wp-good.php' not found or unable to stat
[Sun Feb 08 00:26:14.215979 2026] [php:error] [pid 28997] [client 20.28.217.101:0] script '/domains/quintet/01.php' not found or unable to stat
[Sun Feb 08 00:26:14.427953 2026] [php:error] [pid 28997] [client 20.28.217.101:0] script '/domains/quintet/222.php' not found or unable to stat
[Sun Feb 08 00:26:14.654823 2026] [php:error] [pid 28997] [client 20.28.217.101:0] script '/domains/quintet/403.php' not found or unable to stat
[Sun Feb 08 00:26:14.862581 2026] [php:error] [pid 28997] [client 20.28.217.101:0] script '/domains/quintet/404.php' not found or unable to stat
[Sun Feb 08 00:26:15.069034 2026] [php:error] [pid 28997] [client 20.28.217.101:0] script '/domains/quintet/Q.php' not found or unable to stat
[Sun Feb 08 00:26:15.719878 2026] [php:error] [pid 28997] [client 20.28.217.101:0] script '/domains/quintet/WSO.php' not found or unable to stat
[Sun Feb 08 00:26:16.303057 2026] [php:error] [pid 28997] [client 20.28.217.101:0] script '/domains/quintet/abc.php' not found or unable to stat
[Sun Feb 08 00:26:16.507021 2026] [php:error] [pid 28997] [client 20.28.217.101:0] script '/domains/quintet/abcd.php' not found or unable to stat
[Sun Feb 08 00:26:18.786676 2026] [php:error] [pid 28997] [client 20.28.217.101:0] script '/domains/quintet/byp.php' not found or unable to stat
[Sun Feb 08 00:26:19.585920 2026] [php:error] [pid 28997] [client 20.28.217.101:0] script '/domains/quintet/c.php' not found or unable to stat
[Sun Feb 08 00:26:19.821443 2026] [php:error] [pid 28997] [client 20.28.217.101:0] script '/domains/quintet/ca4.php' not found or unable to stat
[Sun Feb 08 00:26:21.031593 2026] [php:error] [pid 28997] [client 20.28.217.101:0] script '/domains/quintet/config.php' not found or unable to stat
[Sun Feb 08 00:26:21.263387 2026] [php:error] [pid 28997] [client 20.28.217.101:0] script '/domains/quintet/content.php' not found or unable to stat
[Sun Feb 08 00:26:21.478688 2026] [php:error] [pid 28997] [client 20.28.217.101:0] script '/domains/quintet/favicon.php' not found or unable to stat
[Sun Feb 08 00:26:21.697031 2026] [php:error] [pid 28997] [client 20.28.217.101:0] script '/domains/quintet/file56.php' not found or unable to stat
[Sun Feb 08 00:26:21.929426 2026] [php:error] [pid 28997] [client 20.28.217.101:0] script '/domains/quintet/flower.php' not found or unable to stat
[Sun Feb 08 00:26:22.149528 2026] [php:error] [pid 28997] [client 20.28.217.101:0] script '/domains/quintet/fw.php' not found or unable to stat
[Sun Feb 08 00:26:22.398756 2026] [php:error] [pid 28997] [client 20.28.217.101:0] script '/domains/quintet/gecko-new.php' not found or unable to stat
[Sun Feb 08 00:26:46.554811 2026] [cgi:error] [pid 29014] [client 185.165.241.209:0] AH01215: stderr from /domains/abtechsci/cgi-bin/CustomerSurvey.cgi: [Sun Feb  8 00:26:46 2026] CustomerSurvey.cgi: CGI::param called in list context from /domains/abtechsci/cgi-bin/CustomerSurvey.cgi line 42, this can lead to vulnerabilities. See the warning in "Fetching the value or values of a single named parameter" at /usr/local/lib/perl5/site_perl/CGI.pm line 416., referer: http://abtechsci.com/customserv.html
[Sun Feb 08 00:26:52.432014 2026] [php:error] [pid 29038] [client 134.185.82.95:0] script '/domains/astweb/wp-login.php' not found or unable to stat
[Sun Feb 08 00:26:52.955320 2026] [php:error] [pid 29039] [client 134.185.82.95:0] script '/domains/astweb/wp-login.php' not found or unable to stat, referer: https://www.facebook.com/
[Sun Feb 08 00:26:54.610210 2026] [php:error] [pid 29041] [client 134.185.82.95:0] script '/domains/astweb/wp-login.php' not found or unable to stat, referer: https://www.facebook.com/
[Sun Feb 08 00:26:55.190151 2026] [php:error] [pid 29032] [client 134.185.82.95:0] script '/domains/astweb/wp-login.php' not found or unable to stat, referer: https://www.facebook.com/
[Sun Feb 08 00:27:16.962401 2026] [php:error] [pid 29041] [client 51.120.74.232:0] script '/domains/cccweb/x9.php' not found or unable to stat
[Sun Feb 08 00:27:17.067108 2026] [php:error] [pid 29041] [client 51.120.74.232:0] script '/domains/cccweb/grsiuk.php' not found or unable to stat
[Sun Feb 08 00:27:17.162792 2026] [php:error] [pid 29041] [client 51.120.74.232:0] script '/domains/cccweb/byel.php' not found or unable to stat
[Sun Feb 08 00:27:17.258934 2026] [php:error] [pid 29041] [client 51.120.74.232:0] script '/domains/cccweb/layou.php' not found or unable to stat
[Sun Feb 08 00:27:17.355336 2026] [php:error] [pid 29041] [client 51.120.74.232:0] script '/domains/cccweb/lgsts.php' not found or unable to stat
[Sun Feb 08 00:27:17.461507 2026] [php:error] [pid 29041] [client 51.120.74.232:0] script '/domains/cccweb/tourpa.php' not found or unable to stat
[Sun Feb 08 00:27:17.557691 2026] [php:error] [pid 29041] [client 51.120.74.232:0] script '/domains/cccweb/yvtuizub.php' not found or unable to stat
[Sun Feb 08 00:27:17.657792 2026] [php:error] [pid 29041] [client 51.120.74.232:0] script '/domains/cccweb/mln.php' not found or unable to stat
[Sun Feb 08 00:27:17.753983 2026] [php:error] [pid 29041] [client 51.120.74.232:0] script '/domains/cccweb/inege.php' not found or unable to stat
[Sun Feb 08 00:27:26.324154 2026] [php:error] [pid 29014] [client 35.247.243.246:0] script '/domains/covertcomic/adminer-4.3.0.php' not found or unable to stat
[Sun Feb 08 00:28:06.441935 2026] [php:error] [pid 29046] [client 20.151.2.11:0] script '/domains/nmksgroupweb/x9.php' not found or unable to stat
[Sun Feb 08 00:28:06.468523 2026] [php:error] [pid 29046] [client 20.151.2.11:0] script '/domains/nmksgroupweb/grsiuk.php' not found or unable to stat
[Sun Feb 08 00:28:06.494892 2026] [php:error] [pid 29046] [client 20.151.2.11:0] script '/domains/nmksgroupweb/byel.php' not found or unable to stat
[Sun Feb 08 00:28:06.521961 2026] [php:error] [pid 29046] [client 20.151.2.11:0] script '/domains/nmksgroupweb/layou.php' not found or unable to stat
[Sun Feb 08 00:28:06.546972 2026] [php:error] [pid 29046] [client 20.151.2.11:0] script '/domains/nmksgroupweb/lgsts.php' not found or unable to stat
[Sun Feb 08 00:28:06.570960 2026] [php:error] [pid 29046] [client 20.151.2.11:0] script '/domains/nmksgroupweb/tourpa.php' not found or unable to stat
