[Sun Feb 08 02:39:55.758175 2026] [php:error] [pid 52876] [client 20.203.240.55:0] script '/domains/highlandlabs/lv.php' not found or unable to stat
[Sun Feb 08 02:39:55.853413 2026] [php:error] [pid 52876] [client 20.203.240.55:0] script '/domains/highlandlabs/simple.php' not found or unable to stat
[Sun Feb 08 02:39:55.958260 2026] [php:error] [pid 52876] [client 20.203.240.55:0] script '/domains/highlandlabs/css.php' not found or unable to stat
[Sun Feb 08 02:39:56.053722 2026] [php:error] [pid 52876] [client 20.203.240.55:0] script '/domains/highlandlabs/cong.php' not found or unable to stat
[Sun Feb 08 02:39:56.252406 2026] [php:error] [pid 52876] [client 20.203.240.55:0] script '/domains/highlandlabs/cong.php' not found or unable to stat
[Sun Feb 08 02:39:56.350203 2026] [php:error] [pid 52876] [client 20.203.240.55:0] script '/domains/highlandlabs/w.php' not found or unable to stat
[Sun Feb 08 02:39:56.481346 2026] [php:error] [pid 52876] [client 20.203.240.55:0] script '/domains/highlandlabs/404.php' not found or unable to stat
[Sun Feb 08 02:39:56.535161 2026] [php:error] [pid 52863] [client 158.158.72.156:0] script '/domains/druckrey/class.php' not found or unable to stat
[Sun Feb 08 02:39:56.595871 2026] [php:error] [pid 52876] [client 20.203.240.55:0] script '/domains/highlandlabs/0x.php' not found or unable to stat
[Sun Feb 08 02:39:56.672329 2026] [php:error] [pid 52863] [client 158.158.72.156:0] script '/domains/druckrey/bless5.php' not found or unable to stat
[Sun Feb 08 02:39:56.691447 2026] [php:error] [pid 52876] [client 20.203.240.55:0] script '/domains/highlandlabs/css.php' not found or unable to stat
[Sun Feb 08 02:39:56.787053 2026] [php:error] [pid 52876] [client 20.203.240.55:0] script '/domains/highlandlabs/222.php' not found or unable to stat
[Sun Feb 08 02:39:57.077409 2026] [php:error] [pid 52863] [client 158.158.72.156:0] script '/domains/druckrey/lock360.php' not found or unable to stat
[Sun Feb 08 02:39:57.165447 2026] [php:error] [pid 52863] [client 158.158.72.156:0] script '/domains/druckrey/ioxi-o1.php' not found or unable to stat
[Sun Feb 08 02:39:57.184944 2026] [php:error] [pid 52876] [client 20.203.240.55:0] script '/domains/highlandlabs/classwithtostring.php' not found or unable to stat
[Sun Feb 08 02:39:57.303865 2026] [php:error] [pid 52876] [client 20.203.240.55:0] script '/domains/highlandlabs/abcd.php' not found or unable to stat
[Sun Feb 08 02:39:57.414244 2026] [php:error] [pid 52876] [client 20.203.240.55:0] script '/domains/highlandlabs/autoload_classmap.php' not found or unable to stat
[Sun Feb 08 02:39:57.448561 2026] [php:error] [pid 52863] [client 158.158.72.156:0] script '/domains/druckrey/juuuu.php' not found or unable to stat
[Sun Feb 08 02:39:57.509746 2026] [php:error] [pid 52876] [client 20.203.240.55:0] script '/domains/highlandlabs/inputs.php' not found or unable to stat
[Sun Feb 08 02:39:57.564867 2026] [php:error] [pid 52863] [client 158.158.72.156:0] script '/domains/druckrey/ha.php' not found or unable to stat
[Sun Feb 08 02:39:57.604813 2026] [php:error] [pid 52876] [client 20.203.240.55:0] script '/domains/highlandlabs/about.php' not found or unable to stat
[Sun Feb 08 02:39:57.673284 2026] [php:error] [pid 52863] [client 158.158.72.156:0] script '/domains/druckrey/gg.php' not found or unable to stat
[Sun Feb 08 02:39:57.700051 2026] [php:error] [pid 52876] [client 20.203.240.55:0] script '/domains/highlandlabs/alfa.php' not found or unable to stat
[Sun Feb 08 02:39:57.757439 2026] [php:error] [pid 52863] [client 158.158.72.156:0] script '/domains/druckrey/we2.php' not found or unable to stat
[Sun Feb 08 02:39:57.909846 2026] [php:error] [pid 52863] [client 158.158.72.156:0] script '/domains/druckrey/04.php' not found or unable to stat
[Sun Feb 08 02:39:57.994242 2026] [php:error] [pid 52863] [client 158.158.72.156:0] script '/domains/druckrey/333.php' not found or unable to stat
[Sun Feb 08 02:39:58.078530 2026] [php:error] [pid 52863] [client 158.158.72.156:0] script '/domains/druckrey/520.php' not found or unable to stat
[Sun Feb 08 02:39:58.162817 2026] [php:error] [pid 52863] [client 158.158.72.156:0] script '/domains/druckrey/ar.php' not found or unable to stat
[Sun Feb 08 02:39:58.185079 2026] [php:error] [pid 52876] [client 20.203.240.55:0] script '/domains/highlandlabs/manager.php' not found or unable to stat
[Sun Feb 08 02:39:58.268200 2026] [php:error] [pid 52863] [client 158.158.72.156:0] script '/domains/druckrey/x.php' not found or unable to stat
[Sun Feb 08 02:39:58.295852 2026] [php:error] [pid 52876] [client 20.203.240.55:0] script '/domains/highlandlabs/item.php' not found or unable to stat
[Sun Feb 08 02:39:58.400113 2026] [php:error] [pid 52863] [client 158.158.72.156:0] script '/domains/druckrey/xx.php' not found or unable to stat
[Sun Feb 08 02:39:58.486634 2026] [php:error] [pid 52863] [client 158.158.72.156:0] script '/domains/druckrey/gifclass4.php' not found or unable to stat
[Sun Feb 08 02:39:58.549593 2026] [php:error] [pid 52876] [client 20.203.240.55:0] script '/domains/highlandlabs/404.php' not found or unable to stat
[Sun Feb 08 02:39:58.592772 2026] [php:error] [pid 52863] [client 158.158.72.156:0] script '/domains/druckrey/2clas.php' not found or unable to stat
[Sun Feb 08 02:39:58.644687 2026] [php:error] [pid 52876] [client 20.203.240.55:0] script '/domains/highlandlabs/mail.php' not found or unable to stat
[Sun Feb 08 02:39:58.768910 2026] [php:error] [pid 52863] [client 158.158.72.156:0] script '/domains/druckrey/ave.php' not found or unable to stat
[Sun Feb 08 02:39:58.835131 2026] [php:error] [pid 52876] [client 20.203.240.55:0] script '/domains/highlandlabs/sx.php' not found or unable to stat
[Sun Feb 08 02:39:58.853461 2026] [php:error] [pid 52863] [client 158.158.72.156:0] script '/domains/druckrey/wrt.php' not found or unable to stat
[Sun Feb 08 02:39:58.937826 2026] [php:error] [pid 52863] [client 158.158.72.156:0] script '/domains/druckrey/bibil.php' not found or unable to stat
[Sun Feb 08 02:39:59.033477 2026] [php:error] [pid 52876] [client 20.203.240.55:0] script '/domains/highlandlabs/alfa.php' not found or unable to stat
[Sun Feb 08 02:39:59.038427 2026] [php:error] [pid 52863] [client 158.158.72.156:0] script '/domains/druckrey/radio.php' not found or unable to stat
[Sun Feb 08 02:39:59.123132 2026] [php:error] [pid 52863] [client 158.158.72.156:0] script '/domains/druckrey/files.php' not found or unable to stat
[Sun Feb 08 02:39:59.136604 2026] [php:error] [pid 52876] [client 20.203.240.55:0] script '/domains/highlandlabs/1.php' not found or unable to stat
[Sun Feb 08 02:39:59.207927 2026] [php:error] [pid 52863] [client 158.158.72.156:0] script '/domains/druckrey/file7.php' not found or unable to stat
[Sun Feb 08 02:39:59.276843 2026] [php:error] [pid 52876] [client 20.203.240.55:0] script '/domains/highlandlabs/byp.php' not found or unable to stat
[Sun Feb 08 02:39:59.372804 2026] [php:error] [pid 52876] [client 20.203.240.55:0] script '/domains/highlandlabs/wp-trackback.php' not found or unable to stat
[Sun Feb 08 02:39:59.396405 2026] [php:error] [pid 52863] [client 158.158.72.156:0] script '/domains/druckrey/gifclass.php' not found or unable to stat
[Sun Feb 08 02:39:59.624703 2026] [php:error] [pid 52863] [client 158.158.72.156:0] script '/domains/druckrey/nox.php' not found or unable to stat
[Sun Feb 08 02:39:59.736430 2026] [php:error] [pid 52863] [client 158.158.72.156:0] script '/domains/druckrey/file48.php' not found or unable to stat
[Sun Feb 08 02:39:59.786666 2026] [php:error] [pid 52876] [client 20.203.240.55:0] script '/domains/highlandlabs/gmo.php' not found or unable to stat
[Sun Feb 08 02:39:59.820524 2026] [php:error] [pid 52863] [client 158.158.72.156:0] script '/domains/druckrey/info.php' not found or unable to stat
[Sun Feb 08 02:39:59.904904 2026] [php:error] [pid 52863] [client 158.158.72.156:0] script '/domains/druckrey/class9.php' not found or unable to stat
[Sun Feb 08 02:39:59.989237 2026] [php:error] [pid 52863] [client 158.158.72.156:0] script '/domains/druckrey/la.php' not found or unable to stat
[Sun Feb 08 02:40:00.101558 2026] [php:error] [pid 52863] [client 158.158.72.156:0] script '/domains/druckrey/bless11.php' not found or unable to stat
[Sun Feb 08 02:40:00.185631 2026] [php:error] [pid 52863] [client 158.158.72.156:0] script '/domains/druckrey/ccou.php' not found or unable to stat
[Sun Feb 08 02:40:00.303070 2026] [php:error] [pid 52863] [client 158.158.72.156:0] script '/domains/druckrey/ton.php' not found or unable to stat
[Sun Feb 08 02:40:00.465523 2026] [php:error] [pid 52863] [client 158.158.72.156:0] script '/domains/druckrey/403.php' not found or unable to stat
[Sun Feb 08 02:40:00.678659 2026] [php:error] [pid 52863] [client 158.158.72.156:0] script '/domains/druckrey/file9.php' not found or unable to stat
[Sun Feb 08 02:40:00.762854 2026] [php:error] [pid 52863] [client 158.158.72.156:0] script '/domains/druckrey/ac.php' not found or unable to stat
[Sun Feb 08 02:40:00.890295 2026] [php:error] [pid 52863] [client 158.158.72.156:0] script '/domains/druckrey/new4.php' not found or unable to stat
[Sun Feb 08 02:40:00.919560 2026] [php:error] [pid 52876] [client 20.203.240.55:0] script '/domains/highlandlabs/ww1.php' not found or unable to stat
[Sun Feb 08 02:40:01.044996 2026] [php:error] [pid 52863] [client 158.158.72.156:0] script '/domains/druckrey/pop.php' not found or unable to stat
[Sun Feb 08 02:40:01.217755 2026] [php:error] [pid 52863] [client 158.158.72.156:0] script '/domains/druckrey/az.php' not found or unable to stat
[Sun Feb 08 02:40:01.302319 2026] [php:error] [pid 52863] [client 158.158.72.156:0] script '/domains/druckrey/xaz.php' not found or unable to stat
[Sun Feb 08 02:40:01.399440 2026] [php:error] [pid 52863] [client 158.158.72.156:0] script '/domains/druckrey/up4.php' not found or unable to stat
[Sun Feb 08 02:40:01.485891 2026] [php:error] [pid 52863] [client 158.158.72.156:0] script '/domains/druckrey/1aa.php' not found or unable to stat
[Sun Feb 08 02:40:01.515403 2026] [php:error] [pid 52885] [client 20.203.240.55:0] script '/domains/highlandlabs/security.php' not found or unable to stat
[Sun Feb 08 02:40:01.681062 2026] [php:error] [pid 52863] [client 158.158.72.156:0] script '/domains/druckrey/elp.php' not found or unable to stat
[Sun Feb 08 02:40:01.765813 2026] [php:error] [pid 52863] [client 158.158.72.156:0] script '/domains/druckrey/wtz.php' not found or unable to stat
[Sun Feb 08 02:40:02.156591 2026] [php:error] [pid 52863] [client 158.158.72.156:0] script '/domains/druckrey/galex.php' not found or unable to stat
[Sun Feb 08 02:40:02.760839 2026] [php:error] [pid 52885] [client 20.203.240.55:0] script '/domains/highlandlabs/class.php' not found or unable to stat
[Sun Feb 08 02:40:02.857378 2026] [php:error] [pid 52885] [client 20.203.240.55:0] script '/domains/highlandlabs/bless5.php' not found or unable to stat
[Sun Feb 08 02:40:03.005699 2026] [php:error] [pid 52863] [client 158.158.72.156:0] script '/domains/druckrey/xb.php' not found or unable to stat
[Sun Feb 08 02:40:03.090206 2026] [php:error] [pid 52863] [client 158.158.72.156:0] script '/domains/druckrey/ova.php' not found or unable to stat
[Sun Feb 08 02:40:03.162749 2026] [php:error] [pid 52885] [client 20.203.240.55:0] script '/domains/highlandlabs/lock360.php' not found or unable to stat
[Sun Feb 08 02:40:03.175572 2026] [php:error] [pid 52863] [client 158.158.72.156:0] script '/domains/druckrey/vx.php' not found or unable to stat
[Sun Feb 08 02:40:03.278247 2026] [php:error] [pid 52885] [client 20.203.240.55:0] script '/domains/highlandlabs/ioxi-o1.php' not found or unable to stat
[Sun Feb 08 02:40:03.382017 2026] [php:error] [pid 52885] [client 20.203.240.55:0] script '/domains/highlandlabs/juuuu.php' not found or unable to stat
[Sun Feb 08 02:40:03.477914 2026] [php:error] [pid 52885] [client 20.203.240.55:0] script '/domains/highlandlabs/ha.php' not found or unable to stat
[Sun Feb 08 02:40:03.573571 2026] [php:error] [pid 52885] [client 20.203.240.55:0] script '/domains/highlandlabs/gg.php' not found or unable to stat
[Sun Feb 08 02:40:03.668800 2026] [php:error] [pid 52863] [client 158.158.72.156:0] script '/domains/druckrey/rh.php' not found or unable to stat
[Sun Feb 08 02:40:03.668985 2026] [php:error] [pid 52885] [client 20.203.240.55:0] script '/domains/highlandlabs/we2.php' not found or unable to stat
[Sun Feb 08 02:40:03.764610 2026] [php:error] [pid 52885] [client 20.203.240.55:0] script '/domains/highlandlabs/04.php' not found or unable to stat
[Sun Feb 08 02:40:03.860520 2026] [php:error] [pid 52885] [client 20.203.240.55:0] script '/domains/highlandlabs/333.php' not found or unable to stat
[Sun Feb 08 02:40:03.956446 2026] [php:error] [pid 52885] [client 20.203.240.55:0] script '/domains/highlandlabs/520.php' not found or unable to stat
[Sun Feb 08 02:40:04.051884 2026] [php:error] [pid 52885] [client 20.203.240.55:0] script '/domains/highlandlabs/ar.php' not found or unable to stat
[Sun Feb 08 02:40:04.100778 2026] [php:error] [pid 52863] [client 158.158.72.156:0] script '/domains/druckrey/spip.php' not found or unable to stat
[Sun Feb 08 02:40:04.181201 2026] [php:error] [pid 52885] [client 20.203.240.55:0] script '/domains/highlandlabs/x.php' not found or unable to stat
[Sun Feb 08 02:40:04.291855 2026] [php:error] [pid 52885] [client 20.203.240.55:0] script '/domains/highlandlabs/xx.php' not found or unable to stat
[Sun Feb 08 02:40:04.389258 2026] [php:error] [pid 52885] [client 20.203.240.55:0] script '/domains/highlandlabs/gifclass4.php' not found or unable to stat
[Sun Feb 08 02:40:04.484414 2026] [php:error] [pid 52885] [client 20.203.240.55:0] script '/domains/highlandlabs/2clas.php' not found or unable to stat
[Sun Feb 08 02:40:04.632203 2026] [php:error] [pid 52885] [client 20.203.240.55:0] script '/domains/highlandlabs/ave.php' not found or unable to stat
[Sun Feb 08 02:40:04.727872 2026] [php:error] [pid 52885] [client 20.203.240.55:0] script '/domains/highlandlabs/wrt.php' not found or unable to stat
[Sun Feb 08 02:40:04.820714 2026] [php:error] [pid 52868] [client 20.194.29.45:0] script '/domains/fryer/rip.php' not found or unable to stat
[Sun Feb 08 02:40:04.832588 2026] [php:error] [pid 52863] [client 158.158.72.156:0] script '/domains/druckrey/myy.php' not found or unable to stat
[Sun Feb 08 02:40:04.853240 2026] [php:error] [pid 52885] [client 20.203.240.55:0] script '/domains/highlandlabs/bibil.php' not found or unable to stat
[Sun Feb 08 02:40:04.948965 2026] [php:error] [pid 52885] [client 20.203.240.55:0] script '/domains/highlandlabs/radio.php' not found or unable to stat
[Sun Feb 08 02:40:05.003297 2026] [php:error] [pid 52868] [client 20.194.29.45:0] script '/domains/fryer/ms-edit.php' not found or unable to stat
[Sun Feb 08 02:40:05.057631 2026] [php:error] [pid 52885] [client 20.203.240.55:0] script '/domains/highlandlabs/files.php' not found or unable to stat
[Sun Feb 08 02:40:05.160193 2026] [php:error] [pid 52885] [client 20.203.240.55:0] script '/domains/highlandlabs/file7.php' not found or unable to stat
[Sun Feb 08 02:40:05.194246 2026] [php:error] [pid 52868] [client 20.194.29.45:0] script '/domains/fryer/about.php' not found or unable to stat
[Sun Feb 08 02:40:05.255394 2026] [php:error] [pid 52885] [client 20.203.240.55:0] script '/domains/highlandlabs/gifclass.php' not found or unable to stat
[Sun Feb 08 02:40:05.445978 2026] [php:error] [pid 52885] [client 20.203.240.55:0] script '/domains/highlandlabs/nox.php' not found or unable to stat
[Sun Feb 08 02:40:05.541889 2026] [php:error] [pid 52885] [client 20.203.240.55:0] script '/domains/highlandlabs/file48.php' not found or unable to stat
[Sun Feb 08 02:40:05.642245 2026] [php:error] [pid 52885] [client 20.203.240.55:0] script '/domains/highlandlabs/info.php' not found or unable to stat
[Sun Feb 08 02:40:05.648708 2026] [php:error] [pid 52863] [client 158.158.72.156:0] script '/domains/druckrey/dapa.php' not found or unable to stat
[Sun Feb 08 02:40:05.737304 2026] [php:error] [pid 52885] [client 20.203.240.55:0] script '/domains/highlandlabs/class9.php' not found or unable to stat
[Sun Feb 08 02:40:05.742815 2026] [php:error] [pid 52868] [client 20.194.29.45:0] script '/domains/fryer/admin.php' not found or unable to stat
[Sun Feb 08 02:40:05.836073 2026] [php:error] [pid 52885] [client 20.203.240.55:0] script '/domains/highlandlabs/la.php' not found or unable to stat
[Sun Feb 08 02:40:05.925139 2026] [php:error] [pid 52868] [client 20.194.29.45:0] script '/domains/fryer/ioxi-o.php' not found or unable to stat
[Sun Feb 08 02:40:05.931008 2026] [php:error] [pid 52885] [client 20.203.240.55:0] script '/domains/highlandlabs/bless11.php' not found or unable to stat
[Sun Feb 08 02:40:06.044649 2026] [php:error] [pid 52885] [client 20.203.240.55:0] script '/domains/highlandlabs/ccou.php' not found or unable to stat
[Sun Feb 08 02:40:06.176485 2026] [php:error] [pid 52885] [client 20.203.240.55:0] script '/domains/highlandlabs/ton.php' not found or unable to stat
[Sun Feb 08 02:40:06.274046 2026] [php:error] [pid 52885] [client 20.203.240.55:0] script '/domains/highlandlabs/403.php' not found or unable to stat
[Sun Feb 08 02:40:06.299062 2026] [php:error] [pid 52868] [client 20.194.29.45:0] script '/domains/fryer/adminfuns.php' not found or unable to stat
[Sun Feb 08 02:40:06.368976 2026] [php:error] [pid 52885] [client 20.203.240.55:0] script '/domains/highlandlabs/file9.php' not found or unable to stat
[Sun Feb 08 02:40:06.466080 2026] [php:error] [pid 52885] [client 20.203.240.55:0] script '/domains/highlandlabs/ac.php' not found or unable to stat
[Sun Feb 08 02:40:06.585220 2026] [php:error] [pid 52885] [client 20.203.240.55:0] script '/domains/highlandlabs/new4.php' not found or unable to stat
[Sun Feb 08 02:40:06.698326 2026] [php:error] [pid 52885] [client 20.203.240.55:0] script '/domains/highlandlabs/pop.php' not found or unable to stat
[Sun Feb 08 02:40:06.796592 2026] [php:error] [pid 52885] [client 20.203.240.55:0] script '/domains/highlandlabs/az.php' not found or unable to stat
[Sun Feb 08 02:40:06.864994 2026] [php:error] [pid 52868] [client 20.194.29.45:0] script '/domains/fryer/goods.php' not found or unable to stat
[Sun Feb 08 02:40:06.892393 2026] [php:error] [pid 52885] [client 20.203.240.55:0] script '/domains/highlandlabs/xaz.php' not found or unable to stat
[Sun Feb 08 02:40:06.988539 2026] [php:error] [pid 52885] [client 20.203.240.55:0] script '/domains/highlandlabs/up4.php' not found or unable to stat
[Sun Feb 08 02:40:07.046244 2026] [php:error] [pid 52868] [client 20.194.29.45:0] script '/domains/fryer/sf.php' not found or unable to stat
[Sun Feb 08 02:40:07.108688 2026] [php:error] [pid 52885] [client 20.203.240.55:0] script '/domains/highlandlabs/1aa.php' not found or unable to stat
[Sun Feb 08 02:40:07.222901 2026] [php:error] [pid 52885] [client 20.203.240.55:0] script '/domains/highlandlabs/elp.php' not found or unable to stat
[Sun Feb 08 02:40:07.318367 2026] [php:error] [pid 52885] [client 20.203.240.55:0] script '/domains/highlandlabs/wtz.php' not found or unable to stat
[Sun Feb 08 02:40:07.413662 2026] [php:error] [pid 52885] [client 20.203.240.55:0] script '/domains/highlandlabs/galex.php' not found or unable to stat
[Sun Feb 08 02:40:07.509110 2026] [php:error] [pid 52885] [client 20.203.240.55:0] script '/domains/highlandlabs/xb.php' not found or unable to stat
[Sun Feb 08 02:40:07.604293 2026] [php:error] [pid 52885] [client 20.203.240.55:0] script '/domains/highlandlabs/ova.php' not found or unable to stat
[Sun Feb 08 02:40:07.699394 2026] [php:error] [pid 52885] [client 20.203.240.55:0] script '/domains/highlandlabs/vx.php' not found or unable to stat
[Sun Feb 08 02:40:07.795141 2026] [php:error] [pid 52885] [client 20.203.240.55:0] script '/domains/highlandlabs/rh.php' not found or unable to stat
[Sun Feb 08 02:40:08.094421 2026] [php:error] [pid 52885] [client 20.203.240.55:0] script '/domains/highlandlabs/spip.php' not found or unable to stat
[Sun Feb 08 02:40:08.678934 2026] [php:error] [pid 52868] [client 20.194.29.45:0] script '/domains/fryer/222.php' not found or unable to stat
[Sun Feb 08 02:40:08.708864 2026] [php:error] [pid 52885] [client 20.203.240.55:0] script '/domains/highlandlabs/myy.php' not found or unable to stat
[Sun Feb 08 02:40:08.860881 2026] [php:error] [pid 52868] [client 20.194.29.45:0] script '/domains/fryer/abcd.php' not found or unable to stat
[Sun Feb 08 02:40:09.043049 2026] [php:error] [pid 52868] [client 20.194.29.45:0] script '/domains/fryer/class-t.api.php' not found or unable to stat
[Sun Feb 08 02:40:09.224170 2026] [php:error] [pid 52868] [client 20.194.29.45:0] script '/domains/fryer/classwithtostring.php' not found or unable to stat
[Sun Feb 08 02:40:09.333523 2026] [php:error] [pid 52885] [client 20.203.240.55:0] script '/domains/highlandlabs/dapa.php' not found or unable to stat
[Sun Feb 08 02:40:09.405288 2026] [php:error] [pid 52868] [client 20.194.29.45:0] script '/domains/fryer/file.php' not found or unable to stat
[Sun Feb 08 02:40:09.587046 2026] [php:error] [pid 52868] [client 20.194.29.45:0] script '/domains/fryer/info.php' not found or unable to stat
[Sun Feb 08 02:40:11.056059 2026] [php:error] [pid 52868] [client 20.194.29.45:0] script '/domains/fryer/wp-good.php' not found or unable to stat
[Sun Feb 08 02:41:31.485780 2026] [php:error] [pid 52868] [client 20.215.184.141:0] script '/domains/memanuel/grsiuk.php' not found or unable to stat
[Sun Feb 08 02:41:31.588034 2026] [php:error] [pid 52868] [client 20.215.184.141:0] script '/domains/memanuel/fs.php' not found or unable to stat
[Sun Feb 08 02:41:31.690486 2026] [php:error] [pid 52868] [client 20.215.184.141:0] script '/domains/memanuel/;k.php' not found or unable to stat
[Sun Feb 08 02:43:15.901875 2026] [php:error] [pid 52890] [client 4.217.180.34:0] script '/domains/egmaweb/file.php' not found or unable to stat
[Sun Feb 08 02:43:16.080944 2026] [php:error] [pid 52890] [client 4.217.180.34:0] script '/domains/egmaweb/27.php' not found or unable to stat
[Sun Feb 08 02:43:16.259471 2026] [php:error] [pid 52890] [client 4.217.180.34:0] script '/domains/egmaweb/ccou.php' not found or unable to stat
[Sun Feb 08 02:43:16.438020 2026] [php:error] [pid 52890] [client 4.217.180.34:0] script '/domains/egmaweb/ws64.php' not found or unable to stat
[Sun Feb 08 02:43:16.620744 2026] [php:error] [pid 52890] [client 4.217.180.34:0] script '/domains/egmaweb/bay11.php' not found or unable to stat
[Sun Feb 08 02:43:16.801674 2026] [php:error] [pid 52890] [client 4.217.180.34:0] script '/domains/egmaweb/41.php' not found or unable to stat
[Sun Feb 08 02:43:16.980429 2026] [php:error] [pid 52890] [client 4.217.180.34:0] script '/domains/egmaweb/zc-845.php' not found or unable to stat
[Sun Feb 08 02:43:17.159133 2026] [php:error] [pid 52890] [client 4.217.180.34:0] script '/domains/egmaweb/wsdxoeas.php' not found or unable to stat
[Sun Feb 08 02:43:17.337569 2026] [php:error] [pid 52890] [client 4.217.180.34:0] script '/domains/egmaweb/ww.php' not found or unable to stat
[Sun Feb 08 02:43:17.515983 2026] [php:error] [pid 52890] [client 4.217.180.34:0] script '/domains/egmaweb/mode.php' not found or unable to stat
[Sun Feb 08 02:43:17.694331 2026] [php:error] [pid 52890] [client 4.217.180.34:0] script '/domains/egmaweb/editor.php' not found or unable to stat
[Sun Feb 08 02:43:18.051251 2026] [php:error] [pid 52890] [client 4.217.180.34:0] script '/domains/egmaweb/star.php' not found or unable to stat
[Sun Feb 08 02:43:18.229313 2026] [php:error] [pid 52890] [client 4.217.180.34:0] script '/domains/egmaweb/yas.php' not found or unable to stat
[Sun Feb 08 02:43:18.408343 2026] [php:error] [pid 52890] [client 4.217.180.34:0] script '/domains/egmaweb/timocra.php' not found or unable to stat
[Sun Feb 08 02:43:18.587092 2026] [php:error] [pid 52890] [client 4.217.180.34:0] script '/domains/egmaweb/lock1.php' not found or unable to stat
[Sun Feb 08 02:43:18.765422 2026] [php:error] [pid 52890] [client 4.217.180.34:0] script '/domains/egmaweb/content.php' not found or unable to stat
[Sun Feb 08 02:43:18.943964 2026] [php:error] [pid 52890] [client 4.217.180.34:0] script '/domains/egmaweb/atomlib.php' not found or unable to stat
[Sun Feb 08 02:43:19.122733 2026] [php:error] [pid 52890] [client 4.217.180.34:0] script '/domains/egmaweb/wp-good.php' not found or unable to stat
[Sun Feb 08 02:43:19.301304 2026] [php:error] [pid 52890] [client 4.217.180.34:0] script '/domains/egmaweb/1.php' not found or unable to stat
[Sun Feb 08 02:43:19.658597 2026] [php:error] [pid 52890] [client 4.217.180.34:0] script '/domains/egmaweb/muzu.php' not found or unable to stat
[Sun Feb 08 02:43:20.015048 2026] [php:error] [pid 52890] [client 4.217.180.34:0] script '/domains/egmaweb/wp-shirei.php' not found or unable to stat
[Sun Feb 08 02:43:20.193399 2026] [php:error] [pid 52890] [client 4.217.180.34:0] script '/domains/egmaweb/hlonk.php' not found or unable to stat
[Sun Feb 08 02:43:20.372039 2026] [php:error] [pid 52890] [client 4.217.180.34:0] script '/domains/egmaweb/ova.php' not found or unable to stat
[Sun Feb 08 02:43:20.550738 2026] [php:error] [pid 52890] [client 4.217.180.34:0] script '/domains/egmaweb/as.php' not found or unable to stat
[Sun Feb 08 02:43:20.729052 2026] [php:error] [pid 52890] [client 4.217.180.34:0] script '/domains/egmaweb/ioxi-o.php' not found or unable to stat
[Sun Feb 08 02:43:20.907366 2026] [php:error] [pid 52890] [client 4.217.180.34:0] script '/domains/egmaweb/htio.php' not found or unable to stat
[Sun Feb 08 02:43:21.085945 2026] [php:error] [pid 52890] [client 4.217.180.34:0] script '/domains/egmaweb/xy.php' not found or unable to stat
[Sun Feb 08 02:43:21.264357 2026] [php:error] [pid 52890] [client 4.217.180.34:0] script '/domains/egmaweb/abc.php' not found or unable to stat
[Sun Feb 08 02:43:21.621099 2026] [php:error] [pid 52890] [client 4.217.180.34:0] script '/domains/egmaweb/403.php' not found or unable to stat
[Sun Feb 08 02:43:21.800474 2026] [php:error] [pid 52890] [client 4.217.180.34:0] script '/domains/egmaweb/buy.php' not found or unable to stat
[Sun Feb 08 02:43:22.157706 2026] [php:error] [pid 52890] [client 4.217.180.34:0] script '/domains/egmaweb/gtc.php' not found or unable to stat
[Sun Feb 08 02:43:22.335946 2026] [php:error] [pid 52890] [client 4.217.180.34:0] script '/domains/egmaweb/mk.php' not found or unable to stat
[Sun Feb 08 02:43:22.514326 2026] [php:error] [pid 52890] [client 4.217.180.34:0] script '/domains/egmaweb/wp-tot.php' not found or unable to stat
[Sun Feb 08 02:43:22.692626 2026] [php:error] [pid 52890] [client 4.217.180.34:0] script '/domains/egmaweb/gifclass.php' not found or unable to stat
[Sun Feb 08 02:43:22.873311 2026] [php:error] [pid 52890] [client 4.217.180.34:0] script '/domains/egmaweb/33.php' not found or unable to stat
[Sun Feb 08 02:43:23.051907 2026] [php:error] [pid 52890] [client 4.217.180.34:0] script '/domains/egmaweb/acxx.php' not found or unable to stat
[Sun Feb 08 02:43:23.232033 2026] [php:error] [pid 52890] [client 4.217.180.34:0] script '/domains/egmaweb/cah.php' not found or unable to stat
[Sun Feb 08 02:43:23.410489 2026] [php:error] [pid 52890] [client 4.217.180.34:0] script '/domains/egmaweb/gg.php' not found or unable to stat
[Sun Feb 08 02:43:23.767442 2026] [php:error] [pid 52890] [client 4.217.180.34:0] script '/domains/egmaweb/x7.php' not found or unable to stat
[Sun Feb 08 02:43:24.124196 2026] [php:error] [pid 52890] [client 4.217.180.34:0] script '/domains/egmaweb/wsd.php' not found or unable to stat
[Sun Feb 08 02:43:24.302453 2026] [php:error] [pid 52890] [client 4.217.180.34:0] script '/domains/egmaweb/panel.php' not found or unable to stat
[Sun Feb 08 02:43:24.482978 2026] [php:error] [pid 52890] [client 4.217.180.34:0] script '/domains/egmaweb/ty.php' not found or unable to stat
[Sun Feb 08 02:43:24.661490 2026] [php:error] [pid 52890] [client 4.217.180.34:0] script '/domains/egmaweb/rzki.php' not found or unable to stat
[Sun Feb 08 02:43:24.843004 2026] [php:error] [pid 52890] [client 4.217.180.34:0] script '/domains/egmaweb/zfile.php' not found or unable to stat
[Sun Feb 08 02:43:25.021919 2026] [php:error] [pid 52890] [client 4.217.180.34:0] script '/domains/egmaweb/yasnu.php' not found or unable to stat
[Sun Feb 08 02:43:25.200828 2026] [php:error] [pid 52890] [client 4.217.180.34:0] script '/domains/egmaweb/bs2.php' not found or unable to stat
[Sun Feb 08 02:43:25.379278 2026] [php:error] [pid 52890] [client 4.217.180.34:0] script '/domains/egmaweb/wp-load.php' not found or unable to stat
[Sun Feb 08 02:43:25.736800 2026] [php:error] [pid 52890] [client 4.217.180.34:0] script '/domains/egmaweb/cwclass.php' not found or unable to stat
[Sun Feb 08 02:43:25.915792 2026] [php:error] [pid 52890] [client 4.217.180.34:0] script '/domains/egmaweb/class.php' not found or unable to stat
[Sun Feb 08 02:43:26.094758 2026] [php:error] [pid 52890] [client 4.217.180.34:0] script '/domains/egmaweb/a2.php' not found or unable to stat
[Sun Feb 08 02:43:26.273008 2026] [php:error] [pid 52890] [client 4.217.180.34:0] script '/domains/egmaweb/503.php' not found or unable to stat
[Sun Feb 08 02:43:26.452799 2026] [php:error] [pid 52890] [client 4.217.180.34:0] script '/domains/egmaweb/wp-ann.php' not found or unable to stat
[Sun Feb 08 02:43:26.631556 2026] [php:error] [pid 52890] [client 4.217.180.34:0] script '/domains/egmaweb/xmrlpc.php' not found or unable to stat
[Sun Feb 08 02:43:26.809822 2026] [php:error] [pid 52890] [client 4.217.180.34:0] script '/domains/egmaweb/yawa.php' not found or unable to stat
[Sun Feb 08 02:43:26.988898 2026] [php:error] [pid 52890] [client 4.217.180.34:0] script '/domains/egmaweb/environment.php' not found or unable to stat
[Sun Feb 08 02:43:27.167804 2026] [php:error] [pid 52890] [client 4.217.180.34:0] script '/domains/egmaweb/indeex.php' not found or unable to stat
[Sun Feb 08 02:43:27.346148 2026] [php:error] [pid 52890] [client 4.217.180.34:0] script '/domains/egmaweb/custom-background.php' not found or unable to stat
[Sun Feb 08 02:43:27.524602 2026] [php:error] [pid 52890] [client 4.217.180.34:0] script '/domains/egmaweb/ziwopudm.php' not found or unable to stat
[Sun Feb 08 02:43:27.702961 2026] [php:error] [pid 52890] [client 4.217.180.34:0] script '/domains/egmaweb/alfa-rex.php' not found or unable to stat
[Sun Feb 08 02:43:27.881599 2026] [php:error] [pid 52890] [client 4.217.180.34:0] script '/domains/egmaweb/yanz.php' not found or unable to stat
[Sun Feb 08 02:43:28.061346 2026] [php:error] [pid 52890] [client 4.217.180.34:0] script '/domains/egmaweb/class19.php' not found or unable to stat
[Sun Feb 08 02:43:28.239437 2026] [php:error] [pid 52890] [client 4.217.180.34:0] script '/domains/egmaweb/asasx.php' not found or unable to stat
[Sun Feb 08 02:43:28.417962 2026] [php:error] [pid 52890] [client 4.217.180.34:0] script '/domains/egmaweb/cczkdmdy.php' not found or unable to stat
[Sun Feb 08 02:43:28.596396 2026] [php:error] [pid 52890] [client 4.217.180.34:0] script '/domains/egmaweb/wbbw.php' not found or unable to stat
[Sun Feb 08 02:43:28.775153 2026] [php:error] [pid 52890] [client 4.217.180.34:0] script '/domains/egmaweb/item.php' not found or unable to stat
[Sun Feb 08 02:43:28.953626 2026] [php:error] [pid 52890] [client 4.217.180.34:0] script '/domains/egmaweb/alfashell.php' not found or unable to stat
[Sun Feb 08 02:43:29.490226 2026] [php:error] [pid 52890] [client 4.217.180.34:0] script '/domains/egmaweb/akcc.php' not found or unable to stat
[Sun Feb 08 02:43:29.668931 2026] [php:error] [pid 52890] [client 4.217.180.34:0] script '/domains/egmaweb/aboutc.php' not found or unable to stat
[Sun Feb 08 02:43:29.849606 2026] [php:error] [pid 52890] [client 4.217.180.34:0] script '/domains/egmaweb/oo.php' not found or unable to stat
[Sun Feb 08 02:43:30.222906 2026] [php:error] [pid 52890] [client 4.217.180.34:0] script '/domains/egmaweb/okxh.php' not found or unable to stat
[Sun Feb 08 02:43:30.401196 2026] [php:error] [pid 52890] [client 4.217.180.34:0] script '/domains/egmaweb/log.php' not found or unable to stat
[Sun Feb 08 02:43:30.579553 2026] [php:error] [pid 52890] [client 4.217.180.34:0] script '/domains/egmaweb/gettest.php' not found or unable to stat
[Sun Feb 08 02:43:30.758031 2026] [php:error] [pid 52890] [client 4.217.180.34:0] script '/domains/egmaweb/set.php' not found or unable to stat
[Sun Feb 08 02:43:30.936283 2026] [php:error] [pid 52890] [client 4.217.180.34:0] script '/domains/egmaweb/ioxi.php' not found or unable to stat
[Sun Feb 08 02:43:31.471891 2026] [php:error] [pid 52890] [client 4.217.180.34:0] script '/domains/egmaweb/living.php' not found or unable to stat
[Sun Feb 08 02:43:31.650303 2026] [php:error] [pid 52890] [client 4.217.180.34:0] script '/domains/egmaweb/elp.php' not found or unable to stat
[Sun Feb 08 02:43:31.828681 2026] [php:error] [pid 52890] [client 4.217.180.34:0] script '/domains/egmaweb/dev1s.php' not found or unable to stat
[Sun Feb 08 02:43:32.007302 2026] [php:error] [pid 52890] [client 4.217.180.34:0] script '/domains/egmaweb/az.php' not found or unable to stat
[Sun Feb 08 02:43:32.185716 2026] [php:error] [pid 52890] [client 4.217.180.34:0] script '/domains/egmaweb/yaiid.php' not found or unable to stat
[Sun Feb 08 02:43:32.365177 2026] [php:error] [pid 52890] [client 4.217.180.34:0] script '/domains/egmaweb/siteheads.php' not found or unable to stat
[Sun Feb 08 02:43:32.544004 2026] [php:error] [pid 52890] [client 4.217.180.34:0] script '/domains/egmaweb/zzxy.php' not found or unable to stat
[Sun Feb 08 02:43:32.722314 2026] [php:error] [pid 52890] [client 4.217.180.34:0] script '/domains/egmaweb/about.php' not found or unable to stat
[Sun Feb 08 02:43:32.901785 2026] [php:error] [pid 52890] [client 4.217.180.34:0] script '/domains/egmaweb/revision.php' not found or unable to stat
[Sun Feb 08 02:43:33.080184 2026] [php:error] [pid 52890] [client 4.217.180.34:0] script '/domains/egmaweb/abcd.php' not found or unable to stat
[Sun Feb 08 02:43:33.258662 2026] [php:error] [pid 52890] [client 4.217.180.34:0] script '/domains/egmaweb/wp-4doption1.php' not found or unable to stat
[Sun Feb 08 02:43:33.616546 2026] [php:error] [pid 52890] [client 4.217.180.34:0] script '/domains/egmaweb/kdgok.php' not found or unable to stat
[Sun Feb 08 02:43:33.977424 2026] [php:error] [pid 52863] [client 4.217.180.34:0] script '/domains/egmaweb/wp-themes.php' not found or unable to stat
[Sun Feb 08 02:43:34.157179 2026] [php:error] [pid 52863] [client 4.217.180.34:0] script '/domains/egmaweb/backup.php' not found or unable to stat
[Sun Feb 08 02:43:34.515421 2026] [php:error] [pid 52863] [client 4.217.180.34:0] script '/domains/egmaweb/dropdown.php' not found or unable to stat
[Sun Feb 08 02:43:34.695846 2026] [php:error] [pid 52863] [client 4.217.180.34:0] script '/domains/egmaweb/sx.php' not found or unable to stat
[Sun Feb 08 02:43:34.875453 2026] [php:error] [pid 52863] [client 4.217.180.34:0] script '/domains/egmaweb/wp-site.php' not found or unable to stat
[Sun Feb 08 02:43:35.054670 2026] [php:error] [pid 52863] [client 4.217.180.34:0] script '/domains/egmaweb/fck.php' not found or unable to stat
[Sun Feb 08 02:43:35.234613 2026] [php:error] [pid 52863] [client 4.217.180.34:0] script '/domains/egmaweb/zr.php' not found or unable to stat
[Sun Feb 08 02:43:35.414525 2026] [php:error] [pid 52863] [client 4.217.180.34:0] script '/domains/egmaweb/12.php' not found or unable to stat
[Sun Feb 08 02:43:35.594000 2026] [php:error] [pid 52863] [client 4.217.180.34:0] script '/domains/egmaweb/hilk.php' not found or unable to stat
[Sun Feb 08 02:43:35.774030 2026] [php:error] [pid 52863] [client 4.217.180.34:0] script '/domains/egmaweb/baixy.php' not found or unable to stat
[Sun Feb 08 02:43:36.132321 2026] [php:error] [pid 52863] [client 4.217.180.34:0] script '/domains/egmaweb/wen.php' not found or unable to stat
[Sun Feb 08 02:43:36.311698 2026] [php:error] [pid 52863] [client 4.217.180.34:0] script '/domains/egmaweb/docs.php' not found or unable to stat
[Sun Feb 08 02:43:36.490801 2026] [php:error] [pid 52863] [client 4.217.180.34:0] script '/domains/egmaweb/000.php' not found or unable to stat
[Sun Feb 08 02:43:36.669741 2026] [php:error] [pid 52863] [client 4.217.180.34:0] script '/domains/egmaweb/bgymj.php' not found or unable to stat
[Sun Feb 08 02:43:36.849803 2026] [php:error] [pid 52863] [client 4.217.180.34:0] script '/domains/egmaweb/0x.php' not found or unable to stat
[Sun Feb 08 02:43:37.028860 2026] [php:error] [pid 52863] [client 4.217.180.34:0] script '/domains/egmaweb/wp-ait.php' not found or unable to stat
[Sun Feb 08 02:43:37.207832 2026] [php:error] [pid 52863] [client 4.217.180.34:0] script '/domains/egmaweb/test1.php' not found or unable to stat
[Sun Feb 08 02:43:37.386885 2026] [php:error] [pid 52863] [client 4.217.180.34:0] script '/domains/egmaweb/dex.php' not found or unable to stat
[Sun Feb 08 02:43:37.565982 2026] [php:error] [pid 52863] [client 4.217.180.34:0] script '/domains/egmaweb/xxm.php' not found or unable to stat
[Sun Feb 08 02:43:37.744766 2026] [php:error] [pid 52863] [client 4.217.180.34:0] script '/domains/egmaweb/size.php' not found or unable to stat
[Sun Feb 08 02:43:37.923918 2026] [php:error] [pid 52863] [client 4.217.180.34:0] script '/domains/egmaweb/wb.php' not found or unable to stat
[Sun Feb 08 02:43:38.282223 2026] [php:error] [pid 52863] [client 4.217.180.34:0] script '/domains/egmaweb/mini.php' not found or unable to stat
[Sun Feb 08 02:43:38.461218 2026] [php:error] [pid 52863] [client 4.217.180.34:0] script '/domains/egmaweb/v2.php' not found or unable to stat
[Sun Feb 08 02:43:38.819151 2026] [php:error] [pid 52863] [client 4.217.180.34:0] script '/domains/egmaweb/img.php' not found or unable to stat
[Sun Feb 08 02:43:38.998221 2026] [php:error] [pid 52863] [client 4.217.180.34:0] script '/domains/egmaweb/yifsx.php' not found or unable to stat
[Sun Feb 08 02:43:39.177087 2026] [php:error] [pid 52863] [client 4.217.180.34:0] script '/domains/egmaweb/sym403.php' not found or unable to stat
[Sun Feb 08 02:43:39.356127 2026] [php:error] [pid 52863] [client 4.217.180.34:0] script '/domains/egmaweb/ans.php' not found or unable to stat
[Sun Feb 08 02:43:39.536401 2026] [php:error] [pid 52863] [client 4.217.180.34:0] script '/domains/egmaweb/classwithtostring.php' not found or unable to stat
[Sun Feb 08 02:43:39.715514 2026] [php:error] [pid 52863] [client 4.217.180.34:0] script '/domains/egmaweb/cong.php' not found or unable to stat
[Sun Feb 08 02:43:39.894916 2026] [php:error] [pid 52863] [client 4.217.180.34:0] script '/domains/egmaweb/zoo.php' not found or unable to stat
[Sun Feb 08 02:43:40.074428 2026] [php:error] [pid 52863] [client 4.217.180.34:0] script '/domains/egmaweb/rum.php' not found or unable to stat
[Sun Feb 08 02:43:40.432694 2026] [php:error] [pid 52863] [client 4.217.180.34:0] script '/domains/egmaweb/zwso.php' not found or unable to stat
[Sun Feb 08 02:43:40.611653 2026] [php:error] [pid 52863] [client 4.217.180.34:0] script '/domains/egmaweb/yr.PHP' not found or unable to stat
[Sun Feb 08 02:43:40.791153 2026] [php:error] [pid 52863] [client 4.217.180.34:0] script '/domains/egmaweb/8xyz.php' not found or unable to stat
[Sun Feb 08 02:43:41.328248 2026] [php:error] [pid 52863] [client 4.217.180.34:0] script '/domains/egmaweb/styles.php' not found or unable to stat
[Sun Feb 08 02:43:41.507448 2026] [php:error] [pid 52863] [client 4.217.180.34:0] script '/domains/egmaweb/aq.php' not found or unable to stat
[Sun Feb 08 02:43:41.686302 2026] [php:error] [pid 52863] [client 4.217.180.34:0] script '/domains/egmaweb/lock2.php' not found or unable to stat
[Sun Feb 08 02:43:41.865407 2026] [php:error] [pid 52863] [client 4.217.180.34:0] script '/domains/egmaweb/menu.php' not found or unable to stat
[Sun Feb 08 02:43:42.044366 2026] [php:error] [pid 52863] [client 4.217.180.34:0] script '/domains/egmaweb/vx.php' not found or unable to stat
[Sun Feb 08 02:43:42.223476 2026] [php:error] [pid 52863] [client 4.217.180.34:0] script '/domains/egmaweb/tmpls.php' not found or unable to stat
[Sun Feb 08 02:43:42.402470 2026] [php:error] [pid 52863] [client 4.217.180.34:0] script '/domains/egmaweb/xx.php' not found or unable to stat
[Sun Feb 08 02:43:42.581772 2026] [php:error] [pid 52863] [client 4.217.180.34:0] script '/domains/egmaweb/ran.php' not found or unable to stat
[Sun Feb 08 02:43:42.762049 2026] [php:error] [pid 52863] [client 4.217.180.34:0] script '/domains/egmaweb/priv.php' not found or unable to stat
[Sun Feb 08 02:43:42.941025 2026] [php:error] [pid 52863] [client 4.217.180.34:0] script '/domains/egmaweb/autoload_classmap.php' not found or unable to stat
[Sun Feb 08 02:43:43.120173 2026] [php:error] [pid 52863] [client 4.217.180.34:0] script '/domains/egmaweb/sim.php' not found or unable to stat
[Sun Feb 08 02:44:01.922815 2026] [php:error] [pid 52902] [client 104.28.235.57:0] script '/domains/system_default/style.php' not found or unable to stat
[Sun Feb 08 02:44:03.571472 2026] [php:error] [pid 52902] [client 104.28.235.57:0] script '/domains/system_default/chosen.php' not found or unable to stat
[Sun Feb 08 02:44:03.749165 2026] [php:error] [pid 52902] [client 104.28.235.57:0] script '/domains/system_default/file.php' not found or unable to stat
[Sun Feb 08 02:44:03.875545 2026] [php:error] [pid 52902] [client 104.28.235.57:0] script '/domains/system_default/flower.php' not found or unable to stat
[Sun Feb 08 02:44:04.031512 2026] [php:error] [pid 52902] [client 104.28.235.57:0] script '/domains/system_default/gifclass.php' not found or unable to stat
[Sun Feb 08 02:44:04.513618 2026] [php:error] [pid 52902] [client 104.28.235.57:0] script '/domains/system_default/bless.php' not found or unable to stat
[Sun Feb 08 02:44:05.737974 2026] [php:error] [pid 52902] [client 104.28.235.57:0] script '/domains/system_default/class-t.api.php' not found or unable to stat
[Sun Feb 08 02:44:10.302686 2026] [php:error] [pid 52897] [client 104.28.235.57:0] script '/domains/system_default/blurbs.php' not found or unable to stat
[Sun Feb 08 02:44:11.466600 2026] [php:error] [pid 52897] [client 104.28.235.57:0] script '/domains/system_default/akcc.php' not found or unable to stat
[Sun Feb 08 02:44:11.557335 2026] [php:error] [pid 52897] [client 104.28.235.57:0] script '/domains/system_default/abcd.php' not found or unable to stat
[Sun Feb 08 02:44:11.930856 2026] [php:error] [pid 52897] [client 104.28.235.57:0] script '/domains/system_default/shelp.php' not found or unable to stat
[Sun Feb 08 02:44:12.254772 2026] [php:error] [pid 52897] [client 104.28.235.57:0] script '/domains/system_default/cord.php' not found or unable to stat
[Sun Feb 08 02:44:12.942335 2026] [php:error] [pid 52897] [client 104.28.235.57:0] script '/domains/system_default/dex.php' not found or unable to stat
[Sun Feb 08 02:44:13.664703 2026] [php:error] [pid 52897] [client 104.28.235.57:0] script '/domains/system_default/file2.php' not found or unable to stat
[Sun Feb 08 02:44:13.927115 2026] [php:error] [pid 52897] [client 104.28.235.57:0] script '/domains/system_default/zwso.php' not found or unable to stat
[Sun Feb 08 02:44:14.729914 2026] [php:error] [pid 52897] [client 104.28.235.57:0] script '/domains/system_default/bolt.php' not found or unable to stat
[Sun Feb 08 02:44:14.816464 2026] [php:error] [pid 52897] [client 104.28.235.57:0] script '/domains/system_default/shlo.php' not found or unable to stat
[Sun Feb 08 02:44:15.005502 2026] [php:error] [pid 52897] [client 104.28.235.57:0] script '/domains/system_default/133.php' not found or unable to stat
[Sun Feb 08 02:44:15.165595 2026] [php:error] [pid 52897] [client 104.28.235.57:0] script '/domains/system_default/ahax.php' not found or unable to stat
[Sun Feb 08 02:44:15.513339 2026] [php:error] [pid 52897] [client 104.28.235.57:0] script '/domains/system_default/php8.php' not found or unable to stat
[Sun Feb 08 02:44:15.928581 2026] [php:error] [pid 52897] [client 104.28.235.57:0] script '/domains/system_default/lufix1.php' not found or unable to stat
[Sun Feb 08 02:44:16.046607 2026] [php:error] [pid 52897] [client 104.28.235.57:0] script '/domains/system_default/witmm.php' not found or unable to stat
[Sun Feb 08 02:44:17.444096 2026] [php:error] [pid 52897] [client 104.28.235.57:0] script '/domains/system_default/ioxi-o.php' not found or unable to stat
[Sun Feb 08 02:44:17.658752 2026] [php:error] [pid 52897] [client 104.28.235.57:0] script '/domains/system_default/222.php' not found or unable to stat
[Sun Feb 08 02:44:17.769863 2026] [php:error] [pid 52897] [client 104.28.235.57:0] script '/domains/system_default/files.php' not found or unable to stat
[Sun Feb 08 02:44:17.850292 2026] [php:error] [pid 52897] [client 104.28.235.57:0] script '/domains/system_default/wp-editor.php' not found or unable to stat
[Sun Feb 08 02:44:18.177013 2026] [php:error] [pid 52897] [client 104.28.235.57:0] script '/domains/system_default/txets.php' not found or unable to stat
[Sun Feb 08 02:44:18.544625 2026] [php:error] [pid 52897] [client 104.28.235.57:0] script '/domains/system_default/postnews.php' not found or unable to stat
[Sun Feb 08 02:45:36.474275 2026] [php:error] [pid 52897] [client 52.169.119.118:0] script '/domains/hdickens.enteract/x9.php' not found or unable to stat
[Sun Feb 08 02:45:36.544699 2026] [php:error] [pid 52897] [client 52.169.119.118:0] script '/domains/hdickens.enteract/grsiuk.php' not found or unable to stat
[Sun Feb 08 02:45:36.614836 2026] [php:error] [pid 52897] [client 52.169.119.118:0] script '/domains/hdickens.enteract/byel.php' not found or unable to stat
[Sun Feb 08 02:45:36.684920 2026] [php:error] [pid 52897] [client 52.169.119.118:0] script '/domains/hdickens.enteract/layou.php' not found or unable to stat
[Sun Feb 08 02:45:36.755391 2026] [php:error] [pid 52897] [client 52.169.119.118:0] script '/domains/hdickens.enteract/lgsts.php' not found or unable to stat
[Sun Feb 08 02:45:36.825402 2026] [php:error] [pid 52897] [client 52.169.119.118:0] script '/domains/hdickens.enteract/tourpa.php' not found or unable to stat
[Sun Feb 08 02:45:36.895511 2026] [php:error] [pid 52897] [client 52.169.119.118:0] script '/domains/hdickens.enteract/yvtuizub.php' not found or unable to stat
[Sun Feb 08 02:45:36.966023 2026] [php:error] [pid 52897] [client 52.169.119.118:0] script '/domains/hdickens.enteract/mln.php' not found or unable to stat
[Sun Feb 08 02:45:37.036621 2026] [php:error] [pid 52897] [client 52.169.119.118:0] script '/domains/hdickens.enteract/inege.php' not found or unable to stat
[Sun Feb 08 02:46:35.666821 2026] [php:error] [pid 58566] [client 68.221.72.62:0] script '/domains/system_suspended/grsiuk.php' not found or unable to stat
[Sun Feb 08 02:46:35.751922 2026] [php:error] [pid 58566] [client 68.221.72.62:0] script '/domains/system_suspended/fs.php' not found or unable to stat
[Sun Feb 08 02:46:35.837280 2026] [php:error] [pid 58566] [client 68.221.72.62:0] script '/domains/system_suspended/;k.php' not found or unable to stat
[Sun Feb 08 02:46:47.822894 2026] [php:error] [pid 58568] [client 20.220.144.75:0] script '/domains/tamara1/grsiuk.php' not found or unable to stat
[Sun Feb 08 02:46:47.846819 2026] [php:error] [pid 58568] [client 20.220.144.75:0] script '/domains/tamara1/fs.php' not found or unable to stat
[Sun Feb 08 02:46:47.870662 2026] [php:error] [pid 58568] [client 20.220.144.75:0] script '/domains/tamara1/;k.php' not found or unable to stat
[Sun Feb 08 02:47:44.795948 2026] [php:error] [pid 58581] [client 20.187.78.62:0] script '/domains/tmandel/admin.php' not found or unable to stat
[Sun Feb 08 02:47:45.500023 2026] [php:error] [pid 58581] [client 20.187.78.62:0] script '/domains/tmandel/manager.php' not found or unable to stat
[Sun Feb 08 02:47:45.623362 2026] [php:error] [pid 58575] [client 188.166.185.148:0] script '/domains/afglcweb/wp-login.php' not found or unable to stat, referer: https://www.bing.com/
[Sun Feb 08 02:47:46.593090 2026] [php:error] [pid 58576] [client 188.166.185.148:0] script '/domains/afglcweb/wp-login.php' not found or unable to stat
[Sun Feb 08 02:47:48.785316 2026] [php:error] [pid 58581] [client 20.187.78.62:0] script '/domains/tmandel/wp-sing.php' not found or unable to stat
[Sun Feb 08 02:47:49.013439 2026] [php:error] [pid 58581] [client 20.187.78.62:0] script '/domains/tmandel/goods.php' not found or unable to stat
[Sun Feb 08 02:47:49.263109 2026] [php:error] [pid 58581] [client 20.187.78.62:0] script '/domains/tmandel/chosen.php' not found or unable to stat
[Sun Feb 08 02:47:50.787619 2026] [php:error] [pid 58581] [client 20.187.78.62:0] script '/domains/tmandel/term.php' not found or unable to stat
[Sun Feb 08 02:47:52.021021 2026] [php:error] [pid 58581] [client 20.187.78.62:0] script '/domains/tmandel/wpc.php' not found or unable to stat
[Sun Feb 08 02:47:53.543419 2026] [php:error] [pid 58581] [client 20.187.78.62:0] script '/domains/tmandel/about.php' not found or unable to stat
[Sun Feb 08 02:47:53.758047 2026] [php:error] [pid 58581] [client 20.187.78.62:0] script '/domains/tmandel/deepseek_d.php' not found or unable to stat
[Sun Feb 08 02:47:54.783559 2026] [php:error] [pid 58581] [client 20.187.78.62:0] script '/domains/tmandel/elp.php' not found or unable to stat
[Sun Feb 08 02:47:55.022116 2026] [php:error] [pid 58581] [client 20.187.78.62:0] script '/domains/tmandel/bless.php' not found or unable to stat
[Sun Feb 08 02:47:56.015913 2026] [php:error] [pid 58581] [client 20.187.78.62:0] script '/domains/tmandel/edit.php' not found or unable to stat
[Sun Feb 08 02:47:56.919709 2026] [php:error] [pid 58581] [client 20.187.78.62:0] script '/domains/tmandel/simple.php' not found or unable to stat
[Sun Feb 08 02:47:58.136110 2026] [php:error] [pid 58581] [client 20.187.78.62:0] script '/domains/tmandel/wp-login.php' not found or unable to stat
