[Sun Feb 08 01:02:17.978625 2026] [php:error] [pid 35056] [client 20.214.152.240:0] script '/domains/system_suspended/inputs.php' not found or unable to stat
[Sun Feb 08 01:02:18.120897 2026] [php:error] [pid 35081] [client 20.196.219.147:0] script '/domains/system_suspended/cong.php' not found or unable to stat
[Sun Feb 08 01:02:18.197685 2026] [php:error] [pid 35056] [client 20.214.152.240:0] script '/domains/system_suspended/log.php' not found or unable to stat
[Sun Feb 08 01:02:18.652864 2026] [php:error] [pid 35056] [client 20.214.152.240:0] script '/domains/system_suspended/man.php' not found or unable to stat
[Sun Feb 08 01:02:18.873723 2026] [php:error] [pid 35056] [client 20.214.152.240:0] script '/domains/system_suspended/1.php' not found or unable to stat
[Sun Feb 08 01:02:19.080896 2026] [php:error] [pid 35056] [client 20.214.152.240:0] script '/domains/system_suspended/aa.php' not found or unable to stat
[Sun Feb 08 01:02:19.265521 2026] [php:error] [pid 35056] [client 20.214.152.240:0] script '/domains/system_suspended/dropdown.php' not found or unable to stat
[Sun Feb 08 01:02:19.271314 2026] [php:error] [pid 35081] [client 20.196.219.147:0] script '/domains/system_suspended/kyami.php' not found or unable to stat
[Sun Feb 08 01:02:19.454256 2026] [php:error] [pid 35056] [client 20.214.152.240:0] script '/domains/system_suspended/rtx.php' not found or unable to stat
[Sun Feb 08 01:02:19.809939 2026] [php:error] [pid 35081] [client 20.196.219.147:0] script '/domains/system_suspended/1.php' not found or unable to stat
[Sun Feb 08 01:02:20.210043 2026] [php:error] [pid 35081] [client 20.196.219.147:0] script '/domains/system_suspended/gecko-new.php' not found or unable to stat
[Sun Feb 08 01:02:20.607157 2026] [php:error] [pid 35086] [client 34.96.162.60:0] script '/domains/covertcomic/adminer-4.3.1.php' not found or unable to stat
[Sun Feb 08 01:02:20.662702 2026] [php:error] [pid 35056] [client 20.214.152.240:0] script '/domains/system_suspended/atomlib.php' not found or unable to stat
[Sun Feb 08 01:02:20.745340 2026] [php:error] [pid 35081] [client 20.196.219.147:0] script '/domains/system_suspended/wp-blog-header.php' not found or unable to stat
[Sun Feb 08 01:02:21.215770 2026] [php:error] [pid 35056] [client 20.214.152.240:0] script '/domains/system_suspended/info.php' not found or unable to stat
[Sun Feb 08 01:02:21.558660 2026] [php:error] [pid 35056] [client 20.214.152.240:0] script '/domains/system_suspended/lock360.php' not found or unable to stat
[Sun Feb 08 01:02:22.442687 2026] [php:error] [pid 35056] [client 20.214.152.240:0] script '/domains/system_suspended/vx.php' not found or unable to stat
[Sun Feb 08 01:02:23.642106 2026] [php:error] [pid 35056] [client 20.214.152.240:0] script '/domains/system_suspended/wp-content.php' not found or unable to stat
[Sun Feb 08 01:02:24.071731 2026] [php:error] [pid 35081] [client 20.196.219.147:0] script '/domains/system_suspended/item.php' not found or unable to stat
[Sun Feb 08 01:02:24.275430 2026] [php:error] [pid 35081] [client 20.196.219.147:0] script '/domains/system_suspended/xmrlpc.php' not found or unable to stat
[Sun Feb 08 01:02:24.498463 2026] [php:error] [pid 35081] [client 20.196.219.147:0] script '/domains/system_suspended/config.php' not found or unable to stat
[Sun Feb 08 01:02:24.676236 2026] [php:error] [pid 35081] [client 20.196.219.147:0] script '/domains/system_suspended/cc.php' not found or unable to stat
[Sun Feb 08 01:02:25.013352 2026] [php:error] [pid 35056] [client 20.214.152.240:0] script '/domains/system_suspended/adminfuns.php' not found or unable to stat
[Sun Feb 08 01:02:25.200587 2026] [php:error] [pid 35056] [client 20.214.152.240:0] script '/domains/system_suspended/ahax.php' not found or unable to stat
[Sun Feb 08 01:02:25.446207 2026] [php:error] [pid 35081] [client 20.196.219.147:0] script '/domains/system_suspended/wp-conflg.php' not found or unable to stat
[Sun Feb 08 01:02:25.630181 2026] [php:error] [pid 35081] [client 20.196.219.147:0] script '/domains/system_suspended/themes.php' not found or unable to stat
[Sun Feb 08 01:02:25.951217 2026] [php:error] [pid 35056] [client 20.214.152.240:0] script '/domains/system_suspended/autoload_classmap.php' not found or unable to stat
[Sun Feb 08 01:02:26.723728 2026] [php:error] [pid 35056] [client 20.214.152.240:0] script '/domains/system_suspended/file.php' not found or unable to stat
[Sun Feb 08 01:02:26.905979 2026] [php:error] [pid 35056] [client 20.214.152.240:0] script '/domains/system_suspended/file5.php' not found or unable to stat
[Sun Feb 08 01:02:28.355328 2026] [php:error] [pid 35081] [client 20.196.219.147:0] script '/domains/system_suspended/hplfuns.php' not found or unable to stat
[Sun Feb 08 01:02:28.892713 2026] [php:error] [pid 35081] [client 20.196.219.147:0] script '/domains/system_suspended/admin.php' not found or unable to stat
[Sun Feb 08 01:02:29.091009 2026] [php:error] [pid 35081] [client 20.196.219.147:0] script '/domains/system_suspended/alfa.php' not found or unable to stat
[Sun Feb 08 01:02:29.478979 2026] [php:error] [pid 35081] [client 20.196.219.147:0] script '/domains/system_suspended/wp-2019.php' not found or unable to stat
[Sun Feb 08 01:02:29.798645 2026] [php:error] [pid 35056] [client 20.214.152.240:0] script '/domains/system_suspended/xmlrpc.php' not found or unable to stat
[Sun Feb 08 01:02:29.980595 2026] [php:error] [pid 35056] [client 20.214.152.240:0] script '/domains/system_suspended/alfa.php' not found or unable to stat
[Sun Feb 08 01:02:30.129209 2026] [php:error] [pid 35081] [client 20.196.219.147:0] script '/domains/system_suspended/akcc.php' not found or unable to stat
[Sun Feb 08 01:02:30.162616 2026] [php:error] [pid 35056] [client 20.214.152.240:0] script '/domains/system_suspended/as.php' not found or unable to stat
[Sun Feb 08 01:02:30.307129 2026] [php:error] [pid 35081] [client 20.196.219.147:0] script '/domains/system_suspended/404.php' not found or unable to stat
[Sun Feb 08 01:02:30.710518 2026] [php:error] [pid 35056] [client 20.214.152.240:0] script '/domains/system_suspended/class-t.api.php' not found or unable to stat
[Sun Feb 08 01:02:30.712851 2026] [php:error] [pid 35081] [client 20.196.219.147:0] script '/domains/system_suspended/wp-corn-sample.php' not found or unable to stat
[Sun Feb 08 01:02:30.890763 2026] [php:error] [pid 35081] [client 20.196.219.147:0] script '/domains/system_suspended/classwithtostring.php' not found or unable to stat
[Sun Feb 08 01:02:30.891031 2026] [php:error] [pid 35056] [client 20.214.152.240:0] script '/domains/system_suspended/indoxploit.php' not found or unable to stat
[Sun Feb 08 01:02:31.085440 2026] [php:error] [pid 35081] [client 20.196.219.147:0] script '/domains/system_suspended/ab.php' not found or unable to stat
[Sun Feb 08 01:02:31.281049 2026] [php:error] [pid 35056] [client 20.214.152.240:0] script '/domains/system_suspended/shell.php' not found or unable to stat
[Sun Feb 08 01:02:31.462351 2026] [php:error] [pid 35056] [client 20.214.152.240:0] script '/domains/system_suspended/system.php' not found or unable to stat
[Sun Feb 08 01:02:31.628090 2026] [php:error] [pid 35081] [client 20.196.219.147:0] script '/domains/system_suspended/asasx.php' not found or unable to stat
[Sun Feb 08 01:02:32.022428 2026] [php:error] [pid 35056] [client 20.214.152.240:0] script '/domains/system_suspended/wp-admin.php' not found or unable to stat
[Sun Feb 08 01:02:33.512895 2026] [php:error] [pid 35056] [client 20.214.152.240:0] script '/domains/system_suspended/wp-block.php' not found or unable to stat
[Sun Feb 08 01:02:34.107130 2026] [php:error] [pid 35056] [client 20.214.152.240:0] script '/domains/system_suspended/wp-good.php' not found or unable to stat
[Sun Feb 08 01:02:35.459343 2026] [php:error] [pid 35081] [client 20.196.219.147:0] script '/domains/system_suspended/fox.php' not found or unable to stat
[Sun Feb 08 01:02:36.088186 2026] [php:error] [pid 35081] [client 20.196.219.147:0] script '/domains/system_suspended/moon.php' not found or unable to stat
[Sun Feb 08 01:02:36.268757 2026] [php:error] [pid 35081] [client 20.196.219.147:0] script '/domains/system_suspended/mar.php' not found or unable to stat
[Sun Feb 08 01:02:37.655451 2026] [php:error] [pid 35054] [client 20.214.152.240:0] script '/domains/system_suspended/01.php' not found or unable to stat
[Sun Feb 08 01:02:37.848450 2026] [php:error] [pid 35054] [client 20.214.152.240:0] script '/domains/system_suspended/222.php' not found or unable to stat
[Sun Feb 08 01:02:38.243488 2026] [php:error] [pid 35054] [client 20.214.152.240:0] script '/domains/system_suspended/403.php' not found or unable to stat
[Sun Feb 08 01:02:38.416897 2026] [php:error] [pid 35081] [client 20.196.219.147:0] script '/domains/system_suspended/install.php' not found or unable to stat
[Sun Feb 08 01:02:38.457552 2026] [php:error] [pid 35054] [client 20.214.152.240:0] script '/domains/system_suspended/404.php' not found or unable to stat
[Sun Feb 08 01:02:38.639930 2026] [php:error] [pid 35054] [client 20.214.152.240:0] script '/domains/system_suspended/Q.php' not found or unable to stat
[Sun Feb 08 01:02:38.642076 2026] [php:error] [pid 35081] [client 20.196.219.147:0] script '/domains/system_suspended/menu.php' not found or unable to stat
[Sun Feb 08 01:02:39.367939 2026] [php:error] [pid 35054] [client 20.214.152.240:0] script '/domains/system_suspended/WSO.php' not found or unable to stat
[Sun Feb 08 01:02:39.762550 2026] [php:error] [pid 35054] [client 20.214.152.240:0] script '/domains/system_suspended/abc.php' not found or unable to stat
[Sun Feb 08 01:02:39.948405 2026] [php:error] [pid 35054] [client 20.214.152.240:0] script '/domains/system_suspended/abcd.php' not found or unable to stat
[Sun Feb 08 01:02:40.430828 2026] [php:error] [pid 35081] [client 34.96.162.50:0] script '/domains/covertcomic/adminer-4.2.1.php' not found or unable to stat
[Sun Feb 08 01:02:41.591796 2026] [php:error] [pid 35054] [client 20.214.152.240:0] script '/domains/system_suspended/byp.php' not found or unable to stat
[Sun Feb 08 01:02:42.110719 2026] [php:error] [pid 35054] [client 20.214.152.240:0] script '/domains/system_suspended/c.php' not found or unable to stat
[Sun Feb 08 01:02:42.339957 2026] [php:error] [pid 35054] [client 20.214.152.240:0] script '/domains/system_suspended/ca4.php' not found or unable to stat
[Sun Feb 08 01:02:42.932362 2026] [php:error] [pid 35054] [client 20.214.152.240:0] script '/domains/system_suspended/config.php' not found or unable to stat
[Sun Feb 08 01:02:43.330594 2026] [php:error] [pid 35054] [client 20.214.152.240:0] script '/domains/system_suspended/content.php' not found or unable to stat
[Sun Feb 08 01:02:43.512058 2026] [php:error] [pid 35054] [client 20.214.152.240:0] script '/domains/system_suspended/favicon.php' not found or unable to stat
[Sun Feb 08 01:02:43.546367 2026] [php:error] [pid 35096] [client 20.196.219.147:0] script '/domains/system_suspended/defaults.php' not found or unable to stat
[Sun Feb 08 01:02:43.699639 2026] [php:error] [pid 35054] [client 20.214.152.240:0] script '/domains/system_suspended/file56.php' not found or unable to stat
[Sun Feb 08 01:02:44.081487 2026] [php:error] [pid 35096] [client 20.196.219.147:0] script '/domains/system_suspended/css.php' not found or unable to stat
[Sun Feb 08 01:02:44.088759 2026] [php:error] [pid 35054] [client 20.214.152.240:0] script '/domains/system_suspended/flower.php' not found or unable to stat
[Sun Feb 08 01:02:44.446522 2026] [php:error] [pid 35096] [client 20.196.219.147:0] script '/domains/system_suspended/wp-links-opml.php' not found or unable to stat
[Sun Feb 08 01:02:44.700328 2026] [php:error] [pid 35054] [client 20.214.152.240:0] script '/domains/system_suspended/fw.php' not found or unable to stat
[Sun Feb 08 01:02:44.905548 2026] [php:error] [pid 35054] [client 20.214.152.240:0] script '/domains/system_suspended/gecko-new.php' not found or unable to stat
[Sun Feb 08 01:02:50.288237 2026] [php:error] [pid 35098] [client 35.247.243.246:0] script '/domains/covertcomic/adminer-5.4.0-mysql-en.php' not found or unable to stat
[Sun Feb 08 01:02:50.560995 2026] [php:error] [pid 35099] [client 20.196.219.147:0] script '/domains/system_suspended/123.php' not found or unable to stat
[Sun Feb 08 01:02:50.739227 2026] [php:error] [pid 35099] [client 20.196.219.147:0] script '/domains/system_suspended/log.php' not found or unable to stat
[Sun Feb 08 01:02:52.205995 2026] [php:error] [pid 35099] [client 20.196.219.147:0] script '/domains/system_suspended/as.php' not found or unable to stat
[Sun Feb 08 01:02:52.785780 2026] [php:error] [pid 35099] [client 20.196.219.147:0] script '/domains/system_suspended/style.php' not found or unable to stat
[Sun Feb 08 01:02:52.969117 2026] [php:error] [pid 35099] [client 20.196.219.147:0] script '/domains/system_suspended/aa.php' not found or unable to stat
[Sun Feb 08 01:02:53.147602 2026] [php:error] [pid 35099] [client 20.196.219.147:0] script '/domains/system_suspended/hehehehe.php' not found or unable to stat
[Sun Feb 08 01:02:53.326592 2026] [php:error] [pid 35099] [client 20.196.219.147:0] script '/domains/system_suspended/x.php' not found or unable to stat
[Sun Feb 08 01:02:53.504942 2026] [php:error] [pid 35099] [client 20.196.219.147:0] script '/domains/system_suspended/wp-links.php' not found or unable to stat
[Sun Feb 08 01:02:54.135067 2026] [php:error] [pid 35099] [client 20.196.219.147:0] script '/domains/system_suspended/main.php' not found or unable to stat
[Sun Feb 08 01:02:54.560731 2026] [php:error] [pid 35099] [client 20.196.219.147:0] script '/domains/system_suspended/wso.php' not found or unable to stat
[Sun Feb 08 01:02:54.806288 2026] [php:error] [pid 35099] [client 20.196.219.147:0] script '/domains/system_suspended/wp-configs.php' not found or unable to stat
[Sun Feb 08 01:02:54.997657 2026] [php:error] [pid 35099] [client 20.196.219.147:0] script '/domains/system_suspended/lock.php' not found or unable to stat
[Sun Feb 08 01:02:55.184022 2026] [php:error] [pid 35099] [client 20.196.219.147:0] script '/domains/system_suspended/file.php' not found or unable to stat
[Sun Feb 08 01:02:55.633967 2026] [php:error] [pid 35099] [client 20.196.219.147:0] script '/domains/system_suspended/wp-trackback.php' not found or unable to stat
[Sun Feb 08 01:02:55.832362 2026] [php:error] [pid 35099] [client 20.196.219.147:0] script '/domains/system_suspended/app.php' not found or unable to stat
[Sun Feb 08 01:02:56.314317 2026] [php:error] [pid 35099] [client 20.196.219.147:0] script '/domains/system_suspended/simple.php' not found or unable to stat
[Sun Feb 08 01:02:56.746109 2026] [php:error] [pid 35099] [client 20.196.219.147:0] script '/domains/system_suspended/bless.php' not found or unable to stat
[Sun Feb 08 01:02:57.213984 2026] [php:error] [pid 35099] [client 20.196.219.147:0] script '/domains/system_suspended/ava.php' not found or unable to stat
[Sun Feb 08 01:02:58.641028 2026] [php:error] [pid 35099] [client 20.196.219.147:0] script '/domains/system_suspended/ioxi-o.php' not found or unable to stat
[Sun Feb 08 01:02:58.819688 2026] [php:error] [pid 35099] [client 20.196.219.147:0] script '/domains/system_suspended/1index.php' not found or unable to stat
[Sun Feb 08 01:02:59.445999 2026] [php:error] [pid 35099] [client 20.196.219.147:0] script '/domains/system_suspended/file2.php' not found or unable to stat
[Sun Feb 08 01:02:59.670389 2026] [php:error] [pid 35099] [client 20.196.219.147:0] script '/domains/system_suspended/default.php' not found or unable to stat
[Sun Feb 08 01:03:00.041222 2026] [php:error] [pid 35099] [client 20.196.219.147:0] script '/domains/system_suspended/xml.php' not found or unable to stat
[Sun Feb 08 01:03:00.219603 2026] [php:error] [pid 35099] [client 20.196.219.147:0] script '/domains/system_suspended/sx.php' not found or unable to stat
[Sun Feb 08 01:03:00.812827 2026] [php:error] [pid 35099] [client 20.196.219.147:0] script '/domains/system_suspended/wp-cron.php' not found or unable to stat
[Sun Feb 08 01:03:02.049306 2026] [php:error] [pid 35099] [client 20.196.219.147:0] script '/domains/system_suspended/backup.php' not found or unable to stat
[Sun Feb 08 01:03:02.423297 2026] [php:error] [pid 35099] [client 20.196.219.147:0] script '/domains/system_suspended/wp-admin.php' not found or unable to stat
[Sun Feb 08 01:03:02.602277 2026] [php:error] [pid 35099] [client 20.196.219.147:0] script '/domains/system_suspended/akc.php' not found or unable to stat
[Sun Feb 08 01:03:03.177942 2026] [php:error] [pid 35099] [client 20.196.219.147:0] script '/domains/system_suspended/test1.php' not found or unable to stat
[Sun Feb 08 01:03:03.365897 2026] [php:error] [pid 35099] [client 20.196.219.147:0] script '/domains/system_suspended/bolt.php' not found or unable to stat
[Sun Feb 08 01:03:03.544634 2026] [php:error] [pid 35099] [client 20.196.219.147:0] script '/domains/system_suspended/help.php' not found or unable to stat
[Sun Feb 08 01:03:03.722870 2026] [php:error] [pid 35099] [client 20.196.219.147:0] script '/domains/system_suspended/atomlib.php' not found or unable to stat
[Sun Feb 08 01:03:03.924812 2026] [php:error] [pid 35099] [client 20.196.219.147:0] script '/domains/system_suspended/wp-good.php' not found or unable to stat
[Sun Feb 08 01:03:04.103070 2026] [php:error] [pid 35099] [client 20.196.219.147:0] script '/domains/system_suspended/gecko.php' not found or unable to stat
[Sun Feb 08 01:03:04.599076 2026] [php:error] [pid 35099] [client 20.196.219.147:0] script '/domains/system_suspended/news.php' not found or unable to stat
[Sun Feb 08 01:03:04.812966 2026] [php:error] [pid 35099] [client 20.196.219.147:0] script '/domains/system_suspended/xmlrpc.php' not found or unable to stat
[Sun Feb 08 01:03:05.063955 2026] [php:error] [pid 35099] [client 20.196.219.147:0] script '/domains/system_suspended/new.php' not found or unable to stat
[Sun Feb 08 01:03:06.098107 2026] [php:error] [pid 35099] [client 20.196.219.147:0] script '/domains/system_suspended/server.php' not found or unable to stat
[Sun Feb 08 01:03:06.294756 2026] [php:error] [pid 35099] [client 20.196.219.147:0] script '/domains/system_suspended/wp-signin.php' not found or unable to stat
[Sun Feb 08 01:03:07.477757 2026] [php:error] [pid 35099] [client 20.196.219.147:0] script '/domains/system_suspended/class.php' not found or unable to stat
[Sun Feb 08 01:03:07.707283 2026] [php:error] [pid 35099] [client 20.196.219.147:0] script '/domains/system_suspended/wp.php' not found or unable to stat
[Sun Feb 08 01:03:08.911990 2026] [php:error] [pid 35099] [client 20.196.219.147:0] script '/domains/system_suspended/special.php' not found or unable to stat
[Sun Feb 08 01:03:09.027690 2026] [php:error] [pid 35054] [client 35.247.243.243:0] script '/domains/covertcomic/_adminer.php' not found or unable to stat
[Sun Feb 08 01:03:09.408367 2026] [php:error] [pid 35097] [client 20.214.152.240:0] script '/domains/deltaele/admin.php' not found or unable to stat
[Sun Feb 08 01:03:10.115949 2026] [php:error] [pid 35097] [client 20.214.152.240:0] script '/domains/deltaele/manager.php' not found or unable to stat
[Sun Feb 08 01:03:12.072765 2026] [php:error] [pid 35097] [client 20.214.152.240:0] script '/domains/deltaele/wp-sing.php' not found or unable to stat
[Sun Feb 08 01:03:12.780239 2026] [php:error] [pid 35097] [client 20.214.152.240:0] script '/domains/deltaele/goods.php' not found or unable to stat
[Sun Feb 08 01:03:12.965317 2026] [php:error] [pid 35097] [client 20.214.152.240:0] script '/domains/deltaele/chosen.php' not found or unable to stat
[Sun Feb 08 01:03:13.159885 2026] [php:error] [pid 35097] [client 20.214.152.240:0] script '/domains/deltaele/term.php' not found or unable to stat
[Sun Feb 08 01:03:14.225842 2026] [php:error] [pid 35097] [client 20.214.152.240:0] script '/domains/deltaele/wpc.php' not found or unable to stat
[Sun Feb 08 01:03:14.406841 2026] [php:error] [pid 35097] [client 20.214.152.240:0] script '/domains/deltaele/about.php' not found or unable to stat
[Sun Feb 08 01:03:14.631801 2026] [php:error] [pid 35097] [client 20.214.152.240:0] script '/domains/deltaele/deepseek_d.php' not found or unable to stat
[Sun Feb 08 01:03:15.248570 2026] [php:error] [pid 35097] [client 20.214.152.240:0] script '/domains/deltaele/elp.php' not found or unable to stat
[Sun Feb 08 01:03:15.657630 2026] [php:error] [pid 35097] [client 20.214.152.240:0] script '/domains/deltaele/bless.php' not found or unable to stat
[Sun Feb 08 01:03:15.849730 2026] [php:error] [pid 35097] [client 20.214.152.240:0] script '/domains/deltaele/edit.php' not found or unable to stat
[Sun Feb 08 01:03:16.043165 2026] [php:error] [pid 35097] [client 20.214.152.240:0] script '/domains/deltaele/simple.php' not found or unable to stat
[Sun Feb 08 01:03:16.235909 2026] [php:error] [pid 35097] [client 20.214.152.240:0] script '/domains/deltaele/wp-login.php' not found or unable to stat
[Sun Feb 08 01:03:17.125945 2026] [php:error] [pid 35097] [client 20.214.152.240:0] script '/domains/deltaele/ioxi-o.php' not found or unable to stat
[Sun Feb 08 01:03:17.858864 2026] [php:error] [pid 35097] [client 20.214.152.240:0] script '/domains/deltaele/test.php' not found or unable to stat
[Sun Feb 08 01:03:18.438713 2026] [php:error] [pid 35097] [client 20.214.152.240:0] script '/domains/deltaele/classwithtostring.php' not found or unable to stat
[Sun Feb 08 01:03:19.516765 2026] [php:error] [pid 35097] [client 20.214.152.240:0] script '/domains/deltaele/2.php' not found or unable to stat
[Sun Feb 08 01:03:19.699458 2026] [php:error] [pid 35097] [client 20.214.152.240:0] script '/domains/deltaele/functions.php' not found or unable to stat
[Sun Feb 08 01:03:20.869976 2026] [php:error] [pid 35097] [client 20.214.152.240:0] script '/domains/deltaele/aaa.php' not found or unable to stat
[Sun Feb 08 01:03:21.114649 2026] [php:error] [pid 35097] [client 20.214.152.240:0] script '/domains/deltaele/inputs.php' not found or unable to stat
[Sun Feb 08 01:03:21.294964 2026] [php:error] [pid 35097] [client 20.214.152.240:0] script '/domains/deltaele/log.php' not found or unable to stat
[Sun Feb 08 01:03:21.490064 2026] [php:error] [pid 35097] [client 20.214.152.240:0] script '/domains/deltaele/man.php' not found or unable to stat
[Sun Feb 08 01:03:21.751759 2026] [php:error] [pid 35054] [client 34.96.162.54:0] script '/domains/covertcomic/adminer-5.1.1-mysql-en.php' not found or unable to stat
[Sun Feb 08 01:03:22.123714 2026] [php:error] [pid 35097] [client 20.214.152.240:0] script '/domains/deltaele/1.php' not found or unable to stat
[Sun Feb 08 01:03:22.343101 2026] [php:error] [pid 35097] [client 20.214.152.240:0] script '/domains/deltaele/aa.php' not found or unable to stat
[Sun Feb 08 01:03:23.429835 2026] [php:error] [pid 35097] [client 20.214.152.240:0] script '/domains/deltaele/dropdown.php' not found or unable to stat
[Sun Feb 08 01:03:23.623892 2026] [php:error] [pid 35097] [client 20.214.152.240:0] script '/domains/deltaele/rtx.php' not found or unable to stat
[Sun Feb 08 01:03:26.272121 2026] [php:error] [pid 35097] [client 20.214.152.240:0] script '/domains/deltaele/atomlib.php' not found or unable to stat
[Sun Feb 08 01:03:26.773650 2026] [php:error] [pid 35097] [client 20.214.152.240:0] script '/domains/deltaele/info.php' not found or unable to stat
[Sun Feb 08 01:03:27.177448 2026] [php:error] [pid 35097] [client 20.214.152.240:0] script '/domains/deltaele/lock360.php' not found or unable to stat
[Sun Feb 08 01:03:28.047840 2026] [php:error] [pid 35097] [client 20.214.152.240:0] script '/domains/deltaele/vx.php' not found or unable to stat
[Sun Feb 08 01:03:29.060390 2026] [php:error] [pid 35097] [client 20.214.152.240:0] script '/domains/deltaele/wp-content.php' not found or unable to stat
[Sun Feb 08 01:03:30.657155 2026] [php:error] [pid 35097] [client 20.214.152.240:0] script '/domains/deltaele/adminfuns.php' not found or unable to stat
[Sun Feb 08 01:03:31.042846 2026] [php:error] [pid 35097] [client 20.214.152.240:0] script '/domains/deltaele/ahax.php' not found or unable to stat
[Sun Feb 08 01:03:31.224800 2026] [php:error] [pid 35097] [client 20.214.152.240:0] script '/domains/deltaele/autoload_classmap.php' not found or unable to stat
[Sun Feb 08 01:03:32.191166 2026] [php:error] [pid 35097] [client 20.214.152.240:0] script '/domains/deltaele/file.php' not found or unable to stat
[Sun Feb 08 01:03:32.403341 2026] [php:error] [pid 35097] [client 20.214.152.240:0] script '/domains/deltaele/file5.php' not found or unable to stat
[Sun Feb 08 01:03:35.695171 2026] [php:error] [pid 35097] [client 20.214.152.240:0] script '/domains/deltaele/xmlrpc.php' not found or unable to stat
[Sun Feb 08 01:03:35.889886 2026] [php:error] [pid 35097] [client 20.214.152.240:0] script '/domains/deltaele/alfa.php' not found or unable to stat
[Sun Feb 08 01:03:36.462870 2026] [php:error] [pid 35097] [client 20.214.152.240:0] script '/domains/deltaele/as.php' not found or unable to stat
[Sun Feb 08 01:03:37.002440 2026] [php:error] [pid 35054] [client 34.96.162.48:0] script '/domains/covertcomic/adminer-5.0.0-mysql.php' not found or unable to stat
[Sun Feb 08 01:03:37.533725 2026] [php:error] [pid 35097] [client 20.214.152.240:0] script '/domains/deltaele/class-t.api.php' not found or unable to stat
[Sun Feb 08 01:03:38.262041 2026] [php:error] [pid 35097] [client 20.214.152.240:0] script '/domains/deltaele/indoxploit.php' not found or unable to stat
[Sun Feb 08 01:03:38.732848 2026] [php:error] [pid 35097] [client 20.214.152.240:0] script '/domains/deltaele/shell.php' not found or unable to stat
[Sun Feb 08 01:03:38.915955 2026] [php:error] [pid 35097] [client 20.214.152.240:0] script '/domains/deltaele/system.php' not found or unable to stat
[Sun Feb 08 01:03:39.126905 2026] [php:error] [pid 35097] [client 20.214.152.240:0] script '/domains/deltaele/wp-admin.php' not found or unable to stat
[Sun Feb 08 01:03:41.682027 2026] [php:error] [pid 35097] [client 20.214.152.240:0] script '/domains/deltaele/wp-block.php' not found or unable to stat
[Sun Feb 08 01:03:42.393482 2026] [php:error] [pid 35097] [client 20.214.152.240:0] script '/domains/deltaele/wp-good.php' not found or unable to stat
[Sun Feb 08 01:03:46.911979 2026] [php:error] [pid 35075] [client 20.214.152.240:0] script '/domains/deltaele/01.php' not found or unable to stat
[Sun Feb 08 01:03:47.135956 2026] [php:error] [pid 35075] [client 20.214.152.240:0] script '/domains/deltaele/222.php' not found or unable to stat
[Sun Feb 08 01:03:47.325266 2026] [php:error] [pid 35075] [client 20.214.152.240:0] script '/domains/deltaele/403.php' not found or unable to stat
[Sun Feb 08 01:03:48.018231 2026] [php:error] [pid 35075] [client 20.214.152.240:0] script '/domains/deltaele/404.php' not found or unable to stat
[Sun Feb 08 01:03:48.237939 2026] [php:error] [pid 35075] [client 20.214.152.240:0] script '/domains/deltaele/Q.php' not found or unable to stat
[Sun Feb 08 01:03:48.286611 2026] [php:error] [pid 35097] [client 141.98.11.23:0] script '/domains/king1969/wp-login.php' not found or unable to stat
[Sun Feb 08 01:03:48.433968 2026] [php:error] [pid 35075] [client 20.214.152.240:0] script '/domains/deltaele/WSO.php' not found or unable to stat
[Sun Feb 08 01:03:48.617462 2026] [php:error] [pid 35075] [client 20.214.152.240:0] script '/domains/deltaele/abc.php' not found or unable to stat
[Sun Feb 08 01:03:48.667264 2026] [php:error] [pid 35092] [client 141.98.11.23:0] script '/domains/king1969/wp-login.php' not found or unable to stat, referer: https://www.reddit.com/
[Sun Feb 08 01:03:48.819954 2026] [php:error] [pid 35075] [client 20.214.152.240:0] script '/domains/deltaele/abcd.php' not found or unable to stat
[Sun Feb 08 01:03:50.884931 2026] [php:error] [pid 35075] [client 20.214.152.240:0] script '/domains/deltaele/byp.php' not found or unable to stat
[Sun Feb 08 01:03:51.071135 2026] [php:error] [pid 35075] [client 20.214.152.240:0] script '/domains/deltaele/c.php' not found or unable to stat
[Sun Feb 08 01:03:51.264024 2026] [php:error] [pid 35075] [client 20.214.152.240:0] script '/domains/deltaele/ca4.php' not found or unable to stat
[Sun Feb 08 01:03:52.020763 2026] [php:error] [pid 35075] [client 20.214.152.240:0] script '/domains/deltaele/config.php' not found or unable to stat
[Sun Feb 08 01:03:52.211751 2026] [php:error] [pid 35075] [client 20.214.152.240:0] script '/domains/deltaele/content.php' not found or unable to stat
[Sun Feb 08 01:03:52.824154 2026] [php:error] [pid 35075] [client 20.214.152.240:0] script '/domains/deltaele/favicon.php' not found or unable to stat
[Sun Feb 08 01:03:53.011134 2026] [php:error] [pid 35075] [client 20.214.152.240:0] script '/domains/deltaele/file56.php' not found or unable to stat
[Sun Feb 08 01:03:53.194575 2026] [php:error] [pid 35075] [client 20.214.152.240:0] script '/domains/deltaele/flower.php' not found or unable to stat
[Sun Feb 08 01:03:53.536838 2026] [php:error] [pid 35075] [client 20.214.152.240:0] script '/domains/deltaele/fw.php' not found or unable to stat
[Sun Feb 08 01:03:53.934250 2026] [php:error] [pid 35075] [client 20.214.152.240:0] script '/domains/deltaele/gecko-new.php' not found or unable to stat
[Sun Feb 08 01:04:56.231330 2026] [php:error] [pid 35104] [client 111.68.9.78:0] script '/domains/astrosfm/baker.php' not found or unable to stat
[Sun Feb 08 01:05:00.200969 2026] [php:error] [pid 35104] [client 111.68.9.78:0] script '/domains/astrosfm/1234.php' not found or unable to stat
[Sun Feb 08 01:05:06.115306 2026] [php:error] [pid 35104] [client 181.214.13.9:0] script '/domains/piltdweb1/wp-login.php' not found or unable to stat
[Sun Feb 08 01:05:46.944952 2026] [php:error] [pid 35097] [client 35.247.243.255:0] script '/domains/covertcomic/adminer-5.0.3-en.php' not found or unable to stat
[Sun Feb 08 01:05:47.249520 2026] [php:error] [pid 35111] [client 34.96.162.53:0] script '/domains/covertcomic/adminer-5.1.0-en.php' not found or unable to stat
[Sun Feb 08 01:06:01.916286 2026] [php:error] [pid 35111] [client 20.28.217.101:0] script '/domains/markrose/admin.php' not found or unable to stat
[Sun Feb 08 01:06:02.850913 2026] [php:error] [pid 35111] [client 20.28.217.101:0] script '/domains/markrose/manager.php' not found or unable to stat
[Sun Feb 08 01:06:04.426926 2026] [php:error] [pid 35110] [client 35.247.243.240:0] script '/domains/covertcomic/adminer-4.7.1.php' not found or unable to stat
[Sun Feb 08 01:06:04.695738 2026] [php:error] [pid 35111] [client 20.28.217.101:0] script '/domains/markrose/wp-sing.php' not found or unable to stat
[Sun Feb 08 01:06:04.954740 2026] [php:error] [pid 35111] [client 20.28.217.101:0] script '/domains/markrose/goods.php' not found or unable to stat
[Sun Feb 08 01:06:05.356285 2026] [php:error] [pid 35111] [client 20.28.217.101:0] script '/domains/markrose/chosen.php' not found or unable to stat
[Sun Feb 08 01:06:05.823590 2026] [php:error] [pid 35111] [client 20.28.217.101:0] script '/domains/markrose/term.php' not found or unable to stat
[Sun Feb 08 01:06:06.281555 2026] [php:error] [pid 35111] [client 20.28.217.101:0] script '/domains/markrose/wpc.php' not found or unable to stat
[Sun Feb 08 01:06:06.484912 2026] [php:error] [pid 35111] [client 20.28.217.101:0] script '/domains/markrose/about.php' not found or unable to stat
[Sun Feb 08 01:06:06.926379 2026] [php:error] [pid 35111] [client 20.28.217.101:0] script '/domains/markrose/deepseek_d.php' not found or unable to stat
[Sun Feb 08 01:06:07.363454 2026] [php:error] [pid 35111] [client 20.28.217.101:0] script '/domains/markrose/elp.php' not found or unable to stat
[Sun Feb 08 01:06:07.582541 2026] [php:error] [pid 35111] [client 20.28.217.101:0] script '/domains/markrose/bless.php' not found or unable to stat
[Sun Feb 08 01:06:07.592220 2026] [php:error] [pid 35110] [client 34.96.162.63:0] script '/domains/covertcomic/adminer-4.6.1.php' not found or unable to stat
[Sun Feb 08 01:06:07.803139 2026] [php:error] [pid 35111] [client 20.28.217.101:0] script '/domains/markrose/edit.php' not found or unable to stat
[Sun Feb 08 01:06:08.009298 2026] [php:error] [pid 35111] [client 20.28.217.101:0] script '/domains/markrose/simple.php' not found or unable to stat
[Sun Feb 08 01:06:08.669395 2026] [php:error] [pid 35111] [client 20.28.217.101:0] script '/domains/markrose/wp-login.php' not found or unable to stat
[Sun Feb 08 01:06:09.309863 2026] [php:error] [pid 35111] [client 20.28.217.101:0] script '/domains/markrose/ioxi-o.php' not found or unable to stat
[Sun Feb 08 01:06:10.345232 2026] [php:error] [pid 35111] [client 20.28.217.101:0] script '/domains/markrose/test.php' not found or unable to stat
[Sun Feb 08 01:06:11.392650 2026] [php:error] [pid 35111] [client 20.28.217.101:0] script '/domains/markrose/classwithtostring.php' not found or unable to stat
[Sun Feb 08 01:06:12.497055 2026] [php:error] [pid 35111] [client 20.28.217.101:0] script '/domains/markrose/2.php' not found or unable to stat
[Sun Feb 08 01:06:12.730006 2026] [php:error] [pid 35111] [client 20.28.217.101:0] script '/domains/markrose/functions.php' not found or unable to stat
[Sun Feb 08 01:06:13.853107 2026] [php:error] [pid 35111] [client 20.28.217.101:0] script '/domains/markrose/aaa.php' not found or unable to stat
[Sun Feb 08 01:06:14.510804 2026] [php:error] [pid 35111] [client 20.28.217.101:0] script '/domains/markrose/inputs.php' not found or unable to stat
[Sun Feb 08 01:06:15.162327 2026] [php:error] [pid 35111] [client 20.28.217.101:0] script '/domains/markrose/log.php' not found or unable to stat
[Sun Feb 08 01:06:15.389063 2026] [php:error] [pid 35111] [client 20.28.217.101:0] script '/domains/markrose/man.php' not found or unable to stat
[Sun Feb 08 01:06:15.590941 2026] [php:error] [pid 35111] [client 20.28.217.101:0] script '/domains/markrose/1.php' not found or unable to stat
[Sun Feb 08 01:06:15.811169 2026] [php:error] [pid 35111] [client 20.28.217.101:0] script '/domains/markrose/aa.php' not found or unable to stat
[Sun Feb 08 01:06:16.036151 2026] [php:error] [pid 35111] [client 20.28.217.101:0] script '/domains/markrose/dropdown.php' not found or unable to stat
[Sun Feb 08 01:06:16.294754 2026] [php:error] [pid 35111] [client 20.28.217.101:0] script '/domains/markrose/rtx.php' not found or unable to stat
[Sun Feb 08 01:06:16.495807 2026] [php:error] [pid 35116] [client 35.247.243.248:0] script '/domains/covertcomic/adminer-5.0.4-mysql-en.php' not found or unable to stat
[Sun Feb 08 01:06:18.069297 2026] [php:error] [pid 35111] [client 20.28.217.101:0] script '/domains/markrose/atomlib.php' not found or unable to stat
[Sun Feb 08 01:06:18.274007 2026] [php:error] [pid 35111] [client 20.28.217.101:0] script '/domains/markrose/info.php' not found or unable to stat
[Sun Feb 08 01:06:18.476570 2026] [php:error] [pid 35111] [client 20.28.217.101:0] script '/domains/markrose/lock360.php' not found or unable to stat
[Sun Feb 08 01:06:19.187826 2026] [php:error] [pid 35111] [client 20.28.217.101:0] script '/domains/markrose/vx.php' not found or unable to stat
[Sun Feb 08 01:06:20.121013 2026] [php:error] [pid 35111] [client 20.28.217.101:0] script '/domains/markrose/wp-content.php' not found or unable to stat
[Sun Feb 08 01:06:22.017887 2026] [php:error] [pid 35115] [client 34.96.162.60:0] script '/domains/covertcomic/adminer-4.2.5.php' not found or unable to stat
[Sun Feb 08 01:06:22.037548 2026] [php:error] [pid 35111] [client 20.28.217.101:0] script '/domains/markrose/adminfuns.php' not found or unable to stat
[Sun Feb 08 01:06:22.703155 2026] [php:error] [pid 35111] [client 20.28.217.101:0] script '/domains/markrose/ahax.php' not found or unable to stat
[Sun Feb 08 01:06:22.926966 2026] [php:error] [pid 35111] [client 20.28.217.101:0] script '/domains/markrose/autoload_classmap.php' not found or unable to stat
[Sun Feb 08 01:06:22.938761 2026] [php:error] [pid 35117] [client 34.96.162.61:0] script '/domains/covertcomic/adminer-4.2.5.php' not found or unable to stat
[Sun Feb 08 01:06:23.378123 2026] [php:error] [pid 35111] [client 20.28.217.101:0] script '/domains/markrose/file.php' not found or unable to stat
[Sun Feb 08 01:06:23.607385 2026] [php:error] [pid 35111] [client 20.28.217.101:0] script '/domains/markrose/file5.php' not found or unable to stat
[Sun Feb 08 01:06:25.113375 2026] [php:error] [pid 35115] [client 34.96.162.52:0] script '/domains/covertcomic/adminer-4.8.1-mysql-en.php' not found or unable to stat
[Sun Feb 08 01:06:25.707378 2026] [php:error] [pid 35111] [client 20.28.217.101:0] script '/domains/markrose/xmlrpc.php' not found or unable to stat
[Sun Feb 08 01:06:25.925140 2026] [php:error] [pid 35111] [client 20.28.217.101:0] script '/domains/markrose/alfa.php' not found or unable to stat
[Sun Feb 08 01:06:26.171147 2026] [php:error] [pid 35111] [client 20.28.217.101:0] script '/domains/markrose/as.php' not found or unable to stat
[Sun Feb 08 01:06:27.315724 2026] [php:error] [pid 35111] [client 20.28.217.101:0] script '/domains/markrose/class-t.api.php' not found or unable to stat
[Sun Feb 08 01:06:27.605436 2026] [php:error] [pid 35111] [client 20.28.217.101:0] script '/domains/markrose/indoxploit.php' not found or unable to stat
[Sun Feb 08 01:06:27.840866 2026] [php:error] [pid 35111] [client 20.28.217.101:0] script '/domains/markrose/shell.php' not found or unable to stat
[Sun Feb 08 01:06:28.747752 2026] [php:error] [pid 35111] [client 20.28.217.101:0] script '/domains/markrose/system.php' not found or unable to stat
[Sun Feb 08 01:06:29.362965 2026] [php:error] [pid 35111] [client 20.28.217.101:0] script '/domains/markrose/wp-admin.php' not found or unable to stat
[Sun Feb 08 01:06:31.504515 2026] [php:error] [pid 35111] [client 20.28.217.101:0] script '/domains/markrose/wp-block.php' not found or unable to stat
[Sun Feb 08 01:06:32.528892 2026] [php:error] [pid 35111] [client 20.28.217.101:0] script '/domains/markrose/wp-good.php' not found or unable to stat
[Sun Feb 08 01:06:35.561971 2026] [php:error] [pid 35110] [client 20.28.217.101:0] script '/domains/markrose/01.php' not found or unable to stat
[Sun Feb 08 01:06:36.080242 2026] [php:error] [pid 35110] [client 20.28.217.101:0] script '/domains/markrose/222.php' not found or unable to stat
[Sun Feb 08 01:06:36.664950 2026] [php:error] [pid 35110] [client 20.28.217.101:0] script '/domains/markrose/403.php' not found or unable to stat
[Sun Feb 08 01:06:36.869914 2026] [php:error] [pid 35110] [client 20.28.217.101:0] script '/domains/markrose/404.php' not found or unable to stat
[Sun Feb 08 01:06:37.079778 2026] [php:error] [pid 35110] [client 20.28.217.101:0] script '/domains/markrose/Q.php' not found or unable to stat
[Sun Feb 08 01:06:37.617034 2026] [php:error] [pid 35110] [client 20.28.217.101:0] script '/domains/markrose/WSO.php' not found or unable to stat
[Sun Feb 08 01:06:37.830974 2026] [php:error] [pid 35110] [client 20.28.217.101:0] script '/domains/markrose/abc.php' not found or unable to stat
[Sun Feb 08 01:06:38.331061 2026] [php:error] [pid 35110] [client 20.28.217.101:0] script '/domains/markrose/abcd.php' not found or unable to stat
[Sun Feb 08 01:06:40.376929 2026] [php:error] [pid 35110] [client 20.28.217.101:0] script '/domains/markrose/byp.php' not found or unable to stat
[Sun Feb 08 01:06:40.620834 2026] [php:error] [pid 35110] [client 20.28.217.101:0] script '/domains/markrose/c.php' not found or unable to stat
[Sun Feb 08 01:06:41.313025 2026] [php:error] [pid 35110] [client 20.28.217.101:0] script '/domains/markrose/ca4.php' not found or unable to stat
[Sun Feb 08 01:06:42.252581 2026] [php:error] [pid 35110] [client 20.28.217.101:0] script '/domains/markrose/config.php' not found or unable to stat
[Sun Feb 08 01:06:42.462456 2026] [php:error] [pid 35110] [client 20.28.217.101:0] script '/domains/markrose/content.php' not found or unable to stat
[Sun Feb 08 01:06:43.222886 2026] [php:error] [pid 35110] [client 20.28.217.101:0] script '/domains/markrose/favicon.php' not found or unable to stat
[Sun Feb 08 01:06:43.459356 2026] [php:error] [pid 35110] [client 20.28.217.101:0] script '/domains/markrose/file56.php' not found or unable to stat
[Sun Feb 08 01:06:43.946945 2026] [php:error] [pid 35110] [client 20.28.217.101:0] script '/domains/markrose/flower.php' not found or unable to stat
[Sun Feb 08 01:06:44.590227 2026] [php:error] [pid 35110] [client 20.28.217.101:0] script '/domains/markrose/fw.php' not found or unable to stat
[Sun Feb 08 01:06:44.805012 2026] [php:error] [pid 35110] [client 20.28.217.101:0] script '/domains/markrose/gecko-new.php' not found or unable to stat
[Sun Feb 08 01:06:59.747827 2026] [php:error] [pid 35110] [client 34.96.162.49:0] script '/domains/covertcomic/adminer-5.4.0-en.php' not found or unable to stat
[Sun Feb 08 01:07:03.925857 2026] [php:error] [pid 35117] [client 35.247.243.253:0] script '/domains/covertcomic/adminer-4.2.0.php' not found or unable to stat
[Sun Feb 08 01:07:14.194760 2026] [php:error] [pid 35120] [client 119.94.166.4:0] script '/domains/ceonlinenews/xmlrpc.php' not found or unable to stat
[Sun Feb 08 01:07:24.564500 2026] [php:error] [pid 35116] [client 34.96.162.61:0] script '/domains/covertcomic/adminer-4.4.0.php' not found or unable to stat
[Sun Feb 08 01:07:37.097041 2026] [core:error] [pid 35121] [client 67.207.89.28:0] AH10244: invalid URI path (/../images/mslogo.jpg), referer: https://www.milesevans.com/
[Sun Feb 08 01:07:38.900683 2026] [core:error] [pid 35122] [client 37.32.79.26:0] AH10244: invalid URI path (/../images/mslogo.jpg), referer: https://www.milesevans.com/
[Sun Feb 08 01:07:45.109069 2026] [php:error] [pid 35122] [client 40.115.138.121:0] script '/domains/abtechsci/rip.php' not found or unable to stat
[Sun Feb 08 01:07:45.278658 2026] [php:error] [pid 35122] [client 40.115.138.121:0] script '/domains/abtechsci/ms-edit.php' not found or unable to stat
[Sun Feb 08 01:07:45.447279 2026] [php:error] [pid 35122] [client 40.115.138.121:0] script '/domains/abtechsci/about.php' not found or unable to stat
[Sun Feb 08 01:07:45.959506 2026] [php:error] [pid 35122] [client 40.115.138.121:0] script '/domains/abtechsci/admin.php' not found or unable to stat
[Sun Feb 08 01:07:46.134023 2026] [php:error] [pid 35122] [client 40.115.138.121:0] script '/domains/abtechsci/ioxi-o.php' not found or unable to stat
[Sun Feb 08 01:07:46.472151 2026] [php:error] [pid 35122] [client 40.115.138.121:0] script '/domains/abtechsci/adminfuns.php' not found or unable to stat
[Sun Feb 08 01:07:46.981110 2026] [php:error] [pid 35122] [client 40.115.138.121:0] script '/domains/abtechsci/goods.php' not found or unable to stat
[Sun Feb 08 01:07:47.150018 2026] [php:error] [pid 35122] [client 40.115.138.121:0] script '/domains/abtechsci/sf.php' not found or unable to stat
[Sun Feb 08 01:07:48.678288 2026] [php:error] [pid 35122] [client 40.115.138.121:0] script '/domains/abtechsci/222.php' not found or unable to stat
[Sun Feb 08 01:07:48.847680 2026] [php:error] [pid 35122] [client 40.115.138.121:0] script '/domains/abtechsci/abcd.php' not found or unable to stat
[Sun Feb 08 01:07:49.016229 2026] [php:error] [pid 35122] [client 40.115.138.121:0] script '/domains/abtechsci/class-t.api.php' not found or unable to stat
[Sun Feb 08 01:07:49.185239 2026] [php:error] [pid 35122] [client 40.115.138.121:0] script '/domains/abtechsci/classwithtostring.php' not found or unable to stat
[Sun Feb 08 01:07:49.362874 2026] [php:error] [pid 35122] [client 40.115.138.121:0] script '/domains/abtechsci/file.php' not found or unable to stat
[Sun Feb 08 01:07:51.399810 2026] [php:error] [pid 35122] [client 40.115.138.121:0] script '/domains/abtechsci/wp-good.php' not found or unable to stat
[Sun Feb 08 01:08:00.176125 2026] [php:error] [pid 35120] [client 172.213.144.187:0] script '/domains/system_default/grsiuk.php' not found or unable to stat
[Sun Feb 08 01:08:00.267933 2026] [php:error] [pid 35120] [client 172.213.144.187:0] script '/domains/system_default/fs.php' not found or unable to stat
[Sun Feb 08 01:08:00.359769 2026] [php:error] [pid 35120] [client 172.213.144.187:0] script '/domains/system_default/;k.php' not found or unable to stat
[Sun Feb 08 01:08:16.460671 2026] [php:error] [pid 35114] [client 35.247.243.252:0] script '/domains/covertcomic/adminer-4.7.3.php' not found or unable to stat
[Sun Feb 08 01:08:27.220989 2026] [php:error] [pid 35137] [client 34.96.162.56:0] script '/domains/covertcomic/db.php' not found or unable to stat
[Sun Feb 08 01:08:43.989025 2026] [php:error] [pid 35137] [client 34.96.162.57:0] script '/domains/covertcomic/adminer-5.0.2.php' not found or unable to stat
[Sun Feb 08 01:08:57.358435 2026] [php:error] [pid 35139] [client 34.96.162.57:0] script '/domains/covertcomic/adminer-5.0.6-en.php' not found or unable to stat
[Sun Feb 08 01:09:06.529652 2026] [php:error] [pid 35123] [client 20.193.65.50:0] script '/domains/telacomp/dialog.php' not found or unable to stat
[Sun Feb 08 01:09:06.728799 2026] [php:error] [pid 35123] [client 20.193.65.50:0] script '/domains/telacomp/as.php' not found or unable to stat
[Sun Feb 08 01:09:06.927662 2026] [php:error] [pid 35123] [client 20.193.65.50:0] script '/domains/telacomp/twenty.php' not found or unable to stat
[Sun Feb 08 01:09:07.126713 2026] [php:error] [pid 35123] [client 20.193.65.50:0] script '/domains/telacomp/mah.php' not found or unable to stat
[Sun Feb 08 01:09:07.441162 2026] [php:error] [pid 35123] [client 20.193.65.50:0] script '/domains/telacomp/configs.php' not found or unable to stat
[Sun Feb 08 01:09:07.700884 2026] [php:error] [pid 35123] [client 20.193.65.50:0] script '/domains/telacomp/alfa1.php' not found or unable to stat
[Sun Feb 08 01:09:07.902368 2026] [php:error] [pid 35123] [client 20.193.65.50:0] script '/domains/telacomp/atomlib.php' not found or unable to stat
[Sun Feb 08 01:09:08.114262 2026] [php:error] [pid 35123] [client 20.193.65.50:0] script '/domains/telacomp/function.php' not found or unable to stat
[Sun Feb 08 01:09:08.313095 2026] [php:error] [pid 35123] [client 20.193.65.50:0] script '/domains/telacomp/sx.php' not found or unable to stat
[Sun Feb 08 01:09:08.512200 2026] [php:error] [pid 35123] [client 20.193.65.50:0] script '/domains/telacomp/network.php' not found or unable to stat
[Sun Feb 08 01:09:08.711567 2026] [php:error] [pid 35123] [client 20.193.65.50:0] script '/domains/telacomp/cloud.php' not found or unable to stat
[Sun Feb 08 01:09:08.919727 2026] [php:error] [pid 35123] [client 20.193.65.50:0] script '/domains/telacomp/file7.php' not found or unable to stat
[Sun Feb 08 01:09:09.118670 2026] [php:error] [pid 35123] [client 20.193.65.50:0] script '/domains/telacomp/makeasmtp.php' not found or unable to stat
[Sun Feb 08 01:09:09.340052 2026] [php:error] [pid 35123] [client 20.193.65.50:0] script '/domains/telacomp/plugin.php' not found or unable to stat
[Sun Feb 08 01:09:09.763862 2026] [php:error] [pid 35123] [client 20.193.65.50:0] script '/domains/telacomp/ws.php.php' not found or unable to stat
[Sun Feb 08 01:09:10.184800 2026] [php:error] [pid 35123] [client 20.193.65.50:0] script '/domains/telacomp/cc.php' not found or unable to stat
[Sun Feb 08 01:09:10.393696 2026] [php:error] [pid 35123] [client 20.193.65.50:0] script '/domains/telacomp/db.php' not found or unable to stat
[Sun Feb 08 01:09:10.592630 2026] [php:error] [pid 35123] [client 20.193.65.50:0] script '/domains/telacomp/edit.php' not found or unable to stat
[Sun Feb 08 01:09:10.805692 2026] [php:error] [pid 35123] [client 20.193.65.50:0] script '/domains/telacomp/fosil.php' not found or unable to stat
[Sun Feb 08 01:09:11.008459 2026] [php:error] [pid 35123] [client 20.193.65.50:0] script '/domains/telacomp/content.php' not found or unable to stat
[Sun Feb 08 01:09:11.207686 2026] [php:error] [pid 35123] [client 20.193.65.50:0] script '/domains/telacomp/k.php' not found or unable to stat
[Sun Feb 08 01:09:11.425288 2026] [php:error] [pid 35123] [client 20.193.65.50:0] script '/domains/telacomp/abouts.php' not found or unable to stat
[Sun Feb 08 01:09:11.643700 2026] [php:error] [pid 35123] [client 20.193.65.50:0] script '/domains/telacomp/1.php' not found or unable to stat
[Sun Feb 08 01:09:11.907053 2026] [php:error] [pid 35123] [client 20.193.65.50:0] script '/domains/telacomp/moon.php' not found or unable to stat
[Sun Feb 08 01:09:12.106267 2026] [php:error] [pid 35123] [client 20.193.65.50:0] script '/domains/telacomp/issue.php' not found or unable to stat
[Sun Feb 08 01:09:12.307806 2026] [php:error] [pid 35123] [client 20.193.65.50:0] script '/domains/telacomp/log.php' not found or unable to stat
[Sun Feb 08 01:09:12.524259 2026] [php:error] [pid 35123] [client 20.193.65.50:0] script '/domains/telacomp/text.php' not found or unable to stat
[Sun Feb 08 01:09:12.723950 2026] [php:error] [pid 35123] [client 20.193.65.50:0] script '/domains/telacomp/system_log.php' not found or unable to stat
[Sun Feb 08 01:09:12.995638 2026] [php:error] [pid 35123] [client 20.193.65.50:0] script '/domains/telacomp/tinyfilemanager.php' not found or unable to stat
[Sun Feb 08 01:09:13.194641 2026] [php:error] [pid 35123] [client 20.193.65.50:0] script '/domains/telacomp/file13.php' not found or unable to stat
[Sun Feb 08 01:09:13.416961 2026] [php:error] [pid 35123] [client 20.193.65.50:0] script '/domains/telacomp/wp-activate.php' not found or unable to stat
[Sun Feb 08 01:09:13.787586 2026] [php:error] [pid 35123] [client 20.193.65.50:0] script '/domains/telacomp/Xleet.php' not found or unable to stat
[Sun Feb 08 01:09:14.003939 2026] [php:error] [pid 35123] [client 20.193.65.50:0] script '/domains/telacomp/f.php' not found or unable to stat
[Sun Feb 08 01:09:17.903020 2026] [php:error] [pid 35123] [client 20.193.65.50:0] script '/domains/telacomp/wp-class.php' not found or unable to stat
[Sun Feb 08 01:09:18.121350 2026] [php:error] [pid 35123] [client 20.193.65.50:0] script '/domains/telacomp/json.php' not found or unable to stat
