[Sun Feb 08 02:18:06.855343 2026] [php:error] [pid 52651] [client 172.190.142.176:0] script '/domains/system_suspended/doc.php' not found or unable to stat
[Sun Feb 08 02:18:06.859034 2026] [php:error] [pid 52651] [client 172.190.142.176:0] script '/domains/system_suspended/clasa99.php' not found or unable to stat
[Sun Feb 08 02:18:06.862698 2026] [php:error] [pid 52651] [client 172.190.142.176:0] script '/domains/system_suspended/an.php' not found or unable to stat
[Sun Feb 08 02:18:06.866705 2026] [php:error] [pid 52651] [client 172.190.142.176:0] script '/domains/system_suspended/assacc.php' not found or unable to stat
[Sun Feb 08 02:18:06.870465 2026] [php:error] [pid 52651] [client 172.190.142.176:0] script '/domains/system_suspended/hzz.php' not found or unable to stat
[Sun Feb 08 02:18:06.877904 2026] [php:error] [pid 52651] [client 172.190.142.176:0] script '/domains/system_suspended/system.php' not found or unable to stat
[Sun Feb 08 02:18:06.881849 2026] [php:error] [pid 52651] [client 172.190.142.176:0] script '/domains/system_suspended/shell.php' not found or unable to stat
[Sun Feb 08 02:18:06.885628 2026] [php:error] [pid 52651] [client 172.190.142.176:0] script '/domains/system_suspended/zwq13.php' not found or unable to stat
[Sun Feb 08 02:18:06.901239 2026] [php:error] [pid 52651] [client 172.190.142.176:0] script '/domains/system_suspended/la.php' not found or unable to stat
[Sun Feb 08 02:18:06.904849 2026] [php:error] [pid 52651] [client 172.190.142.176:0] script '/domains/system_suspended/install.php' not found or unable to stat
[Sun Feb 08 02:18:06.908501 2026] [php:error] [pid 52651] [client 172.190.142.176:0] script '/domains/system_suspended/Geforce.php' not found or unable to stat
[Sun Feb 08 02:18:06.912190 2026] [php:error] [pid 52651] [client 172.190.142.176:0] script '/domains/system_suspended/nyan.php' not found or unable to stat
[Sun Feb 08 02:18:06.926397 2026] [php:error] [pid 52651] [client 172.190.142.176:0] script '/domains/system_suspended/wrt.php' not found or unable to stat
[Sun Feb 08 02:18:06.930060 2026] [php:error] [pid 52651] [client 172.190.142.176:0] script '/domains/system_suspended/403.php' not found or unable to stat
[Sun Feb 08 02:18:06.933767 2026] [php:error] [pid 52651] [client 172.190.142.176:0] script '/domains/system_suspended/shell20211028.php' not found or unable to stat
[Sun Feb 08 02:18:06.937559 2026] [php:error] [pid 52651] [client 172.190.142.176:0] script '/domains/system_suspended/gm.php' not found or unable to stat
[Sun Feb 08 02:18:06.944986 2026] [php:error] [pid 52651] [client 172.190.142.176:0] script '/domains/system_suspended/n3.php' not found or unable to stat
[Sun Feb 08 02:18:06.952361 2026] [php:error] [pid 52651] [client 172.190.142.176:0] script '/domains/system_suspended/environment.php' not found or unable to stat
[Sun Feb 08 02:18:06.960572 2026] [php:error] [pid 52651] [client 172.190.142.176:0] script '/domains/system_suspended/bnn_.php' not found or unable to stat
[Sun Feb 08 02:18:06.964429 2026] [php:error] [pid 52651] [client 172.190.142.176:0] script '/domains/system_suspended/1337.php' not found or unable to stat
[Sun Feb 08 02:18:06.968310 2026] [php:error] [pid 52651] [client 172.190.142.176:0] script '/domains/system_suspended/test.php' not found or unable to stat
[Sun Feb 08 02:18:06.972037 2026] [php:error] [pid 52651] [client 172.190.142.176:0] script '/domains/system_suspended/menu.php' not found or unable to stat
[Sun Feb 08 02:18:06.975761 2026] [php:error] [pid 52651] [client 172.190.142.176:0] script '/domains/system_suspended/content.php' not found or unable to stat
[Sun Feb 08 02:18:06.979518 2026] [php:error] [pid 52651] [client 172.190.142.176:0] script '/domains/system_suspended/wqqs.php' not found or unable to stat
[Sun Feb 08 02:18:06.983313 2026] [php:error] [pid 52651] [client 172.190.142.176:0] script '/domains/system_suspended/ole.php' not found or unable to stat
[Sun Feb 08 02:18:06.990670 2026] [php:error] [pid 52651] [client 172.190.142.176:0] script '/domains/system_suspended/p.php' not found or unable to stat
[Sun Feb 08 02:18:06.994290 2026] [php:error] [pid 52651] [client 172.190.142.176:0] script '/domains/system_suspended/ak.php' not found or unable to stat
[Sun Feb 08 02:18:07.001865 2026] [php:error] [pid 52651] [client 172.190.142.176:0] script '/domains/system_suspended/mds.php' not found or unable to stat
[Sun Feb 08 02:18:07.005755 2026] [php:error] [pid 52651] [client 172.190.142.176:0] script '/domains/system_suspended/ellv3.php' not found or unable to stat
[Sun Feb 08 02:18:07.009827 2026] [php:error] [pid 52651] [client 172.190.142.176:0] script '/domains/system_suspended/inputs.php' not found or unable to stat
[Sun Feb 08 02:18:07.015318 2026] [php:error] [pid 52651] [client 172.190.142.176:0] script '/domains/system_suspended/ffd.php' not found or unable to stat
[Sun Feb 08 02:18:07.022808 2026] [php:error] [pid 52651] [client 172.190.142.176:0] script '/domains/system_suspended/x_3.php' not found or unable to stat
[Sun Feb 08 02:18:07.026538 2026] [php:error] [pid 52651] [client 172.190.142.176:0] script '/domains/system_suspended/wp_wlx.php' not found or unable to stat
[Sun Feb 08 02:18:07.048172 2026] [php:error] [pid 52652] [client 172.190.142.176:0] script '/domains/system_suspended/oivcl.php' not found or unable to stat
[Sun Feb 08 02:18:07.055095 2026] [php:error] [pid 52652] [client 172.190.142.176:0] script '/domains/system_suspended/o.php' not found or unable to stat
[Sun Feb 08 02:18:07.058599 2026] [php:error] [pid 52652] [client 172.190.142.176:0] script '/domains/system_suspended/asd67.php' not found or unable to stat
[Sun Feb 08 02:18:07.068791 2026] [php:error] [pid 52652] [client 172.190.142.176:0] script '/domains/system_suspended/mar.php' not found or unable to stat
[Sun Feb 08 02:18:07.072430 2026] [php:error] [pid 52652] [client 172.190.142.176:0] script '/domains/system_suspended/raw.php' not found or unable to stat
[Sun Feb 08 02:18:07.076019 2026] [php:error] [pid 52652] [client 172.190.142.176:0] script '/domains/system_suspended/a2.php' not found or unable to stat
[Sun Feb 08 02:18:07.083774 2026] [php:error] [pid 52652] [client 172.190.142.176:0] script '/domains/system_suspended/mal.php' not found or unable to stat
[Sun Feb 08 02:18:07.091703 2026] [php:error] [pid 52652] [client 172.190.142.176:0] script '/domains/system_suspended/flower.php' not found or unable to stat
[Sun Feb 08 02:18:07.102876 2026] [php:error] [pid 52652] [client 172.190.142.176:0] script '/domains/system_suspended/ph33w.php' not found or unable to stat
[Sun Feb 08 02:18:07.106635 2026] [php:error] [pid 52652] [client 172.190.142.176:0] script '/domains/system_suspended/cv.php' not found or unable to stat
[Sun Feb 08 02:18:07.114735 2026] [php:error] [pid 52652] [client 172.190.142.176:0] script '/domains/system_suspended/wp4.php' not found or unable to stat
[Sun Feb 08 02:18:07.128143 2026] [php:error] [pid 52652] [client 172.190.142.176:0] script '/domains/system_suspended/dropdown.php' not found or unable to stat
[Sun Feb 08 02:18:07.131799 2026] [php:error] [pid 52652] [client 172.190.142.176:0] script '/domains/system_suspended/sxo.php' not found or unable to stat
[Sun Feb 08 02:18:07.135867 2026] [php:error] [pid 52652] [client 172.190.142.176:0] script '/domains/system_suspended/2026.php' not found or unable to stat
[Sun Feb 08 02:18:07.139458 2026] [php:error] [pid 52652] [client 172.190.142.176:0] script '/domains/system_suspended/wp.php' not found or unable to stat
[Sun Feb 08 02:18:07.143424 2026] [php:error] [pid 52652] [client 172.190.142.176:0] script '/domains/system_suspended/sto.php' not found or unable to stat
[Sun Feb 08 02:18:07.147269 2026] [php:error] [pid 52652] [client 172.190.142.176:0] script '/domains/system_suspended/h.php' not found or unable to stat
[Sun Feb 08 02:18:07.151404 2026] [php:error] [pid 52652] [client 172.190.142.176:0] script '/domains/system_suspended/tphp.php' not found or unable to stat
[Sun Feb 08 02:18:07.155290 2026] [php:error] [pid 52652] [client 172.190.142.176:0] script '/domains/system_suspended/cs.php' not found or unable to stat
[Sun Feb 08 02:18:07.159193 2026] [php:error] [pid 52652] [client 172.190.142.176:0] script '/domains/system_suspended/user.php' not found or unable to stat
[Sun Feb 08 02:18:07.166629 2026] [php:error] [pid 52652] [client 172.190.142.176:0] script '/domains/system_suspended/8xyz.php' not found or unable to stat
[Sun Feb 08 02:18:07.173826 2026] [php:error] [pid 52652] [client 172.190.142.176:0] script '/domains/system_suspended/rezor.php' not found or unable to stat
[Sun Feb 08 02:18:07.177605 2026] [php:error] [pid 52652] [client 172.190.142.176:0] script '/domains/system_suspended/Wp-good.php' not found or unable to stat
[Sun Feb 08 02:18:07.181293 2026] [php:error] [pid 52652] [client 172.190.142.176:0] script '/domains/system_suspended/ze.php' not found or unable to stat
[Sun Feb 08 02:18:07.184973 2026] [php:error] [pid 52652] [client 172.190.142.176:0] script '/domains/system_suspended/bgymj.php' not found or unable to stat
[Sun Feb 08 02:18:07.193591 2026] [php:error] [pid 52652] [client 172.190.142.176:0] script '/domains/system_suspended/jmfi2.php' not found or unable to stat
[Sun Feb 08 02:18:07.197351 2026] [php:error] [pid 52652] [client 172.190.142.176:0] script '/domains/system_suspended/x7.php' not found or unable to stat
[Sun Feb 08 02:18:07.201132 2026] [php:error] [pid 52652] [client 172.190.142.176:0] script '/domains/system_suspended/hey.php' not found or unable to stat
[Sun Feb 08 02:18:07.215182 2026] [php:error] [pid 52652] [client 172.190.142.176:0] script '/domains/system_suspended/gib.php' not found or unable to stat
[Sun Feb 08 02:18:07.218799 2026] [php:error] [pid 52652] [client 172.190.142.176:0] script '/domains/system_suspended/wso.php' not found or unable to stat
[Sun Feb 08 02:18:07.222383 2026] [php:error] [pid 52652] [client 172.190.142.176:0] script '/domains/system_suspended/x.php' not found or unable to stat
[Sun Feb 08 02:18:12.436997 2026] [php:error] [pid 52658] [client 102.222.145.121:0] script '/domains/conservation1/xmlrpc.php' not found or unable to stat
[Sun Feb 08 02:18:27.945852 2026] [php:error] [pid 52664] [client 20.110.243.199:0] script '/domains/byardrealestate/grsiuk.php' not found or unable to stat
[Sun Feb 08 02:18:27.953267 2026] [php:error] [pid 52664] [client 20.110.243.199:0] script '/domains/byardrealestate/fs.php' not found or unable to stat
[Sun Feb 08 02:18:27.960908 2026] [php:error] [pid 52664] [client 20.110.243.199:0] script '/domains/byardrealestate/;k.php' not found or unable to stat
[Sun Feb 08 02:19:07.031611 2026] [php:error] [pid 52664] [client 20.46.120.47:0] script '/domains/rainho/admin.php' not found or unable to stat
[Sun Feb 08 02:19:07.846423 2026] [php:error] [pid 52664] [client 20.46.120.47:0] script '/domains/rainho/manager.php' not found or unable to stat
[Sun Feb 08 02:19:08.262578 2026] [php:error] [pid 52672] [client 20.43.35.7:0] script '/domains/machinadynamica/x9.php' not found or unable to stat
[Sun Feb 08 02:19:08.351111 2026] [php:error] [pid 52672] [client 20.43.35.7:0] script '/domains/machinadynamica/grsiuk.php' not found or unable to stat
[Sun Feb 08 02:19:08.439336 2026] [php:error] [pid 52672] [client 20.43.35.7:0] script '/domains/machinadynamica/byel.php' not found or unable to stat
[Sun Feb 08 02:19:08.527708 2026] [php:error] [pid 52672] [client 20.43.35.7:0] script '/domains/machinadynamica/layou.php' not found or unable to stat
[Sun Feb 08 02:19:08.616240 2026] [php:error] [pid 52672] [client 20.43.35.7:0] script '/domains/machinadynamica/lgsts.php' not found or unable to stat
[Sun Feb 08 02:19:08.966728 2026] [php:error] [pid 52672] [client 20.43.35.7:0] script '/domains/machinadynamica/tourpa.php' not found or unable to stat
[Sun Feb 08 02:19:08.979367 2026] [php:error] [pid 52664] [client 20.46.120.47:0] script '/domains/rainho/wp-sing.php' not found or unable to stat
[Sun Feb 08 02:19:09.060795 2026] [php:error] [pid 52672] [client 20.43.35.7:0] script '/domains/machinadynamica/yvtuizub.php' not found or unable to stat
[Sun Feb 08 02:19:09.149350 2026] [php:error] [pid 52672] [client 20.43.35.7:0] script '/domains/machinadynamica/mln.php' not found or unable to stat
[Sun Feb 08 02:19:09.238112 2026] [php:error] [pid 52672] [client 20.43.35.7:0] script '/domains/machinadynamica/inege.php' not found or unable to stat
[Sun Feb 08 02:19:09.266129 2026] [php:error] [pid 52664] [client 20.46.120.47:0] script '/domains/rainho/goods.php' not found or unable to stat
[Sun Feb 08 02:19:09.729468 2026] [php:error] [pid 52664] [client 20.46.120.47:0] script '/domains/rainho/chosen.php' not found or unable to stat
[Sun Feb 08 02:19:10.342170 2026] [php:error] [pid 52664] [client 20.46.120.47:0] script '/domains/rainho/term.php' not found or unable to stat
[Sun Feb 08 02:19:10.700330 2026] [php:error] [pid 52664] [client 20.46.120.47:0] script '/domains/rainho/wpc.php' not found or unable to stat
[Sun Feb 08 02:19:11.550959 2026] [php:error] [pid 52664] [client 20.46.120.47:0] script '/domains/rainho/about.php' not found or unable to stat
[Sun Feb 08 02:19:11.724488 2026] [php:error] [pid 52664] [client 20.46.120.47:0] script '/domains/rainho/deepseek_d.php' not found or unable to stat
[Sun Feb 08 02:19:12.548247 2026] [php:error] [pid 52664] [client 20.46.120.47:0] script '/domains/rainho/elp.php' not found or unable to stat
[Sun Feb 08 02:19:12.740710 2026] [php:error] [pid 52664] [client 20.46.120.47:0] script '/domains/rainho/bless.php' not found or unable to stat
[Sun Feb 08 02:19:13.076053 2026] [php:error] [pid 52664] [client 20.46.120.47:0] script '/domains/rainho/edit.php' not found or unable to stat
[Sun Feb 08 02:19:13.241021 2026] [php:error] [pid 52664] [client 20.46.120.47:0] script '/domains/rainho/simple.php' not found or unable to stat
[Sun Feb 08 02:19:14.271480 2026] [php:error] [pid 52664] [client 20.46.120.47:0] script '/domains/rainho/wp-login.php' not found or unable to stat
[Sun Feb 08 02:19:15.030695 2026] [php:error] [pid 52664] [client 20.46.120.47:0] script '/domains/rainho/ioxi-o.php' not found or unable to stat
[Sun Feb 08 02:19:15.695627 2026] [php:error] [pid 52664] [client 20.46.120.47:0] script '/domains/rainho/test.php' not found or unable to stat
[Sun Feb 08 02:19:17.533136 2026] [php:error] [pid 52664] [client 20.46.120.47:0] script '/domains/rainho/classwithtostring.php' not found or unable to stat
[Sun Feb 08 02:19:18.465071 2026] [php:error] [pid 52664] [client 20.46.120.47:0] script '/domains/rainho/2.php' not found or unable to stat
[Sun Feb 08 02:19:18.628257 2026] [php:error] [pid 52664] [client 20.46.120.47:0] script '/domains/rainho/functions.php' not found or unable to stat
[Sun Feb 08 02:19:20.188927 2026] [php:error] [pid 52664] [client 20.46.120.47:0] script '/domains/rainho/aaa.php' not found or unable to stat
[Sun Feb 08 02:19:20.349268 2026] [php:error] [pid 52664] [client 20.46.120.47:0] script '/domains/rainho/inputs.php' not found or unable to stat
[Sun Feb 08 02:19:20.531426 2026] [php:error] [pid 52664] [client 20.46.120.47:0] script '/domains/rainho/log.php' not found or unable to stat
[Sun Feb 08 02:19:21.217500 2026] [php:error] [pid 52664] [client 20.46.120.47:0] script '/domains/rainho/man.php' not found or unable to stat
[Sun Feb 08 02:19:21.377983 2026] [php:error] [pid 52664] [client 20.46.120.47:0] script '/domains/rainho/1.php' not found or unable to stat
[Sun Feb 08 02:19:21.668017 2026] [php:error] [pid 52664] [client 20.46.120.47:0] script '/domains/rainho/aa.php' not found or unable to stat
[Sun Feb 08 02:19:21.826821 2026] [php:error] [pid 52664] [client 20.46.120.47:0] script '/domains/rainho/dropdown.php' not found or unable to stat
[Sun Feb 08 02:19:22.071211 2026] [core:crit] [pid 52677] (13)Permission denied: [client 114.119.139.185:0] AH00529: /domains/dcarlone/test/web/.htaccess pcfg_openfile: unable to check htaccess file, ensure it is readable and that '/domains/dcarlone/test/web/' is executable
[Sun Feb 08 02:19:22.546829 2026] [php:error] [pid 52664] [client 20.46.120.47:0] script '/domains/rainho/rtx.php' not found or unable to stat
[Sun Feb 08 02:19:24.744492 2026] [php:error] [pid 52664] [client 20.46.120.47:0] script '/domains/rainho/atomlib.php' not found or unable to stat
[Sun Feb 08 02:19:25.046986 2026] [php:error] [pid 52664] [client 20.46.120.47:0] script '/domains/rainho/info.php' not found or unable to stat
[Sun Feb 08 02:19:25.218729 2026] [php:error] [pid 52664] [client 20.46.120.47:0] script '/domains/rainho/lock360.php' not found or unable to stat
[Sun Feb 08 02:19:25.592105 2026] [php:error] [pid 52664] [client 20.46.120.47:0] script '/domains/rainho/vx.php' not found or unable to stat
[Sun Feb 08 02:19:26.952482 2026] [php:error] [pid 52664] [client 20.46.120.47:0] script '/domains/rainho/wp-content.php' not found or unable to stat
[Sun Feb 08 02:19:29.326827 2026] [php:error] [pid 52664] [client 20.46.120.47:0] script '/domains/rainho/adminfuns.php' not found or unable to stat
[Sun Feb 08 02:19:29.823539 2026] [php:error] [pid 52664] [client 20.46.120.47:0] script '/domains/rainho/ahax.php' not found or unable to stat
[Sun Feb 08 02:19:30.022785 2026] [php:error] [pid 52664] [client 20.46.120.47:0] script '/domains/rainho/autoload_classmap.php' not found or unable to stat
[Sun Feb 08 02:19:30.357975 2026] [php:error] [pid 52664] [client 20.46.120.47:0] script '/domains/rainho/file.php' not found or unable to stat
[Sun Feb 08 02:19:31.016105 2026] [php:error] [pid 52664] [client 20.46.120.47:0] script '/domains/rainho/file5.php' not found or unable to stat
[Sun Feb 08 02:19:33.771213 2026] [php:error] [pid 52664] [client 20.46.120.47:0] script '/domains/rainho/xmlrpc.php' not found or unable to stat
[Sun Feb 08 02:19:33.950748 2026] [php:error] [pid 52664] [client 20.46.120.47:0] script '/domains/rainho/alfa.php' not found or unable to stat
[Sun Feb 08 02:19:34.188815 2026] [php:error] [pid 52664] [client 20.46.120.47:0] script '/domains/rainho/as.php' not found or unable to stat
[Sun Feb 08 02:19:34.954640 2026] [php:error] [pid 52664] [client 20.46.120.47:0] script '/domains/rainho/class-t.api.php' not found or unable to stat
[Sun Feb 08 02:19:35.116200 2026] [php:error] [pid 52664] [client 20.46.120.47:0] script '/domains/rainho/indoxploit.php' not found or unable to stat
[Sun Feb 08 02:19:35.280584 2026] [php:error] [pid 52664] [client 20.46.120.47:0] script '/domains/rainho/shell.php' not found or unable to stat
[Sun Feb 08 02:19:35.663293 2026] [php:error] [pid 52664] [client 20.46.120.47:0] script '/domains/rainho/system.php' not found or unable to stat
[Sun Feb 08 02:19:36.583874 2026] [php:error] [pid 52664] [client 20.46.120.47:0] script '/domains/rainho/wp-admin.php' not found or unable to stat
[Sun Feb 08 02:19:38.586988 2026] [php:error] [pid 52664] [client 20.46.120.47:0] script '/domains/rainho/wp-block.php' not found or unable to stat
[Sun Feb 08 02:19:38.678985 2026] [php:error] [pid 52689] [client 20.203.201.174:0] script '/domains/viamonte3/166.php' not found or unable to stat
[Sun Feb 08 02:19:38.916508 2026] [php:error] [pid 52689] [client 20.203.201.174:0] script '/domains/viamonte3/2026.php' not found or unable to stat
[Sun Feb 08 02:19:39.011694 2026] [php:error] [pid 52689] [client 20.203.201.174:0] script '/domains/viamonte3/muzu.php' not found or unable to stat
[Sun Feb 08 02:19:39.123415 2026] [php:error] [pid 52689] [client 20.203.201.174:0] script '/domains/viamonte3/reze.php' not found or unable to stat
[Sun Feb 08 02:19:39.218310 2026] [php:error] [pid 52689] [client 20.203.201.174:0] script '/domains/viamonte3/jsond.php' not found or unable to stat
[Sun Feb 08 02:19:39.314081 2026] [php:error] [pid 52689] [client 20.203.201.174:0] script '/domains/viamonte3/x7.php' not found or unable to stat
[Sun Feb 08 02:19:39.573331 2026] [php:error] [pid 52664] [client 20.46.120.47:0] script '/domains/rainho/wp-good.php' not found or unable to stat
[Sun Feb 08 02:19:39.718571 2026] [php:error] [pid 52689] [client 20.203.201.174:0] script '/domains/viamonte3/bgymj.php' not found or unable to stat
[Sun Feb 08 02:19:39.814946 2026] [php:error] [pid 52689] [client 20.203.201.174:0] script '/domains/viamonte3/lala.php' not found or unable to stat
[Sun Feb 08 02:19:39.909207 2026] [php:error] [pid 52689] [client 20.203.201.174:0] script '/domains/viamonte3/8xyz.php' not found or unable to stat
[Sun Feb 08 02:19:40.003519 2026] [php:error] [pid 52689] [client 20.203.201.174:0] script '/domains/viamonte3/wsd.php' not found or unable to stat
[Sun Feb 08 02:19:40.208981 2026] [php:error] [pid 52689] [client 20.203.201.174:0] script '/domains/viamonte3/la.php' not found or unable to stat
[Sun Feb 08 02:19:40.304670 2026] [php:error] [pid 52689] [client 20.203.201.174:0] script '/domains/viamonte3/Wp-good.php' not found or unable to stat
[Sun Feb 08 02:19:40.409361 2026] [php:error] [pid 52689] [client 20.203.201.174:0] script '/domains/viamonte3/tphp.php' not found or unable to stat
[Sun Feb 08 02:19:40.837813 2026] [php:error] [pid 52689] [client 20.203.201.174:0] script '/domains/viamonte3/a1.php' not found or unable to stat
[Sun Feb 08 02:19:40.944610 2026] [php:error] [pid 52689] [client 20.203.201.174:0] script '/domains/viamonte3/nyan.php' not found or unable to stat
[Sun Feb 08 02:19:41.041468 2026] [php:error] [pid 52689] [client 20.203.201.174:0] script '/domains/viamonte3/autoload_classmap.php' not found or unable to stat
[Sun Feb 08 02:19:41.207012 2026] [php:error] [pid 52689] [client 20.203.201.174:0] script '/domains/viamonte3/alfa.php' not found or unable to stat
[Sun Feb 08 02:19:41.434548 2026] [php:error] [pid 52689] [client 20.203.201.174:0] script '/domains/viamonte3/luxe.php' not found or unable to stat
[Sun Feb 08 02:19:41.632540 2026] [php:error] [pid 52689] [client 20.203.201.174:0] script '/domains/viamonte3/rezor.php' not found or unable to stat
[Sun Feb 08 02:19:41.747323 2026] [php:error] [pid 52689] [client 20.203.201.174:0] script '/domains/viamonte3/doc.php' not found or unable to stat
[Sun Feb 08 02:19:42.115242 2026] [php:error] [pid 52689] [client 20.203.201.174:0] script '/domains/viamonte3/install.php' not found or unable to stat
[Sun Feb 08 02:19:42.355306 2026] [php:error] [pid 52689] [client 20.203.201.174:0] script '/domains/viamonte3/sto.php' not found or unable to stat
[Sun Feb 08 02:19:42.475313 2026] [php:error] [pid 52689] [client 20.203.201.174:0] script '/domains/viamonte3/x.php' not found or unable to stat
[Sun Feb 08 02:19:42.610489 2026] [php:error] [pid 52689] [client 20.203.201.174:0] script '/domains/viamonte3/test.php' not found or unable to stat
[Sun Feb 08 02:19:42.912279 2026] [php:error] [pid 52689] [client 20.203.201.174:0] script '/domains/viamonte3/n3.php' not found or unable to stat
[Sun Feb 08 02:19:43.100898 2026] [php:error] [pid 52689] [client 20.203.201.174:0] script '/domains/viamonte3/o.php' not found or unable to stat
[Sun Feb 08 02:19:43.414773 2026] [php:error] [pid 52689] [client 20.203.201.174:0] script '/domains/viamonte3/class-t.api.php' not found or unable to stat
[Sun Feb 08 02:19:43.770407 2026] [php:error] [pid 52690] [client 20.46.120.47:0] script '/domains/rainho/01.php' not found or unable to stat
[Sun Feb 08 02:19:43.880971 2026] [php:error] [pid 52689] [client 20.203.201.174:0] script '/domains/viamonte3/wp.php' not found or unable to stat
[Sun Feb 08 02:19:44.170426 2026] [php:error] [pid 52689] [client 20.203.201.174:0] script '/domains/viamonte3/h.php' not found or unable to stat
[Sun Feb 08 02:19:44.364746 2026] [php:error] [pid 52690] [client 20.46.120.47:0] script '/domains/rainho/222.php' not found or unable to stat
[Sun Feb 08 02:19:44.395033 2026] [php:error] [pid 52689] [client 20.203.201.174:0] script '/domains/viamonte3/wrt.php' not found or unable to stat
[Sun Feb 08 02:19:44.561640 2026] [php:error] [pid 52690] [client 20.46.120.47:0] script '/domains/rainho/403.php' not found or unable to stat
[Sun Feb 08 02:19:44.705914 2026] [php:error] [pid 52689] [client 20.203.201.174:0] script '/domains/viamonte3/images/c99.php' not found or unable to stat
[Sun Feb 08 02:19:44.725381 2026] [php:error] [pid 52690] [client 20.46.120.47:0] script '/domains/rainho/404.php' not found or unable to stat
[Sun Feb 08 02:19:44.858773 2026] [php:error] [pid 52689] [client 20.203.201.174:0] script '/domains/viamonte3/png.php' not found or unable to stat
[Sun Feb 08 02:19:45.062318 2026] [php:error] [pid 52689] [client 20.203.201.174:0] script '/domains/viamonte3/zwso.php' not found or unable to stat
[Sun Feb 08 02:19:45.488755 2026] [php:error] [pid 52690] [client 20.46.120.47:0] script '/domains/rainho/Q.php' not found or unable to stat
[Sun Feb 08 02:19:45.673813 2026] [php:error] [pid 52690] [client 20.46.120.47:0] script '/domains/rainho/WSO.php' not found or unable to stat
[Sun Feb 08 02:19:45.733198 2026] [php:error] [pid 52689] [client 20.203.201.174:0] script '/domains/viamonte3/ton.php' not found or unable to stat
[Sun Feb 08 02:19:45.828267 2026] [php:error] [pid 52689] [client 20.203.201.174:0] script '/domains/viamonte3/wso.php' not found or unable to stat
[Sun Feb 08 02:19:45.844679 2026] [php:error] [pid 52690] [client 20.46.120.47:0] script '/domains/rainho/abc.php' not found or unable to stat
[Sun Feb 08 02:19:46.024151 2026] [php:error] [pid 52690] [client 20.46.120.47:0] script '/domains/rainho/abcd.php' not found or unable to stat
[Sun Feb 08 02:19:46.056877 2026] [php:error] [pid 52689] [client 20.203.201.174:0] script '/domains/viamonte3/a2.php' not found or unable to stat
[Sun Feb 08 02:19:46.167395 2026] [php:error] [pid 52689] [client 20.203.201.174:0] script '/domains/viamonte3/shell.php' not found or unable to stat
[Sun Feb 08 02:19:46.498894 2026] [php:error] [pid 52689] [client 20.203.201.174:0] script '/domains/viamonte3/sxo.php' not found or unable to stat
[Sun Feb 08 02:19:46.990565 2026] [php:error] [pid 52689] [client 20.203.201.174:0] script '/domains/viamonte3/mans.php' not found or unable to stat
[Sun Feb 08 02:19:47.107458 2026] [php:error] [pid 52689] [client 20.203.201.174:0] script '/domains/viamonte3/dropdown.php' not found or unable to stat
[Sun Feb 08 02:19:47.334478 2026] [php:error] [pid 52689] [client 20.203.201.174:0] script '/domains/viamonte3/ze.php' not found or unable to stat
[Sun Feb 08 02:19:47.565311 2026] [php:error] [pid 52689] [client 20.203.201.174:0] script '/domains/viamonte3/geck.php' not found or unable to stat
[Sun Feb 08 02:19:47.663564 2026] [php:error] [pid 52689] [client 20.203.201.174:0] script '/domains/viamonte3/menu.php' not found or unable to stat
[Sun Feb 08 02:19:48.145380 2026] [php:error] [pid 52689] [client 20.203.201.174:0] script '/domains/viamonte3/flower.php' not found or unable to stat
[Sun Feb 08 02:19:48.268514 2026] [php:error] [pid 52689] [client 20.203.201.174:0] script '/domains/viamonte3/ftp.php' not found or unable to stat
[Sun Feb 08 02:19:48.377292 2026] [php:error] [pid 52689] [client 20.203.201.174:0] script '/domains/viamonte3/mds.php' not found or unable to stat
[Sun Feb 08 02:19:48.477895 2026] [php:error] [pid 52689] [client 20.203.201.174:0] script '/domains/viamonte3/ahax.php' not found or unable to stat
[Sun Feb 08 02:19:48.694795 2026] [php:error] [pid 52689] [client 20.203.201.174:0] script '/domains/viamonte3/cool.php' not found or unable to stat
[Sun Feb 08 02:19:48.789510 2026] [php:error] [pid 52689] [client 20.203.201.174:0] script '/domains/viamonte3/gm.php' not found or unable to stat
[Sun Feb 08 02:19:48.886400 2026] [php:error] [pid 52689] [client 20.203.201.174:0] script '/domains/viamonte3/simple.php' not found or unable to stat
[Sun Feb 08 02:19:48.975398 2026] [php:error] [pid 52695] [client 20.207.198.35:0] script '/domains/pmglobal/admin.php' not found or unable to stat
[Sun Feb 08 02:19:48.993245 2026] [php:error] [pid 52689] [client 20.203.201.174:0] script '/domains/viamonte3/elp.php' not found or unable to stat
[Sun Feb 08 02:19:49.140189 2026] [php:error] [pid 52689] [client 20.203.201.174:0] script '/domains/viamonte3/bolt.php' not found or unable to stat
[Sun Feb 08 02:19:49.191080 2026] [php:error] [pid 52695] [client 20.207.198.35:0] script '/domains/pmglobal/manager.php' not found or unable to stat
[Sun Feb 08 02:19:49.493927 2026] [php:error] [pid 52689] [client 20.203.201.174:0] script '/domains/viamonte3/inputs.php' not found or unable to stat
[Sun Feb 08 02:19:49.567564 2026] [php:error] [pid 52694] [client 20.203.129.2:0] script '/domains/system_default/x9.php' not found or unable to stat
[Sun Feb 08 02:19:49.671233 2026] [php:error] [pid 52694] [client 20.203.129.2:0] script '/domains/system_default/grsiuk.php' not found or unable to stat
[Sun Feb 08 02:19:49.711913 2026] [php:error] [pid 52689] [client 20.203.201.174:0] script '/domains/viamonte3/system.php' not found or unable to stat
[Sun Feb 08 02:19:49.766152 2026] [php:error] [pid 52694] [client 20.203.129.2:0] script '/domains/system_default/byel.php' not found or unable to stat
[Sun Feb 08 02:19:49.985339 2026] [php:error] [pid 52694] [client 20.203.129.2:0] script '/domains/system_default/layou.php' not found or unable to stat
[Sun Feb 08 02:19:50.087387 2026] [php:error] [pid 52694] [client 20.203.129.2:0] script '/domains/system_default/lgsts.php' not found or unable to stat
[Sun Feb 08 02:19:50.182422 2026] [php:error] [pid 52694] [client 20.203.129.2:0] script '/domains/system_default/tourpa.php' not found or unable to stat
[Sun Feb 08 02:19:50.282153 2026] [php:error] [pid 52694] [client 20.203.129.2:0] script '/domains/system_default/yvtuizub.php' not found or unable to stat
[Sun Feb 08 02:19:50.378015 2026] [php:error] [pid 52694] [client 20.203.129.2:0] script '/domains/system_default/mln.php' not found or unable to stat
[Sun Feb 08 02:19:50.393177 2026] [php:error] [pid 52695] [client 20.207.198.35:0] script '/domains/pmglobal/wp-sing.php' not found or unable to stat
[Sun Feb 08 02:19:50.441036 2026] [php:error] [pid 52689] [client 20.203.201.174:0] script '/domains/viamonte3/an.php' not found or unable to stat
[Sun Feb 08 02:19:50.473067 2026] [php:error] [pid 52694] [client 20.203.129.2:0] script '/domains/system_default/inege.php' not found or unable to stat
[Sun Feb 08 02:19:50.687675 2026] [php:error] [pid 52690] [client 20.46.120.47:0] script '/domains/rainho/byp.php' not found or unable to stat
[Sun Feb 08 02:19:50.785391 2026] [php:error] [pid 52695] [client 20.207.198.35:0] script '/domains/pmglobal/goods.php' not found or unable to stat
[Sun Feb 08 02:19:50.866468 2026] [php:error] [pid 52690] [client 20.46.120.47:0] script '/domains/rainho/c.php' not found or unable to stat
[Sun Feb 08 02:19:50.874740 2026] [php:error] [pid 52689] [client 20.203.201.174:0] script '/domains/viamonte3/w.php' not found or unable to stat
[Sun Feb 08 02:19:50.969288 2026] [php:error] [pid 52689] [client 20.203.201.174:0] script '/domains/viamonte3/gmo.php' not found or unable to stat
[Sun Feb 08 02:19:51.036934 2026] [php:error] [pid 52690] [client 20.46.120.47:0] script '/domains/rainho/ca4.php' not found or unable to stat
[Sun Feb 08 02:19:51.125297 2026] [php:error] [pid 52689] [client 20.203.201.174:0] script '/domains/viamonte3/gib.php' not found or unable to stat
[Sun Feb 08 02:19:51.156930 2026] [php:error] [pid 52695] [client 20.207.198.35:0] script '/domains/pmglobal/chosen.php' not found or unable to stat
[Sun Feb 08 02:19:51.219960 2026] [php:error] [pid 52689] [client 20.203.201.174:0] script '/domains/viamonte3/wp-miiss.php.php' not found or unable to stat
[Sun Feb 08 02:19:51.427343 2026] [php:error] [pid 52689] [client 20.203.201.174:0] script '/domains/viamonte3/moon.php' not found or unable to stat
[Sun Feb 08 02:19:51.520548 2026] [php:error] [pid 52695] [client 20.207.198.35:0] script '/domains/pmglobal/term.php' not found or unable to stat
[Sun Feb 08 02:19:51.537813 2026] [php:error] [pid 52689] [client 20.203.201.174:0] script '/domains/viamonte3/filesss.php' not found or unable to stat
[Sun Feb 08 02:19:51.574927 2026] [php:error] [pid 52690] [client 20.46.120.47:0] script '/domains/rainho/config.php' not found or unable to stat
[Sun Feb 08 02:19:51.675258 2026] [php:error] [pid 52689] [client 20.203.201.174:0] script '/domains/viamonte3/hey.php' not found or unable to stat
[Sun Feb 08 02:19:51.734576 2026] [php:error] [pid 52690] [client 20.46.120.47:0] script '/domains/rainho/content.php' not found or unable to stat
[Sun Feb 08 02:19:52.043259 2026] [php:error] [pid 52689] [client 20.203.201.174:0] script '/domains/viamonte3/1337.php' not found or unable to stat
[Sun Feb 08 02:19:52.138494 2026] [php:error] [pid 52689] [client 20.203.201.174:0] script '/domains/viamonte3/buy.php' not found or unable to stat
[Sun Feb 08 02:19:52.399216 2026] [php:error] [pid 52690] [client 20.46.120.47:0] script '/domains/rainho/favicon.php' not found or unable to stat
[Sun Feb 08 02:19:52.569674 2026] [php:error] [pid 52689] [client 20.203.201.174:0] script '/domains/viamonte3/m.php' not found or unable to stat
[Sun Feb 08 02:19:52.633648 2026] [php:error] [pid 52695] [client 20.207.198.35:0] script '/domains/pmglobal/wpc.php' not found or unable to stat
[Sun Feb 08 02:19:52.855979 2026] [php:error] [pid 52695] [client 20.207.198.35:0] script '/domains/pmglobal/about.php' not found or unable to stat
[Sun Feb 08 02:19:52.907111 2026] [php:error] [pid 52690] [client 20.46.120.47:0] script '/domains/rainho/file56.php' not found or unable to stat
[Sun Feb 08 02:19:52.910303 2026] [php:error] [pid 52702] [client 20.203.201.174:0] script '/domains/viamonte3/wp-is.php' not found or unable to stat
[Sun Feb 08 02:19:53.010193 2026] [php:error] [pid 52702] [client 20.203.201.174:0] script '/domains/viamonte3/jmfi2.php' not found or unable to stat
[Sun Feb 08 02:19:53.067161 2026] [php:error] [pid 52695] [client 20.207.198.35:0] script '/domains/pmglobal/deepseek_d.php' not found or unable to stat
[Sun Feb 08 02:19:53.229140 2026] [php:error] [pid 52702] [client 20.203.201.174:0] script '/domains/viamonte3/bnn_.php' not found or unable to stat
[Sun Feb 08 02:19:53.448431 2026] [php:error] [pid 52702] [client 20.203.201.174:0] script '/domains/viamonte3/hzz.php' not found or unable to stat
[Sun Feb 08 02:19:53.498345 2026] [php:error] [pid 52690] [client 20.46.120.47:0] script '/domains/rainho/flower.php' not found or unable to stat
[Sun Feb 08 02:19:53.666055 2026] [php:error] [pid 52695] [client 20.207.198.35:0] script '/domains/pmglobal/elp.php' not found or unable to stat
[Sun Feb 08 02:19:53.747003 2026] [php:error] [pid 52702] [client 20.203.201.174:0] script '/domains/viamonte3/shell20211028.php' not found or unable to stat
[Sun Feb 08 02:19:53.840307 2026] [php:error] [pid 52702] [client 20.203.201.174:0] script '/domains/viamonte3/content.php' not found or unable to stat
[Sun Feb 08 02:19:53.922841 2026] [php:error] [pid 52695] [client 20.207.198.35:0] script '/domains/pmglobal/bless.php' not found or unable to stat
[Sun Feb 08 02:19:54.035740 2026] [php:error] [pid 52702] [client 20.203.201.174:0] script '/domains/viamonte3/ps.php' not found or unable to stat
[Sun Feb 08 02:19:54.132375 2026] [php:error] [pid 52690] [client 20.46.120.47:0] script '/domains/rainho/fw.php' not found or unable to stat
[Sun Feb 08 02:19:54.303389 2026] [php:error] [pid 52690] [client 20.46.120.47:0] script '/domains/rainho/gecko-new.php' not found or unable to stat
[Sun Feb 08 02:19:54.398730 2026] [php:error] [pid 52702] [client 20.203.201.174:0] script '/domains/viamonte3/cache.php' not found or unable to stat
[Sun Feb 08 02:19:54.470818 2026] [php:error] [pid 52695] [client 20.207.198.35:0] script '/domains/pmglobal/edit.php' not found or unable to stat
[Sun Feb 08 02:19:54.491824 2026] [php:error] [pid 52702] [client 20.203.201.174:0] script '/domains/viamonte3/ss.php' not found or unable to stat
[Sun Feb 08 02:19:54.589019 2026] [php:error] [pid 52702] [client 20.203.201.174:0] script '/domains/viamonte3/p.php' not found or unable to stat
[Sun Feb 08 02:19:54.718910 2026] [php:error] [pid 52695] [client 20.207.198.35:0] script '/domains/pmglobal/simple.php' not found or unable to stat
[Sun Feb 08 02:19:54.791984 2026] [php:error] [pid 52702] [client 20.203.201.174:0] script '/domains/viamonte3/user.php' not found or unable to stat
[Sun Feb 08 02:19:54.930049 2026] [php:error] [pid 52695] [client 20.207.198.35:0] script '/domains/pmglobal/wp-login.php' not found or unable to stat
[Sun Feb 08 02:19:55.143985 2026] [php:error] [pid 52702] [client 20.203.201.174:0] script '/domains/viamonte3/wp.php' not found or unable to stat
[Sun Feb 08 02:19:55.237247 2026] [php:error] [pid 52702] [client 20.203.201.174:0] script '/domains/viamonte3/rip.php' not found or unable to stat
[Sun Feb 08 02:19:55.330664 2026] [php:error] [pid 52702] [client 20.203.201.174:0] script '/domains/viamonte3/wp4.php' not found or unable to stat
[Sun Feb 08 02:19:55.423874 2026] [php:error] [pid 52702] [client 20.203.201.174:0] script '/domains/viamonte3/403.php' not found or unable to stat
[Sun Feb 08 02:19:55.674311 2026] [php:error] [pid 52702] [client 20.203.201.174:0] script '/domains/viamonte3/asd67.php' not found or unable to stat
[Sun Feb 08 02:19:55.897945 2026] [php:error] [pid 52702] [client 20.203.201.174:0] script '/domains/viamonte3/oivcl.php' not found or unable to stat
[Sun Feb 08 02:19:55.991033 2026] [php:error] [pid 52702] [client 20.203.201.174:0] script '/domains/viamonte3/about.php' not found or unable to stat
[Sun Feb 08 02:19:56.113411 2026] [php:error] [pid 52695] [client 20.207.198.35:0] script '/domains/pmglobal/ioxi-o.php' not found or unable to stat
[Sun Feb 08 02:19:56.282767 2026] [php:error] [pid 52702] [client 20.203.201.174:0] script '/domains/viamonte3/v2.php' not found or unable to stat
[Sun Feb 08 02:19:56.574929 2026] [php:error] [pid 52695] [client 20.207.198.35:0] script '/domains/pmglobal/test.php' not found or unable to stat
[Sun Feb 08 02:19:57.048413 2026] [php:error] [pid 52702] [client 20.203.201.174:0] script '/domains/viamonte3/dr.php' not found or unable to stat
[Sun Feb 08 02:19:57.142849 2026] [php:error] [pid 52702] [client 20.203.201.174:0] script '/domains/viamonte3/raw.php' not found or unable to stat
[Sun Feb 08 02:19:57.439261 2026] [php:error] [pid 52702] [client 20.203.201.174:0] script '/domains/viamonte3/ioxi-o2.php' not found or unable to stat
[Sun Feb 08 02:19:57.678432 2026] [php:error] [pid 52702] [client 20.203.201.174:0] script '/domains/viamonte3/dropdown.php' not found or unable to stat
[Sun Feb 08 02:19:57.773101 2026] [php:error] [pid 52702] [client 20.203.201.174:0] script '/domains/viamonte3/dlu.php' not found or unable to stat
[Sun Feb 08 02:19:57.832861 2026] [php:error] [pid 52695] [client 20.207.198.35:0] script '/domains/pmglobal/classwithtostring.php' not found or unable to stat
[Sun Feb 08 02:19:57.994039 2026] [php:error] [pid 52702] [client 20.203.201.174:0] script '/domains/viamonte3/db.php' not found or unable to stat
[Sun Feb 08 02:19:58.088591 2026] [php:error] [pid 52702] [client 20.203.201.174:0] script '/domains/viamonte3/packed.php' not found or unable to stat
[Sun Feb 08 02:19:58.193413 2026] [php:error] [pid 52702] [client 20.203.201.174:0] script '/domains/viamonte3/wp-configs.php' not found or unable to stat
[Sun Feb 08 02:19:58.353027 2026] [php:error] [pid 52702] [client 20.203.201.174:0] script '/domains/viamonte3/404.php' not found or unable to stat
[Sun Feb 08 02:19:58.446944 2026] [php:error] [pid 52702] [client 20.203.201.174:0] script '/domains/viamonte3/des.php' not found or unable to stat
[Sun Feb 08 02:19:58.517661 2026] [php:error] [pid 52695] [client 20.207.198.35:0] script '/domains/pmglobal/2.php' not found or unable to stat
[Sun Feb 08 02:19:58.690433 2026] [php:error] [pid 52702] [client 20.203.201.174:0] script '/domains/viamonte3/lufix.php' not found or unable to stat
[Sun Feb 08 02:19:58.764438 2026] [php:error] [pid 52695] [client 20.207.198.35:0] script '/domains/pmglobal/functions.php' not found or unable to stat
[Sun Feb 08 02:20:00.410624 2026] [php:error] [pid 52695] [client 20.207.198.35:0] script '/domains/pmglobal/aaa.php' not found or unable to stat
[Sun Feb 08 02:20:00.629457 2026] [php:error] [pid 52695] [client 20.207.198.35:0] script '/domains/pmglobal/inputs.php' not found or unable to stat
[Sun Feb 08 02:20:00.856494 2026] [php:error] [pid 52695] [client 20.207.198.35:0] script '/domains/pmglobal/log.php' not found or unable to stat
[Sun Feb 08 02:20:01.298187 2026] [php:error] [pid 52695] [client 20.207.198.35:0] script '/domains/pmglobal/man.php' not found or unable to stat
[Sun Feb 08 02:20:01.543185 2026] [php:error] [pid 52695] [client 20.207.198.35:0] script '/domains/pmglobal/1.php' not found or unable to stat
[Sun Feb 08 02:20:01.759489 2026] [php:error] [pid 52695] [client 20.207.198.35:0] script '/domains/pmglobal/aa.php' not found or unable to stat
[Sun Feb 08 02:20:01.974704 2026] [php:error] [pid 52695] [client 20.207.198.35:0] script '/domains/pmglobal/dropdown.php' not found or unable to stat
[Sun Feb 08 02:20:02.219403 2026] [php:error] [pid 52695] [client 20.207.198.35:0] script '/domains/pmglobal/rtx.php' not found or unable to stat
[Sun Feb 08 02:20:03.614809 2026] [php:error] [pid 52695] [client 20.207.198.35:0] script '/domains/pmglobal/atomlib.php' not found or unable to stat
[Sun Feb 08 02:20:03.823945 2026] [php:error] [pid 52695] [client 20.207.198.35:0] script '/domains/pmglobal/info.php' not found or unable to stat
[Sun Feb 08 02:20:04.045921 2026] [php:error] [pid 52695] [client 20.207.198.35:0] script '/domains/pmglobal/lock360.php' not found or unable to stat
[Sun Feb 08 02:20:04.911202 2026] [php:error] [pid 52695] [client 20.207.198.35:0] script '/domains/pmglobal/vx.php' not found or unable to stat
[Sun Feb 08 02:20:06.468865 2026] [php:error] [pid 52695] [client 20.207.198.35:0] script '/domains/pmglobal/wp-content.php' not found or unable to stat
[Sun Feb 08 02:20:10.715092 2026] [php:error] [pid 52695] [client 20.207.198.35:0] script '/domains/pmglobal/adminfuns.php' not found or unable to stat
[Sun Feb 08 02:20:11.163787 2026] [php:error] [pid 52695] [client 20.207.198.35:0] script '/domains/pmglobal/ahax.php' not found or unable to stat
[Sun Feb 08 02:20:12.008912 2026] [php:error] [pid 52695] [client 20.207.198.35:0] script '/domains/pmglobal/autoload_classmap.php' not found or unable to stat
[Sun Feb 08 02:20:12.454450 2026] [php:error] [pid 52695] [client 20.207.198.35:0] script '/domains/pmglobal/file.php' not found or unable to stat
[Sun Feb 08 02:20:13.130988 2026] [php:error] [pid 52695] [client 20.207.198.35:0] script '/domains/pmglobal/file5.php' not found or unable to stat
[Sun Feb 08 02:20:19.628325 2026] [php:error] [pid 52695] [client 20.207.198.35:0] script '/domains/pmglobal/xmlrpc.php' not found or unable to stat
[Sun Feb 08 02:20:19.848181 2026] [php:error] [pid 52695] [client 20.207.198.35:0] script '/domains/pmglobal/alfa.php' not found or unable to stat
[Sun Feb 08 02:20:20.058649 2026] [php:error] [pid 52695] [client 20.207.198.35:0] script '/domains/pmglobal/as.php' not found or unable to stat
[Sun Feb 08 02:20:20.522297 2026] [php:error] [pid 52695] [client 20.207.198.35:0] script '/domains/pmglobal/class-t.api.php' not found or unable to stat
[Sun Feb 08 02:20:21.310310 2026] [php:error] [pid 52695] [client 20.207.198.35:0] script '/domains/pmglobal/indoxploit.php' not found or unable to stat
[Sun Feb 08 02:20:21.531997 2026] [php:error] [pid 52695] [client 20.207.198.35:0] script '/domains/pmglobal/shell.php' not found or unable to stat
[Sun Feb 08 02:20:21.768762 2026] [php:error] [pid 52695] [client 20.207.198.35:0] script '/domains/pmglobal/system.php' not found or unable to stat
[Sun Feb 08 02:20:22.724046 2026] [php:error] [pid 52695] [client 20.207.198.35:0] script '/domains/pmglobal/wp-admin.php' not found or unable to stat
[Sun Feb 08 02:20:26.947965 2026] [php:error] [pid 52695] [client 20.207.198.35:0] script '/domains/pmglobal/wp-block.php' not found or unable to stat
[Sun Feb 08 02:20:27.929326 2026] [php:error] [pid 52695] [client 20.207.198.35:0] script '/domains/pmglobal/wp-good.php' not found or unable to stat
[Sun Feb 08 02:20:32.902564 2026] [php:error] [pid 52695] [client 20.207.198.35:0] script '/domains/pmglobal/01.php' not found or unable to stat
[Sun Feb 08 02:20:33.460647 2026] [php:error] [pid 52705] [client 20.151.2.11:0] script '/domains/druckrey/grsiuk.php' not found or unable to stat
[Sun Feb 08 02:20:33.481934 2026] [php:error] [pid 52705] [client 20.151.2.11:0] script '/domains/druckrey/fs.php' not found or unable to stat
[Sun Feb 08 02:20:33.503476 2026] [php:error] [pid 52705] [client 20.151.2.11:0] script '/domains/druckrey/;k.php' not found or unable to stat
[Sun Feb 08 02:20:34.030207 2026] [php:error] [pid 52695] [client 20.207.198.35:0] script '/domains/pmglobal/222.php' not found or unable to stat
[Sun Feb 08 02:20:34.797937 2026] [php:error] [pid 52695] [client 20.207.198.35:0] script '/domains/pmglobal/403.php' not found or unable to stat
[Sun Feb 08 02:20:35.661052 2026] [php:error] [pid 52695] [client 20.207.198.35:0] script '/domains/pmglobal/404.php' not found or unable to stat
[Sun Feb 08 02:20:35.879048 2026] [php:error] [pid 52695] [client 20.207.198.35:0] script '/domains/pmglobal/Q.php' not found or unable to stat
[Sun Feb 08 02:20:36.101515 2026] [php:error] [pid 52695] [client 20.207.198.35:0] script '/domains/pmglobal/WSO.php' not found or unable to stat
[Sun Feb 08 02:20:37.144474 2026] [php:error] [pid 52695] [client 20.207.198.35:0] script '/domains/pmglobal/abc.php' not found or unable to stat
[Sun Feb 08 02:20:38.007658 2026] [php:error] [pid 52695] [client 20.207.198.35:0] script '/domains/pmglobal/abcd.php' not found or unable to stat
[Sun Feb 08 02:20:41.469253 2026] [php:error] [pid 52695] [client 20.207.198.35:0] script '/domains/pmglobal/byp.php' not found or unable to stat
[Sun Feb 08 02:20:41.677520 2026] [php:error] [pid 52695] [client 20.207.198.35:0] script '/domains/pmglobal/c.php' not found or unable to stat
[Sun Feb 08 02:20:41.912662 2026] [php:error] [pid 52695] [client 20.207.198.35:0] script '/domains/pmglobal/ca4.php' not found or unable to stat
[Sun Feb 08 02:20:42.577761 2026] [php:error] [pid 52695] [client 20.207.198.35:0] script '/domains/pmglobal/config.php' not found or unable to stat
[Sun Feb 08 02:20:42.791145 2026] [php:error] [pid 52695] [client 20.207.198.35:0] script '/domains/pmglobal/content.php' not found or unable to stat
[Sun Feb 08 02:20:43.018730 2026] [php:error] [pid 52695] [client 20.207.198.35:0] script '/domains/pmglobal/favicon.php' not found or unable to stat
[Sun Feb 08 02:20:43.238822 2026] [php:error] [pid 52695] [client 20.207.198.35:0] script '/domains/pmglobal/file56.php' not found or unable to stat
[Sun Feb 08 02:20:43.449629 2026] [php:error] [pid 52695] [client 20.207.198.35:0] script '/domains/pmglobal/flower.php' not found or unable to stat
[Sun Feb 08 02:20:43.670266 2026] [php:error] [pid 52695] [client 20.207.198.35:0] script '/domains/pmglobal/fw.php' not found or unable to stat
[Sun Feb 08 02:20:43.898863 2026] [php:error] [pid 52695] [client 20.207.198.35:0] script '/domains/pmglobal/gecko-new.php' not found or unable to stat
[Sun Feb 08 02:20:53.932254 2026] [php:error] [pid 52715] [client 20.205.97.28:0] script '/domains/emsco1/rip.php' not found or unable to stat
[Sun Feb 08 02:20:54.131756 2026] [php:error] [pid 52715] [client 20.205.97.28:0] script '/domains/emsco1/ms-edit.php' not found or unable to stat
[Sun Feb 08 02:20:54.331355 2026] [php:error] [pid 52715] [client 20.205.97.28:0] script '/domains/emsco1/about.php' not found or unable to stat
[Sun Feb 08 02:20:54.932642 2026] [php:error] [pid 52715] [client 20.205.97.28:0] script '/domains/emsco1/admin.php' not found or unable to stat
[Sun Feb 08 02:20:55.132217 2026] [php:error] [pid 52715] [client 20.205.97.28:0] script '/domains/emsco1/ioxi-o.php' not found or unable to stat
[Sun Feb 08 02:20:55.535968 2026] [php:error] [pid 52715] [client 20.205.97.28:0] script '/domains/emsco1/adminfuns.php' not found or unable to stat
[Sun Feb 08 02:20:56.143042 2026] [php:error] [pid 52715] [client 20.205.97.28:0] script '/domains/emsco1/goods.php' not found or unable to stat
[Sun Feb 08 02:20:56.344230 2026] [php:error] [pid 52715] [client 20.205.97.28:0] script '/domains/emsco1/sf.php' not found or unable to stat
[Sun Feb 08 02:20:58.144486 2026] [php:error] [pid 52715] [client 20.205.97.28:0] script '/domains/emsco1/222.php' not found or unable to stat
[Sun Feb 08 02:20:58.351509 2026] [php:error] [pid 52715] [client 20.205.97.28:0] script '/domains/emsco1/abcd.php' not found or unable to stat
[Sun Feb 08 02:20:58.552322 2026] [php:error] [pid 52715] [client 20.205.97.28:0] script '/domains/emsco1/class-t.api.php' not found or unable to stat
[Sun Feb 08 02:20:58.752284 2026] [php:error] [pid 52715] [client 20.205.97.28:0] script '/domains/emsco1/classwithtostring.php' not found or unable to stat
[Sun Feb 08 02:20:58.951316 2026] [php:error] [pid 52715] [client 20.205.97.28:0] script '/domains/emsco1/file.php' not found or unable to stat
[Sun Feb 08 02:20:59.151554 2026] [php:error] [pid 52715] [client 20.205.97.28:0] script '/domains/emsco1/info.php' not found or unable to stat
[Sun Feb 08 02:21:00.765215 2026] [php:error] [pid 52715] [client 20.205.97.28:0] script '/domains/emsco1/wp-good.php' not found or unable to stat
[Sun Feb 08 02:22:01.785915 2026] [php:error] [pid 52720] [client 134.185.82.95:0] script '/domains/perless2web/wp-login.php' not found or unable to stat
[Sun Feb 08 02:22:03.444370 2026] [php:error] [pid 52739] [client 134.185.82.95:0] script '/domains/perless2web/wp-login.php' not found or unable to stat
