[Sun Feb 08 00:05:28.640789 2026] [php:error] [pid 23152] [client 4.217.180.34:0] script '/domains/system_default/aboutc.php' not found or unable to stat
[Sun Feb 08 00:05:28.806930 2026] [php:error] [pid 23163] [client 4.188.251.0:0] script '/domains/hpveweb/zrneoofb.php' not found or unable to stat
[Sun Feb 08 00:05:28.819909 2026] [php:error] [pid 23152] [client 4.217.180.34:0] script '/domains/system_default/oo.php' not found or unable to stat
[Sun Feb 08 00:05:29.020772 2026] [php:error] [pid 23163] [client 4.188.251.0:0] script '/domains/hpveweb/fetch.php' not found or unable to stat
[Sun Feb 08 00:05:29.177915 2026] [php:error] [pid 23152] [client 4.217.180.34:0] script '/domains/system_default/okxh.php' not found or unable to stat
[Sun Feb 08 00:05:29.234612 2026] [php:error] [pid 23163] [client 4.188.251.0:0] script '/domains/hpveweb/bolt.php' not found or unable to stat
[Sun Feb 08 00:05:29.356751 2026] [php:error] [pid 23152] [client 4.217.180.34:0] script '/domains/system_default/log.php' not found or unable to stat
[Sun Feb 08 00:05:29.448557 2026] [php:error] [pid 23163] [client 4.188.251.0:0] script '/domains/hpveweb/lbmd5v5t.php' not found or unable to stat
[Sun Feb 08 00:05:29.535385 2026] [php:error] [pid 23152] [client 4.217.180.34:0] script '/domains/system_default/gettest.php' not found or unable to stat
[Sun Feb 08 00:05:29.662579 2026] [php:error] [pid 23163] [client 4.188.251.0:0] script '/domains/hpveweb/lol.php' not found or unable to stat
[Sun Feb 08 00:05:29.714012 2026] [php:error] [pid 23152] [client 4.217.180.34:0] script '/domains/system_default/set.php' not found or unable to stat
[Sun Feb 08 00:05:29.876635 2026] [php:error] [pid 23163] [client 4.188.251.0:0] script '/domains/hpveweb/num.php' not found or unable to stat
[Sun Feb 08 00:05:29.893150 2026] [php:error] [pid 23152] [client 4.217.180.34:0] script '/domains/system_default/ioxi.php' not found or unable to stat
[Sun Feb 08 00:05:30.090396 2026] [php:error] [pid 23163] [client 4.188.251.0:0] script '/domains/hpveweb/gdn.php' not found or unable to stat
[Sun Feb 08 00:05:30.429750 2026] [php:error] [pid 23152] [client 4.217.180.34:0] script '/domains/system_default/living.php' not found or unable to stat
[Sun Feb 08 00:05:30.608353 2026] [php:error] [pid 23152] [client 4.217.180.34:0] script '/domains/system_default/elp.php' not found or unable to stat
[Sun Feb 08 00:05:30.787772 2026] [php:error] [pid 23152] [client 4.217.180.34:0] script '/domains/system_default/dev1s.php' not found or unable to stat
[Sun Feb 08 00:05:30.966544 2026] [php:error] [pid 23152] [client 4.217.180.34:0] script '/domains/system_default/az.php' not found or unable to stat
[Sun Feb 08 00:05:31.146038 2026] [php:error] [pid 23152] [client 4.217.180.34:0] script '/domains/system_default/yaiid.php' not found or unable to stat
[Sun Feb 08 00:05:31.324347 2026] [php:error] [pid 23152] [client 4.217.180.34:0] script '/domains/system_default/siteheads.php' not found or unable to stat
[Sun Feb 08 00:05:31.504276 2026] [php:error] [pid 23152] [client 4.217.180.34:0] script '/domains/system_default/zzxy.php' not found or unable to stat
[Sun Feb 08 00:05:31.683261 2026] [php:error] [pid 23152] [client 4.217.180.34:0] script '/domains/system_default/about.php' not found or unable to stat
[Sun Feb 08 00:05:31.869475 2026] [php:error] [pid 23152] [client 4.217.180.34:0] script '/domains/system_default/revision.php' not found or unable to stat
[Sun Feb 08 00:05:32.048475 2026] [php:error] [pid 23152] [client 4.217.180.34:0] script '/domains/system_default/abcd.php' not found or unable to stat
[Sun Feb 08 00:05:32.227228 2026] [php:error] [pid 23152] [client 4.217.180.34:0] script '/domains/system_default/wp-4doption1.php' not found or unable to stat
[Sun Feb 08 00:05:32.584911 2026] [php:error] [pid 23152] [client 4.217.180.34:0] script '/domains/system_default/kdgok.php' not found or unable to stat
[Sun Feb 08 00:05:32.943496 2026] [php:error] [pid 23167] [client 4.217.180.34:0] script '/domains/system_default/wp-themes.php' not found or unable to stat
[Sun Feb 08 00:05:33.122555 2026] [php:error] [pid 23167] [client 4.217.180.34:0] script '/domains/system_default/backup.php' not found or unable to stat
[Sun Feb 08 00:05:33.484614 2026] [php:error] [pid 23167] [client 4.217.180.34:0] script '/domains/system_default/dropdown.php' not found or unable to stat
[Sun Feb 08 00:05:33.664072 2026] [php:error] [pid 23167] [client 4.217.180.34:0] script '/domains/system_default/sx.php' not found or unable to stat
[Sun Feb 08 00:05:33.843310 2026] [php:error] [pid 23167] [client 4.217.180.34:0] script '/domains/system_default/wp-site.php' not found or unable to stat
[Sun Feb 08 00:05:34.022325 2026] [php:error] [pid 23167] [client 4.217.180.34:0] script '/domains/system_default/fck.php' not found or unable to stat
[Sun Feb 08 00:05:34.201055 2026] [php:error] [pid 23167] [client 4.217.180.34:0] script '/domains/system_default/zr.php' not found or unable to stat
[Sun Feb 08 00:05:34.380120 2026] [php:error] [pid 23167] [client 4.217.180.34:0] script '/domains/system_default/12.php' not found or unable to stat
[Sun Feb 08 00:05:34.559602 2026] [php:error] [pid 23167] [client 4.217.180.34:0] script '/domains/system_default/hilk.php' not found or unable to stat
[Sun Feb 08 00:05:34.738946 2026] [php:error] [pid 23167] [client 4.217.180.34:0] script '/domains/system_default/baixy.php' not found or unable to stat
[Sun Feb 08 00:05:35.096377 2026] [php:error] [pid 23167] [client 4.217.180.34:0] script '/domains/system_default/wen.php' not found or unable to stat
[Sun Feb 08 00:05:35.275896 2026] [php:error] [pid 23167] [client 4.217.180.34:0] script '/domains/system_default/docs.php' not found or unable to stat
[Sun Feb 08 00:05:35.454990 2026] [php:error] [pid 23167] [client 4.217.180.34:0] script '/domains/system_default/000.php' not found or unable to stat
[Sun Feb 08 00:05:35.633915 2026] [php:error] [pid 23167] [client 4.217.180.34:0] script '/domains/system_default/bgymj.php' not found or unable to stat
[Sun Feb 08 00:05:35.813081 2026] [php:error] [pid 23167] [client 4.217.180.34:0] script '/domains/system_default/0x.php' not found or unable to stat
[Sun Feb 08 00:05:35.992220 2026] [php:error] [pid 23167] [client 4.217.180.34:0] script '/domains/system_default/wp-ait.php' not found or unable to stat
[Sun Feb 08 00:05:36.171005 2026] [php:error] [pid 23167] [client 4.217.180.34:0] script '/domains/system_default/test1.php' not found or unable to stat
[Sun Feb 08 00:05:36.349673 2026] [php:error] [pid 23167] [client 4.217.180.34:0] script '/domains/system_default/dex.php' not found or unable to stat
[Sun Feb 08 00:05:36.528539 2026] [php:error] [pid 23167] [client 4.217.180.34:0] script '/domains/system_default/xxm.php' not found or unable to stat
[Sun Feb 08 00:05:36.707269 2026] [php:error] [pid 23167] [client 4.217.180.34:0] script '/domains/system_default/size.php' not found or unable to stat
[Sun Feb 08 00:05:36.886160 2026] [php:error] [pid 23167] [client 4.217.180.34:0] script '/domains/system_default/wb.php' not found or unable to stat
[Sun Feb 08 00:05:37.244633 2026] [php:error] [pid 23167] [client 4.217.180.34:0] script '/domains/system_default/mini.php' not found or unable to stat
[Sun Feb 08 00:05:37.423469 2026] [php:error] [pid 23167] [client 4.217.180.34:0] script '/domains/system_default/v2.php' not found or unable to stat
[Sun Feb 08 00:05:37.785151 2026] [php:error] [pid 23167] [client 4.217.180.34:0] script '/domains/system_default/img.php' not found or unable to stat
[Sun Feb 08 00:05:37.963736 2026] [php:error] [pid 23167] [client 4.217.180.34:0] script '/domains/system_default/yifsx.php' not found or unable to stat
[Sun Feb 08 00:05:38.142347 2026] [php:error] [pid 23167] [client 4.217.180.34:0] script '/domains/system_default/sym403.php' not found or unable to stat
[Sun Feb 08 00:05:38.320932 2026] [php:error] [pid 23167] [client 4.217.180.34:0] script '/domains/system_default/ans.php' not found or unable to stat
[Sun Feb 08 00:05:38.499382 2026] [php:error] [pid 23167] [client 4.217.180.34:0] script '/domains/system_default/classwithtostring.php' not found or unable to stat
[Sun Feb 08 00:05:38.677948 2026] [php:error] [pid 23167] [client 4.217.180.34:0] script '/domains/system_default/cong.php' not found or unable to stat
[Sun Feb 08 00:05:38.856969 2026] [php:error] [pid 23167] [client 4.217.180.34:0] script '/domains/system_default/zoo.php' not found or unable to stat
[Sun Feb 08 00:05:39.035766 2026] [php:error] [pid 23167] [client 4.217.180.34:0] script '/domains/system_default/rum.php' not found or unable to stat
[Sun Feb 08 00:05:39.393722 2026] [php:error] [pid 23167] [client 4.217.180.34:0] script '/domains/system_default/zwso.php' not found or unable to stat
[Sun Feb 08 00:05:39.572262 2026] [php:error] [pid 23167] [client 4.217.180.34:0] script '/domains/system_default/yr.PHP' not found or unable to stat
[Sun Feb 08 00:05:39.751046 2026] [php:error] [pid 23167] [client 4.217.180.34:0] script '/domains/system_default/8xyz.php' not found or unable to stat
[Sun Feb 08 00:05:40.287470 2026] [php:error] [pid 23167] [client 4.217.180.34:0] script '/domains/system_default/styles.php' not found or unable to stat
[Sun Feb 08 00:05:40.466367 2026] [php:error] [pid 23167] [client 4.217.180.34:0] script '/domains/system_default/aq.php' not found or unable to stat
[Sun Feb 08 00:05:40.645640 2026] [php:error] [pid 23167] [client 4.217.180.34:0] script '/domains/system_default/lock2.php' not found or unable to stat
[Sun Feb 08 00:05:40.824699 2026] [php:error] [pid 23167] [client 4.217.180.34:0] script '/domains/system_default/menu.php' not found or unable to stat
[Sun Feb 08 00:05:41.003716 2026] [php:error] [pid 23167] [client 4.217.180.34:0] script '/domains/system_default/vx.php' not found or unable to stat
[Sun Feb 08 00:05:41.183576 2026] [php:error] [pid 23167] [client 4.217.180.34:0] script '/domains/system_default/tmpls.php' not found or unable to stat
[Sun Feb 08 00:05:41.362532 2026] [php:error] [pid 23167] [client 4.217.180.34:0] script '/domains/system_default/xx.php' not found or unable to stat
[Sun Feb 08 00:05:41.541323 2026] [php:error] [pid 23167] [client 4.217.180.34:0] script '/domains/system_default/ran.php' not found or unable to stat
[Sun Feb 08 00:05:41.719995 2026] [php:error] [pid 23167] [client 4.217.180.34:0] script '/domains/system_default/priv.php' not found or unable to stat
[Sun Feb 08 00:05:41.898500 2026] [php:error] [pid 23167] [client 4.217.180.34:0] script '/domains/system_default/autoload_classmap.php' not found or unable to stat
[Sun Feb 08 00:05:42.077492 2026] [php:error] [pid 23167] [client 4.217.180.34:0] script '/domains/system_default/sim.php' not found or unable to stat
[Sun Feb 08 00:06:16.256529 2026] [php:error] [pid 23164] [client 20.220.144.75:0] script '/domains/hans.interport/dialog.php' not found or unable to stat
[Sun Feb 08 00:06:16.293328 2026] [php:error] [pid 23164] [client 20.220.144.75:0] script '/domains/hans.interport/as.php' not found or unable to stat
[Sun Feb 08 00:06:16.320911 2026] [php:error] [pid 23164] [client 20.220.144.75:0] script '/domains/hans.interport/twenty.php' not found or unable to stat
[Sun Feb 08 00:06:16.346323 2026] [php:error] [pid 23164] [client 20.220.144.75:0] script '/domains/hans.interport/mah.php' not found or unable to stat
[Sun Feb 08 00:06:16.441735 2026] [php:error] [pid 23164] [client 20.220.144.75:0] script '/domains/hans.interport/configs.php' not found or unable to stat
[Sun Feb 08 00:06:16.566766 2026] [php:error] [pid 23164] [client 20.220.144.75:0] script '/domains/hans.interport/alfa1.php' not found or unable to stat
[Sun Feb 08 00:06:16.590760 2026] [php:error] [pid 23164] [client 20.220.144.75:0] script '/domains/hans.interport/atomlib.php' not found or unable to stat
[Sun Feb 08 00:06:16.620173 2026] [php:error] [pid 23164] [client 20.220.144.75:0] script '/domains/hans.interport/function.php' not found or unable to stat
[Sun Feb 08 00:06:16.644792 2026] [php:error] [pid 23164] [client 20.220.144.75:0] script '/domains/hans.interport/sx.php' not found or unable to stat
[Sun Feb 08 00:06:16.686300 2026] [php:error] [pid 23164] [client 20.220.144.75:0] script '/domains/hans.interport/network.php' not found or unable to stat
[Sun Feb 08 00:06:16.756293 2026] [php:error] [pid 23164] [client 20.220.144.75:0] script '/domains/hans.interport/cloud.php' not found or unable to stat
[Sun Feb 08 00:06:16.794894 2026] [php:error] [pid 23164] [client 20.220.144.75:0] script '/domains/hans.interport/file7.php' not found or unable to stat
[Sun Feb 08 00:06:16.834698 2026] [php:error] [pid 23164] [client 20.220.144.75:0] script '/domains/hans.interport/makeasmtp.php' not found or unable to stat
[Sun Feb 08 00:06:16.879235 2026] [php:error] [pid 23164] [client 20.220.144.75:0] script '/domains/hans.interport/plugin.php' not found or unable to stat
[Sun Feb 08 00:06:16.903341 2026] [php:error] [pid 23164] [client 20.220.144.75:0] script '/domains/hans.interport/ws.php.php' not found or unable to stat
[Sun Feb 08 00:06:17.002307 2026] [php:error] [pid 23164] [client 20.220.144.75:0] script '/domains/hans.interport/cc.php' not found or unable to stat
[Sun Feb 08 00:06:17.042590 2026] [php:error] [pid 23164] [client 20.220.144.75:0] script '/domains/hans.interport/db.php' not found or unable to stat
[Sun Feb 08 00:06:17.066420 2026] [php:error] [pid 23164] [client 20.220.144.75:0] script '/domains/hans.interport/edit.php' not found or unable to stat
[Sun Feb 08 00:06:17.103575 2026] [php:error] [pid 23164] [client 20.220.144.75:0] script '/domains/hans.interport/fosil.php' not found or unable to stat
[Sun Feb 08 00:06:17.127808 2026] [php:error] [pid 23164] [client 20.220.144.75:0] script '/domains/hans.interport/content.php' not found or unable to stat
[Sun Feb 08 00:06:17.227625 2026] [php:error] [pid 23164] [client 20.220.144.75:0] script '/domains/hans.interport/k.php' not found or unable to stat
[Sun Feb 08 00:06:17.252666 2026] [php:error] [pid 23164] [client 20.220.144.75:0] script '/domains/hans.interport/abouts.php' not found or unable to stat
[Sun Feb 08 00:06:17.279495 2026] [php:error] [pid 23164] [client 20.220.144.75:0] script '/domains/hans.interport/1.php' not found or unable to stat
[Sun Feb 08 00:06:17.304245 2026] [php:error] [pid 23164] [client 20.220.144.75:0] script '/domains/hans.interport/moon.php' not found or unable to stat
[Sun Feb 08 00:06:17.328107 2026] [php:error] [pid 23164] [client 20.220.144.75:0] script '/domains/hans.interport/issue.php' not found or unable to stat
[Sun Feb 08 00:06:17.421004 2026] [php:error] [pid 23164] [client 20.220.144.75:0] script '/domains/hans.interport/log.php' not found or unable to stat
[Sun Feb 08 00:06:17.619870 2026] [php:error] [pid 23164] [client 20.220.144.75:0] script '/domains/hans.interport/text.php' not found or unable to stat
[Sun Feb 08 00:06:17.664286 2026] [php:error] [pid 23164] [client 20.220.144.75:0] script '/domains/hans.interport/system_log.php' not found or unable to stat
[Sun Feb 08 00:06:17.688204 2026] [php:error] [pid 23164] [client 20.220.144.75:0] script '/domains/hans.interport/tinyfilemanager.php' not found or unable to stat
[Sun Feb 08 00:06:17.786914 2026] [php:error] [pid 23164] [client 20.220.144.75:0] script '/domains/hans.interport/file13.php' not found or unable to stat
[Sun Feb 08 00:06:17.915447 2026] [php:error] [pid 23164] [client 20.220.144.75:0] script '/domains/hans.interport/wp-activate.php' not found or unable to stat
[Sun Feb 08 00:06:17.943348 2026] [php:error] [pid 23164] [client 20.220.144.75:0] script '/domains/hans.interport/Xleet.php' not found or unable to stat
[Sun Feb 08 00:06:17.967598 2026] [php:error] [pid 23164] [client 20.220.144.75:0] script '/domains/hans.interport/f.php' not found or unable to stat
[Sun Feb 08 00:06:17.991490 2026] [php:error] [pid 23164] [client 20.220.144.75:0] script '/domains/hans.interport/wp-class.php' not found or unable to stat
[Sun Feb 08 00:06:18.016842 2026] [php:error] [pid 23164] [client 20.220.144.75:0] script '/domains/hans.interport/json.php' not found or unable to stat
[Sun Feb 08 00:06:18.046579 2026] [php:error] [pid 23164] [client 20.220.144.75:0] script '/domains/hans.interport/rk2.php' not found or unable to stat
[Sun Feb 08 00:06:18.070625 2026] [php:error] [pid 23164] [client 20.220.144.75:0] script '/domains/hans.interport/wp-2019.php' not found or unable to stat
[Sun Feb 08 00:06:18.096358 2026] [php:error] [pid 23164] [client 20.220.144.75:0] script '/domains/hans.interport/click.php' not found or unable to stat
[Sun Feb 08 00:06:18.139416 2026] [php:error] [pid 23164] [client 20.220.144.75:0] script '/domains/hans.interport/simple.php' not found or unable to stat
[Sun Feb 08 00:06:18.167170 2026] [php:error] [pid 23164] [client 20.220.144.75:0] script '/domains/hans.interport/wp-mail.php' not found or unable to stat
[Sun Feb 08 00:06:18.191485 2026] [php:error] [pid 23164] [client 20.220.144.75:0] script '/domains/hans.interport/wsoyanz1.php' not found or unable to stat
[Sun Feb 08 00:06:18.216221 2026] [php:error] [pid 23164] [client 20.220.144.75:0] script '/domains/hans.interport/file6.php' not found or unable to stat
[Sun Feb 08 00:06:18.241105 2026] [php:error] [pid 23164] [client 20.220.144.75:0] script '/domains/hans.interport/file8.php' not found or unable to stat
[Sun Feb 08 00:06:18.470333 2026] [php:error] [pid 23164] [client 20.220.144.75:0] script '/domains/hans.interport/system.php' not found or unable to stat
[Sun Feb 08 00:06:18.600120 2026] [php:error] [pid 23164] [client 20.220.144.75:0] script '/domains/hans.interport/dropdown.php' not found or unable to stat
[Sun Feb 08 00:06:18.666674 2026] [php:error] [pid 23164] [client 20.220.144.75:0] script '/domains/hans.interport/plugins.php' not found or unable to stat
[Sun Feb 08 00:06:18.703179 2026] [php:error] [pid 23164] [client 20.220.144.75:0] script '/domains/hans.interport/goat1.php' not found or unable to stat
[Sun Feb 08 00:06:18.839797 2026] [php:error] [pid 23164] [client 20.220.144.75:0] script '/domains/hans.interport/mar.php' not found or unable to stat
[Sun Feb 08 00:06:18.877590 2026] [php:error] [pid 23164] [client 20.220.144.75:0] script '/domains/hans.interport/wp-trackback.php' not found or unable to stat
[Sun Feb 08 00:06:18.903944 2026] [php:error] [pid 23164] [client 20.220.144.75:0] script '/domains/hans.interport/item.php' not found or unable to stat
[Sun Feb 08 00:06:19.076340 2026] [php:error] [pid 23164] [client 20.220.144.75:0] script '/domains/hans.interport/verify.php' not found or unable to stat
[Sun Feb 08 00:06:19.150071 2026] [php:error] [pid 23164] [client 20.220.144.75:0] script '/domains/hans.interport/maint.php' not found or unable to stat
[Sun Feb 08 00:06:19.319650 2026] [php:error] [pid 23164] [client 20.220.144.75:0] script '/domains/hans.interport/file.php' not found or unable to stat
[Sun Feb 08 00:06:19.344376 2026] [php:error] [pid 23164] [client 20.220.144.75:0] script '/domains/hans.interport/wp-configss.php' not found or unable to stat
[Sun Feb 08 00:06:19.454432 2026] [php:error] [pid 23164] [client 20.220.144.75:0] script '/domains/hans.interport/Mhbgf.php' not found or unable to stat
[Sun Feb 08 00:06:19.623286 2026] [php:error] [pid 23164] [client 20.220.144.75:0] script '/domains/hans.interport/w.php' not found or unable to stat
[Sun Feb 08 00:06:19.652097 2026] [php:error] [pid 23164] [client 20.220.144.75:0] script '/domains/hans.interport/admin2.php' not found or unable to stat
[Sun Feb 08 00:06:19.676142 2026] [php:error] [pid 23164] [client 20.220.144.75:0] script '/domains/hans.interport/about.php' not found or unable to stat
[Sun Feb 08 00:06:19.700140 2026] [php:error] [pid 23164] [client 20.220.144.75:0] script '/domains/hans.interport/berlin.php' not found or unable to stat
[Sun Feb 08 00:06:19.825492 2026] [php:error] [pid 23164] [client 20.220.144.75:0] script '/domains/hans.interport/wp-blog-header.php' not found or unable to stat
[Sun Feb 08 00:06:19.849348 2026] [php:error] [pid 23164] [client 20.220.144.75:0] script '/domains/hans.interport/updates.php' not found or unable to stat
[Sun Feb 08 00:06:19.916479 2026] [php:error] [pid 23164] [client 20.220.144.75:0] script '/domains/hans.interport/goat.php' not found or unable to stat
[Sun Feb 08 00:06:19.941525 2026] [php:error] [pid 23164] [client 20.220.144.75:0] script '/domains/hans.interport/vuln.php' not found or unable to stat
[Sun Feb 08 00:06:20.016593 2026] [php:error] [pid 23164] [client 20.220.144.75:0] script '/domains/hans.interport/upgrade.php' not found or unable to stat
[Sun Feb 08 00:06:20.185352 2026] [php:error] [pid 23164] [client 20.220.144.75:0] script '/domains/hans.interport/info.php' not found or unable to stat
[Sun Feb 08 00:06:20.300220 2026] [php:error] [pid 23164] [client 20.220.144.75:0] script '/domains/hans.interport/elFinderConnector.class.php' not found or unable to stat
[Sun Feb 08 00:06:20.333379 2026] [php:error] [pid 23164] [client 20.220.144.75:0] script '/domains/hans.interport/a.php' not found or unable to stat
[Sun Feb 08 00:06:20.357606 2026] [php:error] [pid 23164] [client 20.220.144.75:0] script '/domains/hans.interport/autoload_classmap.php' not found or unable to stat
[Sun Feb 08 00:06:20.425088 2026] [php:error] [pid 23164] [client 20.220.144.75:0] script '/domains/hans.interport/up.php' not found or unable to stat
[Sun Feb 08 00:06:20.449442 2026] [php:error] [pid 23164] [client 20.220.144.75:0] script '/domains/hans.interport/wp-files.php' not found or unable to stat
[Sun Feb 08 00:06:20.474020 2026] [php:error] [pid 23164] [client 20.220.144.75:0] script '/domains/hans.interport/filemanager.php' not found or unable to stat
[Sun Feb 08 00:06:20.498565 2026] [php:error] [pid 23164] [client 20.220.144.75:0] script '/domains/hans.interport/c.php' not found or unable to stat
[Sun Feb 08 00:06:22.659968 2026] [php:error] [pid 23118] [client 34.96.162.58:0] script '/domains/covertcomic/unzipper.php' not found or unable to stat
[Sun Feb 08 00:06:32.017879 2026] [php:error] [pid 23165] [client 34.96.162.59:0] script '/domains/covertcomic/adminer-5.1.1.php' not found or unable to stat
[Sun Feb 08 00:06:38.759697 2026] [php:error] [pid 23167] [client 34.96.162.61:0] script '/domains/covertcomic/adminer-5.0.3.php' not found or unable to stat
[Sun Feb 08 00:06:55.478588 2026] [php:error] [pid 23173] [client 20.215.184.141:0] script '/domains/king1969/grsiuk.php' not found or unable to stat
[Sun Feb 08 00:06:55.581132 2026] [php:error] [pid 23173] [client 20.215.184.141:0] script '/domains/king1969/fs.php' not found or unable to stat
[Sun Feb 08 00:06:55.682876 2026] [php:error] [pid 23173] [client 20.215.184.141:0] script '/domains/king1969/;k.php' not found or unable to stat
[Sun Feb 08 00:07:01.862870 2026] [php:error] [pid 23164] [client 51.120.74.232:0] script '/domains/system_default/grsiuk.php' not found or unable to stat
[Sun Feb 08 00:07:01.957857 2026] [php:error] [pid 23164] [client 51.120.74.232:0] script '/domains/system_default/fs.php' not found or unable to stat
[Sun Feb 08 00:07:02.052567 2026] [php:error] [pid 23164] [client 51.120.74.232:0] script '/domains/system_default/;k.php' not found or unable to stat
[Sun Feb 08 00:07:27.944721 2026] [php:error] [pid 23173] [client 20.219.6.212:0] script '/domains/astrosfm/about.php' not found or unable to stat
[Sun Feb 08 00:07:28.412141 2026] [php:error] [pid 23173] [client 20.219.6.212:0] script '/domains/astrosfm/system.php' not found or unable to stat
[Sun Feb 08 00:07:28.643286 2026] [php:error] [pid 23173] [client 20.219.6.212:0] script '/domains/astrosfm/ini.php' not found or unable to stat
[Sun Feb 08 00:07:29.803137 2026] [php:error] [pid 23170] [client 20.219.6.212:0] script '/domains/astrosfm/content.php' not found or unable to stat
[Sun Feb 08 00:07:30.287067 2026] [php:error] [pid 23170] [client 20.219.6.212:0] script '/domains/astrosfm/elp.php' not found or unable to stat
[Sun Feb 08 00:07:30.490312 2026] [php:error] [pid 23170] [client 20.219.6.212:0] script '/domains/astrosfm/FII.php' not found or unable to stat
[Sun Feb 08 00:07:31.120284 2026] [php:error] [pid 23170] [client 20.219.6.212:0] script '/domains/astrosfm/bolt.php' not found or unable to stat
[Sun Feb 08 00:07:31.322906 2026] [php:error] [pid 23170] [client 20.219.6.212:0] script '/domains/astrosfm/api.php' not found or unable to stat
[Sun Feb 08 00:07:32.009638 2026] [php:error] [pid 23170] [client 20.219.6.212:0] script '/domains/astrosfm/mini.php' not found or unable to stat
[Sun Feb 08 00:07:32.668613 2026] [php:error] [pid 23170] [client 20.219.6.212:0] script '/domains/astrosfm/dropdown.php' not found or unable to stat
[Sun Feb 08 00:07:33.433906 2026] [php:error] [pid 23170] [client 20.219.6.212:0] script '/domains/astrosfm/wp-file.php' not found or unable to stat
[Sun Feb 08 00:07:33.836952 2026] [php:error] [pid 23170] [client 20.219.6.212:0] script '/domains/astrosfm/alfa-rex.php' not found or unable to stat
[Sun Feb 08 00:07:35.838105 2026] [php:error] [pid 23170] [client 20.219.6.212:0] script '/domains/astrosfm/abcd.php' not found or unable to stat
[Sun Feb 08 00:07:36.279035 2026] [php:error] [pid 23170] [client 20.219.6.212:0] script '/domains/astrosfm/lib.php' not found or unable to stat
[Sun Feb 08 00:07:37.570863 2026] [php:error] [pid 23170] [client 20.219.6.212:0] script '/domains/astrosfm/shell.php' not found or unable to stat
[Sun Feb 08 00:07:37.973304 2026] [php:error] [pid 23170] [client 20.219.6.212:0] script '/domains/astrosfm/ds.php' not found or unable to stat
[Sun Feb 08 00:07:38.200775 2026] [php:error] [pid 23170] [client 20.219.6.212:0] script '/domains/astrosfm/makeasmtp.php' not found or unable to stat
[Sun Feb 08 00:07:39.098988 2026] [php:error] [pid 23177] [client 20.219.6.212:0] script '/domains/astrosfm/buy.php' not found or unable to stat
[Sun Feb 08 00:07:40.177520 2026] [php:error] [pid 23177] [client 20.219.6.212:0] script '/domains/astrosfm/theme.php' not found or unable to stat
[Sun Feb 08 00:07:40.422861 2026] [php:error] [pid 23177] [client 20.219.6.212:0] script '/domains/astrosfm/chosen.php' not found or unable to stat
[Sun Feb 08 00:07:40.866051 2026] [php:error] [pid 23177] [client 20.219.6.212:0] script '/domains/astrosfm/st.php' not found or unable to stat
[Sun Feb 08 00:07:41.076757 2026] [php:error] [pid 23177] [client 20.219.6.212:0] script '/domains/astrosfm/inputs.php' not found or unable to stat
[Sun Feb 08 00:07:42.099835 2026] [php:error] [pid 23177] [client 20.219.6.212:0] script '/domains/astrosfm/aaa.php' not found or unable to stat
[Sun Feb 08 00:07:42.336819 2026] [php:error] [pid 23177] [client 20.219.6.212:0] script '/domains/astrosfm/wp-login.php' not found or unable to stat
[Sun Feb 08 00:07:43.188082 2026] [php:error] [pid 23177] [client 20.219.6.212:0] script '/domains/astrosfm/wp-signup.php' not found or unable to stat
[Sun Feb 08 00:07:43.390403 2026] [php:error] [pid 23177] [client 20.219.6.212:0] script '/domains/astrosfm/core.php' not found or unable to stat
[Sun Feb 08 00:07:43.592585 2026] [php:error] [pid 23177] [client 20.219.6.212:0] script '/domains/astrosfm/403.php' not found or unable to stat
[Sun Feb 08 00:07:44.078365 2026] [php:error] [pid 23177] [client 20.219.6.212:0] script '/domains/astrosfm/new4.php' not found or unable to stat
[Sun Feb 08 00:07:44.377500 2026] [php:error] [pid 23177] [client 20.219.6.212:0] script '/domains/astrosfm/adminfuns.php' not found or unable to stat
[Sun Feb 08 00:07:44.591473 2026] [php:error] [pid 23177] [client 20.219.6.212:0] script '/domains/astrosfm/radio.php' not found or unable to stat
[Sun Feb 08 00:07:45.970616 2026] [php:error] [pid 23177] [client 20.219.6.212:0] script '/domains/astrosfm/mah.php' not found or unable to stat
[Sun Feb 08 00:07:46.830062 2026] [php:error] [pid 23177] [client 20.219.6.212:0] script '/domains/astrosfm/sim.php' not found or unable to stat
[Sun Feb 08 00:07:47.303049 2026] [php:error] [pid 23177] [client 20.219.6.212:0] script '/domains/astrosfm/error.php' not found or unable to stat
[Sun Feb 08 00:07:47.774931 2026] [php:error] [pid 23177] [client 20.219.6.212:0] script '/domains/astrosfm/cong.php' not found or unable to stat
[Sun Feb 08 00:07:49.094621 2026] [php:error] [pid 23177] [client 20.219.6.212:0] script '/domains/astrosfm/kyami.php' not found or unable to stat
[Sun Feb 08 00:07:49.740212 2026] [php:error] [pid 23177] [client 20.219.6.212:0] script '/domains/astrosfm/1.php' not found or unable to stat
[Sun Feb 08 00:07:50.633133 2026] [php:error] [pid 23177] [client 20.219.6.212:0] script '/domains/astrosfm/gecko-new.php' not found or unable to stat
[Sun Feb 08 00:07:51.608291 2026] [php:error] [pid 23177] [client 20.219.6.212:0] script '/domains/astrosfm/wp-blog-header.php' not found or unable to stat
[Sun Feb 08 00:07:52.047352 2026] [php:error] [pid 23177] [client 20.219.6.212:0] script '/domains/astrosfm/item.php' not found or unable to stat
[Sun Feb 08 00:07:52.249310 2026] [php:error] [pid 23177] [client 20.219.6.212:0] script '/domains/astrosfm/xmrlpc.php' not found or unable to stat
[Sun Feb 08 00:07:52.496707 2026] [php:error] [pid 23177] [client 20.219.6.212:0] script '/domains/astrosfm/config.php' not found or unable to stat
[Sun Feb 08 00:07:52.699014 2026] [php:error] [pid 23177] [client 20.219.6.212:0] script '/domains/astrosfm/cc.php' not found or unable to stat
[Sun Feb 08 00:07:53.612000 2026] [php:error] [pid 23177] [client 20.219.6.212:0] script '/domains/astrosfm/wp-conflg.php' not found or unable to stat
[Sun Feb 08 00:07:53.896486 2026] [php:error] [pid 23177] [client 20.219.6.212:0] script '/domains/astrosfm/themes.php' not found or unable to stat
[Sun Feb 08 00:07:54.098209 2026] [php:error] [pid 23177] [client 20.219.6.212:0] script '/domains/astrosfm/hplfuns.php' not found or unable to stat
[Sun Feb 08 00:07:54.704670 2026] [php:error] [pid 23177] [client 20.219.6.212:0] script '/domains/astrosfm/admin.php' not found or unable to stat
[Sun Feb 08 00:07:54.906466 2026] [php:error] [pid 23177] [client 20.219.6.212:0] script '/domains/astrosfm/alfa.php' not found or unable to stat
[Sun Feb 08 00:07:55.391531 2026] [php:error] [pid 23177] [client 20.219.6.212:0] script '/domains/astrosfm/wp-2019.php' not found or unable to stat
[Sun Feb 08 00:07:56.045206 2026] [php:error] [pid 23177] [client 20.219.6.212:0] script '/domains/astrosfm/akcc.php' not found or unable to stat
[Sun Feb 08 00:07:56.270534 2026] [php:error] [pid 23177] [client 20.219.6.212:0] script '/domains/astrosfm/404.php' not found or unable to stat
[Sun Feb 08 00:07:56.761454 2026] [php:error] [pid 23177] [client 20.219.6.212:0] script '/domains/astrosfm/wp-corn-sample.php' not found or unable to stat
[Sun Feb 08 00:07:57.172303 2026] [php:error] [pid 23177] [client 20.219.6.212:0] script '/domains/astrosfm/classwithtostring.php' not found or unable to stat
[Sun Feb 08 00:07:57.388003 2026] [php:error] [pid 23177] [client 20.219.6.212:0] script '/domains/astrosfm/ab.php' not found or unable to stat
[Sun Feb 08 00:07:58.301726 2026] [php:error] [pid 23177] [client 20.219.6.212:0] script '/domains/astrosfm/asasx.php' not found or unable to stat
[Sun Feb 08 00:07:59.989200 2026] [php:error] [pid 23177] [client 20.219.6.212:0] script '/domains/astrosfm/fox.php' not found or unable to stat
[Sun Feb 08 00:08:00.356898 2026] [php:error] [pid 23180] [client 23.100.100.51:0] script '/domains/gohover/about.php' not found or unable to stat
[Sun Feb 08 00:08:00.601012 2026] [php:error] [pid 23177] [client 20.219.6.212:0] script '/domains/astrosfm/moon.php' not found or unable to stat
[Sun Feb 08 00:08:00.717886 2026] [php:error] [pid 23180] [client 23.100.100.51:0] script '/domains/gohover/system.php' not found or unable to stat
[Sun Feb 08 00:08:00.889239 2026] [php:error] [pid 23177] [client 20.219.6.212:0] script '/domains/astrosfm/mar.php' not found or unable to stat
[Sun Feb 08 00:08:00.945438 2026] [php:error] [pid 23180] [client 23.100.100.51:0] script '/domains/gohover/ini.php' not found or unable to stat
[Sun Feb 08 00:08:02.699520 2026] [php:error] [pid 23180] [client 23.100.100.51:0] script '/domains/gohover/content.php' not found or unable to stat
[Sun Feb 08 00:08:03.059508 2026] [php:error] [pid 23180] [client 23.100.100.51:0] script '/domains/gohover/elp.php' not found or unable to stat
[Sun Feb 08 00:08:03.217223 2026] [php:error] [pid 23180] [client 23.100.100.51:0] script '/domains/gohover/FII.php' not found or unable to stat
[Sun Feb 08 00:08:03.689892 2026] [php:error] [pid 23180] [client 23.100.100.51:0] script '/domains/gohover/bolt.php' not found or unable to stat
[Sun Feb 08 00:08:03.960436 2026] [php:error] [pid 23180] [client 23.100.100.51:0] script '/domains/gohover/api.php' not found or unable to stat
[Sun Feb 08 00:08:04.253798 2026] [php:error] [pid 23177] [client 20.219.6.212:0] script '/domains/astrosfm/install.php' not found or unable to stat
[Sun Feb 08 00:08:04.305366 2026] [php:error] [pid 23180] [client 23.100.100.51:0] script '/domains/gohover/mini.php' not found or unable to stat
[Sun Feb 08 00:08:04.475654 2026] [php:error] [pid 23177] [client 20.219.6.212:0] script '/domains/astrosfm/menu.php' not found or unable to stat
[Sun Feb 08 00:08:04.698698 2026] [php:error] [pid 23180] [client 23.100.100.51:0] script '/domains/gohover/dropdown.php' not found or unable to stat
[Sun Feb 08 00:08:05.360334 2026] [php:error] [pid 23180] [client 23.100.100.51:0] script '/domains/gohover/wp-file.php' not found or unable to stat
[Sun Feb 08 00:08:05.725271 2026] [php:error] [pid 23180] [client 23.100.100.51:0] script '/domains/gohover/alfa-rex.php' not found or unable to stat
[Sun Feb 08 00:08:07.253320 2026] [php:error] [pid 23180] [client 23.100.100.51:0] script '/domains/gohover/abcd.php' not found or unable to stat
[Sun Feb 08 00:08:07.660662 2026] [php:error] [pid 23180] [client 23.100.100.51:0] script '/domains/gohover/lib.php' not found or unable to stat
[Sun Feb 08 00:08:07.948274 2026] [php:error] [pid 23182] [client 20.219.6.212:0] script '/domains/astrosfm/defaults.php' not found or unable to stat
[Sun Feb 08 00:08:08.614043 2026] [php:error] [pid 23182] [client 20.219.6.212:0] script '/domains/astrosfm/css.php' not found or unable to stat
[Sun Feb 08 00:08:08.802573 2026] [php:error] [pid 23180] [client 23.100.100.51:0] script '/domains/gohover/shell.php' not found or unable to stat
[Sun Feb 08 00:08:09.018309 2026] [php:error] [pid 23182] [client 20.219.6.212:0] script '/domains/astrosfm/wp-links-opml.php' not found or unable to stat
[Sun Feb 08 00:08:09.165049 2026] [php:error] [pid 23180] [client 23.100.100.51:0] script '/domains/gohover/ds.php' not found or unable to stat
[Sun Feb 08 00:08:09.350537 2026] [php:error] [pid 23180] [client 23.100.100.51:0] script '/domains/gohover/makeasmtp.php' not found or unable to stat
[Sun Feb 08 00:08:10.164944 2026] [php:error] [pid 23176] [client 23.100.100.51:0] script '/domains/gohover/buy.php' not found or unable to stat
[Sun Feb 08 00:08:10.258211 2026] [php:error] [pid 23182] [client 20.219.6.212:0] script '/domains/astrosfm/123.php' not found or unable to stat
[Sun Feb 08 00:08:10.457893 2026] [php:error] [pid 23182] [client 20.219.6.212:0] script '/domains/astrosfm/log.php' not found or unable to stat
[Sun Feb 08 00:08:10.735513 2026] [php:error] [pid 23167] [client 35.247.243.253:0] script '/domains/covertcomic/adminer-5.2.0.php' not found or unable to stat
[Sun Feb 08 00:08:10.986399 2026] [php:error] [pid 23176] [client 23.100.100.51:0] script '/domains/gohover/theme.php' not found or unable to stat
[Sun Feb 08 00:08:11.177571 2026] [php:error] [pid 23176] [client 23.100.100.51:0] script '/domains/gohover/chosen.php' not found or unable to stat
[Sun Feb 08 00:08:11.491730 2026] [php:error] [pid 23176] [client 23.100.100.51:0] script '/domains/gohover/st.php' not found or unable to stat
[Sun Feb 08 00:08:11.649611 2026] [php:error] [pid 23176] [client 23.100.100.51:0] script '/domains/gohover/inputs.php' not found or unable to stat
[Sun Feb 08 00:08:11.678490 2026] [php:error] [pid 23182] [client 20.219.6.212:0] script '/domains/astrosfm/as.php' not found or unable to stat
[Sun Feb 08 00:08:12.137859 2026] [php:error] [pid 23176] [client 23.100.100.51:0] script '/domains/gohover/aaa.php' not found or unable to stat
[Sun Feb 08 00:08:12.324907 2026] [php:error] [pid 23182] [client 20.219.6.212:0] script '/domains/astrosfm/style.php' not found or unable to stat
[Sun Feb 08 00:08:12.342534 2026] [php:error] [pid 23176] [client 23.100.100.51:0] script '/domains/gohover/wp-login.php' not found or unable to stat
[Sun Feb 08 00:08:12.526174 2026] [php:error] [pid 23182] [client 20.219.6.212:0] script '/domains/astrosfm/aa.php' not found or unable to stat
[Sun Feb 08 00:08:12.726423 2026] [php:error] [pid 23182] [client 20.219.6.212:0] script '/domains/astrosfm/hehehehe.php' not found or unable to stat
[Sun Feb 08 00:08:13.000324 2026] [php:error] [pid 23182] [client 20.219.6.212:0] script '/domains/astrosfm/x.php' not found or unable to stat
[Sun Feb 08 00:08:13.200128 2026] [php:error] [pid 23182] [client 20.219.6.212:0] script '/domains/astrosfm/wp-links.php' not found or unable to stat
[Sun Feb 08 00:08:13.320166 2026] [php:error] [pid 23176] [client 23.100.100.51:0] script '/domains/gohover/wp-signup.php' not found or unable to stat
[Sun Feb 08 00:08:13.479247 2026] [php:error] [pid 23176] [client 23.100.100.51:0] script '/domains/gohover/core.php' not found or unable to stat
[Sun Feb 08 00:08:13.636856 2026] [php:error] [pid 23176] [client 23.100.100.51:0] script '/domains/gohover/403.php' not found or unable to stat
[Sun Feb 08 00:08:13.997385 2026] [php:error] [pid 23176] [client 23.100.100.51:0] script '/domains/gohover/new4.php' not found or unable to stat
[Sun Feb 08 00:08:14.014271 2026] [php:error] [pid 23182] [client 20.219.6.212:0] script '/domains/astrosfm/main.php' not found or unable to stat
[Sun Feb 08 00:08:14.155010 2026] [php:error] [pid 23176] [client 23.100.100.51:0] script '/domains/gohover/adminfuns.php' not found or unable to stat
[Sun Feb 08 00:08:14.314113 2026] [php:error] [pid 23176] [client 23.100.100.51:0] script '/domains/gohover/radio.php' not found or unable to stat
[Sun Feb 08 00:08:14.731658 2026] [php:error] [pid 23182] [client 20.219.6.212:0] script '/domains/astrosfm/wso.php' not found or unable to stat
[Sun Feb 08 00:08:14.931433 2026] [php:error] [pid 23182] [client 20.219.6.212:0] script '/domains/astrosfm/wp-configs.php' not found or unable to stat
[Sun Feb 08 00:08:15.148365 2026] [php:error] [pid 23182] [client 20.219.6.212:0] script '/domains/astrosfm/lock.php' not found or unable to stat
[Sun Feb 08 00:08:15.426222 2026] [php:error] [pid 23182] [client 20.219.6.212:0] script '/domains/astrosfm/file.php' not found or unable to stat
[Sun Feb 08 00:08:15.456341 2026] [php:error] [pid 23176] [client 23.100.100.51:0] script '/domains/gohover/mah.php' not found or unable to stat
[Sun Feb 08 00:08:15.840424 2026] [php:error] [pid 23182] [client 20.219.6.212:0] script '/domains/astrosfm/wp-trackback.php' not found or unable to stat
[Sun Feb 08 00:08:16.097887 2026] [php:error] [pid 23182] [client 20.219.6.212:0] script '/domains/astrosfm/app.php' not found or unable to stat
[Sun Feb 08 00:08:16.171806 2026] [php:error] [pid 23176] [client 23.100.100.51:0] script '/domains/gohover/sim.php' not found or unable to stat
[Sun Feb 08 00:08:16.636360 2026] [php:error] [pid 23182] [client 20.219.6.212:0] script '/domains/astrosfm/simple.php' not found or unable to stat
[Sun Feb 08 00:08:16.676328 2026] [php:error] [pid 23176] [client 23.100.100.51:0] script '/domains/gohover/error.php' not found or unable to stat
[Sun Feb 08 00:08:17.013641 2026] [php:error] [pid 23177] [client 35.247.243.250:0] script '/domains/covertcomic/adminer-4.5.0.php' not found or unable to stat
[Sun Feb 08 00:08:17.072948 2026] [php:error] [pid 23182] [client 20.219.6.212:0] script '/domains/astrosfm/bless.php' not found or unable to stat
[Sun Feb 08 00:08:17.217656 2026] [php:error] [pid 23176] [client 23.100.100.51:0] script '/domains/gohover/cong.php' not found or unable to stat
[Sun Feb 08 00:08:17.495495 2026] [php:error] [pid 23182] [client 20.219.6.212:0] script '/domains/astrosfm/ava.php' not found or unable to stat
[Sun Feb 08 00:08:18.328948 2026] [php:error] [pid 23176] [client 23.100.100.51:0] script '/domains/gohover/kyami.php' not found or unable to stat
[Sun Feb 08 00:08:19.083614 2026] [php:error] [pid 23176] [client 23.100.100.51:0] script '/domains/gohover/1.php' not found or unable to stat
[Sun Feb 08 00:08:19.333766 2026] [php:error] [pid 23182] [client 20.219.6.212:0] script '/domains/astrosfm/ioxi-o.php' not found or unable to stat
[Sun Feb 08 00:08:19.434049 2026] [php:error] [pid 23176] [client 23.100.100.51:0] script '/domains/gohover/gecko-new.php' not found or unable to stat
[Sun Feb 08 00:08:19.533251 2026] [php:error] [pid 23182] [client 20.219.6.212:0] script '/domains/astrosfm/1index.php' not found or unable to stat
[Sun Feb 08 00:08:20.046496 2026] [php:error] [pid 23176] [client 23.100.100.51:0] script '/domains/gohover/wp-blog-header.php' not found or unable to stat
[Sun Feb 08 00:08:20.407978 2026] [php:error] [pid 23176] [client 23.100.100.51:0] script '/domains/gohover/item.php' not found or unable to stat
[Sun Feb 08 00:08:20.474475 2026] [php:error] [pid 23182] [client 20.219.6.212:0] script '/domains/astrosfm/file2.php' not found or unable to stat
[Sun Feb 08 00:08:20.648659 2026] [php:error] [pid 23176] [client 23.100.100.51:0] script '/domains/gohover/xmrlpc.php' not found or unable to stat
[Sun Feb 08 00:08:20.678790 2026] [php:error] [pid 23182] [client 20.219.6.212:0] script '/domains/astrosfm/default.php' not found or unable to stat
[Sun Feb 08 00:08:20.825487 2026] [php:error] [pid 23176] [client 23.100.100.51:0] script '/domains/gohover/config.php' not found or unable to stat
[Sun Feb 08 00:08:20.983050 2026] [php:error] [pid 23176] [client 23.100.100.51:0] script '/domains/gohover/cc.php' not found or unable to stat
[Sun Feb 08 00:08:21.081351 2026] [php:error] [pid 23182] [client 20.219.6.212:0] script '/domains/astrosfm/xml.php' not found or unable to stat
[Sun Feb 08 00:08:21.283769 2026] [php:error] [pid 23182] [client 20.219.6.212:0] script '/domains/astrosfm/sx.php' not found or unable to stat
[Sun Feb 08 00:08:21.637068 2026] [php:error] [pid 23176] [client 23.100.100.51:0] script '/domains/gohover/wp-conflg.php' not found or unable to stat
[Sun Feb 08 00:08:21.810000 2026] [php:error] [pid 23176] [client 23.100.100.51:0] script '/domains/gohover/themes.php' not found or unable to stat
[Sun Feb 08 00:08:21.931897 2026] [php:error] [pid 23182] [client 20.219.6.212:0] script '/domains/astrosfm/wp-cron.php' not found or unable to stat
[Sun Feb 08 00:08:21.967201 2026] [php:error] [pid 23176] [client 23.100.100.51:0] script '/domains/gohover/hplfuns.php' not found or unable to stat
[Sun Feb 08 00:08:22.447366 2026] [php:error] [pid 23182] [client 20.219.6.212:0] script '/domains/astrosfm/css/index.php' not found or unable to stat
[Sun Feb 08 00:08:22.942801 2026] [php:error] [pid 23176] [client 23.100.100.51:0] script '/domains/gohover/admin.php' not found or unable to stat
[Sun Feb 08 00:08:23.100757 2026] [php:error] [pid 23176] [client 23.100.100.51:0] script '/domains/gohover/alfa.php' not found or unable to stat
[Sun Feb 08 00:08:23.329898 2026] [php:error] [pid 23182] [client 20.219.6.212:0] script '/domains/astrosfm/backup.php' not found or unable to stat
[Sun Feb 08 00:08:23.469988 2026] [php:error] [pid 23176] [client 23.100.100.51:0] script '/domains/gohover/wp-2019.php' not found or unable to stat
[Sun Feb 08 00:08:23.764006 2026] [php:error] [pid 23182] [client 20.219.6.212:0] script '/domains/astrosfm/wp-admin.php' not found or unable to stat
[Sun Feb 08 00:08:24.112293 2026] [php:error] [pid 23182] [client 20.219.6.212:0] script '/domains/astrosfm/akc.php' not found or unable to stat
[Sun Feb 08 00:08:24.391657 2026] [php:error] [pid 23176] [client 23.100.100.51:0] script '/domains/gohover/akcc.php' not found or unable to stat
[Sun Feb 08 00:08:24.548872 2026] [php:error] [pid 23176] [client 23.100.100.51:0] script '/domains/gohover/404.php' not found or unable to stat
[Sun Feb 08 00:08:24.730813 2026] [php:error] [pid 23182] [client 20.219.6.212:0] script '/domains/astrosfm/test1.php' not found or unable to stat
[Sun Feb 08 00:08:25.253212 2026] [php:error] [pid 23182] [client 20.219.6.212:0] script '/domains/astrosfm/bolt.php' not found or unable to stat
[Sun Feb 08 00:08:25.271358 2026] [php:error] [pid 23176] [client 23.100.100.51:0] script '/domains/gohover/wp-corn-sample.php' not found or unable to stat
[Sun Feb 08 00:08:25.454162 2026] [php:error] [pid 23182] [client 20.219.6.212:0] script '/domains/astrosfm/help.php' not found or unable to stat
[Sun Feb 08 00:08:25.842106 2026] [php:error] [pid 23176] [client 23.100.100.51:0] script '/domains/gohover/classwithtostring.php' not found or unable to stat
[Sun Feb 08 00:08:25.845720 2026] [php:error] [pid 23182] [client 20.219.6.212:0] script '/domains/astrosfm/atomlib.php' not found or unable to stat
[Sun Feb 08 00:08:26.009475 2026] [php:error] [pid 23176] [client 23.100.100.51:0] script '/domains/gohover/ab.php' not found or unable to stat
[Sun Feb 08 00:08:26.121432 2026] [php:error] [pid 23182] [client 20.219.6.212:0] script '/domains/astrosfm/wp-good.php' not found or unable to stat
[Sun Feb 08 00:08:26.321946 2026] [php:error] [pid 23182] [client 20.219.6.212:0] script '/domains/astrosfm/gecko.php' not found or unable to stat
[Sun Feb 08 00:08:26.524872 2026] [php:error] [pid 23176] [client 23.100.100.51:0] script '/domains/gohover/asasx.php' not found or unable to stat
[Sun Feb 08 00:08:26.860225 2026] [php:error] [pid 23182] [client 20.219.6.212:0] script '/domains/astrosfm/news.php' not found or unable to stat
[Sun Feb 08 00:08:27.207942 2026] [php:error] [pid 23182] [client 20.219.6.212:0] script '/domains/astrosfm/xmlrpc.php' not found or unable to stat
[Sun Feb 08 00:08:27.470468 2026] [php:error] [pid 23182] [client 20.219.6.212:0] script '/domains/astrosfm/new.php' not found or unable to stat
[Sun Feb 08 00:08:27.633460 2026] [php:error] [pid 23176] [client 23.100.100.51:0] script '/domains/gohover/fox.php' not found or unable to stat
[Sun Feb 08 00:08:28.107990 2026] [php:error] [pid 23176] [client 23.100.100.51:0] script '/domains/gohover/moon.php' not found or unable to stat
[Sun Feb 08 00:08:28.215971 2026] [php:error] [pid 23182] [client 20.219.6.212:0] script '/domains/astrosfm/css/admin.php' not found or unable to stat
[Sun Feb 08 00:08:28.266360 2026] [php:error] [pid 23176] [client 23.100.100.51:0] script '/domains/gohover/mar.php' not found or unable to stat
[Sun Feb 08 00:08:29.099441 2026] [php:error] [pid 23182] [client 20.219.6.212:0] script '/domains/astrosfm/server.php' not found or unable to stat
[Sun Feb 08 00:08:29.299073 2026] [php:error] [pid 23182] [client 20.219.6.212:0] script '/domains/astrosfm/wp-signin.php' not found or unable to stat
[Sun Feb 08 00:08:30.191620 2026] [php:error] [pid 23176] [client 23.100.100.51:0] script '/domains/gohover/install.php' not found or unable to stat
[Sun Feb 08 00:08:30.386666 2026] [php:error] [pid 23176] [client 23.100.100.51:0] script '/domains/gohover/menu.php' not found or unable to stat
[Sun Feb 08 00:08:32.891358 2026] [php:error] [pid 23182] [client 20.219.6.212:0] script '/domains/astrosfm/class.php' not found or unable to stat
[Sun Feb 08 00:08:33.134802 2026] [php:error] [pid 23180] [client 23.100.100.51:0] script '/domains/gohover/defaults.php' not found or unable to stat
[Sun Feb 08 00:08:33.146256 2026] [php:error] [pid 23182] [client 20.219.6.212:0] script '/domains/astrosfm/wp.php' not found or unable to stat
[Sun Feb 08 00:08:33.660400 2026] [php:error] [pid 23180] [client 23.100.100.51:0] script '/domains/gohover/css.php' not found or unable to stat
[Sun Feb 08 00:08:34.023465 2026] [php:error] [pid 23180] [client 23.100.100.51:0] script '/domains/gohover/wp-links-opml.php' not found or unable to stat
[Sun Feb 08 00:08:34.824225 2026] [php:error] [pid 23180] [client 23.100.100.51:0] script '/domains/gohover/123.php' not found or unable to stat
[Sun Feb 08 00:08:35.039086 2026] [php:error] [pid 23180] [client 23.100.100.51:0] script '/domains/gohover/log.php' not found or unable to stat
[Sun Feb 08 00:08:36.275787 2026] [php:error] [pid 23180] [client 23.100.100.51:0] script '/domains/gohover/as.php' not found or unable to stat
[Sun Feb 08 00:08:37.004063 2026] [php:error] [pid 23180] [client 23.100.100.51:0] script '/domains/gohover/style.php' not found or unable to stat
[Sun Feb 08 00:08:37.186832 2026] [php:error] [pid 23180] [client 23.100.100.51:0] script '/domains/gohover/aa.php' not found or unable to stat
[Sun Feb 08 00:08:37.370623 2026] [php:error] [pid 23180] [client 23.100.100.51:0] script '/domains/gohover/hehehehe.php' not found or unable to stat
[Sun Feb 08 00:08:37.533235 2026] [php:error] [pid 23180] [client 23.100.100.51:0] script '/domains/gohover/x.php' not found or unable to stat
[Sun Feb 08 00:08:37.972572 2026] [php:error] [pid 23180] [client 23.100.100.51:0] script '/domains/gohover/wp-links.php' not found or unable to stat
[Sun Feb 08 00:08:38.491730 2026] [php:error] [pid 23182] [client 20.219.6.212:0] script '/domains/astrosfm/special.php' not found or unable to stat
[Sun Feb 08 00:08:38.653141 2026] [php:error] [pid 23180] [client 23.100.100.51:0] script '/domains/gohover/main.php' not found or unable to stat
[Sun Feb 08 00:08:39.149854 2026] [php:error] [pid 23180] [client 23.100.100.51:0] script '/domains/gohover/wso.php' not found or unable to stat
