[Sun Feb 08 02:01:15.907037 2026] [php:error] [pid 46831] [client 194.5.82.63:0] script '/domains/miles.interport/ini.php' not found or unable to stat
[Sun Feb 08 02:01:16.536450 2026] [php:error] [pid 46831] [client 194.5.82.63:0] script '/domains/miles.interport/leaf.php' not found or unable to stat
[Sun Feb 08 02:01:16.754957 2026] [php:error] [pid 46831] [client 194.5.82.63:0] script '/domains/miles.interport/t.php' not found or unable to stat
[Sun Feb 08 02:01:17.388543 2026] [php:error] [pid 46831] [client 194.5.82.63:0] script '/domains/miles.interport/about.php' not found or unable to stat
[Sun Feb 08 02:01:18.707165 2026] [php:error] [pid 46831] [client 194.5.82.63:0] script '/domains/miles.interport/gm.php' not found or unable to stat
[Sun Feb 08 02:01:18.926851 2026] [php:error] [pid 46872] [client 20.111.26.104:0] script '/domains/nmksgroupweb/new4.php' not found or unable to stat
[Sun Feb 08 02:01:19.013344 2026] [php:error] [pid 46872] [client 20.111.26.104:0] script '/domains/nmksgroupweb/nw.php' not found or unable to stat
[Sun Feb 08 02:01:19.127004 2026] [php:error] [pid 46831] [client 194.5.82.63:0] script '/domains/miles.interport/fw.php' not found or unable to stat
[Sun Feb 08 02:01:19.267675 2026] [php:error] [pid 46872] [client 20.111.26.104:0] script '/domains/nmksgroupweb/nnyvn.php' not found or unable to stat
[Sun Feb 08 02:01:19.341660 2026] [php:error] [pid 46831] [client 194.5.82.63:0] script '/domains/miles.interport/10.php' not found or unable to stat
[Sun Feb 08 02:01:19.506618 2026] [php:error] [pid 46872] [client 20.111.26.104:0] script '/domains/nmksgroupweb/cu.php' not found or unable to stat
[Sun Feb 08 02:01:19.593191 2026] [php:error] [pid 46872] [client 20.111.26.104:0] script '/domains/nmksgroupweb/lul.php' not found or unable to stat
[Sun Feb 08 02:01:19.806579 2026] [php:error] [pid 46872] [client 20.111.26.104:0] script '/domains/nmksgroupweb/0.php' not found or unable to stat
[Sun Feb 08 02:01:19.893376 2026] [php:error] [pid 46872] [client 20.111.26.104:0] script '/domains/nmksgroupweb/lp5.php' not found or unable to stat
[Sun Feb 08 02:01:19.979844 2026] [php:error] [pid 46872] [client 20.111.26.104:0] script '/domains/nmksgroupweb/ee8.php' not found or unable to stat
[Sun Feb 08 02:01:20.087036 2026] [php:error] [pid 46872] [client 20.111.26.104:0] script '/domains/nmksgroupweb/V2_xml.php' not found or unable to stat
[Sun Feb 08 02:01:20.173306 2026] [php:error] [pid 46872] [client 20.111.26.104:0] script '/domains/nmksgroupweb/ya.php' not found or unable to stat
[Sun Feb 08 02:01:20.259814 2026] [php:error] [pid 46872] [client 20.111.26.104:0] script '/domains/nmksgroupweb/xmff.php' not found or unable to stat
[Sun Feb 08 02:01:20.348151 2026] [php:error] [pid 46872] [client 20.111.26.104:0] script '/domains/nmksgroupweb/wp-blog.php' not found or unable to stat
[Sun Feb 08 02:01:20.435618 2026] [php:error] [pid 46872] [client 20.111.26.104:0] script '/domains/nmksgroupweb/ftem.php' not found or unable to stat
[Sun Feb 08 02:01:20.522959 2026] [php:error] [pid 46872] [client 20.111.26.104:0] script '/domains/nmksgroupweb/Ova-Simple.php' not found or unable to stat
[Sun Feb 08 02:01:20.609708 2026] [php:error] [pid 46872] [client 20.111.26.104:0] script '/domains/nmksgroupweb/wp-access.php' not found or unable to stat
[Sun Feb 08 02:01:20.697447 2026] [php:error] [pid 46872] [client 20.111.26.104:0] script '/domains/nmksgroupweb/a1vx.php' not found or unable to stat
[Sun Feb 08 02:01:20.785396 2026] [php:error] [pid 46872] [client 20.111.26.104:0] script '/domains/nmksgroupweb/sbhu.php' not found or unable to stat
[Sun Feb 08 02:01:20.813463 2026] [php:error] [pid 46831] [client 194.5.82.63:0] script '/domains/miles.interport/tx24.php' not found or unable to stat
[Sun Feb 08 02:01:20.882082 2026] [php:error] [pid 46872] [client 20.111.26.104:0] script '/domains/nmksgroupweb/wp-the.php' not found or unable to stat
[Sun Feb 08 02:01:21.140012 2026] [php:error] [pid 46872] [client 20.111.26.104:0] script '/domains/nmksgroupweb/06.php' not found or unable to stat
[Sun Feb 08 02:01:21.232063 2026] [php:error] [pid 46831] [client 194.5.82.63:0] script '/domains/miles.interport/wp-conflg.php' not found or unable to stat
[Sun Feb 08 02:01:21.284686 2026] [php:error] [pid 46872] [client 20.111.26.104:0] script '/domains/nmksgroupweb/wp5.php' not found or unable to stat
[Sun Feb 08 02:01:21.443216 2026] [php:error] [pid 46831] [client 194.5.82.63:0] script '/domains/miles.interport/akc.php' not found or unable to stat
[Sun Feb 08 02:01:21.484490 2026] [php:error] [pid 46872] [client 20.111.26.104:0] script '/domains/nmksgroupweb/te.php' not found or unable to stat
[Sun Feb 08 02:01:21.570878 2026] [php:error] [pid 46872] [client 20.111.26.104:0] script '/domains/nmksgroupweb/fot.php' not found or unable to stat
[Sun Feb 08 02:01:21.653425 2026] [php:error] [pid 46831] [client 194.5.82.63:0] script '/domains/miles.interport/404.php' not found or unable to stat
[Sun Feb 08 02:01:21.659175 2026] [php:error] [pid 46872] [client 20.111.26.104:0] script '/domains/nmksgroupweb/x--krood.php' not found or unable to stat
[Sun Feb 08 02:01:21.747486 2026] [php:error] [pid 46872] [client 20.111.26.104:0] script '/domains/nmksgroupweb/ff1.php' not found or unable to stat
[Sun Feb 08 02:01:21.833818 2026] [php:error] [pid 46872] [client 20.111.26.104:0] script '/domains/nmksgroupweb/forbidals.php' not found or unable to stat
[Sun Feb 08 02:01:21.977958 2026] [php:error] [pid 46872] [client 20.111.26.104:0] script '/domains/nmksgroupweb/vdb.php' not found or unable to stat
[Sun Feb 08 02:01:22.064568 2026] [php:error] [pid 46872] [client 20.111.26.104:0] script '/domains/nmksgroupweb/erty.php' not found or unable to stat
[Sun Feb 08 02:01:22.150955 2026] [php:error] [pid 46872] [client 20.111.26.104:0] script '/domains/nmksgroupweb/dev1s.php' not found or unable to stat
[Sun Feb 08 02:01:22.237849 2026] [php:error] [pid 46872] [client 20.111.26.104:0] script '/domains/nmksgroupweb/ffd.php' not found or unable to stat
[Sun Feb 08 02:01:22.338464 2026] [php:error] [pid 46872] [client 20.111.26.104:0] script '/domains/nmksgroupweb/admiin.php' not found or unable to stat
[Sun Feb 08 02:01:22.425187 2026] [php:error] [pid 46872] [client 20.111.26.104:0] script '/domains/nmksgroupweb/ol.php' not found or unable to stat
[Sun Feb 08 02:01:22.512880 2026] [php:error] [pid 46872] [client 20.111.26.104:0] script '/domains/nmksgroupweb/jmfi2.php' not found or unable to stat
[Sun Feb 08 02:01:22.522977 2026] [php:error] [pid 46857] [client 194.5.82.69:0] script '/domains/miles.interport/repeater.php' not found or unable to stat
[Sun Feb 08 02:01:22.605346 2026] [php:error] [pid 46872] [client 20.111.26.104:0] script '/domains/nmksgroupweb/ez.php' not found or unable to stat
[Sun Feb 08 02:01:22.734993 2026] [php:error] [pid 46857] [client 194.5.82.69:0] script '/domains/miles.interport/p.php' not found or unable to stat
[Sun Feb 08 02:01:22.827684 2026] [php:error] [pid 46872] [client 20.111.26.104:0] script '/domains/nmksgroupweb/Sanskrit.php' not found or unable to stat
[Sun Feb 08 02:01:22.925645 2026] [php:error] [pid 46872] [client 20.111.26.104:0] script '/domains/nmksgroupweb/vxrl.php' not found or unable to stat
[Sun Feb 08 02:01:22.954149 2026] [php:error] [pid 46857] [client 194.5.82.69:0] script '/domains/miles.interport/shell.php' not found or unable to stat
[Sun Feb 08 02:01:23.016584 2026] [php:error] [pid 46872] [client 20.111.26.104:0] script '/domains/nmksgroupweb/re.php' not found or unable to stat
[Sun Feb 08 02:01:23.103067 2026] [php:error] [pid 46872] [client 20.111.26.104:0] script '/domains/nmksgroupweb/cfile.php' not found or unable to stat
[Sun Feb 08 02:01:23.189810 2026] [php:error] [pid 46872] [client 20.111.26.104:0] script '/domains/nmksgroupweb/num.php' not found or unable to stat
[Sun Feb 08 02:01:23.276330 2026] [php:error] [pid 46872] [client 20.111.26.104:0] script '/domains/nmksgroupweb/axx.php' not found or unable to stat
[Sun Feb 08 02:01:23.462858 2026] [php:error] [pid 46872] [client 20.111.26.104:0] script '/domains/nmksgroupweb/vxrl.php' not found or unable to stat
[Sun Feb 08 02:01:23.550418 2026] [php:error] [pid 46872] [client 20.111.26.104:0] script '/domains/nmksgroupweb/in.php' not found or unable to stat
[Sun Feb 08 02:01:23.590056 2026] [php:error] [pid 46850] [client 194.5.82.72:0] script '/domains/miles.interport/222.php' not found or unable to stat
[Sun Feb 08 02:01:23.636881 2026] [php:error] [pid 46872] [client 20.111.26.104:0] script '/domains/nmksgroupweb/style.php' not found or unable to stat
[Sun Feb 08 02:01:23.723425 2026] [php:error] [pid 46872] [client 20.111.26.104:0] script '/domains/nmksgroupweb/we.php' not found or unable to stat
[Sun Feb 08 02:01:23.810055 2026] [php:error] [pid 46872] [client 20.111.26.104:0] script '/domains/nmksgroupweb/zwso.php' not found or unable to stat
[Sun Feb 08 02:01:23.909149 2026] [php:error] [pid 46872] [client 20.111.26.104:0] script '/domains/nmksgroupweb/karak.php' not found or unable to stat
[Sun Feb 08 02:01:23.996172 2026] [php:error] [pid 46872] [client 20.111.26.104:0] script '/domains/nmksgroupweb/trd.php' not found or unable to stat
[Sun Feb 08 02:01:24.015587 2026] [php:error] [pid 46850] [client 194.5.82.72:0] script '/domains/miles.interport/xxl.php' not found or unable to stat
[Sun Feb 08 02:01:24.146542 2026] [php:error] [pid 46872] [client 20.111.26.104:0] script '/domains/nmksgroupweb/past.php' not found or unable to stat
[Sun Feb 08 02:01:24.229733 2026] [php:error] [pid 46850] [client 194.5.82.72:0] script '/domains/miles.interport/wp2.php' not found or unable to stat
[Sun Feb 08 02:01:24.262500 2026] [php:error] [pid 46872] [client 20.111.26.104:0] script '/domains/nmksgroupweb/prv8.php' not found or unable to stat
[Sun Feb 08 02:01:24.442478 2026] [php:error] [pid 46850] [client 194.5.82.72:0] script '/domains/miles.interport/sitemap.php' not found or unable to stat
[Sun Feb 08 02:01:24.528517 2026] [php:error] [pid 46872] [client 20.111.26.104:0] script '/domains/nmksgroupweb/i.php' not found or unable to stat
[Sun Feb 08 02:01:24.736246 2026] [php:error] [pid 46872] [client 20.111.26.104:0] script '/domains/nmksgroupweb/xmlrpc.php' not found or unable to stat
[Sun Feb 08 02:01:25.038541 2026] [php:error] [pid 46872] [client 20.111.26.104:0] script '/domains/nmksgroupweb/aw.php' not found or unable to stat
[Sun Feb 08 02:01:25.080633 2026] [php:error] [pid 46850] [client 194.5.82.72:0] script '/domains/miles.interport/build.php' not found or unable to stat
[Sun Feb 08 02:01:25.259788 2026] [php:error] [pid 46872] [client 20.111.26.104:0] script '/domains/nmksgroupweb/dev.php' not found or unable to stat
[Sun Feb 08 02:01:25.360891 2026] [php:error] [pid 46872] [client 20.111.26.104:0] script '/domains/nmksgroupweb/lock360.php' not found or unable to stat
[Sun Feb 08 02:01:25.553989 2026] [php:error] [pid 46872] [client 20.111.26.104:0] script '/domains/nmksgroupweb/155.php' not found or unable to stat
[Sun Feb 08 02:01:25.640790 2026] [php:error] [pid 46872] [client 20.111.26.104:0] script '/domains/nmksgroupweb/goat.php' not found or unable to stat
[Sun Feb 08 02:01:25.727761 2026] [php:error] [pid 46872] [client 20.111.26.104:0] script '/domains/nmksgroupweb/tcp.php' not found or unable to stat
[Sun Feb 08 02:01:25.830769 2026] [php:error] [pid 46872] [client 20.111.26.104:0] script '/domains/nmksgroupweb/ext.php' not found or unable to stat
[Sun Feb 08 02:01:26.024792 2026] [php:error] [pid 46872] [client 20.111.26.104:0] script '/domains/nmksgroupweb/199.php' not found or unable to stat
[Sun Feb 08 02:01:26.112606 2026] [php:error] [pid 46872] [client 20.111.26.104:0] script '/domains/nmksgroupweb/inputs.php' not found or unable to stat
[Sun Feb 08 02:01:26.199152 2026] [php:error] [pid 46872] [client 20.111.26.104:0] script '/domains/nmksgroupweb/ioxi.php' not found or unable to stat
[Sun Feb 08 02:01:26.382893 2026] [php:error] [pid 46872] [client 20.111.26.104:0] script '/domains/nmksgroupweb/fe5.php' not found or unable to stat
[Sun Feb 08 02:01:26.477073 2026] [php:error] [pid 46872] [client 20.111.26.104:0] script '/domains/nmksgroupweb/ov.php' not found or unable to stat
[Sun Feb 08 02:01:26.565941 2026] [php:error] [pid 46872] [client 20.111.26.104:0] script '/domains/nmksgroupweb/file2.php' not found or unable to stat
[Sun Feb 08 02:01:26.738230 2026] [php:error] [pid 46872] [client 20.111.26.104:0] script '/domains/nmksgroupweb/default.php' not found or unable to stat
[Sun Feb 08 02:01:26.824575 2026] [php:error] [pid 46872] [client 20.111.26.104:0] script '/domains/nmksgroupweb/goods.php' not found or unable to stat
[Sun Feb 08 02:01:26.911352 2026] [php:error] [pid 46872] [client 20.111.26.104:0] script '/domains/nmksgroupweb/abcd.php' not found or unable to stat
[Sun Feb 08 02:01:26.994030 2026] [php:error] [pid 46850] [client 194.5.82.72:0] script '/domains/miles.interport/bak.php' not found or unable to stat
[Sun Feb 08 02:01:26.997664 2026] [php:error] [pid 46872] [client 20.111.26.104:0] script '/domains/nmksgroupweb/ioxi2.php' not found or unable to stat
[Sun Feb 08 02:01:27.084059 2026] [php:error] [pid 46872] [client 20.111.26.104:0] script '/domains/nmksgroupweb/nope.php' not found or unable to stat
[Sun Feb 08 02:01:27.170515 2026] [php:error] [pid 46872] [client 20.111.26.104:0] script '/domains/nmksgroupweb/class.1.php' not found or unable to stat
[Sun Feb 08 02:01:27.207202 2026] [php:error] [pid 46850] [client 194.5.82.72:0] script '/domains/miles.interport/lf.php' not found or unable to stat
[Sun Feb 08 02:01:27.359163 2026] [php:error] [pid 46872] [client 20.111.26.104:0] script '/domains/nmksgroupweb/file5.php' not found or unable to stat
[Sun Feb 08 02:01:27.421716 2026] [php:error] [pid 46850] [client 194.5.82.72:0] script '/domains/miles.interport/bala.php' not found or unable to stat
[Sun Feb 08 02:01:27.466092 2026] [php:error] [pid 46872] [client 20.111.26.104:0] script '/domains/nmksgroupweb/async.php' not found or unable to stat
[Sun Feb 08 02:01:27.553190 2026] [php:error] [pid 46872] [client 20.111.26.104:0] script '/domains/nmksgroupweb/file17.php' not found or unable to stat
[Sun Feb 08 02:01:27.655841 2026] [php:error] [pid 46872] [client 20.111.26.104:0] script '/domains/nmksgroupweb/ff.php' not found or unable to stat
[Sun Feb 08 02:01:27.832312 2026] [php:error] [pid 46872] [client 20.111.26.104:0] script '/domains/nmksgroupweb/ioxi-o.php' not found or unable to stat
[Sun Feb 08 02:01:27.849604 2026] [php:error] [pid 46850] [client 194.5.82.72:0] script '/domains/miles.interport/blog.php' not found or unable to stat
[Sun Feb 08 02:01:27.919251 2026] [php:error] [pid 46872] [client 20.111.26.104:0] script '/domains/nmksgroupweb/png.php' not found or unable to stat
[Sun Feb 08 02:01:28.020678 2026] [php:error] [pid 46872] [client 20.111.26.104:0] script '/domains/nmksgroupweb/v2.php' not found or unable to stat
[Sun Feb 08 02:01:28.213422 2026] [php:error] [pid 46872] [client 20.111.26.104:0] script '/domains/nmksgroupweb/pp.php' not found or unable to stat
[Sun Feb 08 02:01:28.311329 2026] [php:error] [pid 46872] [client 20.111.26.104:0] script '/domains/nmksgroupweb/manager.php' not found or unable to stat
[Sun Feb 08 02:01:28.397971 2026] [php:error] [pid 46872] [client 20.111.26.104:0] script '/domains/nmksgroupweb/188.php' not found or unable to stat
[Sun Feb 08 02:01:28.492073 2026] [php:error] [pid 46872] [client 20.111.26.104:0] script '/domains/nmksgroupweb/wp-update.php' not found or unable to stat
[Sun Feb 08 02:01:28.586203 2026] [php:error] [pid 46872] [client 20.111.26.104:0] script '/domains/nmksgroupweb/file.php' not found or unable to stat
[Sun Feb 08 02:01:28.698031 2026] [php:error] [pid 46850] [client 194.5.82.72:0] script '/domains/miles.interport/cux.php' not found or unable to stat
[Sun Feb 08 02:01:28.846766 2026] [php:error] [pid 46872] [client 20.111.26.104:0] script '/domains/nmksgroupweb/111.php' not found or unable to stat
[Sun Feb 08 02:01:28.933258 2026] [php:error] [pid 46872] [client 20.111.26.104:0] script '/domains/nmksgroupweb/lc.php' not found or unable to stat
[Sun Feb 08 02:01:29.020072 2026] [php:error] [pid 46872] [client 20.111.26.104:0] script '/domains/nmksgroupweb/hexx.php' not found or unable to stat
[Sun Feb 08 02:01:29.106891 2026] [php:error] [pid 46872] [client 20.111.26.104:0] script '/domains/nmksgroupweb/cbrfo.php' not found or unable to stat
[Sun Feb 08 02:01:29.124972 2026] [php:error] [pid 46850] [client 194.5.82.72:0] script '/domains/miles.interport/readme.php' not found or unable to stat
[Sun Feb 08 02:01:29.244136 2026] [php:error] [pid 46872] [client 20.111.26.104:0] script '/domains/nmksgroupweb/inc.php' not found or unable to stat
[Sun Feb 08 02:01:29.337272 2026] [php:error] [pid 46850] [client 194.5.82.72:0] script '/domains/miles.interport/Njima.php' not found or unable to stat
[Sun Feb 08 02:01:29.339819 2026] [php:error] [pid 46872] [client 20.111.26.104:0] script '/domains/nmksgroupweb/jquery.php' not found or unable to stat
[Sun Feb 08 02:01:29.439342 2026] [php:error] [pid 46872] [client 20.111.26.104:0] script '/domains/nmksgroupweb/gifclass.php' not found or unable to stat
[Sun Feb 08 02:01:29.525945 2026] [php:error] [pid 46872] [client 20.111.26.104:0] script '/domains/nmksgroupweb/miansha.php' not found or unable to stat
[Sun Feb 08 02:01:29.550056 2026] [php:error] [pid 46850] [client 194.5.82.72:0] script '/domains/miles.interport/hehehehe.php' not found or unable to stat
[Sun Feb 08 02:01:29.612509 2026] [php:error] [pid 46872] [client 20.111.26.104:0] script '/domains/nmksgroupweb/tinyfilemanager.php' not found or unable to stat
[Sun Feb 08 02:01:29.700414 2026] [php:error] [pid 46872] [client 20.111.26.104:0] script '/domains/nmksgroupweb/xfile25.php' not found or unable to stat
[Sun Feb 08 02:01:29.761684 2026] [php:error] [pid 46850] [client 194.5.82.72:0] script '/domains/miles.interport/fm.php' not found or unable to stat
[Sun Feb 08 02:01:29.786591 2026] [php:error] [pid 46872] [client 20.111.26.104:0] script '/domains/nmksgroupweb/122.php' not found or unable to stat
[Sun Feb 08 02:01:29.873383 2026] [php:error] [pid 46872] [client 20.111.26.104:0] script '/domains/nmksgroupweb/ok.php' not found or unable to stat
[Sun Feb 08 02:01:29.960119 2026] [php:error] [pid 46872] [client 20.111.26.104:0] script '/domains/nmksgroupweb/fi.php' not found or unable to stat
[Sun Feb 08 02:01:29.973336 2026] [php:error] [pid 46850] [client 194.5.82.72:0] script '/domains/miles.interport/r.php' not found or unable to stat
[Sun Feb 08 02:01:30.068914 2026] [php:error] [pid 46872] [client 20.111.26.104:0] script '/domains/nmksgroupweb/muzu.php' not found or unable to stat
[Sun Feb 08 02:01:30.155280 2026] [php:error] [pid 46872] [client 20.111.26.104:0] script '/domains/nmksgroupweb/reze.php' not found or unable to stat
[Sun Feb 08 02:01:30.241563 2026] [php:error] [pid 46872] [client 20.111.26.104:0] script '/domains/nmksgroupweb/styll.php' not found or unable to stat
[Sun Feb 08 02:01:31.291415 2026] [php:error] [pid 46857] [client 20.111.26.104:0] script '/domains/nmksgroupweb/x7.php' not found or unable to stat
[Sun Feb 08 02:01:31.379160 2026] [php:error] [pid 46857] [client 20.111.26.104:0] script '/domains/nmksgroupweb/thebe.php' not found or unable to stat
[Sun Feb 08 02:01:31.420377 2026] [php:error] [pid 46871] [client 194.5.82.82:0] script '/domains/miles.interport/click.php' not found or unable to stat
[Sun Feb 08 02:01:31.468815 2026] [php:error] [pid 46857] [client 20.111.26.104:0] script '/domains/nmksgroupweb/ddd.php' not found or unable to stat
[Sun Feb 08 02:01:31.557161 2026] [php:error] [pid 46857] [client 20.111.26.104:0] script '/domains/nmksgroupweb/ccs.php' not found or unable to stat
[Sun Feb 08 02:01:31.716419 2026] [php:error] [pid 46857] [client 20.111.26.104:0] script '/domains/nmksgroupweb/f355.php' not found or unable to stat
[Sun Feb 08 02:01:31.804479 2026] [php:error] [pid 46857] [client 20.111.26.104:0] script '/domains/nmksgroupweb/bgymj.php' not found or unable to stat
[Sun Feb 08 02:01:31.840116 2026] [php:error] [pid 46871] [client 194.5.82.82:0] script '/domains/miles.interport/cc.php' not found or unable to stat
[Sun Feb 08 02:01:31.894166 2026] [php:error] [pid 46857] [client 20.111.26.104:0] script '/domains/nmksgroupweb/8xyz.php' not found or unable to stat
[Sun Feb 08 02:01:31.995397 2026] [php:error] [pid 46857] [client 20.111.26.104:0] script '/domains/nmksgroupweb/la.php' not found or unable to stat
[Sun Feb 08 02:01:32.050350 2026] [php:error] [pid 46871] [client 194.5.82.82:0] script '/domains/miles.interport/wp-22.php' not found or unable to stat
[Sun Feb 08 02:01:32.083794 2026] [php:error] [pid 46857] [client 20.111.26.104:0] script '/domains/nmksgroupweb/ioxi.php' not found or unable to stat
[Sun Feb 08 02:01:32.267631 2026] [php:error] [pid 46857] [client 20.111.26.104:0] script '/domains/nmksgroupweb/xpwer1.php' not found or unable to stat
[Sun Feb 08 02:01:32.366754 2026] [php:error] [pid 46857] [client 20.111.26.104:0] script '/domains/nmksgroupweb/lala.php' not found or unable to stat
[Sun Feb 08 02:01:32.473709 2026] [php:error] [pid 46857] [client 20.111.26.104:0] script '/domains/nmksgroupweb/about.php' not found or unable to stat
[Sun Feb 08 02:01:32.678010 2026] [php:error] [pid 46871] [client 194.5.82.82:0] script '/domains/miles.interport/smm.php' not found or unable to stat
[Sun Feb 08 02:01:33.098289 2026] [php:error] [pid 46871] [client 194.5.82.82:0] script '/domains/miles.interport/wso-x569.php' not found or unable to stat
[Sun Feb 08 02:01:33.154812 2026] [php:error] [pid 46857] [client 20.111.26.104:0] script '/domains/nmksgroupweb/info.php' not found or unable to stat
[Sun Feb 08 02:01:33.308404 2026] [php:error] [pid 46871] [client 194.5.82.82:0] script '/domains/miles.interport/header.php' not found or unable to stat
[Sun Feb 08 02:01:33.375870 2026] [php:error] [pid 46857] [client 20.111.26.104:0] script '/domains/nmksgroupweb/about.php' not found or unable to stat
[Sun Feb 08 02:01:33.556733 2026] [php:error] [pid 46857] [client 20.111.26.104:0] script '/domains/nmksgroupweb/144.php' not found or unable to stat
[Sun Feb 08 02:01:33.760024 2026] [php:error] [pid 46857] [client 20.111.26.104:0] script '/domains/nmksgroupweb/222.php' not found or unable to stat
[Sun Feb 08 02:01:33.938560 2026] [php:error] [pid 46871] [client 194.5.82.82:0] script '/domains/miles.interport/a1vx.php' not found or unable to stat
[Sun Feb 08 02:01:33.956094 2026] [php:error] [pid 46857] [client 20.111.26.104:0] script '/domains/nmksgroupweb/adminfuns.php' not found or unable to stat
[Sun Feb 08 02:01:34.146930 2026] [php:error] [pid 46857] [client 20.111.26.104:0] script '/domains/nmksgroupweb/xx.php' not found or unable to stat
[Sun Feb 08 02:01:34.148275 2026] [php:error] [pid 46871] [client 194.5.82.82:0] script '/domains/miles.interport/wp-activate.php' not found or unable to stat
[Sun Feb 08 02:01:34.322321 2026] [php:error] [pid 46857] [client 20.111.26.104:0] script '/domains/nmksgroupweb/f5.php' not found or unable to stat
[Sun Feb 08 02:01:34.410282 2026] [php:error] [pid 46857] [client 20.111.26.104:0] script '/domains/nmksgroupweb/flower.php' not found or unable to stat
[Sun Feb 08 02:01:34.503508 2026] [php:error] [pid 46857] [client 20.111.26.104:0] script '/domains/nmksgroupweb/f6.php' not found or unable to stat
[Sun Feb 08 02:01:34.591445 2026] [php:error] [pid 46857] [client 20.111.26.104:0] script '/domains/nmksgroupweb/edit.php' not found or unable to stat
[Sun Feb 08 02:01:34.785709 2026] [php:error] [pid 46857] [client 20.111.26.104:0] script '/domains/nmksgroupweb/aa.php' not found or unable to stat
[Sun Feb 08 02:01:34.988155 2026] [php:error] [pid 46871] [client 194.5.82.82:0] script '/domains/miles.interport/class.php' not found or unable to stat
[Sun Feb 08 02:01:35.108481 2026] [php:error] [pid 46857] [client 20.111.26.104:0] script '/domains/nmksgroupweb/av.php' not found or unable to stat
[Sun Feb 08 02:01:35.285334 2026] [php:error] [pid 46857] [client 20.111.26.104:0] script '/domains/nmksgroupweb/wsd.php' not found or unable to stat
[Sun Feb 08 02:01:35.373184 2026] [php:error] [pid 46857] [client 20.111.26.104:0] script '/domains/nmksgroupweb/jane.php' not found or unable to stat
[Sun Feb 08 02:01:35.408276 2026] [php:error] [pid 46871] [client 194.5.82.82:0] script '/domains/miles.interport/wp_class_datalib.php' not found or unable to stat
[Sun Feb 08 02:01:35.438272 2026] [php:error] [pid 46872] [client 139.59.254.189:0] script '/domains/fayemoran/wp-login.php' not found or unable to stat
[Sun Feb 08 02:01:35.512033 2026] [php:error] [pid 46857] [client 20.111.26.104:0] script '/domains/nmksgroupweb/css.php' not found or unable to stat
[Sun Feb 08 02:01:35.600018 2026] [php:error] [pid 46857] [client 20.111.26.104:0] script '/domains/nmksgroupweb/alfa.php' not found or unable to stat
[Sun Feb 08 02:01:35.709190 2026] [php:error] [pid 46857] [client 20.111.26.104:0] script '/domains/nmksgroupweb/wen.php' not found or unable to stat
[Sun Feb 08 02:01:35.980669 2026] [php:error] [pid 46857] [client 20.111.26.104:0] script '/domains/nmksgroupweb/x.php' not found or unable to stat
[Sun Feb 08 02:01:36.164393 2026] [php:error] [pid 46857] [client 20.111.26.104:0] script '/domains/nmksgroupweb/xxxx.php' not found or unable to stat
[Sun Feb 08 02:01:36.252886 2026] [php:error] [pid 46871] [client 194.5.82.82:0] script '/domains/miles.interport/kex.php' not found or unable to stat
[Sun Feb 08 02:01:36.304004 2026] [php:error] [pid 46857] [client 20.111.26.104:0] script '/domains/nmksgroupweb/class.php' not found or unable to stat
[Sun Feb 08 02:01:36.392298 2026] [php:error] [pid 46857] [client 20.111.26.104:0] script '/domains/nmksgroupweb/f35.php' not found or unable to stat
[Sun Feb 08 02:01:37.003957 2026] [php:error] [pid 46857] [client 20.111.26.104:0] script '/domains/nmksgroupweb/class-t.api.php' not found or unable to stat
[Sun Feb 08 02:01:37.102083 2026] [php:error] [pid 46857] [client 20.111.26.104:0] script '/domains/nmksgroupweb/blurbs18.php' not found or unable to stat
[Sun Feb 08 02:01:37.302631 2026] [php:error] [pid 46871] [client 194.5.82.82:0] script '/domains/miles.interport/about.php' not found or unable to stat
[Sun Feb 08 02:01:37.511871 2026] [php:error] [pid 46871] [client 194.5.82.82:0] script '/domains/miles.interport/wp.php' not found or unable to stat
[Sun Feb 08 02:01:37.795585 2026] [php:error] [pid 46857] [client 20.111.26.104:0] script '/domains/nmksgroupweb/bless11.php' not found or unable to stat
[Sun Feb 08 02:01:37.883434 2026] [php:error] [pid 46857] [client 20.111.26.104:0] script '/domains/nmksgroupweb/init.php' not found or unable to stat
[Sun Feb 08 02:01:38.075874 2026] [php:error] [pid 46857] [client 20.111.26.104:0] script '/domains/nmksgroupweb/k.php' not found or unable to stat
[Sun Feb 08 02:01:38.176913 2026] [php:error] [pid 46857] [client 20.111.26.104:0] script '/domains/nmksgroupweb/bless.php' not found or unable to stat
[Sun Feb 08 02:01:38.354014 2026] [php:error] [pid 46871] [client 194.5.82.82:0] script '/domains/miles.interport/css.php' not found or unable to stat
[Sun Feb 08 02:01:38.365483 2026] [php:error] [pid 46857] [client 20.111.26.104:0] script '/domains/nmksgroupweb/X7x.php' not found or unable to stat
[Sun Feb 08 02:01:38.453779 2026] [php:error] [pid 46857] [client 20.111.26.104:0] script '/domains/nmksgroupweb/166.php' not found or unable to stat
[Sun Feb 08 02:01:38.541703 2026] [php:error] [pid 46857] [client 20.111.26.104:0] script '/domains/nmksgroupweb/plss3.php' not found or unable to stat
[Sun Feb 08 02:01:38.774129 2026] [php:error] [pid 46871] [client 194.5.82.82:0] script '/domains/miles.interport/goat.php' not found or unable to stat
[Sun Feb 08 02:01:38.806687 2026] [php:error] [pid 46857] [client 20.111.26.104:0] script '/domains/nmksgroupweb/177.php' not found or unable to stat
[Sun Feb 08 02:01:38.975363 2026] [php:error] [pid 46857] [client 20.111.26.104:0] script '/domains/nmksgroupweb/admins.php' not found or unable to stat
[Sun Feb 08 02:01:38.985352 2026] [php:error] [pid 46871] [client 194.5.82.82:0] script '/domains/miles.interport/edit-tags.php' not found or unable to stat
[Sun Feb 08 02:01:39.082218 2026] [php:error] [pid 46857] [client 20.111.26.104:0] script '/domains/nmksgroupweb/wp.php' not found or unable to stat
[Sun Feb 08 02:01:39.170769 2026] [php:error] [pid 46857] [client 20.111.26.104:0] script '/domains/nmksgroupweb/main.php' not found or unable to stat
[Sun Feb 08 02:01:39.271939 2026] [php:error] [pid 46857] [client 20.111.26.104:0] script '/domains/nmksgroupweb/a1.php' not found or unable to stat
[Sun Feb 08 02:01:39.359432 2026] [php:error] [pid 46857] [client 20.111.26.104:0] script '/domains/nmksgroupweb/lala.php' not found or unable to stat
[Sun Feb 08 02:01:39.474976 2026] [php:error] [pid 46857] [client 20.111.26.104:0] script '/domains/nmksgroupweb/aaa.php' not found or unable to stat
[Sun Feb 08 02:01:39.564854 2026] [php:error] [pid 46857] [client 20.111.26.104:0] script '/domains/nmksgroupweb/a2.php' not found or unable to stat
[Sun Feb 08 02:01:39.614419 2026] [php:error] [pid 46871] [client 194.5.82.82:0] script '/domains/miles.interport/wp-comments.php' not found or unable to stat
[Sun Feb 08 02:01:39.828280 2026] [php:error] [pid 46857] [client 20.111.26.104:0] script '/domains/nmksgroupweb/nyan.php' not found or unable to stat
[Sun Feb 08 02:01:39.935394 2026] [php:error] [pid 46857] [client 20.111.26.104:0] script '/domains/nmksgroupweb/jsond.php' not found or unable to stat
[Sun Feb 08 02:01:40.035789 2026] [php:error] [pid 46871] [client 194.5.82.82:0] script '/domains/miles.interport/tx17.php' not found or unable to stat
[Sun Feb 08 02:01:40.667731 2026] [php:error] [pid 46871] [client 194.5.82.82:0] script '/domains/miles.interport/about.php' not found or unable to stat
[Sun Feb 08 02:01:41.089890 2026] [php:error] [pid 46871] [client 194.5.82.82:0] script '/domains/miles.interport/footer.php' not found or unable to stat
[Sun Feb 08 02:01:41.730626 2026] [php:error] [pid 46871] [client 194.5.82.82:0] script '/domains/miles.interport/dex.php' not found or unable to stat
[Sun Feb 08 02:01:42.362110 2026] [php:error] [pid 46871] [client 194.5.82.82:0] script '/domains/miles.interport/02.php' not found or unable to stat
[Sun Feb 08 02:01:42.572549 2026] [php:error] [pid 46871] [client 194.5.82.82:0] script '/domains/miles.interport/f35.php' not found or unable to stat
[Sun Feb 08 02:01:42.992785 2026] [php:error] [pid 46871] [client 194.5.82.82:0] script '/domains/miles.interport/wsoyanz.php' not found or unable to stat
[Sun Feb 08 02:01:43.623583 2026] [php:error] [pid 46871] [client 194.5.82.82:0] script '/domains/miles.interport/Yanzmini.php' not found or unable to stat
[Sun Feb 08 02:01:44.467167 2026] [php:error] [pid 46871] [client 194.5.82.82:0] script '/domains/miles.interport/0.php' not found or unable to stat
[Sun Feb 08 02:01:45.098303 2026] [php:error] [pid 46871] [client 194.5.82.82:0] script '/domains/miles.interport/million.php' not found or unable to stat
[Sun Feb 08 02:01:45.518782 2026] [php:error] [pid 46871] [client 194.5.82.82:0] script '/domains/miles.interport/ava.php' not found or unable to stat
[Sun Feb 08 02:01:46.153290 2026] [php:error] [pid 46871] [client 194.5.82.82:0] script '/domains/miles.interport/system.php' not found or unable to stat
[Sun Feb 08 02:01:46.363516 2026] [php:error] [pid 46871] [client 194.5.82.82:0] script '/domains/miles.interport/uplozvb.php' not found or unable to stat
[Sun Feb 08 02:01:47.416089 2026] [php:error] [pid 46871] [client 194.5.82.82:0] script '/domains/miles.interport/network_xo.php' not found or unable to stat
[Sun Feb 08 02:01:47.631616 2026] [php:error] [pid 46871] [client 194.5.82.82:0] script '/domains/miles.interport/22.php' not found or unable to stat
[Sun Feb 08 02:01:48.469841 2026] [php:error] [pid 46871] [client 194.5.82.82:0] script '/domains/miles.interport/gecko.php' not found or unable to stat
[Sun Feb 08 02:01:49.944922 2026] [php:error] [pid 46876] [client 194.5.82.65:0] script '/domains/miles.interport/classwithtostring.php' not found or unable to stat
[Sun Feb 08 02:01:50.157162 2026] [php:error] [pid 46876] [client 194.5.82.65:0] script '/domains/miles.interport/buy.php' not found or unable to stat
[Sun Feb 08 02:01:50.368879 2026] [php:error] [pid 46876] [client 194.5.82.65:0] script '/domains/miles.interport/wp-pano.php' not found or unable to stat
[Sun Feb 08 02:01:50.580535 2026] [php:error] [pid 46876] [client 194.5.82.65:0] script '/domains/miles.interport/lufix.php' not found or unable to stat
[Sun Feb 08 02:01:50.795218 2026] [php:error] [pid 46876] [client 194.5.82.65:0] script '/domains/miles.interport/an.php' not found or unable to stat
[Sun Feb 08 02:01:51.429650 2026] [php:error] [pid 46876] [client 194.5.82.65:0] script '/domains/miles.interport/klbnm.php' not found or unable to stat
[Sun Feb 08 02:01:52.063747 2026] [php:error] [pid 46876] [client 194.5.82.65:0] script '/domains/miles.interport/lock360.php' not found or unable to stat
[Sun Feb 08 02:01:52.274742 2026] [php:error] [pid 46876] [client 194.5.82.65:0] script '/domains/miles.interport/sim.php' not found or unable to stat
[Sun Feb 08 02:01:52.910720 2026] [php:error] [pid 46876] [client 194.5.82.65:0] script '/domains/miles.interport/db.php' not found or unable to stat
[Sun Feb 08 02:01:53.970618 2026] [php:error] [pid 46872] [client 194.5.82.59:0] script '/domains/miles.interport/alfa-rex.php' not found or unable to stat
[Sun Feb 08 02:01:54.182177 2026] [php:error] [pid 46872] [client 194.5.82.59:0] script '/domains/miles.interport/wp-add-admin.php' not found or unable to stat
[Sun Feb 08 02:01:55.029525 2026] [php:error] [pid 46872] [client 194.5.82.59:0] script '/domains/miles.interport/v.php' not found or unable to stat
[Sun Feb 08 02:01:55.245321 2026] [php:error] [pid 46872] [client 194.5.82.59:0] script '/domains/miles.interport/k.php' not found or unable to stat
[Sun Feb 08 02:01:55.458631 2026] [php:error] [pid 46872] [client 194.5.82.59:0] script '/domains/miles.interport/22.php' not found or unable to stat
[Sun Feb 08 02:01:56.092128 2026] [php:error] [pid 46872] [client 194.5.82.59:0] script '/domains/miles.interport/tyasd.php' not found or unable to stat
[Sun Feb 08 02:01:56.940842 2026] [php:error] [pid 46872] [client 194.5.82.59:0] script '/domains/miles.interport/mail.php' not found or unable to stat
[Sun Feb 08 02:01:58.003026 2026] [php:error] [pid 46872] [client 194.5.82.59:0] script '/domains/miles.interport/xtride.php' not found or unable to stat
[Sun Feb 08 02:01:58.426098 2026] [php:error] [pid 46872] [client 194.5.82.59:0] script '/domains/miles.interport/WSO.php' not found or unable to stat
[Sun Feb 08 02:01:58.638666 2026] [php:error] [pid 46872] [client 194.5.82.59:0] script '/domains/miles.interport/user.php' not found or unable to stat
[Sun Feb 08 02:01:58.848047 2026] [php:error] [pid 46877] [client 195.178.110.132:0] script '/domains/ecernstelectric/config.php' not found or unable to stat
[Sun Feb 08 02:01:58.949468 2026] [php:error] [pid 46877] [client 195.178.110.132:0] script '/domains/ecernstelectric/config.php.bak' not found or unable to stat
[Sun Feb 08 02:01:59.050222 2026] [php:error] [pid 46877] [client 195.178.110.132:0] script '/domains/ecernstelectric/config.php.old' not found or unable to stat
[Sun Feb 08 02:01:59.151215 2026] [php:error] [pid 46877] [client 195.178.110.132:0] script '/domains/ecernstelectric/configuration.php' not found or unable to stat
[Sun Feb 08 02:01:59.252458 2026] [php:error] [pid 46877] [client 195.178.110.132:0] script '/domains/ecernstelectric/configuration.php.bak' not found or unable to stat
[Sun Feb 08 02:01:59.485295 2026] [php:error] [pid 46872] [client 194.5.82.59:0] script '/domains/miles.interport/users.php' not found or unable to stat
[Sun Feb 08 02:01:59.661466 2026] [php:error] [pid 46877] [client 195.178.110.132:0] script '/domains/ecernstelectric/settings.php' not found or unable to stat
[Sun Feb 08 02:01:59.762118 2026] [php:error] [pid 46877] [client 195.178.110.132:0] script '/domains/ecernstelectric/db.php' not found or unable to stat
[Sun Feb 08 02:01:59.866058 2026] [php:error] [pid 46877] [client 195.178.110.132:0] script '/domains/ecernstelectric/database.php' not found or unable to stat
[Sun Feb 08 02:01:59.910184 2026] [php:error] [pid 46872] [client 194.5.82.59:0] script '/domains/miles.interport/edit.php' not found or unable to stat
[Sun Feb 08 02:01:59.978142 2026] [php:error] [pid 46877] [client 195.178.110.132:0] script '/domains/ecernstelectric/connect.php' not found or unable to stat
[Sun Feb 08 02:02:00.079761 2026] [php:error] [pid 46877] [client 195.178.110.132:0] script '/domains/ecernstelectric/connection.php' not found or unable to stat
[Sun Feb 08 02:02:00.125961 2026] [php:error] [pid 46872] [client 194.5.82.59:0] script '/domains/miles.interport/t.php' not found or unable to stat
[Sun Feb 08 02:02:00.180471 2026] [php:error] [pid 46877] [client 195.178.110.132:0] script '/domains/ecernstelectric/credentials.php' not found or unable to stat
[Sun Feb 08 02:02:00.281791 2026] [php:error] [pid 46877] [client 195.178.110.132:0] script '/domains/ecernstelectric/api_config.php' not found or unable to stat
[Sun Feb 08 02:02:00.337314 2026] [php:error] [pid 46872] [client 194.5.82.59:0] script '/domains/miles.interport/style.php' not found or unable to stat
[Sun Feb 08 02:02:00.550272 2026] [php:error] [pid 46872] [client 194.5.82.59:0] script '/domains/miles.interport/link.php' not found or unable to stat
[Sun Feb 08 02:02:00.890105 2026] [php:error] [pid 46877] [client 195.178.110.132:0] script '/domains/ecernstelectric/config.inc.php' not found or unable to stat
[Sun Feb 08 02:02:01.033636 2026] [php:error] [pid 46872] [client 194.5.82.59:0] script '/domains/miles.interport/ioxi2.php' not found or unable to stat
[Sun Feb 08 02:02:01.484660 2026] [php:error] [pid 46872] [client 194.5.82.59:0] script '/domains/miles.interport/rss.php' not found or unable to stat
[Sun Feb 08 02:02:01.709483 2026] [php:error] [pid 46872] [client 194.5.82.59:0] script '/domains/miles.interport/text.php' not found or unable to stat
[Sun Feb 08 02:02:02.142945 2026] [php:error] [pid 46872] [client 194.5.82.59:0] script '/domains/miles.interport/flower.php' not found or unable to stat
[Sun Feb 08 02:02:02.992235 2026] [php:error] [pid 46872] [client 194.5.82.59:0] script '/domains/miles.interport/ok.php' not found or unable to stat
[Sun Feb 08 02:02:03.418214 2026] [php:error] [pid 46872] [client 194.5.82.59:0] script '/domains/miles.interport/classsmtps.php' not found or unable to stat
[Sun Feb 08 02:02:03.630841 2026] [php:error] [pid 46872] [client 194.5.82.59:0] script '/domains/miles.interport/backup.php' not found or unable to stat
[Sun Feb 08 02:02:04.483089 2026] [php:error] [pid 46872] [client 194.5.82.59:0] script '/domains/miles.interport/asgoxtyad2mjhno6ds4ikvhdCakc128.php' not found or unable to stat
[Sun Feb 08 02:02:04.908645 2026] [php:error] [pid 46872] [client 194.5.82.59:0] script '/domains/miles.interport/404.php' not found or unable to stat
[Sun Feb 08 02:02:05.540045 2026] [php:error] [pid 46889] [client 194.5.82.64:0] script '/domains/miles.interport/gtc.php' not found or unable to stat
[Sun Feb 08 02:02:06.413277 2026] [php:error] [pid 46889] [client 194.5.82.64:0] script '/domains/miles.interport/s.php' not found or unable to stat
[Sun Feb 08 02:02:06.837078 2026] [php:error] [pid 46889] [client 194.5.82.64:0] script '/domains/miles.interport/help.php' not found or unable to stat
[Sun Feb 08 02:02:07.046774 2026] [php:error] [pid 46889] [client 194.5.82.64:0] script '/domains/miles.interport/css.php' not found or unable to stat
[Sun Feb 08 02:02:08.101299 2026] [php:error] [pid 46889] [client 194.5.82.64:0] script '/domains/miles.interport/footers.php' not found or unable to stat
[Sun Feb 08 02:02:08.312559 2026] [php:error] [pid 46889] [client 194.5.82.64:0] script '/domains/miles.interport/wp-head.php' not found or unable to stat
[Sun Feb 08 02:02:08.737585 2026] [php:error] [pid 46889] [client 194.5.82.64:0] script '/domains/miles.interport/mm.php' not found or unable to stat
[Sun Feb 08 02:02:10.019957 2026] [php:error] [pid 46889] [client 194.5.82.64:0] script '/domains/miles.interport/mailer.php' not found or unable to stat
[Sun Feb 08 02:02:10.230140 2026] [php:error] [pid 46889] [client 194.5.82.64:0] script '/domains/miles.interport/aaa.php' not found or unable to stat
[Sun Feb 08 02:02:10.439773 2026] [php:error] [pid 46889] [client 194.5.82.64:0] script '/domains/miles.interport/filemanager.php' not found or unable to stat
[Sun Feb 08 02:02:11.496531 2026] [php:error] [pid 46889] [client 194.5.82.64:0] script '/domains/miles.interport/MARIJUANA.php' not found or unable to stat
[Sun Feb 08 02:02:11.707101 2026] [php:error] [pid 46889] [client 194.5.82.64:0] script '/domains/miles.interport/mln.php' not found or unable to stat
[Sun Feb 08 02:02:11.754435 2026] [php:error] [pid 46857] [client 20.220.144.75:0] script '/domains/system_default/grsiuk.php' not found or unable to stat
[Sun Feb 08 02:02:11.779054 2026] [php:error] [pid 46857] [client 20.220.144.75:0] script '/domains/system_default/fs.php' not found or unable to stat
[Sun Feb 08 02:02:11.803600 2026] [php:error] [pid 46857] [client 20.220.144.75:0] script '/domains/system_default/;k.php' not found or unable to stat
[Sun Feb 08 02:02:12.126454 2026] [php:error] [pid 46889] [client 194.5.82.64:0] script '/domains/miles.interport/vx.php' not found or unable to stat
[Sun Feb 08 02:02:12.546838 2026] [php:error] [pid 46889] [client 194.5.82.64:0] script '/domains/miles.interport/ioxi01.php' not found or unable to stat
[Sun Feb 08 02:02:12.757702 2026] [php:error] [pid 46889] [client 194.5.82.64:0] script '/domains/miles.interport/ms.php' not found or unable to stat
[Sun Feb 08 02:02:12.967516 2026] [php:error] [pid 46889] [client 194.5.82.64:0] script '/domains/miles.interport/u.php' not found or unable to stat
[Sun Feb 08 02:02:13.387342 2026] [php:error] [pid 46889] [client 194.5.82.64:0] script '/domains/miles.interport/wp-config-sample.php' not found or unable to stat
[Sun Feb 08 02:02:14.227864 2026] [php:error] [pid 46889] [client 194.5.82.64:0] script '/domains/miles.interport/jga.php' not found or unable to stat
[Sun Feb 08 02:02:14.438456 2026] [php:error] [pid 46889] [client 194.5.82.64:0] script '/domains/miles.interport/filemanager.php' not found or unable to stat
[Sun Feb 08 02:02:14.648213 2026] [php:error] [pid 46889] [client 194.5.82.64:0] script '/domains/miles.interport/xy.php' not found or unable to stat
[Sun Feb 08 02:02:15.069354 2026] [php:error] [pid 46889] [client 194.5.82.64:0] script '/domains/miles.interport/okxh.php' not found or unable to stat
[Sun Feb 08 02:02:15.489053 2026] [php:error] [pid 46889] [client 194.5.82.64:0] script '/domains/miles.interport/j.php' not found or unable to stat
[Sun Feb 08 02:02:16.119224 2026] [php:error] [pid 46889] [client 194.5.82.64:0] script '/domains/miles.interport/wp-user.php' not found or unable to stat
[Sun Feb 08 02:02:16.750850 2026] [php:error] [pid 46880] [client 194.5.82.102:0] script '/domains/miles.interport/error.php' not found or unable to stat
[Sun Feb 08 02:02:16.960413 2026] [php:error] [pid 46880] [client 194.5.82.102:0] script '/domains/miles.interport/gelay.php' not found or unable to stat
[Sun Feb 08 02:02:17.170228 2026] [php:error] [pid 46880] [client 194.5.82.102:0] script '/domains/miles.interport/epinyins.php' not found or unable to stat
[Sun Feb 08 02:02:17.593468 2026] [php:error] [pid 46880] [client 194.5.82.102:0] script '/domains/miles.interport/images/class-config.php' not found or unable to stat
[Sun Feb 08 02:02:18.224061 2026] [php:error] [pid 46880] [client 194.5.82.102:0] script '/domains/miles.interport/root.php' not found or unable to stat
[Sun Feb 08 02:02:18.645574 2026] [php:error] [pid 46880] [client 194.5.82.102:0] script '/domains/miles.interport/bolt.php' not found or unable to stat
[Sun Feb 08 02:02:19.696679 2026] [php:error] [pid 46880] [client 194.5.82.102:0] script '/domains/miles.interport/byp.php' not found or unable to stat
[Sun Feb 08 02:02:20.117700 2026] [php:error] [pid 46880] [client 194.5.82.102:0] script '/domains/miles.interport/e.php' not found or unable to stat
[Sun Feb 08 02:02:20.959356 2026] [php:error] [pid 46880] [client 194.5.82.102:0] script '/domains/miles.interport/9.php' not found or unable to stat
[Sun Feb 08 02:02:21.797164 2026] [php:error] [pid 46880] [client 194.5.82.102:0] script '/domains/miles.interport/xmlrpc.php' not found or unable to stat
[Sun Feb 08 02:02:22.429481 2026] [php:error] [pid 46880] [client 194.5.82.102:0] script '/domains/miles.interport/wsa.php' not found or unable to stat
[Sun Feb 08 02:02:22.642442 2026] [php:error] [pid 46880] [client 194.5.82.102:0] script '/domains/miles.interport/fie.php' not found or unable to stat
[Sun Feb 08 02:02:23.903909 2026] [php:error] [pid 46880] [client 194.5.82.102:0] script '/domains/miles.interport/layout.php' not found or unable to stat
[Sun Feb 08 02:02:24.113235 2026] [php:error] [pid 46880] [client 194.5.82.102:0] script '/domains/miles.interport/admin.php' not found or unable to stat
[Sun Feb 08 02:02:25.580821 2026] [php:error] [pid 46880] [client 194.5.82.102:0] script '/domains/miles.interport/fm.php' not found or unable to stat
[Sun Feb 08 02:02:26.005398 2026] [php:error] [pid 46880] [client 194.5.82.102:0] script '/domains/miles.interport/wp-setup.php' not found or unable to stat
[Sun Feb 08 02:02:26.425349 2026] [php:error] [pid 46880] [client 194.5.82.102:0] script '/domains/miles.interport/kly1.php' not found or unable to stat
[Sun Feb 08 02:02:26.636301 2026] [php:error] [pid 46880] [client 194.5.82.102:0] script '/domains/miles.interport/network.php' not found or unable to stat
[Sun Feb 08 02:02:26.847505 2026] [php:error] [pid 46880] [client 194.5.82.102:0] script '/domains/miles.interport/13.php' not found or unable to stat
[Sun Feb 08 02:02:28.537733 2026] [php:error] [pid 46883] [client 194.5.82.70:0] script '/domains/miles.interport/ss.php' not found or unable to stat
[Sun Feb 08 02:02:28.748925 2026] [php:error] [pid 46883] [client 194.5.82.70:0] script '/domains/miles.interport/wp-content.php' not found or unable to stat
[Sun Feb 08 02:02:28.960387 2026] [php:error] [pid 46883] [client 194.5.82.70:0] script '/domains/miles.interport/shx.php' not found or unable to stat
[Sun Feb 08 02:02:29.172696 2026] [php:error] [pid 46883] [client 194.5.82.70:0] script '/domains/miles.interport/priv8.php' not found or unable to stat
[Sun Feb 08 02:02:29.384441 2026] [php:error] [pid 46883] [client 194.5.82.70:0] script '/domains/miles.interport/wp-blog-header.php' not found or unable to stat
[Sun Feb 08 02:02:30.027378 2026] [php:error] [pid 46883] [client 194.5.82.70:0] script '/domains/miles.interport/browse.php' not found or unable to stat
[Sun Feb 08 02:02:30.666191 2026] [php:error] [pid 46857] [client 194.5.82.102:0] script '/domains/miles.interport/n.php' not found or unable to stat
[Sun Feb 08 02:02:31.127554 2026] [php:error] [pid 46857] [client 194.5.82.102:0] script '/domains/miles.interport/up4.php' not found or unable to stat
[Sun Feb 08 02:02:31.582767 2026] [php:error] [pid 46857] [client 194.5.82.102:0] script '/domains/miles.interport/sx.php' not found or unable to stat
[Sun Feb 08 02:02:32.008391 2026] [php:error] [pid 46857] [client 194.5.82.102:0] script '/domains/miles.interport/zz.php' not found or unable to stat
[Sun Feb 08 02:02:33.068931 2026] [php:error] [pid 46857] [client 194.5.82.102:0] script '/domains/miles.interport/assets/atomlib.php' not found or unable to stat
[Sun Feb 08 02:02:33.492561 2026] [php:error] [pid 46857] [client 194.5.82.102:0] script '/domains/miles.interport/goods.php' not found or unable to stat
[Sun Feb 08 02:02:34.342828 2026] [php:error] [pid 46857] [client 194.5.82.102:0] script '/domains/miles.interport/2.php' not found or unable to stat
[Sun Feb 08 02:02:34.768978 2026] [php:error] [pid 46857] [client 194.5.82.102:0] script '/domains/miles.interport/wp-class.php' not found or unable to stat
[Sun Feb 08 02:02:35.409149 2026] [php:error] [pid 46857] [client 194.5.82.102:0] script '/domains/miles.interport/ds.php' not found or unable to stat
[Sun Feb 08 02:02:35.621300 2026] [php:error] [pid 46857] [client 194.5.82.102:0] script '/domains/miles.interport/randkeyword.php' not found or unable to stat
[Sun Feb 08 02:02:35.833276 2026] [php:error] [pid 46857] [client 194.5.82.102:0] script '/domains/miles.interport/file.php' not found or unable to stat
[Sun Feb 08 02:02:36.256093 2026] [php:error] [pid 46857] [client 194.5.82.102:0] script '/domains/miles.interport/wb.php' not found or unable to stat
[Sun Feb 08 02:02:36.468326 2026] [php:error] [pid 46857] [client 194.5.82.102:0] script '/domains/miles.interport/sim.php' not found or unable to stat
[Sun Feb 08 02:02:36.894744 2026] [php:error] [pid 46857] [client 194.5.82.102:0] script '/domains/miles.interport/wander.php' not found or unable to stat
[Sun Feb 08 02:02:37.744779 2026] [php:error] [pid 46857] [client 194.5.82.102:0] script '/domains/miles.interport/assets/as.php' not found or unable to stat
[Sun Feb 08 02:02:38.382645 2026] [php:error] [pid 46857] [client 194.5.82.102:0] script '/domains/miles.interport/wp_wrong_datlib.php' not found or unable to stat
[Sun Feb 08 02:02:39.441242 2026] [php:error] [pid 46857] [client 194.5.82.102:0] script '/domains/miles.interport/plugin.php' not found or unable to stat
[Sun Feb 08 02:02:39.652055 2026] [php:error] [pid 46857] [client 194.5.82.102:0] script '/domains/miles.interport/admin.php' not found or unable to stat
