[Thu Feb 05 02:19:34.946372 2026] [php:error] [pid 82293] [client 4.147.187.31:0] script '/domains/system_suspended/wen.php' not found or unable to stat
[Thu Feb 05 02:19:35.158617 2026] [php:error] [pid 82293] [client 4.147.187.31:0] script '/domains/system_suspended/docs.php' not found or unable to stat
[Thu Feb 05 02:19:35.375314 2026] [php:error] [pid 82293] [client 4.147.187.31:0] script '/domains/system_suspended/000.php' not found or unable to stat
[Thu Feb 05 02:19:35.574974 2026] [php:error] [pid 82293] [client 4.147.187.31:0] script '/domains/system_suspended/bgymj.php' not found or unable to stat
[Thu Feb 05 02:19:35.820446 2026] [php:error] [pid 82293] [client 4.147.187.31:0] script '/domains/system_suspended/0x.php' not found or unable to stat
[Thu Feb 05 02:19:36.029315 2026] [php:error] [pid 82293] [client 4.147.187.31:0] script '/domains/system_suspended/wp-ait.php' not found or unable to stat
[Thu Feb 05 02:19:36.249460 2026] [php:error] [pid 82293] [client 4.147.187.31:0] script '/domains/system_suspended/test1.php' not found or unable to stat
[Thu Feb 05 02:19:36.449460 2026] [php:error] [pid 82293] [client 4.147.187.31:0] script '/domains/system_suspended/dex.php' not found or unable to stat
[Thu Feb 05 02:19:36.652130 2026] [php:error] [pid 82293] [client 4.147.187.31:0] script '/domains/system_suspended/xxm.php' not found or unable to stat
[Thu Feb 05 02:19:36.851255 2026] [php:error] [pid 82293] [client 4.147.187.31:0] script '/domains/system_suspended/size.php' not found or unable to stat
[Thu Feb 05 02:19:37.050360 2026] [php:error] [pid 82293] [client 4.147.187.31:0] script '/domains/system_suspended/wb.php' not found or unable to stat
[Thu Feb 05 02:19:37.488574 2026] [php:error] [pid 82293] [client 4.147.187.31:0] script '/domains/system_suspended/mini.php' not found or unable to stat
[Thu Feb 05 02:19:37.690918 2026] [php:error] [pid 82293] [client 4.147.187.31:0] script '/domains/system_suspended/v2.php' not found or unable to stat
[Thu Feb 05 02:19:38.131196 2026] [php:error] [pid 82293] [client 4.147.187.31:0] script '/domains/system_suspended/img.php' not found or unable to stat
[Thu Feb 05 02:19:38.337998 2026] [php:error] [pid 82293] [client 4.147.187.31:0] script '/domains/system_suspended/yifsx.php' not found or unable to stat
[Thu Feb 05 02:19:38.545457 2026] [php:error] [pid 82293] [client 4.147.187.31:0] script '/domains/system_suspended/sym403.php' not found or unable to stat
[Thu Feb 05 02:19:38.764513 2026] [php:error] [pid 82293] [client 4.147.187.31:0] script '/domains/system_suspended/ans.php' not found or unable to stat
[Thu Feb 05 02:19:39.168838 2026] [php:error] [pid 82293] [client 4.147.187.31:0] script '/domains/system_suspended/classwithtostring.php' not found or unable to stat
[Thu Feb 05 02:19:39.637814 2026] [php:error] [pid 82293] [client 4.147.187.31:0] script '/domains/system_suspended/cong.php' not found or unable to stat
[Thu Feb 05 02:19:39.838993 2026] [php:error] [pid 82293] [client 4.147.187.31:0] script '/domains/system_suspended/zoo.php' not found or unable to stat
[Thu Feb 05 02:19:40.057077 2026] [php:error] [pid 82293] [client 4.147.187.31:0] script '/domains/system_suspended/rum.php' not found or unable to stat
[Thu Feb 05 02:19:40.478904 2026] [php:error] [pid 82293] [client 4.147.187.31:0] script '/domains/system_suspended/zwso.php' not found or unable to stat
[Thu Feb 05 02:19:40.678565 2026] [php:error] [pid 82293] [client 4.147.187.31:0] script '/domains/system_suspended/yr.PHP' not found or unable to stat
[Thu Feb 05 02:19:40.886730 2026] [php:error] [pid 82293] [client 4.147.187.31:0] script '/domains/system_suspended/8xyz.php' not found or unable to stat
[Thu Feb 05 02:19:41.484735 2026] [php:error] [pid 82293] [client 4.147.187.31:0] script '/domains/system_suspended/styles.php' not found or unable to stat
[Thu Feb 05 02:19:41.894180 2026] [php:error] [pid 82293] [client 4.147.187.31:0] script '/domains/system_suspended/aq.php' not found or unable to stat
[Thu Feb 05 02:19:42.093622 2026] [php:error] [pid 82293] [client 4.147.187.31:0] script '/domains/system_suspended/lock2.php' not found or unable to stat
[Thu Feb 05 02:19:42.293239 2026] [php:error] [pid 82293] [client 4.147.187.31:0] script '/domains/system_suspended/menu.php' not found or unable to stat
[Thu Feb 05 02:19:42.561930 2026] [php:error] [pid 82293] [client 4.147.187.31:0] script '/domains/system_suspended/vx.php' not found or unable to stat
[Thu Feb 05 02:19:42.770417 2026] [php:error] [pid 82293] [client 4.147.187.31:0] script '/domains/system_suspended/tmpls.php' not found or unable to stat
[Thu Feb 05 02:19:42.969859 2026] [php:error] [pid 82293] [client 4.147.187.31:0] script '/domains/system_suspended/xx.php' not found or unable to stat
[Thu Feb 05 02:19:43.169275 2026] [php:error] [pid 82293] [client 4.147.187.31:0] script '/domains/system_suspended/ran.php' not found or unable to stat
[Thu Feb 05 02:19:43.379116 2026] [php:error] [pid 82293] [client 4.147.187.31:0] script '/domains/system_suspended/priv.php' not found or unable to stat
[Thu Feb 05 02:19:43.578777 2026] [php:error] [pid 82293] [client 4.147.187.31:0] script '/domains/system_suspended/autoload_classmap.php' not found or unable to stat
[Thu Feb 05 02:19:43.804647 2026] [php:error] [pid 82293] [client 4.147.187.31:0] script '/domains/system_suspended/sim.php' not found or unable to stat
[Thu Feb 05 02:22:32.124065 2026] [php:error] [pid 82333] [client 4.194.217.214:0] script '/domains/pmglobal/file.php' not found or unable to stat
[Thu Feb 05 02:22:32.352072 2026] [php:error] [pid 82333] [client 4.194.217.214:0] script '/domains/pmglobal/class-db.php' not found or unable to stat
[Thu Feb 05 02:22:32.579917 2026] [php:error] [pid 82333] [client 4.194.217.214:0] script '/domains/pmglobal/27.php' not found or unable to stat
[Thu Feb 05 02:22:32.815724 2026] [php:error] [pid 82333] [client 4.194.217.214:0] script '/domains/pmglobal/ws64.php' not found or unable to stat
[Thu Feb 05 02:22:33.044290 2026] [php:error] [pid 82333] [client 4.194.217.214:0] script '/domains/pmglobal/bay11.php' not found or unable to stat
[Thu Feb 05 02:22:33.273464 2026] [php:error] [pid 82333] [client 4.194.217.214:0] script '/domains/pmglobal/41.php' not found or unable to stat
[Thu Feb 05 02:22:33.501863 2026] [php:error] [pid 82333] [client 4.194.217.214:0] script '/domains/pmglobal/zc-845.php' not found or unable to stat
[Thu Feb 05 02:22:33.729922 2026] [php:error] [pid 82333] [client 4.194.217.214:0] script '/domains/pmglobal/wsdxoeas.php' not found or unable to stat
[Thu Feb 05 02:22:33.920217 2026] [php:error] [pid 82341] [client 52.169.119.118:0] script '/domains/brenties/c.php' not found or unable to stat
[Thu Feb 05 02:22:33.957976 2026] [php:error] [pid 82333] [client 4.194.217.214:0] script '/domains/pmglobal/ww.php' not found or unable to stat
[Thu Feb 05 02:22:33.994510 2026] [php:error] [pid 82341] [client 52.169.119.118:0] script '/domains/brenties/x.php' not found or unable to stat
[Thu Feb 05 02:22:34.068910 2026] [php:error] [pid 82341] [client 52.169.119.118:0] script '/domains/brenties/k.php' not found or unable to stat
[Thu Feb 05 02:22:34.144076 2026] [php:error] [pid 82341] [client 52.169.119.118:0] script '/domains/brenties/prv8.php' not found or unable to stat
[Thu Feb 05 02:22:34.188357 2026] [php:error] [pid 82333] [client 4.194.217.214:0] script '/domains/pmglobal/mode.php' not found or unable to stat
[Thu Feb 05 02:22:34.218487 2026] [php:error] [pid 82341] [client 52.169.119.118:0] script '/domains/brenties/shlo.php' not found or unable to stat
[Thu Feb 05 02:22:34.293015 2026] [php:error] [pid 82341] [client 52.169.119.118:0] script '/domains/brenties/itil.php' not found or unable to stat
[Thu Feb 05 02:22:34.367666 2026] [php:error] [pid 82341] [client 52.169.119.118:0] script '/domains/brenties/jack.php' not found or unable to stat
[Thu Feb 05 02:22:34.430531 2026] [php:error] [pid 82333] [client 4.194.217.214:0] script '/domains/pmglobal/editor.php' not found or unable to stat
[Thu Feb 05 02:22:34.442138 2026] [php:error] [pid 82341] [client 52.169.119.118:0] script '/domains/brenties/sudo.php' not found or unable to stat
[Thu Feb 05 02:22:34.516512 2026] [php:error] [pid 82341] [client 52.169.119.118:0] script '/domains/brenties/law.php' not found or unable to stat
[Thu Feb 05 02:22:34.591532 2026] [php:error] [pid 82341] [client 52.169.119.118:0] script '/domains/brenties/wp-xx.php' not found or unable to stat
[Thu Feb 05 02:22:34.667042 2026] [php:error] [pid 82341] [client 52.169.119.118:0] script '/domains/brenties/st.php' not found or unable to stat
[Thu Feb 05 02:22:34.815610 2026] [php:error] [pid 82341] [client 52.169.119.118:0] script '/domains/brenties/oxse.php' not found or unable to stat
[Thu Feb 05 02:22:34.887473 2026] [php:error] [pid 82333] [client 4.194.217.214:0] script '/domains/pmglobal/star.php' not found or unable to stat
[Thu Feb 05 02:22:34.891047 2026] [php:error] [pid 82341] [client 52.169.119.118:0] script '/domains/brenties/dropdown.php' not found or unable to stat
[Thu Feb 05 02:22:34.965369 2026] [php:error] [pid 82341] [client 52.169.119.118:0] script '/domains/brenties/AxAo.php' not found or unable to stat
[Thu Feb 05 02:22:35.040011 2026] [php:error] [pid 82341] [client 52.169.119.118:0] script '/domains/brenties/assacc.php' not found or unable to stat
[Thu Feb 05 02:22:35.114300 2026] [php:error] [pid 82341] [client 52.169.119.118:0] script '/domains/brenties/men.php' not found or unable to stat
[Thu Feb 05 02:22:35.115897 2026] [php:error] [pid 82333] [client 4.194.217.214:0] script '/domains/pmglobal/yas.php' not found or unable to stat
[Thu Feb 05 02:22:35.188528 2026] [php:error] [pid 82341] [client 52.169.119.118:0] script '/domains/brenties/test2.php' not found or unable to stat
[Thu Feb 05 02:22:35.263789 2026] [php:error] [pid 82341] [client 52.169.119.118:0] script '/domains/brenties/v4.php' not found or unable to stat
[Thu Feb 05 02:22:35.338283 2026] [php:error] [pid 82341] [client 52.169.119.118:0] script '/domains/brenties/wo.php' not found or unable to stat
[Thu Feb 05 02:22:35.343555 2026] [php:error] [pid 82333] [client 4.194.217.214:0] script '/domains/pmglobal/timocra.php' not found or unable to stat
[Thu Feb 05 02:22:35.412719 2026] [php:error] [pid 82341] [client 52.169.119.118:0] script '/domains/brenties/whm-cp.php' not found or unable to stat
[Thu Feb 05 02:22:35.487203 2026] [php:error] [pid 82341] [client 52.169.119.118:0] script '/domains/brenties/pu.php' not found or unable to stat
[Thu Feb 05 02:22:35.561627 2026] [php:error] [pid 82341] [client 52.169.119.118:0] script '/domains/brenties/resp.php' not found or unable to stat
[Thu Feb 05 02:22:35.571700 2026] [php:error] [pid 82333] [client 4.194.217.214:0] script '/domains/pmglobal/lock1.php' not found or unable to stat
[Thu Feb 05 02:22:35.635989 2026] [php:error] [pid 82341] [client 52.169.119.118:0] script '/domains/brenties/za2.php' not found or unable to stat
[Thu Feb 05 02:22:35.711336 2026] [php:error] [pid 82341] [client 52.169.119.118:0] script '/domains/brenties/z.php' not found or unable to stat
[Thu Feb 05 02:22:35.787153 2026] [php:error] [pid 82341] [client 52.169.119.118:0] script '/domains/brenties/gmanz.php' not found or unable to stat
[Thu Feb 05 02:22:35.799396 2026] [php:error] [pid 82333] [client 4.194.217.214:0] script '/domains/pmglobal/content.php' not found or unable to stat
[Thu Feb 05 02:22:35.861576 2026] [php:error] [pid 82341] [client 52.169.119.118:0] script '/domains/brenties/zzz.php' not found or unable to stat
[Thu Feb 05 02:22:35.935962 2026] [php:error] [pid 82341] [client 52.169.119.118:0] script '/domains/brenties/codehu.php' not found or unable to stat
[Thu Feb 05 02:22:36.010108 2026] [php:error] [pid 82341] [client 52.169.119.118:0] script '/domains/brenties/resp.php' not found or unable to stat
[Thu Feb 05 02:22:36.027110 2026] [php:error] [pid 82333] [client 4.194.217.214:0] script '/domains/pmglobal/atomlib.php' not found or unable to stat
[Thu Feb 05 02:22:36.255015 2026] [php:error] [pid 82333] [client 4.194.217.214:0] script '/domains/pmglobal/wp-good.php' not found or unable to stat
[Thu Feb 05 02:22:36.309326 2026] [php:error] [pid 82341] [client 52.169.119.118:0] script '/domains/brenties/jga.php' not found or unable to stat
[Thu Feb 05 02:22:36.383743 2026] [php:error] [pid 82341] [client 52.169.119.118:0] script '/domains/brenties/an.php' not found or unable to stat
[Thu Feb 05 02:22:36.458275 2026] [php:error] [pid 82341] [client 52.169.119.118:0] script '/domains/brenties/bs5.php' not found or unable to stat
[Thu Feb 05 02:22:36.482778 2026] [php:error] [pid 82333] [client 4.194.217.214:0] script '/domains/pmglobal/1.php' not found or unable to stat
[Thu Feb 05 02:22:36.535611 2026] [php:error] [pid 82341] [client 52.169.119.118:0] script '/domains/brenties/ednse.php' not found or unable to stat
[Thu Feb 05 02:22:36.613161 2026] [php:error] [pid 82341] [client 52.169.119.118:0] script '/domains/brenties/fs.php' not found or unable to stat
[Thu Feb 05 02:22:36.687728 2026] [php:error] [pid 82341] [client 52.169.119.118:0] script '/domains/brenties/niett.php' not found or unable to stat
[Thu Feb 05 02:22:36.762580 2026] [php:error] [pid 82341] [client 52.169.119.118:0] script '/domains/brenties/puibr.php' not found or unable to stat
[Thu Feb 05 02:22:36.836925 2026] [php:error] [pid 82341] [client 52.169.119.118:0] script '/domains/brenties/past1.php' not found or unable to stat
[Thu Feb 05 02:22:36.911572 2026] [php:error] [pid 82341] [client 52.169.119.118:0] script '/domains/brenties/smp.php' not found or unable to stat
[Thu Feb 05 02:22:36.973259 2026] [php:error] [pid 82333] [client 4.194.217.214:0] script '/domains/pmglobal/muzu.php' not found or unable to stat
[Thu Feb 05 02:22:37.663506 2026] [php:error] [pid 82333] [client 4.194.217.214:0] script '/domains/pmglobal/wp-shirei.php' not found or unable to stat
[Thu Feb 05 02:22:37.891510 2026] [php:error] [pid 82333] [client 4.194.217.214:0] script '/domains/pmglobal/hlonk.php' not found or unable to stat
[Thu Feb 05 02:22:38.120119 2026] [php:error] [pid 82333] [client 4.194.217.214:0] script '/domains/pmglobal/ova.php' not found or unable to stat
[Thu Feb 05 02:22:38.348687 2026] [php:error] [pid 82333] [client 4.194.217.214:0] script '/domains/pmglobal/as.php' not found or unable to stat
[Thu Feb 05 02:22:38.576723 2026] [php:error] [pid 82333] [client 4.194.217.214:0] script '/domains/pmglobal/ioxi-o.php' not found or unable to stat
[Thu Feb 05 02:22:38.804619 2026] [php:error] [pid 82333] [client 4.194.217.214:0] script '/domains/pmglobal/ar.php' not found or unable to stat
[Thu Feb 05 02:22:39.032907 2026] [php:error] [pid 82333] [client 4.194.217.214:0] script '/domains/pmglobal/html.php' not found or unable to stat
[Thu Feb 05 02:22:39.261519 2026] [php:error] [pid 82333] [client 4.194.217.214:0] script '/domains/pmglobal/htio.php' not found or unable to stat
[Thu Feb 05 02:22:39.489721 2026] [php:error] [pid 82333] [client 4.194.217.214:0] script '/domains/pmglobal/xy.php' not found or unable to stat
[Thu Feb 05 02:22:39.717695 2026] [php:error] [pid 82333] [client 4.194.217.214:0] script '/domains/pmglobal/abc.php' not found or unable to stat
[Thu Feb 05 02:22:40.176060 2026] [php:error] [pid 82333] [client 4.194.217.214:0] script '/domains/pmglobal/403.php' not found or unable to stat
[Thu Feb 05 02:22:40.241450 2026] [php:error] [pid 82314] [client 89.187.162.178:0] script '/domains/tamara1/wp-login.php' not found or unable to stat
[Thu Feb 05 02:22:40.403889 2026] [php:error] [pid 82333] [client 4.194.217.214:0] script '/domains/pmglobal/buy.php' not found or unable to stat
[Thu Feb 05 02:22:40.859487 2026] [php:error] [pid 82333] [client 4.194.217.214:0] script '/domains/pmglobal/gtc.php' not found or unable to stat
[Thu Feb 05 02:22:41.088535 2026] [php:error] [pid 82333] [client 4.194.217.214:0] script '/domains/pmglobal/mk.php' not found or unable to stat
[Thu Feb 05 02:22:41.316533 2026] [php:error] [pid 82333] [client 4.194.217.214:0] script '/domains/pmglobal/wp-tot.php' not found or unable to stat
[Thu Feb 05 02:22:41.546552 2026] [php:error] [pid 82333] [client 4.194.217.214:0] script '/domains/pmglobal/gifclass.php' not found or unable to stat
[Thu Feb 05 02:22:41.774624 2026] [php:error] [pid 82333] [client 4.194.217.214:0] script '/domains/pmglobal/33.php' not found or unable to stat
[Thu Feb 05 02:22:42.002881 2026] [php:error] [pid 82333] [client 4.194.217.214:0] script '/domains/pmglobal/acxx.php' not found or unable to stat
[Thu Feb 05 02:22:42.230533 2026] [php:error] [pid 82333] [client 4.194.217.214:0] script '/domains/pmglobal/cah.php' not found or unable to stat
[Thu Feb 05 02:22:42.459225 2026] [php:error] [pid 82333] [client 4.194.217.214:0] script '/domains/pmglobal/gg.php' not found or unable to stat
[Thu Feb 05 02:22:42.915901 2026] [php:error] [pid 82333] [client 4.194.217.214:0] script '/domains/pmglobal/x7.php' not found or unable to stat
[Thu Feb 05 02:22:43.379215 2026] [php:error] [pid 82333] [client 4.194.217.214:0] script '/domains/pmglobal/wsd.php' not found or unable to stat
[Thu Feb 05 02:22:43.612606 2026] [php:error] [pid 82333] [client 4.194.217.214:0] script '/domains/pmglobal/panel.php' not found or unable to stat
[Thu Feb 05 02:22:43.841150 2026] [php:error] [pid 82333] [client 4.194.217.214:0] script '/domains/pmglobal/ty.php' not found or unable to stat
[Thu Feb 05 02:22:44.070395 2026] [php:error] [pid 82333] [client 4.194.217.214:0] script '/domains/pmglobal/rzki.php' not found or unable to stat
[Thu Feb 05 02:22:44.298637 2026] [php:error] [pid 82333] [client 4.194.217.214:0] script '/domains/pmglobal/zfile.php' not found or unable to stat
[Thu Feb 05 02:22:44.526564 2026] [php:error] [pid 82333] [client 4.194.217.214:0] script '/domains/pmglobal/yasnu.php' not found or unable to stat
[Thu Feb 05 02:22:44.758469 2026] [php:error] [pid 82333] [client 4.194.217.214:0] script '/domains/pmglobal/bs2.php' not found or unable to stat
[Thu Feb 05 02:22:44.989124 2026] [php:error] [pid 82333] [client 4.194.217.214:0] script '/domains/pmglobal/wp-load.php' not found or unable to stat
[Thu Feb 05 02:22:45.444717 2026] [php:error] [pid 82333] [client 4.194.217.214:0] script '/domains/pmglobal/cwclass.php' not found or unable to stat
[Thu Feb 05 02:22:45.673076 2026] [php:error] [pid 82333] [client 4.194.217.214:0] script '/domains/pmglobal/class.php' not found or unable to stat
[Thu Feb 05 02:22:45.901395 2026] [php:error] [pid 82333] [client 4.194.217.214:0] script '/domains/pmglobal/a2.php' not found or unable to stat
[Thu Feb 05 02:22:46.129493 2026] [php:error] [pid 82333] [client 4.194.217.214:0] script '/domains/pmglobal/503.php' not found or unable to stat
[Thu Feb 05 02:22:46.357329 2026] [php:error] [pid 82333] [client 4.194.217.214:0] script '/domains/pmglobal/wp-ann.php' not found or unable to stat
[Thu Feb 05 02:22:46.585675 2026] [php:error] [pid 82333] [client 4.194.217.214:0] script '/domains/pmglobal/xmrlpc.php' not found or unable to stat
[Thu Feb 05 02:22:46.814876 2026] [php:error] [pid 82333] [client 4.194.217.214:0] script '/domains/pmglobal/yawa.php' not found or unable to stat
[Thu Feb 05 02:22:47.043001 2026] [php:error] [pid 82333] [client 4.194.217.214:0] script '/domains/pmglobal/environment.php' not found or unable to stat
[Thu Feb 05 02:22:47.271095 2026] [php:error] [pid 82333] [client 4.194.217.214:0] script '/domains/pmglobal/indeex.php' not found or unable to stat
[Thu Feb 05 02:22:47.499325 2026] [php:error] [pid 82333] [client 4.194.217.214:0] script '/domains/pmglobal/custom-background.php' not found or unable to stat
[Thu Feb 05 02:22:47.727534 2026] [php:error] [pid 82333] [client 4.194.217.214:0] script '/domains/pmglobal/ziwopudm.php' not found or unable to stat
[Thu Feb 05 02:22:47.955597 2026] [php:error] [pid 82333] [client 4.194.217.214:0] script '/domains/pmglobal/fileupload.php' not found or unable to stat
[Thu Feb 05 02:22:48.183783 2026] [php:error] [pid 82333] [client 4.194.217.214:0] script '/domains/pmglobal/alfa-rex.php' not found or unable to stat
[Thu Feb 05 02:22:48.412801 2026] [php:error] [pid 82333] [client 4.194.217.214:0] script '/domains/pmglobal/yanz.php' not found or unable to stat
[Thu Feb 05 02:22:48.640863 2026] [php:error] [pid 82333] [client 4.194.217.214:0] script '/domains/pmglobal/class19.php' not found or unable to stat
[Thu Feb 05 02:22:48.868767 2026] [php:error] [pid 82333] [client 4.194.217.214:0] script '/domains/pmglobal/asasx.php' not found or unable to stat
[Thu Feb 05 02:22:49.096953 2026] [php:error] [pid 82333] [client 4.194.217.214:0] script '/domains/pmglobal/cczkdmdy.php' not found or unable to stat
[Thu Feb 05 02:22:49.324997 2026] [php:error] [pid 82333] [client 4.194.217.214:0] script '/domains/pmglobal/wbbw.php' not found or unable to stat
[Thu Feb 05 02:22:49.554471 2026] [php:error] [pid 82333] [client 4.194.217.214:0] script '/domains/pmglobal/item.php' not found or unable to stat
[Thu Feb 05 02:22:49.782386 2026] [php:error] [pid 82333] [client 4.194.217.214:0] script '/domains/pmglobal/alfashell.php' not found or unable to stat
[Thu Feb 05 02:22:49.847078 2026] [php:error] [pid 82303] [client 111.90.247.246:0] script '/domains/rextrav/xmlrpc.php' not found or unable to stat
[Thu Feb 05 02:22:50.468092 2026] [php:error] [pid 82333] [client 4.194.217.214:0] script '/domains/pmglobal/akcc.php' not found or unable to stat
[Thu Feb 05 02:22:50.696527 2026] [php:error] [pid 82333] [client 4.194.217.214:0] script '/domains/pmglobal/aboutc.php' not found or unable to stat
[Thu Feb 05 02:22:50.931169 2026] [php:error] [pid 82333] [client 4.194.217.214:0] script '/domains/pmglobal/ccou.php' not found or unable to stat
[Thu Feb 05 02:22:51.162984 2026] [php:error] [pid 82333] [client 4.194.217.214:0] script '/domains/pmglobal/oo.php' not found or unable to stat
[Thu Feb 05 02:22:51.618598 2026] [php:error] [pid 82333] [client 4.194.217.214:0] script '/domains/pmglobal/okxh.php' not found or unable to stat
[Thu Feb 05 02:22:51.846749 2026] [php:error] [pid 82333] [client 4.194.217.214:0] script '/domains/pmglobal/log.php' not found or unable to stat
[Thu Feb 05 02:22:52.074516 2026] [php:error] [pid 82333] [client 4.194.217.214:0] script '/domains/pmglobal/gettest.php' not found or unable to stat
[Thu Feb 05 02:22:52.302407 2026] [php:error] [pid 82333] [client 4.194.217.214:0] script '/domains/pmglobal/set.php' not found or unable to stat
[Thu Feb 05 02:22:52.530510 2026] [php:error] [pid 82333] [client 4.194.217.214:0] script '/domains/pmglobal/ioxi.php' not found or unable to stat
[Thu Feb 05 02:22:53.214891 2026] [php:error] [pid 82333] [client 4.194.217.214:0] script '/domains/pmglobal/living.php' not found or unable to stat
[Thu Feb 05 02:22:53.442681 2026] [php:error] [pid 82333] [client 4.194.217.214:0] script '/domains/pmglobal/elp.php' not found or unable to stat
[Thu Feb 05 02:22:53.670316 2026] [php:error] [pid 82333] [client 4.194.217.214:0] script '/domains/pmglobal/dev1s.php' not found or unable to stat
[Thu Feb 05 02:22:53.897848 2026] [php:error] [pid 82333] [client 4.194.217.214:0] script '/domains/pmglobal/az.php' not found or unable to stat
[Thu Feb 05 02:22:54.125762 2026] [php:error] [pid 82333] [client 4.194.217.214:0] script '/domains/pmglobal/yaiid.php' not found or unable to stat
[Thu Feb 05 02:22:54.353754 2026] [php:error] [pid 82333] [client 4.194.217.214:0] script '/domains/pmglobal/siteheads.php' not found or unable to stat
[Thu Feb 05 02:22:54.582143 2026] [php:error] [pid 82333] [client 4.194.217.214:0] script '/domains/pmglobal/zzxy.php' not found or unable to stat
[Thu Feb 05 02:22:54.811482 2026] [php:error] [pid 82333] [client 4.194.217.214:0] script '/domains/pmglobal/about.php' not found or unable to stat
[Thu Feb 05 02:22:55.260362 2026] [php:error] [pid 82343] [client 4.194.217.214:0] script '/domains/pmglobal/revision.php' not found or unable to stat
[Thu Feb 05 02:22:55.485533 2026] [php:error] [pid 82343] [client 4.194.217.214:0] script '/domains/pmglobal/abcd.php' not found or unable to stat
[Thu Feb 05 02:22:55.709103 2026] [php:error] [pid 82343] [client 4.194.217.214:0] script '/domains/pmglobal/wp-4doption1.php' not found or unable to stat
[Thu Feb 05 02:22:56.379192 2026] [php:error] [pid 82343] [client 4.194.217.214:0] script '/domains/pmglobal/kdgok.php' not found or unable to stat
[Thu Feb 05 02:22:56.602694 2026] [php:error] [pid 82343] [client 4.194.217.214:0] script '/domains/pmglobal/wp-themes.php' not found or unable to stat
[Thu Feb 05 02:22:56.826850 2026] [php:error] [pid 82343] [client 4.194.217.214:0] script '/domains/pmglobal/backup.php' not found or unable to stat
[Thu Feb 05 02:22:57.273905 2026] [php:error] [pid 82343] [client 4.194.217.214:0] script '/domains/pmglobal/dropdown.php' not found or unable to stat
[Thu Feb 05 02:22:57.497384 2026] [php:error] [pid 82343] [client 4.194.217.214:0] script '/domains/pmglobal/sx.php' not found or unable to stat
[Thu Feb 05 02:22:57.945621 2026] [php:error] [pid 82343] [client 4.194.217.214:0] script '/domains/pmglobal/wp-site.php' not found or unable to stat
[Thu Feb 05 02:22:58.169951 2026] [php:error] [pid 82343] [client 4.194.217.214:0] script '/domains/pmglobal/fck.php' not found or unable to stat
[Thu Feb 05 02:22:58.393353 2026] [php:error] [pid 82343] [client 4.194.217.214:0] script '/domains/pmglobal/zr.php' not found or unable to stat
[Thu Feb 05 02:22:58.617213 2026] [php:error] [pid 82343] [client 4.194.217.214:0] script '/domains/pmglobal/12.php' not found or unable to stat
[Thu Feb 05 02:22:58.840614 2026] [php:error] [pid 82343] [client 4.194.217.214:0] script '/domains/pmglobal/hilk.php' not found or unable to stat
[Thu Feb 05 02:22:59.288386 2026] [php:error] [pid 82343] [client 4.194.217.214:0] script '/domains/pmglobal/baixy.php' not found or unable to stat
[Thu Feb 05 02:22:59.734972 2026] [php:error] [pid 82343] [client 4.194.217.214:0] script '/domains/pmglobal/wen.php' not found or unable to stat
[Thu Feb 05 02:22:59.959852 2026] [php:error] [pid 82343] [client 4.194.217.214:0] script '/domains/pmglobal/docs.php' not found or unable to stat
[Thu Feb 05 02:23:00.183344 2026] [php:error] [pid 82343] [client 4.194.217.214:0] script '/domains/pmglobal/000.php' not found or unable to stat
[Thu Feb 05 02:23:00.406682 2026] [php:error] [pid 82343] [client 4.194.217.214:0] script '/domains/pmglobal/aaa.php' not found or unable to stat
[Thu Feb 05 02:23:00.630321 2026] [php:error] [pid 82343] [client 4.194.217.214:0] script '/domains/pmglobal/bgymj.php' not found or unable to stat
[Thu Feb 05 02:23:00.855766 2026] [php:error] [pid 82343] [client 4.194.217.214:0] script '/domains/pmglobal/0x.php' not found or unable to stat
[Thu Feb 05 02:23:01.079969 2026] [php:error] [pid 82343] [client 4.194.217.214:0] script '/domains/pmglobal/wp-ait.php' not found or unable to stat
[Thu Feb 05 02:23:01.303776 2026] [php:error] [pid 82343] [client 4.194.217.214:0] script '/domains/pmglobal/test1.php' not found or unable to stat
[Thu Feb 05 02:23:01.527452 2026] [php:error] [pid 82343] [client 4.194.217.214:0] script '/domains/pmglobal/dex.php' not found or unable to stat
[Thu Feb 05 02:23:01.751267 2026] [php:error] [pid 82343] [client 4.194.217.214:0] script '/domains/pmglobal/xxm.php' not found or unable to stat
[Thu Feb 05 02:23:01.974821 2026] [php:error] [pid 82343] [client 4.194.217.214:0] script '/domains/pmglobal/size.php' not found or unable to stat
[Thu Feb 05 02:23:02.198154 2026] [php:error] [pid 82343] [client 4.194.217.214:0] script '/domains/pmglobal/wb.php' not found or unable to stat
[Thu Feb 05 02:23:02.645389 2026] [php:error] [pid 82343] [client 4.194.217.214:0] script '/domains/pmglobal/mini.php' not found or unable to stat
[Thu Feb 05 02:23:02.869281 2026] [php:error] [pid 82343] [client 4.194.217.214:0] script '/domains/pmglobal/v2.php' not found or unable to stat
[Thu Feb 05 02:23:03.331081 2026] [php:error] [pid 82343] [client 4.194.217.214:0] script '/domains/pmglobal/img.php' not found or unable to stat
[Thu Feb 05 02:23:03.554650 2026] [php:error] [pid 82343] [client 4.194.217.214:0] script '/domains/pmglobal/yifsx.php' not found or unable to stat
[Thu Feb 05 02:23:03.779071 2026] [php:error] [pid 82343] [client 4.194.217.214:0] script '/domains/pmglobal/sym403.php' not found or unable to stat
[Thu Feb 05 02:23:04.002817 2026] [php:error] [pid 82343] [client 4.194.217.214:0] script '/domains/pmglobal/ans.php' not found or unable to stat
[Thu Feb 05 02:23:04.226418 2026] [php:error] [pid 82343] [client 4.194.217.214:0] script '/domains/pmglobal/classwithtostring.php' not found or unable to stat
[Thu Feb 05 02:23:04.450377 2026] [php:error] [pid 82343] [client 4.194.217.214:0] script '/domains/pmglobal/cong.php' not found or unable to stat
[Thu Feb 05 02:23:04.674217 2026] [php:error] [pid 82343] [client 4.194.217.214:0] script '/domains/pmglobal/zoo.php' not found or unable to stat
[Thu Feb 05 02:23:04.897731 2026] [php:error] [pid 82343] [client 4.194.217.214:0] script '/domains/pmglobal/rum.php' not found or unable to stat
[Thu Feb 05 02:23:05.344891 2026] [php:error] [pid 82343] [client 4.194.217.214:0] script '/domains/pmglobal/zwso.php' not found or unable to stat
[Thu Feb 05 02:23:05.568433 2026] [php:error] [pid 82343] [client 4.194.217.214:0] script '/domains/pmglobal/yr.PHP' not found or unable to stat
[Thu Feb 05 02:23:05.792606 2026] [php:error] [pid 82343] [client 4.194.217.214:0] script '/domains/pmglobal/8xyz.php' not found or unable to stat
[Thu Feb 05 02:23:06.467145 2026] [php:error] [pid 82343] [client 4.194.217.214:0] script '/domains/pmglobal/styles.php' not found or unable to stat
[Thu Feb 05 02:23:06.914498 2026] [php:error] [pid 82343] [client 4.194.217.214:0] script '/domains/pmglobal/aq.php' not found or unable to stat
[Thu Feb 05 02:23:07.138214 2026] [php:error] [pid 82343] [client 4.194.217.214:0] script '/domains/pmglobal/lock2.php' not found or unable to stat
[Thu Feb 05 02:23:07.362642 2026] [php:error] [pid 82343] [client 4.194.217.214:0] script '/domains/pmglobal/menu.php' not found or unable to stat
[Thu Feb 05 02:23:07.586244 2026] [php:error] [pid 82343] [client 4.194.217.214:0] script '/domains/pmglobal/vx.php' not found or unable to stat
[Thu Feb 05 02:23:07.809682 2026] [php:error] [pid 82343] [client 4.194.217.214:0] script '/domains/pmglobal/tmpls.php' not found or unable to stat
[Thu Feb 05 02:23:08.033869 2026] [php:error] [pid 82343] [client 4.194.217.214:0] script '/domains/pmglobal/xx.php' not found or unable to stat
[Thu Feb 05 02:23:08.257209 2026] [php:error] [pid 82343] [client 4.194.217.214:0] script '/domains/pmglobal/ran.php' not found or unable to stat
[Thu Feb 05 02:23:08.480875 2026] [php:error] [pid 82343] [client 4.194.217.214:0] script '/domains/pmglobal/priv.php' not found or unable to stat
[Thu Feb 05 02:23:08.704848 2026] [php:error] [pid 82343] [client 4.194.217.214:0] script '/domains/pmglobal/autoload_classmap.php' not found or unable to stat
[Thu Feb 05 02:23:08.928830 2026] [php:error] [pid 82343] [client 4.194.217.214:0] script '/domains/pmglobal/sim.php' not found or unable to stat
[Thu Feb 05 02:23:40.343256 2026] [php:error] [pid 82314] [client 34.147.100.101:0] script '/domains/hdickens.enteract/kmnj.php' not found or unable to stat
[Thu Feb 05 02:23:54.545071 2026] [php:error] [pid 82354] [client 88.89.67.172:0] script '/domains/hdickens.enteract/kmnj.php' not found or unable to stat
[Thu Feb 05 02:23:55.962245 2026] [php:error] [pid 82354] [client 88.89.67.172:0] script '/domains/hdickens.enteract/kmnj.php' not found or unable to stat
[Thu Feb 05 02:27:53.011474 2026] [php:error] [pid 82373] [client 104.28.246.53:0] script '/domains/system_default/style.php' not found or unable to stat
[Thu Feb 05 02:27:53.659658 2026] [php:error] [pid 82373] [client 104.28.246.53:0] script '/domains/system_default/chosen.php' not found or unable to stat
[Thu Feb 05 02:27:53.780901 2026] [php:error] [pid 82373] [client 104.28.246.53:0] script '/domains/system_default/file.php' not found or unable to stat
[Thu Feb 05 02:27:53.911308 2026] [php:error] [pid 82373] [client 104.28.246.53:0] script '/domains/system_default/flower.php' not found or unable to stat
[Thu Feb 05 02:27:54.032919 2026] [php:error] [pid 82373] [client 104.28.246.53:0] script '/domains/system_default/gifclass.php' not found or unable to stat
[Thu Feb 05 02:27:54.153861 2026] [php:error] [pid 82373] [client 104.28.246.53:0] script '/domains/system_default/bless.php' not found or unable to stat
[Thu Feb 05 02:27:54.275564 2026] [php:error] [pid 82373] [client 104.28.246.53:0] script '/domains/system_default/class-t.api.php' not found or unable to stat
[Thu Feb 05 02:27:54.407169 2026] [php:error] [pid 82373] [client 104.28.246.53:0] script '/domains/system_default/blurbs.php' not found or unable to stat
[Thu Feb 05 02:27:54.538862 2026] [php:error] [pid 82373] [client 104.28.246.53:0] script '/domains/system_default/akcc.php' not found or unable to stat
[Thu Feb 05 02:27:54.659959 2026] [php:error] [pid 82373] [client 104.28.246.53:0] script '/domains/system_default/abcd.php' not found or unable to stat
[Thu Feb 05 02:27:54.788825 2026] [php:error] [pid 82373] [client 104.28.246.53:0] script '/domains/system_default/shelp.php' not found or unable to stat
[Thu Feb 05 02:27:54.910907 2026] [php:error] [pid 82373] [client 104.28.246.53:0] script '/domains/system_default/cord.php' not found or unable to stat
[Thu Feb 05 02:27:55.007331 2026] [php:error] [pid 82357] [client 104.28.235.58:0] script '/domains/nsmd2/style.php' not found or unable to stat
[Thu Feb 05 02:27:55.031674 2026] [php:error] [pid 82373] [client 104.28.246.53:0] script '/domains/system_default/dex.php' not found or unable to stat
[Thu Feb 05 02:27:55.277849 2026] [php:error] [pid 82373] [client 104.28.246.53:0] script '/domains/system_default/file2.php' not found or unable to stat
[Thu Feb 05 02:27:55.352223 2026] [php:error] [pid 82357] [client 104.28.235.58:0] script '/domains/nsmd2/chosen.php' not found or unable to stat
[Thu Feb 05 02:27:55.399710 2026] [php:error] [pid 82373] [client 104.28.246.53:0] script '/domains/system_default/zwso.php' not found or unable to stat
[Thu Feb 05 02:27:55.470368 2026] [php:error] [pid 82357] [client 104.28.235.58:0] script '/domains/nsmd2/file.php' not found or unable to stat
[Thu Feb 05 02:27:55.543727 2026] [php:error] [pid 82357] [client 104.28.235.58:0] script '/domains/nsmd2/flower.php' not found or unable to stat
[Thu Feb 05 02:27:55.638829 2026] [php:error] [pid 82357] [client 104.28.235.58:0] script '/domains/nsmd2/gifclass.php' not found or unable to stat
[Thu Feb 05 02:27:55.711687 2026] [php:error] [pid 82357] [client 104.28.235.58:0] script '/domains/nsmd2/bless.php' not found or unable to stat
[Thu Feb 05 02:27:55.762263 2026] [php:error] [pid 82373] [client 104.28.246.53:0] script '/domains/system_default/bolt.php' not found or unable to stat
[Thu Feb 05 02:27:55.780585 2026] [php:error] [pid 82357] [client 104.28.235.58:0] script '/domains/nsmd2/class-t.api.php' not found or unable to stat
[Thu Feb 05 02:27:55.846361 2026] [php:error] [pid 82357] [client 104.28.235.58:0] script '/domains/nsmd2/blurbs.php' not found or unable to stat
[Thu Feb 05 02:27:55.884226 2026] [php:error] [pid 82373] [client 104.28.246.53:0] script '/domains/system_default/shlo.php' not found or unable to stat
[Thu Feb 05 02:27:55.971369 2026] [php:error] [pid 82357] [client 104.28.235.58:0] script '/domains/nsmd2/akcc.php' not found or unable to stat
[Thu Feb 05 02:27:56.007006 2026] [php:error] [pid 82373] [client 104.28.246.53:0] script '/domains/system_default/133.php' not found or unable to stat
[Thu Feb 05 02:27:56.099379 2026] [php:error] [pid 82357] [client 104.28.235.58:0] script '/domains/nsmd2/abcd.php' not found or unable to stat
[Thu Feb 05 02:27:56.129888 2026] [php:error] [pid 82373] [client 104.28.246.53:0] script '/domains/system_default/ahax.php' not found or unable to stat
[Thu Feb 05 02:27:56.231639 2026] [php:error] [pid 82357] [client 104.28.235.58:0] script '/domains/nsmd2/shelp.php' not found or unable to stat
[Thu Feb 05 02:27:56.252089 2026] [php:error] [pid 82373] [client 104.28.246.53:0] script '/domains/system_default/php8.php' not found or unable to stat
[Thu Feb 05 02:27:56.347900 2026] [php:error] [pid 82357] [client 104.28.235.58:0] script '/domains/nsmd2/cord.php' not found or unable to stat
[Thu Feb 05 02:27:56.383760 2026] [php:error] [pid 82373] [client 104.28.246.53:0] script '/domains/system_default/lufix1.php' not found or unable to stat
[Thu Feb 05 02:27:56.413671 2026] [php:error] [pid 82357] [client 104.28.235.58:0] script '/domains/nsmd2/dex.php' not found or unable to stat
[Thu Feb 05 02:27:56.503873 2026] [php:error] [pid 82373] [client 104.28.246.53:0] script '/domains/system_default/witmm.php' not found or unable to stat
[Thu Feb 05 02:27:56.547118 2026] [php:error] [pid 82357] [client 104.28.235.58:0] script '/domains/nsmd2/file2.php' not found or unable to stat
[Thu Feb 05 02:27:56.618291 2026] [php:error] [pid 82357] [client 104.28.235.58:0] script '/domains/nsmd2/zwso.php' not found or unable to stat
[Thu Feb 05 02:27:56.862763 2026] [php:error] [pid 82357] [client 104.28.235.58:0] script '/domains/nsmd2/bolt.php' not found or unable to stat
[Thu Feb 05 02:27:56.928454 2026] [php:error] [pid 82357] [client 104.28.235.58:0] script '/domains/nsmd2/shlo.php' not found or unable to stat
[Thu Feb 05 02:27:56.994643 2026] [php:error] [pid 82357] [client 104.28.235.58:0] script '/domains/nsmd2/133.php' not found or unable to stat
[Thu Feb 05 02:27:57.013341 2026] [php:error] [pid 82373] [client 104.28.246.53:0] script '/domains/system_default/ioxi-o.php' not found or unable to stat
[Thu Feb 05 02:27:57.061204 2026] [php:error] [pid 82357] [client 104.28.235.58:0] script '/domains/nsmd2/ahax.php' not found or unable to stat
[Thu Feb 05 02:27:57.128763 2026] [php:error] [pid 82357] [client 104.28.235.58:0] script '/domains/nsmd2/php8.php' not found or unable to stat
[Thu Feb 05 02:27:57.144615 2026] [php:error] [pid 82373] [client 104.28.246.53:0] script '/domains/system_default/222.php' not found or unable to stat
[Thu Feb 05 02:27:57.194123 2026] [php:error] [pid 82357] [client 104.28.235.58:0] script '/domains/nsmd2/lufix1.php' not found or unable to stat
[Thu Feb 05 02:27:57.276680 2026] [php:error] [pid 82373] [client 104.28.246.53:0] script '/domains/system_default/files.php' not found or unable to stat
[Thu Feb 05 02:27:57.316345 2026] [php:error] [pid 82357] [client 104.28.235.58:0] script '/domains/nsmd2/witmm.php' not found or unable to stat
[Thu Feb 05 02:27:57.366873 2026] [php:error] [pid 82377] [client 5.102.96.87:0] script '/domains/deltaele/carbuyaction.php' not found or unable to stat
[Thu Feb 05 02:27:57.366884 2026] [php:error] [pid 82369] [client 5.102.96.87:0] script '/domains/deltaele/download.php' not found or unable to stat
[Thu Feb 05 02:27:57.396902 2026] [php:error] [pid 82373] [client 104.28.246.53:0] script '/domains/system_default/wp-editor.php' not found or unable to stat
[Thu Feb 05 02:27:57.516951 2026] [php:error] [pid 82373] [client 104.28.246.53:0] script '/domains/system_default/txets.php' not found or unable to stat
[Thu Feb 05 02:27:57.801328 2026] [php:error] [pid 82357] [client 104.28.235.58:0] script '/domains/nsmd2/ioxi-o.php' not found or unable to stat
[Thu Feb 05 02:27:57.911021 2026] [php:error] [pid 82373] [client 104.28.246.53:0] script '/domains/system_default/postnews.php' not found or unable to stat
[Thu Feb 05 02:27:57.911868 2026] [php:error] [pid 82357] [client 104.28.235.58:0] script '/domains/nsmd2/222.php' not found or unable to stat
[Thu Feb 05 02:27:57.978425 2026] [php:error] [pid 82357] [client 104.28.235.58:0] script '/domains/nsmd2/files.php' not found or unable to stat
[Thu Feb 05 02:27:58.100755 2026] [php:error] [pid 82357] [client 104.28.235.58:0] script '/domains/nsmd2/wp-editor.php' not found or unable to stat
[Thu Feb 05 02:27:58.209475 2026] [php:error] [pid 82357] [client 104.28.235.58:0] script '/domains/nsmd2/txets.php' not found or unable to stat
[Thu Feb 05 02:27:58.510262 2026] [php:error] [pid 82357] [client 104.28.235.58:0] script '/domains/nsmd2/postnews.php' not found or unable to stat
[Thu Feb 05 02:28:00.416293 2026] [php:error] [pid 82375] [client 185.242.3.2:0] script '/domains/markrose/txets.php' not found or unable to stat
[Thu Feb 05 02:28:03.488148 2026] [php:error] [pid 82367] [client 185.242.3.2:0] script '/domains/markrose/schallfuns.php' not found or unable to stat
[Thu Feb 05 02:28:04.337339 2026] [php:error] [pid 82361] [client 185.242.3.2:0] script '/domains/markrose/postnews.php' not found or unable to stat
[Thu Feb 05 02:29:05.121913 2026] [include:error] [pid 82397] [client 178.20.45.182:0] AH01371: unknown directive "code" in parsed doc /domains/testregisgroup/contactUs/index.shtml, referer: http://regisgroup.org/contactUs/
[Thu Feb 05 02:29:05.121944 2026] [include:error] [pid 82397] [client 178.20.45.182:0] AH01371: unknown directive "#code" in parsed doc /domains/testregisgroup/contactUs/index.shtml, referer: http://regisgroup.org/contactUs/
[Thu Feb 05 02:29:05.121951 2026] [include:error] [pid 82397] [client 178.20.45.182:0] AH01371: unknown directive "code" in parsed doc /domains/testregisgroup/contactUs/index.shtml, referer: http://regisgroup.org/contactUs/
[Thu Feb 05 02:29:05.121957 2026] [include:error] [pid 82397] [client 178.20.45.182:0] AH01371: unknown directive "code" in parsed doc /domains/testregisgroup/contactUs/index.shtml, referer: http://regisgroup.org/contactUs/
[Thu Feb 05 02:30:07.421035 2026] [php:error] [pid 82403] [client 216.75.132.78:0] script '/domains/hdickens.enteract/kmnj.php' not found or unable to stat
[Thu Feb 05 02:30:08.543977 2026] [php:error] [pid 82410] [client 216.75.132.177:0] script '/domains/hdickens.enteract/kmnj.php' not found or unable to stat
[Thu Feb 05 02:30:09.905236 2026] [php:error] [pid 82384] [client 216.75.132.237:0] script '/domains/hdickens.enteract/kmnj.php' not found or unable to stat
[Thu Feb 05 02:30:36.377533 2026] [php:error] [pid 82410] [client 5.102.96.87:0] script '/domains/piltdweb1/download.php' not found or unable to stat
[Thu Feb 05 02:30:36.377851 2026] [php:error] [pid 82414] [client 5.102.96.87:0] script '/domains/piltdweb1/carbuyaction.php' not found or unable to stat
[Thu Feb 05 02:31:26.441654 2026] [php:error] [pid 82428] [client 45.148.10.244:0] script '/domains/redpeninc/phpinfo.php' not found or unable to stat
[Thu Feb 05 02:31:32.913733 2026] [php:error] [pid 82434] [client 45.148.10.244:0] script '/domains/redpeninc/_phpinfo.php' not found or unable to stat
[Thu Feb 05 02:31:40.279184 2026] [php:error] [pid 82440] [client 45.148.10.244:0] script '/domains/redpeninc/wp-config.php.bak' not found or unable to stat
[Thu Feb 05 02:31:40.367879 2026] [php:error] [pid 82440] [client 45.148.10.244:0] script '/domains/redpeninc/info.php' not found or unable to stat
[Thu Feb 05 02:31:40.913331 2026] [php:error] [pid 82440] [client 45.148.10.244:0] script '/domains/redpeninc/server_info.php' not found or unable to stat
[Thu Feb 05 02:31:41.033374 2026] [php:error] [pid 82440] [client 45.148.10.244:0] script '/domains/redpeninc/app_dev.php' not found or unable to stat
[Thu Feb 05 02:31:41.144276 2026] [php:error] [pid 82440] [client 45.148.10.244:0] script '/domains/redpeninc/test.php' not found or unable to stat
[Thu Feb 05 02:31:41.532910 2026] [access_compat:error] [pid 82432] [client 45.148.10.244:0] AH01797: client denied by server configuration: /domains/redpeninc/server-info
[Thu Feb 05 02:31:41.898160 2026] [php:error] [pid 82439] [client 45.148.10.244:0] script '/domains/redpeninc/server-info.php' not found or unable to stat
[Thu Feb 05 02:31:51.590837 2026] [php:error] [pid 82433] [client 3.101.63.33:0] script '/domains/resourceandeventweb/connector.php' not found or unable to stat
[Thu Feb 05 02:32:40.878531 2026] [php:error] [pid 82433] [client 5.102.96.87:0] script '/domains/fifibear/download.php' not found or unable to stat
[Thu Feb 05 02:32:40.878554 2026] [php:error] [pid 82427] [client 5.102.96.87:0] script '/domains/fifibear/carbuyaction.php' not found or unable to stat
[Thu Feb 05 02:32:54.697723 2026] [php:error] [pid 82445] [client 195.178.110.109:0] script '/domains/rainho/phpinfo.php' not found or unable to stat
[Thu Feb 05 02:32:56.164126 2026] [php:error] [pid 82451] [client 195.178.110.109:0] script '/domains/rainho/_phpinfo.php' not found or unable to stat
[Thu Feb 05 02:33:10.927537 2026] [php:error] [pid 82445] [client 195.178.110.109:0] script '/domains/rainho/wp-config.php.bak' not found or unable to stat
[Thu Feb 05 02:33:11.257925 2026] [php:error] [pid 82445] [client 195.178.110.109:0] script '/domains/rainho/info.php' not found or unable to stat
[Thu Feb 05 02:33:12.817304 2026] [php:error] [pid 82448] [client 195.178.110.109:0] script '/domains/rainho/server_info.php' not found or unable to stat
[Thu Feb 05 02:33:12.984154 2026] [php:error] [pid 82448] [client 195.178.110.109:0] script '/domains/rainho/app_dev.php' not found or unable to stat
[Thu Feb 05 02:33:13.140674 2026] [php:error] [pid 82448] [client 195.178.110.109:0] script '/domains/rainho/test.php' not found or unable to stat
[Thu Feb 05 02:33:13.320733 2026] [access_compat:error] [pid 82448] [client 195.178.110.109:0] AH01797: client denied by server configuration: /domains/rainho/server-info
[Thu Feb 05 02:33:13.470725 2026] [php:error] [pid 82448] [client 195.178.110.109:0] script '/domains/rainho/server-info.php' not found or unable to stat
[Thu Feb 05 02:33:49.547566 2026] [php:error] [pid 82467] [client 20.213.24.235:0] script '/domains/awciii/zwso.php' not found or unable to stat
[Thu Feb 05 02:33:49.965895 2026] [php:error] [pid 82467] [client 20.213.24.235:0] script '/domains/awciii/class19.php' not found or unable to stat
[Thu Feb 05 02:33:50.489981 2026] [php:error] [pid 82467] [client 20.213.24.235:0] script '/domains/awciii/class20.php' not found or unable to stat
[Thu Feb 05 02:33:50.692392 2026] [php:error] [pid 82467] [client 20.213.24.235:0] script '/domains/awciii/admin.php' not found or unable to stat
[Thu Feb 05 02:33:50.895478 2026] [php:error] [pid 82467] [client 20.213.24.235:0] script '/domains/awciii/randkeyword.php' not found or unable to stat
[Thu Feb 05 02:33:51.100322 2026] [php:error] [pid 82467] [client 20.213.24.235:0] script '/domains/awciii/fwe.php' not found or unable to stat
[Thu Feb 05 02:33:51.547968 2026] [php:error] [pid 82467] [client 20.213.24.235:0] script '/domains/awciii/g.php' not found or unable to stat
[Thu Feb 05 02:33:51.750893 2026] [php:error] [pid 82467] [client 20.213.24.235:0] script '/domains/awciii/tx1.php' not found or unable to stat
[Thu Feb 05 02:33:51.953556 2026] [php:error] [pid 82467] [client 20.213.24.235:0] script '/domains/awciii/xv.php' not found or unable to stat
[Thu Feb 05 02:33:52.176878 2026] [php:error] [pid 82467] [client 20.213.24.235:0] script '/domains/awciii/x56.php' not found or unable to stat
[Thu Feb 05 02:33:52.379105 2026] [php:error] [pid 82467] [client 20.213.24.235:0] script '/domains/awciii/htaccess.php' not found or unable to stat
[Thu Feb 05 02:33:52.587283 2026] [php:error] [pid 82467] [client 20.213.24.235:0] script '/domains/awciii/readme.php' not found or unable to stat
[Thu Feb 05 02:33:52.789884 2026] [php:error] [pid 82467] [client 20.213.24.235:0] script '/domains/awciii/x50.php' not found or unable to stat
[Thu Feb 05 02:33:52.999880 2026] [php:error] [pid 82467] [client 20.213.24.235:0] script '/domains/awciii/fv.php' not found or unable to stat
[Thu Feb 05 02:33:53.205996 2026] [php:error] [pid 82467] [client 20.213.24.235:0] script '/domains/awciii/file.php' not found or unable to stat
[Thu Feb 05 02:33:53.408503 2026] [php:error] [pid 82467] [client 20.213.24.235:0] script '/domains/awciii/lsd.php' not found or unable to stat
[Thu Feb 05 02:33:53.642806 2026] [php:error] [pid 82467] [client 20.213.24.235:0] script '/domains/awciii/as.php' not found or unable to stat
[Thu Feb 05 02:33:53.846467 2026] [php:error] [pid 82467] [client 20.213.24.235:0] script '/domains/awciii/wsd.php' not found or unable to stat
[Thu Feb 05 02:33:54.066377 2026] [php:error] [pid 82467] [client 20.213.24.235:0] script '/domains/awciii/gtc.php' not found or unable to stat
[Thu Feb 05 02:33:54.271020 2026] [php:error] [pid 82467] [client 20.213.24.235:0] script '/domains/awciii/atx.php' not found or unable to stat
[Thu Feb 05 02:33:54.479730 2026] [php:error] [pid 82467] [client 20.213.24.235:0] script '/domains/awciii/z60.php' not found or unable to stat
[Thu Feb 05 02:33:54.682070 2026] [php:error] [pid 82467] [client 20.213.24.235:0] script '/domains/awciii/403.php' not found or unable to stat
[Thu Feb 05 02:33:54.884137 2026] [php:error] [pid 82467] [client 20.213.24.235:0] script '/domains/awciii/m.php' not found or unable to stat
[Thu Feb 05 02:33:55.088115 2026] [php:error] [pid 82467] [client 20.213.24.235:0] script '/domains/awciii/themes.php' not found or unable to stat
[Thu Feb 05 02:33:55.525566 2026] [core:crit] [pid 82462] (13)Permission denied: [client 216.244.66.247:0] AH00529: /domains/performancepartsinc/graphics/psd/.htaccess pcfg_openfile: unable to check htaccess file, ensure it is readable and that '/domains/performancepartsinc/graphics/psd/' is executable
[Thu Feb 05 02:33:56.001811 2026] [php:error] [pid 82467] [client 20.213.24.235:0] script '/domains/awciii/click.php' not found or unable to stat
[Thu Feb 05 02:33:56.412290 2026] [php:error] [pid 82467] [client 20.213.24.235:0] script '/domains/awciii/install.php' not found or unable to stat
[Thu Feb 05 02:33:56.709041 2026] [php:error] [pid 82467] [client 20.213.24.235:0] script '/domains/awciii/lv.php' not found or unable to stat
