[Thu Feb 05 05:00:44.719050 2026] [php:error] [pid 13018] [client 40.113.19.56:0] script '/domains/icrse/info.php' not found or unable to stat
[Thu Feb 05 05:00:44.791915 2026] [php:error] [pid 13018] [client 40.113.19.56:0] script '/domains/icrse/f5.php' not found or unable to stat
[Thu Feb 05 05:00:44.864687 2026] [php:error] [pid 13018] [client 40.113.19.56:0] script '/domains/icrse/sbhu.php' not found or unable to stat
[Thu Feb 05 05:00:44.938048 2026] [php:error] [pid 13018] [client 40.113.19.56:0] script '/domains/icrse/wp4.php' not found or unable to stat
[Thu Feb 05 05:00:45.011935 2026] [php:error] [pid 13018] [client 40.113.19.56:0] script '/domains/icrse/miansha.php' not found or unable to stat
[Thu Feb 05 05:00:45.157517 2026] [php:error] [pid 13018] [client 40.113.19.56:0] script '/domains/icrse/rip.php' not found or unable to stat
[Thu Feb 05 05:00:45.230300 2026] [php:error] [pid 13018] [client 40.113.19.56:0] script '/domains/icrse/goat.php' not found or unable to stat
[Thu Feb 05 05:00:45.303162 2026] [php:error] [pid 13018] [client 40.113.19.56:0] script '/domains/icrse/ffd.php' not found or unable to stat
[Thu Feb 05 05:00:45.451219 2026] [php:error] [pid 13018] [client 40.113.19.56:0] script '/domains/icrse/a1vx.php' not found or unable to stat
[Thu Feb 05 05:00:45.526169 2026] [php:error] [pid 13018] [client 40.113.19.56:0] script '/domains/icrse/zczv.php' not found or unable to stat
[Thu Feb 05 05:01:16.064288 2026] [php:error] [pid 13047] [client 103.118.252.234:0] script '/domains/druckrey/index.php' not found or unable to stat
[Thu Feb 05 05:01:44.511537 2026] [php:error] [pid 13052] [client 137.116.136.141:0] script '/domains/covertcomic/zwso.php' not found or unable to stat
[Thu Feb 05 05:01:44.982789 2026] [php:error] [pid 13052] [client 137.116.136.141:0] script '/domains/covertcomic/class19.php' not found or unable to stat
[Thu Feb 05 05:01:45.257533 2026] [php:error] [pid 13052] [client 137.116.136.141:0] script '/domains/covertcomic/class20.php' not found or unable to stat
[Thu Feb 05 05:01:45.488980 2026] [php:error] [pid 13052] [client 137.116.136.141:0] script '/domains/covertcomic/admin.php' not found or unable to stat
[Thu Feb 05 05:01:45.725455 2026] [php:error] [pid 13052] [client 137.116.136.141:0] script '/domains/covertcomic/randkeyword.php' not found or unable to stat
[Thu Feb 05 05:01:46.600659 2026] [php:error] [pid 13052] [client 137.116.136.141:0] script '/domains/covertcomic/fwe.php' not found or unable to stat
[Thu Feb 05 05:01:46.833341 2026] [php:error] [pid 13052] [client 137.116.136.141:0] script '/domains/covertcomic/images/m.php' not found or unable to stat
[Thu Feb 05 05:01:47.068860 2026] [php:error] [pid 13052] [client 137.116.136.141:0] script '/domains/covertcomic/g.php' not found or unable to stat
[Thu Feb 05 05:01:47.299229 2026] [php:error] [pid 13052] [client 137.116.136.141:0] script '/domains/covertcomic/tx1.php' not found or unable to stat
[Thu Feb 05 05:01:47.529450 2026] [php:error] [pid 13052] [client 137.116.136.141:0] script '/domains/covertcomic/xv.php' not found or unable to stat
[Thu Feb 05 05:01:47.757684 2026] [php:error] [pid 13052] [client 137.116.136.141:0] script '/domains/covertcomic/x56.php' not found or unable to stat
[Thu Feb 05 05:01:49.518648 2026] [php:error] [pid 13052] [client 137.116.136.141:0] script '/domains/covertcomic/htaccess.php' not found or unable to stat
[Thu Feb 05 05:01:49.750363 2026] [php:error] [pid 13052] [client 137.116.136.141:0] script '/domains/covertcomic/readme.php' not found or unable to stat
[Thu Feb 05 05:01:50.002438 2026] [php:error] [pid 13052] [client 137.116.136.141:0] script '/domains/covertcomic/x50.php' not found or unable to stat
[Thu Feb 05 05:01:50.257689 2026] [php:error] [pid 13052] [client 137.116.136.141:0] script '/domains/covertcomic/fv.php' not found or unable to stat
[Thu Feb 05 05:01:50.484487 2026] [php:error] [pid 13052] [client 137.116.136.141:0] script '/domains/covertcomic/file.php' not found or unable to stat
[Thu Feb 05 05:01:50.756075 2026] [php:error] [pid 13052] [client 137.116.136.141:0] script '/domains/covertcomic/lsd.php' not found or unable to stat
[Thu Feb 05 05:01:50.987580 2026] [php:error] [pid 13052] [client 137.116.136.141:0] script '/domains/covertcomic/as.php' not found or unable to stat
[Thu Feb 05 05:01:51.215039 2026] [php:error] [pid 13052] [client 137.116.136.141:0] script '/domains/covertcomic/wsd.php' not found or unable to stat
[Thu Feb 05 05:01:51.504160 2026] [php:error] [pid 13052] [client 137.116.136.141:0] script '/domains/covertcomic/gtc.php' not found or unable to stat
[Thu Feb 05 05:01:51.735569 2026] [php:error] [pid 13052] [client 137.116.136.141:0] script '/domains/covertcomic/atx.php' not found or unable to stat
[Thu Feb 05 05:01:51.974317 2026] [php:error] [pid 13052] [client 137.116.136.141:0] script '/domains/covertcomic/z60.php' not found or unable to stat
[Thu Feb 05 05:01:52.205449 2026] [php:error] [pid 13052] [client 137.116.136.141:0] script '/domains/covertcomic/403.php' not found or unable to stat
[Thu Feb 05 05:01:52.433078 2026] [php:error] [pid 13052] [client 137.116.136.141:0] script '/domains/covertcomic/m.php' not found or unable to stat
[Thu Feb 05 05:01:53.586379 2026] [php:error] [pid 13052] [client 137.116.136.141:0] script '/domains/covertcomic/themes.php' not found or unable to stat
[Thu Feb 05 05:01:54.277795 2026] [php:error] [pid 13052] [client 137.116.136.141:0] script '/domains/covertcomic/click.php' not found or unable to stat
[Thu Feb 05 05:01:54.522922 2026] [php:error] [pid 13052] [client 137.116.136.141:0] script '/domains/covertcomic/install.php' not found or unable to stat
[Thu Feb 05 05:01:54.786147 2026] [php:error] [pid 13052] [client 137.116.136.141:0] script '/domains/covertcomic/lv.php' not found or unable to stat
[Thu Feb 05 05:01:55.013231 2026] [php:error] [pid 13052] [client 137.116.136.141:0] script '/domains/covertcomic/simple.php' not found or unable to stat
[Thu Feb 05 05:01:56.296434 2026] [php:error] [pid 13052] [client 137.116.136.141:0] script '/domains/covertcomic/css.php' not found or unable to stat
[Thu Feb 05 05:01:56.525520 2026] [php:error] [pid 13052] [client 137.116.136.141:0] script '/domains/covertcomic/cong.php' not found or unable to stat
[Thu Feb 05 05:01:58.039342 2026] [php:error] [pid 13052] [client 137.116.136.141:0] script '/domains/covertcomic/cong.php' not found or unable to stat
[Thu Feb 05 05:01:58.273515 2026] [php:error] [pid 13052] [client 137.116.136.141:0] script '/domains/covertcomic/w.php' not found or unable to stat
[Thu Feb 05 05:01:58.500330 2026] [php:error] [pid 13052] [client 137.116.136.141:0] script '/domains/covertcomic/404.php' not found or unable to stat
[Thu Feb 05 05:01:58.727757 2026] [php:error] [pid 13052] [client 137.116.136.141:0] script '/domains/covertcomic/0x.php' not found or unable to stat
[Thu Feb 05 05:01:59.379188 2026] [php:error] [pid 13052] [client 137.116.136.141:0] script '/domains/covertcomic/css.php' not found or unable to stat
[Thu Feb 05 05:01:59.605966 2026] [php:error] [pid 13052] [client 137.116.136.141:0] script '/domains/covertcomic/222.php' not found or unable to stat
[Thu Feb 05 05:02:00.065342 2026] [php:error] [pid 13052] [client 137.116.136.141:0] script '/domains/covertcomic/admin.php' not found or unable to stat
[Thu Feb 05 05:02:00.565369 2026] [php:error] [pid 13052] [client 137.116.136.141:0] script '/domains/covertcomic/classwithtostring.php' not found or unable to stat
[Thu Feb 05 05:02:00.825043 2026] [php:error] [pid 13052] [client 137.116.136.141:0] script '/domains/covertcomic/abcd.php' not found or unable to stat
[Thu Feb 05 05:02:01.077486 2026] [php:error] [pid 13052] [client 137.116.136.141:0] script '/domains/covertcomic/autoload_classmap.php' not found or unable to stat
[Thu Feb 05 05:02:01.327136 2026] [php:error] [pid 13052] [client 137.116.136.141:0] script '/domains/covertcomic/inputs.php' not found or unable to stat
[Thu Feb 05 05:02:01.554771 2026] [php:error] [pid 13052] [client 137.116.136.141:0] script '/domains/covertcomic/about.php' not found or unable to stat
[Thu Feb 05 05:02:01.834603 2026] [php:error] [pid 13052] [client 137.116.136.141:0] script '/domains/covertcomic/alfa.php' not found or unable to stat
[Thu Feb 05 05:02:03.019125 2026] [php:error] [pid 13052] [client 137.116.136.141:0] script '/domains/covertcomic/manager.php' not found or unable to stat
[Thu Feb 05 05:02:03.245939 2026] [php:error] [pid 13052] [client 137.116.136.141:0] script '/domains/covertcomic/item.php' not found or unable to stat
[Thu Feb 05 05:02:03.703697 2026] [php:error] [pid 13052] [client 137.116.136.141:0] script '/domains/covertcomic/404.php' not found or unable to stat
[Thu Feb 05 05:02:03.931110 2026] [php:error] [pid 13052] [client 137.116.136.141:0] script '/domains/covertcomic/mail.php' not found or unable to stat
[Thu Feb 05 05:02:04.564354 2026] [php:error] [pid 13052] [client 137.116.136.141:0] script '/domains/covertcomic/sx.php' not found or unable to stat
[Thu Feb 05 05:02:05.025380 2026] [php:error] [pid 13052] [client 137.116.136.141:0] script '/domains/covertcomic/alfa.php' not found or unable to stat
[Thu Feb 05 05:02:05.276338 2026] [php:error] [pid 13052] [client 137.116.136.141:0] script '/domains/covertcomic/1.php' not found or unable to stat
[Thu Feb 05 05:02:05.503328 2026] [php:error] [pid 13052] [client 137.116.136.141:0] script '/domains/covertcomic/byp.php' not found or unable to stat
[Thu Feb 05 05:02:05.730095 2026] [php:error] [pid 13052] [client 137.116.136.141:0] script '/domains/covertcomic/wp-trackback.php' not found or unable to stat
[Thu Feb 05 05:02:07.152787 2026] [php:error] [pid 13052] [client 137.116.136.141:0] script '/domains/covertcomic/gmo.php' not found or unable to stat
[Thu Feb 05 05:02:09.984110 2026] [php:error] [pid 13052] [client 137.116.136.141:0] script '/domains/covertcomic/ww1.php' not found or unable to stat
[Thu Feb 05 05:02:12.048858 2026] [php:error] [pid 13058] [client 137.116.136.141:0] script '/domains/covertcomic/security.php' not found or unable to stat
[Thu Feb 05 05:02:15.770004 2026] [php:error] [pid 13058] [client 137.116.136.141:0] script '/domains/covertcomic/class.php' not found or unable to stat
[Thu Feb 05 05:02:16.036480 2026] [php:error] [pid 13058] [client 137.116.136.141:0] script '/domains/covertcomic/bless5.php' not found or unable to stat
[Thu Feb 05 05:02:16.724620 2026] [php:error] [pid 13058] [client 137.116.136.141:0] script '/domains/covertcomic/lock360.php' not found or unable to stat
[Thu Feb 05 05:02:16.963829 2026] [php:error] [pid 13058] [client 137.116.136.141:0] script '/domains/covertcomic/ioxi-o1.php' not found or unable to stat
[Thu Feb 05 05:02:17.227043 2026] [php:error] [pid 13058] [client 137.116.136.141:0] script '/domains/covertcomic/juuuu.php' not found or unable to stat
[Thu Feb 05 05:02:17.453251 2026] [php:error] [pid 13058] [client 137.116.136.141:0] script '/domains/covertcomic/ha.php' not found or unable to stat
[Thu Feb 05 05:02:17.679826 2026] [php:error] [pid 13058] [client 137.116.136.141:0] script '/domains/covertcomic/gg.php' not found or unable to stat
[Thu Feb 05 05:02:17.921140 2026] [php:error] [pid 13058] [client 137.116.136.141:0] script '/domains/covertcomic/we2.php' not found or unable to stat
[Thu Feb 05 05:02:18.351014 2026] [php:error] [pid 13058] [client 137.116.136.141:0] script '/domains/covertcomic/04.php' not found or unable to stat
[Thu Feb 05 05:02:18.578755 2026] [php:error] [pid 13058] [client 137.116.136.141:0] script '/domains/covertcomic/333.php' not found or unable to stat
[Thu Feb 05 05:02:18.805023 2026] [php:error] [pid 13058] [client 137.116.136.141:0] script '/domains/covertcomic/520.php' not found or unable to stat
[Thu Feb 05 05:02:19.031102 2026] [php:error] [pid 13058] [client 137.116.136.141:0] script '/domains/covertcomic/ar.php' not found or unable to stat
[Thu Feb 05 05:02:19.155961 2026] [php:error] [pid 13051] [client 20.89.235.135:0] script '/domains/agribiz/css.php' not found or unable to stat
[Thu Feb 05 05:02:19.265549 2026] [php:error] [pid 13058] [client 137.116.136.141:0] script '/domains/covertcomic/x.php' not found or unable to stat
[Thu Feb 05 05:02:19.322708 2026] [php:error] [pid 13051] [client 20.89.235.135:0] script '/domains/agribiz/chosen.php' not found or unable to stat
[Thu Feb 05 05:02:19.486593 2026] [php:error] [pid 13051] [client 20.89.235.135:0] script '/domains/agribiz/ioxi-o.php' not found or unable to stat
[Thu Feb 05 05:02:19.566808 2026] [php:error] [pid 13058] [client 137.116.136.141:0] script '/domains/covertcomic/xx.php' not found or unable to stat
[Thu Feb 05 05:02:19.871480 2026] [php:error] [pid 13058] [client 137.116.136.141:0] script '/domains/covertcomic/gifclass4.php' not found or unable to stat
[Thu Feb 05 05:02:20.097676 2026] [php:error] [pid 13058] [client 137.116.136.141:0] script '/domains/covertcomic/2clas.php' not found or unable to stat
[Thu Feb 05 05:02:20.327815 2026] [php:error] [pid 13058] [client 137.116.136.141:0] script '/domains/covertcomic/ave.php' not found or unable to stat
[Thu Feb 05 05:02:20.362408 2026] [php:error] [pid 13051] [client 20.89.235.135:0] script '/domains/agribiz/flower.php' not found or unable to stat
[Thu Feb 05 05:02:20.540560 2026] [php:error] [pid 13051] [client 20.89.235.135:0] script '/domains/agribiz/file.php' not found or unable to stat
[Thu Feb 05 05:02:20.554223 2026] [php:error] [pid 13058] [client 137.116.136.141:0] script '/domains/covertcomic/wrt.php' not found or unable to stat
[Thu Feb 05 05:02:20.708567 2026] [php:error] [pid 13051] [client 20.89.235.135:0] script '/domains/agribiz/lol.php' not found or unable to stat
[Thu Feb 05 05:02:20.781863 2026] [php:error] [pid 13058] [client 137.116.136.141:0] script '/domains/covertcomic/bibil.php' not found or unable to stat
[Thu Feb 05 05:02:21.036173 2026] [php:error] [pid 13058] [client 137.116.136.141:0] script '/domains/covertcomic/radio.php' not found or unable to stat
[Thu Feb 05 05:02:21.158107 2026] [php:error] [pid 13051] [client 20.89.235.135:0] script '/domains/agribiz/wp-conflg.php' not found or unable to stat
[Thu Feb 05 05:02:21.270964 2026] [php:error] [pid 13058] [client 137.116.136.141:0] script '/domains/covertcomic/files.php' not found or unable to stat
[Thu Feb 05 05:02:21.326501 2026] [php:error] [pid 13051] [client 20.89.235.135:0] script '/domains/agribiz/app.php' not found or unable to stat
[Thu Feb 05 05:02:21.490530 2026] [php:error] [pid 13051] [client 20.89.235.135:0] script '/domains/agribiz/admin.php' not found or unable to stat
[Thu Feb 05 05:02:21.497743 2026] [php:error] [pid 13058] [client 137.116.136.141:0] script '/domains/covertcomic/file7.php' not found or unable to stat
[Thu Feb 05 05:02:21.661385 2026] [php:error] [pid 13051] [client 20.89.235.135:0] script '/domains/agribiz/aa.php' not found or unable to stat
[Thu Feb 05 05:02:21.734939 2026] [php:error] [pid 13058] [client 137.116.136.141:0] script '/domains/covertcomic/gifclass.php' not found or unable to stat
[Thu Feb 05 05:02:21.829106 2026] [php:error] [pid 13051] [client 20.89.235.135:0] script '/domains/agribiz/wso.php' not found or unable to stat
[Thu Feb 05 05:02:21.992928 2026] [php:error] [pid 13051] [client 20.89.235.135:0] script '/domains/agribiz/lock360.php' not found or unable to stat
[Thu Feb 05 05:02:22.320829 2026] [php:error] [pid 13058] [client 137.116.136.141:0] script '/domains/covertcomic/nox.php' not found or unable to stat
[Thu Feb 05 05:02:22.547335 2026] [php:error] [pid 13058] [client 137.116.136.141:0] script '/domains/covertcomic/file48.php' not found or unable to stat
[Thu Feb 05 05:02:22.562844 2026] [php:error] [pid 13051] [client 20.89.235.135:0] script '/domains/agribiz/xx.php' not found or unable to stat
[Thu Feb 05 05:02:22.726674 2026] [php:error] [pid 13051] [client 20.89.235.135:0] script '/domains/agribiz/we.php' not found or unable to stat
[Thu Feb 05 05:02:22.910849 2026] [php:error] [pid 13058] [client 137.116.136.141:0] script '/domains/covertcomic/info.php' not found or unable to stat
[Thu Feb 05 05:02:23.142371 2026] [php:error] [pid 13058] [client 137.116.136.141:0] script '/domains/covertcomic/class9.php' not found or unable to stat
[Thu Feb 05 05:02:23.385160 2026] [php:error] [pid 13058] [client 137.116.136.141:0] script '/domains/covertcomic/la.php' not found or unable to stat
[Thu Feb 05 05:02:23.611565 2026] [php:error] [pid 13058] [client 137.116.136.141:0] script '/domains/covertcomic/bless11.php' not found or unable to stat
[Thu Feb 05 05:02:23.866612 2026] [php:error] [pid 13058] [client 137.116.136.141:0] script '/domains/covertcomic/ccou.php' not found or unable to stat
[Thu Feb 05 05:02:23.895475 2026] [php:error] [pid 13051] [client 20.89.235.135:0] script '/domains/agribiz/cc.php' not found or unable to stat
[Thu Feb 05 05:02:24.062937 2026] [php:error] [pid 13051] [client 20.89.235.135:0] script '/domains/agribiz/manager.php' not found or unable to stat
[Thu Feb 05 05:02:24.102154 2026] [php:error] [pid 13058] [client 137.116.136.141:0] script '/domains/covertcomic/ton.php' not found or unable to stat
[Thu Feb 05 05:02:24.233868 2026] [php:error] [pid 13051] [client 20.89.235.135:0] script '/domains/agribiz/help.php' not found or unable to stat
[Thu Feb 05 05:02:24.330691 2026] [php:error] [pid 13058] [client 137.116.136.141:0] script '/domains/covertcomic/403.php' not found or unable to stat
[Thu Feb 05 05:02:24.398365 2026] [php:error] [pid 13051] [client 20.89.235.135:0] script '/domains/agribiz/wp-file.php' not found or unable to stat
[Thu Feb 05 05:02:24.568285 2026] [php:error] [pid 13051] [client 20.89.235.135:0] script '/domains/agribiz/yox.php' not found or unable to stat
[Thu Feb 05 05:02:24.732221 2026] [php:error] [pid 13051] [client 20.89.235.135:0] script '/domains/agribiz/wp-signin.php' not found or unable to stat
[Thu Feb 05 05:02:24.855278 2026] [php:error] [pid 13058] [client 137.116.136.141:0] script '/domains/covertcomic/file9.php' not found or unable to stat
[Thu Feb 05 05:02:24.921021 2026] [php:error] [pid 13051] [client 20.89.235.135:0] script '/domains/agribiz/revision.php' not found or unable to stat
[Thu Feb 05 05:02:25.087010 2026] [php:error] [pid 13051] [client 20.89.235.135:0] script '/domains/agribiz/revision.php' not found or unable to stat
[Thu Feb 05 05:02:25.110804 2026] [php:error] [pid 13058] [client 137.116.136.141:0] script '/domains/covertcomic/ac.php' not found or unable to stat
[Thu Feb 05 05:02:25.255053 2026] [php:error] [pid 13051] [client 20.89.235.135:0] script '/domains/agribiz/news.php' not found or unable to stat
[Thu Feb 05 05:02:25.337251 2026] [php:error] [pid 13058] [client 137.116.136.141:0] script '/domains/covertcomic/new4.php' not found or unable to stat
[Thu Feb 05 05:02:25.419242 2026] [php:error] [pid 13051] [client 20.89.235.135:0] script '/domains/agribiz/wp-cron.php' not found or unable to stat
[Thu Feb 05 05:02:25.563562 2026] [php:error] [pid 13058] [client 137.116.136.141:0] script '/domains/covertcomic/pop.php' not found or unable to stat
[Thu Feb 05 05:02:25.585269 2026] [php:error] [pid 13051] [client 20.89.235.135:0] script '/domains/agribiz/mari.php' not found or unable to stat
[Thu Feb 05 05:02:25.792275 2026] [php:error] [pid 13058] [client 137.116.136.141:0] script '/domains/covertcomic/az.php' not found or unable to stat
[Thu Feb 05 05:02:25.921413 2026] [php:error] [pid 13051] [client 20.89.235.135:0] script '/domains/agribiz/12.php' not found or unable to stat
[Thu Feb 05 05:02:26.019111 2026] [php:error] [pid 13058] [client 137.116.136.141:0] script '/domains/covertcomic/xaz.php' not found or unable to stat
[Thu Feb 05 05:02:26.086423 2026] [php:error] [pid 13051] [client 20.89.235.135:0] script '/domains/agribiz/class.php' not found or unable to stat
[Thu Feb 05 05:02:26.250502 2026] [php:error] [pid 13051] [client 20.89.235.135:0] script '/domains/agribiz/defaults.php' not found or unable to stat
[Thu Feb 05 05:02:26.879673 2026] [php:error] [pid 13051] [client 20.89.235.135:0] script '/domains/agribiz/403.php' not found or unable to stat
[Thu Feb 05 05:02:27.050193 2026] [php:error] [pid 13051] [client 20.89.235.135:0] script '/domains/agribiz/mar.php' not found or unable to stat
[Thu Feb 05 05:02:27.051352 2026] [php:error] [pid 13058] [client 137.116.136.141:0] script '/domains/covertcomic/up4.php' not found or unable to stat
[Thu Feb 05 05:02:27.243266 2026] [php:error] [pid 13051] [client 20.89.235.135:0] script '/domains/agribiz/wp-class.php' not found or unable to stat
[Thu Feb 05 05:02:27.278621 2026] [php:error] [pid 13058] [client 137.116.136.141:0] script '/domains/covertcomic/1aa.php' not found or unable to stat
[Thu Feb 05 05:02:27.439744 2026] [php:error] [pid 13051] [client 20.89.235.135:0] script '/domains/agribiz/he.php' not found or unable to stat
[Thu Feb 05 05:02:27.505547 2026] [php:error] [pid 13058] [client 137.116.136.141:0] script '/domains/covertcomic/elp.php' not found or unable to stat
[Thu Feb 05 05:02:27.604083 2026] [php:error] [pid 13051] [client 20.89.235.135:0] script '/domains/agribiz/alfa.php' not found or unable to stat
[Thu Feb 05 05:02:27.731670 2026] [php:error] [pid 13058] [client 137.116.136.141:0] script '/domains/covertcomic/wtz.php' not found or unable to stat
[Thu Feb 05 05:02:27.768030 2026] [php:error] [pid 13051] [client 20.89.235.135:0] script '/domains/agribiz/cloud.php' not found or unable to stat
[Thu Feb 05 05:02:27.958582 2026] [php:error] [pid 13058] [client 137.116.136.141:0] script '/domains/covertcomic/galex.php' not found or unable to stat
[Thu Feb 05 05:02:27.960474 2026] [php:error] [pid 13051] [client 20.89.235.135:0] script '/domains/agribiz/about.php' not found or unable to stat
[Thu Feb 05 05:02:28.128175 2026] [php:error] [pid 13051] [client 20.89.235.135:0] script '/domains/agribiz/doc.php' not found or unable to stat
[Thu Feb 05 05:02:28.204384 2026] [php:error] [pid 13058] [client 137.116.136.141:0] script '/domains/covertcomic/xb.php' not found or unable to stat
[Thu Feb 05 05:02:28.304570 2026] [php:error] [pid 13051] [client 20.89.235.135:0] script '/domains/agribiz/z.php' not found or unable to stat
[Thu Feb 05 05:02:28.431456 2026] [php:error] [pid 13058] [client 137.116.136.141:0] script '/domains/covertcomic/ova.php' not found or unable to stat
[Thu Feb 05 05:02:28.758541 2026] [php:error] [pid 13051] [client 20.89.235.135:0] script '/domains/agribiz/cgi-bin/index.php' not found or unable to stat
[Thu Feb 05 05:02:28.931771 2026] [php:error] [pid 13051] [client 20.89.235.135:0] script '/domains/agribiz/go.php' not found or unable to stat
[Thu Feb 05 05:02:29.101200 2026] [php:error] [pid 13051] [client 20.89.235.135:0] script '/domains/agribiz/init.php' not found or unable to stat
[Thu Feb 05 05:02:29.272962 2026] [php:error] [pid 13051] [client 20.89.235.135:0] script '/domains/agribiz/wp-links.php' not found or unable to stat
[Thu Feb 05 05:02:29.431330 2026] [php:error] [pid 13058] [client 137.116.136.141:0] script '/domains/covertcomic/vx.php' not found or unable to stat
[Thu Feb 05 05:02:29.664366 2026] [php:error] [pid 13058] [client 137.116.136.141:0] script '/domains/covertcomic/rh.php' not found or unable to stat
[Thu Feb 05 05:02:29.803069 2026] [php:error] [pid 13051] [client 20.89.235.135:0] script '/domains/agribiz/k.php' not found or unable to stat
[Thu Feb 05 05:02:29.967560 2026] [php:error] [pid 13051] [client 20.89.235.135:0] script '/domains/agribiz/hehehehe.php' not found or unable to stat
[Thu Feb 05 05:02:30.131740 2026] [php:error] [pid 13051] [client 20.89.235.135:0] script '/domains/agribiz/ab.php' not found or unable to stat
[Thu Feb 05 05:02:30.298617 2026] [php:error] [pid 13051] [client 20.89.235.135:0] script '/domains/agribiz/al.php' not found or unable to stat
[Thu Feb 05 05:02:30.470956 2026] [php:error] [pid 13051] [client 20.89.235.135:0] script '/domains/agribiz/shx.php' not found or unable to stat
[Thu Feb 05 05:02:30.635162 2026] [php:error] [pid 13051] [client 20.89.235.135:0] script '/domains/agribiz/sim.php' not found or unable to stat
[Thu Feb 05 05:02:31.207556 2026] [php:error] [pid 13051] [client 20.89.235.135:0] script '/domains/agribiz/ini.php' not found or unable to stat
[Thu Feb 05 05:02:31.400712 2026] [php:error] [pid 13051] [client 20.89.235.135:0] script '/domains/agribiz/wp-login.php' not found or unable to stat
[Thu Feb 05 05:02:31.734295 2026] [php:error] [pid 13051] [client 20.89.235.135:0] script '/domains/agribiz/wp-activate.php' not found or unable to stat
[Thu Feb 05 05:02:33.656858 2026] [php:error] [pid 13051] [client 20.89.235.135:0] script '/domains/agribiz/special.php' not found or unable to stat
[Thu Feb 05 05:02:34.322781 2026] [php:error] [pid 13051] [client 20.89.235.135:0] script '/domains/agribiz/temp.php' not found or unable to stat
[Thu Feb 05 05:02:35.072707 2026] [php:error] [pid 13051] [client 20.89.235.135:0] script '/domains/agribiz/error_log.php' not found or unable to stat
[Thu Feb 05 05:02:35.239200 2026] [php:error] [pid 13051] [client 20.89.235.135:0] script '/domains/agribiz/2.php' not found or unable to stat
[Thu Feb 05 05:02:35.403351 2026] [php:error] [pid 13051] [client 20.89.235.135:0] script '/domains/agribiz/readme.php' not found or unable to stat
[Thu Feb 05 05:02:35.571612 2026] [php:error] [pid 13051] [client 20.89.235.135:0] script '/domains/agribiz/fw.php' not found or unable to stat
[Thu Feb 05 05:02:35.741641 2026] [php:error] [pid 13051] [client 20.89.235.135:0] script '/domains/agribiz/wp-admin.php' not found or unable to stat
[Thu Feb 05 05:02:35.946229 2026] [php:error] [pid 13051] [client 20.89.235.135:0] script '/domains/agribiz/wp-configs.php' not found or unable to stat
[Thu Feb 05 05:02:36.404430 2026] [php:error] [pid 13051] [client 20.89.235.135:0] script '/domains/agribiz/123.php' not found or unable to stat
[Thu Feb 05 05:02:36.569137 2026] [php:error] [pid 13051] [client 20.89.235.135:0] script '/domains/agribiz/alfanew.php' not found or unable to stat
[Thu Feb 05 05:02:36.737146 2026] [php:error] [pid 13051] [client 20.89.235.135:0] script '/domains/agribiz/favicon.php' not found or unable to stat
[Thu Feb 05 05:02:36.905523 2026] [php:error] [pid 13051] [client 20.89.235.135:0] script '/domains/agribiz/lv.php' not found or unable to stat
[Thu Feb 05 05:02:37.082198 2026] [php:error] [pid 13051] [client 20.89.235.135:0] script '/domains/agribiz/log.php' not found or unable to stat
[Thu Feb 05 05:02:37.249260 2026] [php:error] [pid 13051] [client 20.89.235.135:0] script '/domains/agribiz/edit.php' not found or unable to stat
[Thu Feb 05 05:02:37.429232 2026] [php:error] [pid 13051] [client 20.89.235.135:0] script '/domains/agribiz/hehe.php' not found or unable to stat
[Thu Feb 05 05:02:37.593458 2026] [php:error] [pid 13051] [client 20.89.235.135:0] script '/domains/agribiz/browse.php' not found or unable to stat
[Thu Feb 05 05:02:37.758237 2026] [php:error] [pid 13051] [client 20.89.235.135:0] script '/domains/agribiz/f35.php' not found or unable to stat
[Thu Feb 05 05:02:37.922423 2026] [php:error] [pid 13051] [client 20.89.235.135:0] script '/domains/agribiz/buy.php' not found or unable to stat
[Thu Feb 05 05:02:38.098584 2026] [php:error] [pid 13051] [client 20.89.235.135:0] script '/domains/agribiz/html.php' not found or unable to stat
[Thu Feb 05 05:02:38.272357 2026] [php:error] [pid 13051] [client 20.89.235.135:0] script '/domains/agribiz/text.php' not found or unable to stat
[Thu Feb 05 05:02:38.469724 2026] [php:error] [pid 13051] [client 20.89.235.135:0] script '/domains/agribiz/google.php' not found or unable to stat
[Thu Feb 05 05:02:38.813461 2026] [php:error] [pid 13051] [client 20.89.235.135:0] script '/domains/agribiz/credits.php' not found or unable to stat
[Thu Feb 05 05:02:40.014708 2026] [php:error] [pid 13051] [client 20.89.235.135:0] script '/domains/agribiz/Marvins.php' not found or unable to stat
[Thu Feb 05 05:02:40.179711 2026] [php:error] [pid 13051] [client 20.89.235.135:0] script '/domains/agribiz/randkeyword.php' not found or unable to stat
[Thu Feb 05 05:02:40.344676 2026] [php:error] [pid 13051] [client 20.89.235.135:0] script '/domains/agribiz/raf.php' not found or unable to stat
[Thu Feb 05 05:02:40.688356 2026] [php:error] [pid 13051] [client 20.89.235.135:0] script '/domains/agribiz/backup.php' not found or unable to stat
[Thu Feb 05 05:02:41.147323 2026] [php:error] [pid 13051] [client 20.89.235.135:0] script '/domains/agribiz/by.php' not found or unable to stat
[Thu Feb 05 05:02:41.311494 2026] [php:error] [pid 13051] [client 20.89.235.135:0] script '/domains/agribiz/sx.php' not found or unable to stat
[Thu Feb 05 05:02:41.480768 2026] [php:error] [pid 13051] [client 20.89.235.135:0] script '/domains/agribiz/nf.php' not found or unable to stat
[Thu Feb 05 05:02:42.240652 2026] [php:error] [pid 13051] [client 20.89.235.135:0] script '/domains/agribiz/avaa.php' not found or unable to stat
[Thu Feb 05 05:02:42.998787 2026] [php:error] [pid 13051] [client 20.89.235.135:0] script '/domains/agribiz/cd.php' not found or unable to stat
[Thu Feb 05 05:02:43.166725 2026] [php:error] [pid 13051] [client 20.89.235.135:0] script '/domains/agribiz/bypass.php' not found or unable to stat
[Thu Feb 05 05:02:43.346269 2026] [php:error] [pid 13051] [client 20.89.235.135:0] script '/domains/agribiz/indeex.php' not found or unable to stat
[Thu Feb 05 05:02:43.575781 2026] [php:error] [pid 13051] [client 20.89.235.135:0] script '/domains/agribiz/pi.php' not found or unable to stat
[Thu Feb 05 05:02:43.773888 2026] [php:error] [pid 13051] [client 20.89.235.135:0] script '/domains/agribiz/as.php' not found or unable to stat
[Thu Feb 05 05:02:43.939948 2026] [php:error] [pid 13051] [client 20.89.235.135:0] script '/domains/agribiz/wp-seo.php' not found or unable to stat
[Thu Feb 05 05:02:44.134133 2026] [php:error] [pid 13051] [client 20.89.235.135:0] script '/domains/agribiz/nakrip.php' not found or unable to stat
[Thu Feb 05 05:02:44.469851 2026] [php:error] [pid 13051] [client 20.89.235.135:0] script '/domains/agribiz/wsa.php' not found or unable to stat
[Thu Feb 05 05:02:44.642095 2026] [php:error] [pid 13051] [client 20.89.235.135:0] script '/domains/agribiz/jquery.php' not found or unable to stat
[Thu Feb 05 05:02:46.831232 2026] [php:error] [pid 13041] [client 20.89.235.135:0] script '/domains/agribiz/classwithtostring.php' not found or unable to stat
[Thu Feb 05 05:02:48.185557 2026] [php:error] [pid 13041] [client 20.89.235.135:0] script '/domains/agribiz/autoload_classmap.php' not found or unable to stat
[Thu Feb 05 05:02:49.778660 2026] [php:error] [pid 13041] [client 20.89.235.135:0] script '/domains/agribiz/atomlib.php' not found or unable to stat
[Thu Feb 05 05:02:50.326791 2026] [php:error] [pid 13041] [client 20.89.235.135:0] script '/domains/agribiz/wp-signup.php' not found or unable to stat
[Thu Feb 05 05:02:51.018737 2026] [php:error] [pid 13041] [client 20.89.235.135:0] script '/domains/agribiz/images/class-config.php' not found or unable to stat
[Thu Feb 05 05:03:00.881830 2026] [php:error] [pid 13061] [client 20.89.235.135:0] script '/domains/agribiz/themes.php' not found or unable to stat
[Thu Feb 05 05:03:01.225441 2026] [php:error] [pid 13061] [client 20.89.235.135:0] script '/domains/agribiz/www.php' not found or unable to stat
[Thu Feb 05 05:03:01.797324 2026] [php:error] [pid 13061] [client 20.89.235.135:0] script '/domains/agribiz/mariju.php' not found or unable to stat
[Thu Feb 05 05:03:03.498986 2026] [php:error] [pid 13061] [client 20.89.235.135:0] script '/domains/agribiz/license.php' not found or unable to stat
[Thu Feb 05 05:03:03.671634 2026] [php:error] [pid 13061] [client 20.89.235.135:0] script '/domains/agribiz/Alfa.php' not found or unable to stat
[Thu Feb 05 05:03:03.845573 2026] [php:error] [pid 13061] [client 20.89.235.135:0] script '/domains/agribiz/sh.php' not found or unable to stat
[Thu Feb 05 05:03:04.016420 2026] [php:error] [pid 13061] [client 20.89.235.135:0] script '/domains/agribiz/style.php' not found or unable to stat
[Thu Feb 05 05:03:04.450580 2026] [php:error] [pid 13061] [client 20.89.235.135:0] script '/domains/agribiz/marijuana.php' not found or unable to stat
[Thu Feb 05 05:03:06.837464 2026] [php:error] [pid 13048] [client 20.89.235.135:0] script '/domains/agribiz/wso112233.php' not found or unable to stat
[Thu Feb 05 05:03:07.011884 2026] [php:error] [pid 13048] [client 20.89.235.135:0] script '/domains/agribiz/cong.php' not found or unable to stat
[Thu Feb 05 05:03:07.186464 2026] [php:error] [pid 13048] [client 20.89.235.135:0] script '/domains/agribiz/wp-corn-sample.php' not found or unable to stat
[Thu Feb 05 05:03:07.538759 2026] [php:error] [pid 13048] [client 20.89.235.135:0] script '/domains/agribiz/fx.php' not found or unable to stat
[Thu Feb 05 05:03:07.758511 2026] [php:error] [pid 13048] [client 20.89.235.135:0] script '/domains/agribiz/settings.php' not found or unable to stat
[Thu Feb 05 05:03:07.933735 2026] [php:error] [pid 13048] [client 20.89.235.135:0] script '/domains/agribiz/wp-info.php' not found or unable to stat
[Thu Feb 05 05:03:08.337187 2026] [php:error] [pid 13048] [client 20.89.235.135:0] script '/domains/agribiz/contents.php' not found or unable to stat
[Thu Feb 05 05:03:08.516745 2026] [php:error] [pid 13048] [client 20.89.235.135:0] script '/domains/agribiz/cgi-bin/xmrlpc.php' not found or unable to stat
[Thu Feb 05 05:03:12.646881 2026] [php:error] [pid 13048] [client 20.89.235.135:0] script '/domains/agribiz/samll.php' not found or unable to stat
[Thu Feb 05 05:03:13.905894 2026] [php:error] [pid 13048] [client 20.89.235.135:0] script '/domains/agribiz/radio.php' not found or unable to stat
[Thu Feb 05 05:03:15.486093 2026] [php:error] [pid 13062] [client 20.89.235.135:0] script '/domains/agribiz/webadmin.php' not found or unable to stat
[Thu Feb 05 05:03:15.651387 2026] [php:error] [pid 13062] [client 20.89.235.135:0] script '/domains/agribiz/TNT.php' not found or unable to stat
[Thu Feb 05 05:03:16.018234 2026] [php:error] [pid 13062] [client 20.89.235.135:0] script '/domains/agribiz/jp.php' not found or unable to stat
[Thu Feb 05 05:03:16.366611 2026] [php:error] [pid 13062] [client 20.89.235.135:0] script '/domains/agribiz/gc.php' not found or unable to stat
[Thu Feb 05 05:03:16.864247 2026] [php:error] [pid 13062] [client 20.89.235.135:0] script '/domains/agribiz/cgi-bin/wp-login.php' not found or unable to stat
[Thu Feb 05 05:03:18.687164 2026] [php:error] [pid 13051] [client 20.89.235.135:0] script '/domains/agribiz/mcs.php' not found or unable to stat
[Thu Feb 05 05:03:18.859303 2026] [php:error] [pid 13051] [client 20.89.235.135:0] script '/domains/agribiz/server.php' not found or unable to stat
[Thu Feb 05 05:03:21.058367 2026] [php:error] [pid 13062] [client 20.89.235.135:0] script '/domains/agribiz/wander.php' not found or unable to stat
[Thu Feb 05 05:03:22.265246 2026] [php:error] [pid 13062] [client 20.89.235.135:0] script '/domains/agribiz/system_log.php' not found or unable to stat
[Thu Feb 05 05:03:23.315371 2026] [php:error] [pid 13062] [client 20.89.235.135:0] script '/domains/agribiz/wp-trackback.php' not found or unable to stat
[Thu Feb 05 05:03:23.484830 2026] [php:error] [pid 13062] [client 20.89.235.135:0] script '/domains/agribiz/wp-logout.php' not found or unable to stat
[Thu Feb 05 05:03:25.334743 2026] [php:error] [pid 13062] [client 20.89.235.135:0] script '/domains/agribiz/wp.php' not found or unable to stat
[Thu Feb 05 05:03:25.675774 2026] [php:error] [pid 13062] [client 20.89.235.135:0] script '/domains/agribiz/config.php' not found or unable to stat
[Thu Feb 05 05:03:26.603125 2026] [php:error] [pid 13062] [client 20.89.235.135:0] script '/domains/agribiz/ws.php' not found or unable to stat
[Thu Feb 05 05:03:26.789587 2026] [php:error] [pid 13062] [client 20.89.235.135:0] script '/domains/agribiz/x.php' not found or unable to stat
[Thu Feb 05 05:03:26.959074 2026] [php:error] [pid 13062] [client 20.89.235.135:0] script '/domains/agribiz/1index.php' not found or unable to stat
[Thu Feb 05 05:03:27.132836 2026] [php:error] [pid 13062] [client 20.89.235.135:0] script '/domains/agribiz/thumbs.php' not found or unable to stat
[Thu Feb 05 05:03:27.536562 2026] [php:error] [pid 13062] [client 20.89.235.135:0] script '/domains/agribiz/menu.php' not found or unable to stat
[Thu Feb 05 05:03:27.709861 2026] [php:error] [pid 13062] [client 20.89.235.135:0] script '/domains/agribiz/xmlrpc.php' not found or unable to stat
[Thu Feb 05 05:03:28.267767 2026] [php:error] [pid 13062] [client 20.89.235.135:0] script '/domains/agribiz/dav.php' not found or unable to stat
[Thu Feb 05 05:03:28.437425 2026] [php:error] [pid 13062] [client 20.89.235.135:0] script '/domains/agribiz/fi2.php' not found or unable to stat
[Thu Feb 05 05:03:29.125539 2026] [php:error] [pid 13062] [client 20.89.235.135:0] script '/domains/agribiz/epinyins.php' not found or unable to stat
[Thu Feb 05 05:03:29.295368 2026] [php:error] [pid 13062] [client 20.89.235.135:0] script '/domains/agribiz/meta.php' not found or unable to stat
[Thu Feb 05 05:03:29.479041 2026] [php:error] [pid 13062] [client 20.89.235.135:0] script '/domains/agribiz/update.php' not found or unable to stat
[Thu Feb 05 05:03:30.098580 2026] [php:error] [pid 13062] [client 20.89.235.135:0] script '/domains/agribiz/network.php' not found or unable to stat
[Thu Feb 05 05:03:30.462494 2026] [php:error] [pid 13062] [client 20.89.235.135:0] script '/domains/agribiz/a.php' not found or unable to stat
[Thu Feb 05 05:03:30.632210 2026] [php:error] [pid 13062] [client 20.89.235.135:0] script '/domains/agribiz/aaa.php' not found or unable to stat
[Thu Feb 05 05:03:31.615315 2026] [php:error] [pid 13062] [client 20.89.235.135:0] script '/domains/agribiz/cron.php' not found or unable to stat
[Thu Feb 05 05:03:33.782357 2026] [php:error] [pid 13062] [client 20.89.235.135:0] script '/domains/agribiz/theme.php' not found or unable to stat
[Thu Feb 05 05:03:36.793114 2026] [php:error] [pid 13048] [client 20.89.235.135:0] script '/domains/agribiz/bi.php' not found or unable to stat
[Thu Feb 05 05:03:37.291454 2026] [php:error] [pid 13048] [client 20.89.235.135:0] script '/domains/agribiz/iR7SzrsOUEP.php' not found or unable to stat
[Thu Feb 05 05:03:37.464482 2026] [php:error] [pid 13048] [client 20.89.235.135:0] script '/domains/agribiz/filter.php' not found or unable to stat
[Thu Feb 05 05:03:37.635665 2026] [php:error] [pid 13048] [client 20.89.235.135:0] script '/domains/agribiz/adminer.php' not found or unable to stat
[Thu Feb 05 05:03:38.139726 2026] [php:error] [pid 13086] [client 45.148.10.247:0] script '/domains/tinatina/phpinfo.php' not found or unable to stat
[Thu Feb 05 05:03:39.037181 2026] [php:error] [pid 13048] [client 20.89.235.135:0] script '/domains/agribiz/setup-config.php' not found or unable to stat
[Thu Feb 05 05:03:39.201914 2026] [php:error] [pid 13048] [client 20.89.235.135:0] script '/domains/agribiz/gecko.php' not found or unable to stat
[Thu Feb 05 05:03:39.797441 2026] [php:error] [pid 13086] [client 45.148.10.247:0] script '/domains/tinatina/_phpinfo.php' not found or unable to stat
[Thu Feb 05 05:03:40.060737 2026] [php:error] [pid 13048] [client 20.89.235.135:0] script '/domains/agribiz/hinfofuns.php' not found or unable to stat
[Thu Feb 05 05:03:40.556514 2026] [php:error] [pid 13048] [client 20.89.235.135:0] script '/domains/agribiz/admin-header.php' not found or unable to stat
[Thu Feb 05 05:03:41.146451 2026] [php:error] [pid 13048] [client 20.89.235.135:0] script '/domains/agribiz/st.php' not found or unable to stat
[Thu Feb 05 05:03:41.312366 2026] [php:error] [pid 13048] [client 20.89.235.135:0] script '/domains/agribiz/xmrlpc.php' not found or unable to stat
[Thu Feb 05 05:03:41.477555 2026] [php:error] [pid 13048] [client 20.89.235.135:0] script '/domains/agribiz/system.php' not found or unable to stat
[Thu Feb 05 05:03:41.669755 2026] [php:error] [pid 13048] [client 20.89.235.135:0] script '/domains/agribiz/cgi-bin/radio.php' not found or unable to stat
[Thu Feb 05 05:03:42.867401 2026] [php:error] [pid 13048] [client 20.89.235.135:0] script '/domains/agribiz/plugins.php' not found or unable to stat
[Thu Feb 05 05:03:43.032774 2026] [php:error] [pid 13048] [client 20.89.235.135:0] script '/domains/agribiz/function.php' not found or unable to stat
[Thu Feb 05 05:03:43.740531 2026] [php:error] [pid 13048] [client 20.89.235.135:0] script '/domains/agribiz/gecko-new.php' not found or unable to stat
[Thu Feb 05 05:03:43.907103 2026] [php:error] [pid 13048] [client 20.89.235.135:0] script '/domains/agribiz/xxx.php' not found or unable to stat
[Thu Feb 05 05:03:44.272037 2026] [php:error] [pid 13048] [client 20.89.235.135:0] script '/domains/agribiz/images.php' not found or unable to stat
[Thu Feb 05 05:03:44.602415 2026] [php:error] [pid 13048] [client 20.89.235.135:0] script '/domains/agribiz/wp-index.php' not found or unable to stat
[Thu Feb 05 05:03:45.650769 2026] [php:error] [pid 13048] [client 20.89.235.135:0] script '/domains/agribiz/back.php' not found or unable to stat
[Thu Feb 05 05:03:46.001310 2026] [php:error] [pid 13048] [client 20.89.235.135:0] script '/domains/agribiz/default.php' not found or unable to stat
[Thu Feb 05 05:03:46.502598 2026] [php:error] [pid 13048] [client 20.89.235.135:0] script '/domains/agribiz/about.PHP' not found or unable to stat
[Thu Feb 05 05:03:47.836050 2026] [php:error] [pid 13048] [client 20.89.235.135:0] script '/domains/agribiz/ge.php' not found or unable to stat
[Thu Feb 05 05:03:48.000590 2026] [php:error] [pid 13048] [client 20.89.235.135:0] script '/domains/agribiz/updates.php' not found or unable to stat
[Thu Feb 05 05:03:48.165402 2026] [php:error] [pid 13048] [client 20.89.235.135:0] script '/domains/agribiz/sim.php' not found or unable to stat
[Thu Feb 05 05:03:48.842959 2026] [php:error] [pid 13048] [client 20.89.235.135:0] script '/domains/agribiz/ova-tools.php' not found or unable to stat
[Thu Feb 05 05:03:49.201112 2026] [php:error] [pid 13048] [client 20.89.235.135:0] script '/domains/agribiz/data.php' not found or unable to stat
[Thu Feb 05 05:03:49.706459 2026] [php:error] [pid 13048] [client 20.89.235.135:0] script '/domains/agribiz/fox.php' not found or unable to stat
[Thu Feb 05 05:03:50.209420 2026] [php:error] [pid 13048] [client 20.89.235.135:0] script '/domains/agribiz/header.php' not found or unable to stat
[Thu Feb 05 05:03:50.389358 2026] [php:error] [pid 13048] [client 20.89.235.135:0] script '/domains/agribiz/xml.php' not found or unable to stat
[Thu Feb 05 05:03:50.894505 2026] [php:error] [pid 13048] [client 20.89.235.135:0] script '/domains/agribiz/wp2.php' not found or unable to stat
[Thu Feb 05 05:03:51.642997 2026] [php:error] [pid 13071] [client 45.148.10.247:0] script '/domains/tinatina/wp-config.php.bak' not found or unable to stat
[Thu Feb 05 05:03:51.752659 2026] [php:error] [pid 13071] [client 45.148.10.247:0] script '/domains/tinatina/info.php' not found or unable to stat
[Thu Feb 05 05:03:51.785107 2026] [php:error] [pid 13048] [client 20.89.235.135:0] script '/domains/agribiz/users.php' not found or unable to stat
[Thu Feb 05 05:03:52.152131 2026] [php:error] [pid 13048] [client 20.89.235.135:0] script '/domains/agribiz/mini.php' not found or unable to stat
[Thu Feb 05 05:03:52.605840 2026] [php:error] [pid 13090] [client 45.148.10.247:0] script '/domains/tinatina/server_info.php' not found or unable to stat
[Thu Feb 05 05:03:52.876480 2026] [php:error] [pid 13085] [client 45.148.10.247:0] script '/domains/tinatina/app_dev.php' not found or unable to stat
[Thu Feb 05 05:03:52.969496 2026] [php:error] [pid 13085] [client 45.148.10.247:0] script '/domains/tinatina/test.php' not found or unable to stat
[Thu Feb 05 05:03:53.074006 2026] [access_compat:error] [pid 13085] [client 45.148.10.247:0] AH01797: client denied by server configuration: /domains/tinatina/server-info
[Thu Feb 05 05:03:53.162502 2026] [php:error] [pid 13085] [client 45.148.10.247:0] script '/domains/tinatina/server-info.php' not found or unable to stat
[Thu Feb 05 05:03:53.328771 2026] [php:error] [pid 13048] [client 20.89.235.135:0] script '/domains/agribiz/max.php' not found or unable to stat
[Thu Feb 05 05:03:54.332012 2026] [php:error] [pid 13048] [client 20.89.235.135:0] script '/domains/agribiz/cgi-bin/about.php' not found or unable to stat
[Thu Feb 05 05:03:55.658879 2026] [php:error] [pid 13048] [client 20.89.235.135:0] script '/domains/agribiz/y.php' not found or unable to stat
[Thu Feb 05 05:03:56.697739 2026] [php:error] [pid 13048] [client 20.89.235.135:0] script '/domains/agribiz/gzak2w.php' not found or unable to stat
[Thu Feb 05 05:03:56.865818 2026] [php:error] [pid 13048] [client 20.89.235.135:0] script '/domains/agribiz/v4.php' not found or unable to stat
[Thu Feb 05 05:03:59.481738 2026] [php:error] [pid 13087] [client 20.89.235.135:0] script '/domains/agribiz/shop.php' not found or unable to stat
[Thu Feb 05 05:04:00.386948 2026] [php:error] [pid 13087] [client 20.89.235.135:0] script '/domains/agribiz/wp-core.php' not found or unable to stat
[Thu Feb 05 05:04:00.920432 2026] [php:error] [pid 13087] [client 20.89.235.135:0] script '/domains/agribiz/error.php' not found or unable to stat
[Thu Feb 05 05:04:02.937015 2026] [php:error] [pid 13085] [client 20.89.235.135:0] script '/domains/agribiz/lib.php' not found or unable to stat
[Thu Feb 05 05:04:04.013789 2026] [php:error] [pid 13085] [client 20.89.235.135:0] script '/domains/agribiz/wp-l0gin.php' not found or unable to stat
[Thu Feb 05 05:04:04.201794 2026] [php:error] [pid 13085] [client 20.89.235.135:0] script '/domains/agribiz/plugin.php' not found or unable to stat
[Thu Feb 05 05:04:04.371801 2026] [php:error] [pid 13085] [client 20.89.235.135:0] script '/domains/agribiz/repeater.php' not found or unable to stat
[Thu Feb 05 05:04:04.980434 2026] [php:error] [pid 13085] [client 20.89.235.135:0] script '/domains/agribiz/wp-cache.php' not found or unable to stat
[Thu Feb 05 05:04:05.150625 2026] [php:error] [pid 13085] [client 20.89.235.135:0] script '/domains/agribiz/vv.php' not found or unable to stat
[Thu Feb 05 05:04:06.000801 2026] [php:error] [pid 13085] [client 20.89.235.135:0] script '/domains/agribiz/images/k.php' not found or unable to stat
[Thu Feb 05 05:04:06.736445 2026] [php:error] [pid 13085] [client 20.89.235.135:0] script '/domains/agribiz/access.php' not found or unable to stat
[Thu Feb 05 05:04:06.908621 2026] [php:error] [pid 13085] [client 20.89.235.135:0] script '/domains/agribiz/wp-api.php' not found or unable to stat
[Thu Feb 05 05:04:07.333168 2026] [php:error] [pid 13085] [client 20.89.235.135:0] script '/domains/agribiz/wp-files.php' not found or unable to stat
[Thu Feb 05 05:04:08.049602 2026] [php:error] [pid 13085] [client 20.89.235.135:0] script '/domains/agribiz/aaa.php' not found or unable to stat
[Thu Feb 05 05:04:08.394682 2026] [php:error] [pid 13085] [client 20.89.235.135:0] script '/domains/agribiz/delpaths.php' not found or unable to stat
[Thu Feb 05 05:04:09.327194 2026] [php:error] [pid 13085] [client 20.89.235.135:0] script '/domains/agribiz/cljntmcz.php' not found or unable to stat
[Thu Feb 05 05:05:11.912992 2026] [php:error] [pid 13097] [client 193.70.44.235:0] script '/domains/hdickens.enteract/kmnj.php' not found or unable to stat
[Thu Feb 05 05:05:12.761579 2026] [php:error] [pid 13100] [client 20.122.171.170:0] script '/domains/brigadeweb/166.php' not found or unable to stat
[Thu Feb 05 05:05:12.771141 2026] [php:error] [pid 13100] [client 20.122.171.170:0] script '/domains/brigadeweb/2026.php' not found or unable to stat
[Thu Feb 05 05:05:12.782457 2026] [php:error] [pid 13100] [client 20.122.171.170:0] script '/domains/brigadeweb/muzu.php' not found or unable to stat
[Thu Feb 05 05:05:12.850167 2026] [php:error] [pid 13100] [client 20.122.171.170:0] script '/domains/brigadeweb/reze.php' not found or unable to stat
[Thu Feb 05 05:05:12.857950 2026] [php:error] [pid 13100] [client 20.122.171.170:0] script '/domains/brigadeweb/jsond.php' not found or unable to stat
[Thu Feb 05 05:05:12.865758 2026] [php:error] [pid 13100] [client 20.122.171.170:0] script '/domains/brigadeweb/x7.php' not found or unable to stat
[Thu Feb 05 05:05:13.211432 2026] [php:error] [pid 13100] [client 20.122.171.170:0] script '/domains/brigadeweb/bgymj.php' not found or unable to stat
[Thu Feb 05 05:05:13.278568 2026] [php:error] [pid 13100] [client 20.122.171.170:0] script '/domains/brigadeweb/lala.php' not found or unable to stat
[Thu Feb 05 05:05:13.286371 2026] [php:error] [pid 13100] [client 20.122.171.170:0] script '/domains/brigadeweb/8xyz.php' not found or unable to stat
[Thu Feb 05 05:05:13.293975 2026] [php:error] [pid 13100] [client 20.122.171.170:0] script '/domains/brigadeweb/wsd.php' not found or unable to stat
[Thu Feb 05 05:05:13.308642 2026] [php:error] [pid 13100] [client 20.122.171.170:0] script '/domains/brigadeweb/la.php' not found or unable to stat
[Thu Feb 05 05:05:13.316196 2026] [php:error] [pid 13100] [client 20.122.171.170:0] script '/domains/brigadeweb/Wp-good.php' not found or unable to stat
[Thu Feb 05 05:05:13.451980 2026] [php:error] [pid 13100] [client 20.122.171.170:0] script '/domains/brigadeweb/tphp.php' not found or unable to stat
[Thu Feb 05 05:05:13.617411 2026] [php:error] [pid 13100] [client 20.122.171.170:0] script '/domains/brigadeweb/a1.php' not found or unable to stat
[Thu Feb 05 05:05:13.917556 2026] [php:error] [pid 13100] [client 20.122.171.170:0] script '/domains/brigadeweb/nyan.php' not found or unable to stat
[Thu Feb 05 05:05:13.968588 2026] [php:error] [pid 13100] [client 20.122.171.170:0] script '/domains/brigadeweb/autoload_classmap.php' not found or unable to stat
[Thu Feb 05 05:05:14.134857 2026] [php:error] [pid 13097] [client 193.70.44.235:0] script '/domains/hdickens.enteract/kmnj.php' not found or unable to stat
