KGRKJGETMRETU895U-589TY5MIGM5JGB5SDFESFREWTGR54TY
Server : Apache/2.4.62
System : FreeBSD fbsdweb2.web.rcn.net 14.1-RELEASE FreeBSD 14.1-RELEASE releng/14.1-n267679-10e31f0946d8 GENERIC amd64
User : www ( 80)
PHP Version : 8.3.8
Disable Function : NONE
Directory :  /var/log/httpd/error/

Upload File :
current_dir [ Writeable ] document_root [ Writeable ]

 

Current File : //var/log/httpd/error/ex20260205.log
[Thu Feb 05 00:00:29.002942 2026] [php:error] [pid 52697] [client 34.178.39.202:0] script '/domains/hdickens.enteract/kmnj.php' not found or unable to stat
[Thu Feb 05 00:00:57.017709 2026] [php:error] [pid 52707] [client 52.169.119.118:0] script '/domains/system_default/c.php' not found or unable to stat
[Thu Feb 05 00:00:57.090517 2026] [php:error] [pid 52707] [client 52.169.119.118:0] script '/domains/system_default/x.php' not found or unable to stat
[Thu Feb 05 00:00:57.163828 2026] [php:error] [pid 52707] [client 52.169.119.118:0] script '/domains/system_default/k.php' not found or unable to stat
[Thu Feb 05 00:00:57.240979 2026] [php:error] [pid 52707] [client 52.169.119.118:0] script '/domains/system_default/prv8.php' not found or unable to stat
[Thu Feb 05 00:00:57.313785 2026] [php:error] [pid 52707] [client 52.169.119.118:0] script '/domains/system_default/shlo.php' not found or unable to stat
[Thu Feb 05 00:00:57.386926 2026] [php:error] [pid 52707] [client 52.169.119.118:0] script '/domains/system_default/itil.php' not found or unable to stat
[Thu Feb 05 00:00:57.459769 2026] [php:error] [pid 52707] [client 52.169.119.118:0] script '/domains/system_default/jack.php' not found or unable to stat
[Thu Feb 05 00:00:57.532934 2026] [php:error] [pid 52707] [client 52.169.119.118:0] script '/domains/system_default/sudo.php' not found or unable to stat
[Thu Feb 05 00:00:57.612786 2026] [php:error] [pid 52707] [client 52.169.119.118:0] script '/domains/system_default/law.php' not found or unable to stat
[Thu Feb 05 00:00:57.685801 2026] [php:error] [pid 52707] [client 52.169.119.118:0] script '/domains/system_default/wp-xx.php' not found or unable to stat
[Thu Feb 05 00:00:57.758905 2026] [php:error] [pid 52707] [client 52.169.119.118:0] script '/domains/system_default/st.php' not found or unable to stat
[Thu Feb 05 00:00:57.904760 2026] [php:error] [pid 52707] [client 52.169.119.118:0] script '/domains/system_default/oxse.php' not found or unable to stat
[Thu Feb 05 00:00:57.977654 2026] [php:error] [pid 52707] [client 52.169.119.118:0] script '/domains/system_default/dropdown.php' not found or unable to stat
[Thu Feb 05 00:00:58.050399 2026] [php:error] [pid 52707] [client 52.169.119.118:0] script '/domains/system_default/AxAo.php' not found or unable to stat
[Thu Feb 05 00:00:58.123940 2026] [php:error] [pid 52707] [client 52.169.119.118:0] script '/domains/system_default/assacc.php' not found or unable to stat
[Thu Feb 05 00:00:58.197026 2026] [php:error] [pid 52707] [client 52.169.119.118:0] script '/domains/system_default/men.php' not found or unable to stat
[Thu Feb 05 00:00:58.271330 2026] [php:error] [pid 52707] [client 52.169.119.118:0] script '/domains/system_default/test2.php' not found or unable to stat
[Thu Feb 05 00:00:58.344328 2026] [php:error] [pid 52707] [client 52.169.119.118:0] script '/domains/system_default/v4.php' not found or unable to stat
[Thu Feb 05 00:00:58.417556 2026] [php:error] [pid 52707] [client 52.169.119.118:0] script '/domains/system_default/wo.php' not found or unable to stat
[Thu Feb 05 00:00:58.506985 2026] [php:error] [pid 52707] [client 52.169.119.118:0] script '/domains/system_default/whm-cp.php' not found or unable to stat
[Thu Feb 05 00:00:58.580489 2026] [php:error] [pid 52707] [client 52.169.119.118:0] script '/domains/system_default/pu.php' not found or unable to stat
[Thu Feb 05 00:00:58.653395 2026] [php:error] [pid 52707] [client 52.169.119.118:0] script '/domains/system_default/resp.php' not found or unable to stat
[Thu Feb 05 00:00:58.726428 2026] [php:error] [pid 52707] [client 52.169.119.118:0] script '/domains/system_default/za2.php' not found or unable to stat
[Thu Feb 05 00:00:58.799586 2026] [php:error] [pid 52707] [client 52.169.119.118:0] script '/domains/system_default/z.php' not found or unable to stat
[Thu Feb 05 00:00:58.873171 2026] [php:error] [pid 52707] [client 52.169.119.118:0] script '/domains/system_default/gmanz.php' not found or unable to stat
[Thu Feb 05 00:00:58.945891 2026] [php:error] [pid 52707] [client 52.169.119.118:0] script '/domains/system_default/zzz.php' not found or unable to stat
[Thu Feb 05 00:00:59.018983 2026] [php:error] [pid 52707] [client 52.169.119.118:0] script '/domains/system_default/codehu.php' not found or unable to stat
[Thu Feb 05 00:00:59.091932 2026] [php:error] [pid 52707] [client 52.169.119.118:0] script '/domains/system_default/resp.php' not found or unable to stat
[Thu Feb 05 00:00:59.388848 2026] [php:error] [pid 52707] [client 52.169.119.118:0] script '/domains/system_default/jga.php' not found or unable to stat
[Thu Feb 05 00:00:59.470843 2026] [php:error] [pid 52707] [client 52.169.119.118:0] script '/domains/system_default/an.php' not found or unable to stat
[Thu Feb 05 00:00:59.543840 2026] [php:error] [pid 52707] [client 52.169.119.118:0] script '/domains/system_default/bs5.php' not found or unable to stat
[Thu Feb 05 00:00:59.616624 2026] [php:error] [pid 52707] [client 52.169.119.118:0] script '/domains/system_default/ednse.php' not found or unable to stat
[Thu Feb 05 00:00:59.689697 2026] [php:error] [pid 52707] [client 52.169.119.118:0] script '/domains/system_default/fs.php' not found or unable to stat
[Thu Feb 05 00:00:59.762693 2026] [php:error] [pid 52707] [client 52.169.119.118:0] script '/domains/system_default/niett.php' not found or unable to stat
[Thu Feb 05 00:00:59.835596 2026] [php:error] [pid 52707] [client 52.169.119.118:0] script '/domains/system_default/puibr.php' not found or unable to stat
[Thu Feb 05 00:00:59.908459 2026] [php:error] [pid 52707] [client 52.169.119.118:0] script '/domains/system_default/past1.php' not found or unable to stat
[Thu Feb 05 00:00:59.981047 2026] [php:error] [pid 52707] [client 52.169.119.118:0] script '/domains/system_default/smp.php' not found or unable to stat
[Thu Feb 05 00:01:31.837036 2026] [authz_core:error] [pid 52707] [client 198.235.24.192:0] AH01630: client denied by server configuration: /
[Thu Feb 05 00:02:16.525652 2026] [php:error] [pid 52714] [client 34.13.212.99:0] script '/domains/hdickens.enteract/kmnj.php' not found or unable to stat
[Thu Feb 05 00:02:59.015481 2026] [php:error] [pid 52705] [client 204.211.73.246:0] script '/domains/performancepartsinc/wp-login.php' not found or unable to stat, referer: https://duckduckgo.com/
[Thu Feb 05 00:02:59.467318 2026] [php:error] [pid 52726] [client 86.134.147.4:0] script '/domains/performancepartsinc/wp-login.php' not found or unable to stat
[Thu Feb 05 00:05:56.299781 2026] [php:error] [pid 52714] [client 156.253.1.23:0] script '/domains/emsco1/phpinfo.php' not found or unable to stat
[Thu Feb 05 00:05:56.725732 2026] [php:error] [pid 52714] [client 156.253.1.23:0] script '/domains/emsco1/info.php' not found or unable to stat
[Thu Feb 05 00:05:56.975367 2026] [php:error] [pid 52714] [client 156.253.1.23:0] script '/domains/emsco1/test.php' not found or unable to stat
[Thu Feb 05 00:11:35.600096 2026] [php:error] [pid 52804] [client 89.187.162.178:0] script '/domains/antiqueweb1/wp-login.php' not found or unable to stat
[Thu Feb 05 00:12:14.519151 2026] [rewrite:error] [pid 52836] [client 17.246.15.55:0] AH10508: Unsafe URL with %3f URL rewritten without UnsafeAllow3F
[Thu Feb 05 00:12:27.369236 2026] [php:error] [pid 52804] [client 156.253.1.90:0] script '/domains/emsco1/config.php.swp' not found or unable to stat
[Thu Feb 05 00:12:27.946394 2026] [php:error] [pid 52804] [client 156.253.1.90:0] script '/domains/emsco1/.config.php.swp' not found or unable to stat
[Thu Feb 05 00:12:32.908201 2026] [php:error] [pid 52804] [client 156.253.1.90:0] script '/domains/emsco1/mail.php.bak' not found or unable to stat
[Thu Feb 05 00:12:33.750839 2026] [php:error] [pid 52804] [client 156.253.1.90:0] script '/domains/emsco1/smtp.php.bak' not found or unable to stat
[Thu Feb 05 00:12:36.608520 2026] [php:error] [pid 52834] [client 190.120.253.132:0] script '/domains/piltdweb1/wp-login.php' not found or unable to stat, referer: https://piltd.com
[Thu Feb 05 00:12:36.718461 2026] [php:error] [pid 52804] [client 90.101.47.12:0] script '/domains/piltdweb1/wp-login.php' not found or unable to stat, referer: https://piltd.com
[Thu Feb 05 00:12:37.082863 2026] [php:error] [pid 52833] [client 89.80.140.68:0] script '/domains/piltdweb1/wp-login.php' not found or unable to stat, referer: https://piltd.com
[Thu Feb 05 00:12:37.126153 2026] [php:error] [pid 52834] [client 190.120.253.132:0] script '/domains/piltdweb1/wp-login.php' not found or unable to stat, referer: https://piltd.com
[Thu Feb 05 00:12:37.148444 2026] [php:error] [pid 52820] [client 95.169.230.3:0] script '/domains/piltdweb1/wp-login.php' not found or unable to stat, referer: https://piltd.com
[Thu Feb 05 00:12:37.272674 2026] [php:error] [pid 52832] [client 93.217.179.120:0] script '/domains/piltdweb1/wp-login.php' not found or unable to stat, referer: https://piltd.com
[Thu Feb 05 00:12:37.390315 2026] [php:error] [pid 52804] [client 90.101.47.12:0] script '/domains/piltdweb1/wp-login.php' not found or unable to stat, referer: https://piltd.com
[Thu Feb 05 00:12:37.705595 2026] [php:error] [pid 52833] [client 89.80.140.68:0] script '/domains/piltdweb1/wp-login.php' not found or unable to stat, referer: https://piltd.com
[Thu Feb 05 00:12:37.743573 2026] [php:error] [pid 52820] [client 95.169.230.3:0] script '/domains/piltdweb1/wp-login.php' not found or unable to stat, referer: https://piltd.com
[Thu Feb 05 00:12:37.749103 2026] [php:error] [pid 52834] [client 190.120.253.132:0] script '/domains/piltdweb1/wp-login.php' not found or unable to stat, referer: https://piltd.com
[Thu Feb 05 00:12:37.983903 2026] [php:error] [pid 52832] [client 93.217.179.120:0] script '/domains/piltdweb1/wp-login.php' not found or unable to stat, referer: https://piltd.com
[Thu Feb 05 00:12:37.998971 2026] [php:error] [pid 52837] [client 186.57.122.10:0] script '/domains/piltdweb1/wp-login.php' not found or unable to stat, referer: https://piltd.com
[Thu Feb 05 00:12:38.092377 2026] [php:error] [pid 52804] [client 90.101.47.12:0] script '/domains/piltdweb1/wp-login.php' not found or unable to stat, referer: https://piltd.com
[Thu Feb 05 00:12:38.106327 2026] [php:error] [pid 52841] [client 191.99.47.114:0] script '/domains/piltdweb1/wp-login.php' not found or unable to stat, referer: https://piltd.com
[Thu Feb 05 00:12:38.228244 2026] [php:error] [pid 52833] [client 89.80.140.68:0] script '/domains/piltdweb1/wp-login.php' not found or unable to stat, referer: https://piltd.com
[Thu Feb 05 00:12:38.339435 2026] [php:error] [pid 52834] [client 190.120.253.132:0] script '/domains/piltdweb1/wp-login.php' not found or unable to stat, referer: https://piltd.com
[Thu Feb 05 00:12:38.449341 2026] [php:error] [pid 52820] [client 95.169.230.3:0] script '/domains/piltdweb1/wp-login.php' not found or unable to stat, referer: https://piltd.com
[Thu Feb 05 00:12:38.455382 2026] [php:error] [pid 52836] [client 109.178.136.69:0] script '/domains/piltdweb1/wp-login.php' not found or unable to stat, referer: https://piltd.com
[Thu Feb 05 00:12:38.596959 2026] [php:error] [pid 52837] [client 186.57.122.10:0] script '/domains/piltdweb1/wp-login.php' not found or unable to stat, referer: https://piltd.com
[Thu Feb 05 00:12:38.712648 2026] [php:error] [pid 52832] [client 93.217.179.120:0] script '/domains/piltdweb1/wp-login.php' not found or unable to stat, referer: https://piltd.com
[Thu Feb 05 00:12:38.745080 2026] [php:error] [pid 52833] [client 89.80.140.68:0] script '/domains/piltdweb1/wp-login.php' not found or unable to stat, referer: https://piltd.com
[Thu Feb 05 00:12:38.751710 2026] [php:error] [pid 52841] [client 191.99.47.114:0] script '/domains/piltdweb1/wp-login.php' not found or unable to stat, referer: https://piltd.com
[Thu Feb 05 00:12:38.792841 2026] [php:error] [pid 52804] [client 90.101.47.12:0] script '/domains/piltdweb1/wp-login.php' not found or unable to stat, referer: https://piltd.com
[Thu Feb 05 00:12:38.963428 2026] [php:error] [pid 52834] [client 190.120.253.132:0] script '/domains/piltdweb1/wp-login.php' not found or unable to stat, referer: https://piltd.com
[Thu Feb 05 00:12:39.124034 2026] [php:error] [pid 52842] [client 78.189.139.142:0] script '/domains/piltdweb1/wp-login.php' not found or unable to stat, referer: https://piltd.com
[Thu Feb 05 00:12:39.125577 2026] [php:error] [pid 52843] [client 119.73.115.58:0] script '/domains/piltdweb1/wp-login.php' not found or unable to stat, referer: https://piltd.com
[Thu Feb 05 00:12:39.177575 2026] [php:error] [pid 52820] [client 95.169.230.3:0] script '/domains/piltdweb1/wp-login.php' not found or unable to stat, referer: https://piltd.com
[Thu Feb 05 00:12:39.218364 2026] [php:error] [pid 52837] [client 186.57.122.10:0] script '/domains/piltdweb1/wp-login.php' not found or unable to stat, referer: https://piltd.com
[Thu Feb 05 00:12:39.287263 2026] [php:error] [pid 52836] [client 109.178.136.69:0] script '/domains/piltdweb1/wp-login.php' not found or unable to stat, referer: https://piltd.com
[Thu Feb 05 00:12:39.325605 2026] [php:error] [pid 52833] [client 89.80.140.68:0] script '/domains/piltdweb1/wp-login.php' not found or unable to stat, referer: https://piltd.com
[Thu Feb 05 00:12:39.401081 2026] [php:error] [pid 52841] [client 191.99.47.114:0] script '/domains/piltdweb1/wp-login.php' not found or unable to stat, referer: https://piltd.com
[Thu Feb 05 00:12:39.419820 2026] [php:error] [pid 52832] [client 93.217.179.120:0] script '/domains/piltdweb1/wp-login.php' not found or unable to stat, referer: https://piltd.com
[Thu Feb 05 00:12:39.421634 2026] [php:error] [pid 52834] [client 190.120.253.132:0] script '/domains/piltdweb1/wp-login.php' not found or unable to stat, referer: https://piltd.com
[Thu Feb 05 00:12:39.481900 2026] [php:error] [pid 52804] [client 90.101.47.12:0] script '/domains/piltdweb1/wp-login.php' not found or unable to stat, referer: https://piltd.com
[Thu Feb 05 00:12:39.718931 2026] [php:error] [pid 52820] [client 95.169.230.3:0] script '/domains/piltdweb1/wp-login.php' not found or unable to stat, referer: https://piltd.com
[Thu Feb 05 00:12:39.924884 2026] [php:error] [pid 52842] [client 78.189.139.142:0] script '/domains/piltdweb1/wp-login.php' not found or unable to stat, referer: https://piltd.com
[Thu Feb 05 00:12:39.993205 2026] [php:error] [pid 52833] [client 89.80.140.68:0] script '/domains/piltdweb1/wp-login.php' not found or unable to stat, referer: https://piltd.com
[Thu Feb 05 00:12:40.019898 2026] [php:error] [pid 52837] [client 186.57.122.10:0] script '/domains/piltdweb1/wp-login.php' not found or unable to stat, referer: https://piltd.com
[Thu Feb 05 00:12:40.032140 2026] [php:error] [pid 52834] [client 45.163.147.208:0] script '/domains/piltdweb1/wp-login.php' not found or unable to stat, referer: https://piltd.com
[Thu Feb 05 00:12:40.071541 2026] [php:error] [pid 52841] [client 191.99.47.114:0] script '/domains/piltdweb1/wp-login.php' not found or unable to stat, referer: https://piltd.com
[Thu Feb 05 00:12:40.078040 2026] [php:error] [pid 52843] [client 119.73.115.58:0] script '/domains/piltdweb1/wp-login.php' not found or unable to stat, referer: https://piltd.com
[Thu Feb 05 00:12:40.134394 2026] [php:error] [pid 52832] [client 93.217.179.120:0] script '/domains/piltdweb1/wp-login.php' not found or unable to stat, referer: https://piltd.com
[Thu Feb 05 00:12:40.143170 2026] [php:error] [pid 52836] [client 109.178.136.69:0] script '/domains/piltdweb1/wp-login.php' not found or unable to stat, referer: https://piltd.com
[Thu Feb 05 00:12:40.160240 2026] [php:error] [pid 52804] [client 90.101.47.12:0] script '/domains/piltdweb1/wp-login.php' not found or unable to stat, referer: https://piltd.com
[Thu Feb 05 00:12:40.446356 2026] [php:error] [pid 52820] [client 95.169.230.3:0] script '/domains/piltdweb1/wp-login.php' not found or unable to stat, referer: https://piltd.com
[Thu Feb 05 00:12:40.524945 2026] [php:error] [pid 52842] [client 78.189.139.142:0] script '/domains/piltdweb1/wp-login.php' not found or unable to stat, referer: https://piltd.com
[Thu Feb 05 00:12:40.617752 2026] [php:error] [pid 52837] [client 186.57.122.10:0] script '/domains/piltdweb1/wp-login.php' not found or unable to stat, referer: https://piltd.com
[Thu Feb 05 00:12:40.731666 2026] [php:error] [pid 52841] [client 191.99.47.114:0] script '/domains/piltdweb1/wp-login.php' not found or unable to stat, referer: https://piltd.com
[Thu Feb 05 00:12:40.838778 2026] [php:error] [pid 52832] [client 93.217.179.120:0] script '/domains/piltdweb1/wp-login.php' not found or unable to stat, referer: https://piltd.com
[Thu Feb 05 00:12:40.839509 2026] [php:error] [pid 52834] [client 45.163.147.208:0] script '/domains/piltdweb1/wp-login.php' not found or unable to stat, referer: https://piltd.com
[Thu Feb 05 00:12:40.855995 2026] [php:error] [pid 52843] [client 119.73.115.58:0] script '/domains/piltdweb1/wp-login.php' not found or unable to stat, referer: https://piltd.com
[Thu Feb 05 00:12:40.977626 2026] [php:error] [pid 52836] [client 109.178.136.69:0] script '/domains/piltdweb1/wp-login.php' not found or unable to stat, referer: https://piltd.com
[Thu Feb 05 00:12:41.118848 2026] [php:error] [pid 52842] [client 78.189.139.142:0] script '/domains/piltdweb1/wp-login.php' not found or unable to stat, referer: https://piltd.com
[Thu Feb 05 00:12:41.229573 2026] [php:error] [pid 52837] [client 186.57.122.10:0] script '/domains/piltdweb1/wp-login.php' not found or unable to stat, referer: https://piltd.com
[Thu Feb 05 00:12:41.401454 2026] [php:error] [pid 52841] [client 191.99.47.114:0] script '/domains/piltdweb1/wp-login.php' not found or unable to stat, referer: https://piltd.com
[Thu Feb 05 00:12:41.437813 2026] [php:error] [pid 52834] [client 45.163.147.208:0] script '/domains/piltdweb1/wp-login.php' not found or unable to stat, referer: https://piltd.com
[Thu Feb 05 00:12:41.683131 2026] [php:error] [pid 52836] [client 109.178.136.69:0] script '/domains/piltdweb1/wp-login.php' not found or unable to stat, referer: https://piltd.com
[Thu Feb 05 00:12:41.741569 2026] [php:error] [pid 52843] [client 119.73.115.58:0] script '/domains/piltdweb1/wp-login.php' not found or unable to stat, referer: https://piltd.com
[Thu Feb 05 00:12:41.932436 2026] [php:error] [pid 52842] [client 78.189.139.142:0] script '/domains/piltdweb1/wp-login.php' not found or unable to stat, referer: https://piltd.com
[Thu Feb 05 00:12:42.237200 2026] [php:error] [pid 52834] [client 45.163.147.208:0] script '/domains/piltdweb1/wp-login.php' not found or unable to stat, referer: https://piltd.com
[Thu Feb 05 00:12:42.527660 2026] [php:error] [pid 52836] [client 109.178.136.69:0] script '/domains/piltdweb1/wp-login.php' not found or unable to stat, referer: https://piltd.com
[Thu Feb 05 00:12:42.595381 2026] [php:error] [pid 52843] [client 119.73.115.58:0] script '/domains/piltdweb1/wp-login.php' not found or unable to stat, referer: https://piltd.com
[Thu Feb 05 00:12:42.732822 2026] [php:error] [pid 52842] [client 78.189.139.142:0] script '/domains/piltdweb1/wp-login.php' not found or unable to stat, referer: https://piltd.com
[Thu Feb 05 00:12:43.146552 2026] [php:error] [pid 52834] [client 45.163.147.208:0] script '/domains/piltdweb1/wp-login.php' not found or unable to stat, referer: https://piltd.com
[Thu Feb 05 00:12:43.739314 2026] [php:error] [pid 52843] [client 119.73.115.58:0] script '/domains/piltdweb1/wp-login.php' not found or unable to stat, referer: https://piltd.com
[Thu Feb 05 00:12:43.741353 2026] [php:error] [pid 52834] [client 45.163.147.208:0] script '/domains/piltdweb1/wp-login.php' not found or unable to stat, referer: https://piltd.com
[Thu Feb 05 00:12:52.623362 2026] [php:error] [pid 52840] [client 179.127.98.11:0] script '/domains/piltdweb1/wp-login.php' not found or unable to stat, referer: https://piltd.com
[Thu Feb 05 00:12:53.313720 2026] [php:error] [pid 52840] [client 179.127.98.11:0] script '/domains/piltdweb1/wp-login.php' not found or unable to stat, referer: https://piltd.com
[Thu Feb 05 00:12:54.008089 2026] [php:error] [pid 52840] [client 179.127.98.11:0] script '/domains/piltdweb1/wp-login.php' not found or unable to stat, referer: https://piltd.com
[Thu Feb 05 00:12:54.657208 2026] [php:error] [pid 52840] [client 179.127.98.11:0] script '/domains/piltdweb1/wp-login.php' not found or unable to stat, referer: https://piltd.com
[Thu Feb 05 00:12:55.283074 2026] [php:error] [pid 52840] [client 179.127.98.11:0] script '/domains/piltdweb1/wp-login.php' not found or unable to stat, referer: https://piltd.com
[Thu Feb 05 00:12:56.249712 2026] [php:error] [pid 52841] [client 213.108.0.221:0] script '/domains/wsmith.enteract/wp-login.php' not found or unable to stat
[Thu Feb 05 00:13:04.914066 2026] [php:error] [pid 52820] [client 213.108.0.221:0] script '/domains/wsmith.enteract/wp-login.php' not found or unable to stat
[Thu Feb 05 00:16:36.245433 2026] [php:error] [pid 58491] [client 52.169.119.118:0] script '/domains/astweb/c.php' not found or unable to stat
[Thu Feb 05 00:16:36.318425 2026] [php:error] [pid 58491] [client 52.169.119.118:0] script '/domains/astweb/x.php' not found or unable to stat
[Thu Feb 05 00:16:36.390957 2026] [php:error] [pid 58491] [client 52.169.119.118:0] script '/domains/astweb/k.php' not found or unable to stat
[Thu Feb 05 00:16:36.463553 2026] [php:error] [pid 58491] [client 52.169.119.118:0] script '/domains/astweb/prv8.php' not found or unable to stat
[Thu Feb 05 00:16:36.536256 2026] [php:error] [pid 58491] [client 52.169.119.118:0] script '/domains/astweb/shlo.php' not found or unable to stat
[Thu Feb 05 00:16:36.609348 2026] [php:error] [pid 58491] [client 52.169.119.118:0] script '/domains/astweb/itil.php' not found or unable to stat
[Thu Feb 05 00:16:36.682077 2026] [php:error] [pid 58491] [client 52.169.119.118:0] script '/domains/astweb/jack.php' not found or unable to stat
[Thu Feb 05 00:16:36.754759 2026] [php:error] [pid 58491] [client 52.169.119.118:0] script '/domains/astweb/sudo.php' not found or unable to stat
[Thu Feb 05 00:16:36.827502 2026] [php:error] [pid 58491] [client 52.169.119.118:0] script '/domains/astweb/law.php' not found or unable to stat
[Thu Feb 05 00:16:36.900098 2026] [php:error] [pid 58491] [client 52.169.119.118:0] script '/domains/astweb/wp-xx.php' not found or unable to stat
[Thu Feb 05 00:16:36.972656 2026] [php:error] [pid 58491] [client 52.169.119.118:0] script '/domains/astweb/st.php' not found or unable to stat
[Thu Feb 05 00:16:37.118247 2026] [php:error] [pid 58491] [client 52.169.119.118:0] script '/domains/astweb/oxse.php' not found or unable to stat
[Thu Feb 05 00:16:37.193637 2026] [php:error] [pid 58491] [client 52.169.119.118:0] script '/domains/astweb/dropdown.php' not found or unable to stat
[Thu Feb 05 00:16:37.266544 2026] [php:error] [pid 58491] [client 52.169.119.118:0] script '/domains/astweb/AxAo.php' not found or unable to stat
[Thu Feb 05 00:16:37.339291 2026] [php:error] [pid 58491] [client 52.169.119.118:0] script '/domains/astweb/assacc.php' not found or unable to stat
[Thu Feb 05 00:16:37.411824 2026] [php:error] [pid 58491] [client 52.169.119.118:0] script '/domains/astweb/men.php' not found or unable to stat
[Thu Feb 05 00:16:37.484635 2026] [php:error] [pid 58491] [client 52.169.119.118:0] script '/domains/astweb/test2.php' not found or unable to stat
[Thu Feb 05 00:16:37.557336 2026] [php:error] [pid 58491] [client 52.169.119.118:0] script '/domains/astweb/v4.php' not found or unable to stat
[Thu Feb 05 00:16:37.630107 2026] [php:error] [pid 58491] [client 52.169.119.118:0] script '/domains/astweb/wo.php' not found or unable to stat
[Thu Feb 05 00:16:37.702677 2026] [php:error] [pid 58491] [client 52.169.119.118:0] script '/domains/astweb/whm-cp.php' not found or unable to stat
[Thu Feb 05 00:16:37.775690 2026] [php:error] [pid 58491] [client 52.169.119.118:0] script '/domains/astweb/pu.php' not found or unable to stat
[Thu Feb 05 00:16:37.848314 2026] [php:error] [pid 58491] [client 52.169.119.118:0] script '/domains/astweb/resp.php' not found or unable to stat
[Thu Feb 05 00:16:37.921906 2026] [php:error] [pid 58491] [client 52.169.119.118:0] script '/domains/astweb/za2.php' not found or unable to stat
[Thu Feb 05 00:16:37.994906 2026] [php:error] [pid 58491] [client 52.169.119.118:0] script '/domains/astweb/z.php' not found or unable to stat
[Thu Feb 05 00:16:38.071683 2026] [php:error] [pid 58491] [client 52.169.119.118:0] script '/domains/astweb/gmanz.php' not found or unable to stat
[Thu Feb 05 00:16:38.144338 2026] [php:error] [pid 58491] [client 52.169.119.118:0] script '/domains/astweb/zzz.php' not found or unable to stat
[Thu Feb 05 00:16:38.217080 2026] [php:error] [pid 58491] [client 52.169.119.118:0] script '/domains/astweb/codehu.php' not found or unable to stat
[Thu Feb 05 00:16:38.289475 2026] [php:error] [pid 58491] [client 52.169.119.118:0] script '/domains/astweb/resp.php' not found or unable to stat
[Thu Feb 05 00:16:38.579808 2026] [php:error] [pid 58491] [client 52.169.119.118:0] script '/domains/astweb/jga.php' not found or unable to stat
[Thu Feb 05 00:16:38.652669 2026] [php:error] [pid 58491] [client 52.169.119.118:0] script '/domains/astweb/an.php' not found or unable to stat
[Thu Feb 05 00:16:38.725594 2026] [php:error] [pid 58491] [client 52.169.119.118:0] script '/domains/astweb/bs5.php' not found or unable to stat
[Thu Feb 05 00:16:38.798598 2026] [php:error] [pid 58491] [client 52.169.119.118:0] script '/domains/astweb/ednse.php' not found or unable to stat
[Thu Feb 05 00:16:38.871223 2026] [php:error] [pid 58491] [client 52.169.119.118:0] script '/domains/astweb/fs.php' not found or unable to stat
[Thu Feb 05 00:16:38.943860 2026] [php:error] [pid 58491] [client 52.169.119.118:0] script '/domains/astweb/niett.php' not found or unable to stat
[Thu Feb 05 00:16:39.016317 2026] [php:error] [pid 58491] [client 52.169.119.118:0] script '/domains/astweb/puibr.php' not found or unable to stat
[Thu Feb 05 00:16:39.090780 2026] [php:error] [pid 58491] [client 52.169.119.118:0] script '/domains/astweb/past1.php' not found or unable to stat
[Thu Feb 05 00:16:39.164105 2026] [php:error] [pid 58491] [client 52.169.119.118:0] script '/domains/astweb/smp.php' not found or unable to stat
[Thu Feb 05 00:18:36.555710 2026] [php:error] [pid 58519] [client 34.7.180.166:0] script '/domains/hdickens.enteract/kmnj.php' not found or unable to stat
[Thu Feb 05 00:21:29.335144 2026] [php:error] [pid 58519] [client 137.116.136.141:0] script '/domains/fifibear/GOD.php' not found or unable to stat
[Thu Feb 05 00:21:29.575040 2026] [php:error] [pid 58519] [client 137.116.136.141:0] script '/domains/fifibear/flower.php' not found or unable to stat
[Thu Feb 05 00:21:29.796071 2026] [php:error] [pid 58519] [client 137.116.136.141:0] script '/domains/fifibear/Auth.php' not found or unable to stat
[Thu Feb 05 00:21:30.017413 2026] [php:error] [pid 58519] [client 137.116.136.141:0] script '/domains/fifibear/aaa.php' not found or unable to stat
[Thu Feb 05 00:21:30.261882 2026] [php:error] [pid 58519] [client 137.116.136.141:0] script '/domains/fifibear/cookie.php' not found or unable to stat
[Thu Feb 05 00:21:30.959103 2026] [php:error] [pid 58519] [client 137.116.136.141:0] script '/domains/fifibear/dropdown.php' not found or unable to stat
[Thu Feb 05 00:21:31.189062 2026] [php:error] [pid 58519] [client 137.116.136.141:0] script '/domains/fifibear/eq2hbpgs.php' not found or unable to stat
[Thu Feb 05 00:21:32.078577 2026] [php:error] [pid 58519] [client 137.116.136.141:0] script '/domains/fifibear/xleet.php' not found or unable to stat
[Thu Feb 05 00:21:32.860378 2026] [php:error] [pid 58519] [client 137.116.136.141:0] script '/domains/fifibear/y.php' not found or unable to stat
[Thu Feb 05 00:21:33.092275 2026] [php:error] [pid 58519] [client 137.116.136.141:0] script '/domains/fifibear/ab1ux1ft.php' not found or unable to stat
[Thu Feb 05 00:21:33.575602 2026] [php:error] [pid 58519] [client 137.116.136.141:0] script '/domains/fifibear/classwithtostring.php' not found or unable to stat
[Thu Feb 05 00:21:33.819871 2026] [php:error] [pid 58519] [client 137.116.136.141:0] script '/domains/fifibear/M1.php' not found or unable to stat
[Thu Feb 05 00:21:34.314574 2026] [php:error] [pid 58519] [client 137.116.136.141:0] script '/domains/fifibear/BIBIL_0DAY.php' not found or unable to stat
[Thu Feb 05 00:21:34.579136 2026] [php:error] [pid 58519] [client 137.116.136.141:0] script '/domains/fifibear/fxcexgle.php' not found or unable to stat
[Thu Feb 05 00:21:34.805455 2026] [php:error] [pid 58519] [client 137.116.136.141:0] script '/domains/fifibear/wsa.php' not found or unable to stat
[Thu Feb 05 00:21:35.533914 2026] [php:error] [pid 58519] [client 137.116.136.141:0] script '/domains/fifibear/google.php' not found or unable to stat
[Thu Feb 05 00:21:35.755065 2026] [php:error] [pid 58519] [client 137.116.136.141:0] script '/domains/fifibear/simple.php' not found or unable to stat
[Thu Feb 05 00:21:35.982790 2026] [php:error] [pid 58519] [client 137.116.136.141:0] script '/domains/fifibear/catuploadcsv.php' not found or unable to stat
[Thu Feb 05 00:21:36.204506 2026] [php:error] [pid 58519] [client 137.116.136.141:0] script '/domains/fifibear/hoot.php' not found or unable to stat
[Thu Feb 05 00:21:36.457524 2026] [php:error] [pid 58519] [client 137.116.136.141:0] script '/domains/fifibear/ewywe1dg.php' not found or unable to stat
[Thu Feb 05 00:21:36.681902 2026] [php:error] [pid 58519] [client 137.116.136.141:0] script '/domains/fifibear/feed-rss2-queue.php' not found or unable to stat
[Thu Feb 05 00:21:37.198441 2026] [php:error] [pid 58519] [client 137.116.136.141:0] script '/domains/fifibear/hkvkjguw.php' not found or unable to stat
[Thu Feb 05 00:21:37.421799 2026] [php:error] [pid 58519] [client 137.116.136.141:0] script '/domains/fifibear/1p.php' not found or unable to stat
[Thu Feb 05 00:21:37.645991 2026] [php:error] [pid 58519] [client 137.116.136.141:0] script '/domains/fifibear/block-bindings.php' not found or unable to stat
[Thu Feb 05 00:21:37.867207 2026] [php:error] [pid 58519] [client 137.116.136.141:0] script '/domains/fifibear/OthioNDwMEK.php' not found or unable to stat
[Thu Feb 05 00:21:38.104971 2026] [php:error] [pid 58519] [client 137.116.136.141:0] script '/domains/fifibear/addslashes.php' not found or unable to stat
[Thu Feb 05 00:21:39.372181 2026] [php:error] [pid 58519] [client 137.116.136.141:0] script '/domains/fifibear/dxc.php' not found or unable to stat
[Thu Feb 05 00:21:39.597599 2026] [php:error] [pid 58519] [client 137.116.136.141:0] script '/domains/fifibear/go.php' not found or unable to stat
[Thu Feb 05 00:21:39.819952 2026] [php:error] [pid 58519] [client 137.116.136.141:0] script '/domains/fifibear/credits.php' not found or unable to stat
[Thu Feb 05 00:21:40.041600 2026] [php:error] [pid 58519] [client 137.116.136.141:0] script '/domains/fifibear/news.php' not found or unable to stat
[Thu Feb 05 00:21:40.275806 2026] [php:error] [pid 58519] [client 137.116.136.141:0] script '/domains/fifibear/delpaths.php' not found or unable to stat
[Thu Feb 05 00:21:40.516001 2026] [php:error] [pid 58519] [client 137.116.136.141:0] script '/domains/fifibear/depotcv.php' not found or unable to stat
[Thu Feb 05 00:21:40.737076 2026] [php:error] [pid 58519] [client 137.116.136.141:0] script '/domains/fifibear/new.php' not found or unable to stat
[Thu Feb 05 00:21:40.961780 2026] [php:error] [pid 58519] [client 137.116.136.141:0] script '/domains/fifibear/Njima.php' not found or unable to stat
[Thu Feb 05 00:21:41.182876 2026] [php:error] [pid 58519] [client 137.116.136.141:0] script '/domains/fifibear/5173e.php' not found or unable to stat
[Thu Feb 05 00:21:41.636195 2026] [php:error] [pid 58519] [client 137.116.136.141:0] script '/domains/fifibear/alumni_reg.php' not found or unable to stat
[Thu Feb 05 00:21:41.869551 2026] [php:error] [pid 58519] [client 137.116.136.141:0] script '/domains/fifibear/DxHhVcy2bmJ.php' not found or unable to stat
[Thu Feb 05 00:21:42.090706 2026] [php:error] [pid 58519] [client 137.116.136.141:0] script '/domains/fifibear/css.php' not found or unable to stat
[Thu Feb 05 00:21:42.313231 2026] [php:error] [pid 58519] [client 137.116.136.141:0] script '/domains/fifibear/goods.php' not found or unable to stat
[Thu Feb 05 00:21:42.882980 2026] [php:error] [pid 58519] [client 137.116.136.141:0] script '/domains/fifibear/cJLGqzB.php' not found or unable to stat
[Thu Feb 05 00:21:43.104115 2026] [php:error] [pid 58519] [client 137.116.136.141:0] script '/domains/fifibear/alfanew.php' not found or unable to stat
[Thu Feb 05 00:21:43.326931 2026] [php:error] [pid 58519] [client 137.116.136.141:0] script '/domains/fifibear/chosen.php' not found or unable to stat
[Thu Feb 05 00:21:43.547988 2026] [php:error] [pid 58519] [client 137.116.136.141:0] script '/domains/fifibear/ulc2.php' not found or unable to stat
[Thu Feb 05 00:21:43.769190 2026] [php:error] [pid 58519] [client 137.116.136.141:0] script '/domains/fifibear/asasx.php' not found or unable to stat
[Thu Feb 05 00:21:43.994146 2026] [php:error] [pid 58519] [client 137.116.136.141:0] script '/domains/fifibear/cljntmcz.php' not found or unable to stat
[Thu Feb 05 00:21:44.490344 2026] [php:error] [pid 58519] [client 137.116.136.141:0] script '/domains/fifibear/disagraeosc.php' not found or unable to stat
[Thu Feb 05 00:21:45.158751 2026] [php:error] [pid 58519] [client 137.116.136.141:0] script '/domains/fifibear/blog.php' not found or unable to stat
[Thu Feb 05 00:21:45.406202 2026] [php:error] [pid 58519] [client 137.116.136.141:0] script '/domains/fifibear/atomlib.php' not found or unable to stat
[Thu Feb 05 00:21:46.098162 2026] [php:error] [pid 58519] [client 137.116.136.141:0] script '/domains/fifibear/conf_upload.php' not found or unable to stat
[Thu Feb 05 00:21:46.322892 2026] [php:error] [pid 58519] [client 137.116.136.141:0] script '/domains/fifibear/fucixwya.php' not found or unable to stat
[Thu Feb 05 00:21:46.544164 2026] [php:error] [pid 58519] [client 137.116.136.141:0] script '/domains/fifibear/ab.php' not found or unable to stat
[Thu Feb 05 00:21:46.765883 2026] [php:error] [pid 58519] [client 137.116.136.141:0] script '/domains/fifibear/0.php' not found or unable to stat
[Thu Feb 05 00:21:46.987495 2026] [php:error] [pid 58519] [client 137.116.136.141:0] script '/domains/fifibear/contentloader1.php' not found or unable to stat
[Thu Feb 05 00:21:47.208670 2026] [php:error] [pid 58519] [client 137.116.136.141:0] script '/domains/fifibear/feeds.php' not found or unable to stat
[Thu Feb 05 00:21:47.429726 2026] [php:error] [pid 58519] [client 137.116.136.141:0] script '/domains/fifibear/aQzODIgoBr.php' not found or unable to stat
[Thu Feb 05 00:21:47.655476 2026] [php:error] [pid 58519] [client 137.116.136.141:0] script '/domains/fifibear/cnzcsfwm.php' not found or unable to stat
[Thu Feb 05 00:21:47.884156 2026] [php:error] [pid 58519] [client 137.116.136.141:0] script '/domains/fifibear/cong.php' not found or unable to stat
[Thu Feb 05 00:21:48.347091 2026] [php:error] [pid 58519] [client 137.116.136.141:0] script '/domains/fifibear/classsmtps.php' not found or unable to stat
[Thu Feb 05 00:21:48.807820 2026] [php:error] [pid 58519] [client 137.116.136.141:0] script '/domains/fifibear/disagraep.php' not found or unable to stat
[Thu Feb 05 00:21:49.028767 2026] [php:error] [pid 58519] [client 137.116.136.141:0] script '/domains/fifibear/content.php' not found or unable to stat
[Thu Feb 05 00:21:49.475731 2026] [php:error] [pid 58519] [client 137.116.136.141:0] script '/domains/fifibear/hello.php' not found or unable to stat
[Thu Feb 05 00:21:49.700424 2026] [php:error] [pid 58519] [client 137.116.136.141:0] script '/domains/fifibear/zwso.php' not found or unable to stat
[Thu Feb 05 00:21:49.922671 2026] [php:error] [pid 58519] [client 137.116.136.141:0] script '/domains/fifibear/haiterus.php' not found or unable to stat
[Thu Feb 05 00:21:51.283213 2026] [php:error] [pid 58519] [client 137.116.136.141:0] script '/domains/fifibear/access.php' not found or unable to stat
[Thu Feb 05 00:21:51.559375 2026] [php:error] [pid 58519] [client 137.116.136.141:0] script '/domains/fifibear/admin.php' not found or unable to stat
[Thu Feb 05 00:21:51.670107 2026] [php:error] [pid 58542] [client 195.216.155.126:0] script '/domains/emsco1/mail-config.php.bak' not found or unable to stat
[Thu Feb 05 00:21:51.780541 2026] [php:error] [pid 58519] [client 137.116.136.141:0] script '/domains/fifibear/contact_tpl.php' not found or unable to stat
[Thu Feb 05 00:21:52.003090 2026] [php:error] [pid 58519] [client 137.116.136.141:0] script '/domains/fifibear/global.php' not found or unable to stat
[Thu Feb 05 00:21:52.237381 2026] [php:error] [pid 58519] [client 137.116.136.141:0] script '/domains/fifibear/beence.php' not found or unable to stat
[Thu Feb 05 00:21:52.687117 2026] [php:error] [pid 58519] [client 137.116.136.141:0] script '/domains/fifibear/Js.php' not found or unable to stat
[Thu Feb 05 00:21:52.908232 2026] [php:error] [pid 58519] [client 137.116.136.141:0] script '/domains/fifibear/Casper.php' not found or unable to stat
[Thu Feb 05 00:21:53.129301 2026] [php:error] [pid 58519] [client 137.116.136.141:0] script '/domains/fifibear/shell.php' not found or unable to stat
[Thu Feb 05 00:21:53.381803 2026] [php:error] [pid 58519] [client 137.116.136.141:0] script '/domains/fifibear/IDhrIlrLb.php' not found or unable to stat
[Thu Feb 05 00:21:53.627166 2026] [php:error] [pid 58519] [client 137.116.136.141:0] script '/domains/fifibear/class-wp-cmd.php' not found or unable to stat
[Thu Feb 05 00:21:53.853308 2026] [php:error] [pid 58519] [client 137.116.136.141:0] script '/domains/fifibear/word.php' not found or unable to stat
[Thu Feb 05 00:21:54.712838 2026] [php:error] [pid 58519] [client 137.116.136.141:0] script '/domains/fifibear/phpinfo.php' not found or unable to stat
[Thu Feb 05 00:21:54.943964 2026] [php:error] [pid 58519] [client 137.116.136.141:0] script '/domains/fifibear/83064.php' not found or unable to stat
[Thu Feb 05 00:21:55.165014 2026] [php:error] [pid 58519] [client 137.116.136.141:0] script '/domains/fifibear/disagraeed.php' not found or unable to stat
[Thu Feb 05 00:21:56.398921 2026] [php:error] [pid 58519] [client 137.116.136.141:0] script '/domains/fifibear/fi2.php' not found or unable to stat
[Thu Feb 05 00:21:56.629260 2026] [php:error] [pid 58519] [client 137.116.136.141:0] script '/domains/fifibear/ds.php' not found or unable to stat
[Thu Feb 05 00:21:56.850872 2026] [php:error] [pid 58519] [client 137.116.136.141:0] script '/domains/fifibear/backup.php' not found or unable to stat
[Thu Feb 05 00:21:57.084528 2026] [php:error] [pid 58519] [client 137.116.136.141:0] script '/domains/fifibear/Alfa.php' not found or unable to stat
[Thu Feb 05 00:21:57.332869 2026] [php:error] [pid 58519] [client 137.116.136.141:0] script '/domains/fifibear/MYK4TJEfFvO.php' not found or unable to stat
[Thu Feb 05 00:21:57.554712 2026] [php:error] [pid 58519] [client 137.116.136.141:0] script '/domains/fifibear/eNtnKM.php' not found or unable to stat
[Thu Feb 05 00:21:58.405542 2026] [php:error] [pid 58542] [client 195.216.155.126:0] script '/domains/emsco1/config.inc.php' not found or unable to stat
[Thu Feb 05 00:22:00.534548 2026] [php:error] [pid 58544] [client 137.116.136.141:0] script '/domains/fifibear/favicon.php' not found or unable to stat
[Thu Feb 05 00:22:00.759846 2026] [php:error] [pid 58544] [client 137.116.136.141:0] script '/domains/fifibear/as.php' not found or unable to stat
[Thu Feb 05 00:22:00.986869 2026] [php:error] [pid 58544] [client 137.116.136.141:0] script '/domains/fifibear/disagrsod.php' not found or unable to stat
[Thu Feb 05 00:22:01.211007 2026] [php:error] [pid 58544] [client 137.116.136.141:0] script '/domains/fifibear/fw.php' not found or unable to stat
[Thu Feb 05 00:22:01.435699 2026] [php:error] [pid 58544] [client 137.116.136.141:0] script '/domains/fifibear/bihnmimh.php' not found or unable to stat
[Thu Feb 05 00:22:01.660309 2026] [php:error] [pid 58544] [client 137.116.136.141:0] script '/domains/fifibear/f.php' not found or unable to stat
[Thu Feb 05 00:22:01.905478 2026] [php:error] [pid 58544] [client 137.116.136.141:0] script '/domains/fifibear/admin-header.php' not found or unable to stat
[Thu Feb 05 00:22:02.367118 2026] [php:error] [pid 58544] [client 137.116.136.141:0] script '/domains/fifibear/aleXus.php' not found or unable to stat
[Thu Feb 05 00:22:02.594752 2026] [php:error] [pid 58544] [client 137.116.136.141:0] script '/domains/fifibear/disagreed.php' not found or unable to stat
[Thu Feb 05 00:22:02.829382 2026] [php:error] [pid 58544] [client 137.116.136.141:0] script '/domains/fifibear/essexec.php' not found or unable to stat
[Thu Feb 05 00:22:03.280786 2026] [php:error] [pid 58544] [client 137.116.136.141:0] script '/domains/fifibear/123.php' not found or unable to stat
[Thu Feb 05 00:22:03.505370 2026] [php:error] [pid 58544] [client 137.116.136.141:0] script '/domains/fifibear/al.php' not found or unable to stat
[Thu Feb 05 00:22:04.009091 2026] [php:error] [pid 58544] [client 137.116.136.141:0] script '/domains/fifibear/bypass.php' not found or unable to stat
[Thu Feb 05 00:22:04.233628 2026] [php:error] [pid 58544] [client 137.116.136.141:0] script '/domains/fifibear/about.php' not found or unable to stat
[Thu Feb 05 00:22:04.463488 2026] [php:error] [pid 58544] [client 137.116.136.141:0] script '/domains/fifibear/404.php' not found or unable to stat
[Thu Feb 05 00:22:04.687996 2026] [php:error] [pid 58544] [client 137.116.136.141:0] script '/domains/fifibear/NFXxUAA.php' not found or unable to stat
[Thu Feb 05 00:22:04.929280 2026] [php:error] [pid 58544] [client 137.116.136.141:0] script '/domains/fifibear/BIBIL0DAY.php' not found or unable to stat
[Thu Feb 05 00:22:05.508152 2026] [php:error] [pid 58544] [client 137.116.136.141:0] script '/domains/fifibear/hyIPpxWDQ.php' not found or unable to stat
[Thu Feb 05 00:22:05.763321 2026] [php:error] [pid 58544] [client 137.116.136.141:0] script '/domains/fifibear/12.php' not found or unable to stat
[Thu Feb 05 00:22:05.971675 2026] [php:error] [pid 58559] [client 195.216.155.126:0] script '/domains/emsco1/config.local.php' not found or unable to stat
[Thu Feb 05 00:22:06.789092 2026] [php:error] [pid 58544] [client 137.116.136.141:0] script '/domains/fifibear/fm2.php' not found or unable to stat
[Thu Feb 05 00:22:07.014829 2026] [php:error] [pid 58544] [client 137.116.136.141:0] script '/domains/fifibear/nf.php' not found or unable to stat
[Thu Feb 05 00:22:07.254062 2026] [php:error] [pid 58544] [client 137.116.136.141:0] script '/domains/fifibear/bi.php' not found or unable to stat
[Thu Feb 05 00:22:07.528363 2026] [php:error] [pid 58544] [client 137.116.136.141:0] script '/domains/fifibear/functions.php' not found or unable to stat
[Thu Feb 05 00:22:07.752534 2026] [php:error] [pid 58544] [client 137.116.136.141:0] script '/domains/fifibear/cloud.php' not found or unable to stat
[Thu Feb 05 00:22:08.014759 2026] [php:error] [pid 58544] [client 137.116.136.141:0] script '/domains/fifibear/randkeyword.php' not found or unable to stat
[Thu Feb 05 00:22:08.264864 2026] [php:error] [pid 58544] [client 137.116.136.141:0] script '/domains/fifibear/aa.php' not found or unable to stat
[Thu Feb 05 00:22:08.518114 2026] [php:error] [pid 58544] [client 137.116.136.141:0] script '/domains/fifibear/edit.php' not found or unable to stat
[Thu Feb 05 00:22:08.772769 2026] [php:error] [pid 58544] [client 137.116.136.141:0] script '/domains/fifibear/fox.php' not found or unable to stat
[Thu Feb 05 00:22:08.997018 2026] [php:error] [pid 58544] [client 137.116.136.141:0] script '/domains/fifibear/add_actualites.php' not found or unable to stat
[Thu Feb 05 00:22:09.224341 2026] [php:error] [pid 58544] [client 137.116.136.141:0] script '/domains/fifibear/gecko-new.php' not found or unable to stat
[Thu Feb 05 00:22:09.449875 2026] [php:error] [pid 58544] [client 137.116.136.141:0] script '/domains/fifibear/1index.php' not found or unable to stat
[Thu Feb 05 00:22:10.351411 2026] [php:error] [pid 58544] [client 137.116.136.141:0] script '/domains/fifibear/wp-2019.php' not found or unable to stat
[Thu Feb 05 00:22:10.610575 2026] [php:error] [pid 58544] [client 137.116.136.141:0] script '/domains/fifibear/e69ovfsr.php' not found or unable to stat
[Thu Feb 05 00:22:10.835251 2026] [php:error] [pid 58544] [client 137.116.136.141:0] script '/domains/fifibear/cache-base.php' not found or unable to stat
[Thu Feb 05 00:22:11.090356 2026] [php:error] [pid 58544] [client 137.116.136.141:0] script '/domains/fifibear/extractable-loader-head.php' not found or unable to stat
[Thu Feb 05 00:22:11.316127 2026] [php:error] [pid 58544] [client 137.116.136.141:0] script '/domains/fifibear/files.php' not found or unable to stat
[Thu Feb 05 00:22:11.540750 2026] [php:error] [pid 58544] [client 137.116.136.141:0] script '/domains/fifibear/embed.php' not found or unable to stat
[Thu Feb 05 00:22:11.775592 2026] [php:error] [pid 58544] [client 137.116.136.141:0] script '/domains/fifibear/install.php' not found or unable to stat
[Thu Feb 05 00:22:12.269793 2026] [php:error] [pid 58544] [client 137.116.136.141:0] script '/domains/fifibear/OK.php' not found or unable to stat
[Thu Feb 05 00:22:12.834551 2026] [php:error] [pid 58544] [client 137.116.136.141:0] script '/domains/fifibear/aksinet.php' not found or unable to stat
[Thu Feb 05 00:22:13.059064 2026] [php:error] [pid 58544] [client 137.116.136.141:0] script '/domains/fifibear/error.php' not found or unable to stat
[Thu Feb 05 00:22:13.284952 2026] [php:error] [pid 58544] [client 137.116.136.141:0] script '/domains/fifibear/class-IXR-encryption.php' not found or unable to stat
[Thu Feb 05 00:22:13.544331 2026] [php:error] [pid 58544] [client 137.116.136.141:0] script '/domains/fifibear/sim.php' not found or unable to stat
[Thu Feb 05 00:22:13.769200 2026] [php:error] [pid 58544] [client 137.116.136.141:0] script '/domains/fifibear/cron.php' not found or unable to stat
[Thu Feb 05 00:22:13.993579 2026] [php:error] [pid 58544] [client 137.116.136.141:0] script '/domains/fifibear/s.php' not found or unable to stat
[Thu Feb 05 00:22:14.222980 2026] [php:error] [pid 58544] [client 137.116.136.141:0] script '/domains/fifibear/colour.php' not found or unable to stat
[Thu Feb 05 00:22:14.447399 2026] [php:error] [pid 58544] [client 137.116.136.141:0] script '/domains/fifibear/autoload_classmap.php' not found or unable to stat
[Thu Feb 05 00:22:14.840682 2026] [php:error] [pid 58544] [client 137.116.136.141:0] script '/domains/fifibear/ae.php' not found or unable to stat
[Thu Feb 05 00:22:15.066466 2026] [php:error] [pid 58544] [client 137.116.136.141:0] script '/domains/fifibear/cadastro-2.php' not found or unable to stat
[Thu Feb 05 00:22:15.313984 2026] [php:error] [pid 58544] [client 137.116.136.141:0] script '/domains/fifibear/c99.php' not found or unable to stat
[Thu Feb 05 00:22:17.028202 2026] [php:error] [pid 58544] [client 137.116.136.141:0] script '/domains/fifibear/bak.php' not found or unable to stat
[Thu Feb 05 00:22:17.253403 2026] [php:error] [pid 58544] [client 137.116.136.141:0] script '/domains/fifibear/manager.php' not found or unable to stat
[Thu Feb 05 00:22:18.365601 2026] [php:error] [pid 58544] [client 137.116.136.141:0] script '/domains/fifibear/colors.php' not found or unable to stat
[Thu Feb 05 00:22:18.589880 2026] [php:error] [pid 58544] [client 137.116.136.141:0] script '/domains/fifibear/4price.php' not found or unable to stat
[Thu Feb 05 00:22:18.821064 2026] [php:error] [pid 58544] [client 137.116.136.141:0] script '/domains/fifibear/inc.php' not found or unable to stat
[Thu Feb 05 00:22:19.292483 2026] [php:error] [pid 58544] [client 137.116.136.141:0] script '/domains/fifibear/curl.php' not found or unable to stat
[Thu Feb 05 00:22:19.530754 2026] [php:error] [pid 58544] [client 137.116.136.141:0] script '/domains/fifibear/jquery.php' not found or unable to stat
[Thu Feb 05 00:22:19.788132 2026] [php:error] [pid 58544] [client 137.116.136.141:0] script '/domains/fifibear/f35.php' not found or unable to stat
[Thu Feb 05 00:22:20.014559 2026] [php:error] [pid 58544] [client 137.116.136.141:0] script '/domains/fifibear/log.php' not found or unable to stat
[Thu Feb 05 00:22:21.451861 2026] [php:error] [pid 58544] [client 137.116.136.141:0] script '/domains/fifibear/csv.php' not found or unable to stat
[Thu Feb 05 00:22:21.688434 2026] [php:error] [pid 58544] [client 137.116.136.141:0] script '/domains/fifibear/alfa-rex.php' not found or unable to stat
[Thu Feb 05 00:22:21.912687 2026] [php:error] [pid 58544] [client 137.116.136.141:0] script '/domains/fifibear/getid3-core.php' not found or unable to stat
[Thu Feb 05 00:22:22.139542 2026] [php:error] [pid 58544] [client 137.116.136.141:0] script '/domains/fifibear/amaxx.php' not found or unable to stat
[Thu Feb 05 00:22:22.363918 2026] [php:error] [pid 58544] [client 137.116.136.141:0] script '/domains/fifibear/headerg.php' not found or unable to stat
[Thu Feb 05 00:22:22.588722 2026] [php:error] [pid 58544] [client 137.116.136.141:0] script '/domains/fifibear/c.php' not found or unable to stat
[Thu Feb 05 00:22:22.831937 2026] [php:error] [pid 58544] [client 137.116.136.141:0] script '/domains/fifibear/settings.php' not found or unable to stat
