[Thu Feb 05 05:05:14.239931 2026] [php:error] [pid 13100] [client 20.122.171.170:0] script '/domains/brigadeweb/alfa.php' not found or unable to stat
[Thu Feb 05 05:05:14.260798 2026] [php:error] [pid 13100] [client 20.122.171.170:0] script '/domains/brigadeweb/luxe.php' not found or unable to stat
[Thu Feb 05 05:05:14.669843 2026] [php:error] [pid 13100] [client 20.122.171.170:0] script '/domains/brigadeweb/rezor.php' not found or unable to stat
[Thu Feb 05 05:05:14.677275 2026] [php:error] [pid 13100] [client 20.122.171.170:0] script '/domains/brigadeweb/doc.php' not found or unable to stat
[Thu Feb 05 05:05:14.917172 2026] [php:error] [pid 13100] [client 20.122.171.170:0] script '/domains/brigadeweb/install.php' not found or unable to stat
[Thu Feb 05 05:05:14.963439 2026] [php:error] [pid 13100] [client 20.122.171.170:0] script '/domains/brigadeweb/sto.php' not found or unable to stat
[Thu Feb 05 05:05:14.971382 2026] [php:error] [pid 13100] [client 20.122.171.170:0] script '/domains/brigadeweb/x.php' not found or unable to stat
[Thu Feb 05 05:05:15.369099 2026] [php:error] [pid 13100] [client 20.122.171.170:0] script '/domains/brigadeweb/test.php' not found or unable to stat
[Thu Feb 05 05:05:15.683599 2026] [php:error] [pid 13100] [client 20.122.171.170:0] script '/domains/brigadeweb/n3.php' not found or unable to stat
[Thu Feb 05 05:05:16.263444 2026] [php:error] [pid 13100] [client 20.122.171.170:0] script '/domains/brigadeweb/o.php' not found or unable to stat
[Thu Feb 05 05:05:16.727245 2026] [php:error] [pid 13100] [client 20.122.171.170:0] script '/domains/brigadeweb/class-t.api.php' not found or unable to stat
[Thu Feb 05 05:05:16.981717 2026] [php:error] [pid 13108] [client 52.164.187.143:0] script '/domains/system_suspended/c.php' not found or unable to stat
[Thu Feb 05 05:05:17.057382 2026] [php:error] [pid 13108] [client 52.164.187.143:0] script '/domains/system_suspended/x.php' not found or unable to stat
[Thu Feb 05 05:05:17.131860 2026] [php:error] [pid 13108] [client 52.164.187.143:0] script '/domains/system_suspended/k.php' not found or unable to stat
[Thu Feb 05 05:05:17.206760 2026] [php:error] [pid 13108] [client 52.164.187.143:0] script '/domains/system_suspended/prv8.php' not found or unable to stat
[Thu Feb 05 05:05:17.230469 2026] [php:error] [pid 13100] [client 20.122.171.170:0] script '/domains/brigadeweb/wp.php' not found or unable to stat
[Thu Feb 05 05:05:17.281542 2026] [php:error] [pid 13108] [client 52.164.187.143:0] script '/domains/system_suspended/shlo.php' not found or unable to stat
[Thu Feb 05 05:05:17.355869 2026] [php:error] [pid 13108] [client 52.164.187.143:0] script '/domains/system_suspended/itil.php' not found or unable to stat
[Thu Feb 05 05:05:17.430235 2026] [php:error] [pid 13108] [client 52.164.187.143:0] script '/domains/system_suspended/jack.php' not found or unable to stat
[Thu Feb 05 05:05:17.438909 2026] [php:error] [pid 13100] [client 20.122.171.170:0] script '/domains/brigadeweb/h.php' not found or unable to stat
[Thu Feb 05 05:05:17.504565 2026] [php:error] [pid 13108] [client 52.164.187.143:0] script '/domains/system_suspended/sudo.php' not found or unable to stat
[Thu Feb 05 05:05:17.578812 2026] [php:error] [pid 13108] [client 52.164.187.143:0] script '/domains/system_suspended/law.php' not found or unable to stat
[Thu Feb 05 05:05:17.653042 2026] [php:error] [pid 13108] [client 52.164.187.143:0] script '/domains/system_suspended/wp-xx.php' not found or unable to stat
[Thu Feb 05 05:05:17.727489 2026] [php:error] [pid 13108] [client 52.164.187.143:0] script '/domains/system_suspended/st.php' not found or unable to stat
[Thu Feb 05 05:05:17.740010 2026] [php:error] [pid 13100] [client 20.122.171.170:0] script '/domains/brigadeweb/wrt.php' not found or unable to stat
[Thu Feb 05 05:05:17.875983 2026] [php:error] [pid 13108] [client 52.164.187.143:0] script '/domains/system_suspended/oxse.php' not found or unable to stat
[Thu Feb 05 05:05:17.950086 2026] [php:error] [pid 13108] [client 52.164.187.143:0] script '/domains/system_suspended/dropdown.php' not found or unable to stat
[Thu Feb 05 05:05:18.024551 2026] [php:error] [pid 13108] [client 52.164.187.143:0] script '/domains/system_suspended/AxAo.php' not found or unable to stat
[Thu Feb 05 05:05:18.068140 2026] [php:error] [pid 13100] [client 20.122.171.170:0] script '/domains/brigadeweb/images/c99.php' not found or unable to stat
[Thu Feb 05 05:05:18.109589 2026] [php:error] [pid 13108] [client 52.164.187.143:0] script '/domains/system_suspended/assacc.php' not found or unable to stat
[Thu Feb 05 05:05:18.183861 2026] [php:error] [pid 13108] [client 52.164.187.143:0] script '/domains/system_suspended/men.php' not found or unable to stat
[Thu Feb 05 05:05:18.199052 2026] [php:error] [pid 13100] [client 20.122.171.170:0] script '/domains/brigadeweb/png.php' not found or unable to stat
[Thu Feb 05 05:05:18.258220 2026] [php:error] [pid 13108] [client 52.164.187.143:0] script '/domains/system_suspended/test2.php' not found or unable to stat
[Thu Feb 05 05:05:18.332592 2026] [php:error] [pid 13108] [client 52.164.187.143:0] script '/domains/system_suspended/v4.php' not found or unable to stat
[Thu Feb 05 05:05:18.407094 2026] [php:error] [pid 13108] [client 52.164.187.143:0] script '/domains/system_suspended/wo.php' not found or unable to stat
[Thu Feb 05 05:05:18.481296 2026] [php:error] [pid 13108] [client 52.164.187.143:0] script '/domains/system_suspended/whm-cp.php' not found or unable to stat
[Thu Feb 05 05:05:18.547426 2026] [php:error] [pid 13100] [client 20.122.171.170:0] script '/domains/brigadeweb/zwso.php' not found or unable to stat
[Thu Feb 05 05:05:18.555312 2026] [php:error] [pid 13108] [client 52.164.187.143:0] script '/domains/system_suspended/pu.php' not found or unable to stat
[Thu Feb 05 05:05:18.629638 2026] [php:error] [pid 13108] [client 52.164.187.143:0] script '/domains/system_suspended/resp.php' not found or unable to stat
[Thu Feb 05 05:05:18.682690 2026] [php:error] [pid 13100] [client 20.122.171.170:0] script '/domains/brigadeweb/ton.php' not found or unable to stat
[Thu Feb 05 05:05:18.703992 2026] [php:error] [pid 13108] [client 52.164.187.143:0] script '/domains/system_suspended/za2.php' not found or unable to stat
[Thu Feb 05 05:05:18.778398 2026] [php:error] [pid 13108] [client 52.164.187.143:0] script '/domains/system_suspended/z.php' not found or unable to stat
[Thu Feb 05 05:05:18.812340 2026] [php:error] [pid 13100] [client 20.122.171.170:0] script '/domains/brigadeweb/wso.php' not found or unable to stat
[Thu Feb 05 05:05:18.852687 2026] [php:error] [pid 13108] [client 52.164.187.143:0] script '/domains/system_suspended/gmanz.php' not found or unable to stat
[Thu Feb 05 05:05:18.926834 2026] [php:error] [pid 13108] [client 52.164.187.143:0] script '/domains/system_suspended/zzz.php' not found or unable to stat
[Thu Feb 05 05:05:18.977373 2026] [php:error] [pid 13100] [client 20.122.171.170:0] script '/domains/brigadeweb/a2.php' not found or unable to stat
[Thu Feb 05 05:05:19.001283 2026] [php:error] [pid 13108] [client 52.164.187.143:0] script '/domains/system_suspended/codehu.php' not found or unable to stat
[Thu Feb 05 05:05:19.069638 2026] [php:error] [pid 13100] [client 20.122.171.170:0] script '/domains/brigadeweb/shell.php' not found or unable to stat
[Thu Feb 05 05:05:19.075177 2026] [php:error] [pid 13108] [client 52.164.187.143:0] script '/domains/system_suspended/resp.php' not found or unable to stat
[Thu Feb 05 05:05:19.371283 2026] [php:error] [pid 13108] [client 52.164.187.143:0] script '/domains/system_suspended/jga.php' not found or unable to stat
[Thu Feb 05 05:05:19.445713 2026] [php:error] [pid 13108] [client 52.164.187.143:0] script '/domains/system_suspended/an.php' not found or unable to stat
[Thu Feb 05 05:05:19.455690 2026] [php:error] [pid 13100] [client 20.122.171.170:0] script '/domains/brigadeweb/sxo.php' not found or unable to stat
[Thu Feb 05 05:05:19.519941 2026] [php:error] [pid 13108] [client 52.164.187.143:0] script '/domains/system_suspended/bs5.php' not found or unable to stat
[Thu Feb 05 05:05:19.594072 2026] [php:error] [pid 13108] [client 52.164.187.143:0] script '/domains/system_suspended/ednse.php' not found or unable to stat
[Thu Feb 05 05:05:19.631619 2026] [php:error] [pid 13100] [client 20.122.171.170:0] script '/domains/brigadeweb/mans.php' not found or unable to stat
[Thu Feb 05 05:05:19.642344 2026] [php:error] [pid 13100] [client 20.122.171.170:0] script '/domains/brigadeweb/dropdown.php' not found or unable to stat
[Thu Feb 05 05:05:19.668396 2026] [php:error] [pid 13108] [client 52.164.187.143:0] script '/domains/system_suspended/fs.php' not found or unable to stat
[Thu Feb 05 05:05:19.742616 2026] [php:error] [pid 13108] [client 52.164.187.143:0] script '/domains/system_suspended/niett.php' not found or unable to stat
[Thu Feb 05 05:05:19.817239 2026] [php:error] [pid 13108] [client 52.164.187.143:0] script '/domains/system_suspended/puibr.php' not found or unable to stat
[Thu Feb 05 05:05:19.899616 2026] [php:error] [pid 13108] [client 52.164.187.143:0] script '/domains/system_suspended/past1.php' not found or unable to stat
[Thu Feb 05 05:05:19.973872 2026] [php:error] [pid 13108] [client 52.164.187.143:0] script '/domains/system_suspended/smp.php' not found or unable to stat
[Thu Feb 05 05:05:20.120975 2026] [php:error] [pid 13100] [client 20.122.171.170:0] script '/domains/brigadeweb/ze.php' not found or unable to stat
[Thu Feb 05 05:05:20.128504 2026] [php:error] [pid 13100] [client 20.122.171.170:0] script '/domains/brigadeweb/geck.php' not found or unable to stat
[Thu Feb 05 05:05:20.310789 2026] [php:error] [pid 13100] [client 20.122.171.170:0] script '/domains/brigadeweb/menu.php' not found or unable to stat
[Thu Feb 05 05:05:20.357685 2026] [php:error] [pid 13100] [client 20.122.171.170:0] script '/domains/brigadeweb/flower.php' not found or unable to stat
[Thu Feb 05 05:05:20.529841 2026] [php:error] [pid 13100] [client 20.122.171.170:0] script '/domains/brigadeweb/ftp.php' not found or unable to stat
[Thu Feb 05 05:05:20.558066 2026] [php:error] [pid 13100] [client 20.122.171.170:0] script '/domains/brigadeweb/mds.php' not found or unable to stat
[Thu Feb 05 05:05:20.665649 2026] [php:error] [pid 13100] [client 20.122.171.170:0] script '/domains/brigadeweb/ahax.php' not found or unable to stat
[Thu Feb 05 05:05:20.784625 2026] [php:error] [pid 13100] [client 20.122.171.170:0] script '/domains/brigadeweb/cool.php' not found or unable to stat
[Thu Feb 05 05:05:20.880783 2026] [php:error] [pid 13100] [client 20.122.171.170:0] script '/domains/brigadeweb/gm.php' not found or unable to stat
[Thu Feb 05 05:05:20.888489 2026] [php:error] [pid 13100] [client 20.122.171.170:0] script '/domains/brigadeweb/simple.php' not found or unable to stat
[Thu Feb 05 05:05:20.920769 2026] [php:error] [pid 13100] [client 20.122.171.170:0] script '/domains/brigadeweb/elp.php' not found or unable to stat
[Thu Feb 05 05:05:20.928215 2026] [php:error] [pid 13100] [client 20.122.171.170:0] script '/domains/brigadeweb/bolt.php' not found or unable to stat
[Thu Feb 05 05:05:20.974125 2026] [php:error] [pid 13100] [client 20.122.171.170:0] script '/domains/brigadeweb/inputs.php' not found or unable to stat
[Thu Feb 05 05:05:21.171719 2026] [php:error] [pid 13100] [client 20.122.171.170:0] script '/domains/brigadeweb/system.php' not found or unable to stat
[Thu Feb 05 05:05:21.984480 2026] [php:error] [pid 13100] [client 20.122.171.170:0] script '/domains/brigadeweb/an.php' not found or unable to stat
[Thu Feb 05 05:05:22.291383 2026] [php:error] [pid 13100] [client 20.122.171.170:0] script '/domains/brigadeweb/w.php' not found or unable to stat
[Thu Feb 05 05:05:22.304600 2026] [php:error] [pid 13100] [client 20.122.171.170:0] script '/domains/brigadeweb/gmo.php' not found or unable to stat
[Thu Feb 05 05:05:22.316524 2026] [php:error] [pid 13100] [client 20.122.171.170:0] script '/domains/brigadeweb/gib.php' not found or unable to stat
[Thu Feb 05 05:05:22.335459 2026] [php:error] [pid 13100] [client 20.122.171.170:0] script '/domains/brigadeweb/wp-miiss.php.php' not found or unable to stat
[Thu Feb 05 05:05:22.385437 2026] [php:error] [pid 13100] [client 20.122.171.170:0] script '/domains/brigadeweb/moon.php' not found or unable to stat
[Thu Feb 05 05:05:22.393462 2026] [php:error] [pid 13100] [client 20.122.171.170:0] script '/domains/brigadeweb/filesss.php' not found or unable to stat
[Thu Feb 05 05:05:22.400819 2026] [php:error] [pid 13100] [client 20.122.171.170:0] script '/domains/brigadeweb/hey.php' not found or unable to stat
[Thu Feb 05 05:05:22.415787 2026] [php:error] [pid 13100] [client 20.122.171.170:0] script '/domains/brigadeweb/1337.php' not found or unable to stat
[Thu Feb 05 05:05:22.423302 2026] [php:error] [pid 13100] [client 20.122.171.170:0] script '/domains/brigadeweb/buy.php' not found or unable to stat
[Thu Feb 05 05:05:22.438380 2026] [php:error] [pid 13100] [client 20.122.171.170:0] script '/domains/brigadeweb/m.php' not found or unable to stat
[Thu Feb 05 05:05:22.830912 2026] [php:error] [pid 13048] [client 20.122.171.170:0] script '/domains/brigadeweb/wp-is.php' not found or unable to stat
[Thu Feb 05 05:05:22.848958 2026] [php:error] [pid 13048] [client 20.122.171.170:0] script '/domains/brigadeweb/jmfi2.php' not found or unable to stat
[Thu Feb 05 05:05:22.865161 2026] [php:error] [pid 13048] [client 20.122.171.170:0] script '/domains/brigadeweb/bnn_.php' not found or unable to stat
[Thu Feb 05 05:05:22.883203 2026] [php:error] [pid 13048] [client 20.122.171.170:0] script '/domains/brigadeweb/hzz.php' not found or unable to stat
[Thu Feb 05 05:05:22.902972 2026] [php:error] [pid 13048] [client 20.122.171.170:0] script '/domains/brigadeweb/shell20211028.php' not found or unable to stat
[Thu Feb 05 05:05:23.321580 2026] [php:error] [pid 13048] [client 20.122.171.170:0] script '/domains/brigadeweb/content.php' not found or unable to stat
[Thu Feb 05 05:05:23.583320 2026] [php:error] [pid 13048] [client 20.122.171.170:0] script '/domains/brigadeweb/ps.php' not found or unable to stat
[Thu Feb 05 05:05:23.805399 2026] [php:error] [pid 13048] [client 20.122.171.170:0] script '/domains/brigadeweb/cache.php' not found or unable to stat
[Thu Feb 05 05:05:23.829782 2026] [php:error] [pid 13048] [client 20.122.171.170:0] script '/domains/brigadeweb/ss.php' not found or unable to stat
[Thu Feb 05 05:05:23.989965 2026] [php:error] [pid 13048] [client 20.122.171.170:0] script '/domains/brigadeweb/p.php' not found or unable to stat
[Thu Feb 05 05:05:24.602243 2026] [php:error] [pid 13048] [client 20.122.171.170:0] script '/domains/brigadeweb/user.php' not found or unable to stat
[Thu Feb 05 05:05:24.632909 2026] [php:error] [pid 13048] [client 20.122.171.170:0] script '/domains/brigadeweb/wp.php' not found or unable to stat
[Thu Feb 05 05:05:24.643806 2026] [php:error] [pid 13048] [client 20.122.171.170:0] script '/domains/brigadeweb/rip.php' not found or unable to stat
[Thu Feb 05 05:05:24.809464 2026] [php:error] [pid 13048] [client 20.122.171.170:0] script '/domains/brigadeweb/wp4.php' not found or unable to stat
[Thu Feb 05 05:05:24.878540 2026] [php:error] [pid 13048] [client 20.122.171.170:0] script '/domains/brigadeweb/403.php' not found or unable to stat
[Thu Feb 05 05:05:24.969845 2026] [php:error] [pid 13048] [client 20.122.171.170:0] script '/domains/brigadeweb/asd67.php' not found or unable to stat
[Thu Feb 05 05:05:25.382697 2026] [php:error] [pid 13048] [client 20.122.171.170:0] script '/domains/brigadeweb/oivcl.php' not found or unable to stat
[Thu Feb 05 05:05:25.425106 2026] [php:error] [pid 13048] [client 20.122.171.170:0] script '/domains/brigadeweb/about.php' not found or unable to stat
[Thu Feb 05 05:05:25.593561 2026] [php:error] [pid 13048] [client 20.122.171.170:0] script '/domains/brigadeweb/v2.php' not found or unable to stat
[Thu Feb 05 05:05:25.631251 2026] [php:error] [pid 13048] [client 20.122.171.170:0] script '/domains/brigadeweb/dr.php' not found or unable to stat
[Thu Feb 05 05:05:25.855872 2026] [php:error] [pid 13048] [client 20.122.171.170:0] script '/domains/brigadeweb/raw.php' not found or unable to stat
[Thu Feb 05 05:05:26.391689 2026] [php:error] [pid 13048] [client 20.122.171.170:0] script '/domains/brigadeweb/ioxi-o2.php' not found or unable to stat
[Thu Feb 05 05:05:26.416270 2026] [php:error] [pid 13048] [client 20.122.171.170:0] script '/domains/brigadeweb/dropdown.php' not found or unable to stat
[Thu Feb 05 05:05:26.506151 2026] [php:error] [pid 13048] [client 20.122.171.170:0] script '/domains/brigadeweb/dlu.php' not found or unable to stat
[Thu Feb 05 05:05:26.607759 2026] [php:error] [pid 13048] [client 20.122.171.170:0] script '/domains/brigadeweb/db.php' not found or unable to stat
[Thu Feb 05 05:05:26.615575 2026] [php:error] [pid 13048] [client 20.122.171.170:0] script '/domains/brigadeweb/packed.php' not found or unable to stat
[Thu Feb 05 05:05:26.673416 2026] [php:error] [pid 13048] [client 20.122.171.170:0] script '/domains/brigadeweb/wp-configs.php' not found or unable to stat
[Thu Feb 05 05:05:26.733594 2026] [php:error] [pid 13048] [client 20.122.171.170:0] script '/domains/brigadeweb/404.php' not found or unable to stat
[Thu Feb 05 05:05:26.741219 2026] [php:error] [pid 13048] [client 20.122.171.170:0] script '/domains/brigadeweb/des.php' not found or unable to stat
[Thu Feb 05 05:05:26.955922 2026] [php:error] [pid 13048] [client 20.122.171.170:0] script '/domains/brigadeweb/lufix.php' not found or unable to stat
[Thu Feb 05 05:08:00.778303 2026] [core:crit] [pid 13116] (13)Permission denied: [client 114.119.152.130:0] AH00529: /domains/performancepartsinc/graphics/psd/.htaccess pcfg_openfile: unable to check htaccess file, ensure it is readable and that '/domains/performancepartsinc/graphics/psd/' is executable, referer: http://www.performancepartsinc.com/graphics/psd/q.php?%2Fhow-do-people-get-scammed-on-online-dating%2F
[Thu Feb 05 05:08:20.400929 2026] [php:error] [pid 13116] [client 111.68.9.166:0] script '/domains/tmandel/login.php' not found or unable to stat
[Thu Feb 05 05:09:06.445738 2026] [php:error] [pid 13111] [client 34.6.208.96:0] script '/domains/hdickens.enteract/kmnj.php' not found or unable to stat
[Thu Feb 05 05:11:18.377229 2026] [php:error] [pid 13152] [client 216.244.66.232:0] script '/domains/hdickens.enteract/kmnj.php' not found or unable to stat
[Thu Feb 05 05:13:53.967443 2026] [php:error] [pid 13176] [client 20.220.148.239:0] script '/domains/bruceweb/new4.php' not found or unable to stat
[Thu Feb 05 05:13:54.152582 2026] [php:error] [pid 13176] [client 20.220.148.239:0] script '/domains/bruceweb/zczv.php' not found or unable to stat
[Thu Feb 05 05:13:54.212320 2026] [php:error] [pid 13176] [client 20.220.148.239:0] script '/domains/bruceweb/wp-access.php' not found or unable to stat
[Thu Feb 05 05:13:54.276325 2026] [php:error] [pid 13176] [client 20.220.148.239:0] script '/domains/bruceweb/a1vx.php' not found or unable to stat
[Thu Feb 05 05:13:54.312917 2026] [php:error] [pid 13176] [client 20.220.148.239:0] script '/domains/bruceweb/wp4.php' not found or unable to stat
[Thu Feb 05 05:13:54.366123 2026] [php:error] [pid 13176] [client 20.220.148.239:0] script '/domains/bruceweb/sbhu.php' not found or unable to stat
[Thu Feb 05 05:13:54.399231 2026] [php:error] [pid 13176] [client 20.220.148.239:0] script '/domains/bruceweb/wp-the.php' not found or unable to stat
[Thu Feb 05 05:13:54.434250 2026] [php:error] [pid 13176] [client 20.220.148.239:0] script '/domains/bruceweb/06.php' not found or unable to stat
[Thu Feb 05 05:13:54.534306 2026] [php:error] [pid 13176] [client 20.220.148.239:0] script '/domains/bruceweb/ii5file.php' not found or unable to stat
[Thu Feb 05 05:13:54.637483 2026] [php:error] [pid 13176] [client 20.220.148.239:0] script '/domains/bruceweb/forbidals.php' not found or unable to stat
[Thu Feb 05 05:13:54.667247 2026] [php:error] [pid 13176] [client 20.220.148.239:0] script '/domains/bruceweb/321.php' not found or unable to stat
[Thu Feb 05 05:13:54.692991 2026] [php:error] [pid 13176] [client 20.220.148.239:0] script '/domains/bruceweb/w3.php' not found or unable to stat
[Thu Feb 05 05:13:54.985093 2026] [php:error] [pid 13176] [client 20.220.148.239:0] script '/domains/bruceweb/vdb.php' not found or unable to stat
[Thu Feb 05 05:13:55.010488 2026] [php:error] [pid 13176] [client 20.220.148.239:0] script '/domains/bruceweb/erty.php' not found or unable to stat
[Thu Feb 05 05:13:55.200326 2026] [php:error] [pid 13176] [client 20.220.148.239:0] script '/domains/bruceweb/system_core.php' not found or unable to stat
[Thu Feb 05 05:13:55.224614 2026] [php:error] [pid 13176] [client 20.220.148.239:0] script '/domains/bruceweb/dev1s.php' not found or unable to stat
[Thu Feb 05 05:13:55.310045 2026] [php:error] [pid 13176] [client 20.220.148.239:0] script '/domains/bruceweb/ck.php' not found or unable to stat
[Thu Feb 05 05:13:55.387006 2026] [php:error] [pid 13176] [client 20.220.148.239:0] script '/domains/bruceweb/ffd.php' not found or unable to stat
[Thu Feb 05 05:13:55.418626 2026] [php:error] [pid 13176] [client 20.220.148.239:0] script '/domains/bruceweb/anna.php' not found or unable to stat
[Thu Feb 05 05:13:55.447632 2026] [php:error] [pid 13176] [client 20.220.148.239:0] script '/domains/bruceweb/pass4.php' not found or unable to stat
[Thu Feb 05 05:13:55.520481 2026] [php:error] [pid 13176] [client 20.220.148.239:0] script '/domains/bruceweb/qasu.php' not found or unable to stat
[Thu Feb 05 05:13:55.544973 2026] [php:error] [pid 13176] [client 20.220.148.239:0] script '/domains/bruceweb/Gi8.php' not found or unable to stat
[Thu Feb 05 05:13:55.578264 2026] [php:error] [pid 13176] [client 20.220.148.239:0] script '/domains/bruceweb/admiin.php' not found or unable to stat
[Thu Feb 05 05:13:55.602343 2026] [php:error] [pid 13176] [client 20.220.148.239:0] script '/domains/bruceweb/ol.php' not found or unable to stat
[Thu Feb 05 05:13:55.665564 2026] [php:error] [pid 13176] [client 20.220.148.239:0] script '/domains/bruceweb/jmfi2.php' not found or unable to stat
[Thu Feb 05 05:13:55.704433 2026] [php:error] [pid 13176] [client 20.220.148.239:0] script '/domains/bruceweb/ez.php' not found or unable to stat
[Thu Feb 05 05:13:55.789362 2026] [php:error] [pid 13176] [client 20.220.148.239:0] script '/domains/bruceweb/Sanskrit.php' not found or unable to stat
[Thu Feb 05 05:13:55.874165 2026] [php:error] [pid 13176] [client 20.220.148.239:0] script '/domains/bruceweb/vxrl.php' not found or unable to stat
[Thu Feb 05 05:13:55.899477 2026] [php:error] [pid 13176] [client 20.220.148.239:0] script '/domains/bruceweb/re.php' not found or unable to stat
[Thu Feb 05 05:13:56.131004 2026] [php:error] [pid 13176] [client 20.220.148.239:0] script '/domains/bruceweb/cfile.php' not found or unable to stat
[Thu Feb 05 05:13:56.283209 2026] [php:error] [pid 13176] [client 20.220.148.239:0] script '/domains/bruceweb/num.php' not found or unable to stat
[Thu Feb 05 05:13:56.493692 2026] [php:error] [pid 13176] [client 20.220.148.239:0] script '/domains/bruceweb/axx.php' not found or unable to stat
[Thu Feb 05 05:13:56.517465 2026] [php:error] [pid 13176] [client 20.220.148.239:0] script '/domains/bruceweb/vxrl.php' not found or unable to stat
[Thu Feb 05 05:13:56.541518 2026] [php:error] [pid 13176] [client 20.220.148.239:0] script '/domains/bruceweb/in.php' not found or unable to stat
[Thu Feb 05 05:13:56.565429 2026] [php:error] [pid 13176] [client 20.220.148.239:0] script '/domains/bruceweb/style.php' not found or unable to stat
[Thu Feb 05 05:13:56.775445 2026] [php:error] [pid 13176] [client 20.220.148.239:0] script '/domains/bruceweb/style2.php' not found or unable to stat
[Thu Feb 05 05:13:56.799751 2026] [php:error] [pid 13176] [client 20.220.148.239:0] script '/domains/bruceweb/we.php' not found or unable to stat
[Thu Feb 05 05:13:56.848041 2026] [php:error] [pid 13176] [client 20.220.148.239:0] script '/domains/bruceweb/zwso.php' not found or unable to stat
[Thu Feb 05 05:13:56.875152 2026] [php:error] [pid 13176] [client 20.220.148.239:0] script '/domains/bruceweb/wsback.php' not found or unable to stat
[Thu Feb 05 05:13:56.944252 2026] [php:error] [pid 13176] [client 20.220.148.239:0] script '/domains/bruceweb/pm.php' not found or unable to stat
[Thu Feb 05 05:13:56.968371 2026] [php:error] [pid 13176] [client 20.220.148.239:0] script '/domains/bruceweb/karak.php' not found or unable to stat
[Thu Feb 05 05:13:56.996873 2026] [php:error] [pid 13176] [client 20.220.148.239:0] script '/domains/bruceweb/trd.php' not found or unable to stat
[Thu Feb 05 05:13:57.021057 2026] [php:error] [pid 13176] [client 20.220.148.239:0] script '/domains/bruceweb/past.php' not found or unable to stat
[Thu Feb 05 05:13:57.133789 2026] [php:error] [pid 13176] [client 20.220.148.239:0] script '/domains/bruceweb/prv8.php' not found or unable to stat
[Thu Feb 05 05:13:57.189042 2026] [php:error] [pid 13176] [client 20.220.148.239:0] script '/domains/bruceweb/i.php' not found or unable to stat
[Thu Feb 05 05:13:57.238900 2026] [php:error] [pid 13176] [client 20.220.148.239:0] script '/domains/bruceweb/xmlrpc.php' not found or unable to stat
[Thu Feb 05 05:13:57.263404 2026] [php:error] [pid 13176] [client 20.220.148.239:0] script '/domains/bruceweb/cron.php' not found or unable to stat
[Thu Feb 05 05:13:57.313010 2026] [php:error] [pid 13176] [client 20.220.148.239:0] script '/domains/bruceweb/super.php' not found or unable to stat
[Thu Feb 05 05:13:57.389281 2026] [php:error] [pid 13176] [client 20.220.148.239:0] script '/domains/bruceweb/aw.php' not found or unable to stat
[Thu Feb 05 05:13:57.413479 2026] [php:error] [pid 13176] [client 20.220.148.239:0] script '/domains/bruceweb/dev.php' not found or unable to stat
[Thu Feb 05 05:13:57.438761 2026] [php:error] [pid 13176] [client 20.220.148.239:0] script '/domains/bruceweb/lock360.php' not found or unable to stat
[Thu Feb 05 05:13:57.464266 2026] [php:error] [pid 13176] [client 20.220.148.239:0] script '/domains/bruceweb/155.php' not found or unable to stat
[Thu Feb 05 05:13:57.491409 2026] [php:error] [pid 13176] [client 20.220.148.239:0] script '/domains/bruceweb/goat.php' not found or unable to stat
[Thu Feb 05 05:13:57.517141 2026] [php:error] [pid 13176] [client 20.220.148.239:0] script '/domains/bruceweb/wp-gr.php' not found or unable to stat
[Thu Feb 05 05:13:57.580367 2026] [php:error] [pid 13176] [client 20.220.148.239:0] script '/domains/bruceweb/tcp.php' not found or unable to stat
[Thu Feb 05 05:13:57.640878 2026] [php:error] [pid 13176] [client 20.220.148.239:0] script '/domains/bruceweb/ext.php' not found or unable to stat
[Thu Feb 05 05:13:57.758077 2026] [php:error] [pid 13176] [client 20.220.148.239:0] script '/domains/bruceweb/jlex3.php' not found or unable to stat
[Thu Feb 05 05:13:57.880774 2026] [php:error] [pid 13176] [client 20.220.148.239:0] script '/domains/bruceweb/inputs.php' not found or unable to stat
[Thu Feb 05 05:13:58.059296 2026] [php:error] [pid 13176] [client 20.220.148.239:0] script '/domains/bruceweb/ioxi.php' not found or unable to stat
[Thu Feb 05 05:13:58.175272 2026] [php:error] [pid 13176] [client 20.220.148.239:0] script '/domains/bruceweb/fe5.php' not found or unable to stat
[Thu Feb 05 05:13:58.201137 2026] [php:error] [pid 13176] [client 20.220.148.239:0] script '/domains/bruceweb/ov.php' not found or unable to stat
[Thu Feb 05 05:13:58.242305 2026] [php:error] [pid 13176] [client 20.220.148.239:0] script '/domains/bruceweb/file2.php' not found or unable to stat
[Thu Feb 05 05:13:58.375466 2026] [php:error] [pid 13176] [client 20.220.148.239:0] script '/domains/bruceweb/default.php' not found or unable to stat
[Thu Feb 05 05:13:58.427347 2026] [php:error] [pid 13176] [client 20.220.148.239:0] script '/domains/bruceweb/goods.php' not found or unable to stat
[Thu Feb 05 05:13:58.451362 2026] [php:error] [pid 13176] [client 20.220.148.239:0] script '/domains/bruceweb/abcd.php' not found or unable to stat
[Thu Feb 05 05:13:58.494713 2026] [php:error] [pid 13176] [client 20.220.148.239:0] script '/domains/bruceweb/ioxi2.php' not found or unable to stat
[Thu Feb 05 05:13:58.518661 2026] [php:error] [pid 13176] [client 20.220.148.239:0] script '/domains/bruceweb/nope.php' not found or unable to stat
[Thu Feb 05 05:13:58.543045 2026] [php:error] [pid 13176] [client 20.220.148.239:0] script '/domains/bruceweb/class.1.php' not found or unable to stat
[Thu Feb 05 05:13:58.711099 2026] [php:error] [pid 13176] [client 20.220.148.239:0] script '/domains/bruceweb/file5.php' not found or unable to stat
[Thu Feb 05 05:13:58.786840 2026] [php:error] [pid 13176] [client 20.220.148.239:0] script '/domains/bruceweb/async.php' not found or unable to stat
[Thu Feb 05 05:13:58.822128 2026] [php:error] [pid 13176] [client 20.220.148.239:0] script '/domains/bruceweb/file17.php' not found or unable to stat
[Thu Feb 05 05:13:58.886452 2026] [php:error] [pid 13176] [client 20.220.148.239:0] script '/domains/bruceweb/ff.php' not found or unable to stat
[Thu Feb 05 05:13:58.942221 2026] [php:error] [pid 13176] [client 20.220.148.239:0] script '/domains/bruceweb/ioxi-o.php' not found or unable to stat
[Thu Feb 05 05:13:58.966769 2026] [php:error] [pid 13176] [client 20.220.148.239:0] script '/domains/bruceweb/png.php' not found or unable to stat
[Thu Feb 05 05:13:58.992633 2026] [php:error] [pid 13176] [client 20.220.148.239:0] script '/domains/bruceweb/v2.php' not found or unable to stat
[Thu Feb 05 05:13:59.070521 2026] [php:error] [pid 13176] [client 20.220.148.239:0] script '/domains/bruceweb/pp.php' not found or unable to stat
[Thu Feb 05 05:13:59.113601 2026] [php:error] [pid 13176] [client 20.220.148.239:0] script '/domains/bruceweb/manager.php' not found or unable to stat
[Thu Feb 05 05:13:59.163415 2026] [php:error] [pid 13176] [client 20.220.148.239:0] script '/domains/bruceweb/system_log.php' not found or unable to stat
[Thu Feb 05 05:13:59.202129 2026] [php:error] [pid 13176] [client 20.220.148.239:0] script '/domains/bruceweb/wp-update.php' not found or unable to stat
[Thu Feb 05 05:13:59.274032 2026] [php:error] [pid 13176] [client 20.220.148.239:0] script '/domains/bruceweb/file.php' not found or unable to stat
[Thu Feb 05 05:13:59.466821 2026] [php:error] [pid 13176] [client 20.220.148.239:0] script '/domains/bruceweb/520.php' not found or unable to stat
[Thu Feb 05 05:13:59.497961 2026] [php:error] [pid 13176] [client 20.220.148.239:0] script '/domains/bruceweb/Ova-Simple.php' not found or unable to stat
[Thu Feb 05 05:13:59.522754 2026] [php:error] [pid 13176] [client 20.220.148.239:0] script '/domains/bruceweb/lc.php' not found or unable to stat
[Thu Feb 05 05:13:59.595591 2026] [php:error] [pid 13176] [client 20.220.148.239:0] script '/domains/bruceweb/hexx.php' not found or unable to stat
[Thu Feb 05 05:13:59.678211 2026] [php:error] [pid 13176] [client 20.220.148.239:0] script '/domains/bruceweb/cbrfo.php' not found or unable to stat
[Thu Feb 05 05:13:59.721611 2026] [php:error] [pid 13176] [client 20.220.148.239:0] script '/domains/bruceweb/inc.php' not found or unable to stat
[Thu Feb 05 05:13:59.751767 2026] [php:error] [pid 13176] [client 20.220.148.239:0] script '/domains/bruceweb/jquery.php' not found or unable to stat
[Thu Feb 05 05:13:59.776928 2026] [php:error] [pid 13176] [client 20.220.148.239:0] script '/domains/bruceweb/gifclass.php' not found or unable to stat
[Thu Feb 05 05:13:59.872979 2026] [php:error] [pid 13176] [client 20.220.148.239:0] script '/domains/bruceweb/miansha.php' not found or unable to stat
[Thu Feb 05 05:13:59.897233 2026] [php:error] [pid 13176] [client 20.220.148.239:0] script '/domains/bruceweb/tinyfilemanager.php' not found or unable to stat
[Thu Feb 05 05:13:59.922362 2026] [php:error] [pid 13176] [client 20.220.148.239:0] script '/domains/bruceweb/xfile25.php' not found or unable to stat
[Thu Feb 05 05:13:59.992658 2026] [php:error] [pid 13176] [client 20.220.148.239:0] script '/domains/bruceweb/ok.php' not found or unable to stat
[Thu Feb 05 05:14:00.040981 2026] [php:error] [pid 13176] [client 20.220.148.239:0] script '/domains/bruceweb/fi.php' not found or unable to stat
[Thu Feb 05 05:14:00.119142 2026] [php:error] [pid 13176] [client 20.220.148.239:0] script '/domains/bruceweb/muzu.php' not found or unable to stat
[Thu Feb 05 05:14:00.143252 2026] [php:error] [pid 13176] [client 20.220.148.239:0] script '/domains/bruceweb/reze.php' not found or unable to stat
[Thu Feb 05 05:14:00.168161 2026] [php:error] [pid 13176] [client 20.220.148.239:0] script '/domains/bruceweb/styll.php' not found or unable to stat
[Thu Feb 05 05:14:00.601117 2026] [php:error] [pid 13174] [client 20.220.148.239:0] script '/domains/bruceweb/x7.php' not found or unable to stat
[Thu Feb 05 05:14:00.625908 2026] [php:error] [pid 13174] [client 20.220.148.239:0] script '/domains/bruceweb/thebe.php' not found or unable to stat
[Thu Feb 05 05:14:00.672906 2026] [php:error] [pid 13174] [client 20.220.148.239:0] script '/domains/bruceweb/ddd.php' not found or unable to stat
[Thu Feb 05 05:14:00.707280 2026] [php:error] [pid 13174] [client 20.220.148.239:0] script '/domains/bruceweb/ccs.php' not found or unable to stat
[Thu Feb 05 05:14:00.755473 2026] [php:error] [pid 13174] [client 20.220.148.239:0] script '/domains/bruceweb/f355.php' not found or unable to stat
[Thu Feb 05 05:14:00.781630 2026] [php:error] [pid 13174] [client 20.220.148.239:0] script '/domains/bruceweb/bgymj.php' not found or unable to stat
[Thu Feb 05 05:14:00.870818 2026] [php:error] [pid 13174] [client 20.220.148.239:0] script '/domains/bruceweb/8xyz.php' not found or unable to stat
[Thu Feb 05 05:14:00.939066 2026] [php:error] [pid 13174] [client 20.220.148.239:0] script '/domains/bruceweb/la.php' not found or unable to stat
[Thu Feb 05 05:14:01.024049 2026] [php:error] [pid 13174] [client 20.220.148.239:0] script '/domains/bruceweb/ioxi.php' not found or unable to stat
[Thu Feb 05 05:14:01.162761 2026] [php:error] [pid 13174] [client 20.220.148.239:0] script '/domains/bruceweb/xpwer1.php' not found or unable to stat
[Thu Feb 05 05:14:01.227309 2026] [php:error] [pid 13174] [client 20.220.148.239:0] script '/domains/bruceweb/lala.php' not found or unable to stat
[Thu Feb 05 05:14:01.293781 2026] [php:error] [pid 13174] [client 20.220.148.239:0] script '/domains/bruceweb/about.php' not found or unable to stat
[Thu Feb 05 05:14:01.516619 2026] [php:error] [pid 13174] [client 20.220.148.239:0] script '/domains/bruceweb/info.php' not found or unable to stat
[Thu Feb 05 05:14:01.542802 2026] [php:error] [pid 13174] [client 20.220.148.239:0] script '/domains/bruceweb/about.php' not found or unable to stat
[Thu Feb 05 05:14:01.742948 2026] [php:error] [pid 13174] [client 20.220.148.239:0] script '/domains/bruceweb/ss1.php' not found or unable to stat
[Thu Feb 05 05:14:01.781584 2026] [php:error] [pid 13174] [client 20.220.148.239:0] script '/domains/bruceweb/222.php' not found or unable to stat
[Thu Feb 05 05:14:01.930308 2026] [php:error] [pid 13174] [client 20.220.148.239:0] script '/domains/bruceweb/adminfuns.php' not found or unable to stat
[Thu Feb 05 05:14:02.080985 2026] [php:error] [pid 13174] [client 20.220.148.239:0] script '/domains/bruceweb/xx.php' not found or unable to stat
[Thu Feb 05 05:14:02.274530 2026] [php:error] [pid 13174] [client 20.220.148.239:0] script '/domains/bruceweb/f5.php' not found or unable to stat
[Thu Feb 05 05:14:02.341733 2026] [php:error] [pid 13174] [client 20.220.148.239:0] script '/domains/bruceweb/flower.php' not found or unable to stat
[Thu Feb 05 05:14:02.365787 2026] [php:error] [pid 13174] [client 20.220.148.239:0] script '/domains/bruceweb/f6.php' not found or unable to stat
[Thu Feb 05 05:14:02.389567 2026] [php:error] [pid 13174] [client 20.220.148.239:0] script '/domains/bruceweb/edit.php' not found or unable to stat
[Thu Feb 05 05:14:02.453463 2026] [php:error] [pid 13174] [client 20.220.148.239:0] script '/domains/bruceweb/aa.php' not found or unable to stat
[Thu Feb 05 05:14:02.631155 2026] [php:error] [pid 13174] [client 20.220.148.239:0] script '/domains/bruceweb/av.php' not found or unable to stat
[Thu Feb 05 05:14:02.687367 2026] [php:error] [pid 13174] [client 20.220.148.239:0] script '/domains/bruceweb/wsd.php' not found or unable to stat
[Thu Feb 05 05:14:02.712161 2026] [php:error] [pid 13174] [client 20.220.148.239:0] script '/domains/bruceweb/jane.php' not found or unable to stat
[Thu Feb 05 05:14:02.746830 2026] [php:error] [pid 13174] [client 20.220.148.239:0] script '/domains/bruceweb/css.php' not found or unable to stat
[Thu Feb 05 05:14:02.777650 2026] [php:error] [pid 13174] [client 20.220.148.239:0] script '/domains/bruceweb/alfa.php' not found or unable to stat
[Thu Feb 05 05:14:02.823446 2026] [php:error] [pid 13174] [client 20.220.148.239:0] script '/domains/bruceweb/wen.php' not found or unable to stat
[Thu Feb 05 05:14:02.855003 2026] [php:error] [pid 13174] [client 20.220.148.239:0] script '/domains/bruceweb/x.php' not found or unable to stat
[Thu Feb 05 05:14:02.878889 2026] [php:error] [pid 13174] [client 20.220.148.239:0] script '/domains/bruceweb/xxxx.php' not found or unable to stat
[Thu Feb 05 05:14:02.904295 2026] [php:error] [pid 13174] [client 20.220.148.239:0] script '/domains/bruceweb/class.php' not found or unable to stat
[Thu Feb 05 05:14:02.928226 2026] [php:error] [pid 13174] [client 20.220.148.239:0] script '/domains/bruceweb/f35.php' not found or unable to stat
[Thu Feb 05 05:14:03.179928 2026] [php:error] [pid 13174] [client 20.220.148.239:0] script '/domains/bruceweb/class-t.api.php' not found or unable to stat
[Thu Feb 05 05:14:03.219742 2026] [php:error] [pid 13174] [client 20.220.148.239:0] script '/domains/bruceweb/blurbs18.php' not found or unable to stat
[Thu Feb 05 05:14:03.518242 2026] [php:error] [pid 13174] [client 20.220.148.239:0] script '/domains/bruceweb/wp-good.php' not found or unable to stat
[Thu Feb 05 05:14:03.600065 2026] [php:error] [pid 13174] [client 20.220.148.239:0] script '/domains/bruceweb/bless11.php' not found or unable to stat
[Thu Feb 05 05:14:03.623662 2026] [php:error] [pid 13174] [client 20.220.148.239:0] script '/domains/bruceweb/init.php' not found or unable to stat
[Thu Feb 05 05:14:03.672399 2026] [php:error] [pid 13174] [client 20.220.148.239:0] script '/domains/bruceweb/k.php' not found or unable to stat
[Thu Feb 05 05:14:03.696185 2026] [php:error] [pid 13174] [client 20.220.148.239:0] script '/domains/bruceweb/bless.php' not found or unable to stat
[Thu Feb 05 05:14:03.741077 2026] [php:error] [pid 13174] [client 20.220.148.239:0] script '/domains/bruceweb/X7x.php' not found or unable to stat
[Thu Feb 05 05:14:03.786424 2026] [php:error] [pid 13174] [client 20.220.148.239:0] script '/domains/bruceweb/166.php' not found or unable to stat
[Thu Feb 05 05:14:03.831464 2026] [php:error] [pid 13174] [client 20.220.148.239:0] script '/domains/bruceweb/plss3.php' not found or unable to stat
[Thu Feb 05 05:14:04.178431 2026] [php:error] [pid 13174] [client 20.220.148.239:0] script '/domains/bruceweb/temp.php' not found or unable to stat
[Thu Feb 05 05:14:04.220069 2026] [php:error] [pid 13174] [client 20.220.148.239:0] script '/domains/bruceweb/admins.php' not found or unable to stat
[Thu Feb 05 05:14:04.243997 2026] [php:error] [pid 13174] [client 20.220.148.239:0] script '/domains/bruceweb/wp.php' not found or unable to stat
[Thu Feb 05 05:14:04.267711 2026] [php:error] [pid 13174] [client 20.220.148.239:0] script '/domains/bruceweb/main.php' not found or unable to stat
[Thu Feb 05 05:14:04.294420 2026] [php:error] [pid 13174] [client 20.220.148.239:0] script '/domains/bruceweb/a1.php' not found or unable to stat
[Thu Feb 05 05:14:04.319471 2026] [php:error] [pid 13174] [client 20.220.148.239:0] script '/domains/bruceweb/lala.php' not found or unable to stat
[Thu Feb 05 05:14:04.343132 2026] [php:error] [pid 13174] [client 20.220.148.239:0] script '/domains/bruceweb/aaa.php' not found or unable to stat
[Thu Feb 05 05:14:04.371143 2026] [php:error] [pid 13174] [client 20.220.148.239:0] script '/domains/bruceweb/a2.php' not found or unable to stat
[Thu Feb 05 05:14:04.499989 2026] [php:error] [pid 13174] [client 20.220.148.239:0] script '/domains/bruceweb/nyan.php' not found or unable to stat
[Thu Feb 05 05:14:04.523774 2026] [php:error] [pid 13174] [client 20.220.148.239:0] script '/domains/bruceweb/jsond.php' not found or unable to stat
[Thu Feb 05 05:14:22.925673 2026] [php:error] [pid 13127] [client 216.244.66.232:0] script '/domains/hdickens.enteract/kmnj.php' not found or unable to stat
[Thu Feb 05 05:14:27.971868 2026] [php:error] [pid 13127] [client 34.10.242.125:0] script '/domains/astweb/xmlrpc.php' not found or unable to stat
[Thu Feb 05 05:14:28.110477 2026] [php:error] [pid 18814] [client 34.10.242.125:0] script '/domains/hofficer1/xmlrpc.php' not found or unable to stat
[Thu Feb 05 05:14:28.137560 2026] [php:error] [pid 16494] [client 34.10.242.125:0] script '/domains/ferguson.interport/xmlrpc.php' not found or unable to stat
[Thu Feb 05 05:14:28.179241 2026] [php:error] [pid 18812] [client 34.10.242.125:0] script '/domains/system_suspended/xmlrpc.php' not found or unable to stat
[Thu Feb 05 05:14:28.224005 2026] [php:error] [pid 13175] [client 34.10.242.125:0] script '/domains/ebon/xmlrpc.php' not found or unable to stat
[Thu Feb 05 05:14:28.406161 2026] [php:error] [pid 18815] [client 34.10.242.125:0] script '/domains/magicjim/xmlrpc.php' not found or unable to stat
[Thu Feb 05 05:14:28.669921 2026] [php:error] [pid 13127] [client 34.10.242.125:0] script '/domains/system_cancel/xmlrpc.php' not found or unable to stat
[Thu Feb 05 05:14:28.726476 2026] [php:error] [pid 13177] [client 14.241.96.71:0] script '/domains/hofficer1/xmlrpc.php' not found or unable to stat
[Thu Feb 05 05:14:28.781367 2026] [php:error] [pid 18812] [client 34.10.242.125:0] script '/domains/system_default/xmlrpc.php' not found or unable to stat
[Thu Feb 05 05:14:28.861919 2026] [php:error] [pid 18814] [client 34.10.242.125:0] script '/domains/lover/xmlrpc.php' not found or unable to stat
[Thu Feb 05 05:14:28.990171 2026] [php:error] [pid 13175] [client 34.10.242.125:0] script '/domains/gk3c/xmlrpc.php' not found or unable to stat
[Thu Feb 05 05:14:29.108629 2026] [php:error] [pid 16494] [client 34.10.242.125:0] script '/domains/quintet/xmlrpc.php' not found or unable to stat
[Thu Feb 05 05:14:29.168151 2026] [php:error] [pid 18815] [client 34.10.242.125:0] script '/domains/rextrav/xmlrpc.php' not found or unable to stat
[Thu Feb 05 05:14:29.355873 2026] [php:error] [pid 13127] [client 34.10.242.125:0] script '/domains/system_cancel/xmlrpc.php' not found or unable to stat
[Thu Feb 05 05:14:29.396722 2026] [php:error] [pid 18816] [client 34.10.242.125:0] script '/domains/system_suspended/xmlrpc.php' not found or unable to stat
[Thu Feb 05 05:14:29.430004 2026] [php:error] [pid 18817] [client 34.10.242.125:0] script '/domains/lover/xmlrpc.php' not found or unable to stat
[Thu Feb 05 05:14:29.558960 2026] [php:error] [pid 18812] [client 34.10.242.125:0] script '/domains/covertcomic/xmlrpc.php' not found or unable to stat
[Thu Feb 05 05:14:29.564692 2026] [php:error] [pid 18814] [client 34.10.242.125:0] script '/domains/hpveweb/xmlrpc.php' not found or unable to stat
[Thu Feb 05 05:14:29.795312 2026] [php:error] [pid 13175] [client 34.10.242.125:0] script '/domains/antiqueweb1/xmlrpc.php' not found or unable to stat
[Thu Feb 05 05:14:29.908294 2026] [php:error] [pid 18815] [client 34.10.242.125:0] script '/domains/familyplayhouse2/xmlrpc.php' not found or unable to stat
[Thu Feb 05 05:14:29.912209 2026] [php:error] [pid 16494] [client 34.10.242.125:0] script '/domains/telacomp/xmlrpc.php' not found or unable to stat
[Thu Feb 05 05:14:30.089401 2026] [php:error] [pid 13127] [client 34.10.242.125:0] script '/domains/efusion1/xmlrpc.php' not found or unable to stat
[Thu Feb 05 05:14:30.115362 2026] [php:error] [pid 18817] [client 34.10.242.125:0] script '/domains/aatweb/xmlrpc.php' not found or unable to stat
[Thu Feb 05 05:14:30.119842 2026] [php:error] [pid 13168] [client 34.10.242.125:0] script '/domains/testregisgroup/xmlrpc.php' not found or unable to stat
[Thu Feb 05 05:14:30.131746 2026] [php:error] [pid 18816] [client 34.10.242.125:0] script '/domains/rextrav/xmlrpc.php' not found or unable to stat
[Thu Feb 05 05:14:30.246595 2026] [php:error] [pid 18814] [client 34.10.242.125:0] script '/domains/icrse/xmlrpc.php' not found or unable to stat
[Thu Feb 05 05:14:30.297306 2026] [php:error] [pid 18812] [client 34.10.242.125:0] script '/domains/ltemple/xmlrpc.php' not found or unable to stat
[Thu Feb 05 05:14:30.415197 2026] [php:error] [pid 18820] [client 34.10.242.125:0] script '/domains/domilici/xmlrpc.php' not found or unable to stat
[Thu Feb 05 05:14:30.446725 2026] [php:error] [pid 18821] [client 34.10.242.125:0] script '/domains/pbuilder/xmlrpc.php' not found or unable to stat
[Thu Feb 05 05:14:30.461920 2026] [php:error] [pid 18819] [client 34.10.242.125:0] script '/domains/jrp.interport/xmlrpc.php' not found or unable to stat
[Thu Feb 05 05:14:30.574328 2026] [php:error] [pid 18815] [client 34.10.242.125:0] script '/domains/system_default/xmlrpc.php' not found or unable to stat
[Thu Feb 05 05:14:30.647297 2026] [php:error] [pid 13175] [client 34.10.242.125:0] script '/domains/nsmd2/xmlrpc.php' not found or unable to stat
[Thu Feb 05 05:14:30.749746 2026] [php:error] [pid 18817] [client 34.10.242.125:0] script '/domains/wsmith.enteract/xmlrpc.php' not found or unable to stat
[Thu Feb 05 05:14:30.785299 2026] [php:error] [pid 18816] [client 34.10.242.125:0] script '/domains/acagolf1/xmlrpc.php' not found or unable to stat
[Thu Feb 05 05:14:30.842655 2026] [php:error] [pid 16494] [client 34.10.242.125:0] script '/domains/supolo/xmlrpc.php' not found or unable to stat
[Thu Feb 05 05:14:30.887279 2026] [php:error] [pid 13127] [client 34.10.242.125:0] script '/domains/conservation1/xmlrpc.php' not found or unable to stat
[Thu Feb 05 05:14:30.988885 2026] [php:error] [pid 13168] [client 34.10.242.125:0] script '/domains/proinc/xmlrpc.php' not found or unable to stat
[Thu Feb 05 05:14:30.991890 2026] [php:error] [pid 18814] [client 34.10.242.125:0] script '/domains/nlyfoods/xmlrpc.php' not found or unable to stat
[Thu Feb 05 05:14:31.016491 2026] [php:error] [pid 18812] [client 34.10.242.125:0] script '/domains/biehlweb/xmlrpc.php' not found or unable to stat
[Thu Feb 05 05:14:31.147560 2026] [php:error] [pid 18821] [client 34.10.242.125:0] script '/domains/system_cancel/xmlrpc.php' not found or unable to stat
[Thu Feb 05 05:14:31.180961 2026] [php:error] [pid 18820] [client 34.10.242.125:0] script '/domains/frog.interport1/xmlrpc.php' not found or unable to stat
[Thu Feb 05 05:14:31.241390 2026] [php:error] [pid 18815] [client 34.10.242.125:0] script '/domains/apunderkofler/xmlrpc.php' not found or unable to stat
[Thu Feb 05 05:14:31.429928 2026] [php:error] [pid 18817] [client 34.10.242.125:0] script '/domains/druckrey/xmlrpc.php' not found or unable to stat
[Thu Feb 05 05:14:31.442880 2026] [php:error] [pid 18828] [client 34.10.242.125:0] script '/domains/fbardin/xmlrpc.php' not found or unable to stat
[Thu Feb 05 05:14:31.443721 2026] [php:error] [pid 18829] [client 34.10.242.125:0] script '/domains/system_default/xmlrpc.php' not found or unable to stat
[Thu Feb 05 05:14:31.444549 2026] [php:error] [pid 18819] [client 34.10.242.125:0] script '/domains/pauljbrock/xmlrpc.php' not found or unable to stat
[Thu Feb 05 05:14:31.444755 2026] [php:error] [pid 18822] [client 34.10.242.125:0] script '/domains/system_suspended/xmlrpc.php' not found or unable to stat
[Thu Feb 05 05:14:31.452930 2026] [php:error] [pid 18824] [client 34.10.242.125:0] script '/domains/afglcweb/xmlrpc.php' not found or unable to stat
[Thu Feb 05 05:14:31.464551 2026] [php:error] [pid 18826] [client 34.10.242.125:0] script '/domains/conceptlabs1/xmlrpc.php' not found or unable to stat
[Thu Feb 05 05:14:31.519917 2026] [php:error] [pid 18827] [client 34.10.242.125:0] script '/domains/tmandel/xmlrpc.php' not found or unable to stat
[Thu Feb 05 05:14:31.524584 2026] [php:error] [pid 18825] [client 34.10.242.125:0] script '/domains/fdcarter/xmlrpc.php' not found or unable to stat
[Thu Feb 05 05:14:31.533578 2026] [php:error] [pid 18823] [client 34.10.242.125:0] script '/domains/viamonte3/xmlrpc.php' not found or unable to stat
[Thu Feb 05 05:14:31.540845 2026] [php:error] [pid 18816] [client 34.10.242.125:0] script '/domains/king1969/xmlrpc.php' not found or unable to stat
[Thu Feb 05 05:14:31.555509 2026] [php:error] [pid 13127] [client 34.10.242.125:0] script '/domains/system_suspended/xmlrpc.php' not found or unable to stat
[Thu Feb 05 05:14:31.565401 2026] [php:error] [pid 16494] [client 34.10.242.125:0] script '/domains/performancepartsinc/xmlrpc.php' not found or unable to stat
[Thu Feb 05 05:14:31.684206 2026] [php:error] [pid 18814] [client 34.10.242.125:0] script '/domains/tbarnhil/xmlrpc.php' not found or unable to stat
[Thu Feb 05 05:14:31.698463 2026] [php:error] [pid 13168] [client 34.10.242.125:0] script '/domains/fairlane1/xmlrpc.php' not found or unable to stat
[Thu Feb 05 05:14:31.720366 2026] [php:error] [pid 13175] [client 34.10.242.125:0] script '/domains/navarrospring/xmlrpc.php' not found or unable to stat
[Thu Feb 05 05:14:31.786576 2026] [php:error] [pid 18812] [client 34.10.242.125:0] script '/domains/king1969/xmlrpc.php' not found or unable to stat
[Thu Feb 05 05:14:31.849409 2026] [php:error] [pid 18815] [client 34.10.242.125:0] script '/domains/rnachum/xmlrpc.php' not found or unable to stat
[Thu Feb 05 05:14:31.854420 2026] [php:error] [pid 18821] [client 34.10.242.125:0] script '/domains/csiniaws/xmlrpc.php' not found or unable to stat
