[Thu Feb 05 03:53:43.151696 2026] [php:error] [pid 789] [client 20.213.24.235:0] script '/domains/msintl/wp-trackback.php' not found or unable to stat
[Thu Feb 05 03:53:44.081365 2026] [php:error] [pid 789] [client 20.213.24.235:0] script '/domains/msintl/gmo.php' not found or unable to stat
[Thu Feb 05 03:53:46.393892 2026] [php:error] [pid 789] [client 20.213.24.235:0] script '/domains/msintl/ww1.php' not found or unable to stat
[Thu Feb 05 03:53:46.549317 2026] [php:error] [pid 781] [client 20.196.205.229:0] script '/domains/nostrada/GOD.php' not found or unable to stat
[Thu Feb 05 03:53:46.730612 2026] [php:error] [pid 781] [client 20.196.205.229:0] script '/domains/nostrada/flower.php' not found or unable to stat
[Thu Feb 05 03:53:46.920944 2026] [php:error] [pid 781] [client 20.196.205.229:0] script '/domains/nostrada/Auth.php' not found or unable to stat
[Thu Feb 05 03:53:47.801852 2026] [php:error] [pid 781] [client 20.196.205.229:0] script '/domains/nostrada/aaa.php' not found or unable to stat
[Thu Feb 05 03:53:48.005597 2026] [php:error] [pid 781] [client 20.196.205.229:0] script '/domains/nostrada/cookie.php' not found or unable to stat
[Thu Feb 05 03:53:48.189716 2026] [php:error] [pid 781] [client 20.196.205.229:0] script '/domains/nostrada/dropdown.php' not found or unable to stat
[Thu Feb 05 03:53:48.373303 2026] [php:error] [pid 781] [client 20.196.205.229:0] script '/domains/nostrada/eq2hbpgs.php' not found or unable to stat
[Thu Feb 05 03:53:48.602866 2026] [php:error] [pid 778] [client 20.213.24.235:0] script '/domains/msintl/security.php' not found or unable to stat
[Thu Feb 05 03:53:48.736459 2026] [php:error] [pid 781] [client 20.196.205.229:0] script '/domains/nostrada/xleet.php' not found or unable to stat
[Thu Feb 05 03:53:48.918256 2026] [php:error] [pid 781] [client 20.196.205.229:0] script '/domains/nostrada/y.php' not found or unable to stat
[Thu Feb 05 03:53:49.383915 2026] [php:error] [pid 781] [client 20.196.205.229:0] script '/domains/nostrada/ab1ux1ft.php' not found or unable to stat
[Thu Feb 05 03:53:49.753779 2026] [php:error] [pid 781] [client 20.196.205.229:0] script '/domains/nostrada/classwithtostring.php' not found or unable to stat
[Thu Feb 05 03:53:49.934221 2026] [php:error] [pid 781] [client 20.196.205.229:0] script '/domains/nostrada/M1.php' not found or unable to stat
[Thu Feb 05 03:53:50.325764 2026] [php:error] [pid 781] [client 20.196.205.229:0] script '/domains/nostrada/BIBIL_0DAY.php' not found or unable to stat
[Thu Feb 05 03:53:50.513888 2026] [php:error] [pid 781] [client 20.196.205.229:0] script '/domains/nostrada/fxcexgle.php' not found or unable to stat
[Thu Feb 05 03:53:51.089752 2026] [php:error] [pid 781] [client 20.196.205.229:0] script '/domains/nostrada/wsa.php' not found or unable to stat
[Thu Feb 05 03:53:51.278788 2026] [php:error] [pid 781] [client 20.196.205.229:0] script '/domains/nostrada/google.php' not found or unable to stat
[Thu Feb 05 03:53:51.459594 2026] [php:error] [pid 781] [client 20.196.205.229:0] script '/domains/nostrada/simple.php' not found or unable to stat
[Thu Feb 05 03:53:51.640970 2026] [php:error] [pid 781] [client 20.196.205.229:0] script '/domains/nostrada/catuploadcsv.php' not found or unable to stat
[Thu Feb 05 03:53:51.821390 2026] [php:error] [pid 781] [client 20.196.205.229:0] script '/domains/nostrada/hoot.php' not found or unable to stat
[Thu Feb 05 03:53:52.002145 2026] [php:error] [pid 781] [client 20.196.205.229:0] script '/domains/nostrada/ewywe1dg.php' not found or unable to stat
[Thu Feb 05 03:53:52.057806 2026] [php:error] [pid 778] [client 20.213.24.235:0] script '/domains/msintl/class.php' not found or unable to stat
[Thu Feb 05 03:53:52.262293 2026] [php:error] [pid 778] [client 20.213.24.235:0] script '/domains/msintl/bless5.php' not found or unable to stat
[Thu Feb 05 03:53:52.577204 2026] [php:error] [pid 781] [client 20.196.205.229:0] script '/domains/nostrada/feed-rss2-queue.php' not found or unable to stat
[Thu Feb 05 03:53:52.887941 2026] [php:error] [pid 778] [client 20.213.24.235:0] script '/domains/msintl/lock360.php' not found or unable to stat
[Thu Feb 05 03:53:52.945350 2026] [php:error] [pid 781] [client 20.196.205.229:0] script '/domains/nostrada/hkvkjguw.php' not found or unable to stat
[Thu Feb 05 03:53:53.088269 2026] [php:error] [pid 778] [client 20.213.24.235:0] script '/domains/msintl/ioxi-o1.php' not found or unable to stat
[Thu Feb 05 03:53:53.125869 2026] [php:error] [pid 781] [client 20.196.205.229:0] script '/domains/nostrada/1p.php' not found or unable to stat
[Thu Feb 05 03:53:53.296525 2026] [php:error] [pid 778] [client 20.213.24.235:0] script '/domains/msintl/juuuu.php' not found or unable to stat
[Thu Feb 05 03:53:53.495921 2026] [php:error] [pid 778] [client 20.213.24.235:0] script '/domains/msintl/ha.php' not found or unable to stat
[Thu Feb 05 03:53:53.707665 2026] [php:error] [pid 778] [client 20.213.24.235:0] script '/domains/msintl/gg.php' not found or unable to stat
[Thu Feb 05 03:53:53.907275 2026] [php:error] [pid 778] [client 20.213.24.235:0] script '/domains/msintl/we2.php' not found or unable to stat
[Thu Feb 05 03:53:54.097683 2026] [php:error] [pid 781] [client 20.196.205.229:0] script '/domains/nostrada/block-bindings.php' not found or unable to stat
[Thu Feb 05 03:53:54.106368 2026] [php:error] [pid 778] [client 20.213.24.235:0] script '/domains/msintl/04.php' not found or unable to stat
[Thu Feb 05 03:53:54.311550 2026] [php:error] [pid 778] [client 20.213.24.235:0] script '/domains/msintl/333.php' not found or unable to stat
[Thu Feb 05 03:53:54.513062 2026] [php:error] [pid 778] [client 20.213.24.235:0] script '/domains/msintl/520.php' not found or unable to stat
[Thu Feb 05 03:53:54.635374 2026] [php:error] [pid 781] [client 20.196.205.229:0] script '/domains/nostrada/OthioNDwMEK.php' not found or unable to stat
[Thu Feb 05 03:53:54.712851 2026] [php:error] [pid 778] [client 20.213.24.235:0] script '/domains/msintl/ar.php' not found or unable to stat
[Thu Feb 05 03:53:54.816378 2026] [php:error] [pid 781] [client 20.196.205.229:0] script '/domains/nostrada/addslashes.php' not found or unable to stat
[Thu Feb 05 03:53:54.912599 2026] [php:error] [pid 778] [client 20.213.24.235:0] script '/domains/msintl/x.php' not found or unable to stat
[Thu Feb 05 03:53:54.997133 2026] [php:error] [pid 781] [client 20.196.205.229:0] script '/domains/nostrada/dxc.php' not found or unable to stat
[Thu Feb 05 03:53:55.113924 2026] [php:error] [pid 778] [client 20.213.24.235:0] script '/domains/msintl/xx.php' not found or unable to stat
[Thu Feb 05 03:53:55.178529 2026] [php:error] [pid 781] [client 20.196.205.229:0] script '/domains/nostrada/go.php' not found or unable to stat
[Thu Feb 05 03:53:55.314134 2026] [php:error] [pid 778] [client 20.213.24.235:0] script '/domains/msintl/gifclass4.php' not found or unable to stat
[Thu Feb 05 03:53:55.513824 2026] [php:error] [pid 778] [client 20.213.24.235:0] script '/domains/msintl/2clas.php' not found or unable to stat
[Thu Feb 05 03:53:55.713225 2026] [php:error] [pid 778] [client 20.213.24.235:0] script '/domains/msintl/ave.php' not found or unable to stat
[Thu Feb 05 03:53:55.792420 2026] [php:error] [pid 781] [client 20.196.205.229:0] script '/domains/nostrada/credits.php' not found or unable to stat
[Thu Feb 05 03:53:55.912566 2026] [php:error] [pid 778] [client 20.213.24.235:0] script '/domains/msintl/wrt.php' not found or unable to stat
[Thu Feb 05 03:53:56.112121 2026] [php:error] [pid 778] [client 20.213.24.235:0] script '/domains/msintl/bibil.php' not found or unable to stat
[Thu Feb 05 03:53:56.311785 2026] [php:error] [pid 778] [client 20.213.24.235:0] script '/domains/msintl/radio.php' not found or unable to stat
[Thu Feb 05 03:53:56.505702 2026] [php:error] [pid 781] [client 20.196.205.229:0] script '/domains/nostrada/news.php' not found or unable to stat
[Thu Feb 05 03:53:56.604624 2026] [php:error] [pid 778] [client 20.213.24.235:0] script '/domains/msintl/files.php' not found or unable to stat
[Thu Feb 05 03:53:56.804201 2026] [php:error] [pid 778] [client 20.213.24.235:0] script '/domains/msintl/file7.php' not found or unable to stat
[Thu Feb 05 03:53:57.003792 2026] [php:error] [pid 778] [client 20.213.24.235:0] script '/domains/msintl/gifclass.php' not found or unable to stat
[Thu Feb 05 03:53:57.161177 2026] [php:error] [pid 781] [client 20.196.205.229:0] script '/domains/nostrada/delpaths.php' not found or unable to stat
[Thu Feb 05 03:53:57.342343 2026] [php:error] [pid 781] [client 20.196.205.229:0] script '/domains/nostrada/depotcv.php' not found or unable to stat
[Thu Feb 05 03:53:57.414108 2026] [php:error] [pid 778] [client 20.213.24.235:0] script '/domains/msintl/nox.php' not found or unable to stat
[Thu Feb 05 03:53:57.523239 2026] [php:error] [pid 781] [client 20.196.205.229:0] script '/domains/nostrada/new.php' not found or unable to stat
[Thu Feb 05 03:53:57.614601 2026] [php:error] [pid 778] [client 20.213.24.235:0] script '/domains/msintl/file48.php' not found or unable to stat
[Thu Feb 05 03:53:57.721871 2026] [php:error] [pid 781] [client 20.196.205.229:0] script '/domains/nostrada/Njima.php' not found or unable to stat
[Thu Feb 05 03:53:57.904264 2026] [php:error] [pid 781] [client 20.196.205.229:0] script '/domains/nostrada/5173e.php' not found or unable to stat
[Thu Feb 05 03:53:57.957950 2026] [php:error] [pid 778] [client 20.213.24.235:0] script '/domains/msintl/info.php' not found or unable to stat
[Thu Feb 05 03:53:58.157377 2026] [php:error] [pid 778] [client 20.213.24.235:0] script '/domains/msintl/class9.php' not found or unable to stat
[Thu Feb 05 03:53:58.265611 2026] [php:error] [pid 781] [client 20.196.205.229:0] script '/domains/nostrada/alumni_reg.php' not found or unable to stat
[Thu Feb 05 03:53:58.447107 2026] [php:error] [pid 781] [client 20.196.205.229:0] script '/domains/nostrada/DxHhVcy2bmJ.php' not found or unable to stat
[Thu Feb 05 03:53:58.627698 2026] [php:error] [pid 781] [client 20.196.205.229:0] script '/domains/nostrada/css.php' not found or unable to stat
[Thu Feb 05 03:53:58.658997 2026] [php:error] [pid 778] [client 20.213.24.235:0] script '/domains/msintl/la.php' not found or unable to stat
[Thu Feb 05 03:53:58.814025 2026] [php:error] [pid 781] [client 20.196.205.229:0] script '/domains/nostrada/goods.php' not found or unable to stat
[Thu Feb 05 03:53:58.874732 2026] [php:error] [pid 778] [client 20.213.24.235:0] script '/domains/msintl/bless11.php' not found or unable to stat
[Thu Feb 05 03:53:58.995225 2026] [php:error] [pid 781] [client 20.196.205.229:0] script '/domains/nostrada/cJLGqzB.php' not found or unable to stat
[Thu Feb 05 03:53:59.075402 2026] [php:error] [pid 778] [client 20.213.24.235:0] script '/domains/msintl/ccou.php' not found or unable to stat
[Thu Feb 05 03:53:59.179419 2026] [php:error] [pid 781] [client 20.196.205.229:0] script '/domains/nostrada/alfanew.php' not found or unable to stat
[Thu Feb 05 03:53:59.276209 2026] [php:error] [pid 778] [client 20.213.24.235:0] script '/domains/msintl/ton.php' not found or unable to stat
[Thu Feb 05 03:53:59.958283 2026] [php:error] [pid 781] [client 20.196.205.229:0] script '/domains/nostrada/chosen.php' not found or unable to stat
[Thu Feb 05 03:53:59.960691 2026] [php:error] [pid 778] [client 20.213.24.235:0] script '/domains/msintl/403.php' not found or unable to stat
[Thu Feb 05 03:54:00.160496 2026] [php:error] [pid 778] [client 20.213.24.235:0] script '/domains/msintl/file9.php' not found or unable to stat
[Thu Feb 05 03:54:00.169181 2026] [php:error] [pid 781] [client 20.196.205.229:0] script '/domains/nostrada/ulc2.php' not found or unable to stat
[Thu Feb 05 03:54:00.361840 2026] [php:error] [pid 781] [client 20.196.205.229:0] script '/domains/nostrada/asasx.php' not found or unable to stat
[Thu Feb 05 03:54:00.363361 2026] [php:error] [pid 778] [client 20.213.24.235:0] script '/domains/msintl/ac.php' not found or unable to stat
[Thu Feb 05 03:54:00.544601 2026] [php:error] [pid 781] [client 20.196.205.229:0] script '/domains/nostrada/cljntmcz.php' not found or unable to stat
[Thu Feb 05 03:54:00.566876 2026] [php:error] [pid 778] [client 20.213.24.235:0] script '/domains/msintl/new4.php' not found or unable to stat
[Thu Feb 05 03:54:00.837503 2026] [php:error] [pid 781] [client 20.196.205.229:0] script '/domains/nostrada/disagraeosc.php' not found or unable to stat
[Thu Feb 05 03:54:01.148473 2026] [php:error] [pid 778] [client 20.213.24.235:0] script '/domains/msintl/pop.php' not found or unable to stat
[Thu Feb 05 03:54:01.379910 2026] [php:error] [pid 781] [client 20.196.205.229:0] script '/domains/nostrada/blog.php' not found or unable to stat
[Thu Feb 05 03:54:01.562896 2026] [php:error] [pid 781] [client 20.196.205.229:0] script '/domains/nostrada/atomlib.php' not found or unable to stat
[Thu Feb 05 03:54:01.946684 2026] [php:error] [pid 778] [client 20.213.24.235:0] script '/domains/msintl/az.php' not found or unable to stat
[Thu Feb 05 03:54:02.146367 2026] [php:error] [pid 778] [client 20.213.24.235:0] script '/domains/msintl/xaz.php' not found or unable to stat
[Thu Feb 05 03:54:02.500103 2026] [php:error] [pid 781] [client 20.196.205.229:0] script '/domains/nostrada/conf_upload.php' not found or unable to stat
[Thu Feb 05 03:54:02.681258 2026] [php:error] [pid 781] [client 20.196.205.229:0] script '/domains/nostrada/fucixwya.php' not found or unable to stat
[Thu Feb 05 03:54:02.903965 2026] [php:error] [pid 778] [client 20.213.24.235:0] script '/domains/msintl/up4.php' not found or unable to stat
[Thu Feb 05 03:54:03.103861 2026] [php:error] [pid 778] [client 20.213.24.235:0] script '/domains/msintl/1aa.php' not found or unable to stat
[Thu Feb 05 03:54:03.313038 2026] [php:error] [pid 778] [client 20.213.24.235:0] script '/domains/msintl/elp.php' not found or unable to stat
[Thu Feb 05 03:54:03.381152 2026] [php:error] [pid 781] [client 20.196.205.229:0] script '/domains/nostrada/ab.php' not found or unable to stat
[Thu Feb 05 03:54:03.513875 2026] [php:error] [pid 778] [client 20.213.24.235:0] script '/domains/msintl/wtz.php' not found or unable to stat
[Thu Feb 05 03:54:03.563626 2026] [php:error] [pid 781] [client 20.196.205.229:0] script '/domains/nostrada/0.php' not found or unable to stat
[Thu Feb 05 03:54:03.735836 2026] [php:error] [pid 778] [client 20.213.24.235:0] script '/domains/msintl/galex.php' not found or unable to stat
[Thu Feb 05 03:54:03.762553 2026] [php:error] [pid 781] [client 20.196.205.229:0] script '/domains/nostrada/contentloader1.php' not found or unable to stat
[Thu Feb 05 03:54:03.935858 2026] [php:error] [pid 778] [client 20.213.24.235:0] script '/domains/msintl/xb.php' not found or unable to stat
[Thu Feb 05 03:54:03.943819 2026] [php:error] [pid 781] [client 20.196.205.229:0] script '/domains/nostrada/feeds.php' not found or unable to stat
[Thu Feb 05 03:54:04.138105 2026] [php:error] [pid 778] [client 20.213.24.235:0] script '/domains/msintl/ova.php' not found or unable to stat
[Thu Feb 05 03:54:04.152712 2026] [php:error] [pid 781] [client 20.196.205.229:0] script '/domains/nostrada/aQzODIgoBr.php' not found or unable to stat
[Thu Feb 05 03:54:04.333526 2026] [php:error] [pid 781] [client 20.196.205.229:0] script '/domains/nostrada/cnzcsfwm.php' not found or unable to stat
[Thu Feb 05 03:54:04.338471 2026] [php:error] [pid 778] [client 20.213.24.235:0] script '/domains/msintl/vx.php' not found or unable to stat
[Thu Feb 05 03:54:04.548211 2026] [php:error] [pid 778] [client 20.213.24.235:0] script '/domains/msintl/rh.php' not found or unable to stat
[Thu Feb 05 03:54:08.845363 2026] [php:error] [pid 781] [client 20.196.205.229:0] script '/domains/nostrada/cong.php' not found or unable to stat
[Thu Feb 05 03:54:09.361482 2026] [php:error] [pid 781] [client 20.196.205.229:0] script '/domains/nostrada/classsmtps.php' not found or unable to stat
[Thu Feb 05 03:54:09.727937 2026] [php:error] [pid 781] [client 20.196.205.229:0] script '/domains/nostrada/disagraep.php' not found or unable to stat
[Thu Feb 05 03:54:09.910038 2026] [php:error] [pid 781] [client 20.196.205.229:0] script '/domains/nostrada/content.php' not found or unable to stat
[Thu Feb 05 03:54:10.287151 2026] [php:error] [pid 781] [client 20.196.205.229:0] script '/domains/nostrada/hello.php' not found or unable to stat
[Thu Feb 05 03:54:11.073563 2026] [php:error] [pid 781] [client 20.196.205.229:0] script '/domains/nostrada/zwso.php' not found or unable to stat
[Thu Feb 05 03:54:11.293675 2026] [php:error] [pid 781] [client 20.196.205.229:0] script '/domains/nostrada/haiterus.php' not found or unable to stat
[Thu Feb 05 03:54:11.688680 2026] [php:error] [pid 781] [client 20.196.205.229:0] script '/domains/nostrada/access.php' not found or unable to stat
[Thu Feb 05 03:54:11.871629 2026] [php:error] [pid 781] [client 20.196.205.229:0] script '/domains/nostrada/admin.php' not found or unable to stat
[Thu Feb 05 03:54:12.053130 2026] [php:error] [pid 781] [client 20.196.205.229:0] script '/domains/nostrada/contact_tpl.php' not found or unable to stat
[Thu Feb 05 03:54:12.447530 2026] [php:error] [pid 781] [client 20.196.205.229:0] script '/domains/nostrada/global.php' not found or unable to stat
[Thu Feb 05 03:54:12.715365 2026] [php:error] [pid 781] [client 20.196.205.229:0] script '/domains/nostrada/beence.php' not found or unable to stat
[Thu Feb 05 03:54:13.087919 2026] [php:error] [pid 781] [client 20.196.205.229:0] script '/domains/nostrada/Js.php' not found or unable to stat
[Thu Feb 05 03:54:13.272286 2026] [php:error] [pid 781] [client 20.196.205.229:0] script '/domains/nostrada/Casper.php' not found or unable to stat
[Thu Feb 05 03:54:13.661737 2026] [php:error] [pid 781] [client 20.196.205.229:0] script '/domains/nostrada/shell.php' not found or unable to stat
[Thu Feb 05 03:54:14.293270 2026] [php:error] [pid 781] [client 20.196.205.229:0] script '/domains/nostrada/IDhrIlrLb.php' not found or unable to stat
[Thu Feb 05 03:54:14.474736 2026] [php:error] [pid 781] [client 20.196.205.229:0] script '/domains/nostrada/class-wp-cmd.php' not found or unable to stat
[Thu Feb 05 03:54:14.672592 2026] [php:error] [pid 781] [client 20.196.205.229:0] script '/domains/nostrada/word.php' not found or unable to stat
[Thu Feb 05 03:54:15.040305 2026] [php:error] [pid 781] [client 20.196.205.229:0] script '/domains/nostrada/phpinfo.php' not found or unable to stat
[Thu Feb 05 03:54:15.221412 2026] [php:error] [pid 781] [client 20.196.205.229:0] script '/domains/nostrada/83064.php' not found or unable to stat
[Thu Feb 05 03:54:15.423821 2026] [php:error] [pid 781] [client 20.196.205.229:0] script '/domains/nostrada/disagraeed.php' not found or unable to stat
[Thu Feb 05 03:54:15.981312 2026] [php:error] [pid 781] [client 20.196.205.229:0] script '/domains/nostrada/fi2.php' not found or unable to stat
[Thu Feb 05 03:54:16.168204 2026] [php:error] [pid 781] [client 20.196.205.229:0] script '/domains/nostrada/ds.php' not found or unable to stat
[Thu Feb 05 03:54:16.397200 2026] [php:error] [pid 781] [client 20.196.205.229:0] script '/domains/nostrada/backup.php' not found or unable to stat
[Thu Feb 05 03:54:16.579418 2026] [php:error] [pid 781] [client 20.196.205.229:0] script '/domains/nostrada/Alfa.php' not found or unable to stat
[Thu Feb 05 03:54:16.768091 2026] [php:error] [pid 781] [client 20.196.205.229:0] script '/domains/nostrada/MYK4TJEfFvO.php' not found or unable to stat
[Thu Feb 05 03:54:16.952825 2026] [php:error] [pid 781] [client 20.196.205.229:0] script '/domains/nostrada/eNtnKM.php' not found or unable to stat
[Thu Feb 05 03:54:18.325902 2026] [php:error] [pid 778] [client 20.196.205.229:0] script '/domains/nostrada/favicon.php' not found or unable to stat
[Thu Feb 05 03:54:18.508338 2026] [php:error] [pid 778] [client 20.196.205.229:0] script '/domains/nostrada/as.php' not found or unable to stat
[Thu Feb 05 03:54:18.694506 2026] [php:error] [pid 778] [client 20.196.205.229:0] script '/domains/nostrada/disagrsod.php' not found or unable to stat
[Thu Feb 05 03:54:18.877149 2026] [php:error] [pid 778] [client 20.196.205.229:0] script '/domains/nostrada/fw.php' not found or unable to stat
[Thu Feb 05 03:54:19.059920 2026] [php:error] [pid 778] [client 20.196.205.229:0] script '/domains/nostrada/bihnmimh.php' not found or unable to stat
[Thu Feb 05 03:54:19.983385 2026] [php:error] [pid 778] [client 20.196.205.229:0] script '/domains/nostrada/f.php' not found or unable to stat
[Thu Feb 05 03:54:20.773072 2026] [php:error] [pid 778] [client 20.196.205.229:0] script '/domains/nostrada/admin-header.php' not found or unable to stat
[Thu Feb 05 03:54:21.166104 2026] [php:error] [pid 778] [client 20.196.205.229:0] script '/domains/nostrada/aleXus.php' not found or unable to stat
[Thu Feb 05 03:54:21.353233 2026] [php:error] [pid 778] [client 20.196.205.229:0] script '/domains/nostrada/disagreed.php' not found or unable to stat
[Thu Feb 05 03:54:21.561523 2026] [php:error] [pid 778] [client 20.196.205.229:0] script '/domains/nostrada/essexec.php' not found or unable to stat
[Thu Feb 05 03:54:22.282328 2026] [php:error] [pid 778] [client 20.196.205.229:0] script '/domains/nostrada/123.php' not found or unable to stat
[Thu Feb 05 03:54:22.465637 2026] [php:error] [pid 778] [client 20.196.205.229:0] script '/domains/nostrada/al.php' not found or unable to stat
[Thu Feb 05 03:54:22.835053 2026] [php:error] [pid 778] [client 20.196.205.229:0] script '/domains/nostrada/bypass.php' not found or unable to stat
[Thu Feb 05 03:54:23.042892 2026] [php:error] [pid 778] [client 20.196.205.229:0] script '/domains/nostrada/about.php' not found or unable to stat
[Thu Feb 05 03:54:23.225762 2026] [php:error] [pid 778] [client 20.196.205.229:0] script '/domains/nostrada/404.php' not found or unable to stat
[Thu Feb 05 03:54:23.425742 2026] [php:error] [pid 778] [client 20.196.205.229:0] script '/domains/nostrada/NFXxUAA.php' not found or unable to stat
[Thu Feb 05 03:54:23.608492 2026] [php:error] [pid 778] [client 20.196.205.229:0] script '/domains/nostrada/BIBIL0DAY.php' not found or unable to stat
[Thu Feb 05 03:54:23.794377 2026] [php:error] [pid 778] [client 20.196.205.229:0] script '/domains/nostrada/hyIPpxWDQ.php' not found or unable to stat
[Thu Feb 05 03:54:24.345344 2026] [php:error] [pid 778] [client 20.196.205.229:0] script '/domains/nostrada/12.php' not found or unable to stat
[Thu Feb 05 03:54:24.786182 2026] [php:error] [pid 778] [client 20.196.205.229:0] script '/domains/nostrada/fm2.php' not found or unable to stat
[Thu Feb 05 03:54:24.971319 2026] [php:error] [pid 778] [client 20.196.205.229:0] script '/domains/nostrada/nf.php' not found or unable to stat
[Thu Feb 05 03:54:25.193322 2026] [php:error] [pid 778] [client 20.196.205.229:0] script '/domains/nostrada/bi.php' not found or unable to stat
[Thu Feb 05 03:54:25.381939 2026] [php:error] [pid 778] [client 20.196.205.229:0] script '/domains/nostrada/functions.php' not found or unable to stat
[Thu Feb 05 03:54:25.564439 2026] [php:error] [pid 778] [client 20.196.205.229:0] script '/domains/nostrada/cloud.php' not found or unable to stat
[Thu Feb 05 03:54:25.747404 2026] [php:error] [pid 778] [client 20.196.205.229:0] script '/domains/nostrada/randkeyword.php' not found or unable to stat
[Thu Feb 05 03:54:26.039184 2026] [php:error] [pid 778] [client 20.196.205.229:0] script '/domains/nostrada/aa.php' not found or unable to stat
[Thu Feb 05 03:54:26.237312 2026] [php:error] [pid 778] [client 20.196.205.229:0] script '/domains/nostrada/edit.php' not found or unable to stat
[Thu Feb 05 03:54:26.419943 2026] [php:error] [pid 778] [client 20.196.205.229:0] script '/domains/nostrada/fox.php' not found or unable to stat
[Thu Feb 05 03:54:26.603280 2026] [php:error] [pid 778] [client 20.196.205.229:0] script '/domains/nostrada/add_actualites.php' not found or unable to stat
[Thu Feb 05 03:54:26.786508 2026] [php:error] [pid 778] [client 20.196.205.229:0] script '/domains/nostrada/gecko-new.php' not found or unable to stat
[Thu Feb 05 03:54:27.050756 2026] [php:error] [pid 778] [client 20.196.205.229:0] script '/domains/nostrada/1index.php' not found or unable to stat
[Thu Feb 05 03:54:27.234575 2026] [php:error] [pid 778] [client 20.196.205.229:0] script '/domains/nostrada/wp-2019.php' not found or unable to stat
[Thu Feb 05 03:54:27.473177 2026] [php:error] [pid 778] [client 20.196.205.229:0] script '/domains/nostrada/e69ovfsr.php' not found or unable to stat
[Thu Feb 05 03:54:27.979408 2026] [php:error] [pid 778] [client 20.196.205.229:0] script '/domains/nostrada/cache-base.php' not found or unable to stat
[Thu Feb 05 03:54:28.383603 2026] [php:error] [pid 778] [client 20.196.205.229:0] script '/domains/nostrada/extractable-loader-head.php' not found or unable to stat
[Thu Feb 05 03:54:28.567053 2026] [php:error] [pid 778] [client 20.196.205.229:0] script '/domains/nostrada/files.php' not found or unable to stat
[Thu Feb 05 03:54:28.782546 2026] [php:error] [pid 778] [client 20.196.205.229:0] script '/domains/nostrada/embed.php' not found or unable to stat
[Thu Feb 05 03:54:28.971720 2026] [php:error] [pid 778] [client 20.196.205.229:0] script '/domains/nostrada/install.php' not found or unable to stat
[Thu Feb 05 03:54:29.384425 2026] [php:error] [pid 778] [client 20.196.205.229:0] script '/domains/nostrada/OK.php' not found or unable to stat
[Thu Feb 05 03:54:30.212889 2026] [php:error] [pid 778] [client 20.196.205.229:0] script '/domains/nostrada/aksinet.php' not found or unable to stat
[Thu Feb 05 03:54:30.399845 2026] [php:error] [pid 778] [client 20.196.205.229:0] script '/domains/nostrada/error.php' not found or unable to stat
[Thu Feb 05 03:54:30.583083 2026] [php:error] [pid 778] [client 20.196.205.229:0] script '/domains/nostrada/class-IXR-encryption.php' not found or unable to stat
[Thu Feb 05 03:54:30.794705 2026] [php:error] [pid 778] [client 20.196.205.229:0] script '/domains/nostrada/sim.php' not found or unable to stat
[Thu Feb 05 03:54:30.977217 2026] [php:error] [pid 778] [client 20.196.205.229:0] script '/domains/nostrada/cron.php' not found or unable to stat
[Thu Feb 05 03:54:31.159752 2026] [php:error] [pid 778] [client 20.196.205.229:0] script '/domains/nostrada/s.php' not found or unable to stat
[Thu Feb 05 03:54:31.384648 2026] [php:error] [pid 778] [client 20.196.205.229:0] script '/domains/nostrada/colour.php' not found or unable to stat
[Thu Feb 05 03:54:31.580093 2026] [php:error] [pid 778] [client 20.196.205.229:0] script '/domains/nostrada/autoload_classmap.php' not found or unable to stat
[Thu Feb 05 03:54:31.779641 2026] [php:error] [pid 778] [client 20.196.205.229:0] script '/domains/nostrada/ae.php' not found or unable to stat
[Thu Feb 05 03:54:31.964518 2026] [php:error] [pid 778] [client 20.196.205.229:0] script '/domains/nostrada/cadastro-2.php' not found or unable to stat
[Thu Feb 05 03:54:32.153361 2026] [php:error] [pid 778] [client 20.196.205.229:0] script '/domains/nostrada/c99.php' not found or unable to stat
[Thu Feb 05 03:54:32.750886 2026] [php:error] [pid 778] [client 20.196.205.229:0] script '/domains/nostrada/bak.php' not found or unable to stat
[Thu Feb 05 03:54:32.959271 2026] [php:error] [pid 778] [client 20.196.205.229:0] script '/domains/nostrada/manager.php' not found or unable to stat
[Thu Feb 05 03:54:33.158250 2026] [php:error] [pid 778] [client 20.196.205.229:0] script '/domains/nostrada/colors.php' not found or unable to stat
[Thu Feb 05 03:54:33.344602 2026] [php:error] [pid 778] [client 20.196.205.229:0] script '/domains/nostrada/4price.php' not found or unable to stat
[Thu Feb 05 03:54:33.527086 2026] [php:error] [pid 778] [client 20.196.205.229:0] script '/domains/nostrada/inc.php' not found or unable to stat
[Thu Feb 05 03:54:33.915195 2026] [php:error] [pid 778] [client 20.196.205.229:0] script '/domains/nostrada/curl.php' not found or unable to stat
[Thu Feb 05 03:54:34.125123 2026] [php:error] [pid 778] [client 20.196.205.229:0] script '/domains/nostrada/jquery.php' not found or unable to stat
[Thu Feb 05 03:54:34.369177 2026] [php:error] [pid 778] [client 20.196.205.229:0] script '/domains/nostrada/f35.php' not found or unable to stat
[Thu Feb 05 03:54:34.551855 2026] [php:error] [pid 778] [client 20.196.205.229:0] script '/domains/nostrada/log.php' not found or unable to stat
[Thu Feb 05 03:54:34.927886 2026] [php:error] [pid 778] [client 20.196.205.229:0] script '/domains/nostrada/csv.php' not found or unable to stat
[Thu Feb 05 03:54:35.110785 2026] [php:error] [pid 778] [client 20.196.205.229:0] script '/domains/nostrada/alfa-rex.php' not found or unable to stat
[Thu Feb 05 03:54:35.293404 2026] [php:error] [pid 778] [client 20.196.205.229:0] script '/domains/nostrada/getid3-core.php' not found or unable to stat
[Thu Feb 05 03:54:36.128933 2026] [php:error] [pid 778] [client 20.196.205.229:0] script '/domains/nostrada/amaxx.php' not found or unable to stat
[Thu Feb 05 03:54:36.680319 2026] [php:error] [pid 778] [client 20.196.205.229:0] script '/domains/nostrada/headerg.php' not found or unable to stat
[Thu Feb 05 03:54:36.863131 2026] [php:error] [pid 778] [client 20.196.205.229:0] script '/domains/nostrada/c.php' not found or unable to stat
[Thu Feb 05 03:54:37.046038 2026] [php:error] [pid 778] [client 20.196.205.229:0] script '/domains/nostrada/settings.php' not found or unable to stat
[Thu Feb 05 03:54:37.422787 2026] [php:error] [pid 778] [client 20.196.205.229:0] script '/domains/nostrada/02.php' not found or unable to stat
[Thu Feb 05 03:54:37.605478 2026] [php:error] [pid 778] [client 20.196.205.229:0] script '/domains/nostrada/24.php' not found or unable to stat
[Thu Feb 05 03:54:37.799333 2026] [php:error] [pid 778] [client 20.196.205.229:0] script '/domains/nostrada/exif.php' not found or unable to stat
[Thu Feb 05 03:54:37.982378 2026] [php:error] [pid 778] [client 20.196.205.229:0] script '/domains/nostrada/class-IXR-base64-view.php' not found or unable to stat
[Thu Feb 05 03:54:38.168479 2026] [php:error] [pid 778] [client 20.196.205.229:0] script '/domains/nostrada/wp_wol.php' not found or unable to stat
[Thu Feb 05 03:54:38.351752 2026] [php:error] [pid 778] [client 20.196.205.229:0] script '/domains/nostrada/v4.php' not found or unable to stat
[Thu Feb 05 03:54:38.534496 2026] [php:error] [pid 778] [client 20.196.205.229:0] script '/domains/nostrada/BIBIL_0DAY.php' not found or unable to stat
[Thu Feb 05 03:54:38.717390 2026] [php:error] [pid 778] [client 20.196.205.229:0] script '/domains/nostrada/w.php' not found or unable to stat
[Thu Feb 05 03:54:38.899977 2026] [php:error] [pid 778] [client 20.196.205.229:0] script '/domains/nostrada/cd.php' not found or unable to stat
[Thu Feb 05 03:54:39.458467 2026] [php:error] [pid 778] [client 20.196.205.229:0] script '/domains/nostrada/gecko-new.php.1' not found or unable to stat
[Thu Feb 05 03:54:39.667756 2026] [php:error] [pid 778] [client 20.196.205.229:0] script '/domains/nostrada/ioxi-o.php' not found or unable to stat
[Thu Feb 05 03:54:39.852816 2026] [php:error] [pid 778] [client 20.196.205.229:0] script '/domains/nostrada/admin-ajax.php' not found or unable to stat
[Thu Feb 05 03:54:40.036420 2026] [php:error] [pid 778] [client 20.196.205.229:0] script '/domains/nostrada/wander.php' not found or unable to stat
[Thu Feb 05 03:54:40.220125 2026] [php:error] [pid 778] [client 20.196.205.229:0] script '/domains/nostrada/dav.php' not found or unable to stat
[Thu Feb 05 03:54:41.242284 2026] [php:error] [pid 778] [client 20.196.205.229:0] script '/domains/nostrada/special.php' not found or unable to stat
[Thu Feb 05 03:56:23.617112 2026] [php:error] [pid 815] [client 20.78.169.245:0] script '/domains/bels/rip.php' not found or unable to stat
[Thu Feb 05 03:56:23.792202 2026] [php:error] [pid 815] [client 20.78.169.245:0] script '/domains/bels/about.php' not found or unable to stat
[Thu Feb 05 03:56:24.348552 2026] [php:error] [pid 815] [client 20.78.169.245:0] script '/domains/bels/admin.php' not found or unable to stat
[Thu Feb 05 03:56:24.523995 2026] [php:error] [pid 815] [client 20.78.169.245:0] script '/domains/bels/adminfuns.php' not found or unable to stat
[Thu Feb 05 03:56:25.071106 2026] [php:error] [pid 815] [client 20.78.169.245:0] script '/domains/bels/goods.php' not found or unable to stat
[Thu Feb 05 03:56:25.245395 2026] [php:error] [pid 815] [client 20.78.169.245:0] script '/domains/bels/sf.php' not found or unable to stat
[Thu Feb 05 03:56:26.857560 2026] [php:error] [pid 815] [client 20.78.169.245:0] script '/domains/bels/222.php' not found or unable to stat
[Thu Feb 05 03:56:27.087050 2026] [php:error] [pid 815] [client 20.78.169.245:0] script '/domains/bels/abcd.php' not found or unable to stat
[Thu Feb 05 03:56:27.278146 2026] [php:error] [pid 815] [client 20.78.169.245:0] script '/domains/bels/class-t.api.php' not found or unable to stat
[Thu Feb 05 03:56:27.460284 2026] [php:error] [pid 815] [client 20.78.169.245:0] script '/domains/bels/classwithtostring.php' not found or unable to stat
[Thu Feb 05 03:56:27.655733 2026] [php:error] [pid 815] [client 20.78.169.245:0] script '/domains/bels/file.php' not found or unable to stat
[Thu Feb 05 03:56:27.831211 2026] [php:error] [pid 815] [client 20.78.169.245:0] script '/domains/bels/info.php' not found or unable to stat
[Thu Feb 05 03:56:29.256171 2026] [php:error] [pid 815] [client 20.78.169.245:0] script '/domains/bels/wp-good.php' not found or unable to stat
[Thu Feb 05 03:56:53.268923 2026] [php:error] [pid 819] [client 4.213.174.69:0] script '/domains/pauljbrock/file.php' not found or unable to stat
[Thu Feb 05 03:56:53.535659 2026] [php:error] [pid 819] [client 4.213.174.69:0] script '/domains/pauljbrock/class-db.php' not found or unable to stat
[Thu Feb 05 03:56:53.759770 2026] [php:error] [pid 819] [client 4.213.174.69:0] script '/domains/pauljbrock/27.php' not found or unable to stat
[Thu Feb 05 03:56:53.976078 2026] [php:error] [pid 819] [client 4.213.174.69:0] script '/domains/pauljbrock/ws64.php' not found or unable to stat
[Thu Feb 05 03:56:54.190497 2026] [php:error] [pid 819] [client 4.213.174.69:0] script '/domains/pauljbrock/bay11.php' not found or unable to stat
[Thu Feb 05 03:56:54.406286 2026] [php:error] [pid 819] [client 4.213.174.69:0] script '/domains/pauljbrock/41.php' not found or unable to stat
[Thu Feb 05 03:56:54.635517 2026] [php:error] [pid 819] [client 4.213.174.69:0] script '/domains/pauljbrock/zc-845.php' not found or unable to stat
[Thu Feb 05 03:56:54.849269 2026] [php:error] [pid 819] [client 4.213.174.69:0] script '/domains/pauljbrock/wsdxoeas.php' not found or unable to stat
[Thu Feb 05 03:56:55.086161 2026] [php:error] [pid 819] [client 4.213.174.69:0] script '/domains/pauljbrock/ww.php' not found or unable to stat
[Thu Feb 05 03:56:55.299796 2026] [php:error] [pid 819] [client 4.213.174.69:0] script '/domains/pauljbrock/mode.php' not found or unable to stat
[Thu Feb 05 03:56:55.544355 2026] [php:error] [pid 819] [client 4.213.174.69:0] script '/domains/pauljbrock/editor.php' not found or unable to stat
[Thu Feb 05 03:56:55.981373 2026] [php:error] [pid 819] [client 4.213.174.69:0] script '/domains/pauljbrock/star.php' not found or unable to stat
[Thu Feb 05 03:56:56.198824 2026] [php:error] [pid 819] [client 4.213.174.69:0] script '/domains/pauljbrock/yas.php' not found or unable to stat
[Thu Feb 05 03:56:56.412996 2026] [php:error] [pid 819] [client 4.213.174.69:0] script '/domains/pauljbrock/timocra.php' not found or unable to stat
[Thu Feb 05 03:56:56.654489 2026] [php:error] [pid 819] [client 4.213.174.69:0] script '/domains/pauljbrock/lock1.php' not found or unable to stat
[Thu Feb 05 03:56:56.867888 2026] [php:error] [pid 819] [client 4.213.174.69:0] script '/domains/pauljbrock/content.php' not found or unable to stat
[Thu Feb 05 03:56:57.081200 2026] [php:error] [pid 819] [client 4.213.174.69:0] script '/domains/pauljbrock/atomlib.php' not found or unable to stat
[Thu Feb 05 03:56:57.296882 2026] [php:error] [pid 819] [client 4.213.174.69:0] script '/domains/pauljbrock/wp-good.php' not found or unable to stat
[Thu Feb 05 03:56:57.512726 2026] [php:error] [pid 819] [client 4.213.174.69:0] script '/domains/pauljbrock/1.php' not found or unable to stat
[Thu Feb 05 03:56:57.948423 2026] [php:error] [pid 819] [client 4.213.174.69:0] script '/domains/pauljbrock/muzu.php' not found or unable to stat
[Thu Feb 05 03:56:58.589991 2026] [php:error] [pid 819] [client 4.213.174.69:0] script '/domains/pauljbrock/wp-shirei.php' not found or unable to stat
[Thu Feb 05 03:56:58.819281 2026] [php:error] [pid 819] [client 4.213.174.69:0] script '/domains/pauljbrock/hlonk.php' not found or unable to stat
[Thu Feb 05 03:56:59.046169 2026] [php:error] [pid 819] [client 4.213.174.69:0] script '/domains/pauljbrock/ova.php' not found or unable to stat
[Thu Feb 05 03:56:59.270653 2026] [php:error] [pid 819] [client 4.213.174.69:0] script '/domains/pauljbrock/as.php' not found or unable to stat
[Thu Feb 05 03:56:59.485350 2026] [php:error] [pid 819] [client 4.213.174.69:0] script '/domains/pauljbrock/ioxi-o.php' not found or unable to stat
[Thu Feb 05 03:56:59.718729 2026] [php:error] [pid 819] [client 4.213.174.69:0] script '/domains/pauljbrock/ar.php' not found or unable to stat
[Thu Feb 05 03:56:59.934145 2026] [php:error] [pid 819] [client 4.213.174.69:0] script '/domains/pauljbrock/html.php' not found or unable to stat
[Thu Feb 05 03:57:00.147582 2026] [php:error] [pid 819] [client 4.213.174.69:0] script '/domains/pauljbrock/htio.php' not found or unable to stat
[Thu Feb 05 03:57:00.396336 2026] [php:error] [pid 819] [client 4.213.174.69:0] script '/domains/pauljbrock/xy.php' not found or unable to stat
[Thu Feb 05 03:57:00.617506 2026] [php:error] [pid 819] [client 4.213.174.69:0] script '/domains/pauljbrock/abc.php' not found or unable to stat
[Thu Feb 05 03:57:01.070227 2026] [php:error] [pid 819] [client 4.213.174.69:0] script '/domains/pauljbrock/403.php' not found or unable to stat
[Thu Feb 05 03:57:02.832057 2026] [php:error] [pid 819] [client 4.213.174.69:0] script '/domains/pauljbrock/buy.php' not found or unable to stat
[Thu Feb 05 03:57:03.267221 2026] [php:error] [pid 819] [client 4.213.174.69:0] script '/domains/pauljbrock/gtc.php' not found or unable to stat
[Thu Feb 05 03:57:03.485853 2026] [php:error] [pid 819] [client 4.213.174.69:0] script '/domains/pauljbrock/mk.php' not found or unable to stat
[Thu Feb 05 03:57:03.700207 2026] [php:error] [pid 819] [client 4.213.174.69:0] script '/domains/pauljbrock/wp-tot.php' not found or unable to stat
[Thu Feb 05 03:57:03.914454 2026] [php:error] [pid 819] [client 4.213.174.69:0] script '/domains/pauljbrock/gifclass.php' not found or unable to stat
[Thu Feb 05 03:57:04.128371 2026] [php:error] [pid 819] [client 4.213.174.69:0] script '/domains/pauljbrock/33.php' not found or unable to stat
[Thu Feb 05 03:57:05.096927 2026] [php:error] [pid 819] [client 4.213.174.69:0] script '/domains/pauljbrock/acxx.php' not found or unable to stat
[Thu Feb 05 03:57:05.310310 2026] [php:error] [pid 819] [client 4.213.174.69:0] script '/domains/pauljbrock/cah.php' not found or unable to stat
[Thu Feb 05 03:57:05.536076 2026] [php:error] [pid 819] [client 4.213.174.69:0] script '/domains/pauljbrock/gg.php' not found or unable to stat
[Thu Feb 05 03:57:05.965852 2026] [php:error] [pid 819] [client 4.213.174.69:0] script '/domains/pauljbrock/x7.php' not found or unable to stat
[Thu Feb 05 03:57:06.890580 2026] [php:error] [pid 819] [client 4.213.174.69:0] script '/domains/pauljbrock/wsd.php' not found or unable to stat
[Thu Feb 05 03:57:07.508313 2026] [php:error] [pid 822] [client 145.239.10.137:0] script '/domains/system_cancel/dddd.php' not found or unable to stat, referer: http://1pbs.net/dddd.php
[Thu Feb 05 03:57:08.007731 2026] [php:error] [pid 819] [client 4.213.174.69:0] script '/domains/pauljbrock/panel.php' not found or unable to stat
[Thu Feb 05 03:57:08.991001 2026] [php:error] [pid 819] [client 4.213.174.69:0] script '/domains/pauljbrock/ty.php' not found or unable to stat
[Thu Feb 05 03:57:09.204350 2026] [php:error] [pid 819] [client 4.213.174.69:0] script '/domains/pauljbrock/rzki.php' not found or unable to stat
[Thu Feb 05 03:57:09.417678 2026] [php:error] [pid 819] [client 4.213.174.69:0] script '/domains/pauljbrock/zfile.php' not found or unable to stat
[Thu Feb 05 03:57:09.638074 2026] [php:error] [pid 819] [client 4.213.174.69:0] script '/domains/pauljbrock/yasnu.php' not found or unable to stat
[Thu Feb 05 03:57:09.860188 2026] [php:error] [pid 819] [client 4.213.174.69:0] script '/domains/pauljbrock/bs2.php' not found or unable to stat
[Thu Feb 05 03:57:10.074286 2026] [php:error] [pid 819] [client 4.213.174.69:0] script '/domains/pauljbrock/wp-load.php' not found or unable to stat
[Thu Feb 05 03:57:11.507106 2026] [php:error] [pid 819] [client 4.213.174.69:0] script '/domains/pauljbrock/cwclass.php' not found or unable to stat
[Thu Feb 05 03:57:11.723697 2026] [php:error] [pid 819] [client 4.213.174.69:0] script '/domains/pauljbrock/class.php' not found or unable to stat
[Thu Feb 05 03:57:11.944725 2026] [php:error] [pid 819] [client 4.213.174.69:0] script '/domains/pauljbrock/a2.php' not found or unable to stat
[Thu Feb 05 03:57:12.158311 2026] [php:error] [pid 819] [client 4.213.174.69:0] script '/domains/pauljbrock/503.php' not found or unable to stat
[Thu Feb 05 03:57:13.514128 2026] [php:error] [pid 819] [client 4.213.174.69:0] script '/domains/pauljbrock/wp-ann.php' not found or unable to stat
[Thu Feb 05 03:57:13.731077 2026] [php:error] [pid 819] [client 4.213.174.69:0] script '/domains/pauljbrock/xmrlpc.php' not found or unable to stat
[Thu Feb 05 03:57:13.946260 2026] [php:error] [pid 819] [client 4.213.174.69:0] script '/domains/pauljbrock/yawa.php' not found or unable to stat
[Thu Feb 05 03:57:14.165309 2026] [php:error] [pid 819] [client 4.213.174.69:0] script '/domains/pauljbrock/environment.php' not found or unable to stat
[Thu Feb 05 03:57:14.380190 2026] [php:error] [pid 819] [client 4.213.174.69:0] script '/domains/pauljbrock/indeex.php' not found or unable to stat
[Thu Feb 05 03:57:14.593860 2026] [php:error] [pid 819] [client 4.213.174.69:0] script '/domains/pauljbrock/custom-background.php' not found or unable to stat
[Thu Feb 05 03:57:14.808357 2026] [php:error] [pid 819] [client 4.213.174.69:0] script '/domains/pauljbrock/ziwopudm.php' not found or unable to stat
[Thu Feb 05 03:57:15.064691 2026] [php:error] [pid 819] [client 4.213.174.69:0] script '/domains/pauljbrock/fileupload.php' not found or unable to stat
[Thu Feb 05 03:57:15.278490 2026] [php:error] [pid 819] [client 4.213.174.69:0] script '/domains/pauljbrock/alfa-rex.php' not found or unable to stat
[Thu Feb 05 03:57:15.532093 2026] [php:error] [pid 819] [client 4.213.174.69:0] script '/domains/pauljbrock/yanz.php' not found or unable to stat
[Thu Feb 05 03:57:17.241018 2026] [php:error] [pid 819] [client 4.213.174.69:0] script '/domains/pauljbrock/class19.php' not found or unable to stat
[Thu Feb 05 03:57:17.454432 2026] [php:error] [pid 819] [client 4.213.174.69:0] script '/domains/pauljbrock/asasx.php' not found or unable to stat
[Thu Feb 05 03:57:17.669184 2026] [php:error] [pid 819] [client 4.213.174.69:0] script '/domains/pauljbrock/cczkdmdy.php' not found or unable to stat
[Thu Feb 05 03:57:17.882885 2026] [php:error] [pid 819] [client 4.213.174.69:0] script '/domains/pauljbrock/wbbw.php' not found or unable to stat
[Thu Feb 05 03:57:18.096804 2026] [php:error] [pid 819] [client 4.213.174.69:0] script '/domains/pauljbrock/item.php' not found or unable to stat
[Thu Feb 05 03:57:18.322621 2026] [php:error] [pid 819] [client 4.213.174.69:0] script '/domains/pauljbrock/alfashell.php' not found or unable to stat
[Thu Feb 05 03:57:19.052769 2026] [php:error] [pid 819] [client 4.213.174.69:0] script '/domains/pauljbrock/akcc.php' not found or unable to stat
[Thu Feb 05 03:57:19.268008 2026] [php:error] [pid 819] [client 4.213.174.69:0] script '/domains/pauljbrock/aboutc.php' not found or unable to stat
[Thu Feb 05 03:57:19.481278 2026] [php:error] [pid 819] [client 4.213.174.69:0] script '/domains/pauljbrock/ccou.php' not found or unable to stat
[Thu Feb 05 03:57:19.698924 2026] [php:error] [pid 819] [client 4.213.174.69:0] script '/domains/pauljbrock/oo.php' not found or unable to stat
[Thu Feb 05 03:57:20.148051 2026] [php:error] [pid 819] [client 4.213.174.69:0] script '/domains/pauljbrock/okxh.php' not found or unable to stat
[Thu Feb 05 03:57:20.363228 2026] [php:error] [pid 819] [client 4.213.174.69:0] script '/domains/pauljbrock/log.php' not found or unable to stat
[Thu Feb 05 03:57:20.595919 2026] [php:error] [pid 819] [client 4.213.174.69:0] script '/domains/pauljbrock/gettest.php' not found or unable to stat
[Thu Feb 05 03:57:21.339521 2026] [php:error] [pid 819] [client 4.213.174.69:0] script '/domains/pauljbrock/set.php' not found or unable to stat
[Thu Feb 05 03:57:21.553257 2026] [php:error] [pid 819] [client 4.213.174.69:0] script '/domains/pauljbrock/ioxi.php' not found or unable to stat
[Thu Feb 05 03:57:22.206951 2026] [php:error] [pid 819] [client 4.213.174.69:0] script '/domains/pauljbrock/living.php' not found or unable to stat
[Thu Feb 05 03:57:22.610968 2026] [php:error] [pid 819] [client 4.213.174.69:0] script '/domains/pauljbrock/elp.php' not found or unable to stat
[Thu Feb 05 03:57:22.826120 2026] [php:error] [pid 819] [client 4.213.174.69:0] script '/domains/pauljbrock/dev1s.php' not found or unable to stat
[Thu Feb 05 03:57:23.039906 2026] [php:error] [pid 819] [client 4.213.174.69:0] script '/domains/pauljbrock/az.php' not found or unable to stat
[Thu Feb 05 03:57:23.254013 2026] [php:error] [pid 819] [client 4.213.174.69:0] script '/domains/pauljbrock/yaiid.php' not found or unable to stat
[Thu Feb 05 03:57:23.506441 2026] [php:error] [pid 819] [client 4.213.174.69:0] script '/domains/pauljbrock/siteheads.php' not found or unable to stat
[Thu Feb 05 03:57:23.727805 2026] [php:error] [pid 819] [client 4.213.174.69:0] script '/domains/pauljbrock/zzxy.php' not found or unable to stat
[Thu Feb 05 03:57:23.942040 2026] [php:error] [pid 819] [client 4.213.174.69:0] script '/domains/pauljbrock/about.php' not found or unable to stat
[Thu Feb 05 03:57:25.627454 2026] [php:error] [pid 823] [client 4.213.174.69:0] script '/domains/pauljbrock/revision.php' not found or unable to stat
[Thu Feb 05 03:57:25.870016 2026] [php:error] [pid 823] [client 4.213.174.69:0] script '/domains/pauljbrock/abcd.php' not found or unable to stat
[Thu Feb 05 03:57:26.144642 2026] [php:error] [pid 823] [client 4.213.174.69:0] script '/domains/pauljbrock/wp-4doption1.php' not found or unable to stat
[Thu Feb 05 03:57:27.259590 2026] [php:error] [pid 823] [client 4.213.174.69:0] script '/domains/pauljbrock/kdgok.php' not found or unable to stat
[Thu Feb 05 03:57:27.505260 2026] [php:error] [pid 823] [client 4.213.174.69:0] script '/domains/pauljbrock/wp-themes.php' not found or unable to stat
[Thu Feb 05 03:57:27.755213 2026] [php:error] [pid 823] [client 4.213.174.69:0] script '/domains/pauljbrock/backup.php' not found or unable to stat
[Thu Feb 05 03:57:28.240444 2026] [php:error] [pid 823] [client 4.213.174.69:0] script '/domains/pauljbrock/dropdown.php' not found or unable to stat
[Thu Feb 05 03:57:28.484267 2026] [php:error] [pid 823] [client 4.213.174.69:0] script '/domains/pauljbrock/sx.php' not found or unable to stat
[Thu Feb 05 03:57:28.967201 2026] [php:error] [pid 823] [client 4.213.174.69:0] script '/domains/pauljbrock/wp-site.php' not found or unable to stat
[Thu Feb 05 03:57:29.372353 2026] [php:error] [pid 823] [client 4.213.174.69:0] script '/domains/pauljbrock/fck.php' not found or unable to stat
[Thu Feb 05 03:57:29.615242 2026] [php:error] [pid 823] [client 4.213.174.69:0] script '/domains/pauljbrock/zr.php' not found or unable to stat
[Thu Feb 05 03:57:29.862733 2026] [php:error] [pid 823] [client 4.213.174.69:0] script '/domains/pauljbrock/12.php' not found or unable to stat
[Thu Feb 05 03:57:30.105045 2026] [php:error] [pid 823] [client 4.213.174.69:0] script '/domains/pauljbrock/hilk.php' not found or unable to stat
[Thu Feb 05 03:57:30.596621 2026] [php:error] [pid 823] [client 4.213.174.69:0] script '/domains/pauljbrock/baixy.php' not found or unable to stat
[Thu Feb 05 03:57:31.080464 2026] [php:error] [pid 823] [client 4.213.174.69:0] script '/domains/pauljbrock/wen.php' not found or unable to stat
[Thu Feb 05 03:57:31.699084 2026] [php:error] [pid 823] [client 4.213.174.69:0] script '/domains/pauljbrock/docs.php' not found or unable to stat
[Thu Feb 05 03:57:31.942228 2026] [php:error] [pid 823] [client 4.213.174.69:0] script '/domains/pauljbrock/000.php' not found or unable to stat
[Thu Feb 05 03:57:32.187348 2026] [php:error] [pid 823] [client 4.213.174.69:0] script '/domains/pauljbrock/bgymj.php' not found or unable to stat
[Thu Feb 05 03:57:32.443587 2026] [php:error] [pid 823] [client 4.213.174.69:0] script '/domains/pauljbrock/0x.php' not found or unable to stat
[Thu Feb 05 03:57:33.202438 2026] [php:error] [pid 823] [client 4.213.174.69:0] script '/domains/pauljbrock/wp-ait.php' not found or unable to stat
[Thu Feb 05 03:57:33.444441 2026] [php:error] [pid 823] [client 4.213.174.69:0] script '/domains/pauljbrock/test1.php' not found or unable to stat
[Thu Feb 05 03:57:33.699804 2026] [php:error] [pid 823] [client 4.213.174.69:0] script '/domains/pauljbrock/dex.php' not found or unable to stat
[Thu Feb 05 03:57:33.943643 2026] [php:error] [pid 823] [client 4.213.174.69:0] script '/domains/pauljbrock/xxm.php' not found or unable to stat
[Thu Feb 05 03:57:34.185128 2026] [php:error] [pid 823] [client 4.213.174.69:0] script '/domains/pauljbrock/size.php' not found or unable to stat
[Thu Feb 05 03:57:34.444020 2026] [php:error] [pid 823] [client 4.213.174.69:0] script '/domains/pauljbrock/wb.php' not found or unable to stat
