[Mon Feb 02 12:38:00.401566 2026] [php:error] [pid 32780] [client 45.148.10.244:0] script '/domains/thuebner/server-info.php' not found or unable to stat
[Mon Feb 02 12:38:00.419353 2026] [php:error] [pid 32747] [client 20.205.123.172:0] script '/domains/fairlane1/themes.php' not found or unable to stat
[Mon Feb 02 12:38:01.065710 2026] [php:error] [pid 32747] [client 20.205.123.172:0] script '/domains/fairlane1/click.php' not found or unable to stat
[Mon Feb 02 12:38:01.306696 2026] [php:error] [pid 32747] [client 20.205.123.172:0] script '/domains/fairlane1/install.php' not found or unable to stat
[Mon Feb 02 12:38:01.516571 2026] [php:error] [pid 32747] [client 20.205.123.172:0] script '/domains/fairlane1/lv.php' not found or unable to stat
[Mon Feb 02 12:38:01.732191 2026] [php:error] [pid 32747] [client 20.205.123.172:0] script '/domains/fairlane1/simple.php' not found or unable to stat
[Mon Feb 02 12:38:01.959320 2026] [php:error] [pid 32747] [client 20.205.123.172:0] script '/domains/fairlane1/css.php' not found or unable to stat
[Mon Feb 02 12:38:02.170403 2026] [php:error] [pid 32747] [client 20.205.123.172:0] script '/domains/fairlane1/cong.php' not found or unable to stat
[Mon Feb 02 12:38:02.608176 2026] [php:error] [pid 32747] [client 20.205.123.172:0] script '/domains/fairlane1/cong.php' not found or unable to stat
[Mon Feb 02 12:38:02.820273 2026] [php:error] [pid 32747] [client 20.205.123.172:0] script '/domains/fairlane1/w.php' not found or unable to stat
[Mon Feb 02 12:38:03.032081 2026] [php:error] [pid 32747] [client 20.205.123.172:0] script '/domains/fairlane1/404.php' not found or unable to stat
[Mon Feb 02 12:38:03.249125 2026] [php:error] [pid 32747] [client 20.205.123.172:0] script '/domains/fairlane1/0x.php' not found or unable to stat
[Mon Feb 02 12:38:03.473960 2026] [php:error] [pid 32747] [client 20.205.123.172:0] script '/domains/fairlane1/css.php' not found or unable to stat
[Mon Feb 02 12:38:03.694272 2026] [php:error] [pid 32747] [client 20.205.123.172:0] script '/domains/fairlane1/222.php' not found or unable to stat
[Mon Feb 02 12:38:04.132981 2026] [php:error] [pid 32747] [client 20.205.123.172:0] script '/domains/fairlane1/admin.php' not found or unable to stat
[Mon Feb 02 12:38:04.735477 2026] [php:error] [pid 32747] [client 20.205.123.172:0] script '/domains/fairlane1/classwithtostring.php' not found or unable to stat
[Mon Feb 02 12:38:04.949599 2026] [php:error] [pid 32747] [client 20.205.123.172:0] script '/domains/fairlane1/abcd.php' not found or unable to stat
[Mon Feb 02 12:38:05.168552 2026] [php:error] [pid 32747] [client 20.205.123.172:0] script '/domains/fairlane1/autoload_classmap.php' not found or unable to stat
[Mon Feb 02 12:38:05.378922 2026] [php:error] [pid 32747] [client 20.205.123.172:0] script '/domains/fairlane1/inputs.php' not found or unable to stat
[Mon Feb 02 12:38:05.598289 2026] [php:error] [pid 32747] [client 20.205.123.172:0] script '/domains/fairlane1/about.php' not found or unable to stat
[Mon Feb 02 12:38:05.811968 2026] [php:error] [pid 32747] [client 20.205.123.172:0] script '/domains/fairlane1/alfa.php' not found or unable to stat
[Mon Feb 02 12:38:07.564302 2026] [php:error] [pid 32747] [client 20.205.123.172:0] script '/domains/fairlane1/manager.php' not found or unable to stat
[Mon Feb 02 12:38:07.782896 2026] [php:error] [pid 32747] [client 20.205.123.172:0] script '/domains/fairlane1/item.php' not found or unable to stat
[Mon Feb 02 12:38:08.457098 2026] [php:error] [pid 32747] [client 20.205.123.172:0] script '/domains/fairlane1/404.php' not found or unable to stat
[Mon Feb 02 12:38:09.049731 2026] [php:error] [pid 32747] [client 20.205.123.172:0] script '/domains/fairlane1/mail.php' not found or unable to stat
[Mon Feb 02 12:38:09.471549 2026] [php:error] [pid 32747] [client 20.205.123.172:0] script '/domains/fairlane1/sx.php' not found or unable to stat
[Mon Feb 02 12:38:10.081755 2026] [php:error] [pid 32765] [client 4.217.217.16:0] script '/domains/system_suspended/166.php' not found or unable to stat
[Mon Feb 02 12:38:10.262848 2026] [php:error] [pid 32765] [client 4.217.217.16:0] script '/domains/system_suspended/2026.php' not found or unable to stat
[Mon Feb 02 12:38:10.309721 2026] [php:error] [pid 32747] [client 20.205.123.172:0] script '/domains/fairlane1/alfa.php' not found or unable to stat
[Mon Feb 02 12:38:10.443566 2026] [php:error] [pid 32765] [client 4.217.217.16:0] script '/domains/system_suspended/muzu.php' not found or unable to stat
[Mon Feb 02 12:38:10.624227 2026] [php:error] [pid 32765] [client 4.217.217.16:0] script '/domains/system_suspended/reze.php' not found or unable to stat
[Mon Feb 02 12:38:10.805629 2026] [php:error] [pid 32765] [client 4.217.217.16:0] script '/domains/system_suspended/jsond.php' not found or unable to stat
[Mon Feb 02 12:38:10.986709 2026] [php:error] [pid 32765] [client 4.217.217.16:0] script '/domains/system_suspended/x7.php' not found or unable to stat
[Mon Feb 02 12:38:11.007636 2026] [php:error] [pid 32747] [client 20.205.123.172:0] script '/domains/fairlane1/1.php' not found or unable to stat
[Mon Feb 02 12:38:11.167237 2026] [php:error] [pid 32765] [client 4.217.217.16:0] script '/domains/system_suspended/bgymj.php' not found or unable to stat
[Mon Feb 02 12:38:11.268677 2026] [php:error] [pid 32747] [client 20.205.123.172:0] script '/domains/fairlane1/byp.php' not found or unable to stat
[Mon Feb 02 12:38:11.349416 2026] [php:error] [pid 32765] [client 4.217.217.16:0] script '/domains/system_suspended/lala.php' not found or unable to stat
[Mon Feb 02 12:38:11.479548 2026] [php:error] [pid 32747] [client 20.205.123.172:0] script '/domains/fairlane1/wp-trackback.php' not found or unable to stat
[Mon Feb 02 12:38:11.530059 2026] [php:error] [pid 32765] [client 4.217.217.16:0] script '/domains/system_suspended/8xyz.php' not found or unable to stat
[Mon Feb 02 12:38:11.710470 2026] [php:error] [pid 32765] [client 4.217.217.16:0] script '/domains/system_suspended/wsd.php' not found or unable to stat
[Mon Feb 02 12:38:12.072775 2026] [php:error] [pid 32765] [client 4.217.217.16:0] script '/domains/system_suspended/la.php' not found or unable to stat
[Mon Feb 02 12:38:12.256346 2026] [php:error] [pid 32765] [client 4.217.217.16:0] script '/domains/system_suspended/Wp-good.php' not found or unable to stat
[Mon Feb 02 12:38:12.437491 2026] [php:error] [pid 32765] [client 4.217.217.16:0] script '/domains/system_suspended/tphp.php' not found or unable to stat
[Mon Feb 02 12:38:12.618074 2026] [php:error] [pid 32765] [client 4.217.217.16:0] script '/domains/system_suspended/a1.php' not found or unable to stat
[Mon Feb 02 12:38:12.739189 2026] [php:error] [pid 32747] [client 20.205.123.172:0] script '/domains/fairlane1/gmo.php' not found or unable to stat
[Mon Feb 02 12:38:12.798642 2026] [php:error] [pid 32765] [client 4.217.217.16:0] script '/domains/system_suspended/nyan.php' not found or unable to stat
[Mon Feb 02 12:38:12.979856 2026] [php:error] [pid 32765] [client 4.217.217.16:0] script '/domains/system_suspended/autoload_classmap.php' not found or unable to stat
[Mon Feb 02 12:38:13.160386 2026] [php:error] [pid 32765] [client 4.217.217.16:0] script '/domains/system_suspended/alfa.php' not found or unable to stat
[Mon Feb 02 12:38:13.523377 2026] [php:error] [pid 32765] [client 4.217.217.16:0] script '/domains/system_suspended/luxe.php' not found or unable to stat
[Mon Feb 02 12:38:13.887243 2026] [php:error] [pid 32765] [client 4.217.217.16:0] script '/domains/system_suspended/rezor.php' not found or unable to stat
[Mon Feb 02 12:38:14.068234 2026] [php:error] [pid 32765] [client 4.217.217.16:0] script '/domains/system_suspended/doc.php' not found or unable to stat
[Mon Feb 02 12:38:14.614241 2026] [php:error] [pid 32765] [client 4.217.217.16:0] script '/domains/system_suspended/install.php' not found or unable to stat
[Mon Feb 02 12:38:14.985875 2026] [php:error] [pid 32765] [client 4.217.217.16:0] script '/domains/system_suspended/sto.php' not found or unable to stat
[Mon Feb 02 12:38:15.166608 2026] [php:error] [pid 32765] [client 4.217.217.16:0] script '/domains/system_suspended/x.php' not found or unable to stat
[Mon Feb 02 12:38:15.347482 2026] [php:error] [pid 32765] [client 4.217.217.16:0] script '/domains/system_suspended/test.php' not found or unable to stat
[Mon Feb 02 12:38:15.458663 2026] [php:error] [pid 32747] [client 20.205.123.172:0] script '/domains/fairlane1/ww1.php' not found or unable to stat
[Mon Feb 02 12:38:15.708757 2026] [php:error] [pid 32765] [client 4.217.217.16:0] script '/domains/system_suspended/n3.php' not found or unable to stat
[Mon Feb 02 12:38:16.069779 2026] [php:error] [pid 32765] [client 4.217.217.16:0] script '/domains/system_suspended/o.php' not found or unable to stat
[Mon Feb 02 12:38:16.431142 2026] [php:error] [pid 32765] [client 4.217.217.16:0] script '/domains/system_suspended/class-t.api.php' not found or unable to stat
[Mon Feb 02 12:38:16.795711 2026] [php:error] [pid 32765] [client 4.217.217.16:0] script '/domains/system_suspended/wp.php' not found or unable to stat
[Mon Feb 02 12:38:17.356318 2026] [php:error] [pid 32765] [client 4.217.217.16:0] script '/domains/system_suspended/h.php' not found or unable to stat
[Mon Feb 02 12:38:17.720807 2026] [php:error] [pid 32765] [client 4.217.217.16:0] script '/domains/system_suspended/wrt.php' not found or unable to stat
[Mon Feb 02 12:38:17.775241 2026] [php:error] [pid 32747] [client 20.205.123.172:0] script '/domains/fairlane1/security.php' not found or unable to stat
[Mon Feb 02 12:38:18.444206 2026] [php:error] [pid 32765] [client 4.217.217.16:0] script '/domains/system_suspended/png.php' not found or unable to stat
[Mon Feb 02 12:38:18.805148 2026] [php:error] [pid 32765] [client 4.217.217.16:0] script '/domains/system_suspended/zwso.php' not found or unable to stat
[Mon Feb 02 12:38:19.528437 2026] [php:error] [pid 32765] [client 4.217.217.16:0] script '/domains/system_suspended/ton.php' not found or unable to stat
[Mon Feb 02 12:38:19.709381 2026] [php:error] [pid 32765] [client 4.217.217.16:0] script '/domains/system_suspended/wso.php' not found or unable to stat
[Mon Feb 02 12:38:20.070674 2026] [php:error] [pid 32765] [client 4.217.217.16:0] script '/domains/system_suspended/a2.php' not found or unable to stat
[Mon Feb 02 12:38:20.252649 2026] [php:error] [pid 32765] [client 4.217.217.16:0] script '/domains/system_suspended/shell.php' not found or unable to stat
[Mon Feb 02 12:38:20.614110 2026] [php:error] [pid 32765] [client 4.217.217.16:0] script '/domains/system_suspended/sxo.php' not found or unable to stat
[Mon Feb 02 12:38:21.155636 2026] [php:error] [pid 32765] [client 4.217.217.16:0] script '/domains/system_suspended/mans.php' not found or unable to stat
[Mon Feb 02 12:38:21.339506 2026] [php:error] [pid 32765] [client 4.217.217.16:0] script '/domains/system_suspended/dropdown.php' not found or unable to stat
[Mon Feb 02 12:38:21.353472 2026] [php:error] [pid 32747] [client 20.205.123.172:0] script '/domains/fairlane1/class.php' not found or unable to stat
[Mon Feb 02 12:38:21.661383 2026] [php:error] [pid 32747] [client 20.205.123.172:0] script '/domains/fairlane1/bless5.php' not found or unable to stat
[Mon Feb 02 12:38:21.704179 2026] [php:error] [pid 32765] [client 4.217.217.16:0] script '/domains/system_suspended/ze.php' not found or unable to stat
[Mon Feb 02 12:38:21.885236 2026] [php:error] [pid 32765] [client 4.217.217.16:0] script '/domains/system_suspended/geck.php' not found or unable to stat
[Mon Feb 02 12:38:22.067764 2026] [php:error] [pid 32765] [client 4.217.217.16:0] script '/domains/system_suspended/menu.php' not found or unable to stat
[Mon Feb 02 12:38:22.612854 2026] [php:error] [pid 32765] [client 4.217.217.16:0] script '/domains/system_suspended/flower.php' not found or unable to stat
[Mon Feb 02 12:38:22.793656 2026] [php:error] [pid 32765] [client 4.217.217.16:0] script '/domains/system_suspended/ftp.php' not found or unable to stat
[Mon Feb 02 12:38:22.974404 2026] [php:error] [pid 32765] [client 4.217.217.16:0] script '/domains/system_suspended/mds.php' not found or unable to stat
[Mon Feb 02 12:38:23.155132 2026] [php:error] [pid 32765] [client 4.217.217.16:0] script '/domains/system_suspended/ahax.php' not found or unable to stat
[Mon Feb 02 12:38:23.361036 2026] [php:error] [pid 32747] [client 20.205.123.172:0] script '/domains/fairlane1/lock360.php' not found or unable to stat
[Mon Feb 02 12:38:23.516809 2026] [php:error] [pid 32765] [client 4.217.217.16:0] script '/domains/system_suspended/cool.php' not found or unable to stat
[Mon Feb 02 12:38:23.697501 2026] [php:error] [pid 32765] [client 4.217.217.16:0] script '/domains/system_suspended/gm.php' not found or unable to stat
[Mon Feb 02 12:38:23.878319 2026] [php:error] [pid 32765] [client 4.217.217.16:0] script '/domains/system_suspended/simple.php' not found or unable to stat
[Mon Feb 02 12:38:24.023032 2026] [php:error] [pid 32747] [client 20.205.123.172:0] script '/domains/fairlane1/ioxi-o1.php' not found or unable to stat
[Mon Feb 02 12:38:24.058980 2026] [php:error] [pid 32765] [client 4.217.217.16:0] script '/domains/system_suspended/elp.php' not found or unable to stat
[Mon Feb 02 12:38:24.231667 2026] [php:error] [pid 32747] [client 20.205.123.172:0] script '/domains/fairlane1/juuuu.php' not found or unable to stat
[Mon Feb 02 12:38:24.239854 2026] [php:error] [pid 32765] [client 4.217.217.16:0] script '/domains/system_suspended/bolt.php' not found or unable to stat
[Mon Feb 02 12:38:24.495150 2026] [php:error] [pid 32747] [client 20.205.123.172:0] script '/domains/fairlane1/ha.php' not found or unable to stat
[Mon Feb 02 12:38:24.602446 2026] [php:error] [pid 32765] [client 4.217.217.16:0] script '/domains/system_suspended/inputs.php' not found or unable to stat
[Mon Feb 02 12:38:24.963921 2026] [php:error] [pid 32765] [client 4.217.217.16:0] script '/domains/system_suspended/system.php' not found or unable to stat
[Mon Feb 02 12:38:25.106163 2026] [php:error] [pid 32747] [client 20.205.123.172:0] script '/domains/fairlane1/gg.php' not found or unable to stat
[Mon Feb 02 12:38:25.348287 2026] [php:error] [pid 32747] [client 20.205.123.172:0] script '/domains/fairlane1/we2.php' not found or unable to stat
[Mon Feb 02 12:38:25.589942 2026] [php:error] [pid 32747] [client 20.205.123.172:0] script '/domains/fairlane1/04.php' not found or unable to stat
[Mon Feb 02 12:38:25.686617 2026] [php:error] [pid 32765] [client 4.217.217.16:0] script '/domains/system_suspended/an.php' not found or unable to stat
[Mon Feb 02 12:38:25.797993 2026] [php:error] [pid 32747] [client 20.205.123.172:0] script '/domains/fairlane1/333.php' not found or unable to stat
[Mon Feb 02 12:38:25.868332 2026] [php:error] [pid 32765] [client 4.217.217.16:0] script '/domains/system_suspended/w.php' not found or unable to stat
[Mon Feb 02 12:38:26.018142 2026] [php:error] [pid 32747] [client 20.205.123.172:0] script '/domains/fairlane1/520.php' not found or unable to stat
[Mon Feb 02 12:38:26.048843 2026] [php:error] [pid 32765] [client 4.217.217.16:0] script '/domains/system_suspended/gmo.php' not found or unable to stat
[Mon Feb 02 12:38:26.229582 2026] [php:error] [pid 32765] [client 4.217.217.16:0] script '/domains/system_suspended/gib.php' not found or unable to stat
[Mon Feb 02 12:38:26.242612 2026] [php:error] [pid 32747] [client 20.205.123.172:0] script '/domains/fairlane1/ar.php' not found or unable to stat
[Mon Feb 02 12:38:26.410441 2026] [php:error] [pid 32765] [client 4.217.217.16:0] script '/domains/system_suspended/wp-miiss.php.php' not found or unable to stat
[Mon Feb 02 12:38:26.450858 2026] [php:error] [pid 32747] [client 20.205.123.172:0] script '/domains/fairlane1/x.php' not found or unable to stat
[Mon Feb 02 12:38:26.660567 2026] [php:error] [pid 32747] [client 20.205.123.172:0] script '/domains/fairlane1/xx.php' not found or unable to stat
[Mon Feb 02 12:38:26.774319 2026] [php:error] [pid 32765] [client 4.217.217.16:0] script '/domains/system_suspended/moon.php' not found or unable to stat
[Mon Feb 02 12:38:26.880332 2026] [php:error] [pid 32747] [client 20.205.123.172:0] script '/domains/fairlane1/gifclass4.php' not found or unable to stat
[Mon Feb 02 12:38:26.954837 2026] [php:error] [pid 32765] [client 4.217.217.16:0] script '/domains/system_suspended/filesss.php' not found or unable to stat
[Mon Feb 02 12:38:27.136676 2026] [php:error] [pid 32765] [client 4.217.217.16:0] script '/domains/system_suspended/hey.php' not found or unable to stat
[Mon Feb 02 12:38:27.254842 2026] [php:error] [pid 32747] [client 20.205.123.172:0] script '/domains/fairlane1/2clas.php' not found or unable to stat
[Mon Feb 02 12:38:27.464054 2026] [php:error] [pid 32747] [client 20.205.123.172:0] script '/domains/fairlane1/ave.php' not found or unable to stat
[Mon Feb 02 12:38:27.497412 2026] [php:error] [pid 32765] [client 4.217.217.16:0] script '/domains/system_suspended/1337.php' not found or unable to stat
[Mon Feb 02 12:38:27.672487 2026] [php:error] [pid 32747] [client 20.205.123.172:0] script '/domains/fairlane1/wrt.php' not found or unable to stat
[Mon Feb 02 12:38:27.677799 2026] [php:error] [pid 32765] [client 4.217.217.16:0] script '/domains/system_suspended/buy.php' not found or unable to stat
[Mon Feb 02 12:38:27.880610 2026] [php:error] [pid 32747] [client 20.205.123.172:0] script '/domains/fairlane1/bibil.php' not found or unable to stat
[Mon Feb 02 12:38:28.041463 2026] [php:error] [pid 32765] [client 4.217.217.16:0] script '/domains/system_suspended/m.php' not found or unable to stat
[Mon Feb 02 12:38:28.220455 2026] [php:error] [pid 32747] [client 20.205.123.172:0] script '/domains/fairlane1/radio.php' not found or unable to stat
[Mon Feb 02 12:38:28.404928 2026] [php:error] [pid 32789] [client 4.217.217.16:0] script '/domains/system_suspended/wp-is.php' not found or unable to stat
[Mon Feb 02 12:38:28.442447 2026] [php:error] [pid 32747] [client 20.205.123.172:0] script '/domains/fairlane1/files.php' not found or unable to stat
[Mon Feb 02 12:38:28.587991 2026] [php:error] [pid 32789] [client 4.217.217.16:0] script '/domains/system_suspended/jmfi2.php' not found or unable to stat
[Mon Feb 02 12:38:28.669369 2026] [php:error] [pid 32747] [client 20.205.123.172:0] script '/domains/fairlane1/file7.php' not found or unable to stat
[Mon Feb 02 12:38:28.877611 2026] [php:error] [pid 32747] [client 20.205.123.172:0] script '/domains/fairlane1/gifclass.php' not found or unable to stat
[Mon Feb 02 12:38:28.951014 2026] [php:error] [pid 32789] [client 4.217.217.16:0] script '/domains/system_suspended/bnn_.php' not found or unable to stat
[Mon Feb 02 12:38:29.306797 2026] [php:error] [pid 32747] [client 20.205.123.172:0] script '/domains/fairlane1/nox.php' not found or unable to stat
[Mon Feb 02 12:38:29.313911 2026] [php:error] [pid 32789] [client 4.217.217.16:0] script '/domains/system_suspended/hzz.php' not found or unable to stat
[Mon Feb 02 12:38:29.495355 2026] [php:error] [pid 32789] [client 4.217.217.16:0] script '/domains/system_suspended/shell20211028.php' not found or unable to stat
[Mon Feb 02 12:38:29.533772 2026] [php:error] [pid 32747] [client 20.205.123.172:0] script '/domains/fairlane1/file48.php' not found or unable to stat
[Mon Feb 02 12:38:29.676621 2026] [php:error] [pid 32789] [client 4.217.217.16:0] script '/domains/system_suspended/content.php' not found or unable to stat
[Mon Feb 02 12:38:29.945303 2026] [php:error] [pid 32747] [client 20.205.123.172:0] script '/domains/fairlane1/info.php' not found or unable to stat
[Mon Feb 02 12:38:30.038908 2026] [php:error] [pid 32789] [client 4.217.217.16:0] script '/domains/system_suspended/ps.php' not found or unable to stat
[Mon Feb 02 12:38:30.154389 2026] [php:error] [pid 32747] [client 20.205.123.172:0] script '/domains/fairlane1/class9.php' not found or unable to stat
[Mon Feb 02 12:38:30.370863 2026] [php:error] [pid 32747] [client 20.205.123.172:0] script '/domains/fairlane1/la.php' not found or unable to stat
[Mon Feb 02 12:38:30.582831 2026] [php:error] [pid 32789] [client 4.217.217.16:0] script '/domains/system_suspended/cache.php' not found or unable to stat
[Mon Feb 02 12:38:30.764318 2026] [php:error] [pid 32789] [client 4.217.217.16:0] script '/domains/system_suspended/ss.php' not found or unable to stat
[Mon Feb 02 12:38:30.945954 2026] [php:error] [pid 32789] [client 4.217.217.16:0] script '/domains/system_suspended/p.php' not found or unable to stat
[Mon Feb 02 12:38:31.229793 2026] [php:error] [pid 32747] [client 20.205.123.172:0] script '/domains/fairlane1/bless11.php' not found or unable to stat
[Mon Feb 02 12:38:31.312506 2026] [php:error] [pid 32789] [client 4.217.217.16:0] script '/domains/system_suspended/user.php' not found or unable to stat
[Mon Feb 02 12:38:31.443858 2026] [php:error] [pid 32747] [client 20.205.123.172:0] script '/domains/fairlane1/ccou.php' not found or unable to stat
[Mon Feb 02 12:38:31.662940 2026] [php:error] [pid 32747] [client 20.205.123.172:0] script '/domains/fairlane1/ton.php' not found or unable to stat
[Mon Feb 02 12:38:31.856173 2026] [php:error] [pid 32789] [client 4.217.217.16:0] script '/domains/system_suspended/wp.php' not found or unable to stat
[Mon Feb 02 12:38:31.873047 2026] [php:error] [pid 32747] [client 20.205.123.172:0] script '/domains/fairlane1/403.php' not found or unable to stat
[Mon Feb 02 12:38:32.037477 2026] [php:error] [pid 32789] [client 4.217.217.16:0] script '/domains/system_suspended/rip.php' not found or unable to stat
[Mon Feb 02 12:38:32.081160 2026] [php:error] [pid 32747] [client 20.205.123.172:0] script '/domains/fairlane1/file9.php' not found or unable to stat
[Mon Feb 02 12:38:32.218738 2026] [php:error] [pid 32789] [client 4.217.217.16:0] script '/domains/system_suspended/wp4.php' not found or unable to stat
[Mon Feb 02 12:38:32.292596 2026] [php:error] [pid 32747] [client 20.205.123.172:0] script '/domains/fairlane1/ac.php' not found or unable to stat
[Mon Feb 02 12:38:32.400055 2026] [php:error] [pid 32789] [client 4.217.217.16:0] script '/domains/system_suspended/403.php' not found or unable to stat
[Mon Feb 02 12:38:32.763912 2026] [php:error] [pid 32789] [client 4.217.217.16:0] script '/domains/system_suspended/asd67.php' not found or unable to stat
[Mon Feb 02 12:38:33.059088 2026] [php:error] [pid 32747] [client 20.205.123.172:0] script '/domains/fairlane1/new4.php' not found or unable to stat
[Mon Feb 02 12:38:33.126453 2026] [php:error] [pid 32789] [client 4.217.217.16:0] script '/domains/system_suspended/oivcl.php' not found or unable to stat
[Mon Feb 02 12:38:33.269593 2026] [php:error] [pid 32747] [client 20.205.123.172:0] script '/domains/fairlane1/pop.php' not found or unable to stat
[Mon Feb 02 12:38:33.307529 2026] [php:error] [pid 32789] [client 4.217.217.16:0] script '/domains/system_suspended/about.php' not found or unable to stat
[Mon Feb 02 12:38:33.478184 2026] [php:error] [pid 32747] [client 20.205.123.172:0] script '/domains/fairlane1/az.php' not found or unable to stat
[Mon Feb 02 12:38:33.674099 2026] [php:error] [pid 32789] [client 4.217.217.16:0] script '/domains/system_suspended/v2.php' not found or unable to stat
[Mon Feb 02 12:38:34.298375 2026] [php:error] [pid 32747] [client 20.205.123.172:0] script '/domains/fairlane1/xaz.php' not found or unable to stat
[Mon Feb 02 12:38:34.399431 2026] [php:error] [pid 32789] [client 4.217.217.16:0] script '/domains/system_suspended/dr.php' not found or unable to stat
[Mon Feb 02 12:38:34.514422 2026] [php:error] [pid 32747] [client 20.205.123.172:0] script '/domains/fairlane1/up4.php' not found or unable to stat
[Mon Feb 02 12:38:34.581157 2026] [php:error] [pid 32789] [client 4.217.217.16:0] script '/domains/system_suspended/raw.php' not found or unable to stat
[Mon Feb 02 12:38:34.723096 2026] [php:error] [pid 32747] [client 20.205.123.172:0] script '/domains/fairlane1/1aa.php' not found or unable to stat
[Mon Feb 02 12:38:34.933034 2026] [php:error] [pid 32747] [client 20.205.123.172:0] script '/domains/fairlane1/elp.php' not found or unable to stat
[Mon Feb 02 12:38:35.128788 2026] [php:error] [pid 32789] [client 4.217.217.16:0] script '/domains/system_suspended/ioxi-o2.php' not found or unable to stat
[Mon Feb 02 12:38:35.310232 2026] [php:error] [pid 32789] [client 4.217.217.16:0] script '/domains/system_suspended/dropdown.php' not found or unable to stat
[Mon Feb 02 12:38:35.491923 2026] [php:error] [pid 32789] [client 4.217.217.16:0] script '/domains/system_suspended/dlu.php' not found or unable to stat
[Mon Feb 02 12:38:35.667684 2026] [php:error] [pid 32747] [client 20.205.123.172:0] script '/domains/fairlane1/wtz.php' not found or unable to stat
[Mon Feb 02 12:38:35.854874 2026] [php:error] [pid 32789] [client 4.217.217.16:0] script '/domains/system_suspended/db.php' not found or unable to stat
[Mon Feb 02 12:38:35.888212 2026] [php:error] [pid 32747] [client 20.205.123.172:0] script '/domains/fairlane1/galex.php' not found or unable to stat
[Mon Feb 02 12:38:36.036289 2026] [php:error] [pid 32789] [client 4.217.217.16:0] script '/domains/system_suspended/packed.php' not found or unable to stat
[Mon Feb 02 12:38:36.096514 2026] [php:error] [pid 32747] [client 20.205.123.172:0] script '/domains/fairlane1/xb.php' not found or unable to stat
[Mon Feb 02 12:38:36.218257 2026] [php:error] [pid 32789] [client 4.217.217.16:0] script '/domains/system_suspended/wp-configs.php' not found or unable to stat
[Mon Feb 02 12:38:36.304557 2026] [php:error] [pid 32740] [client 62.60.130.210:0] script '/domains/metrolighting/wp-login.php' not found or unable to stat
[Mon Feb 02 12:38:36.306554 2026] [php:error] [pid 32747] [client 20.205.123.172:0] script '/domains/fairlane1/ova.php' not found or unable to stat
[Mon Feb 02 12:38:36.399790 2026] [php:error] [pid 32789] [client 4.217.217.16:0] script '/domains/system_suspended/404.php' not found or unable to stat
[Mon Feb 02 12:38:36.527400 2026] [php:error] [pid 32747] [client 20.205.123.172:0] script '/domains/fairlane1/vx.php' not found or unable to stat
[Mon Feb 02 12:38:36.581347 2026] [php:error] [pid 32789] [client 4.217.217.16:0] script '/domains/system_suspended/des.php' not found or unable to stat
[Mon Feb 02 12:38:36.944186 2026] [php:error] [pid 32789] [client 4.217.217.16:0] script '/domains/system_suspended/lufix.php' not found or unable to stat
[Mon Feb 02 12:38:37.142633 2026] [php:error] [pid 32747] [client 20.205.123.172:0] script '/domains/fairlane1/rh.php' not found or unable to stat
[Mon Feb 02 12:39:01.379615 2026] [php:error] [pid 32801] [client 195.178.110.132:0] script '/domains/nlyfoods/wp-config.php' not found or unable to stat
[Mon Feb 02 12:39:01.462077 2026] [php:error] [pid 32801] [client 195.178.110.132:0] script '/domains/nlyfoods/wp-config.php.old' not found or unable to stat
[Mon Feb 02 12:39:01.544946 2026] [php:error] [pid 32801] [client 195.178.110.132:0] script '/domains/nlyfoods/wp-config.php.bak' not found or unable to stat
[Mon Feb 02 12:39:01.627370 2026] [php:error] [pid 32801] [client 195.178.110.132:0] script '/domains/nlyfoods/wp-config.php.save' not found or unable to stat
[Mon Feb 02 12:39:01.876160 2026] [php:error] [pid 32801] [client 195.178.110.132:0] script '/domains/nlyfoods/config.php' not found or unable to stat
[Mon Feb 02 12:39:01.958739 2026] [php:error] [pid 32801] [client 195.178.110.132:0] script '/domains/nlyfoods/config.php.bak' not found or unable to stat
[Mon Feb 02 12:39:02.041194 2026] [php:error] [pid 32801] [client 195.178.110.132:0] script '/domains/nlyfoods/config.php.old' not found or unable to stat
[Mon Feb 02 12:39:02.123671 2026] [php:error] [pid 32801] [client 195.178.110.132:0] script '/domains/nlyfoods/configuration.php' not found or unable to stat
[Mon Feb 02 12:39:02.206085 2026] [php:error] [pid 32801] [client 195.178.110.132:0] script '/domains/nlyfoods/configuration.php.bak' not found or unable to stat
[Mon Feb 02 12:39:02.536131 2026] [php:error] [pid 32801] [client 195.178.110.132:0] script '/domains/nlyfoods/settings.php' not found or unable to stat
[Mon Feb 02 12:39:02.618481 2026] [php:error] [pid 32801] [client 195.178.110.132:0] script '/domains/nlyfoods/db.php' not found or unable to stat
[Mon Feb 02 12:39:02.702865 2026] [php:error] [pid 32801] [client 195.178.110.132:0] script '/domains/nlyfoods/database.php' not found or unable to stat
[Mon Feb 02 12:39:02.785240 2026] [php:error] [pid 32801] [client 195.178.110.132:0] script '/domains/nlyfoods/connect.php' not found or unable to stat
[Mon Feb 02 12:39:02.867701 2026] [php:error] [pid 32801] [client 195.178.110.132:0] script '/domains/nlyfoods/connection.php' not found or unable to stat
[Mon Feb 02 12:39:02.950003 2026] [php:error] [pid 32801] [client 195.178.110.132:0] script '/domains/nlyfoods/credentials.php' not found or unable to stat
[Mon Feb 02 12:39:03.032334 2026] [php:error] [pid 32801] [client 195.178.110.132:0] script '/domains/nlyfoods/api_config.php' not found or unable to stat
[Mon Feb 02 12:39:03.525761 2026] [php:error] [pid 32801] [client 195.178.110.132:0] script '/domains/nlyfoods/config.inc.php' not found or unable to stat
[Mon Feb 02 12:41:30.564383 2026] [php:error] [pid 32843] [client 111.68.9.78:0] script '/domains/samscars/s.php' not found or unable to stat
[Mon Feb 02 12:41:31.252473 2026] [php:error] [pid 32835] [client 14.241.96.71:0] script '/domains/lover/xmlrpc.php' not found or unable to stat
[Mon Feb 02 12:41:31.500128 2026] [php:error] [pid 32847] [client 111.68.9.78:0] script '/domains/samscars/ote.php' not found or unable to stat
[Mon Feb 02 12:41:53.798714 2026] [php:error] [pid 32849] [client 52.230.35.34:0] script '/domains/resourceandeventweb/xmlrpc.php' not found or unable to stat
[Mon Feb 02 12:41:54.028602 2026] [php:error] [pid 32849] [client 52.230.35.34:0] script '/domains/resourceandeventweb/wp-trackback.php' not found or unable to stat
[Mon Feb 02 12:41:54.264898 2026] [php:error] [pid 32849] [client 52.230.35.34:0] script '/domains/resourceandeventweb/file.php' not found or unable to stat
[Mon Feb 02 12:41:54.498431 2026] [php:error] [pid 32849] [client 52.230.35.34:0] script '/domains/resourceandeventweb/rip.php' not found or unable to stat
[Mon Feb 02 12:41:54.729705 2026] [php:error] [pid 32849] [client 52.230.35.34:0] script '/domains/resourceandeventweb/autoload_classmap.php' not found or unable to stat
[Mon Feb 02 12:41:54.969070 2026] [php:error] [pid 32849] [client 52.230.35.34:0] script '/domains/resourceandeventweb/chosen.php' not found or unable to stat
[Mon Feb 02 12:41:55.199050 2026] [php:error] [pid 32849] [client 52.230.35.34:0] script '/domains/resourceandeventweb/classwithtostring.php' not found or unable to stat
[Mon Feb 02 12:41:55.443857 2026] [php:error] [pid 32849] [client 52.230.35.34:0] script '/domains/resourceandeventweb/defaults.php' not found or unable to stat
[Mon Feb 02 12:41:56.138995 2026] [php:error] [pid 32849] [client 52.230.35.34:0] script '/domains/resourceandeventweb/info.php' not found or unable to stat
[Mon Feb 02 12:41:56.368850 2026] [php:error] [pid 32849] [client 52.230.35.34:0] script '/domains/resourceandeventweb/elp.php' not found or unable to stat
[Mon Feb 02 12:41:57.537002 2026] [php:error] [pid 32849] [client 52.230.35.34:0] script '/domains/resourceandeventweb/adminfuns.php' not found or unable to stat
[Mon Feb 02 12:44:12.519267 2026] [php:error] [pid 32886] [client 101.47.30.232:0] script '/domains/hdickens.enteract/kmnj.php' not found or unable to stat
[Mon Feb 02 12:47:27.755960 2026] [php:error] [pid 38538] [client 94.26.106.183:0] script '/domains/piltdweb1/wp-login.php' not found or unable to stat
[Mon Feb 02 12:48:13.668154 2026] [php:error] [pid 38573] [client 146.190.99.80:0] script '/domains/markrose/xmlrpc.php' not found or unable to stat
[Mon Feb 02 12:48:26.437935 2026] [core:crit] [pid 38573] (13)Permission denied: [client 18.205.127.11:0] AH00529: /domains/dcarlone/test/web/.htaccess pcfg_openfile: unable to check htaccess file, ensure it is readable and that '/domains/dcarlone/test/web/' is executable
[Mon Feb 02 12:48:31.594763 2026] [core:crit] [pid 38566] (13)Permission denied: [client 114.119.145.126:0] AH00529: /domains/performancepartsinc/graphics/psd/.htaccess pcfg_openfile: unable to check htaccess file, ensure it is readable and that '/domains/performancepartsinc/graphics/psd/' is executable, referer: http://www.performancepartsinc.com/graphics/psd/q.php?%2Fhookup-in-vegas%2F
[Mon Feb 02 12:49:06.109204 2026] [php:error] [pid 38581] [client 101.47.30.254:0] script '/domains/hdickens.enteract/kmnj.php' not found or unable to stat
[Mon Feb 02 12:49:07.135864 2026] [php:error] [pid 38576] [client 34.9.1.61:0] script '/domains/astrosfm/xmlrpc.php' not found or unable to stat
[Mon Feb 02 12:50:44.059821 2026] [php:error] [pid 38608] [client 20.78.168.60:0] script '/domains/nlyfoods/new.php' not found or unable to stat
[Mon Feb 02 12:50:44.328907 2026] [php:error] [pid 38608] [client 20.78.168.60:0] script '/domains/nlyfoods/a1vx.php' not found or unable to stat
[Mon Feb 02 12:50:44.497855 2026] [php:error] [pid 38608] [client 20.78.168.60:0] script '/domains/nlyfoods/tx46.php' not found or unable to stat
[Mon Feb 02 12:50:44.673336 2026] [php:error] [pid 38608] [client 20.78.168.60:0] script '/domains/nlyfoods/b44.php' not found or unable to stat
[Mon Feb 02 12:50:44.842217 2026] [php:error] [pid 38608] [client 20.78.168.60:0] script '/domains/nlyfoods/ii5file.php' not found or unable to stat
[Mon Feb 02 12:50:45.237781 2026] [php:error] [pid 38608] [client 20.78.168.60:0] script '/domains/nlyfoods/forbidals.php' not found or unable to stat
[Mon Feb 02 12:50:45.408959 2026] [php:error] [pid 38608] [client 20.78.168.60:0] script '/domains/nlyfoods/dev1s.php' not found or unable to stat
[Mon Feb 02 12:50:45.628488 2026] [php:error] [pid 38608] [client 20.78.168.60:0] script '/domains/nlyfoods/\xe8\x93\x9d\xe7\x99\xbd\xe9\x93\xbe\xe6\x8e\xa5.php' not found or unable to stat
[Mon Feb 02 12:50:45.960496 2026] [php:error] [pid 38608] [client 20.78.168.60:0] script '/domains/nlyfoods/ck.php' not found or unable to stat
[Mon Feb 02 12:50:46.176239 2026] [php:error] [pid 38608] [client 20.78.168.60:0] script '/domains/nlyfoods/ffd.php' not found or unable to stat
[Mon Feb 02 12:50:46.357471 2026] [php:error] [pid 38608] [client 20.78.168.60:0] script '/domains/nlyfoods/anna.php' not found or unable to stat
[Mon Feb 02 12:50:46.536510 2026] [php:error] [pid 38608] [client 20.78.168.60:0] script '/domains/nlyfoods/pass4.php' not found or unable to stat
[Mon Feb 02 12:50:46.703961 2026] [php:error] [pid 38608] [client 20.78.168.60:0] script '/domains/nlyfoods/qasu.php' not found or unable to stat
[Mon Feb 02 12:50:46.878400 2026] [php:error] [pid 38608] [client 20.78.168.60:0] script '/domains/nlyfoods/Gi8.php' not found or unable to stat
[Mon Feb 02 12:50:47.470573 2026] [php:error] [pid 38608] [client 20.78.168.60:0] script '/domains/nlyfoods/admiin.php' not found or unable to stat
[Mon Feb 02 12:50:47.638498 2026] [php:error] [pid 38608] [client 20.78.168.60:0] script '/domains/nlyfoods/ol.php' not found or unable to stat
[Mon Feb 02 12:50:47.816969 2026] [php:error] [pid 38608] [client 20.78.168.60:0] script '/domains/nlyfoods/jmfi2.php' not found or unable to stat
[Mon Feb 02 12:50:47.987321 2026] [php:error] [pid 38608] [client 20.78.168.60:0] script '/domains/nlyfoods/ez.php' not found or unable to stat
[Mon Feb 02 12:50:48.167267 2026] [php:error] [pid 38608] [client 20.78.168.60:0] script '/domains/nlyfoods/asasx.php' not found or unable to stat
[Mon Feb 02 12:50:48.334534 2026] [php:error] [pid 38608] [client 20.78.168.60:0] script '/domains/nlyfoods/Sanskrit.php' not found or unable to stat
[Mon Feb 02 12:50:48.515503 2026] [php:error] [pid 38608] [client 20.78.168.60:0] script '/domains/nlyfoods/vxrl.php' not found or unable to stat
[Mon Feb 02 12:50:48.836696 2026] [php:error] [pid 38608] [client 20.78.168.60:0] script '/domains/nlyfoods/re.php' not found or unable to stat
[Mon Feb 02 12:50:49.005866 2026] [php:error] [pid 38608] [client 20.78.168.60:0] script '/domains/nlyfoods/cfile.php' not found or unable to stat
[Mon Feb 02 12:50:49.185215 2026] [php:error] [pid 38608] [client 20.78.168.60:0] script '/domains/nlyfoods/num.php' not found or unable to stat
[Mon Feb 02 12:50:49.518142 2026] [php:error] [pid 38608] [client 20.78.168.60:0] script '/domains/nlyfoods/axx.php' not found or unable to stat
[Mon Feb 02 12:50:49.686617 2026] [php:error] [pid 38608] [client 20.78.168.60:0] script '/domains/nlyfoods/vxrl.php' not found or unable to stat
[Mon Feb 02 12:50:49.863911 2026] [php:error] [pid 38608] [client 20.78.168.60:0] script '/domains/nlyfoods/in.php' not found or unable to stat
[Mon Feb 02 12:50:50.202556 2026] [php:error] [pid 38608] [client 20.78.168.60:0] script '/domains/nlyfoods/style.php' not found or unable to stat
[Mon Feb 02 12:50:50.389463 2026] [php:error] [pid 38608] [client 20.78.168.60:0] script '/domains/nlyfoods/style2.php' not found or unable to stat
[Mon Feb 02 12:50:51.447546 2026] [php:error] [pid 38608] [client 20.78.168.60:0] script '/domains/nlyfoods/we.php' not found or unable to stat
[Mon Feb 02 12:50:51.632579 2026] [php:error] [pid 38608] [client 20.78.168.60:0] script '/domains/nlyfoods/zwso.php' not found or unable to stat
[Mon Feb 02 12:50:51.800730 2026] [php:error] [pid 38608] [client 20.78.168.60:0] script '/domains/nlyfoods/wsback.php' not found or unable to stat
[Mon Feb 02 12:50:52.388012 2026] [php:error] [pid 38608] [client 20.78.168.60:0] script '/domains/nlyfoods/pm.php' not found or unable to stat
[Mon Feb 02 12:50:52.555755 2026] [php:error] [pid 38608] [client 20.78.168.60:0] script '/domains/nlyfoods/karak.php' not found or unable to stat
[Mon Feb 02 12:50:52.723163 2026] [php:error] [pid 38608] [client 20.78.168.60:0] script '/domains/nlyfoods/trd.php' not found or unable to stat
[Mon Feb 02 12:50:52.896512 2026] [php:error] [pid 38608] [client 20.78.168.60:0] script '/domains/nlyfoods/past.php' not found or unable to stat
[Mon Feb 02 12:50:53.095452 2026] [php:error] [pid 38608] [client 20.78.168.60:0] script '/domains/nlyfoods/prv8.php' not found or unable to stat
[Mon Feb 02 12:50:53.272374 2026] [php:error] [pid 38608] [client 20.78.168.60:0] script '/domains/nlyfoods/i.php' not found or unable to stat
[Mon Feb 02 12:50:53.439712 2026] [php:error] [pid 38608] [client 20.78.168.60:0] script '/domains/nlyfoods/xmlrpc.php' not found or unable to stat
[Mon Feb 02 12:50:53.742256 2026] [php:error] [pid 38608] [client 20.78.168.60:0] script '/domains/nlyfoods/cron.php' not found or unable to stat
[Mon Feb 02 12:50:53.910438 2026] [php:error] [pid 38608] [client 20.78.168.60:0] script '/domains/nlyfoods/super.php' not found or unable to stat
[Mon Feb 02 12:50:54.100580 2026] [php:error] [pid 38608] [client 20.78.168.60:0] script '/domains/nlyfoods/aw.php' not found or unable to stat
[Mon Feb 02 12:50:54.366220 2026] [php:error] [pid 38608] [client 20.78.168.60:0] script '/domains/nlyfoods/dev.php' not found or unable to stat
[Mon Feb 02 12:50:54.534192 2026] [php:error] [pid 38608] [client 20.78.168.60:0] script '/domains/nlyfoods/wp-trackback.php' not found or unable to stat
[Mon Feb 02 12:50:54.701956 2026] [php:error] [pid 38608] [client 20.78.168.60:0] script '/domains/nlyfoods/lock360.php' not found or unable to stat
[Mon Feb 02 12:50:54.874854 2026] [php:error] [pid 38608] [client 20.78.168.60:0] script '/domains/nlyfoods/155.php' not found or unable to stat
[Mon Feb 02 12:50:55.042018 2026] [php:error] [pid 38608] [client 20.78.168.60:0] script '/domains/nlyfoods/hello.php' not found or unable to stat
[Mon Feb 02 12:50:55.239759 2026] [php:error] [pid 38608] [client 20.78.168.60:0] script '/domains/nlyfoods/goat.php' not found or unable to stat
[Mon Feb 02 12:50:55.508604 2026] [php:error] [pid 38608] [client 20.78.168.60:0] script '/domains/nlyfoods/wp-gr.php' not found or unable to stat
[Mon Feb 02 12:50:55.679290 2026] [php:error] [pid 38608] [client 20.78.168.60:0] script '/domains/nlyfoods/tcp.php' not found or unable to stat
[Mon Feb 02 12:50:56.035328 2026] [php:error] [pid 38608] [client 20.78.168.60:0] script '/domains/nlyfoods/ext.php' not found or unable to stat
[Mon Feb 02 12:50:56.202872 2026] [php:error] [pid 38608] [client 20.78.168.60:0] script '/domains/nlyfoods/jlex3.php' not found or unable to stat
[Mon Feb 02 12:50:56.374950 2026] [php:error] [pid 38608] [client 20.78.168.60:0] script '/domains/nlyfoods/inputs.php' not found or unable to stat
[Mon Feb 02 12:50:56.543129 2026] [php:error] [pid 38608] [client 20.78.168.60:0] script '/domains/nlyfoods/ioxi.php' not found or unable to stat
[Mon Feb 02 12:50:56.710942 2026] [php:error] [pid 38608] [client 20.78.168.60:0] script '/domains/nlyfoods/fe5.php' not found or unable to stat
[Mon Feb 02 12:50:56.878507 2026] [php:error] [pid 38608] [client 20.78.168.60:0] script '/domains/nlyfoods/ov.php' not found or unable to stat
[Mon Feb 02 12:50:57.045794 2026] [php:error] [pid 38608] [client 20.78.168.60:0] script '/domains/nlyfoods/file2.php' not found or unable to stat
[Mon Feb 02 12:50:57.407431 2026] [php:error] [pid 38608] [client 20.78.168.60:0] script '/domains/nlyfoods/default.php' not found or unable to stat
[Mon Feb 02 12:50:57.574478 2026] [php:error] [pid 38608] [client 20.78.168.60:0] script '/domains/nlyfoods/weo.php' not found or unable to stat
[Mon Feb 02 12:50:57.752682 2026] [php:error] [pid 38608] [client 20.78.168.60:0] script '/domains/nlyfoods/abcd.php' not found or unable to stat
[Mon Feb 02 12:50:57.920297 2026] [php:error] [pid 38608] [client 20.78.168.60:0] script '/domains/nlyfoods/ioxi2.php' not found or unable to stat
[Mon Feb 02 12:50:58.087540 2026] [php:error] [pid 38608] [client 20.78.168.60:0] script '/domains/nlyfoods/nope.php' not found or unable to stat
[Mon Feb 02 12:50:58.449502 2026] [php:error] [pid 38608] [client 20.78.168.60:0] script '/domains/nlyfoods/class.1.php' not found or unable to stat
[Mon Feb 02 12:50:58.617927 2026] [php:error] [pid 38608] [client 20.78.168.60:0] script '/domains/nlyfoods/file5.php' not found or unable to stat
[Mon Feb 02 12:50:58.785624 2026] [php:error] [pid 38608] [client 20.78.168.60:0] script '/domains/nlyfoods/async.php' not found or unable to stat
[Mon Feb 02 12:50:58.964522 2026] [php:error] [pid 38608] [client 20.78.168.60:0] script '/domains/nlyfoods/file17.php' not found or unable to stat
[Mon Feb 02 12:50:59.134992 2026] [php:error] [pid 38608] [client 20.78.168.60:0] script '/domains/nlyfoods/ff.php' not found or unable to stat
[Mon Feb 02 12:50:59.302333 2026] [php:error] [pid 38608] [client 20.78.168.60:0] script '/domains/nlyfoods/ioxi-o.php' not found or unable to stat
[Mon Feb 02 12:50:59.469568 2026] [php:error] [pid 38608] [client 20.78.168.60:0] script '/domains/nlyfoods/png.php' not found or unable to stat
[Mon Feb 02 12:50:59.802712 2026] [php:error] [pid 38608] [client 20.78.168.60:0] script '/domains/nlyfoods/v2.php' not found or unable to stat
[Mon Feb 02 12:50:59.971002 2026] [php:error] [pid 38608] [client 20.78.168.60:0] script '/domains/nlyfoods/pp.php' not found or unable to stat
[Mon Feb 02 12:51:00.150691 2026] [php:error] [pid 38608] [client 20.78.168.60:0] script '/domains/nlyfoods/manager.php' not found or unable to stat
[Mon Feb 02 12:51:00.322778 2026] [php:error] [pid 38608] [client 20.78.168.60:0] script '/domains/nlyfoods/system_log.php' not found or unable to stat
[Mon Feb 02 12:51:00.722451 2026] [php:error] [pid 38608] [client 20.78.168.60:0] script '/domains/nlyfoods/wp-update.php' not found or unable to stat
[Mon Feb 02 12:51:00.896213 2026] [php:error] [pid 38608] [client 20.78.168.60:0] script '/domains/nlyfoods/file.php' not found or unable to stat
[Mon Feb 02 12:51:01.816825 2026] [php:error] [pid 38608] [client 20.78.168.60:0] script '/domains/nlyfoods/520.php' not found or unable to stat
[Mon Feb 02 12:51:01.987522 2026] [php:error] [pid 38608] [client 20.78.168.60:0] script '/domains/nlyfoods/Ova-Simple.php' not found or unable to stat
[Mon Feb 02 12:51:02.396629 2026] [php:error] [pid 38608] [client 20.78.168.60:0] script '/domains/nlyfoods/lc.php' not found or unable to stat
[Mon Feb 02 12:51:02.573530 2026] [php:error] [pid 38608] [client 20.78.168.60:0] script '/domains/nlyfoods/r4f_1.php' not found or unable to stat
[Mon Feb 02 12:51:02.742660 2026] [php:error] [pid 38608] [client 20.78.168.60:0] script '/domains/nlyfoods/hexx.php' not found or unable to stat
[Mon Feb 02 12:51:02.911620 2026] [php:error] [pid 38608] [client 20.78.168.60:0] script '/domains/nlyfoods/cbrfo.php' not found or unable to stat
[Mon Feb 02 12:51:03.081197 2026] [php:error] [pid 38608] [client 20.78.168.60:0] script '/domains/nlyfoods/inc.php' not found or unable to stat
[Mon Feb 02 12:51:03.248656 2026] [php:error] [pid 38608] [client 20.78.168.60:0] script '/domains/nlyfoods/jquery.php' not found or unable to stat
[Mon Feb 02 12:51:03.416438 2026] [php:error] [pid 38608] [client 20.78.168.60:0] script '/domains/nlyfoods/gifclass.php' not found or unable to stat
[Mon Feb 02 12:51:03.590190 2026] [php:error] [pid 38608] [client 20.78.168.60:0] script '/domains/nlyfoods/miansha.php' not found or unable to stat
[Mon Feb 02 12:51:03.967071 2026] [php:error] [pid 38608] [client 20.78.168.60:0] script '/domains/nlyfoods/tinyfilemanager.php' not found or unable to stat
[Mon Feb 02 12:51:04.134742 2026] [php:error] [pid 38608] [client 20.78.168.60:0] script '/domains/nlyfoods/xfile25.php' not found or unable to stat
[Mon Feb 02 12:51:04.544764 2026] [php:error] [pid 38608] [client 20.78.168.60:0] script '/domains/nlyfoods/ok.php' not found or unable to stat
[Mon Feb 02 12:51:04.824527 2026] [php:error] [pid 38608] [client 20.78.168.60:0] script '/domains/nlyfoods/fi.php' not found or unable to stat
[Mon Feb 02 12:51:05.006006 2026] [php:error] [pid 38608] [client 20.78.168.60:0] script '/domains/nlyfoods/muzu.php' not found or unable to stat
[Mon Feb 02 12:51:05.343119 2026] [php:error] [pid 38608] [client 20.78.168.60:0] script '/domains/nlyfoods/reze.php' not found or unable to stat
[Mon Feb 02 12:51:05.511026 2026] [php:error] [pid 38608] [client 20.78.168.60:0] script '/domains/nlyfoods/styll.php' not found or unable to stat
[Mon Feb 02 12:51:05.690385 2026] [php:error] [pid 38608] [client 20.78.168.60:0] script '/domains/nlyfoods/x7.php' not found or unable to stat
[Mon Feb 02 12:51:05.901488 2026] [php:error] [pid 38608] [client 20.78.168.60:0] script '/domains/nlyfoods/thebe.php' not found or unable to stat
[Mon Feb 02 12:51:06.071317 2026] [php:error] [pid 38608] [client 20.78.168.60:0] script '/domains/nlyfoods/ddd.php' not found or unable to stat
[Mon Feb 02 12:51:06.241117 2026] [php:error] [pid 38608] [client 20.78.168.60:0] script '/domains/nlyfoods/ccs.php' not found or unable to stat
[Mon Feb 02 12:51:06.541319 2026] [php:error] [pid 38608] [client 20.78.168.60:0] script '/domains/nlyfoods/f355.php' not found or unable to stat
[Mon Feb 02 12:51:09.597786 2026] [php:error] [pid 38619] [client 20.78.168.60:0] script '/domains/nlyfoods/bgymj.php' not found or unable to stat
[Mon Feb 02 12:51:09.777270 2026] [php:error] [pid 38619] [client 20.78.168.60:0] script '/domains/nlyfoods/8xyz.php' not found or unable to stat
[Mon Feb 02 12:51:09.962171 2026] [php:error] [pid 38619] [client 20.78.168.60:0] script '/domains/nlyfoods/la.php' not found or unable to stat
[Mon Feb 02 12:51:10.365312 2026] [php:error] [pid 38619] [client 20.78.168.60:0] script '/domains/nlyfoods/ioxi.php' not found or unable to stat
[Mon Feb 02 12:51:10.535360 2026] [php:error] [pid 38619] [client 20.78.168.60:0] script '/domains/nlyfoods/xpwer1.php' not found or unable to stat
[Mon Feb 02 12:51:10.704984 2026] [php:error] [pid 38619] [client 20.78.168.60:0] script '/domains/nlyfoods/lala.php' not found or unable to stat
[Mon Feb 02 12:51:10.902488 2026] [php:error] [pid 38619] [client 20.78.168.60:0] script '/domains/nlyfoods/about.php' not found or unable to stat
[Mon Feb 02 12:51:11.913502 2026] [php:error] [pid 38619] [client 20.78.168.60:0] script '/domains/nlyfoods/info.php' not found or unable to stat
[Mon Feb 02 12:51:12.126475 2026] [php:error] [pid 38619] [client 20.78.168.60:0] script '/domains/nlyfoods/about.php' not found or unable to stat
[Mon Feb 02 12:51:12.573191 2026] [php:error] [pid 38619] [client 20.78.168.60:0] script '/domains/nlyfoods/ss1.php' not found or unable to stat
[Mon Feb 02 12:51:12.771408 2026] [php:error] [pid 38619] [client 20.78.168.60:0] script '/domains/nlyfoods/goods.php' not found or unable to stat
[Mon Feb 02 12:51:12.941663 2026] [php:error] [pid 38619] [client 20.78.168.60:0] script '/domains/nlyfoods/222.php' not found or unable to stat
[Mon Feb 02 12:51:13.281506 2026] [php:error] [pid 38619] [client 20.78.168.60:0] script '/domains/nlyfoods/adminfuns.php' not found or unable to stat
[Mon Feb 02 12:51:13.798589 2026] [php:error] [pid 38619] [client 20.78.168.60:0] script '/domains/nlyfoods/xx.php' not found or unable to stat
[Mon Feb 02 12:51:14.171367 2026] [php:error] [pid 38619] [client 20.78.168.60:0] script '/domains/nlyfoods/f5.php' not found or unable to stat
[Mon Feb 02 12:51:14.391642 2026] [php:error] [pid 38619] [client 20.78.168.60:0] script '/domains/nlyfoods/flower.php' not found or unable to stat
[Mon Feb 02 12:51:14.710968 2026] [php:error] [pid 38619] [client 20.78.168.60:0] script '/domains/nlyfoods/f6.php' not found or unable to stat
[Mon Feb 02 12:51:14.880825 2026] [php:error] [pid 38619] [client 20.78.168.60:0] script '/domains/nlyfoods/edit.php' not found or unable to stat
[Mon Feb 02 12:51:15.050620 2026] [php:error] [pid 38619] [client 20.78.168.60:0] script '/domains/nlyfoods/aa.php' not found or unable to stat
