[Sun Feb 01 07:15:16.063576 2026] [php:error] [pid 76671] [client 20.42.209.0:0] script '/domains/rnachum/black.php' not found or unable to stat
[Sun Feb 01 07:15:16.263010 2026] [php:error] [pid 76671] [client 20.42.209.0:0] script '/domains/rnachum/wikindex.php' not found or unable to stat
[Sun Feb 01 07:15:16.461891 2026] [php:error] [pid 76671] [client 20.42.209.0:0] script '/domains/rnachum/tool.php' not found or unable to stat
[Sun Feb 01 07:15:16.661193 2026] [php:error] [pid 76671] [client 20.42.209.0:0] script '/domains/rnachum/py.php' not found or unable to stat
[Sun Feb 01 07:15:16.862259 2026] [php:error] [pid 76671] [client 20.42.209.0:0] script '/domains/rnachum/155.php' not found or unable to stat
[Sun Feb 01 07:15:17.061191 2026] [php:error] [pid 76671] [client 20.42.209.0:0] script '/domains/rnachum/sym404.php' not found or unable to stat
[Sun Feb 01 07:15:17.260481 2026] [php:error] [pid 76671] [client 20.42.209.0:0] script '/domains/rnachum/iko.php' not found or unable to stat
[Sun Feb 01 07:15:17.459642 2026] [php:error] [pid 76671] [client 20.42.209.0:0] script '/domains/rnachum/wefile.php' not found or unable to stat
[Sun Feb 01 07:15:17.658818 2026] [php:error] [pid 76671] [client 20.42.209.0:0] script '/domains/rnachum/gfd.php' not found or unable to stat
[Sun Feb 01 07:15:17.858352 2026] [php:error] [pid 76671] [client 20.42.209.0:0] script '/domains/rnachum/bnm.php' not found or unable to stat
[Sun Feb 01 07:15:18.057458 2026] [php:error] [pid 76671] [client 20.42.209.0:0] script '/domains/rnachum/edit-tags.php' not found or unable to stat
[Sun Feb 01 07:15:18.257438 2026] [php:error] [pid 76671] [client 20.42.209.0:0] script '/domains/rnachum/vx.php' not found or unable to stat
[Sun Feb 01 07:15:18.456557 2026] [php:error] [pid 76671] [client 20.42.209.0:0] script '/domains/rnachum/lkj.php' not found or unable to stat
[Sun Feb 01 07:15:18.655652 2026] [php:error] [pid 76671] [client 20.42.209.0:0] script '/domains/rnachum/ioxi-o.php' not found or unable to stat
[Sun Feb 01 07:15:19.655547 2026] [php:error] [pid 76671] [client 20.42.209.0:0] script '/domains/rnachum/readme.php' not found or unable to stat
[Sun Feb 01 07:15:20.056003 2026] [php:error] [pid 76671] [client 20.42.209.0:0] script '/domains/rnachum/classwithtostring.php' not found or unable to stat
[Sun Feb 01 07:15:20.255330 2026] [php:error] [pid 76671] [client 20.42.209.0:0] script '/domains/rnachum/1.php' not found or unable to stat
[Sun Feb 01 07:15:20.653309 2026] [php:error] [pid 76671] [client 20.42.209.0:0] script '/domains/rnachum/alfa.php' not found or unable to stat
[Sun Feb 01 07:15:21.053895 2026] [php:error] [pid 76671] [client 20.42.209.0:0] script '/domains/rnachum/atx.php' not found or unable to stat
[Sun Feb 01 07:15:21.252819 2026] [php:error] [pid 76671] [client 20.42.209.0:0] script '/domains/rnachum/inputs.php' not found or unable to stat
[Sun Feb 01 07:15:21.652113 2026] [php:error] [pid 76671] [client 20.42.209.0:0] script '/domains/rnachum/404.php' not found or unable to stat
[Sun Feb 01 07:15:21.850897 2026] [php:error] [pid 76671] [client 20.42.209.0:0] script '/domains/rnachum/global.php' not found or unable to stat
[Sun Feb 01 07:15:22.049828 2026] [php:error] [pid 76671] [client 20.42.209.0:0] script '/domains/rnachum/core.php' not found or unable to stat
[Sun Feb 01 07:15:22.249048 2026] [php:error] [pid 76671] [client 20.42.209.0:0] script '/domains/rnachum/thoms.php' not found or unable to stat
[Sun Feb 01 07:15:22.450488 2026] [php:error] [pid 76671] [client 20.42.209.0:0] script '/domains/rnachum/irc.js.php' not found or unable to stat
[Sun Feb 01 07:15:46.660972 2026] [php:error] [pid 82324] [client 161.118.193.239:0] script '/domains/conservation1/wp-login.php' not found or unable to stat
[Sun Feb 01 07:15:47.317806 2026] [php:error] [pid 76681] [client 34.10.64.2:0] script '/domains/performancepartsinc/phpinfo.php' not found or unable to stat
[Sun Feb 01 07:15:49.859667 2026] [php:error] [pid 82327] [client 34.10.64.2:0] script '/domains/performancepartsinc/test.php' not found or unable to stat
[Sun Feb 01 07:15:54.325306 2026] [php:error] [pid 82328] [client 172.81.130.114:0] script '/domains/deltaele/wp-login.php' not found or unable to stat
[Sun Feb 01 07:15:54.385177 2026] [php:error] [pid 82324] [client 172.81.130.114:0] script '/domains/deltaele/wp-login.php' not found or unable to stat
[Sun Feb 01 07:16:54.434510 2026] [php:error] [pid 82328] [client 106.4.175.81:0] script '/domains/astrosfm/indexback.php' not found or unable to stat, referer: http://www.space-flight.org/indexback.php
[Sun Feb 01 07:17:13.710580 2026] [php:error] [pid 82324] [client 20.89.56.154:0] script '/domains/carynm/neshe.php' not found or unable to stat
[Sun Feb 01 07:17:13.867723 2026] [php:error] [pid 82324] [client 20.89.56.154:0] script '/domains/carynm/wp-site.php' not found or unable to stat
[Sun Feb 01 07:17:14.024729 2026] [php:error] [pid 82324] [client 20.89.56.154:0] script '/domains/carynm/environment.php' not found or unable to stat
[Sun Feb 01 07:17:14.182257 2026] [php:error] [pid 82324] [client 20.89.56.154:0] script '/domains/carynm/lala.php' not found or unable to stat
[Sun Feb 01 07:17:14.339364 2026] [php:error] [pid 82324] [client 20.89.56.154:0] script '/domains/carynm/menu.php' not found or unable to stat
[Sun Feb 01 07:17:14.535229 2026] [php:error] [pid 82324] [client 20.89.56.154:0] script '/domains/carynm/tmpls.php' not found or unable to stat
[Sun Feb 01 07:17:14.692605 2026] [php:error] [pid 82324] [client 20.89.56.154:0] script '/domains/carynm/item.php' not found or unable to stat
[Sun Feb 01 07:17:14.850611 2026] [php:error] [pid 82324] [client 20.89.56.154:0] script '/domains/carynm/test1.php' not found or unable to stat
[Sun Feb 01 07:17:15.008313 2026] [php:error] [pid 82324] [client 20.89.56.154:0] script '/domains/carynm/wp-themes.php' not found or unable to stat
[Sun Feb 01 07:17:15.323190 2026] [php:error] [pid 82324] [client 20.89.56.154:0] script '/domains/carynm/indeex.php' not found or unable to stat
[Sun Feb 01 07:17:15.638917 2026] [php:error] [pid 82324] [client 20.89.56.154:0] script '/domains/carynm/503.php' not found or unable to stat
[Sun Feb 01 07:17:15.795839 2026] [php:error] [pid 82324] [client 20.89.56.154:0] script '/domains/carynm/html.php' not found or unable to stat
[Sun Feb 01 07:17:15.952876 2026] [php:error] [pid 82324] [client 20.89.56.154:0] script '/domains/carynm/custom-background.php' not found or unable to stat
[Sun Feb 01 07:17:16.111833 2026] [php:error] [pid 82324] [client 20.89.56.154:0] script '/domains/carynm/xmrlpc.php' not found or unable to stat
[Sun Feb 01 07:17:16.268882 2026] [php:error] [pid 82324] [client 20.89.56.154:0] script '/domains/carynm/img.php' not found or unable to stat
[Sun Feb 01 07:17:16.426925 2026] [php:error] [pid 82324] [client 20.89.56.154:0] script '/domains/carynm/css/radio.php' not found or unable to stat
[Sun Feb 01 07:17:16.585101 2026] [php:error] [pid 82324] [client 20.89.56.154:0] script '/domains/carynm/cwclass.php' not found or unable to stat
[Sun Feb 01 07:17:16.742004 2026] [php:error] [pid 82324] [client 20.89.56.154:0] script '/domains/carynm/0x.php' not found or unable to stat
[Sun Feb 01 07:17:16.899218 2026] [php:error] [pid 82324] [client 20.89.56.154:0] script '/domains/carynm/a2.php' not found or unable to stat
[Sun Feb 01 07:17:17.056460 2026] [php:error] [pid 82324] [client 20.89.56.154:0] script '/domains/carynm/m.php' not found or unable to stat
[Sun Feb 01 07:17:17.213617 2026] [php:error] [pid 82324] [client 20.89.56.154:0] script '/domains/carynm/oo.php' not found or unable to stat
[Sun Feb 01 07:17:17.371443 2026] [php:error] [pid 82324] [client 20.89.56.154:0] script '/domains/carynm/1.php' not found or unable to stat
[Sun Feb 01 07:17:17.687520 2026] [php:error] [pid 82324] [client 20.89.56.154:0] script '/domains/carynm/az.php' not found or unable to stat
[Sun Feb 01 07:17:17.844875 2026] [php:error] [pid 82324] [client 20.89.56.154:0] script '/domains/carynm/x.php' not found or unable to stat
[Sun Feb 01 07:17:18.002088 2026] [php:error] [pid 82324] [client 20.89.56.154:0] script '/domains/carynm/gg.php' not found or unable to stat
[Sun Feb 01 07:17:18.162836 2026] [php:error] [pid 82324] [client 20.89.56.154:0] script '/domains/carynm/server.php' not found or unable to stat
[Sun Feb 01 07:17:18.304784 2026] [php:error] [pid 82332] [client 40.69.27.251:0] script '/domains/ferguson.interport/new.php' not found or unable to stat
[Sun Feb 01 07:17:18.319628 2026] [php:error] [pid 82324] [client 20.89.56.154:0] script '/domains/carynm/class19.php' not found or unable to stat
[Sun Feb 01 07:17:18.378060 2026] [php:error] [pid 82332] [client 40.69.27.251:0] script '/domains/ferguson.interport/ffile.php' not found or unable to stat
[Sun Feb 01 07:17:18.476540 2026] [php:error] [pid 82324] [client 20.89.56.154:0] script '/domains/carynm/yanz.php' not found or unable to stat
[Sun Feb 01 07:17:18.499252 2026] [php:error] [pid 82332] [client 40.69.27.251:0] script '/domains/ferguson.interport/jmfi2.php' not found or unable to stat
[Sun Feb 01 07:17:18.606704 2026] [php:error] [pid 82332] [client 40.69.27.251:0] script '/domains/ferguson.interport/ez.php' not found or unable to stat
[Sun Feb 01 07:17:18.723204 2026] [php:error] [pid 82332] [client 40.69.27.251:0] script '/domains/ferguson.interport/asasx.php' not found or unable to stat
[Sun Feb 01 07:17:18.818600 2026] [php:error] [pid 82332] [client 40.69.27.251:0] script '/domains/ferguson.interport/Sanskrit.php' not found or unable to stat
[Sun Feb 01 07:17:18.947590 2026] [php:error] [pid 82324] [client 20.89.56.154:0] script '/domains/carynm/class.php' not found or unable to stat
[Sun Feb 01 07:17:19.032902 2026] [php:error] [pid 82332] [client 40.69.27.251:0] script '/domains/ferguson.interport/vxrl.php' not found or unable to stat
[Sun Feb 01 07:17:19.104610 2026] [php:error] [pid 82324] [client 20.89.56.154:0] script '/domains/carynm/elp.php' not found or unable to stat
[Sun Feb 01 07:17:19.192149 2026] [php:error] [pid 82332] [client 40.69.27.251:0] script '/domains/ferguson.interport/w3llstore.php' not found or unable to stat
[Sun Feb 01 07:17:19.261570 2026] [php:error] [pid 82324] [client 20.89.56.154:0] script '/domains/carynm/sx.php' not found or unable to stat
[Sun Feb 01 07:17:19.265435 2026] [php:error] [pid 82332] [client 40.69.27.251:0] script '/domains/ferguson.interport/re.php' not found or unable to stat
[Sun Feb 01 07:17:19.339137 2026] [php:error] [pid 82332] [client 40.69.27.251:0] script '/domains/ferguson.interport/cfile.php' not found or unable to stat
[Sun Feb 01 07:17:19.466551 2026] [php:error] [pid 82332] [client 40.69.27.251:0] script '/domains/ferguson.interport/num.php' not found or unable to stat
[Sun Feb 01 07:17:19.575379 2026] [php:error] [pid 82324] [client 20.89.56.154:0] script '/domains/carynm/dropdown.php' not found or unable to stat
[Sun Feb 01 07:17:19.587312 2026] [php:error] [pid 82332] [client 40.69.27.251:0] script '/domains/ferguson.interport/axx.php' not found or unable to stat
[Sun Feb 01 07:17:19.660136 2026] [php:error] [pid 82332] [client 40.69.27.251:0] script '/domains/ferguson.interport/vxrl.php' not found or unable to stat
[Sun Feb 01 07:17:19.736531 2026] [php:error] [pid 82332] [client 40.69.27.251:0] script '/domains/ferguson.interport/co.php' not found or unable to stat
[Sun Feb 01 07:17:19.962787 2026] [php:error] [pid 82332] [client 40.69.27.251:0] script '/domains/ferguson.interport/in.php' not found or unable to stat
[Sun Feb 01 07:17:20.036156 2026] [php:error] [pid 82332] [client 40.69.27.251:0] script '/domains/ferguson.interport/style.php' not found or unable to stat
[Sun Feb 01 07:17:20.047256 2026] [php:error] [pid 82324] [client 20.89.56.154:0] script '/domains/carynm/priv.php' not found or unable to stat
[Sun Feb 01 07:17:20.110051 2026] [php:error] [pid 82332] [client 40.69.27.251:0] script '/domains/ferguson.interport/style2.php' not found or unable to stat
[Sun Feb 01 07:17:20.185510 2026] [php:error] [pid 82332] [client 40.69.27.251:0] script '/domains/ferguson.interport/we.php' not found or unable to stat
[Sun Feb 01 07:17:20.204080 2026] [php:error] [pid 82324] [client 20.89.56.154:0] script '/domains/carynm/function.php' not found or unable to stat
[Sun Feb 01 07:17:20.286343 2026] [php:error] [pid 82332] [client 40.69.27.251:0] script '/domains/ferguson.interport/zwso.php' not found or unable to stat
[Sun Feb 01 07:17:20.361308 2026] [php:error] [pid 82332] [client 40.69.27.251:0] script '/domains/ferguson.interport/wsback.php' not found or unable to stat
[Sun Feb 01 07:17:20.518028 2026] [php:error] [pid 82324] [client 20.89.56.154:0] script '/domains/carynm/wp-load.php' not found or unable to stat
[Sun Feb 01 07:17:20.536907 2026] [php:error] [pid 82332] [client 40.69.27.251:0] script '/domains/ferguson.interport/pm.php' not found or unable to stat
[Sun Feb 01 07:17:20.610050 2026] [php:error] [pid 82332] [client 40.69.27.251:0] script '/domains/ferguson.interport/karak.php' not found or unable to stat
[Sun Feb 01 07:17:20.675023 2026] [php:error] [pid 82324] [client 20.89.56.154:0] script '/domains/carynm/wsd.php' not found or unable to stat
[Sun Feb 01 07:17:20.683603 2026] [php:error] [pid 82332] [client 40.69.27.251:0] script '/domains/ferguson.interport/trd.php' not found or unable to stat
[Sun Feb 01 07:17:20.815493 2026] [php:error] [pid 82332] [client 40.69.27.251:0] script '/domains/ferguson.interport/past.php' not found or unable to stat
[Sun Feb 01 07:17:20.832301 2026] [php:error] [pid 82324] [client 20.89.56.154:0] script '/domains/carynm/editor.php' not found or unable to stat
[Sun Feb 01 07:17:20.889580 2026] [php:error] [pid 82332] [client 40.69.27.251:0] script '/domains/ferguson.interport/prv8.php' not found or unable to stat
[Sun Feb 01 07:17:20.978438 2026] [php:error] [pid 82332] [client 40.69.27.251:0] script '/domains/ferguson.interport/i.php' not found or unable to stat
[Sun Feb 01 07:17:21.051435 2026] [php:error] [pid 82332] [client 40.69.27.251:0] script '/domains/ferguson.interport/xmlrpc.php' not found or unable to stat
[Sun Feb 01 07:17:21.224632 2026] [php:error] [pid 82332] [client 40.69.27.251:0] script '/domains/ferguson.interport/cron.php' not found or unable to stat
[Sun Feb 01 07:17:21.298327 2026] [php:error] [pid 82332] [client 40.69.27.251:0] script '/domains/ferguson.interport/super.php' not found or unable to stat
[Sun Feb 01 07:17:21.304068 2026] [php:error] [pid 82324] [client 20.89.56.154:0] script '/domains/carynm/cong.php' not found or unable to stat
[Sun Feb 01 07:17:21.426985 2026] [php:error] [pid 82332] [client 40.69.27.251:0] script '/domains/ferguson.interport/aw.php' not found or unable to stat
[Sun Feb 01 07:17:21.511357 2026] [php:error] [pid 82332] [client 40.69.27.251:0] script '/domains/ferguson.interport/dev.php' not found or unable to stat
[Sun Feb 01 07:17:21.596821 2026] [php:error] [pid 82332] [client 40.69.27.251:0] script '/domains/ferguson.interport/wp-trackback.php' not found or unable to stat
[Sun Feb 01 07:17:21.617723 2026] [php:error] [pid 82324] [client 20.89.56.154:0] script '/domains/carynm/inputs.php' not found or unable to stat
[Sun Feb 01 07:17:21.845374 2026] [php:error] [pid 82332] [client 40.69.27.251:0] script '/domains/ferguson.interport/lock360.php' not found or unable to stat
[Sun Feb 01 07:17:21.924422 2026] [php:error] [pid 82332] [client 40.69.27.251:0] script '/domains/ferguson.interport/file32.php' not found or unable to stat
[Sun Feb 01 07:17:21.998806 2026] [php:error] [pid 82332] [client 40.69.27.251:0] script '/domains/ferguson.interport/hello.php' not found or unable to stat
[Sun Feb 01 07:17:22.089438 2026] [php:error] [pid 82324] [client 20.89.56.154:0] script '/domains/carynm/files.php' not found or unable to stat
[Sun Feb 01 07:17:22.205275 2026] [php:error] [pid 82332] [client 40.69.27.251:0] script '/domains/ferguson.interport/goat.php' not found or unable to stat
[Sun Feb 01 07:17:22.246505 2026] [php:error] [pid 82324] [client 20.89.56.154:0] script '/domains/carynm/zwso.php' not found or unable to stat
[Sun Feb 01 07:17:22.280769 2026] [php:error] [pid 82332] [client 40.69.27.251:0] script '/domains/ferguson.interport/wp-gr.php' not found or unable to stat
[Sun Feb 01 07:17:22.409900 2026] [php:error] [pid 82332] [client 40.69.27.251:0] script '/domains/ferguson.interport/tcp.php' not found or unable to stat
[Sun Feb 01 07:17:22.482878 2026] [php:error] [pid 82332] [client 40.69.27.251:0] script '/domains/ferguson.interport/hot.php' not found or unable to stat
[Sun Feb 01 07:17:22.556585 2026] [php:error] [pid 82332] [client 40.69.27.251:0] script '/domains/ferguson.interport/live.php' not found or unable to stat
[Sun Feb 01 07:17:22.561015 2026] [php:error] [pid 82324] [client 20.89.56.154:0] script '/domains/carynm/backup.php' not found or unable to stat
[Sun Feb 01 07:17:22.631565 2026] [php:error] [pid 82332] [client 40.69.27.251:0] script '/domains/ferguson.interport/pm.php' not found or unable to stat
[Sun Feb 01 07:17:22.770659 2026] [php:error] [pid 82332] [client 40.69.27.251:0] script '/domains/ferguson.interport/date.php' not found or unable to stat
[Sun Feb 01 07:17:22.875361 2026] [php:error] [pid 82324] [client 20.89.56.154:0] script '/domains/carynm/06.php' not found or unable to stat
[Sun Feb 01 07:17:22.885525 2026] [php:error] [pid 82332] [client 40.69.27.251:0] script '/domains/ferguson.interport/ext.php' not found or unable to stat
[Sun Feb 01 07:17:22.958819 2026] [php:error] [pid 82332] [client 40.69.27.251:0] script '/domains/ferguson.interport/jlex3.php' not found or unable to stat
[Sun Feb 01 07:17:23.032259 2026] [php:error] [pid 82324] [client 20.89.56.154:0] script '/domains/carynm/size.php' not found or unable to stat
[Sun Feb 01 07:17:23.041417 2026] [php:error] [pid 82332] [client 40.69.27.251:0] script '/domains/ferguson.interport/inputs.php' not found or unable to stat
[Sun Feb 01 07:17:23.159023 2026] [php:error] [pid 82332] [client 40.69.27.251:0] script '/domains/ferguson.interport/rsnu.php' not found or unable to stat
[Sun Feb 01 07:17:23.189254 2026] [php:error] [pid 82324] [client 20.89.56.154:0] script '/domains/carynm/vx.php' not found or unable to stat
[Sun Feb 01 07:17:23.232941 2026] [php:error] [pid 82332] [client 40.69.27.251:0] script '/domains/ferguson.interport/ioxi.php' not found or unable to stat
[Sun Feb 01 07:17:23.346561 2026] [php:error] [pid 82324] [client 20.89.56.154:0] script '/domains/carynm/dev1s.php' not found or unable to stat
[Sun Feb 01 07:17:23.353347 2026] [php:error] [pid 82332] [client 40.69.27.251:0] script '/domains/ferguson.interport/aucxcocoxo.php' not found or unable to stat
[Sun Feb 01 07:17:23.428021 2026] [php:error] [pid 82332] [client 40.69.27.251:0] script '/domains/ferguson.interport/krypton.php' not found or unable to stat
[Sun Feb 01 07:17:23.503582 2026] [php:error] [pid 82324] [client 20.89.56.154:0] script '/domains/carynm/zr.php' not found or unable to stat
[Sun Feb 01 07:17:23.506003 2026] [php:error] [pid 82332] [client 40.69.27.251:0] script '/domains/ferguson.interport/wp-xx.php' not found or unable to stat
[Sun Feb 01 07:17:23.579472 2026] [php:error] [pid 82332] [client 40.69.27.251:0] script '/domains/ferguson.interport/fe5.php' not found or unable to stat
[Sun Feb 01 07:17:23.660458 2026] [php:error] [pid 82324] [client 20.89.56.154:0] script '/domains/carynm/styles.php' not found or unable to stat
[Sun Feb 01 07:17:23.670657 2026] [php:error] [pid 82332] [client 40.69.27.251:0] script '/domains/ferguson.interport/ov.php' not found or unable to stat
[Sun Feb 01 07:17:23.744390 2026] [php:error] [pid 82332] [client 40.69.27.251:0] script '/domains/ferguson.interport/goup.php' not found or unable to stat
[Sun Feb 01 07:17:23.817861 2026] [php:error] [pid 82332] [client 40.69.27.251:0] script '/domains/ferguson.interport/foot.php' not found or unable to stat
[Sun Feb 01 07:17:23.817907 2026] [php:error] [pid 82324] [client 20.89.56.154:0] script '/domains/carynm/file.php' not found or unable to stat
[Sun Feb 01 07:17:23.891348 2026] [php:error] [pid 82332] [client 40.69.27.251:0] script '/domains/ferguson.interport/file2.php' not found or unable to stat
[Sun Feb 01 07:17:23.974738 2026] [php:error] [pid 82324] [client 20.89.56.154:0] script '/domains/carynm/revision.php' not found or unable to stat
[Sun Feb 01 07:17:24.131531 2026] [php:error] [pid 82324] [client 20.89.56.154:0] script '/domains/carynm/panel.php' not found or unable to stat
[Sun Feb 01 07:17:24.246232 2026] [php:error] [pid 82332] [client 40.69.27.251:0] script '/domains/ferguson.interport/default.php' not found or unable to stat
[Sun Feb 01 07:17:24.288325 2026] [php:error] [pid 82324] [client 20.89.56.154:0] script '/domains/carynm/wen.php' not found or unable to stat
[Sun Feb 01 07:17:24.396432 2026] [php:error] [pid 82332] [client 40.69.27.251:0] script '/domains/ferguson.interport/weo.php' not found or unable to stat
[Sun Feb 01 07:17:24.445338 2026] [php:error] [pid 82324] [client 20.89.56.154:0] script '/domains/carynm/ioxi-o.php' not found or unable to stat
[Sun Feb 01 07:17:24.469443 2026] [php:error] [pid 82332] [client 40.69.27.251:0] script '/domains/ferguson.interport/abcd.php' not found or unable to stat
[Sun Feb 01 07:17:24.542483 2026] [php:error] [pid 82332] [client 40.69.27.251:0] script '/domains/ferguson.interport/mnkalo.php' not found or unable to stat
[Sun Feb 01 07:17:24.602303 2026] [php:error] [pid 82324] [client 20.89.56.154:0] script '/domains/carynm/gtc.php' not found or unable to stat
[Sun Feb 01 07:17:24.673444 2026] [php:error] [pid 82332] [client 40.69.27.251:0] script '/domains/ferguson.interport/ioxi2.php' not found or unable to stat
[Sun Feb 01 07:17:24.749303 2026] [php:error] [pid 82332] [client 40.69.27.251:0] script '/domains/ferguson.interport/nope.php' not found or unable to stat
[Sun Feb 01 07:17:24.759090 2026] [php:error] [pid 82324] [client 20.89.56.154:0] script '/domains/carynm/mini.php' not found or unable to stat
[Sun Feb 01 07:17:24.822554 2026] [php:error] [pid 82332] [client 40.69.27.251:0] script '/domains/ferguson.interport/class.1.php' not found or unable to stat
[Sun Feb 01 07:17:24.917387 2026] [php:error] [pid 82324] [client 20.89.56.154:0] script '/domains/carynm/siteheads.php' not found or unable to stat
[Sun Feb 01 07:17:24.930057 2026] [php:error] [pid 82338] [client 145.239.10.137:0] script '/domains/system_suspended/g.php' not found or unable to stat, referer: http://dcss.org/g.php
[Sun Feb 01 07:17:24.963934 2026] [php:error] [pid 82332] [client 40.69.27.251:0] script '/domains/ferguson.interport/file5.php' not found or unable to stat
[Sun Feb 01 07:17:25.074478 2026] [php:error] [pid 82324] [client 20.89.56.154:0] script '/domains/carynm/okxh.php' not found or unable to stat
[Sun Feb 01 07:17:25.086178 2026] [php:error] [pid 82332] [client 40.69.27.251:0] script '/domains/ferguson.interport/async.php' not found or unable to stat
[Sun Feb 01 07:17:25.197683 2026] [php:error] [pid 82332] [client 40.69.27.251:0] script '/domains/ferguson.interport/file17.php' not found or unable to stat
[Sun Feb 01 07:17:25.231816 2026] [php:error] [pid 82324] [client 20.89.56.154:0] script '/domains/carynm/content.php' not found or unable to stat
[Sun Feb 01 07:17:25.271096 2026] [php:error] [pid 82332] [client 40.69.27.251:0] script '/domains/ferguson.interport/ff.php' not found or unable to stat
[Sun Feb 01 07:17:25.350561 2026] [php:error] [pid 82332] [client 40.69.27.251:0] script '/domains/ferguson.interport/ioxi-o.php' not found or unable to stat
[Sun Feb 01 07:17:25.389052 2026] [php:error] [pid 82324] [client 20.89.56.154:0] script '/domains/carynm/wp-good.php' not found or unable to stat
[Sun Feb 01 07:17:25.424044 2026] [php:error] [pid 82332] [client 40.69.27.251:0] script '/domains/ferguson.interport/png.php' not found or unable to stat
[Sun Feb 01 07:17:25.512864 2026] [php:error] [pid 82332] [client 40.69.27.251:0] script '/domains/ferguson.interport/v2.php' not found or unable to stat
[Sun Feb 01 07:17:25.546283 2026] [php:error] [pid 82324] [client 20.89.56.154:0] script '/domains/carynm/abcd.php' not found or unable to stat
[Sun Feb 01 07:17:25.594557 2026] [php:error] [pid 82332] [client 40.69.27.251:0] script '/domains/ferguson.interport/pp.php' not found or unable to stat
[Sun Feb 01 07:17:25.667703 2026] [php:error] [pid 82332] [client 40.69.27.251:0] script '/domains/ferguson.interport/manager.php' not found or unable to stat
[Sun Feb 01 07:17:25.703101 2026] [php:error] [pid 82324] [client 20.89.56.154:0] script '/domains/carynm/log.php' not found or unable to stat
[Sun Feb 01 07:17:25.741432 2026] [php:error] [pid 82332] [client 40.69.27.251:0] script '/domains/ferguson.interport/system_log.php' not found or unable to stat
[Sun Feb 01 07:17:25.844693 2026] [php:error] [pid 82332] [client 40.69.27.251:0] script '/domains/ferguson.interport/wp-update.php' not found or unable to stat
[Sun Feb 01 07:17:25.859851 2026] [php:error] [pid 82324] [client 20.89.56.154:0] script '/domains/carynm/info.php' not found or unable to stat
[Sun Feb 01 07:17:25.926499 2026] [php:error] [pid 82332] [client 40.69.27.251:0] script '/domains/ferguson.interport/file.php' not found or unable to stat
[Sun Feb 01 07:17:26.081593 2026] [php:error] [pid 82332] [client 40.69.27.251:0] script '/domains/ferguson.interport/520.php' not found or unable to stat
[Sun Feb 01 07:17:26.158158 2026] [php:error] [pid 82332] [client 40.69.27.251:0] script '/domains/ferguson.interport/Ova-Simple.php' not found or unable to stat
[Sun Feb 01 07:17:26.238581 2026] [php:error] [pid 82332] [client 40.69.27.251:0] script '/domains/ferguson.interport/lc.php' not found or unable to stat
[Sun Feb 01 07:17:26.314574 2026] [php:error] [pid 82332] [client 40.69.27.251:0] script '/domains/ferguson.interport/r4f_1.php' not found or unable to stat
[Sun Feb 01 07:17:26.332187 2026] [php:error] [pid 82324] [client 20.89.56.154:0] script '/domains/carynm/12.php' not found or unable to stat
[Sun Feb 01 07:17:26.387538 2026] [php:error] [pid 82332] [client 40.69.27.251:0] script '/domains/ferguson.interport/hexx.php' not found or unable to stat
[Sun Feb 01 07:17:26.491820 2026] [php:error] [pid 82324] [client 20.89.56.154:0] script '/domains/carynm/yr.PHP' not found or unable to stat
[Sun Feb 01 07:17:26.554997 2026] [php:error] [pid 82332] [client 40.69.27.251:0] script '/domains/ferguson.interport/cbrfo.php' not found or unable to stat
[Sun Feb 01 07:17:26.628904 2026] [php:error] [pid 82332] [client 40.69.27.251:0] script '/domains/ferguson.interport/inc.php' not found or unable to stat
[Sun Feb 01 07:17:26.648945 2026] [php:error] [pid 82324] [client 20.89.56.154:0] script '/domains/carynm/dex.php' not found or unable to stat
[Sun Feb 01 07:17:26.713985 2026] [php:error] [pid 82332] [client 40.69.27.251:0] script '/domains/ferguson.interport/jquery.php' not found or unable to stat
[Sun Feb 01 07:17:26.788706 2026] [php:error] [pid 82332] [client 40.69.27.251:0] script '/domains/ferguson.interport/gifclass.php' not found or unable to stat
[Sun Feb 01 07:17:26.806204 2026] [php:error] [pid 82324] [client 20.89.56.154:0] script '/domains/carynm/yas.php' not found or unable to stat
[Sun Feb 01 07:17:26.963072 2026] [php:error] [pid 82324] [client 20.89.56.154:0] script '/domains/carynm/up.php' not found or unable to stat
[Sun Feb 01 07:17:26.964683 2026] [php:error] [pid 82332] [client 40.69.27.251:0] script '/domains/ferguson.interport/miansha.php' not found or unable to stat
[Sun Feb 01 07:17:27.038053 2026] [php:error] [pid 82332] [client 40.69.27.251:0] script '/domains/ferguson.interport/tinyfilemanager.php' not found or unable to stat
[Sun Feb 01 07:17:27.120148 2026] [php:error] [pid 82324] [client 20.89.56.154:0] script '/domains/carynm/ova.php' not found or unable to stat
[Sun Feb 01 07:17:27.122222 2026] [php:error] [pid 82332] [client 40.69.27.251:0] script '/domains/ferguson.interport/xfile25.php' not found or unable to stat
[Sun Feb 01 07:17:27.277131 2026] [php:error] [pid 82324] [client 20.89.56.154:0] script '/domains/carynm/buy.php' not found or unable to stat
[Sun Feb 01 07:17:27.305912 2026] [php:error] [pid 82332] [client 40.69.27.251:0] script '/domains/ferguson.interport/ok.php' not found or unable to stat
[Sun Feb 01 07:17:27.479804 2026] [php:error] [pid 82332] [client 40.69.27.251:0] script '/domains/ferguson.interport/fi.php' not found or unable to stat
[Sun Feb 01 07:17:27.557207 2026] [php:error] [pid 82332] [client 40.69.27.251:0] script '/domains/ferguson.interport/muzu.php' not found or unable to stat
[Sun Feb 01 07:17:27.592049 2026] [php:error] [pid 82324] [client 20.89.56.154:0] script '/domains/carynm/classwithtostring.php' not found or unable to stat
[Sun Feb 01 07:17:27.630926 2026] [php:error] [pid 82332] [client 40.69.27.251:0] script '/domains/ferguson.interport/reze.php' not found or unable to stat
[Sun Feb 01 07:17:27.707520 2026] [php:error] [pid 82332] [client 40.69.27.251:0] script '/domains/ferguson.interport/styll.php' not found or unable to stat
[Sun Feb 01 07:17:27.748944 2026] [php:error] [pid 82324] [client 20.89.56.154:0] script '/domains/carynm/acxx.php' not found or unable to stat
[Sun Feb 01 07:17:27.780560 2026] [php:error] [pid 82332] [client 40.69.27.251:0] script '/domains/ferguson.interport/x7.php' not found or unable to stat
[Sun Feb 01 07:17:27.901950 2026] [php:error] [pid 82332] [client 40.69.27.251:0] script '/domains/ferguson.interport/thebe.php' not found or unable to stat
[Sun Feb 01 07:17:27.975467 2026] [php:error] [pid 82332] [client 40.69.27.251:0] script '/domains/ferguson.interport/ddd.php' not found or unable to stat
[Sun Feb 01 07:17:28.049194 2026] [php:error] [pid 82332] [client 40.69.27.251:0] script '/domains/ferguson.interport/ccs.php' not found or unable to stat
[Sun Feb 01 07:17:28.064470 2026] [php:error] [pid 82324] [client 20.89.56.154:0] script '/domains/carynm/mk.php' not found or unable to stat
[Sun Feb 01 07:17:28.139880 2026] [php:error] [pid 82332] [client 40.69.27.251:0] script '/domains/ferguson.interport/f355.php' not found or unable to stat
[Sun Feb 01 07:17:28.222871 2026] [php:error] [pid 82324] [client 20.89.56.154:0] script '/domains/carynm/zoo.php' not found or unable to stat
[Sun Feb 01 07:17:28.282463 2026] [php:error] [pid 82332] [client 40.69.27.251:0] script '/domains/ferguson.interport/bgymj.php' not found or unable to stat
[Sun Feb 01 07:17:28.380385 2026] [php:error] [pid 82324] [client 20.89.56.154:0] script '/domains/carynm/33.php' not found or unable to stat
[Sun Feb 01 07:17:28.538432 2026] [php:error] [pid 82324] [client 20.89.56.154:0] script '/domains/carynm/js/sxx.php' not found or unable to stat
[Sun Feb 01 07:17:28.667804 2026] [php:error] [pid 82340] [client 40.69.27.251:0] script '/domains/ferguson.interport/8xyz.php' not found or unable to stat
[Sun Feb 01 07:17:28.695634 2026] [php:error] [pid 82324] [client 20.89.56.154:0] script '/domains/carynm/mode.php' not found or unable to stat
[Sun Feb 01 07:17:28.739942 2026] [php:error] [pid 82340] [client 40.69.27.251:0] script '/domains/ferguson.interport/la.php' not found or unable to stat
[Sun Feb 01 07:17:28.815809 2026] [php:error] [pid 82340] [client 40.69.27.251:0] script '/domains/ferguson.interport/ioxi.php' not found or unable to stat
[Sun Feb 01 07:17:28.852592 2026] [php:error] [pid 82324] [client 20.89.56.154:0] script '/domains/carynm/docs.php' not found or unable to stat
[Sun Feb 01 07:17:28.945742 2026] [php:error] [pid 82340] [client 40.69.27.251:0] script '/domains/ferguson.interport/xpwer1.php' not found or unable to stat
[Sun Feb 01 07:17:29.011094 2026] [php:error] [pid 82324] [client 20.89.56.154:0] script '/domains/carynm/abc.php' not found or unable to stat
[Sun Feb 01 07:17:29.022213 2026] [php:error] [pid 82340] [client 40.69.27.251:0] script '/domains/ferguson.interport/lala.php' not found or unable to stat
[Sun Feb 01 07:17:29.114651 2026] [php:error] [pid 82340] [client 40.69.27.251:0] script '/domains/ferguson.interport/about.php' not found or unable to stat
[Sun Feb 01 07:17:29.325117 2026] [php:error] [pid 82324] [client 20.89.56.154:0] script '/domains/carynm/wp-tot.php' not found or unable to stat
[Sun Feb 01 07:17:29.807411 2026] [php:error] [pid 82341] [client 20.89.56.154:0] script '/domains/carynm/ioxi.php' not found or unable to stat
[Sun Feb 01 07:17:29.889652 2026] [php:error] [pid 82340] [client 40.69.27.251:0] script '/domains/ferguson.interport/info.php' not found or unable to stat
[Sun Feb 01 07:17:29.965546 2026] [php:error] [pid 82341] [client 20.89.56.154:0] script '/domains/carynm/ans.php' not found or unable to stat
[Sun Feb 01 07:17:29.987788 2026] [php:error] [pid 82340] [client 40.69.27.251:0] script '/domains/ferguson.interport/about.php' not found or unable to stat
[Sun Feb 01 07:17:30.123884 2026] [php:error] [pid 82341] [client 20.89.56.154:0] script '/domains/carynm/ok.php' not found or unable to stat
[Sun Feb 01 07:17:30.154992 2026] [php:error] [pid 82340] [client 40.69.27.251:0] script '/domains/ferguson.interport/ss1.php' not found or unable to stat
[Sun Feb 01 07:17:30.226883 2026] [php:error] [pid 82340] [client 40.69.27.251:0] script '/domains/ferguson.interport/goods.php' not found or unable to stat
[Sun Feb 01 07:17:30.284190 2026] [php:error] [pid 82341] [client 20.89.56.154:0] script '/domains/carynm/asasx.php' not found or unable to stat
[Sun Feb 01 07:17:30.299004 2026] [php:error] [pid 82340] [client 40.69.27.251:0] script '/domains/ferguson.interport/222.php' not found or unable to stat
[Sun Feb 01 07:17:30.442621 2026] [php:error] [pid 82341] [client 20.89.56.154:0] script '/domains/carynm/fileupload.php' not found or unable to stat
[Sun Feb 01 07:17:30.471944 2026] [php:error] [pid 82340] [client 40.69.27.251:0] script '/domains/ferguson.interport/adminfuns.php' not found or unable to stat
[Sun Feb 01 07:17:30.601099 2026] [php:error] [pid 82341] [client 20.89.56.154:0] script '/domains/carynm/ran.php' not found or unable to stat
[Sun Feb 01 07:17:30.616737 2026] [php:error] [pid 82340] [client 40.69.27.251:0] script '/domains/ferguson.interport/xx.php' not found or unable to stat
[Sun Feb 01 07:17:30.759351 2026] [php:error] [pid 82341] [client 20.89.56.154:0] script '/domains/carynm/set.php' not found or unable to stat
[Sun Feb 01 07:17:30.847389 2026] [php:error] [pid 82340] [client 40.69.27.251:0] script '/domains/ferguson.interport/f5.php' not found or unable to stat
[Sun Feb 01 07:17:30.918314 2026] [php:error] [pid 82341] [client 20.89.56.154:0] script '/domains/carynm/bs2.php' not found or unable to stat
[Sun Feb 01 07:17:30.920590 2026] [php:error] [pid 82340] [client 40.69.27.251:0] script '/domains/ferguson.interport/flower.php' not found or unable to stat
[Sun Feb 01 07:17:30.992763 2026] [php:error] [pid 82340] [client 40.69.27.251:0] script '/domains/ferguson.interport/f6.php' not found or unable to stat
[Sun Feb 01 07:17:31.139188 2026] [php:error] [pid 82340] [client 40.69.27.251:0] script '/domains/ferguson.interport/edit.php' not found or unable to stat
[Sun Feb 01 07:17:31.235367 2026] [php:error] [pid 82341] [client 20.89.56.154:0] script '/domains/carynm/gifclass.php' not found or unable to stat
[Sun Feb 01 07:17:31.292068 2026] [php:error] [pid 82340] [client 40.69.27.251:0] script '/domains/ferguson.interport/aa.php' not found or unable to stat
[Sun Feb 01 07:17:31.535161 2026] [php:error] [pid 82340] [client 40.69.27.251:0] script '/domains/ferguson.interport/av.php' not found or unable to stat
[Sun Feb 01 07:17:31.552384 2026] [php:error] [pid 82341] [client 20.89.56.154:0] script '/domains/carynm/manager.php' not found or unable to stat
[Sun Feb 01 07:17:31.709504 2026] [php:error] [pid 82340] [client 40.69.27.251:0] script '/domains/ferguson.interport/wsd.php' not found or unable to stat
[Sun Feb 01 07:17:31.711122 2026] [php:error] [pid 82341] [client 20.89.56.154:0] script '/domains/carynm/xx.php' not found or unable to stat
[Sun Feb 01 07:17:31.851055 2026] [php:error] [pid 82340] [client 40.69.27.251:0] script '/domains/ferguson.interport/jane.php' not found or unable to stat
[Sun Feb 01 07:17:31.869885 2026] [php:error] [pid 82341] [client 20.89.56.154:0] script '/domains/carynm/about.php' not found or unable to stat
[Sun Feb 01 07:17:31.981138 2026] [php:error] [pid 82340] [client 40.69.27.251:0] script '/domains/ferguson.interport/css.php' not found or unable to stat
[Sun Feb 01 07:17:32.030294 2026] [php:error] [pid 82341] [client 20.89.56.154:0] script '/domains/carynm/zfile.php' not found or unable to stat
[Sun Feb 01 07:17:32.063319 2026] [php:error] [pid 82340] [client 40.69.27.251:0] script '/domains/ferguson.interport/alfa.php' not found or unable to stat
[Sun Feb 01 07:17:32.189060 2026] [php:error] [pid 82341] [client 20.89.56.154:0] script '/domains/carynm/ccou.php' not found or unable to stat
[Sun Feb 01 07:17:32.191218 2026] [php:error] [pid 82340] [client 40.69.27.251:0] script '/domains/ferguson.interport/wen.php' not found or unable to stat
[Sun Feb 01 07:17:32.263845 2026] [php:error] [pid 82340] [client 40.69.27.251:0] script '/domains/ferguson.interport/x.php' not found or unable to stat
[Sun Feb 01 07:17:32.347442 2026] [php:error] [pid 82341] [client 20.89.56.154:0] script '/domains/carynm/as.php' not found or unable to stat
[Sun Feb 01 07:17:32.366880 2026] [php:error] [pid 82340] [client 40.69.27.251:0] script '/domains/ferguson.interport/xxxx.php' not found or unable to stat
[Sun Feb 01 07:17:32.505877 2026] [php:error] [pid 82341] [client 20.89.56.154:0] script '/domains/carynm/autoload_classmap.php' not found or unable to stat
[Sun Feb 01 07:17:32.598761 2026] [php:error] [pid 82340] [client 40.69.27.251:0] script '/domains/ferguson.interport/class.php' not found or unable to stat
[Sun Feb 01 07:17:32.745343 2026] [php:error] [pid 82340] [client 40.69.27.251:0] script '/domains/ferguson.interport/f35.php' not found or unable to stat
[Sun Feb 01 07:17:32.822384 2026] [php:error] [pid 82341] [client 20.89.56.154:0] script '/domains/carynm/ar.php' not found or unable to stat
[Sun Feb 01 07:17:32.980352 2026] [php:error] [pid 82341] [client 20.89.56.154:0] script '/domains/carynm/css/index.php' not found or unable to stat
[Sun Feb 01 07:17:33.237306 2026] [php:error] [pid 82340] [client 40.69.27.251:0] script '/domains/ferguson.interport/class-t.api.php' not found or unable to stat
[Sun Feb 01 07:17:33.310142 2026] [php:error] [pid 82340] [client 40.69.27.251:0] script '/domains/ferguson.interport/blurbs18.php' not found or unable to stat
[Sun Feb 01 07:17:34.076385 2026] [php:error] [pid 82340] [client 40.69.27.251:0] script '/domains/ferguson.interport/wp-good.php' not found or unable to stat
[Sun Feb 01 07:17:34.151860 2026] [php:error] [pid 82340] [client 40.69.27.251:0] script '/domains/ferguson.interport/bless11.php' not found or unable to stat
[Sun Feb 01 07:17:34.224382 2026] [php:error] [pid 82340] [client 40.69.27.251:0] script '/domains/ferguson.interport/init.php' not found or unable to stat
[Sun Feb 01 07:17:34.495194 2026] [php:error] [pid 82340] [client 40.69.27.251:0] script '/domains/ferguson.interport/k.php' not found or unable to stat
[Sun Feb 01 07:17:34.567990 2026] [php:error] [pid 82340] [client 40.69.27.251:0] script '/domains/ferguson.interport/bless.php' not found or unable to stat
[Sun Feb 01 07:17:34.640572 2026] [php:error] [pid 82340] [client 40.69.27.251:0] script '/domains/ferguson.interport/X7x.php' not found or unable to stat
[Sun Feb 01 07:17:34.772684 2026] [php:error] [pid 82340] [client 40.69.27.251:0] script '/domains/ferguson.interport/166.php' not found or unable to stat
[Sun Feb 01 07:17:34.848100 2026] [php:error] [pid 82340] [client 40.69.27.251:0] script '/domains/ferguson.interport/plss3.php' not found or unable to stat
[Sun Feb 01 07:17:35.033192 2026] [php:error] [pid 82340] [client 40.69.27.251:0] script '/domains/ferguson.interport/temp.php' not found or unable to stat
[Sun Feb 01 07:17:35.105252 2026] [php:error] [pid 82340] [client 40.69.27.251:0] script '/domains/ferguson.interport/admins.php' not found or unable to stat
[Sun Feb 01 07:17:35.177595 2026] [php:error] [pid 82340] [client 40.69.27.251:0] script '/domains/ferguson.interport/wp.php' not found or unable to stat
[Sun Feb 01 07:17:35.249503 2026] [php:error] [pid 82340] [client 40.69.27.251:0] script '/domains/ferguson.interport/main.php' not found or unable to stat
[Sun Feb 01 07:17:35.376385 2026] [php:error] [pid 82340] [client 40.69.27.251:0] script '/domains/ferguson.interport/a1.php' not found or unable to stat
[Sun Feb 01 07:17:35.526304 2026] [php:error] [pid 82340] [client 40.69.27.251:0] script '/domains/ferguson.interport/lala.php' not found or unable to stat
[Sun Feb 01 07:17:35.599598 2026] [php:error] [pid 82340] [client 40.69.27.251:0] script '/domains/ferguson.interport/aaa.php' not found or unable to stat
[Sun Feb 01 07:17:35.763797 2026] [php:error] [pid 82340] [client 40.69.27.251:0] script '/domains/ferguson.interport/a2.php' not found or unable to stat
[Sun Feb 01 07:17:36.131847 2026] [php:error] [pid 82340] [client 40.69.27.251:0] script '/domains/ferguson.interport/nyan.php' not found or unable to stat
[Sun Feb 01 07:17:36.258033 2026] [php:error] [pid 82340] [client 40.69.27.251:0] script '/domains/ferguson.interport/PWN.php' not found or unable to stat
[Sun Feb 01 07:17:36.330977 2026] [php:error] [pid 82340] [client 40.69.27.251:0] script '/domains/ferguson.interport/jsond.php' not found or unable to stat
[Sun Feb 01 07:17:36.484401 2026] [php:error] [pid 82340] [client 40.69.27.251:0] script '/domains/ferguson.interport/ws44.php' not found or unable to stat
[Sun Feb 01 07:17:36.556684 2026] [php:error] [pid 82340] [client 40.69.27.251:0] script '/domains/ferguson.interport/ws48.php' not found or unable to stat
[Sun Feb 01 07:17:53.050865 2026] [php:error] [pid 82340] [client 129.150.62.199:0] script '/domains/rextrav/xmlrpc.php' not found or unable to stat
[Sun Feb 01 07:18:12.483444 2026] [php:error] [pid 82328] [client 20.205.115.105:0] script '/domains/system_default/gettest.php' not found or unable to stat
[Sun Feb 01 07:18:12.693905 2026] [php:error] [pid 82328] [client 20.205.115.105:0] script '/domains/system_default/menu.php' not found or unable to stat
[Sun Feb 01 07:18:12.904417 2026] [php:error] [pid 82328] [client 20.205.115.105:0] script '/domains/system_default/bjfl.php' not found or unable to stat
[Sun Feb 01 07:18:13.115899 2026] [php:error] [pid 82328] [client 20.205.115.105:0] script '/domains/system_default/sko.php' not found or unable to stat
[Sun Feb 01 07:18:13.327305 2026] [php:error] [pid 82328] [client 20.205.115.105:0] script '/domains/system_default/obfuscate.php' not found or unable to stat
[Sun Feb 01 07:18:13.538398 2026] [php:error] [pid 82328] [client 20.205.115.105:0] script '/domains/system_default/img.php' not found or unable to stat
[Sun Feb 01 07:18:13.749837 2026] [php:error] [pid 82328] [client 20.205.115.105:0] script '/domains/system_default/co.php' not found or unable to stat
[Sun Feb 01 07:18:13.960083 2026] [php:error] [pid 82328] [client 20.205.115.105:0] script '/domains/system_default/iswfg.php' not found or unable to stat
[Sun Feb 01 07:18:14.170316 2026] [php:error] [pid 82328] [client 20.205.115.105:0] script '/domains/system_default/acxx.php' not found or unable to stat
[Sun Feb 01 07:18:14.380466 2026] [php:error] [pid 82328] [client 20.205.115.105:0] script '/domains/system_default/black.php' not found or unable to stat
[Sun Feb 01 07:18:14.590578 2026] [php:error] [pid 82328] [client 20.205.115.105:0] script '/domains/system_default/wikindex.php' not found or unable to stat
[Sun Feb 01 07:18:14.800940 2026] [php:error] [pid 82328] [client 20.205.115.105:0] script '/domains/system_default/tool.php' not found or unable to stat
[Sun Feb 01 07:18:15.012061 2026] [php:error] [pid 82328] [client 20.205.115.105:0] script '/domains/system_default/py.php' not found or unable to stat
[Sun Feb 01 07:18:15.229568 2026] [php:error] [pid 82328] [client 20.205.115.105:0] script '/domains/system_default/155.php' not found or unable to stat
[Sun Feb 01 07:18:15.440156 2026] [php:error] [pid 82328] [client 20.205.115.105:0] script '/domains/system_default/sym404.php' not found or unable to stat
[Sun Feb 01 07:18:15.650315 2026] [php:error] [pid 82328] [client 20.205.115.105:0] script '/domains/system_default/iko.php' not found or unable to stat
[Sun Feb 01 07:18:15.860414 2026] [php:error] [pid 82328] [client 20.205.115.105:0] script '/domains/system_default/wefile.php' not found or unable to stat
[Sun Feb 01 07:18:16.070777 2026] [php:error] [pid 82328] [client 20.205.115.105:0] script '/domains/system_default/gfd.php' not found or unable to stat
[Sun Feb 01 07:18:16.281500 2026] [php:error] [pid 82328] [client 20.205.115.105:0] script '/domains/system_default/bnm.php' not found or unable to stat
[Sun Feb 01 07:18:16.495605 2026] [php:error] [pid 82328] [client 20.205.115.105:0] script '/domains/system_default/edit-tags.php' not found or unable to stat
[Sun Feb 01 07:18:16.705785 2026] [php:error] [pid 82328] [client 20.205.115.105:0] script '/domains/system_default/vx.php' not found or unable to stat
[Sun Feb 01 07:18:16.956637 2026] [php:error] [pid 82328] [client 20.205.115.105:0] script '/domains/system_default/lkj.php' not found or unable to stat
[Sun Feb 01 07:18:17.167103 2026] [php:error] [pid 82328] [client 20.205.115.105:0] script '/domains/system_default/ioxi-o.php' not found or unable to stat
[Sun Feb 01 07:18:18.220611 2026] [php:error] [pid 82328] [client 20.205.115.105:0] script '/domains/system_default/readme.php' not found or unable to stat
[Sun Feb 01 07:18:18.644617 2026] [php:error] [pid 82328] [client 20.205.115.105:0] script '/domains/system_default/classwithtostring.php' not found or unable to stat
[Sun Feb 01 07:18:18.855092 2026] [php:error] [pid 82328] [client 20.205.115.105:0] script '/domains/system_default/1.php' not found or unable to stat
[Sun Feb 01 07:18:19.292373 2026] [php:error] [pid 82328] [client 20.205.115.105:0] script '/domains/system_default/alfa.php' not found or unable to stat
[Sun Feb 01 07:18:19.714940 2026] [php:error] [pid 82328] [client 20.205.115.105:0] script '/domains/system_default/atx.php' not found or unable to stat
[Sun Feb 01 07:18:19.925615 2026] [php:error] [pid 82328] [client 20.205.115.105:0] script '/domains/system_default/inputs.php' not found or unable to stat
[Sun Feb 01 07:18:20.345840 2026] [php:error] [pid 82328] [client 20.205.115.105:0] script '/domains/system_default/404.php' not found or unable to stat
[Sun Feb 01 07:18:20.559448 2026] [php:error] [pid 82328] [client 20.205.115.105:0] script '/domains/system_default/global.php' not found or unable to stat
[Sun Feb 01 07:18:20.769630 2026] [php:error] [pid 82328] [client 20.205.115.105:0] script '/domains/system_default/core.php' not found or unable to stat
[Sun Feb 01 07:18:20.979911 2026] [php:error] [pid 82328] [client 20.205.115.105:0] script '/domains/system_default/thoms.php' not found or unable to stat
[Sun Feb 01 07:18:21.193045 2026] [php:error] [pid 82328] [client 20.205.115.105:0] script '/domains/system_default/irc.js.php' not found or unable to stat
[Sun Feb 01 07:19:08.598995 2026] [php:error] [pid 82348] [client 20.213.25.204:0] script '/domains/system_suspended/about.php' not found or unable to stat
[Sun Feb 01 07:19:08.808884 2026] [php:error] [pid 82348] [client 20.213.25.204:0] script '/domains/system_suspended/admin.php' not found or unable to stat
[Sun Feb 01 07:19:09.217017 2026] [php:error] [pid 82348] [client 20.213.25.204:0] script '/domains/system_suspended/class-t.api.php' not found or unable to stat
[Sun Feb 01 07:19:09.420010 2026] [php:error] [pid 82348] [client 20.213.25.204:0] script '/domains/system_suspended/goods.php' not found or unable to stat
[Sun Feb 01 07:19:09.622812 2026] [php:error] [pid 82348] [client 20.213.25.204:0] script '/domains/system_suspended/ioxi-o.php' not found or unable to stat
[Sun Feb 01 07:19:09.825534 2026] [php:error] [pid 82348] [client 20.213.25.204:0] script '/domains/system_suspended/rip.php' not found or unable to stat
[Sun Feb 01 07:19:10.034764 2026] [php:error] [pid 82348] [client 20.213.25.204:0] script '/domains/system_suspended/adminfuns.php' not found or unable to stat
[Sun Feb 01 07:19:10.248520 2026] [php:error] [pid 82348] [client 20.213.25.204:0] script '/domains/system_suspended/file.php' not found or unable to stat
[Sun Feb 01 07:19:11.719883 2026] [php:error] [pid 82348] [client 20.213.25.204:0] script '/domains/system_suspended/wp-good.php' not found or unable to stat
[Sun Feb 01 07:23:42.066652 2026] [php:error] [pid 82408] [client 40.69.66.178:0] script '/domains/brigadeweb/rip.php' not found or unable to stat
[Sun Feb 01 07:24:51.743697 2026] [php:error] [pid 82419] [client 20.213.25.204:0] script '/domains/apunderkofler/about.php' not found or unable to stat
[Sun Feb 01 07:24:51.944206 2026] [php:error] [pid 82419] [client 20.213.25.204:0] script '/domains/apunderkofler/admin.php' not found or unable to stat
[Sun Feb 01 07:24:52.359102 2026] [php:error] [pid 82419] [client 20.213.25.204:0] script '/domains/apunderkofler/class-t.api.php' not found or unable to stat
[Sun Feb 01 07:24:52.563589 2026] [php:error] [pid 82419] [client 20.213.25.204:0] script '/domains/apunderkofler/goods.php' not found or unable to stat
[Sun Feb 01 07:24:52.763825 2026] [php:error] [pid 82419] [client 20.213.25.204:0] script '/domains/apunderkofler/ioxi-o.php' not found or unable to stat
[Sun Feb 01 07:24:52.965263 2026] [php:error] [pid 82419] [client 20.213.25.204:0] script '/domains/apunderkofler/rip.php' not found or unable to stat
