[Sun Feb 01 12:44:07.071983 2026] [php:error] [pid 42940] [client 104.28.235.58:0] script '/domains/navarrospring/gifclass.php' not found or unable to stat
[Sun Feb 01 12:44:07.146524 2026] [php:error] [pid 42940] [client 104.28.235.58:0] script '/domains/navarrospring/bless.php' not found or unable to stat
[Sun Feb 01 12:44:07.266781 2026] [php:error] [pid 42933] [client 20.200.210.155:0] script '/domains/thewalshgroup/admin.php' not found or unable to stat
[Sun Feb 01 12:44:09.297329 2026] [php:error] [pid 42933] [client 20.200.210.155:0] script '/domains/thewalshgroup/buy.php' not found or unable to stat
[Sun Feb 01 12:44:09.681970 2026] [php:error] [pid 42933] [client 20.200.210.155:0] script '/domains/thewalshgroup/edit.php' not found or unable to stat
[Sun Feb 01 12:44:12.026025 2026] [php:error] [pid 42933] [client 20.200.210.155:0] script '/domains/thewalshgroup/file.php' not found or unable to stat
[Sun Feb 01 12:44:12.227708 2026] [php:error] [pid 42933] [client 20.200.210.155:0] script '/domains/thewalshgroup/flower.php' not found or unable to stat
[Sun Feb 01 12:44:12.437769 2026] [php:error] [pid 42933] [client 20.200.210.155:0] script '/domains/thewalshgroup/images/index.php' not found or unable to stat
[Sun Feb 01 12:44:12.624420 2026] [php:error] [pid 42933] [client 20.200.210.155:0] script '/domains/thewalshgroup/info.php' not found or unable to stat
[Sun Feb 01 12:44:12.823411 2026] [php:error] [pid 42933] [client 20.200.210.155:0] script '/domains/thewalshgroup/ioxi-o.php' not found or unable to stat
[Sun Feb 01 12:44:13.057004 2026] [php:error] [pid 42933] [client 20.200.210.155:0] script '/domains/thewalshgroup/nc4.php' not found or unable to stat
[Sun Feb 01 12:44:13.269395 2026] [php:error] [pid 42933] [client 20.200.210.155:0] script '/domains/thewalshgroup/xleet.php' not found or unable to stat
[Sun Feb 01 12:44:13.322540 2026] [php:error] [pid 42948] [client 104.28.203.58:0] script '/domains/navarrospring/class-t.api.php' not found or unable to stat
[Sun Feb 01 12:44:19.193420 2026] [php:error] [pid 42933] [client 20.200.210.155:0] script '/domains/thewalshgroup/wp-good.php' not found or unable to stat
[Sun Feb 01 12:44:22.473867 2026] [php:error] [pid 42948] [client 104.28.203.58:0] script '/domains/navarrospring/blurbs.php' not found or unable to stat
[Sun Feb 01 12:44:24.302239 2026] [php:error] [pid 42933] [client 20.200.210.155:0] script '/domains/thewalshgroup/xmrlpc.php' not found or unable to stat
[Sun Feb 01 12:44:24.487715 2026] [php:error] [pid 42933] [client 20.200.210.155:0] script '/domains/thewalshgroup/about.php' not found or unable to stat
[Sun Feb 01 12:44:24.685531 2026] [php:error] [pid 42933] [client 20.200.210.155:0] script '/domains/thewalshgroup/adminfuns.php' not found or unable to stat
[Sun Feb 01 12:44:25.408751 2026] [php:error] [pid 42948] [client 104.28.203.58:0] script '/domains/navarrospring/akcc.php' not found or unable to stat
[Sun Feb 01 12:44:26.809371 2026] [php:error] [pid 42933] [client 20.200.210.155:0] script '/domains/thewalshgroup/alfa.php' not found or unable to stat
[Sun Feb 01 12:44:27.011036 2026] [php:error] [pid 42933] [client 20.200.210.155:0] script '/domains/thewalshgroup/asasx.php' not found or unable to stat
[Sun Feb 01 12:44:27.210620 2026] [php:error] [pid 42933] [client 20.200.210.155:0] script '/domains/thewalshgroup/autoload_classmap.php' not found or unable to stat
[Sun Feb 01 12:44:27.392881 2026] [php:error] [pid 42948] [client 104.28.203.58:0] script '/domains/navarrospring/abcd.php' not found or unable to stat
[Sun Feb 01 12:44:27.452170 2026] [php:error] [pid 42933] [client 20.200.210.155:0] script '/domains/thewalshgroup/classwithtostring.php' not found or unable to stat
[Sun Feb 01 12:44:27.657209 2026] [php:error] [pid 42933] [client 20.200.210.155:0] script '/domains/thewalshgroup/cong.php' not found or unable to stat
[Sun Feb 01 12:44:27.843757 2026] [php:error] [pid 42933] [client 20.200.210.155:0] script '/domains/thewalshgroup/file2.php' not found or unable to stat
[Sun Feb 01 12:44:28.039815 2026] [php:error] [pid 42933] [client 20.200.210.155:0] script '/domains/thewalshgroup/moon.php' not found or unable to stat
[Sun Feb 01 12:44:32.291985 2026] [php:error] [pid 42933] [client 20.200.210.155:0] script '/domains/thewalshgroup/wp-cron.php' not found or unable to stat
[Sun Feb 01 12:44:34.773884 2026] [php:error] [pid 48586] [client 65.111.7.40:0] script '/domains/piltdweb1/wp-login.php' not found or unable to stat
[Sun Feb 01 12:44:34.776643 2026] [php:error] [pid 48587] [client 104.207.39.59:0] script '/domains/piltdweb1/wp-login.php' not found or unable to stat
[Sun Feb 01 12:44:40.682443 2026] [php:error] [pid 48591] [client 104.28.203.58:0] script '/domains/navarrospring/shelp.php' not found or unable to stat
sendmail: bad mail input format: from www (uid 80) (envelope-from [email protected])
sendmail: bad mail input format: from www (uid 80) (envelope-from [email protected])
sendmail: bad mail input format: from www (uid 80) (envelope-from [email protected])
[Sun Feb 01 12:44:43.283209 2026] [php:error] [pid 48591] [client 104.28.203.58:0] script '/domains/navarrospring/cord.php' not found or unable to stat
[Sun Feb 01 12:44:44.404701 2026] [php:error] [pid 48591] [client 104.28.203.58:0] script '/domains/navarrospring/dex.php' not found or unable to stat
[Sun Feb 01 12:45:07.720278 2026] [php:error] [pid 42948] [client 104.28.203.58:0] script '/domains/navarrospring/file2.php' not found or unable to stat
[Sun Feb 01 12:45:08.702852 2026] [php:error] [pid 42948] [client 104.28.203.58:0] script '/domains/navarrospring/zwso.php' not found or unable to stat
[Sun Feb 01 12:45:11.024045 2026] [php:error] [pid 42948] [client 104.28.203.58:0] script '/domains/navarrospring/bolt.php' not found or unable to stat
[Sun Feb 01 12:45:12.897814 2026] [php:error] [pid 42948] [client 104.28.203.58:0] script '/domains/navarrospring/shlo.php' not found or unable to stat
[Sun Feb 01 12:45:19.342516 2026] [php:error] [pid 48604] [client 104.28.203.58:0] script '/domains/navarrospring/133.php' not found or unable to stat
[Sun Feb 01 12:45:36.719678 2026] [php:error] [pid 48610] [client 104.28.203.58:0] script '/domains/navarrospring/ahax.php' not found or unable to stat
[Sun Feb 01 12:45:42.217537 2026] [php:error] [pid 48612] [client 104.28.203.58:0] script '/domains/navarrospring/php8.php' not found or unable to stat
[Sun Feb 01 12:45:44.966609 2026] [php:error] [pid 48612] [client 104.28.203.58:0] script '/domains/navarrospring/lufix1.php' not found or unable to stat
[Sun Feb 01 12:45:49.298677 2026] [php:error] [pid 48612] [client 104.28.203.58:0] script '/domains/navarrospring/witmm.php' not found or unable to stat
[Sun Feb 01 12:45:52.680592 2026] [php:error] [pid 48604] [client 161.118.193.239:0] script '/domains/nlyfoods/wp-login.php' not found or unable to stat
[Sun Feb 01 12:45:56.066094 2026] [php:error] [pid 48612] [client 104.28.203.58:0] script '/domains/navarrospring/ioxi-o.php' not found or unable to stat
[Sun Feb 01 12:46:03.093543 2026] [php:error] [pid 48627] [client 104.28.203.58:0] script '/domains/navarrospring/222.php' not found or unable to stat
[Sun Feb 01 12:46:04.420497 2026] [php:error] [pid 48627] [client 104.28.203.58:0] script '/domains/navarrospring/files.php' not found or unable to stat
[Sun Feb 01 12:46:06.586730 2026] [php:error] [pid 48627] [client 104.28.203.58:0] script '/domains/navarrospring/wp-editor.php' not found or unable to stat
[Sun Feb 01 12:46:09.672535 2026] [php:error] [pid 48627] [client 104.28.203.58:0] script '/domains/navarrospring/txets.php' not found or unable to stat
[Sun Feb 01 12:46:13.746440 2026] [php:error] [pid 48627] [client 104.28.203.58:0] script '/domains/navarrospring/postnews.php' not found or unable to stat
[Sun Feb 01 12:46:47.464727 2026] [php:error] [pid 48635] [client 104.28.203.58:0] script '/domains/vangoghagainweb/style.php' not found or unable to stat
[Sun Feb 01 12:46:59.607993 2026] [php:error] [pid 48607] [client 104.28.203.58:0] script '/domains/mjbradley/style.php' not found or unable to stat
[Sun Feb 01 12:47:04.725621 2026] [php:error] [pid 48639] [client 104.28.203.58:0] script '/domains/mjbradley/chosen.php' not found or unable to stat
[Sun Feb 01 12:47:04.796226 2026] [php:error] [pid 48639] [client 104.28.203.58:0] script '/domains/mjbradley/file.php' not found or unable to stat
[Sun Feb 01 12:47:04.975607 2026] [php:error] [pid 48639] [client 104.28.203.58:0] script '/domains/mjbradley/flower.php' not found or unable to stat
[Sun Feb 01 12:47:05.059764 2026] [php:error] [pid 48635] [client 20.197.56.208:0] script '/domains/fdcarter/aa.php' not found or unable to stat
[Sun Feb 01 12:47:05.265772 2026] [php:error] [pid 48639] [client 104.28.203.58:0] script '/domains/mjbradley/gifclass.php' not found or unable to stat
/bin/sh: /usr/public/bin/counter.cgi: not found
[Sun Feb 01 12:47:05.488770 2026] [php:error] [pid 48639] [client 104.28.203.58:0] script '/domains/mjbradley/bless.php' not found or unable to stat
[Sun Feb 01 12:47:05.602355 2026] [php:error] [pid 48639] [client 104.28.203.58:0] script '/domains/mjbradley/class-t.api.php' not found or unable to stat
[Sun Feb 01 12:47:05.803996 2026] [php:error] [pid 48639] [client 104.28.203.58:0] script '/domains/mjbradley/blurbs.php' not found or unable to stat
[Sun Feb 01 12:47:05.991432 2026] [php:error] [pid 48639] [client 104.28.203.58:0] script '/domains/mjbradley/akcc.php' not found or unable to stat
[Sun Feb 01 12:47:06.058404 2026] [php:error] [pid 48635] [client 20.197.56.208:0] script '/domains/fdcarter/abcd.php' not found or unable to stat
[Sun Feb 01 12:47:06.060196 2026] [php:error] [pid 48639] [client 104.28.203.58:0] script '/domains/mjbradley/abcd.php' not found or unable to stat
[Sun Feb 01 12:47:06.135531 2026] [php:error] [pid 48639] [client 104.28.203.58:0] script '/domains/mjbradley/shelp.php' not found or unable to stat
[Sun Feb 01 12:47:06.443062 2026] [php:error] [pid 48639] [client 104.28.203.58:0] script '/domains/mjbradley/cord.php' not found or unable to stat
[Sun Feb 01 12:47:06.900719 2026] [php:error] [pid 48639] [client 104.28.203.58:0] script '/domains/mjbradley/dex.php' not found or unable to stat
[Sun Feb 01 12:47:07.076552 2026] [php:error] [pid 48639] [client 104.28.203.58:0] script '/domains/mjbradley/file2.php' not found or unable to stat
[Sun Feb 01 12:47:07.267600 2026] [php:error] [pid 48639] [client 104.28.203.58:0] script '/domains/mjbradley/zwso.php' not found or unable to stat
[Sun Feb 01 12:47:07.863623 2026] [php:error] [pid 48635] [client 20.197.56.208:0] script '/domains/fdcarter/admin.php' not found or unable to stat
[Sun Feb 01 12:47:09.451910 2026] [php:error] [pid 48635] [client 20.197.56.208:0] script '/domains/fdcarter/buy.php' not found or unable to stat
[Sun Feb 01 12:47:11.100042 2026] [php:error] [pid 48635] [client 20.197.56.208:0] script '/domains/fdcarter/edit.php' not found or unable to stat
[Sun Feb 01 12:47:11.862442 2026] [php:error] [pid 48639] [client 104.28.203.58:0] script '/domains/mjbradley/bolt.php' not found or unable to stat
[Sun Feb 01 12:47:11.942069 2026] [php:error] [pid 48635] [client 20.197.56.208:0] script '/domains/fdcarter/file.php' not found or unable to stat
[Sun Feb 01 12:47:12.880859 2026] [php:error] [pid 48635] [client 20.197.56.208:0] script '/domains/fdcarter/flower.php' not found or unable to stat
[Sun Feb 01 12:47:14.299241 2026] [php:error] [pid 48635] [client 20.197.56.208:0] script '/domains/fdcarter/images/index.php' not found or unable to stat
[Sun Feb 01 12:47:15.247515 2026] [php:error] [pid 48635] [client 20.197.56.208:0] script '/domains/fdcarter/info.php' not found or unable to stat
[Sun Feb 01 12:47:15.495758 2026] [php:error] [pid 48635] [client 20.197.56.208:0] script '/domains/fdcarter/ioxi-o.php' not found or unable to stat
[Sun Feb 01 12:47:16.622809 2026] [php:error] [pid 48635] [client 20.197.56.208:0] script '/domains/fdcarter/nc4.php' not found or unable to stat
[Sun Feb 01 12:47:16.847725 2026] [php:error] [pid 48635] [client 20.197.56.208:0] script '/domains/fdcarter/xleet.php' not found or unable to stat
[Sun Feb 01 12:47:19.924579 2026] [php:error] [pid 48635] [client 20.197.56.208:0] script '/domains/fdcarter/wp-good.php' not found or unable to stat
[Sun Feb 01 12:47:21.299795 2026] [php:error] [pid 48635] [client 20.197.56.208:0] script '/domains/fdcarter/xmrlpc.php' not found or unable to stat
[Sun Feb 01 12:47:21.959391 2026] [php:error] [pid 48635] [client 20.197.56.208:0] script '/domains/fdcarter/about.php' not found or unable to stat
[Sun Feb 01 12:47:22.338369 2026] [php:error] [pid 48642] [client 104.28.235.58:0] script '/domains/mjbradley/shlo.php' not found or unable to stat
[Sun Feb 01 12:47:23.016734 2026] [php:error] [pid 48635] [client 20.197.56.208:0] script '/domains/fdcarter/adminfuns.php' not found or unable to stat
[Sun Feb 01 12:47:23.262684 2026] [php:error] [pid 48635] [client 20.197.56.208:0] script '/domains/fdcarter/alfa.php' not found or unable to stat
[Sun Feb 01 12:47:24.788264 2026] [php:error] [pid 48635] [client 20.197.56.208:0] script '/domains/fdcarter/asasx.php' not found or unable to stat
[Sun Feb 01 12:47:25.015018 2026] [php:error] [pid 48635] [client 20.197.56.208:0] script '/domains/fdcarter/autoload_classmap.php' not found or unable to stat
[Sun Feb 01 12:47:25.371289 2026] [php:error] [pid 48635] [client 20.197.56.208:0] script '/domains/fdcarter/classwithtostring.php' not found or unable to stat
[Sun Feb 01 12:47:26.369417 2026] [php:error] [pid 48635] [client 20.197.56.208:0] script '/domains/fdcarter/cong.php' not found or unable to stat
[Sun Feb 01 12:47:26.597519 2026] [php:error] [pid 48635] [client 20.197.56.208:0] script '/domains/fdcarter/file2.php' not found or unable to stat
[Sun Feb 01 12:47:27.115752 2026] [php:error] [pid 48635] [client 20.197.56.208:0] script '/domains/fdcarter/moon.php' not found or unable to stat
[Sun Feb 01 12:47:32.255606 2026] [php:error] [pid 48635] [client 20.197.56.208:0] script '/domains/fdcarter/wp-cron.php' not found or unable to stat
[Sun Feb 01 12:47:33.816776 2026] [php:error] [pid 48612] [client 104.28.203.58:0] script '/domains/mjbradley/133.php' not found or unable to stat
[Sun Feb 01 12:47:38.214282 2026] [php:error] [pid 48612] [client 104.28.203.58:0] script '/domains/mjbradley/ahax.php' not found or unable to stat
[Sun Feb 01 12:47:38.293622 2026] [php:error] [pid 48612] [client 104.28.203.58:0] script '/domains/mjbradley/php8.php' not found or unable to stat
[Sun Feb 01 12:47:38.362173 2026] [php:error] [pid 48612] [client 104.28.203.58:0] script '/domains/mjbradley/lufix1.php' not found or unable to stat
[Sun Feb 01 12:47:38.916300 2026] [php:error] [pid 48612] [client 104.28.203.58:0] script '/domains/mjbradley/witmm.php' not found or unable to stat
[Sun Feb 01 12:47:39.320675 2026] [php:error] [pid 48612] [client 104.28.203.58:0] script '/domains/mjbradley/ioxi-o.php' not found or unable to stat
[Sun Feb 01 12:47:39.556821 2026] [php:error] [pid 48612] [client 104.28.203.58:0] script '/domains/mjbradley/222.php' not found or unable to stat
[Sun Feb 01 12:47:39.678394 2026] [php:error] [pid 48612] [client 104.28.203.58:0] script '/domains/mjbradley/files.php' not found or unable to stat
[Sun Feb 01 12:47:39.779698 2026] [php:error] [pid 48612] [client 104.28.203.58:0] script '/domains/mjbradley/wp-editor.php' not found or unable to stat
[Sun Feb 01 12:47:39.853008 2026] [php:error] [pid 48612] [client 104.28.203.58:0] script '/domains/mjbradley/txets.php' not found or unable to stat
[Sun Feb 01 12:47:40.255845 2026] [php:error] [pid 48612] [client 104.28.203.58:0] script '/domains/mjbradley/postnews.php' not found or unable to stat
[Sun Feb 01 12:48:01.290818 2026] [php:error] [pid 48649] [client 99.106.39.130:0] script '/domains/abtechsci/customserv.php' not found or unable to stat, referer: https://www.abtechsci.com/buttons.htm
[Sun Feb 01 12:48:35.308906 2026] [php:error] [pid 48660] [client 99.106.39.130:0] script '/domains/abtechsci/customserv.php' not found or unable to stat, referer: https://www.abtechsci.com/labproducts.html
[Sun Feb 01 12:48:35.485088 2026] [php:error] [pid 48655] [client 99.106.39.130:0] script '/domains/abtechsci/customserv.php' not found or unable to stat, referer: https://www.abtechsci.com/buttons.htm
[Sun Feb 01 12:49:08.228086 2026] [php:error] [pid 48674] [client 99.106.39.130:0] script '/domains/abtechsci/customserv.php' not found or unable to stat, referer: https://www.abtechsci.com/buttons.htm
[Sun Feb 01 12:50:03.393731 2026] [php:error] [pid 48690] [client 40.69.27.251:0] script '/domains/rfisher.dnai/new.php' not found or unable to stat
[Sun Feb 01 12:50:03.512999 2026] [php:error] [pid 48690] [client 40.69.27.251:0] script '/domains/rfisher.dnai/ol.php' not found or unable to stat
[Sun Feb 01 12:50:03.592690 2026] [php:error] [pid 48690] [client 40.69.27.251:0] script '/domains/rfisher.dnai/ffile.php' not found or unable to stat
[Sun Feb 01 12:50:03.678185 2026] [php:error] [pid 48690] [client 40.69.27.251:0] script '/domains/rfisher.dnai/jmfi2.php' not found or unable to stat
[Sun Feb 01 12:50:03.779090 2026] [php:error] [pid 48690] [client 40.69.27.251:0] script '/domains/rfisher.dnai/ez.php' not found or unable to stat
[Sun Feb 01 12:50:03.933763 2026] [php:error] [pid 48690] [client 40.69.27.251:0] script '/domains/rfisher.dnai/asasx.php' not found or unable to stat
[Sun Feb 01 12:50:04.168027 2026] [php:error] [pid 48690] [client 40.69.27.251:0] script '/domains/rfisher.dnai/Sanskrit.php' not found or unable to stat
[Sun Feb 01 12:50:04.239878 2026] [php:error] [pid 48690] [client 40.69.27.251:0] script '/domains/rfisher.dnai/vxrl.php' not found or unable to stat
[Sun Feb 01 12:50:04.471762 2026] [php:error] [pid 48690] [client 40.69.27.251:0] script '/domains/rfisher.dnai/w3llstore.php' not found or unable to stat
[Sun Feb 01 12:50:04.543493 2026] [php:error] [pid 48690] [client 40.69.27.251:0] script '/domains/rfisher.dnai/re.php' not found or unable to stat
[Sun Feb 01 12:50:04.615176 2026] [php:error] [pid 48690] [client 40.69.27.251:0] script '/domains/rfisher.dnai/cfile.php' not found or unable to stat
[Sun Feb 01 12:50:04.708862 2026] [php:error] [pid 48690] [client 40.69.27.251:0] script '/domains/rfisher.dnai/num.php' not found or unable to stat
[Sun Feb 01 12:50:04.782297 2026] [php:error] [pid 48690] [client 40.69.27.251:0] script '/domains/rfisher.dnai/axx.php' not found or unable to stat
[Sun Feb 01 12:50:04.858177 2026] [php:error] [pid 48690] [client 40.69.27.251:0] script '/domains/rfisher.dnai/vxrl.php' not found or unable to stat
[Sun Feb 01 12:50:04.929798 2026] [php:error] [pid 48690] [client 40.69.27.251:0] script '/domains/rfisher.dnai/co.php' not found or unable to stat
[Sun Feb 01 12:50:05.001910 2026] [php:error] [pid 48690] [client 40.69.27.251:0] script '/domains/rfisher.dnai/in.php' not found or unable to stat
[Sun Feb 01 12:50:05.073466 2026] [php:error] [pid 48690] [client 40.69.27.251:0] script '/domains/rfisher.dnai/style.php' not found or unable to stat
[Sun Feb 01 12:50:05.120886 2026] [php:error] [pid 48651] [client 172.190.142.176:0] script '/domains/gohover/166.php' not found or unable to stat
[Sun Feb 01 12:50:05.124667 2026] [php:error] [pid 48651] [client 172.190.142.176:0] script '/domains/gohover/2026.php' not found or unable to stat
[Sun Feb 01 12:50:05.133873 2026] [php:error] [pid 48651] [client 172.190.142.176:0] script '/domains/gohover/muzu.php' not found or unable to stat
[Sun Feb 01 12:50:05.145245 2026] [php:error] [pid 48690] [client 40.69.27.251:0] script '/domains/rfisher.dnai/style2.php' not found or unable to stat
[Sun Feb 01 12:50:05.157118 2026] [php:error] [pid 48651] [client 172.190.142.176:0] script '/domains/gohover/reze.php' not found or unable to stat
[Sun Feb 01 12:50:05.160497 2026] [php:error] [pid 48651] [client 172.190.142.176:0] script '/domains/gohover/jsond.php' not found or unable to stat
[Sun Feb 01 12:50:05.163996 2026] [php:error] [pid 48651] [client 172.190.142.176:0] script '/domains/gohover/x7.php' not found or unable to stat
[Sun Feb 01 12:50:05.167427 2026] [php:error] [pid 48651] [client 172.190.142.176:0] script '/domains/gohover/bgymj.php' not found or unable to stat
[Sun Feb 01 12:50:05.170753 2026] [php:error] [pid 48651] [client 172.190.142.176:0] script '/domains/gohover/lala.php' not found or unable to stat
[Sun Feb 01 12:50:05.174688 2026] [php:error] [pid 48651] [client 172.190.142.176:0] script '/domains/gohover/8xyz.php' not found or unable to stat
[Sun Feb 01 12:50:05.178246 2026] [php:error] [pid 48651] [client 172.190.142.176:0] script '/domains/gohover/wsd.php' not found or unable to stat
[Sun Feb 01 12:50:05.196065 2026] [php:error] [pid 48651] [client 172.190.142.176:0] script '/domains/gohover/la.php' not found or unable to stat
[Sun Feb 01 12:50:05.199433 2026] [php:error] [pid 48651] [client 172.190.142.176:0] script '/domains/gohover/Wp-good.php' not found or unable to stat
[Sun Feb 01 12:50:05.251920 2026] [php:error] [pid 48690] [client 40.69.27.251:0] script '/domains/rfisher.dnai/we.php' not found or unable to stat
[Sun Feb 01 12:50:05.264933 2026] [php:error] [pid 48651] [client 172.190.142.176:0] script '/domains/gohover/tphp.php' not found or unable to stat
[Sun Feb 01 12:50:05.268318 2026] [php:error] [pid 48651] [client 172.190.142.176:0] script '/domains/gohover/a1.php' not found or unable to stat
[Sun Feb 01 12:50:05.271749 2026] [php:error] [pid 48651] [client 172.190.142.176:0] script '/domains/gohover/nyan.php' not found or unable to stat
[Sun Feb 01 12:50:05.275331 2026] [php:error] [pid 48651] [client 172.190.142.176:0] script '/domains/gohover/autoload_classmap.php' not found or unable to stat
[Sun Feb 01 12:50:05.278802 2026] [php:error] [pid 48651] [client 172.190.142.176:0] script '/domains/gohover/alfa.php' not found or unable to stat
[Sun Feb 01 12:50:05.408018 2026] [php:error] [pid 48651] [client 172.190.142.176:0] script '/domains/gohover/luxe.php' not found or unable to stat
[Sun Feb 01 12:50:05.453548 2026] [php:error] [pid 48651] [client 172.190.142.176:0] script '/domains/gohover/rezor.php' not found or unable to stat
[Sun Feb 01 12:50:05.457391 2026] [php:error] [pid 48651] [client 172.190.142.176:0] script '/domains/gohover/doc.php' not found or unable to stat
[Sun Feb 01 12:50:05.467471 2026] [php:error] [pid 48651] [client 172.190.142.176:0] script '/domains/gohover/install.php' not found or unable to stat
[Sun Feb 01 12:50:05.483135 2026] [php:error] [pid 48651] [client 172.190.142.176:0] script '/domains/gohover/sto.php' not found or unable to stat
[Sun Feb 01 12:50:05.487136 2026] [php:error] [pid 48651] [client 172.190.142.176:0] script '/domains/gohover/x.php' not found or unable to stat
[Sun Feb 01 12:50:05.490905 2026] [php:error] [pid 48651] [client 172.190.142.176:0] script '/domains/gohover/test.php' not found or unable to stat
[Sun Feb 01 12:50:05.522307 2026] [php:error] [pid 48651] [client 172.190.142.176:0] script '/domains/gohover/n3.php' not found or unable to stat
[Sun Feb 01 12:50:05.536544 2026] [php:error] [pid 48651] [client 172.190.142.176:0] script '/domains/gohover/o.php' not found or unable to stat
[Sun Feb 01 12:50:05.554501 2026] [php:error] [pid 48651] [client 172.190.142.176:0] script '/domains/gohover/class-t.api.php' not found or unable to stat
[Sun Feb 01 12:50:05.565532 2026] [php:error] [pid 48651] [client 172.190.142.176:0] script '/domains/gohover/wp.php' not found or unable to stat
[Sun Feb 01 12:50:05.588062 2026] [php:error] [pid 48651] [client 172.190.142.176:0] script '/domains/gohover/h.php' not found or unable to stat
[Sun Feb 01 12:50:05.595161 2026] [php:error] [pid 48651] [client 172.190.142.176:0] script '/domains/gohover/wrt.php' not found or unable to stat
[Sun Feb 01 12:50:05.608741 2026] [php:error] [pid 48651] [client 172.190.142.176:0] script '/domains/gohover/png.php' not found or unable to stat
[Sun Feb 01 12:50:05.615489 2026] [php:error] [pid 48651] [client 172.190.142.176:0] script '/domains/gohover/zwso.php' not found or unable to stat
[Sun Feb 01 12:50:05.629287 2026] [php:error] [pid 48651] [client 172.190.142.176:0] script '/domains/gohover/ton.php' not found or unable to stat
[Sun Feb 01 12:50:05.632767 2026] [php:error] [pid 48651] [client 172.190.142.176:0] script '/domains/gohover/wso.php' not found or unable to stat
[Sun Feb 01 12:50:05.639750 2026] [php:error] [pid 48651] [client 172.190.142.176:0] script '/domains/gohover/a2.php' not found or unable to stat
[Sun Feb 01 12:50:05.654822 2026] [php:error] [pid 48651] [client 172.190.142.176:0] script '/domains/gohover/shell.php' not found or unable to stat
[Sun Feb 01 12:50:05.661687 2026] [php:error] [pid 48651] [client 172.190.142.176:0] script '/domains/gohover/sxo.php' not found or unable to stat
[Sun Feb 01 12:50:05.669608 2026] [php:error] [pid 48651] [client 172.190.142.176:0] script '/domains/gohover/admin.php' not found or unable to stat
[Sun Feb 01 12:50:05.679500 2026] [php:error] [pid 48651] [client 172.190.142.176:0] script '/domains/gohover/mans.php' not found or unable to stat
[Sun Feb 01 12:50:05.682986 2026] [php:error] [pid 48651] [client 172.190.142.176:0] script '/domains/gohover/dropdown.php' not found or unable to stat
[Sun Feb 01 12:50:05.695475 2026] [php:error] [pid 48651] [client 172.190.142.176:0] script '/domains/gohover/ze.php' not found or unable to stat
[Sun Feb 01 12:50:05.712630 2026] [php:error] [pid 48690] [client 40.69.27.251:0] script '/domains/rfisher.dnai/zwso.php' not found or unable to stat
[Sun Feb 01 12:50:05.784534 2026] [php:error] [pid 48690] [client 40.69.27.251:0] script '/domains/rfisher.dnai/wsback.php' not found or unable to stat
[Sun Feb 01 12:50:05.786686 2026] [php:error] [pid 48651] [client 172.190.142.176:0] script '/domains/gohover/geck.php' not found or unable to stat
[Sun Feb 01 12:50:05.857119 2026] [php:error] [pid 48690] [client 40.69.27.251:0] script '/domains/rfisher.dnai/pm.php' not found or unable to stat
[Sun Feb 01 12:50:05.928683 2026] [php:error] [pid 48690] [client 40.69.27.251:0] script '/domains/rfisher.dnai/karak.php' not found or unable to stat
[Sun Feb 01 12:50:06.145074 2026] [php:error] [pid 48651] [client 172.190.142.176:0] script '/domains/gohover/menu.php' not found or unable to stat
[Sun Feb 01 12:50:06.156004 2026] [php:error] [pid 48651] [client 172.190.142.176:0] script '/domains/gohover/flower.php' not found or unable to stat
[Sun Feb 01 12:50:06.168080 2026] [php:error] [pid 48690] [client 40.69.27.251:0] script '/domains/rfisher.dnai/trd.php' not found or unable to stat
[Sun Feb 01 12:50:06.168963 2026] [php:error] [pid 48651] [client 172.190.142.176:0] script '/domains/gohover/ftp.php' not found or unable to stat
[Sun Feb 01 12:50:06.182773 2026] [php:error] [pid 48651] [client 172.190.142.176:0] script '/domains/gohover/mds.php' not found or unable to stat
[Sun Feb 01 12:50:06.198854 2026] [php:error] [pid 48651] [client 172.190.142.176:0] script '/domains/gohover/ahax.php' not found or unable to stat
[Sun Feb 01 12:50:06.205890 2026] [php:error] [pid 48651] [client 172.190.142.176:0] script '/domains/gohover/cool.php' not found or unable to stat
[Sun Feb 01 12:50:06.371510 2026] [php:error] [pid 48690] [client 40.69.27.251:0] script '/domains/rfisher.dnai/past.php' not found or unable to stat
[Sun Feb 01 12:50:06.382959 2026] [php:error] [pid 48651] [client 172.190.142.176:0] script '/domains/gohover/gm.php' not found or unable to stat
[Sun Feb 01 12:50:06.450180 2026] [php:error] [pid 48690] [client 40.69.27.251:0] script '/domains/rfisher.dnai/prv8.php' not found or unable to stat
[Sun Feb 01 12:50:06.473284 2026] [php:error] [pid 48651] [client 172.190.142.176:0] script '/domains/gohover/simple.php' not found or unable to stat
[Sun Feb 01 12:50:06.482089 2026] [php:error] [pid 48651] [client 172.190.142.176:0] script '/domains/gohover/elp.php' not found or unable to stat
[Sun Feb 01 12:50:06.485566 2026] [php:error] [pid 48651] [client 172.190.142.176:0] script '/domains/gohover/bolt.php' not found or unable to stat
[Sun Feb 01 12:50:06.510426 2026] [php:error] [pid 48651] [client 172.190.142.176:0] script '/domains/gohover/inputs.php' not found or unable to stat
[Sun Feb 01 12:50:06.521628 2026] [php:error] [pid 48690] [client 40.69.27.251:0] script '/domains/rfisher.dnai/i.php' not found or unable to stat
[Sun Feb 01 12:50:06.579644 2026] [php:error] [pid 48651] [client 172.190.142.176:0] script '/domains/gohover/system.php' not found or unable to stat
[Sun Feb 01 12:50:06.610513 2026] [php:error] [pid 48651] [client 172.190.142.176:0] script '/domains/gohover/an.php' not found or unable to stat
[Sun Feb 01 12:50:06.620245 2026] [php:error] [pid 48651] [client 172.190.142.176:0] script '/domains/gohover/w.php' not found or unable to stat
[Sun Feb 01 12:50:06.635250 2026] [php:error] [pid 48651] [client 172.190.142.176:0] script '/domains/gohover/gmo.php' not found or unable to stat
[Sun Feb 01 12:50:06.638714 2026] [php:error] [pid 48651] [client 172.190.142.176:0] script '/domains/gohover/gib.php' not found or unable to stat
[Sun Feb 01 12:50:06.642617 2026] [php:error] [pid 48651] [client 172.190.142.176:0] script '/domains/gohover/wp-miiss.php.php' not found or unable to stat
[Sun Feb 01 12:50:06.702653 2026] [php:error] [pid 48690] [client 40.69.27.251:0] script '/domains/rfisher.dnai/xmlrpc.php' not found or unable to stat
[Sun Feb 01 12:50:06.775276 2026] [php:error] [pid 48690] [client 40.69.27.251:0] script '/domains/rfisher.dnai/cron.php' not found or unable to stat
[Sun Feb 01 12:50:06.838917 2026] [php:error] [pid 48651] [client 172.190.142.176:0] script '/domains/gohover/moon.php' not found or unable to stat
[Sun Feb 01 12:50:06.847478 2026] [php:error] [pid 48690] [client 40.69.27.251:0] script '/domains/rfisher.dnai/super.php' not found or unable to stat
[Sun Feb 01 12:50:06.919518 2026] [php:error] [pid 48690] [client 40.69.27.251:0] script '/domains/rfisher.dnai/aw.php' not found or unable to stat
[Sun Feb 01 12:50:06.991420 2026] [php:error] [pid 48690] [client 40.69.27.251:0] script '/domains/rfisher.dnai/dev.php' not found or unable to stat
[Sun Feb 01 12:50:07.075769 2026] [php:error] [pid 48690] [client 40.69.27.251:0] script '/domains/rfisher.dnai/wp-trackback.php' not found or unable to stat
[Sun Feb 01 12:50:07.184443 2026] [php:error] [pid 48651] [client 172.190.142.176:0] script '/domains/gohover/filesss.php' not found or unable to stat
[Sun Feb 01 12:50:07.187883 2026] [php:error] [pid 48651] [client 172.190.142.176:0] script '/domains/gohover/hey.php' not found or unable to stat
[Sun Feb 01 12:50:07.230817 2026] [php:error] [pid 48690] [client 40.69.27.251:0] script '/domains/rfisher.dnai/lock360.php' not found or unable to stat
[Sun Feb 01 12:50:07.288849 2026] [php:error] [pid 48651] [client 172.190.142.176:0] script '/domains/gohover/1337.php' not found or unable to stat
[Sun Feb 01 12:50:07.304338 2026] [php:error] [pid 48690] [client 40.69.27.251:0] script '/domains/rfisher.dnai/file32.php' not found or unable to stat
[Sun Feb 01 12:50:07.307385 2026] [php:error] [pid 48651] [client 172.190.142.176:0] script '/domains/gohover/buy.php' not found or unable to stat
[Sun Feb 01 12:50:07.376403 2026] [php:error] [pid 48690] [client 40.69.27.251:0] script '/domains/rfisher.dnai/hello.php' not found or unable to stat
[Sun Feb 01 12:50:07.477897 2026] [php:error] [pid 48690] [client 40.69.27.251:0] script '/domains/rfisher.dnai/goat.php' not found or unable to stat
[Sun Feb 01 12:50:07.544647 2026] [php:error] [pid 48695] [client 172.190.142.176:0] script '/domains/gohover/m.php' not found or unable to stat
[Sun Feb 01 12:50:07.582850 2026] [php:error] [pid 48695] [client 172.190.142.176:0] script '/domains/gohover/wp-is.php' not found or unable to stat
[Sun Feb 01 12:50:07.628523 2026] [php:error] [pid 48695] [client 172.190.142.176:0] script '/domains/gohover/jmfi2.php' not found or unable to stat
[Sun Feb 01 12:50:07.641765 2026] [php:error] [pid 48695] [client 172.190.142.176:0] script '/domains/gohover/bnn_.php' not found or unable to stat
[Sun Feb 01 12:50:07.671058 2026] [php:error] [pid 48690] [client 40.69.27.251:0] script '/domains/rfisher.dnai/wp-gr.php' not found or unable to stat
[Sun Feb 01 12:50:07.711988 2026] [php:error] [pid 48695] [client 172.190.142.176:0] script '/domains/gohover/hzz.php' not found or unable to stat
[Sun Feb 01 12:50:07.715216 2026] [php:error] [pid 48695] [client 172.190.142.176:0] script '/domains/gohover/shell20211028.php' not found or unable to stat
[Sun Feb 01 12:50:07.718804 2026] [php:error] [pid 48695] [client 172.190.142.176:0] script '/domains/gohover/content.php' not found or unable to stat
[Sun Feb 01 12:50:07.749249 2026] [php:error] [pid 48690] [client 40.69.27.251:0] script '/domains/rfisher.dnai/tcp.php' not found or unable to stat
[Sun Feb 01 12:50:07.793350 2026] [php:error] [pid 48695] [client 172.190.142.176:0] script '/domains/gohover/ps.php' not found or unable to stat
[Sun Feb 01 12:50:07.821396 2026] [php:error] [pid 48690] [client 40.69.27.251:0] script '/domains/rfisher.dnai/hot.php' not found or unable to stat
[Sun Feb 01 12:50:07.860246 2026] [php:error] [pid 48695] [client 172.190.142.176:0] script '/domains/gohover/cache.php' not found or unable to stat
[Sun Feb 01 12:50:07.867844 2026] [php:error] [pid 48695] [client 172.190.142.176:0] script '/domains/gohover/ss.php' not found or unable to stat
[Sun Feb 01 12:50:07.871152 2026] [php:error] [pid 48695] [client 172.190.142.176:0] script '/domains/gohover/p.php' not found or unable to stat
[Sun Feb 01 12:50:07.959170 2026] [php:error] [pid 48690] [client 40.69.27.251:0] script '/domains/rfisher.dnai/live.php' not found or unable to stat
[Sun Feb 01 12:50:08.024472 2026] [php:error] [pid 48695] [client 172.190.142.176:0] script '/domains/gohover/user.php' not found or unable to stat
[Sun Feb 01 12:50:08.035456 2026] [php:error] [pid 48695] [client 172.190.142.176:0] script '/domains/gohover/wp.php' not found or unable to stat
[Sun Feb 01 12:50:08.048184 2026] [php:error] [pid 48690] [client 40.69.27.251:0] script '/domains/rfisher.dnai/pm.php' not found or unable to stat
[Sun Feb 01 12:50:08.122241 2026] [php:error] [pid 48690] [client 40.69.27.251:0] script '/domains/rfisher.dnai/date.php' not found or unable to stat
[Sun Feb 01 12:50:08.162393 2026] [php:error] [pid 48695] [client 172.190.142.176:0] script '/domains/gohover/rip.php' not found or unable to stat
[Sun Feb 01 12:50:08.165635 2026] [php:error] [pid 48695] [client 172.190.142.176:0] script '/domains/gohover/wp4.php' not found or unable to stat
[Sun Feb 01 12:50:08.202734 2026] [php:error] [pid 48695] [client 172.190.142.176:0] script '/domains/gohover/403.php' not found or unable to stat
[Sun Feb 01 12:50:08.208759 2026] [php:error] [pid 48695] [client 172.190.142.176:0] script '/domains/gohover/asd67.php' not found or unable to stat
[Sun Feb 01 12:50:08.218497 2026] [php:error] [pid 48695] [client 172.190.142.176:0] script '/domains/gohover/oivcl.php' not found or unable to stat
[Sun Feb 01 12:50:08.235840 2026] [php:error] [pid 48690] [client 40.69.27.251:0] script '/domains/rfisher.dnai/ext.php' not found or unable to stat
[Sun Feb 01 12:50:08.269157 2026] [php:error] [pid 48695] [client 172.190.142.176:0] script '/domains/gohover/about.php' not found or unable to stat
[Sun Feb 01 12:50:08.323379 2026] [php:error] [pid 48695] [client 172.190.142.176:0] script '/domains/gohover/v2.php' not found or unable to stat
[Sun Feb 01 12:50:08.334910 2026] [php:error] [pid 48695] [client 172.190.142.176:0] script '/domains/gohover/dr.php' not found or unable to stat
[Sun Feb 01 12:50:08.337763 2026] [php:error] [pid 48695] [client 172.190.142.176:0] script '/domains/gohover/raw.php' not found or unable to stat
[Sun Feb 01 12:50:08.362709 2026] [php:error] [pid 48690] [client 40.69.27.251:0] script '/domains/rfisher.dnai/jlex3.php' not found or unable to stat
[Sun Feb 01 12:50:08.436109 2026] [php:error] [pid 48690] [client 40.69.27.251:0] script '/domains/rfisher.dnai/inputs.php' not found or unable to stat
[Sun Feb 01 12:50:08.455751 2026] [php:error] [pid 48695] [client 172.190.142.176:0] script '/domains/gohover/ioxi-o2.php' not found or unable to stat
[Sun Feb 01 12:50:08.458519 2026] [php:error] [pid 48695] [client 172.190.142.176:0] script '/domains/gohover/dropdown.php' not found or unable to stat
[Sun Feb 01 12:50:08.461474 2026] [php:error] [pid 48695] [client 172.190.142.176:0] script '/domains/gohover/dlu.php' not found or unable to stat
[Sun Feb 01 12:50:08.495876 2026] [php:error] [pid 48695] [client 172.190.142.176:0] script '/domains/gohover/db.php' not found or unable to stat
[Sun Feb 01 12:50:08.499846 2026] [php:error] [pid 48695] [client 172.190.142.176:0] script '/domains/gohover/packed.php' not found or unable to stat
[Sun Feb 01 12:50:08.506639 2026] [php:error] [pid 48695] [client 172.190.142.176:0] script '/domains/gohover/wp-configs.php' not found or unable to stat
[Sun Feb 01 12:50:08.509831 2026] [php:error] [pid 48695] [client 172.190.142.176:0] script '/domains/gohover/404.php' not found or unable to stat
[Sun Feb 01 12:50:08.512883 2026] [php:error] [pid 48695] [client 172.190.142.176:0] script '/domains/gohover/des.php' not found or unable to stat
[Sun Feb 01 12:50:08.518851 2026] [php:error] [pid 48695] [client 172.190.142.176:0] script '/domains/gohover/lufix.php' not found or unable to stat
[Sun Feb 01 12:50:08.520675 2026] [php:error] [pid 48690] [client 40.69.27.251:0] script '/domains/rfisher.dnai/rsnu.php' not found or unable to stat
[Sun Feb 01 12:50:08.597993 2026] [php:error] [pid 48690] [client 40.69.27.251:0] script '/domains/rfisher.dnai/ioxi.php' not found or unable to stat
[Sun Feb 01 12:50:08.670020 2026] [php:error] [pid 48690] [client 40.69.27.251:0] script '/domains/rfisher.dnai/aucxcocoxo.php' not found or unable to stat
[Sun Feb 01 12:50:08.836002 2026] [php:error] [pid 48690] [client 40.69.27.251:0] script '/domains/rfisher.dnai/krypton.php' not found or unable to stat
[Sun Feb 01 12:50:09.020892 2026] [php:error] [pid 48690] [client 40.69.27.251:0] script '/domains/rfisher.dnai/wp-xx.php' not found or unable to stat
[Sun Feb 01 12:50:09.104205 2026] [php:error] [pid 48690] [client 40.69.27.251:0] script '/domains/rfisher.dnai/fe5.php' not found or unable to stat
[Sun Feb 01 12:50:09.181631 2026] [php:error] [pid 48690] [client 40.69.27.251:0] script '/domains/rfisher.dnai/ov.php' not found or unable to stat
[Sun Feb 01 12:50:09.288882 2026] [php:error] [pid 48690] [client 40.69.27.251:0] script '/domains/rfisher.dnai/goup.php' not found or unable to stat
[Sun Feb 01 12:50:09.470354 2026] [php:error] [pid 48690] [client 40.69.27.251:0] script '/domains/rfisher.dnai/foot.php' not found or unable to stat
[Sun Feb 01 12:50:09.546869 2026] [php:error] [pid 48690] [client 40.69.27.251:0] script '/domains/rfisher.dnai/file2.php' not found or unable to stat
[Sun Feb 01 12:50:09.695407 2026] [php:error] [pid 48690] [client 40.69.27.251:0] script '/domains/rfisher.dnai/default.php' not found or unable to stat
[Sun Feb 01 12:50:09.778066 2026] [php:error] [pid 48690] [client 40.69.27.251:0] script '/domains/rfisher.dnai/weo.php' not found or unable to stat
[Sun Feb 01 12:50:09.850681 2026] [php:error] [pid 48690] [client 40.69.27.251:0] script '/domains/rfisher.dnai/abcd.php' not found or unable to stat
[Sun Feb 01 12:50:10.011514 2026] [php:error] [pid 48690] [client 40.69.27.251:0] script '/domains/rfisher.dnai/mnkalo.php' not found or unable to stat
[Sun Feb 01 12:50:10.226780 2026] [php:error] [pid 48690] [client 40.69.27.251:0] script '/domains/rfisher.dnai/ioxi2.php' not found or unable to stat
[Sun Feb 01 12:50:10.322846 2026] [php:error] [pid 48690] [client 40.69.27.251:0] script '/domains/rfisher.dnai/nope.php' not found or unable to stat
[Sun Feb 01 12:50:10.402523 2026] [php:error] [pid 48690] [client 40.69.27.251:0] script '/domains/rfisher.dnai/class.1.php' not found or unable to stat
[Sun Feb 01 12:50:10.539012 2026] [php:error] [pid 48690] [client 40.69.27.251:0] script '/domains/rfisher.dnai/file5.php' not found or unable to stat
[Sun Feb 01 12:50:10.621822 2026] [php:error] [pid 48690] [client 40.69.27.251:0] script '/domains/rfisher.dnai/async.php' not found or unable to stat
[Sun Feb 01 12:50:10.754284 2026] [php:error] [pid 48690] [client 40.69.27.251:0] script '/domains/rfisher.dnai/file17.php' not found or unable to stat
[Sun Feb 01 12:50:10.826206 2026] [php:error] [pid 48690] [client 40.69.27.251:0] script '/domains/rfisher.dnai/ff.php' not found or unable to stat
[Sun Feb 01 12:50:11.015284 2026] [php:error] [pid 48690] [client 40.69.27.251:0] script '/domains/rfisher.dnai/ioxi-o.php' not found or unable to stat
[Sun Feb 01 12:50:11.255373 2026] [php:error] [pid 48690] [client 40.69.27.251:0] script '/domains/rfisher.dnai/png.php' not found or unable to stat
[Sun Feb 01 12:50:11.548536 2026] [php:error] [pid 48690] [client 40.69.27.251:0] script '/domains/rfisher.dnai/v2.php' not found or unable to stat
[Sun Feb 01 12:50:11.652724 2026] [php:error] [pid 48690] [client 40.69.27.251:0] script '/domains/rfisher.dnai/pp.php' not found or unable to stat
[Sun Feb 01 12:50:11.729711 2026] [php:error] [pid 48690] [client 40.69.27.251:0] script '/domains/rfisher.dnai/manager.php' not found or unable to stat
[Sun Feb 01 12:50:11.864813 2026] [php:error] [pid 48690] [client 40.69.27.251:0] script '/domains/rfisher.dnai/system_log.php' not found or unable to stat
[Sun Feb 01 12:50:11.936534 2026] [php:error] [pid 48690] [client 40.69.27.251:0] script '/domains/rfisher.dnai/wp-update.php' not found or unable to stat
[Sun Feb 01 12:50:12.043971 2026] [php:error] [pid 48690] [client 40.69.27.251:0] script '/domains/rfisher.dnai/file.php' not found or unable to stat
[Sun Feb 01 12:50:12.337610 2026] [php:error] [pid 48690] [client 40.69.27.251:0] script '/domains/rfisher.dnai/520.php' not found or unable to stat
[Sun Feb 01 12:50:12.428514 2026] [php:error] [pid 48690] [client 40.69.27.251:0] script '/domains/rfisher.dnai/Ova-Simple.php' not found or unable to stat
[Sun Feb 01 12:50:12.671997 2026] [php:error] [pid 48690] [client 40.69.27.251:0] script '/domains/rfisher.dnai/lc.php' not found or unable to stat
[Sun Feb 01 12:50:12.744827 2026] [php:error] [pid 48690] [client 40.69.27.251:0] script '/domains/rfisher.dnai/r4f_1.php' not found or unable to stat
[Sun Feb 01 12:50:12.816826 2026] [php:error] [pid 48690] [client 40.69.27.251:0] script '/domains/rfisher.dnai/hexx.php' not found or unable to stat
[Sun Feb 01 12:50:12.977223 2026] [php:error] [pid 48690] [client 40.69.27.251:0] script '/domains/rfisher.dnai/cbrfo.php' not found or unable to stat
[Sun Feb 01 12:50:13.059191 2026] [php:error] [pid 48690] [client 40.69.27.251:0] script '/domains/rfisher.dnai/inc.php' not found or unable to stat
[Sun Feb 01 12:50:13.134513 2026] [php:error] [pid 48690] [client 40.69.27.251:0] script '/domains/rfisher.dnai/jquery.php' not found or unable to stat
[Sun Feb 01 12:50:13.245718 2026] [php:error] [pid 48690] [client 40.69.27.251:0] script '/domains/rfisher.dnai/gifclass.php' not found or unable to stat
[Sun Feb 01 12:50:13.320091 2026] [php:error] [pid 48690] [client 40.69.27.251:0] script '/domains/rfisher.dnai/miansha.php' not found or unable to stat
[Sun Feb 01 12:50:13.414780 2026] [php:error] [pid 48690] [client 40.69.27.251:0] script '/domains/rfisher.dnai/tinyfilemanager.php' not found or unable to stat
[Sun Feb 01 12:50:13.781687 2026] [php:error] [pid 48690] [client 40.69.27.251:0] script '/domains/rfisher.dnai/xfile25.php' not found or unable to stat
[Sun Feb 01 12:50:13.992725 2026] [php:error] [pid 48690] [client 40.69.27.251:0] script '/domains/rfisher.dnai/ok.php' not found or unable to stat
[Sun Feb 01 12:50:14.164943 2026] [php:error] [pid 48690] [client 40.69.27.251:0] script '/domains/rfisher.dnai/fi.php' not found or unable to stat
[Sun Feb 01 12:50:14.236570 2026] [php:error] [pid 48690] [client 40.69.27.251:0] script '/domains/rfisher.dnai/muzu.php' not found or unable to stat
[Sun Feb 01 12:50:14.438983 2026] [php:error] [pid 48690] [client 40.69.27.251:0] script '/domains/rfisher.dnai/reze.php' not found or unable to stat
[Sun Feb 01 12:50:14.510802 2026] [php:error] [pid 48690] [client 40.69.27.251:0] script '/domains/rfisher.dnai/styll.php' not found or unable to stat
[Sun Feb 01 12:50:14.651205 2026] [php:error] [pid 48690] [client 40.69.27.251:0] script '/domains/rfisher.dnai/x7.php' not found or unable to stat
[Sun Feb 01 12:50:14.907775 2026] [php:error] [pid 48690] [client 40.69.27.251:0] script '/domains/rfisher.dnai/thebe.php' not found or unable to stat
[Sun Feb 01 12:50:14.979245 2026] [php:error] [pid 48690] [client 40.69.27.251:0] script '/domains/rfisher.dnai/ddd.php' not found or unable to stat
[Sun Feb 01 12:50:15.063209 2026] [php:error] [pid 48690] [client 40.69.27.251:0] script '/domains/rfisher.dnai/ccs.php' not found or unable to stat
[Sun Feb 01 12:50:15.248473 2026] [php:error] [pid 48690] [client 40.69.27.251:0] script '/domains/rfisher.dnai/f355.php' not found or unable to stat
[Sun Feb 01 12:50:15.544286 2026] [php:error] [pid 48700] [client 40.69.27.251:0] script '/domains/rfisher.dnai/bgymj.php' not found or unable to stat
[Sun Feb 01 12:50:15.651124 2026] [php:error] [pid 48700] [client 40.69.27.251:0] script '/domains/rfisher.dnai/8xyz.php' not found or unable to stat
[Sun Feb 01 12:50:15.754066 2026] [php:error] [pid 48700] [client 40.69.27.251:0] script '/domains/rfisher.dnai/la.php' not found or unable to stat
[Sun Feb 01 12:50:15.892367 2026] [php:error] [pid 48700] [client 40.69.27.251:0] script '/domains/rfisher.dnai/ioxi.php' not found or unable to stat
[Sun Feb 01 12:50:15.994801 2026] [php:error] [pid 48700] [client 40.69.27.251:0] script '/domains/rfisher.dnai/xpwer1.php' not found or unable to stat
[Sun Feb 01 12:50:16.150058 2026] [php:error] [pid 48700] [client 40.69.27.251:0] script '/domains/rfisher.dnai/lala.php' not found or unable to stat
[Sun Feb 01 12:50:16.226370 2026] [php:error] [pid 48700] [client 40.69.27.251:0] script '/domains/rfisher.dnai/about.php' not found or unable to stat
[Sun Feb 01 12:50:16.829459 2026] [php:error] [pid 48700] [client 40.69.27.251:0] script '/domains/rfisher.dnai/info.php' not found or unable to stat
[Sun Feb 01 12:50:16.986983 2026] [php:error] [pid 48700] [client 40.69.27.251:0] script '/domains/rfisher.dnai/about.php' not found or unable to stat
[Sun Feb 01 12:50:17.563465 2026] [php:error] [pid 48700] [client 40.69.27.251:0] script '/domains/rfisher.dnai/ss1.php' not found or unable to stat
[Sun Feb 01 12:50:17.823325 2026] [php:error] [pid 48700] [client 40.69.27.251:0] script '/domains/rfisher.dnai/goods.php' not found or unable to stat
[Sun Feb 01 12:50:18.010698 2026] [php:error] [pid 48700] [client 40.69.27.251:0] script '/domains/rfisher.dnai/222.php' not found or unable to stat
[Sun Feb 01 12:50:18.182276 2026] [php:error] [pid 48700] [client 40.69.27.251:0] script '/domains/rfisher.dnai/adminfuns.php' not found or unable to stat
[Sun Feb 01 12:50:18.347812 2026] [php:error] [pid 48700] [client 40.69.27.251:0] script '/domains/rfisher.dnai/xx.php' not found or unable to stat
[Sun Feb 01 12:50:18.561937 2026] [php:error] [pid 48700] [client 40.69.27.251:0] script '/domains/rfisher.dnai/f5.php' not found or unable to stat
[Sun Feb 01 12:50:18.714068 2026] [php:error] [pid 48700] [client 40.69.27.251:0] script '/domains/rfisher.dnai/flower.php' not found or unable to stat
[Sun Feb 01 12:50:18.867974 2026] [php:error] [pid 48700] [client 40.69.27.251:0] script '/domains/rfisher.dnai/f6.php' not found or unable to stat
[Sun Feb 01 12:50:18.964696 2026] [php:error] [pid 48700] [client 40.69.27.251:0] script '/domains/rfisher.dnai/edit.php' not found or unable to stat
[Sun Feb 01 12:50:19.092571 2026] [php:error] [pid 48700] [client 40.69.27.251:0] script '/domains/rfisher.dnai/aa.php' not found or unable to stat
[Sun Feb 01 12:50:19.617826 2026] [php:error] [pid 48700] [client 40.69.27.251:0] script '/domains/rfisher.dnai/av.php' not found or unable to stat
[Sun Feb 01 12:50:19.859620 2026] [php:error] [pid 48700] [client 40.69.27.251:0] script '/domains/rfisher.dnai/wsd.php' not found or unable to stat
[Sun Feb 01 12:50:20.039403 2026] [php:error] [pid 48700] [client 40.69.27.251:0] script '/domains/rfisher.dnai/jane.php' not found or unable to stat
[Sun Feb 01 12:50:20.114246 2026] [php:error] [pid 48700] [client 40.69.27.251:0] script '/domains/rfisher.dnai/css.php' not found or unable to stat
[Sun Feb 01 12:50:20.191829 2026] [php:error] [pid 48700] [client 40.69.27.251:0] script '/domains/rfisher.dnai/alfa.php' not found or unable to stat
[Sun Feb 01 12:50:20.328792 2026] [php:error] [pid 48700] [client 40.69.27.251:0] script '/domains/rfisher.dnai/wen.php' not found or unable to stat
[Sun Feb 01 12:50:20.561020 2026] [php:error] [pid 48700] [client 40.69.27.251:0] script '/domains/rfisher.dnai/x.php' not found or unable to stat
[Sun Feb 01 12:50:20.635914 2026] [php:error] [pid 48700] [client 40.69.27.251:0] script '/domains/rfisher.dnai/xxxx.php' not found or unable to stat
[Sun Feb 01 12:50:20.755098 2026] [php:error] [pid 48700] [client 40.69.27.251:0] script '/domains/rfisher.dnai/class.php' not found or unable to stat
[Sun Feb 01 12:50:20.867403 2026] [php:error] [pid 48700] [client 40.69.27.251:0] script '/domains/rfisher.dnai/f35.php' not found or unable to stat
[Sun Feb 01 12:50:21.351892 2026] [php:error] [pid 48700] [client 40.69.27.251:0] script '/domains/rfisher.dnai/class-t.api.php' not found or unable to stat
[Sun Feb 01 12:50:21.506892 2026] [php:error] [pid 48700] [client 40.69.27.251:0] script '/domains/rfisher.dnai/blurbs18.php' not found or unable to stat
