[Sun Feb 01 11:13:58.689751 2026] [php:error] [pid 24843] [client 104.28.203.58:0] script '/domains/resourceandeventweb/cord.php' not found or unable to stat
[Sun Feb 01 11:13:59.306709 2026] [php:error] [pid 24843] [client 104.28.203.58:0] script '/domains/resourceandeventweb/dex.php' not found or unable to stat
[Sun Feb 01 11:14:01.215645 2026] [php:error] [pid 24843] [client 104.28.203.58:0] script '/domains/resourceandeventweb/file2.php' not found or unable to stat
[Sun Feb 01 11:14:02.104054 2026] [php:error] [pid 24843] [client 104.28.203.58:0] script '/domains/resourceandeventweb/zwso.php' not found or unable to stat
[Sun Feb 01 11:14:04.828956 2026] [php:error] [pid 24843] [client 104.28.203.58:0] script '/domains/resourceandeventweb/bolt.php' not found or unable to stat
[Sun Feb 01 11:14:09.683613 2026] [php:error] [pid 24843] [client 104.28.203.58:0] script '/domains/resourceandeventweb/shlo.php' not found or unable to stat
[Sun Feb 01 11:14:09.955315 2026] [php:error] [pid 24843] [client 104.28.203.58:0] script '/domains/resourceandeventweb/133.php' not found or unable to stat
[Sun Feb 01 11:14:11.127031 2026] [php:error] [pid 24843] [client 104.28.203.58:0] script '/domains/resourceandeventweb/ahax.php' not found or unable to stat
[Sun Feb 01 11:14:11.207376 2026] [php:error] [pid 24843] [client 104.28.203.58:0] script '/domains/resourceandeventweb/php8.php' not found or unable to stat
[Sun Feb 01 11:14:11.283066 2026] [php:error] [pid 24843] [client 104.28.203.58:0] script '/domains/resourceandeventweb/lufix1.php' not found or unable to stat
[Sun Feb 01 11:14:11.384603 2026] [php:error] [pid 24843] [client 104.28.203.58:0] script '/domains/resourceandeventweb/witmm.php' not found or unable to stat
[Sun Feb 01 11:14:12.529987 2026] [php:error] [pid 24843] [client 104.28.203.58:0] script '/domains/resourceandeventweb/ioxi-o.php' not found or unable to stat
[Sun Feb 01 11:14:12.613899 2026] [php:error] [pid 24843] [client 104.28.203.58:0] script '/domains/resourceandeventweb/222.php' not found or unable to stat
[Sun Feb 01 11:14:12.907509 2026] [php:error] [pid 24843] [client 104.28.203.58:0] script '/domains/resourceandeventweb/files.php' not found or unable to stat
[Sun Feb 01 11:14:12.993483 2026] [php:error] [pid 24843] [client 104.28.203.58:0] script '/domains/resourceandeventweb/wp-editor.php' not found or unable to stat
[Sun Feb 01 11:14:13.148906 2026] [php:error] [pid 24843] [client 104.28.203.58:0] script '/domains/resourceandeventweb/txets.php' not found or unable to stat
[Sun Feb 01 11:14:13.497409 2026] [php:error] [pid 24843] [client 104.28.203.58:0] script '/domains/resourceandeventweb/postnews.php' not found or unable to stat
[Sun Feb 01 11:14:15.806943 2026] [php:error] [pid 24838] [client 104.28.203.58:0] script '/domains/assetenhance/style.php' not found or unable to stat, referer: http://assetenhancement.com/style.php
[Sun Feb 01 11:14:57.671962 2026] [php:error] [pid 30483] [client 104.28.203.58:0] script '/domains/homesbyaudrey1/style.php' not found or unable to stat
[Sun Feb 01 11:14:59.258355 2026] [php:error] [pid 30483] [client 104.28.203.58:0] script '/domains/homesbyaudrey1/chosen.php' not found or unable to stat
[Sun Feb 01 11:14:59.502805 2026] [php:error] [pid 30483] [client 104.28.203.58:0] script '/domains/homesbyaudrey1/file.php' not found or unable to stat
[Sun Feb 01 11:14:59.574900 2026] [php:error] [pid 30483] [client 104.28.203.58:0] script '/domains/homesbyaudrey1/flower.php' not found or unable to stat
[Sun Feb 01 11:14:59.642104 2026] [php:error] [pid 30483] [client 104.28.203.58:0] script '/domains/homesbyaudrey1/gifclass.php' not found or unable to stat
[Sun Feb 01 11:14:59.747070 2026] [php:error] [pid 30483] [client 104.28.203.58:0] script '/domains/homesbyaudrey1/bless.php' not found or unable to stat
[Sun Feb 01 11:15:00.973815 2026] [php:error] [pid 30483] [client 104.28.203.58:0] script '/domains/homesbyaudrey1/class-t.api.php' not found or unable to stat
[Sun Feb 01 11:15:03.243720 2026] [php:error] [pid 30493] [client 104.28.203.58:0] script '/domains/homesbyaudrey1/blurbs.php' not found or unable to stat
[Sun Feb 01 11:15:06.305819 2026] [php:error] [pid 30493] [client 104.28.203.58:0] script '/domains/homesbyaudrey1/akcc.php' not found or unable to stat
[Sun Feb 01 11:15:07.537784 2026] [php:error] [pid 30493] [client 104.28.203.58:0] script '/domains/homesbyaudrey1/abcd.php' not found or unable to stat
[Sun Feb 01 11:15:07.847240 2026] [php:error] [pid 30493] [client 104.28.203.58:0] script '/domains/homesbyaudrey1/shelp.php' not found or unable to stat
[Sun Feb 01 11:15:08.497508 2026] [php:error] [pid 30493] [client 104.28.203.58:0] script '/domains/homesbyaudrey1/cord.php' not found or unable to stat
[Sun Feb 01 11:15:08.811440 2026] [php:error] [pid 30493] [client 104.28.203.58:0] script '/domains/homesbyaudrey1/dex.php' not found or unable to stat
[Sun Feb 01 11:15:08.973580 2026] [php:error] [pid 30493] [client 104.28.203.58:0] script '/domains/homesbyaudrey1/file2.php' not found or unable to stat
[Sun Feb 01 11:15:09.094165 2026] [php:error] [pid 30493] [client 104.28.203.58:0] script '/domains/homesbyaudrey1/zwso.php' not found or unable to stat
[Sun Feb 01 11:15:09.318953 2026] [php:error] [pid 30493] [client 104.28.203.58:0] script '/domains/homesbyaudrey1/bolt.php' not found or unable to stat
[Sun Feb 01 11:15:09.505846 2026] [php:error] [pid 30493] [client 104.28.203.58:0] script '/domains/homesbyaudrey1/shlo.php' not found or unable to stat
[Sun Feb 01 11:15:09.678115 2026] [php:error] [pid 30493] [client 104.28.203.58:0] script '/domains/homesbyaudrey1/133.php' not found or unable to stat
[Sun Feb 01 11:15:09.833921 2026] [php:error] [pid 30493] [client 104.28.203.58:0] script '/domains/homesbyaudrey1/ahax.php' not found or unable to stat
[Sun Feb 01 11:15:09.958874 2026] [php:error] [pid 30493] [client 104.28.203.58:0] script '/domains/homesbyaudrey1/php8.php' not found or unable to stat
[Sun Feb 01 11:15:10.029492 2026] [php:error] [pid 30493] [client 104.28.203.58:0] script '/domains/homesbyaudrey1/lufix1.php' not found or unable to stat
[Sun Feb 01 11:15:10.308620 2026] [php:error] [pid 30493] [client 104.28.203.58:0] script '/domains/homesbyaudrey1/witmm.php' not found or unable to stat
[Sun Feb 01 11:15:10.959076 2026] [php:error] [pid 30493] [client 104.28.203.58:0] script '/domains/homesbyaudrey1/ioxi-o.php' not found or unable to stat
[Sun Feb 01 11:15:11.034985 2026] [php:error] [pid 30493] [client 104.28.203.58:0] script '/domains/homesbyaudrey1/222.php' not found or unable to stat
[Sun Feb 01 11:15:11.138081 2026] [php:error] [pid 30493] [client 104.28.203.58:0] script '/domains/homesbyaudrey1/files.php' not found or unable to stat
[Sun Feb 01 11:15:11.232567 2026] [php:error] [pid 30493] [client 104.28.203.58:0] script '/domains/homesbyaudrey1/wp-editor.php' not found or unable to stat
[Sun Feb 01 11:15:11.425915 2026] [php:error] [pid 30493] [client 104.28.203.58:0] script '/domains/homesbyaudrey1/txets.php' not found or unable to stat
[Sun Feb 01 11:15:11.648818 2026] [php:error] [pid 30493] [client 104.28.203.58:0] script '/domains/homesbyaudrey1/postnews.php' not found or unable to stat
[Sun Feb 01 11:15:55.835953 2026] [php:error] [pid 30491] [client 40.115.138.186:0] script '/domains/perless2web/aa.php' not found or unable to stat
[Sun Feb 01 11:15:56.020214 2026] [php:error] [pid 30491] [client 40.115.138.186:0] script '/domains/perless2web/abcd.php' not found or unable to stat
[Sun Feb 01 11:15:56.188506 2026] [php:error] [pid 30491] [client 40.115.138.186:0] script '/domains/perless2web/admin.php' not found or unable to stat
[Sun Feb 01 11:15:56.374996 2026] [php:error] [pid 30491] [client 40.115.138.186:0] script '/domains/perless2web/buy.php' not found or unable to stat
[Sun Feb 01 11:15:57.893039 2026] [php:error] [pid 30491] [client 40.115.138.186:0] script '/domains/perless2web/edit.php' not found or unable to stat
[Sun Feb 01 11:15:58.070877 2026] [php:error] [pid 30491] [client 40.115.138.186:0] script '/domains/perless2web/file.php' not found or unable to stat
[Sun Feb 01 11:15:58.273500 2026] [php:error] [pid 30491] [client 40.115.138.186:0] script '/domains/perless2web/flower.php' not found or unable to stat
[Sun Feb 01 11:15:59.594246 2026] [php:error] [pid 30505] [client 104.28.203.58:0] script '/domains/nostrada/style.php' not found or unable to stat
[Sun Feb 01 11:15:59.654914 2026] [php:error] [pid 30490] [client 104.28.203.58:0] script '/domains/nostrada/style.php' not found or unable to stat
[Sun Feb 01 11:15:59.896693 2026] [php:error] [pid 30491] [client 40.115.138.186:0] script '/domains/perless2web/images/index.php' not found or unable to stat
[Sun Feb 01 11:16:01.203425 2026] [php:error] [pid 30491] [client 40.115.138.186:0] script '/domains/perless2web/info.php' not found or unable to stat
[Sun Feb 01 11:16:02.616923 2026] [php:error] [pid 30491] [client 40.115.138.186:0] script '/domains/perless2web/ioxi-o.php' not found or unable to stat
[Sun Feb 01 11:16:02.789190 2026] [php:error] [pid 30491] [client 40.115.138.186:0] script '/domains/perless2web/nc4.php' not found or unable to stat
[Sun Feb 01 11:16:05.041370 2026] [php:error] [pid 30491] [client 40.115.138.186:0] script '/domains/perless2web/xleet.php' not found or unable to stat
[Sun Feb 01 11:16:07.325708 2026] [php:error] [pid 30511] [client 104.28.203.58:0] script '/domains/nostrada/chosen.php' not found or unable to stat
[Sun Feb 01 11:16:07.434679 2026] [php:error] [pid 30511] [client 104.28.203.58:0] script '/domains/nostrada/file.php' not found or unable to stat
[Sun Feb 01 11:16:07.700939 2026] [php:error] [pid 30511] [client 104.28.203.58:0] script '/domains/nostrada/flower.php' not found or unable to stat
[Sun Feb 01 11:16:07.815614 2026] [php:error] [pid 30511] [client 104.28.203.58:0] script '/domains/nostrada/gifclass.php' not found or unable to stat
[Sun Feb 01 11:16:08.227833 2026] [php:error] [pid 30511] [client 104.28.203.58:0] script '/domains/nostrada/bless.php' not found or unable to stat
[Sun Feb 01 11:16:08.228004 2026] [php:error] [pid 30493] [client 104.28.235.58:0] script '/domains/nostrada/chosen.php' not found or unable to stat
[Sun Feb 01 11:16:09.806751 2026] [php:error] [pid 30491] [client 40.115.138.186:0] script '/domains/perless2web/wp-good.php' not found or unable to stat
[Sun Feb 01 11:16:10.342202 2026] [php:error] [pid 30493] [client 104.28.235.58:0] script '/domains/nostrada/file.php' not found or unable to stat
[Sun Feb 01 11:16:10.343401 2026] [php:error] [pid 30511] [client 104.28.203.58:0] script '/domains/nostrada/class-t.api.php' not found or unable to stat
[Sun Feb 01 11:16:10.914739 2026] [php:error] [pid 30511] [client 104.28.203.58:0] script '/domains/nostrada/blurbs.php' not found or unable to stat
[Sun Feb 01 11:16:10.929219 2026] [php:error] [pid 30493] [client 104.28.235.58:0] script '/domains/nostrada/flower.php' not found or unable to stat
[Sun Feb 01 11:16:11.508454 2026] [php:error] [pid 30491] [client 40.115.138.186:0] script '/domains/perless2web/xmrlpc.php' not found or unable to stat
[Sun Feb 01 11:16:12.513638 2026] [php:error] [pid 30491] [client 40.115.138.186:0] script '/domains/perless2web/about.php' not found or unable to stat
[Sun Feb 01 11:16:12.568684 2026] [php:error] [pid 30511] [client 104.28.203.58:0] script '/domains/nostrada/akcc.php' not found or unable to stat
[Sun Feb 01 11:16:12.704093 2026] [php:error] [pid 30493] [client 104.28.235.58:0] script '/domains/nostrada/gifclass.php' not found or unable to stat
[Sun Feb 01 11:16:13.184364 2026] [php:error] [pid 30491] [client 40.115.138.186:0] script '/domains/perless2web/adminfuns.php' not found or unable to stat
[Sun Feb 01 11:16:13.346489 2026] [php:error] [pid 30491] [client 40.115.138.186:0] script '/domains/perless2web/alfa.php' not found or unable to stat
[Sun Feb 01 11:16:14.691693 2026] [php:error] [pid 30491] [client 40.115.138.186:0] script '/domains/perless2web/asasx.php' not found or unable to stat
[Sun Feb 01 11:16:14.878710 2026] [php:error] [pid 30491] [client 40.115.138.186:0] script '/domains/perless2web/autoload_classmap.php' not found or unable to stat
[Sun Feb 01 11:16:15.225925 2026] [php:error] [pid 30493] [client 104.28.235.58:0] script '/domains/nostrada/bless.php' not found or unable to stat
[Sun Feb 01 11:16:15.251890 2026] [php:error] [pid 30511] [client 104.28.203.58:0] script '/domains/nostrada/abcd.php' not found or unable to stat
[Sun Feb 01 11:16:16.445417 2026] [php:error] [pid 30491] [client 40.115.138.186:0] script '/domains/perless2web/classwithtostring.php' not found or unable to stat
[Sun Feb 01 11:16:17.457484 2026] [php:error] [pid 30491] [client 40.115.138.186:0] script '/domains/perless2web/cong.php' not found or unable to stat
[Sun Feb 01 11:16:18.351346 2026] [php:error] [pid 30491] [client 40.115.138.186:0] script '/domains/perless2web/file2.php' not found or unable to stat
[Sun Feb 01 11:16:20.262253 2026] [php:error] [pid 30491] [client 40.115.138.186:0] script '/domains/perless2web/moon.php' not found or unable to stat
[Sun Feb 01 11:16:21.356767 2026] [php:error] [pid 30490] [client 104.28.235.58:0] script '/domains/nostrada/class-t.api.php' not found or unable to stat
[Sun Feb 01 11:16:21.447571 2026] [php:error] [pid 30514] [client 104.28.203.58:0] script '/domains/nostrada/shelp.php' not found or unable to stat
[Sun Feb 01 11:16:25.105374 2026] [php:error] [pid 30491] [client 40.115.138.186:0] script '/domains/perless2web/wp-cron.php' not found or unable to stat
[Sun Feb 01 11:16:29.091022 2026] [php:error] [pid 30505] [client 146.75.248.205:0] script '/domains/pbuilder/index.php' not found or unable to stat
[Sun Feb 01 11:16:30.082408 2026] [php:error] [pid 30519] [client 104.28.203.58:0] script '/domains/nostrada/cord.php' not found or unable to stat
[Sun Feb 01 11:16:30.171839 2026] [php:error] [pid 30514] [client 104.28.235.58:0] script '/domains/nostrada/blurbs.php' not found or unable to stat
[Sun Feb 01 11:16:31.599404 2026] [php:error] [pid 30519] [client 104.28.203.58:0] script '/domains/nostrada/dex.php' not found or unable to stat
[Sun Feb 01 11:16:31.724303 2026] [php:error] [pid 30514] [client 104.28.235.58:0] script '/domains/nostrada/akcc.php' not found or unable to stat
[Sun Feb 01 11:16:31.943945 2026] [php:error] [pid 30514] [client 104.28.235.58:0] script '/domains/nostrada/abcd.php' not found or unable to stat
[Sun Feb 01 11:16:32.025863 2026] [php:error] [pid 30514] [client 104.28.235.58:0] script '/domains/nostrada/shelp.php' not found or unable to stat
[Sun Feb 01 11:16:32.153711 2026] [php:error] [pid 30514] [client 104.28.235.58:0] script '/domains/nostrada/cord.php' not found or unable to stat
[Sun Feb 01 11:16:32.984611 2026] [php:error] [pid 30519] [client 104.28.203.58:0] script '/domains/nostrada/file2.php' not found or unable to stat
[Sun Feb 01 11:16:34.017614 2026] [php:error] [pid 30514] [client 104.28.235.58:0] script '/domains/nostrada/dex.php' not found or unable to stat
[Sun Feb 01 11:16:35.115273 2026] [php:error] [pid 30519] [client 104.28.203.58:0] script '/domains/nostrada/zwso.php' not found or unable to stat
[Sun Feb 01 11:16:35.420044 2026] [php:error] [pid 30514] [client 104.28.235.58:0] script '/domains/nostrada/file2.php' not found or unable to stat
[Sun Feb 01 11:16:35.787283 2026] [php:error] [pid 30514] [client 104.28.235.58:0] script '/domains/nostrada/zwso.php' not found or unable to stat
[Sun Feb 01 11:16:37.081095 2026] [php:error] [pid 30519] [client 104.28.203.58:0] script '/domains/nostrada/bolt.php' not found or unable to stat
[Sun Feb 01 11:16:37.423158 2026] [php:error] [pid 30519] [client 104.28.203.58:0] script '/domains/nostrada/shlo.php' not found or unable to stat
[Sun Feb 01 11:16:37.699363 2026] [php:error] [pid 30519] [client 104.28.203.58:0] script '/domains/nostrada/133.php' not found or unable to stat
[Sun Feb 01 11:16:38.402378 2026] [php:error] [pid 30519] [client 104.28.203.58:0] script '/domains/nostrada/ahax.php' not found or unable to stat
[Sun Feb 01 11:16:39.469802 2026] [php:error] [pid 30519] [client 104.28.203.58:0] script '/domains/nostrada/php8.php' not found or unable to stat
[Sun Feb 01 11:16:41.541686 2026] [php:error] [pid 30514] [client 104.28.235.58:0] script '/domains/nostrada/bolt.php' not found or unable to stat
[Sun Feb 01 11:16:41.661028 2026] [php:error] [pid 30514] [client 104.28.235.58:0] script '/domains/nostrada/shlo.php' not found or unable to stat
[Sun Feb 01 11:16:42.237573 2026] [php:error] [pid 30505] [client 104.28.203.58:0] script '/domains/kandg-pc/style.php' not found or unable to stat
[Sun Feb 01 11:16:45.963310 2026] [php:error] [pid 30514] [client 104.28.235.58:0] script '/domains/nostrada/133.php' not found or unable to stat
[Sun Feb 01 11:16:47.993980 2026] [php:error] [pid 30514] [client 104.28.235.58:0] script '/domains/nostrada/ahax.php' not found or unable to stat
[Sun Feb 01 11:16:49.297398 2026] [php:error] [pid 30514] [client 104.28.235.58:0] script '/domains/nostrada/php8.php' not found or unable to stat
[Sun Feb 01 11:16:49.970894 2026] [php:error] [pid 30517] [client 104.28.203.58:0] script '/domains/nostrada/lufix1.php' not found or unable to stat
[Sun Feb 01 11:16:50.189552 2026] [php:error] [pid 30514] [client 104.28.235.58:0] script '/domains/nostrada/lufix1.php' not found or unable to stat
[Sun Feb 01 11:16:50.324113 2026] [php:error] [pid 30505] [client 104.28.203.58:0] script '/domains/kandg-pc/chosen.php' not found or unable to stat
[Sun Feb 01 11:16:50.931589 2026] [php:error] [pid 30517] [client 104.28.203.58:0] script '/domains/nostrada/witmm.php' not found or unable to stat
[Sun Feb 01 11:16:52.667082 2026] [php:error] [pid 30505] [client 104.28.203.58:0] script '/domains/kandg-pc/file.php' not found or unable to stat
[Sun Feb 01 11:16:53.618877 2026] [php:error] [pid 30505] [client 104.28.203.58:0] script '/domains/kandg-pc/flower.php' not found or unable to stat
[Sun Feb 01 11:16:53.766241 2026] [php:error] [pid 30514] [client 104.28.235.58:0] script '/domains/nostrada/witmm.php' not found or unable to stat
[Sun Feb 01 11:16:55.058268 2026] [php:error] [pid 30505] [client 104.28.203.58:0] script '/domains/kandg-pc/gifclass.php' not found or unable to stat
[Sun Feb 01 11:16:55.296635 2026] [php:error] [pid 30517] [client 104.28.203.58:0] script '/domains/nostrada/ioxi-o.php' not found or unable to stat
[Sun Feb 01 11:16:56.022590 2026] [php:error] [pid 30517] [client 104.28.203.58:0] script '/domains/nostrada/222.php' not found or unable to stat
[Sun Feb 01 11:16:56.254008 2026] [php:error] [pid 30517] [client 104.28.203.58:0] script '/domains/nostrada/files.php' not found or unable to stat
[Sun Feb 01 11:16:56.354842 2026] [php:error] [pid 30517] [client 104.28.203.58:0] script '/domains/nostrada/wp-editor.php' not found or unable to stat
[Sun Feb 01 11:16:56.544616 2026] [php:error] [pid 30517] [client 104.28.203.58:0] script '/domains/nostrada/txets.php' not found or unable to stat
[Sun Feb 01 11:16:57.205109 2026] [php:error] [pid 30517] [client 104.28.203.58:0] script '/domains/nostrada/postnews.php' not found or unable to stat
[Sun Feb 01 11:16:59.455902 2026] [php:error] [pid 30505] [client 104.28.203.58:0] script '/domains/nostrada/ioxi-o.php' not found or unable to stat
[Sun Feb 01 11:17:00.623324 2026] [php:error] [pid 30505] [client 104.28.203.58:0] script '/domains/nostrada/222.php' not found or unable to stat
[Sun Feb 01 11:17:08.318697 2026] [php:error] [pid 30524] [client 52.169.119.118:0] script '/domains/pbuilder/thebe.php' not found or unable to stat
[Sun Feb 01 11:17:08.389324 2026] [php:error] [pid 30524] [client 52.169.119.118:0] script '/domains/pbuilder/ol.php' not found or unable to stat
[Sun Feb 01 11:17:08.460074 2026] [php:error] [pid 30524] [client 52.169.119.118:0] script '/domains/pbuilder/sanity.php' not found or unable to stat
[Sun Feb 01 11:17:08.530693 2026] [php:error] [pid 30524] [client 52.169.119.118:0] script '/domains/pbuilder/anj.php' not found or unable to stat
[Sun Feb 01 11:17:08.601389 2026] [php:error] [pid 30524] [client 52.169.119.118:0] script '/domains/pbuilder/baixy.php' not found or unable to stat
[Sun Feb 01 11:17:08.671823 2026] [php:error] [pid 30524] [client 52.169.119.118:0] script '/domains/pbuilder/ioxi.php' not found or unable to stat
[Sun Feb 01 11:17:08.742565 2026] [php:error] [pid 30524] [client 52.169.119.118:0] script '/domains/pbuilder/aboutc.php' not found or unable to stat
[Sun Feb 01 11:17:08.813125 2026] [php:error] [pid 30524] [client 52.169.119.118:0] script '/domains/pbuilder/8xyz.php' not found or unable to stat
[Sun Feb 01 11:17:08.883525 2026] [php:error] [pid 30524] [client 52.169.119.118:0] script '/domains/pbuilder/zmia.php' not found or unable to stat
[Sun Feb 01 11:17:08.953930 2026] [php:error] [pid 30524] [client 52.169.119.118:0] script '/domains/pbuilder/edorxrr.php' not found or unable to stat
[Sun Feb 01 11:17:09.024351 2026] [php:error] [pid 30524] [client 52.169.119.118:0] script '/domains/pbuilder/doko.php' not found or unable to stat
[Sun Feb 01 11:17:09.094939 2026] [php:error] [pid 30524] [client 52.169.119.118:0] script '/domains/pbuilder/sst.php' not found or unable to stat
[Sun Feb 01 11:17:09.165359 2026] [php:error] [pid 30524] [client 52.169.119.118:0] script '/domains/pbuilder/easy.php' not found or unable to stat
[Sun Feb 01 11:17:09.235630 2026] [php:error] [pid 30524] [client 52.169.119.118:0] script '/domains/pbuilder/wp-rss4.php' not found or unable to stat
[Sun Feb 01 11:17:09.306492 2026] [php:error] [pid 30524] [client 52.169.119.118:0] script '/domains/pbuilder/nlvbr.php' not found or unable to stat
[Sun Feb 01 11:17:09.377181 2026] [php:error] [pid 30524] [client 52.169.119.118:0] script '/domains/pbuilder/ah25.php' not found or unable to stat
[Sun Feb 01 11:17:09.447993 2026] [php:error] [pid 30524] [client 52.169.119.118:0] script '/domains/pbuilder/icoxp.php' not found or unable to stat
[Sun Feb 01 11:17:09.518528 2026] [php:error] [pid 30524] [client 52.169.119.118:0] script '/domains/pbuilder/wp-set.php' not found or unable to stat
[Sun Feb 01 11:17:09.588822 2026] [php:error] [pid 30524] [client 52.169.119.118:0] script '/domains/pbuilder/edit-tags.php' not found or unable to stat
[Sun Feb 01 11:17:09.659204 2026] [php:error] [pid 30524] [client 52.169.119.118:0] script '/domains/pbuilder/install.php' not found or unable to stat
[Sun Feb 01 11:17:09.729739 2026] [php:error] [pid 30524] [client 52.169.119.118:0] script '/domains/pbuilder/gettest.php' not found or unable to stat
[Sun Feb 01 11:17:09.804096 2026] [php:error] [pid 30524] [client 52.169.119.118:0] script '/domains/pbuilder/tempae.php' not found or unable to stat
[Sun Feb 01 11:17:09.874283 2026] [php:error] [pid 30524] [client 52.169.119.118:0] script '/domains/pbuilder/drfabyqp.php' not found or unable to stat
[Sun Feb 01 11:17:09.944868 2026] [php:error] [pid 30524] [client 52.169.119.118:0] script '/domains/pbuilder/f6.php' not found or unable to stat
[Sun Feb 01 11:17:10.015133 2026] [php:error] [pid 30524] [client 52.169.119.118:0] script '/domains/pbuilder/ty.php' not found or unable to stat
[Sun Feb 01 11:17:10.085548 2026] [php:error] [pid 30524] [client 52.169.119.118:0] script '/domains/pbuilder/RIP.php' not found or unable to stat
[Sun Feb 01 11:17:10.156011 2026] [php:error] [pid 30524] [client 52.169.119.118:0] script '/domains/pbuilder/bayss.php' not found or unable to stat
[Sun Feb 01 11:17:10.227356 2026] [php:error] [pid 30524] [client 52.169.119.118:0] script '/domains/pbuilder/w1.php' not found or unable to stat
[Sun Feb 01 11:17:10.297631 2026] [php:error] [pid 30524] [client 52.169.119.118:0] script '/domains/pbuilder/dgdaolin.php' not found or unable to stat
[Sun Feb 01 11:17:10.367962 2026] [php:error] [pid 30524] [client 52.169.119.118:0] script '/domains/pbuilder/rrhbdzdz.php' not found or unable to stat
[Sun Feb 01 11:17:10.438999 2026] [php:error] [pid 30524] [client 52.169.119.118:0] script '/domains/pbuilder/000.php' not found or unable to stat
[Sun Feb 01 11:17:12.206717 2026] [php:error] [pid 30514] [client 104.28.203.58:0] script '/domains/nostrada/files.php' not found or unable to stat
[Sun Feb 01 11:17:12.515232 2026] [php:error] [pid 30514] [client 104.28.203.58:0] script '/domains/nostrada/wp-editor.php' not found or unable to stat
[Sun Feb 01 11:17:12.790062 2026] [php:error] [pid 30514] [client 104.28.203.58:0] script '/domains/nostrada/txets.php' not found or unable to stat
[Sun Feb 01 11:17:13.331249 2026] [php:error] [pid 30514] [client 104.28.203.58:0] script '/domains/nostrada/postnews.php' not found or unable to stat
[Sun Feb 01 11:17:32.112458 2026] [php:error] [pid 30524] [client 104.28.203.58:0] script '/domains/fayemoran/style.php' not found or unable to stat
[Sun Feb 01 11:17:34.328225 2026] [php:error] [pid 30524] [client 104.28.203.58:0] script '/domains/fayemoran/chosen.php' not found or unable to stat
[Sun Feb 01 11:17:37.859533 2026] [php:error] [pid 30524] [client 104.28.203.58:0] script '/domains/fayemoran/file.php' not found or unable to stat
[Sun Feb 01 11:17:38.853974 2026] [php:error] [pid 30524] [client 104.28.203.58:0] script '/domains/fayemoran/flower.php' not found or unable to stat
[Sun Feb 01 11:17:39.588756 2026] [php:error] [pid 30524] [client 104.28.203.58:0] script '/domains/fayemoran/gifclass.php' not found or unable to stat
[Sun Feb 01 11:17:41.114850 2026] [php:error] [pid 30524] [client 104.28.203.58:0] script '/domains/fayemoran/bless.php' not found or unable to stat
[Sun Feb 01 11:17:42.697359 2026] [php:error] [pid 30524] [client 104.28.203.58:0] script '/domains/fayemoran/class-t.api.php' not found or unable to stat
[Sun Feb 01 11:17:42.844233 2026] [php:error] [pid 30524] [client 104.28.203.58:0] script '/domains/fayemoran/blurbs.php' not found or unable to stat
[Sun Feb 01 11:17:42.968571 2026] [php:error] [pid 30524] [client 104.28.203.58:0] script '/domains/fayemoran/akcc.php' not found or unable to stat
[Sun Feb 01 11:17:43.072030 2026] [php:error] [pid 30524] [client 104.28.203.58:0] script '/domains/fayemoran/abcd.php' not found or unable to stat
[Sun Feb 01 11:17:43.195318 2026] [php:error] [pid 30524] [client 104.28.203.58:0] script '/domains/fayemoran/shelp.php' not found or unable to stat
[Sun Feb 01 11:17:43.283963 2026] [php:error] [pid 30524] [client 104.28.203.58:0] script '/domains/fayemoran/cord.php' not found or unable to stat
[Sun Feb 01 11:17:43.924443 2026] [php:error] [pid 30524] [client 104.28.203.58:0] script '/domains/fayemoran/dex.php' not found or unable to stat
[Sun Feb 01 11:17:44.561418 2026] [php:error] [pid 30524] [client 104.28.203.58:0] script '/domains/fayemoran/file2.php' not found or unable to stat
[Sun Feb 01 11:17:44.646918 2026] [php:error] [pid 30524] [client 104.28.203.58:0] script '/domains/fayemoran/zwso.php' not found or unable to stat
[Sun Feb 01 11:17:48.887767 2026] [php:error] [pid 30524] [client 104.28.203.58:0] script '/domains/fayemoran/bolt.php' not found or unable to stat
[Sun Feb 01 11:17:49.064551 2026] [php:error] [pid 30524] [client 104.28.203.58:0] script '/domains/fayemoran/shlo.php' not found or unable to stat
[Sun Feb 01 11:17:49.377281 2026] [php:error] [pid 30524] [client 104.28.203.58:0] script '/domains/fayemoran/133.php' not found or unable to stat
[Sun Feb 01 11:17:49.929373 2026] [php:error] [pid 30524] [client 104.28.203.58:0] script '/domains/fayemoran/ahax.php' not found or unable to stat
[Sun Feb 01 11:17:50.278376 2026] [php:error] [pid 30524] [client 104.28.203.58:0] script '/domains/fayemoran/php8.php' not found or unable to stat
[Sun Feb 01 11:17:50.497776 2026] [php:error] [pid 30524] [client 104.28.203.58:0] script '/domains/fayemoran/lufix1.php' not found or unable to stat
[Sun Feb 01 11:17:50.641502 2026] [php:error] [pid 30524] [client 104.28.203.58:0] script '/domains/fayemoran/witmm.php' not found or unable to stat
[Sun Feb 01 11:17:51.345491 2026] [php:error] [pid 30524] [client 104.28.203.58:0] script '/domains/fayemoran/ioxi-o.php' not found or unable to stat
[Sun Feb 01 11:17:51.469838 2026] [php:error] [pid 30524] [client 104.28.203.58:0] script '/domains/fayemoran/222.php' not found or unable to stat
[Sun Feb 01 11:17:51.587195 2026] [php:error] [pid 30524] [client 104.28.203.58:0] script '/domains/fayemoran/files.php' not found or unable to stat
[Sun Feb 01 11:17:51.813477 2026] [php:error] [pid 30524] [client 104.28.203.58:0] script '/domains/fayemoran/wp-editor.php' not found or unable to stat
[Sun Feb 01 11:17:52.003117 2026] [php:error] [pid 30524] [client 104.28.203.58:0] script '/domains/fayemoran/txets.php' not found or unable to stat
[Sun Feb 01 11:17:52.478941 2026] [php:error] [pid 30524] [client 104.28.203.58:0] script '/domains/fayemoran/postnews.php' not found or unable to stat
[Sun Feb 01 11:20:03.005477 2026] [php:error] [pid 30553] [client 194.180.49.39:0] script '/domains/rainho/wp-login.php' not found or unable to stat, referer: https://wordpress.org/
[Sun Feb 01 11:20:03.219334 2026] [php:error] [pid 30545] [client 194.180.49.39:0] script '/domains/rainho/wp-login.php' not found or unable to stat, referer: https://www.bing.com/
[Sun Feb 01 11:20:26.428279 2026] [php:error] [pid 30553] [client 20.193.64.83:0] script '/domains/nostrada/aa.php' not found or unable to stat
[Sun Feb 01 11:20:26.642731 2026] [php:error] [pid 30553] [client 20.193.64.83:0] script '/domains/nostrada/abcd.php' not found or unable to stat
[Sun Feb 01 11:20:26.888558 2026] [php:error] [pid 30553] [client 20.193.64.83:0] script '/domains/nostrada/admin.php' not found or unable to stat
[Sun Feb 01 11:20:27.114990 2026] [php:error] [pid 30553] [client 20.193.64.83:0] script '/domains/nostrada/buy.php' not found or unable to stat
[Sun Feb 01 11:20:30.144837 2026] [php:error] [pid 30553] [client 20.193.64.83:0] script '/domains/nostrada/edit.php' not found or unable to stat
[Sun Feb 01 11:20:30.390161 2026] [php:error] [pid 30553] [client 20.193.64.83:0] script '/domains/nostrada/file.php' not found or unable to stat
[Sun Feb 01 11:20:30.612755 2026] [php:error] [pid 30553] [client 20.193.64.83:0] script '/domains/nostrada/flower.php' not found or unable to stat
[Sun Feb 01 11:20:32.562111 2026] [php:error] [pid 30553] [client 20.193.64.83:0] script '/domains/nostrada/images/index.php' not found or unable to stat
[Sun Feb 01 11:20:33.571283 2026] [php:error] [pid 30553] [client 20.193.64.83:0] script '/domains/nostrada/info.php' not found or unable to stat
[Sun Feb 01 11:20:34.372388 2026] [php:error] [pid 30553] [client 20.193.64.83:0] script '/domains/nostrada/ioxi-o.php' not found or unable to stat
[Sun Feb 01 11:20:36.214017 2026] [php:error] [pid 30553] [client 20.193.64.83:0] script '/domains/nostrada/nc4.php' not found or unable to stat
[Sun Feb 01 11:20:38.224231 2026] [php:error] [pid 30553] [client 20.193.64.83:0] script '/domains/nostrada/xleet.php' not found or unable to stat
[Sun Feb 01 11:20:41.157201 2026] [php:error] [pid 30553] [client 20.193.64.83:0] script '/domains/nostrada/wp-good.php' not found or unable to stat
[Sun Feb 01 11:20:41.850659 2026] [php:error] [pid 30553] [client 20.193.64.83:0] script '/domains/nostrada/xmrlpc.php' not found or unable to stat
[Sun Feb 01 11:20:42.067709 2026] [php:error] [pid 30553] [client 20.193.64.83:0] script '/domains/nostrada/about.php' not found or unable to stat
[Sun Feb 01 11:20:44.820114 2026] [php:error] [pid 30553] [client 20.193.64.83:0] script '/domains/nostrada/adminfuns.php' not found or unable to stat
[Sun Feb 01 11:20:47.333858 2026] [php:error] [pid 30553] [client 20.193.64.83:0] script '/domains/nostrada/alfa.php' not found or unable to stat
[Sun Feb 01 11:20:47.563213 2026] [php:error] [pid 30553] [client 20.193.64.83:0] script '/domains/nostrada/asasx.php' not found or unable to stat
[Sun Feb 01 11:20:47.783427 2026] [php:error] [pid 30553] [client 20.193.64.83:0] script '/domains/nostrada/autoload_classmap.php' not found or unable to stat
[Sun Feb 01 11:20:50.541030 2026] [php:error] [pid 30553] [client 20.193.64.83:0] script '/domains/nostrada/classwithtostring.php' not found or unable to stat
[Sun Feb 01 11:20:50.753933 2026] [php:error] [pid 30553] [client 20.193.64.83:0] script '/domains/nostrada/cong.php' not found or unable to stat
[Sun Feb 01 11:20:50.982509 2026] [php:error] [pid 30553] [client 20.193.64.83:0] script '/domains/nostrada/file2.php' not found or unable to stat
[Sun Feb 01 11:20:51.235703 2026] [php:error] [pid 30553] [client 20.193.64.83:0] script '/domains/nostrada/moon.php' not found or unable to stat
[Sun Feb 01 11:20:57.151813 2026] [php:error] [pid 30553] [client 20.193.64.83:0] script '/domains/nostrada/wp-cron.php' not found or unable to stat
[Sun Feb 01 11:21:34.605536 2026] [php:error] [pid 30593] [client 20.205.97.28:0] script '/domains/resourceandeventweb/xmlrpc.php' not found or unable to stat
[Sun Feb 01 11:21:34.829100 2026] [php:error] [pid 30593] [client 20.205.97.28:0] script '/domains/resourceandeventweb/wp-trackback.php' not found or unable to stat
[Sun Feb 01 11:21:35.048129 2026] [php:error] [pid 30593] [client 20.205.97.28:0] script '/domains/resourceandeventweb/file.php' not found or unable to stat
[Sun Feb 01 11:21:35.266856 2026] [php:error] [pid 30593] [client 20.205.97.28:0] script '/domains/resourceandeventweb/rip.php' not found or unable to stat
[Sun Feb 01 11:21:35.478176 2026] [php:error] [pid 30593] [client 20.205.97.28:0] script '/domains/resourceandeventweb/autoload_classmap.php' not found or unable to stat
[Sun Feb 01 11:21:35.689122 2026] [php:error] [pid 30593] [client 20.205.97.28:0] script '/domains/resourceandeventweb/chosen.php' not found or unable to stat
[Sun Feb 01 11:21:35.903259 2026] [php:error] [pid 30593] [client 20.205.97.28:0] script '/domains/resourceandeventweb/classwithtostring.php' not found or unable to stat
[Sun Feb 01 11:21:36.126462 2026] [php:error] [pid 30593] [client 20.205.97.28:0] script '/domains/resourceandeventweb/defaults.php' not found or unable to stat
[Sun Feb 01 11:21:36.786832 2026] [php:error] [pid 30593] [client 20.205.97.28:0] script '/domains/resourceandeventweb/info.php' not found or unable to stat
[Sun Feb 01 11:21:37.005474 2026] [php:error] [pid 30593] [client 20.205.97.28:0] script '/domains/resourceandeventweb/elp.php' not found or unable to stat
[Sun Feb 01 11:21:38.084006 2026] [php:error] [pid 30593] [client 20.205.97.28:0] script '/domains/resourceandeventweb/adminfuns.php' not found or unable to stat
[Sun Feb 01 11:22:57.865207 2026] [php:error] [pid 30623] [client 104.28.203.58:0] script '/domains/csiniaws/style.php' not found or unable to stat
[Sun Feb 01 11:23:15.140597 2026] [php:error] [pid 30623] [client 104.28.203.58:0] script '/domains/bfitpro2/style.php' not found or unable to stat
[Sun Feb 01 11:23:17.497406 2026] [php:error] [pid 30629] [client 104.28.235.58:0] script '/domains/csiniaws/chosen.php' not found or unable to stat
[Sun Feb 01 11:23:17.676249 2026] [php:error] [pid 30629] [client 104.28.235.58:0] script '/domains/csiniaws/file.php' not found or unable to stat
[Sun Feb 01 11:23:18.076467 2026] [php:error] [pid 30629] [client 104.28.235.58:0] script '/domains/csiniaws/flower.php' not found or unable to stat
[Sun Feb 01 11:23:18.318186 2026] [php:error] [pid 30623] [client 104.28.203.58:0] script '/domains/bfitpro2/chosen.php' not found or unable to stat
[Sun Feb 01 11:23:18.325121 2026] [php:error] [pid 30629] [client 104.28.235.58:0] script '/domains/csiniaws/gifclass.php' not found or unable to stat
[Sun Feb 01 11:23:18.481000 2026] [php:error] [pid 30623] [client 104.28.203.58:0] script '/domains/bfitpro2/file.php' not found or unable to stat
[Sun Feb 01 11:23:18.585116 2026] [php:error] [pid 30629] [client 104.28.235.58:0] script '/domains/csiniaws/bless.php' not found or unable to stat
[Sun Feb 01 11:23:18.749395 2026] [php:error] [pid 30623] [client 104.28.203.58:0] script '/domains/bfitpro2/flower.php' not found or unable to stat
[Sun Feb 01 11:23:18.809248 2026] [php:error] [pid 30629] [client 104.28.235.58:0] script '/domains/csiniaws/class-t.api.php' not found or unable to stat
[Sun Feb 01 11:23:18.820853 2026] [php:error] [pid 30623] [client 104.28.203.58:0] script '/domains/bfitpro2/gifclass.php' not found or unable to stat
[Sun Feb 01 11:23:18.899146 2026] [php:error] [pid 30629] [client 104.28.235.58:0] script '/domains/csiniaws/blurbs.php' not found or unable to stat
[Sun Feb 01 11:23:18.968852 2026] [php:error] [pid 30623] [client 104.28.203.58:0] script '/domains/bfitpro2/bless.php' not found or unable to stat
[Sun Feb 01 11:23:18.983705 2026] [php:error] [pid 30629] [client 104.28.235.58:0] script '/domains/csiniaws/akcc.php' not found or unable to stat
[Sun Feb 01 11:23:19.117742 2026] [php:error] [pid 30629] [client 104.28.235.58:0] script '/domains/csiniaws/abcd.php' not found or unable to stat
[Sun Feb 01 11:23:19.214544 2026] [php:error] [pid 30629] [client 104.28.235.58:0] script '/domains/csiniaws/shelp.php' not found or unable to stat
[Sun Feb 01 11:23:19.362848 2026] [php:error] [pid 30623] [client 104.28.203.58:0] script '/domains/bfitpro2/class-t.api.php' not found or unable to stat
[Sun Feb 01 11:23:19.481609 2026] [php:error] [pid 30629] [client 104.28.235.58:0] script '/domains/csiniaws/cord.php' not found or unable to stat
[Sun Feb 01 11:23:19.584530 2026] [php:error] [pid 30629] [client 104.28.235.58:0] script '/domains/csiniaws/dex.php' not found or unable to stat
[Sun Feb 01 11:23:19.609226 2026] [php:error] [pid 30623] [client 104.28.203.58:0] script '/domains/bfitpro2/blurbs.php' not found or unable to stat
[Sun Feb 01 11:23:20.001083 2026] [php:error] [pid 30623] [client 104.28.203.58:0] script '/domains/bfitpro2/akcc.php' not found or unable to stat
[Sun Feb 01 11:23:20.424233 2026] [php:error] [pid 30623] [client 104.28.203.58:0] script '/domains/bfitpro2/abcd.php' not found or unable to stat
[Sun Feb 01 11:23:20.455575 2026] [php:error] [pid 30629] [client 104.28.235.58:0] script '/domains/csiniaws/file2.php' not found or unable to stat
[Sun Feb 01 11:23:20.623728 2026] [php:error] [pid 30623] [client 104.28.203.58:0] script '/domains/bfitpro2/shelp.php' not found or unable to stat
[Sun Feb 01 11:23:20.781265 2026] [php:error] [pid 30629] [client 104.28.235.58:0] script '/domains/csiniaws/zwso.php' not found or unable to stat
[Sun Feb 01 11:23:21.133715 2026] [php:error] [pid 30623] [client 104.28.203.58:0] script '/domains/bfitpro2/cord.php' not found or unable to stat
[Sun Feb 01 11:23:21.504797 2026] [php:error] [pid 30623] [client 104.28.203.58:0] script '/domains/bfitpro2/dex.php' not found or unable to stat
[Sun Feb 01 11:23:21.897290 2026] [php:error] [pid 30629] [client 104.28.235.58:0] script '/domains/csiniaws/bolt.php' not found or unable to stat
[Sun Feb 01 11:23:22.221660 2026] [php:error] [pid 30629] [client 104.28.235.58:0] script '/domains/csiniaws/shlo.php' not found or unable to stat
[Sun Feb 01 11:23:22.462689 2026] [php:error] [pid 30629] [client 104.28.235.58:0] script '/domains/csiniaws/133.php' not found or unable to stat
[Sun Feb 01 11:23:22.740791 2026] [php:error] [pid 30623] [client 104.28.203.58:0] script '/domains/bfitpro2/file2.php' not found or unable to stat
[Sun Feb 01 11:23:22.764036 2026] [php:error] [pid 30629] [client 104.28.235.58:0] script '/domains/csiniaws/ahax.php' not found or unable to stat
[Sun Feb 01 11:23:23.649891 2026] [php:error] [pid 30629] [client 104.28.235.58:0] script '/domains/csiniaws/php8.php' not found or unable to stat
[Sun Feb 01 11:23:23.878416 2026] [php:error] [pid 30623] [client 104.28.203.58:0] script '/domains/bfitpro2/zwso.php' not found or unable to stat
[Sun Feb 01 11:23:24.367416 2026] [php:error] [pid 30629] [client 104.28.235.58:0] script '/domains/csiniaws/lufix1.php' not found or unable to stat
[Sun Feb 01 11:23:24.757633 2026] [php:error] [pid 30623] [client 104.28.203.58:0] script '/domains/bfitpro2/bolt.php' not found or unable to stat
[Sun Feb 01 11:23:28.008316 2026] [php:error] [pid 30623] [client 104.28.203.58:0] script '/domains/bfitpro2/shlo.php' not found or unable to stat
[Sun Feb 01 11:23:31.687248 2026] [php:error] [pid 30633] [client 104.28.235.58:0] script '/domains/csiniaws/witmm.php' not found or unable to stat
[Sun Feb 01 11:23:34.135784 2026] [php:error] [pid 30595] [client 104.28.203.58:0] script '/domains/bfitpro2/133.php' not found or unable to stat
[Sun Feb 01 11:23:34.240324 2026] [php:error] [pid 30595] [client 104.28.203.58:0] script '/domains/bfitpro2/ahax.php' not found or unable to stat
[Sun Feb 01 11:23:34.532938 2026] [php:error] [pid 30633] [client 104.28.235.58:0] script '/domains/csiniaws/ioxi-o.php' not found or unable to stat
[Sun Feb 01 11:23:35.381831 2026] [php:error] [pid 30633] [client 104.28.235.58:0] script '/domains/csiniaws/222.php' not found or unable to stat
[Sun Feb 01 11:23:37.724059 2026] [php:error] [pid 30633] [client 104.28.235.58:0] script '/domains/csiniaws/files.php' not found or unable to stat
[Sun Feb 01 11:23:37.955668 2026] [php:error] [pid 30633] [client 104.28.235.58:0] script '/domains/csiniaws/wp-editor.php' not found or unable to stat
[Sun Feb 01 11:23:38.097239 2026] [php:error] [pid 30633] [client 104.28.235.58:0] script '/domains/csiniaws/txets.php' not found or unable to stat
[Sun Feb 01 11:23:40.774674 2026] [php:error] [pid 30633] [client 104.28.235.58:0] script '/domains/csiniaws/postnews.php' not found or unable to stat
[Sun Feb 01 11:23:42.166969 2026] [php:error] [pid 30644] [client 104.28.203.58:0] script '/domains/bfitpro2/php8.php' not found or unable to stat
[Sun Feb 01 11:23:44.533385 2026] [php:error] [pid 30644] [client 104.28.203.58:0] script '/domains/bfitpro2/lufix1.php' not found or unable to stat
[Sun Feb 01 11:23:44.603348 2026] [php:error] [pid 30644] [client 104.28.203.58:0] script '/domains/bfitpro2/witmm.php' not found or unable to stat
[Sun Feb 01 11:23:45.479351 2026] [php:error] [pid 30644] [client 104.28.203.58:0] script '/domains/bfitpro2/ioxi-o.php' not found or unable to stat
[Sun Feb 01 11:23:45.561052 2026] [php:error] [pid 30644] [client 104.28.203.58:0] script '/domains/bfitpro2/222.php' not found or unable to stat
[Sun Feb 01 11:23:45.755151 2026] [php:error] [pid 30644] [client 104.28.203.58:0] script '/domains/bfitpro2/files.php' not found or unable to stat
[Sun Feb 01 11:23:45.886541 2026] [php:error] [pid 30644] [client 104.28.203.58:0] script '/domains/bfitpro2/wp-editor.php' not found or unable to stat
[Sun Feb 01 11:23:46.151452 2026] [php:error] [pid 30644] [client 104.28.203.58:0] script '/domains/bfitpro2/txets.php' not found or unable to stat
[Sun Feb 01 11:23:46.807092 2026] [php:error] [pid 30644] [client 104.28.203.58:0] script '/domains/bfitpro2/postnews.php' not found or unable to stat
[Sun Feb 01 11:23:54.055299 2026] [php:error] [pid 30642] [client 38.148.248.140:0] script '/domains/samscars/1234.php' not found or unable to stat
[Sun Feb 01 11:24:18.619500 2026] [php:error] [pid 30630] [client 104.28.203.58:0] script '/domains/proinc/style.php' not found or unable to stat
[Sun Feb 01 11:24:30.658879 2026] [php:error] [pid 30652] [client 104.28.203.58:0] script '/domains/proinc/chosen.php' not found or unable to stat
[Sun Feb 01 11:24:30.740784 2026] [php:error] [pid 30652] [client 104.28.203.58:0] script '/domains/proinc/file.php' not found or unable to stat
[Sun Feb 01 11:24:30.817751 2026] [php:error] [pid 30652] [client 104.28.203.58:0] script '/domains/proinc/flower.php' not found or unable to stat
[Sun Feb 01 11:24:30.895809 2026] [php:error] [pid 30652] [client 104.28.203.58:0] script '/domains/proinc/gifclass.php' not found or unable to stat
[Sun Feb 01 11:24:31.046565 2026] [php:error] [pid 30652] [client 104.28.203.58:0] script '/domains/proinc/bless.php' not found or unable to stat
[Sun Feb 01 11:24:31.218425 2026] [php:error] [pid 30652] [client 104.28.203.58:0] script '/domains/proinc/class-t.api.php' not found or unable to stat
[Sun Feb 01 11:24:31.531424 2026] [php:error] [pid 30652] [client 104.28.203.58:0] script '/domains/proinc/blurbs.php' not found or unable to stat
[Sun Feb 01 11:24:31.608867 2026] [php:error] [pid 30652] [client 104.28.203.58:0] script '/domains/proinc/akcc.php' not found or unable to stat
[Sun Feb 01 11:24:31.707779 2026] [php:error] [pid 30652] [client 104.28.203.58:0] script '/domains/proinc/abcd.php' not found or unable to stat
[Sun Feb 01 11:24:31.841260 2026] [php:error] [pid 30652] [client 104.28.203.58:0] script '/domains/proinc/shelp.php' not found or unable to stat
[Sun Feb 01 11:24:31.941705 2026] [php:error] [pid 30652] [client 104.28.203.58:0] script '/domains/proinc/cord.php' not found or unable to stat
[Sun Feb 01 11:24:32.085936 2026] [php:error] [pid 30652] [client 104.28.203.58:0] script '/domains/proinc/dex.php' not found or unable to stat
[Sun Feb 01 11:24:32.587155 2026] [php:error] [pid 30652] [client 104.28.203.58:0] script '/domains/proinc/file2.php' not found or unable to stat
[Sun Feb 01 11:24:32.687021 2026] [php:error] [pid 30652] [client 104.28.203.58:0] script '/domains/proinc/zwso.php' not found or unable to stat
[Sun Feb 01 11:24:33.164617 2026] [php:error] [pid 30652] [client 104.28.203.58:0] script '/domains/proinc/bolt.php' not found or unable to stat
[Sun Feb 01 11:24:33.460806 2026] [php:error] [pid 30652] [client 104.28.203.58:0] script '/domains/proinc/shlo.php' not found or unable to stat
[Sun Feb 01 11:24:34.465518 2026] [php:error] [pid 30652] [client 104.28.203.58:0] script '/domains/proinc/133.php' not found or unable to stat
[Sun Feb 01 11:24:36.675718 2026] [php:error] [pid 30652] [client 104.28.203.58:0] script '/domains/proinc/ahax.php' not found or unable to stat
[Sun Feb 01 11:24:39.203433 2026] [php:error] [pid 30652] [client 104.28.203.58:0] script '/domains/proinc/php8.php' not found or unable to stat
[Sun Feb 01 11:24:44.383255 2026] [php:error] [pid 30644] [client 146.75.248.205:0] script '/domains/pbuilder/index.php' not found or unable to stat
[Sun Feb 01 11:24:48.210847 2026] [php:error] [pid 30658] [client 104.28.235.58:0] script '/domains/proinc/lufix1.php' not found or unable to stat
[Sun Feb 01 11:24:48.678376 2026] [php:error] [pid 30658] [client 104.28.235.58:0] script '/domains/proinc/witmm.php' not found or unable to stat
[Sun Feb 01 11:24:52.624302 2026] [php:error] [pid 30658] [client 104.28.235.58:0] script '/domains/proinc/ioxi-o.php' not found or unable to stat
[Sun Feb 01 11:24:53.460718 2026] [php:error] [pid 30658] [client 104.28.235.58:0] script '/domains/proinc/222.php' not found or unable to stat
[Sun Feb 01 11:24:53.628972 2026] [php:error] [pid 30658] [client 104.28.235.58:0] script '/domains/proinc/files.php' not found or unable to stat
[Sun Feb 01 11:24:54.112188 2026] [php:error] [pid 30658] [client 104.28.235.58:0] script '/domains/proinc/wp-editor.php' not found or unable to stat
[Sun Feb 01 11:24:54.336578 2026] [php:error] [pid 30658] [client 104.28.235.58:0] script '/domains/proinc/txets.php' not found or unable to stat
[Sun Feb 01 11:24:55.424791 2026] [php:error] [pid 30658] [client 104.28.235.58:0] script '/domains/proinc/postnews.php' not found or unable to stat
[Sun Feb 01 11:24:59.233796 2026] [php:error] [pid 30657] [client 104.28.203.58:0] script '/domains/rfisher.dnai/style.php' not found or unable to stat
[Sun Feb 01 11:25:40.792064 2026] [authz_core:error] [pid 30662] [client 35.226.80.138:0] AH01630: client denied by server configuration: /
[Sun Feb 01 11:25:51.332000 2026] [php:error] [pid 30673] [client 104.28.203.58:0] script '/domains/rfisher.dnai/chosen.php' not found or unable to stat
[Sun Feb 01 11:26:02.115684 2026] [php:error] [pid 30671] [client 104.28.203.58:0] script '/domains/rfisher.dnai/file.php' not found or unable to stat
[Sun Feb 01 11:26:02.192534 2026] [php:error] [pid 30671] [client 104.28.203.58:0] script '/domains/rfisher.dnai/flower.php' not found or unable to stat
[Sun Feb 01 11:26:02.369369 2026] [php:error] [pid 30671] [client 104.28.203.58:0] script '/domains/rfisher.dnai/gifclass.php' not found or unable to stat
[Sun Feb 01 11:26:02.539184 2026] [php:error] [pid 30671] [client 104.28.203.58:0] script '/domains/rfisher.dnai/bless.php' not found or unable to stat
[Sun Feb 01 11:26:02.733362 2026] [php:error] [pid 30671] [client 104.28.203.58:0] script '/domains/rfisher.dnai/class-t.api.php' not found or unable to stat
[Sun Feb 01 11:26:02.826469 2026] [php:error] [pid 30671] [client 104.28.203.58:0] script '/domains/rfisher.dnai/blurbs.php' not found or unable to stat
[Sun Feb 01 11:26:02.898572 2026] [php:error] [pid 30671] [client 104.28.203.58:0] script '/domains/rfisher.dnai/akcc.php' not found or unable to stat
[Sun Feb 01 11:26:02.972849 2026] [php:error] [pid 30671] [client 104.28.203.58:0] script '/domains/rfisher.dnai/abcd.php' not found or unable to stat
[Sun Feb 01 11:26:03.055706 2026] [php:error] [pid 30671] [client 104.28.203.58:0] script '/domains/rfisher.dnai/shelp.php' not found or unable to stat
[Sun Feb 01 11:26:03.153321 2026] [php:error] [pid 30671] [client 104.28.203.58:0] script '/domains/rfisher.dnai/cord.php' not found or unable to stat
[Sun Feb 01 11:26:03.346479 2026] [php:error] [pid 30671] [client 104.28.203.58:0] script '/domains/rfisher.dnai/dex.php' not found or unable to stat
[Sun Feb 01 11:26:03.565827 2026] [php:error] [pid 30671] [client 104.28.203.58:0] script '/domains/rfisher.dnai/file2.php' not found or unable to stat
[Sun Feb 01 11:26:03.752079 2026] [php:error] [pid 30671] [client 104.28.203.58:0] script '/domains/rfisher.dnai/zwso.php' not found or unable to stat
[Sun Feb 01 11:26:04.341001 2026] [php:error] [pid 30671] [client 104.28.203.58:0] script '/domains/rfisher.dnai/bolt.php' not found or unable to stat
[Sun Feb 01 11:26:04.639026 2026] [php:error] [pid 30671] [client 104.28.203.58:0] script '/domains/rfisher.dnai/shlo.php' not found or unable to stat
