[Sun Feb 01 12:13:28.924041 2026] [php:error] [pid 36905] [client 40.115.138.121:0] script '/domains/larrysr/about.php' not found or unable to stat
[Sun Feb 01 12:13:29.098417 2026] [php:error] [pid 36905] [client 40.115.138.121:0] script '/domains/larrysr/admin.php' not found or unable to stat
[Sun Feb 01 12:13:29.427850 2026] [php:error] [pid 36905] [client 40.115.138.121:0] script '/domains/larrysr/class-t.api.php' not found or unable to stat
[Sun Feb 01 12:13:29.605968 2026] [php:error] [pid 36905] [client 40.115.138.121:0] script '/domains/larrysr/goods.php' not found or unable to stat
[Sun Feb 01 12:13:29.771172 2026] [php:error] [pid 36905] [client 40.115.138.121:0] script '/domains/larrysr/ioxi-o.php' not found or unable to stat
[Sun Feb 01 12:13:29.935841 2026] [php:error] [pid 36905] [client 40.115.138.121:0] script '/domains/larrysr/rip.php' not found or unable to stat
[Sun Feb 01 12:13:30.112032 2026] [php:error] [pid 36905] [client 40.115.138.121:0] script '/domains/larrysr/adminfuns.php' not found or unable to stat
[Sun Feb 01 12:13:30.276887 2026] [php:error] [pid 36905] [client 40.115.138.121:0] script '/domains/larrysr/file.php' not found or unable to stat
[Sun Feb 01 12:13:31.439805 2026] [php:error] [pid 36905] [client 40.115.138.121:0] script '/domains/larrysr/wp-good.php' not found or unable to stat
[Sun Feb 01 12:14:13.660705 2026] [php:error] [pid 39568] [client 104.28.203.58:0] script '/domains/tamara1/style.php' not found or unable to stat
[Sun Feb 01 12:14:18.066176 2026] [php:error] [pid 42545] [client 104.28.203.58:0] script '/domains/tamara1/chosen.php' not found or unable to stat
[Sun Feb 01 12:14:18.486572 2026] [php:error] [pid 42545] [client 104.28.203.58:0] script '/domains/tamara1/file.php' not found or unable to stat
[Sun Feb 01 12:14:19.250959 2026] [php:error] [pid 42545] [client 104.28.203.58:0] script '/domains/tamara1/flower.php' not found or unable to stat
[Sun Feb 01 12:14:19.613247 2026] [php:error] [pid 42545] [client 104.28.203.58:0] script '/domains/tamara1/gifclass.php' not found or unable to stat
[Sun Feb 01 12:14:21.264842 2026] [php:error] [pid 42545] [client 104.28.203.58:0] script '/domains/tamara1/bless.php' not found or unable to stat
[Sun Feb 01 12:14:22.830648 2026] [php:error] [pid 42545] [client 104.28.203.58:0] script '/domains/tamara1/class-t.api.php' not found or unable to stat
[Sun Feb 01 12:14:23.988339 2026] [php:error] [pid 42545] [client 104.28.203.58:0] script '/domains/tamara1/blurbs.php' not found or unable to stat
[Sun Feb 01 12:14:25.379257 2026] [php:error] [pid 42545] [client 104.28.203.58:0] script '/domains/tamara1/akcc.php' not found or unable to stat
[Sun Feb 01 12:14:27.987840 2026] [php:error] [pid 42545] [client 104.28.203.58:0] script '/domains/tamara1/abcd.php' not found or unable to stat
[Sun Feb 01 12:14:30.671350 2026] [php:error] [pid 42545] [client 104.28.203.58:0] script '/domains/tamara1/shelp.php' not found or unable to stat
[Sun Feb 01 12:14:33.030542 2026] [php:error] [pid 39568] [client 154.12.92.135:0] script '/domains/system_default/1.php' not found or unable to stat
[Sun Feb 01 12:14:41.895135 2026] [php:error] [pid 42546] [client 104.28.203.58:0] script '/domains/tamara1/cord.php' not found or unable to stat
[Sun Feb 01 12:14:42.375867 2026] [php:error] [pid 42546] [client 104.28.203.58:0] script '/domains/tamara1/dex.php' not found or unable to stat
[Sun Feb 01 12:14:56.741933 2026] [php:error] [pid 42555] [client 104.28.203.58:0] script '/domains/tamara1/file2.php' not found or unable to stat
[Sun Feb 01 12:14:58.002766 2026] [php:error] [pid 42555] [client 104.28.203.58:0] script '/domains/tamara1/zwso.php' not found or unable to stat
[Sun Feb 01 12:15:21.034159 2026] [php:error] [pid 42565] [client 104.28.203.58:0] script '/domains/tamara1/bolt.php' not found or unable to stat
[Sun Feb 01 12:15:30.185124 2026] [php:error] [pid 42559] [client 104.28.203.58:0] script '/domains/tamara1/shlo.php' not found or unable to stat
[Sun Feb 01 12:15:30.440762 2026] [php:error] [pid 42559] [client 104.28.203.58:0] script '/domains/tamara1/133.php' not found or unable to stat
[Sun Feb 01 12:15:30.511539 2026] [php:error] [pid 42559] [client 104.28.203.58:0] script '/domains/tamara1/ahax.php' not found or unable to stat
[Sun Feb 01 12:15:30.599859 2026] [php:error] [pid 42559] [client 104.28.203.58:0] script '/domains/tamara1/php8.php' not found or unable to stat
[Sun Feb 01 12:15:37.828006 2026] [php:error] [pid 42545] [client 104.28.203.58:0] script '/domains/tamara1/lufix1.php' not found or unable to stat
[Sun Feb 01 12:15:38.056928 2026] [php:error] [pid 42550] [client 104.28.203.58:0] script '/domains/agribiz/style.php' not found or unable to stat
[Sun Feb 01 12:15:44.662397 2026] [php:error] [pid 42565] [client 104.28.203.58:0] script '/domains/agribiz/chosen.php' not found or unable to stat
[Sun Feb 01 12:15:45.269307 2026] [php:error] [pid 42565] [client 104.28.203.58:0] script '/domains/agribiz/file.php' not found or unable to stat
[Sun Feb 01 12:15:46.369959 2026] [php:error] [pid 42565] [client 104.28.203.58:0] script '/domains/agribiz/flower.php' not found or unable to stat
[Sun Feb 01 12:15:49.627890 2026] [php:error] [pid 42563] [client 104.28.203.58:0] script '/domains/tamara1/witmm.php' not found or unable to stat
[Sun Feb 01 12:15:49.647811 2026] [php:error] [pid 42565] [client 104.28.203.58:0] script '/domains/agribiz/gifclass.php' not found or unable to stat
[Sun Feb 01 12:15:49.849290 2026] [php:error] [pid 42545] [client 104.28.235.58:0] script '/domains/jeffbell/style.php' not found or unable to stat
[Sun Feb 01 12:15:49.984797 2026] [php:error] [pid 42550] [client 104.28.235.58:0] script '/domains/jeffbell/style.php' not found or unable to stat
[Sun Feb 01 12:15:50.087122 2026] [php:error] [pid 42565] [client 104.28.203.58:0] script '/domains/agribiz/bless.php' not found or unable to stat
[Sun Feb 01 12:15:50.882519 2026] [php:error] [pid 42565] [client 104.28.203.58:0] script '/domains/agribiz/class-t.api.php' not found or unable to stat
[Sun Feb 01 12:15:50.984457 2026] [php:error] [pid 42565] [client 104.28.203.58:0] script '/domains/agribiz/blurbs.php' not found or unable to stat
[Sun Feb 01 12:15:51.055108 2026] [php:error] [pid 42565] [client 104.28.203.58:0] script '/domains/agribiz/akcc.php' not found or unable to stat
[Sun Feb 01 12:15:51.131119 2026] [php:error] [pid 42565] [client 104.28.203.58:0] script '/domains/agribiz/abcd.php' not found or unable to stat
[Sun Feb 01 12:15:51.352608 2026] [php:error] [pid 42565] [client 104.28.203.58:0] script '/domains/agribiz/shelp.php' not found or unable to stat
[Sun Feb 01 12:15:51.423957 2026] [php:error] [pid 42565] [client 104.28.203.58:0] script '/domains/agribiz/cord.php' not found or unable to stat
[Sun Feb 01 12:15:51.511326 2026] [php:error] [pid 42565] [client 104.28.203.58:0] script '/domains/agribiz/dex.php' not found or unable to stat
[Sun Feb 01 12:15:51.977567 2026] [php:error] [pid 42565] [client 104.28.203.58:0] script '/domains/agribiz/file2.php' not found or unable to stat
[Sun Feb 01 12:15:52.158939 2026] [php:error] [pid 42565] [client 104.28.203.58:0] script '/domains/agribiz/zwso.php' not found or unable to stat
[Sun Feb 01 12:15:54.542512 2026] [php:error] [pid 42565] [client 104.28.203.58:0] script '/domains/agribiz/bolt.php' not found or unable to stat
[Sun Feb 01 12:15:54.764008 2026] [php:error] [pid 42565] [client 104.28.203.58:0] script '/domains/agribiz/shlo.php' not found or unable to stat
[Sun Feb 01 12:15:55.554925 2026] [php:error] [pid 42565] [client 104.28.203.58:0] script '/domains/agribiz/133.php' not found or unable to stat
[Sun Feb 01 12:15:56.398038 2026] [php:error] [pid 42565] [client 104.28.203.58:0] script '/domains/agribiz/ahax.php' not found or unable to stat
[Sun Feb 01 12:15:56.712664 2026] [php:error] [pid 42565] [client 104.28.203.58:0] script '/domains/agribiz/php8.php' not found or unable to stat
[Sun Feb 01 12:15:56.953198 2026] [php:error] [pid 42565] [client 104.28.203.58:0] script '/domains/agribiz/lufix1.php' not found or unable to stat
[Sun Feb 01 12:15:57.366807 2026] [php:error] [pid 42565] [client 104.28.203.58:0] script '/domains/agribiz/witmm.php' not found or unable to stat
[Sun Feb 01 12:16:07.221860 2026] [php:error] [pid 42560] [client 104.28.203.58:0] script '/domains/tamara1/ioxi-o.php' not found or unable to stat
[Sun Feb 01 12:16:07.415955 2026] [php:error] [pid 42560] [client 104.28.203.58:0] script '/domains/tamara1/222.php' not found or unable to stat
[Sun Feb 01 12:16:07.609294 2026] [php:error] [pid 42560] [client 104.28.203.58:0] script '/domains/tamara1/files.php' not found or unable to stat
[Sun Feb 01 12:16:08.047584 2026] [php:error] [pid 42560] [client 104.28.203.58:0] script '/domains/tamara1/wp-editor.php' not found or unable to stat
[Sun Feb 01 12:16:08.047933 2026] [php:error] [pid 42570] [client 104.28.235.58:0] script '/domains/jeffbell/chosen.php' not found or unable to stat
[Sun Feb 01 12:16:08.679567 2026] [php:error] [pid 42560] [client 104.28.203.58:0] script '/domains/tamara1/txets.php' not found or unable to stat
[Sun Feb 01 12:16:08.679567 2026] [php:error] [pid 42570] [client 104.28.235.58:0] script '/domains/jeffbell/file.php' not found or unable to stat
[Sun Feb 01 12:16:09.584359 2026] [php:error] [pid 42570] [client 104.28.235.58:0] script '/domains/jeffbell/flower.php' not found or unable to stat
[Sun Feb 01 12:16:09.593653 2026] [php:error] [pid 42565] [client 104.28.203.58:0] script '/domains/agribiz/ioxi-o.php' not found or unable to stat
[Sun Feb 01 12:16:10.433800 2026] [php:error] [pid 42565] [client 104.28.203.58:0] script '/domains/agribiz/222.php' not found or unable to stat
[Sun Feb 01 12:16:10.635910 2026] [php:error] [pid 42570] [client 104.28.235.58:0] script '/domains/jeffbell/gifclass.php' not found or unable to stat
[Sun Feb 01 12:16:11.724589 2026] [php:error] [pid 42563] [client 104.28.203.58:0] script '/domains/jeffbell/chosen.php' not found or unable to stat
[Sun Feb 01 12:16:11.842017 2026] [php:error] [pid 42565] [client 104.28.203.58:0] script '/domains/agribiz/files.php' not found or unable to stat
[Sun Feb 01 12:16:13.188564 2026] [php:error] [pid 42565] [client 104.28.203.58:0] script '/domains/agribiz/wp-editor.php' not found or unable to stat
[Sun Feb 01 12:16:13.217545 2026] [php:error] [pid 42563] [client 104.28.203.58:0] script '/domains/jeffbell/file.php' not found or unable to stat
[Sun Feb 01 12:16:16.427473 2026] [php:error] [pid 42565] [client 104.28.203.58:0] script '/domains/agribiz/txets.php' not found or unable to stat
[Sun Feb 01 12:16:16.667604 2026] [php:error] [pid 42563] [client 104.28.203.58:0] script '/domains/jeffbell/flower.php' not found or unable to stat
[Sun Feb 01 12:16:16.991654 2026] [php:error] [pid 42563] [client 104.28.203.58:0] script '/domains/jeffbell/gifclass.php' not found or unable to stat
[Sun Feb 01 12:16:17.326553 2026] [php:error] [pid 42563] [client 104.28.203.58:0] script '/domains/jeffbell/bless.php' not found or unable to stat
[Sun Feb 01 12:16:17.516171 2026] [php:error] [pid 42565] [client 104.28.203.58:0] script '/domains/agribiz/postnews.php' not found or unable to stat
[Sun Feb 01 12:16:18.744007 2026] [php:error] [pid 42563] [client 104.28.203.58:0] script '/domains/jeffbell/class-t.api.php' not found or unable to stat
[Sun Feb 01 12:16:19.151322 2026] [php:error] [pid 42559] [client 104.28.203.58:0] script '/domains/jeffbell/bless.php' not found or unable to stat
[Sun Feb 01 12:16:19.152787 2026] [php:error] [pid 42571] [client 104.28.203.58:0] script '/domains/tamara1/postnews.php' not found or unable to stat
[Sun Feb 01 12:16:19.291509 2026] [php:error] [pid 42563] [client 104.28.203.58:0] script '/domains/jeffbell/blurbs.php' not found or unable to stat
[Sun Feb 01 12:16:25.484203 2026] [php:error] [pid 42565] [client 104.28.203.58:0] script '/domains/jeffbell/class-t.api.php' not found or unable to stat
[Sun Feb 01 12:16:25.909859 2026] [php:error] [pid 42565] [client 104.28.203.58:0] script '/domains/jeffbell/blurbs.php' not found or unable to stat
[Sun Feb 01 12:16:27.757525 2026] [php:error] [pid 42565] [client 104.28.203.58:0] script '/domains/jeffbell/akcc.php' not found or unable to stat
[Sun Feb 01 12:16:28.489078 2026] [php:error] [pid 42565] [client 104.28.203.58:0] script '/domains/jeffbell/abcd.php' not found or unable to stat
[Sun Feb 01 12:16:30.672501 2026] [php:error] [pid 42565] [client 104.28.203.58:0] script '/domains/jeffbell/shelp.php' not found or unable to stat
[Sun Feb 01 12:16:33.125933 2026] [php:error] [pid 42579] [client 104.28.203.58:0] script '/domains/jeffbell/akcc.php' not found or unable to stat
[Sun Feb 01 12:16:35.170236 2026] [php:error] [pid 42579] [client 104.28.203.58:0] script '/domains/jeffbell/abcd.php' not found or unable to stat
[Sun Feb 01 12:16:35.177800 2026] [php:error] [pid 42565] [client 104.28.203.58:0] script '/domains/jeffbell/cord.php' not found or unable to stat
[Sun Feb 01 12:16:35.604327 2026] [php:error] [pid 42579] [client 104.28.203.58:0] script '/domains/jeffbell/shelp.php' not found or unable to stat
[Sun Feb 01 12:16:36.812208 2026] [php:error] [pid 42565] [client 104.28.203.58:0] script '/domains/jeffbell/dex.php' not found or unable to stat
[Sun Feb 01 12:16:36.859895 2026] [php:error] [pid 42579] [client 104.28.203.58:0] script '/domains/jeffbell/cord.php' not found or unable to stat
[Sun Feb 01 12:16:37.299566 2026] [php:error] [pid 42579] [client 104.28.203.58:0] script '/domains/jeffbell/dex.php' not found or unable to stat
[Sun Feb 01 12:16:37.945048 2026] [php:error] [pid 42565] [client 104.28.203.58:0] script '/domains/jeffbell/file2.php' not found or unable to stat
[Sun Feb 01 12:16:38.202287 2026] [php:error] [pid 42579] [client 104.28.203.58:0] script '/domains/jeffbell/file2.php' not found or unable to stat
[Sun Feb 01 12:16:38.346690 2026] [php:error] [pid 42565] [client 104.28.203.58:0] script '/domains/jeffbell/zwso.php' not found or unable to stat
[Sun Feb 01 12:16:38.566088 2026] [php:error] [pid 42579] [client 104.28.203.58:0] script '/domains/jeffbell/zwso.php' not found or unable to stat
[Sun Feb 01 12:16:39.899614 2026] [php:error] [pid 42579] [client 104.28.203.58:0] script '/domains/jeffbell/bolt.php' not found or unable to stat
[Sun Feb 01 12:16:39.961333 2026] [php:error] [pid 42565] [client 104.28.203.58:0] script '/domains/jeffbell/bolt.php' not found or unable to stat
[Sun Feb 01 12:16:40.014836 2026] [php:error] [pid 42579] [client 104.28.203.58:0] script '/domains/jeffbell/shlo.php' not found or unable to stat
[Sun Feb 01 12:16:40.185048 2026] [php:error] [pid 42565] [client 104.28.203.58:0] script '/domains/jeffbell/shlo.php' not found or unable to stat
[Sun Feb 01 12:16:40.260130 2026] [php:error] [pid 42579] [client 104.28.203.58:0] script '/domains/jeffbell/133.php' not found or unable to stat
[Sun Feb 01 12:16:40.876532 2026] [php:error] [pid 42565] [client 104.28.203.58:0] script '/domains/jeffbell/133.php' not found or unable to stat
[Sun Feb 01 12:16:41.221418 2026] [php:error] [pid 42579] [client 104.28.203.58:0] script '/domains/jeffbell/ahax.php' not found or unable to stat
[Sun Feb 01 12:16:45.389206 2026] [php:error] [pid 42576] [client 161.97.175.65:0] script '/domains/piltdweb1/wp-login.php' not found or unable to stat, referer: https://piltd.com/wp-login.php
[Sun Feb 01 12:16:45.586481 2026] [php:error] [pid 42576] [client 161.97.175.65:0] script '/domains/piltdweb1/wp-login.php' not found or unable to stat, referer: https://piltd.com/wp-login.php
[Sun Feb 01 12:16:45.783929 2026] [php:error] [pid 42576] [client 161.97.175.65:0] script '/domains/piltdweb1/wp-login.php' not found or unable to stat, referer: https://piltd.com/wp-login.php
[Sun Feb 01 12:16:48.242549 2026] [php:error] [pid 42566] [client 104.28.203.58:0] script '/domains/jeffbell/ahax.php' not found or unable to stat
[Sun Feb 01 12:16:49.243729 2026] [php:error] [pid 42582] [client 104.28.203.58:0] script '/domains/jeffbell/php8.php' not found or unable to stat
[Sun Feb 01 12:16:49.481903 2026] [php:error] [pid 42566] [client 104.28.203.58:0] script '/domains/jeffbell/php8.php' not found or unable to stat
[Sun Feb 01 12:16:52.745929 2026] [php:error] [pid 42582] [client 104.28.203.58:0] script '/domains/jeffbell/lufix1.php' not found or unable to stat
[Sun Feb 01 12:16:52.979284 2026] [php:error] [pid 42582] [client 104.28.203.58:0] script '/domains/jeffbell/witmm.php' not found or unable to stat
[Sun Feb 01 12:16:53.744028 2026] [php:error] [pid 42566] [client 104.28.203.58:0] script '/domains/jeffbell/lufix1.php' not found or unable to stat
[Sun Feb 01 12:16:56.382682 2026] [php:error] [pid 42566] [client 104.28.203.58:0] script '/domains/jeffbell/witmm.php' not found or unable to stat
[Sun Feb 01 12:16:56.425533 2026] [php:error] [pid 42582] [client 104.28.203.58:0] script '/domains/jeffbell/ioxi-o.php' not found or unable to stat
[Sun Feb 01 12:16:57.054671 2026] [php:error] [pid 42582] [client 104.28.203.58:0] script '/domains/jeffbell/222.php' not found or unable to stat
[Sun Feb 01 12:16:57.142385 2026] [php:error] [pid 42582] [client 104.28.203.58:0] script '/domains/jeffbell/files.php' not found or unable to stat
[Sun Feb 01 12:16:57.249953 2026] [php:error] [pid 42582] [client 104.28.203.58:0] script '/domains/jeffbell/wp-editor.php' not found or unable to stat
[Sun Feb 01 12:16:57.517052 2026] [php:error] [pid 42582] [client 104.28.203.58:0] script '/domains/jeffbell/txets.php' not found or unable to stat
[Sun Feb 01 12:16:57.832632 2026] [php:error] [pid 42566] [client 104.28.203.58:0] script '/domains/jeffbell/ioxi-o.php' not found or unable to stat
[Sun Feb 01 12:16:57.931494 2026] [php:error] [pid 42582] [client 104.28.203.58:0] script '/domains/jeffbell/postnews.php' not found or unable to stat
[Sun Feb 01 12:16:58.278344 2026] [php:error] [pid 42566] [client 104.28.203.58:0] script '/domains/jeffbell/222.php' not found or unable to stat
[Sun Feb 01 12:16:58.445189 2026] [php:error] [pid 42566] [client 104.28.203.58:0] script '/domains/jeffbell/files.php' not found or unable to stat
[Sun Feb 01 12:16:58.699774 2026] [php:error] [pid 42566] [client 104.28.203.58:0] script '/domains/jeffbell/wp-editor.php' not found or unable to stat
[Sun Feb 01 12:16:58.788618 2026] [php:error] [pid 42566] [client 104.28.203.58:0] script '/domains/jeffbell/txets.php' not found or unable to stat
[Sun Feb 01 12:17:01.790291 2026] [php:error] [pid 42566] [client 104.28.203.58:0] script '/domains/jeffbell/postnews.php' not found or unable to stat
[Sun Feb 01 12:18:13.412316 2026] [php:error] [pid 42593] [client 104.28.203.58:0] script '/domains/pmglobal/style.php' not found or unable to stat
[Sun Feb 01 12:18:26.571860 2026] [php:error] [pid 42566] [client 104.28.203.58:0] script '/domains/pmglobal/chosen.php' not found or unable to stat
[Sun Feb 01 12:18:27.573075 2026] [php:error] [pid 42566] [client 104.28.203.58:0] script '/domains/pmglobal/file.php' not found or unable to stat
[Sun Feb 01 12:18:27.802195 2026] [php:error] [pid 42566] [client 104.28.203.58:0] script '/domains/pmglobal/flower.php' not found or unable to stat
[Sun Feb 01 12:18:50.564235 2026] [php:error] [pid 42584] [client 104.28.235.58:0] script '/domains/magicjim/style.php' not found or unable to stat
[Sun Feb 01 12:18:50.967329 2026] [php:error] [pid 42597] [client 104.28.203.58:0] script '/domains/pmglobal/gifclass.php' not found or unable to stat
[Sun Feb 01 12:19:00.206285 2026] [php:error] [pid 42601] [client 104.28.203.58:0] script '/domains/pmglobal/bless.php' not found or unable to stat
[Sun Feb 01 12:19:01.582548 2026] [php:error] [pid 42601] [client 104.28.203.58:0] script '/domains/pmglobal/class-t.api.php' not found or unable to stat
[Sun Feb 01 12:19:02.041349 2026] [php:error] [pid 42601] [client 104.28.203.58:0] script '/domains/pmglobal/blurbs.php' not found or unable to stat
[Sun Feb 01 12:19:02.255200 2026] [php:error] [pid 42601] [client 104.28.203.58:0] script '/domains/pmglobal/akcc.php' not found or unable to stat
[Sun Feb 01 12:19:02.877427 2026] [php:error] [pid 42601] [client 104.28.203.58:0] script '/domains/pmglobal/abcd.php' not found or unable to stat
[Sun Feb 01 12:19:03.128063 2026] [php:error] [pid 42601] [client 104.28.203.58:0] script '/domains/pmglobal/shelp.php' not found or unable to stat
[Sun Feb 01 12:19:04.973903 2026] [php:error] [pid 42601] [client 104.28.203.58:0] script '/domains/pmglobal/cord.php' not found or unable to stat
[Sun Feb 01 12:19:05.223769 2026] [php:error] [pid 42601] [client 104.28.203.58:0] script '/domains/pmglobal/dex.php' not found or unable to stat
[Sun Feb 01 12:19:07.107941 2026] [php:error] [pid 42601] [client 104.28.203.58:0] script '/domains/pmglobal/file2.php' not found or unable to stat
[Sun Feb 01 12:19:07.730200 2026] [php:error] [pid 42601] [client 104.28.203.58:0] script '/domains/pmglobal/zwso.php' not found or unable to stat
[Sun Feb 01 12:19:07.913166 2026] [php:error] [pid 42596] [client 104.28.203.58:0] script '/domains/magicjim/chosen.php' not found or unable to stat
[Sun Feb 01 12:19:08.601602 2026] [php:error] [pid 42596] [client 104.28.203.58:0] script '/domains/magicjim/file.php' not found or unable to stat
[Sun Feb 01 12:19:10.940863 2026] [php:error] [pid 42566] [client 104.28.203.58:0] script '/domains/pmglobal/bolt.php' not found or unable to stat
[Sun Feb 01 12:19:11.045693 2026] [php:error] [pid 42566] [client 104.28.203.58:0] script '/domains/pmglobal/shlo.php' not found or unable to stat
[Sun Feb 01 12:19:11.222796 2026] [php:error] [pid 42566] [client 104.28.203.58:0] script '/domains/pmglobal/133.php' not found or unable to stat
[Sun Feb 01 12:19:11.429514 2026] [php:error] [pid 42566] [client 104.28.203.58:0] script '/domains/pmglobal/ahax.php' not found or unable to stat
[Sun Feb 01 12:19:11.596543 2026] [php:error] [pid 42566] [client 104.28.203.58:0] script '/domains/pmglobal/php8.php' not found or unable to stat
[Sun Feb 01 12:19:11.688306 2026] [php:error] [pid 42566] [client 104.28.203.58:0] script '/domains/pmglobal/lufix1.php' not found or unable to stat
[Sun Feb 01 12:19:11.847411 2026] [php:error] [pid 42566] [client 104.28.203.58:0] script '/domains/pmglobal/witmm.php' not found or unable to stat
[Sun Feb 01 12:19:12.603663 2026] [php:error] [pid 42566] [client 104.28.203.58:0] script '/domains/pmglobal/ioxi-o.php' not found or unable to stat
[Sun Feb 01 12:19:12.918483 2026] [php:error] [pid 42566] [client 104.28.203.58:0] script '/domains/pmglobal/222.php' not found or unable to stat
[Sun Feb 01 12:19:14.375361 2026] [php:error] [pid 42566] [client 104.28.203.58:0] script '/domains/pmglobal/files.php' not found or unable to stat
[Sun Feb 01 12:19:14.722360 2026] [php:error] [pid 42566] [client 104.28.203.58:0] script '/domains/pmglobal/wp-editor.php' not found or unable to stat
[Sun Feb 01 12:19:15.421156 2026] [php:error] [pid 42566] [client 104.28.203.58:0] script '/domains/pmglobal/txets.php' not found or unable to stat
[Sun Feb 01 12:19:16.946250 2026] [php:error] [pid 42566] [client 104.28.203.58:0] script '/domains/pmglobal/postnews.php' not found or unable to stat
[Sun Feb 01 12:21:41.049866 2026] [php:error] [pid 42620] [client 34.77.33.2:0] script '/domains/ecernstelectric/install.php' not found or unable to stat
[Sun Feb 01 12:23:25.303822 2026] [php:error] [pid 42667] [client 45.8.19.151:0] script '/domains/system_default/xmlrpc.php' not found or unable to stat
[Sun Feb 01 12:23:26.197077 2026] [php:error] [pid 42659] [client 118.193.37.103:0] script '/domains/metrolighting/zz.php' not found or unable to stat, referer: http://mldinc.com/zz.php
[Sun Feb 01 12:23:26.249138 2026] [php:error] [pid 42664] [client 118.193.37.103:0] script '/domains/metrolighting/api.php' not found or unable to stat, referer: http://mldinc.com/api.php
[Sun Feb 01 12:23:29.173086 2026] [php:error] [pid 42664] [client 118.193.37.103:0] script '/domains/metrolighting/index.php' not found or unable to stat, referer: http://mldinc.com/index.php/sign
[Sun Feb 01 12:23:30.879937 2026] [php:error] [pid 42659] [client 118.193.37.103:0] script '/domains/metrolighting/queryVersion.php' not found or unable to stat, referer: http://mldinc.com/queryVersion.php
[Sun Feb 01 12:23:31.535729 2026] [php:error] [pid 42672] [client 4.241.184.25:0] script '/domains/thuebner/166.php' not found or unable to stat
[Sun Feb 01 12:23:31.722815 2026] [php:error] [pid 42672] [client 4.241.184.25:0] script '/domains/thuebner/2026.php' not found or unable to stat
[Sun Feb 01 12:23:31.880366 2026] [php:error] [pid 42672] [client 4.241.184.25:0] script '/domains/thuebner/muzu.php' not found or unable to stat
[Sun Feb 01 12:23:32.030430 2026] [php:error] [pid 42676] [client 104.28.235.58:0] script '/domains/larrysr/style.php' not found or unable to stat
[Sun Feb 01 12:23:32.037802 2026] [php:error] [pid 42672] [client 4.241.184.25:0] script '/domains/thuebner/reze.php' not found or unable to stat
[Sun Feb 01 12:23:32.198445 2026] [php:error] [pid 42672] [client 4.241.184.25:0] script '/domains/thuebner/jsond.php' not found or unable to stat
[Sun Feb 01 12:23:32.375360 2026] [php:error] [pid 42672] [client 4.241.184.25:0] script '/domains/thuebner/x7.php' not found or unable to stat
[Sun Feb 01 12:23:32.532510 2026] [php:error] [pid 42672] [client 4.241.184.25:0] script '/domains/thuebner/bgymj.php' not found or unable to stat
[Sun Feb 01 12:23:32.783510 2026] [php:error] [pid 42672] [client 4.241.184.25:0] script '/domains/thuebner/lala.php' not found or unable to stat
[Sun Feb 01 12:23:32.943952 2026] [php:error] [pid 42672] [client 4.241.184.25:0] script '/domains/thuebner/8xyz.php' not found or unable to stat
[Sun Feb 01 12:23:33.101883 2026] [php:error] [pid 42672] [client 4.241.184.25:0] script '/domains/thuebner/wsd.php' not found or unable to stat
[Sun Feb 01 12:23:33.417912 2026] [php:error] [pid 42672] [client 4.241.184.25:0] script '/domains/thuebner/la.php' not found or unable to stat
[Sun Feb 01 12:23:33.575292 2026] [php:error] [pid 42672] [client 4.241.184.25:0] script '/domains/thuebner/Wp-good.php' not found or unable to stat
[Sun Feb 01 12:23:33.732760 2026] [php:error] [pid 42672] [client 4.241.184.25:0] script '/domains/thuebner/tphp.php' not found or unable to stat
[Sun Feb 01 12:23:33.890466 2026] [php:error] [pid 42672] [client 4.241.184.25:0] script '/domains/thuebner/a1.php' not found or unable to stat
[Sun Feb 01 12:23:34.049529 2026] [php:error] [pid 42672] [client 4.241.184.25:0] script '/domains/thuebner/nyan.php' not found or unable to stat
[Sun Feb 01 12:23:34.222903 2026] [php:error] [pid 42672] [client 4.241.184.25:0] script '/domains/thuebner/autoload_classmap.php' not found or unable to stat
[Sun Feb 01 12:23:34.382286 2026] [php:error] [pid 42672] [client 4.241.184.25:0] script '/domains/thuebner/alfa.php' not found or unable to stat
[Sun Feb 01 12:23:34.763513 2026] [php:error] [pid 42672] [client 4.241.184.25:0] script '/domains/thuebner/luxe.php' not found or unable to stat
[Sun Feb 01 12:23:35.088490 2026] [php:error] [pid 42666] [client 118.193.37.103:0] script '/domains/metrolighting/system.php' not found or unable to stat, referer: http://mldinc.com/system.php%3Fact%3Dpayments
[Sun Feb 01 12:23:35.088859 2026] [php:error] [pid 42672] [client 4.241.184.25:0] script '/domains/thuebner/rezor.php' not found or unable to stat
[Sun Feb 01 12:23:35.248647 2026] [php:error] [pid 42672] [client 4.241.184.25:0] script '/domains/thuebner/doc.php' not found or unable to stat
[Sun Feb 01 12:23:35.306386 2026] [php:error] [pid 42664] [client 118.193.37.103:0] script '/domains/metrolighting/index.php' not found or unable to stat, referer: http://mldinc.com/index.php/api/index/info
[Sun Feb 01 12:23:35.720759 2026] [php:error] [pid 42672] [client 4.241.184.25:0] script '/domains/thuebner/install.php' not found or unable to stat
[Sun Feb 01 12:23:36.040905 2026] [php:error] [pid 42672] [client 4.241.184.25:0] script '/domains/thuebner/sto.php' not found or unable to stat
[Sun Feb 01 12:23:36.211292 2026] [php:error] [pid 42672] [client 4.241.184.25:0] script '/domains/thuebner/x.php' not found or unable to stat
[Sun Feb 01 12:23:36.368982 2026] [php:error] [pid 42672] [client 4.241.184.25:0] script '/domains/thuebner/test.php' not found or unable to stat
[Sun Feb 01 12:23:36.692015 2026] [php:error] [pid 42672] [client 4.241.184.25:0] script '/domains/thuebner/n3.php' not found or unable to stat
[Sun Feb 01 12:23:37.006733 2026] [php:error] [pid 42672] [client 4.241.184.25:0] script '/domains/thuebner/o.php' not found or unable to stat
[Sun Feb 01 12:23:37.342230 2026] [php:error] [pid 42672] [client 4.241.184.25:0] script '/domains/thuebner/class-t.api.php' not found or unable to stat
[Sun Feb 01 12:23:37.706177 2026] [php:error] [pid 42672] [client 4.241.184.25:0] script '/domains/thuebner/wp.php' not found or unable to stat
[Sun Feb 01 12:23:38.209290 2026] [php:error] [pid 42672] [client 4.241.184.25:0] script '/domains/thuebner/h.php' not found or unable to stat
[Sun Feb 01 12:23:38.525773 2026] [php:error] [pid 42672] [client 4.241.184.25:0] script '/domains/thuebner/wrt.php' not found or unable to stat
[Sun Feb 01 12:23:38.798101 2026] [php:error] [pid 42662] [client 118.193.37.103:0] script '/domains/metrolighting/leftDao.php' not found or unable to stat, referer: http://mldinc.com/leftDao.php%3Fcallback%3DjQuery183016740860980352856_1604309800583
[Sun Feb 01 12:23:39.118059 2026] [php:error] [pid 42672] [client 4.241.184.25:0] script '/domains/thuebner/images/c99.php' not found or unable to stat
[Sun Feb 01 12:23:39.275415 2026] [php:error] [pid 42672] [client 4.241.184.25:0] script '/domains/thuebner/png.php' not found or unable to stat
[Sun Feb 01 12:23:39.608518 2026] [php:error] [pid 42672] [client 4.241.184.25:0] script '/domains/thuebner/zwso.php' not found or unable to stat
[Sun Feb 01 12:23:40.340869 2026] [php:error] [pid 42672] [client 4.241.184.25:0] script '/domains/thuebner/ton.php' not found or unable to stat
[Sun Feb 01 12:23:40.508451 2026] [php:error] [pid 42672] [client 4.241.184.25:0] script '/domains/thuebner/wso.php' not found or unable to stat
[Sun Feb 01 12:23:40.994465 2026] [php:error] [pid 42672] [client 4.241.184.25:0] script '/domains/thuebner/a2.php' not found or unable to stat
[Sun Feb 01 12:23:41.191283 2026] [php:error] [pid 42672] [client 4.241.184.25:0] script '/domains/thuebner/shell.php' not found or unable to stat
[Sun Feb 01 12:23:41.568776 2026] [php:error] [pid 42672] [client 4.241.184.25:0] script '/domains/thuebner/sxo.php' not found or unable to stat
[Sun Feb 01 12:23:41.726233 2026] [php:error] [pid 42672] [client 4.241.184.25:0] script '/domains/thuebner/admin.php' not found or unable to stat
[Sun Feb 01 12:23:42.221648 2026] [php:error] [pid 42672] [client 4.241.184.25:0] script '/domains/thuebner/mans.php' not found or unable to stat
[Sun Feb 01 12:23:42.510295 2026] [php:error] [pid 42672] [client 4.241.184.25:0] script '/domains/thuebner/dropdown.php' not found or unable to stat
[Sun Feb 01 12:23:42.831941 2026] [php:error] [pid 42672] [client 4.241.184.25:0] script '/domains/thuebner/ze.php' not found or unable to stat
[Sun Feb 01 12:23:43.020536 2026] [php:error] [pid 42672] [client 4.241.184.25:0] script '/domains/thuebner/geck.php' not found or unable to stat
[Sun Feb 01 12:23:43.194910 2026] [php:error] [pid 42672] [client 4.241.184.25:0] script '/domains/thuebner/menu.php' not found or unable to stat
[Sun Feb 01 12:23:43.693849 2026] [php:error] [pid 42672] [client 4.241.184.25:0] script '/domains/thuebner/flower.php' not found or unable to stat
[Sun Feb 01 12:23:43.851264 2026] [php:error] [pid 42672] [client 4.241.184.25:0] script '/domains/thuebner/ftp.php' not found or unable to stat
[Sun Feb 01 12:23:44.008580 2026] [php:error] [pid 42672] [client 4.241.184.25:0] script '/domains/thuebner/mds.php' not found or unable to stat
[Sun Feb 01 12:23:44.166098 2026] [php:error] [pid 42672] [client 4.241.184.25:0] script '/domains/thuebner/ahax.php' not found or unable to stat
[Sun Feb 01 12:23:44.512215 2026] [php:error] [pid 42672] [client 4.241.184.25:0] script '/domains/thuebner/cool.php' not found or unable to stat
[Sun Feb 01 12:23:44.669705 2026] [php:error] [pid 42672] [client 4.241.184.25:0] script '/domains/thuebner/gm.php' not found or unable to stat
[Sun Feb 01 12:23:44.831557 2026] [php:error] [pid 42672] [client 4.241.184.25:0] script '/domains/thuebner/simple.php' not found or unable to stat
[Sun Feb 01 12:23:44.998957 2026] [php:error] [pid 42672] [client 4.241.184.25:0] script '/domains/thuebner/elp.php' not found or unable to stat
[Sun Feb 01 12:23:45.156789 2026] [php:error] [pid 42672] [client 4.241.184.25:0] script '/domains/thuebner/bolt.php' not found or unable to stat
[Sun Feb 01 12:23:45.471473 2026] [php:error] [pid 42672] [client 4.241.184.25:0] script '/domains/thuebner/inputs.php' not found or unable to stat
[Sun Feb 01 12:23:45.786568 2026] [php:error] [pid 42672] [client 4.241.184.25:0] script '/domains/thuebner/system.php' not found or unable to stat
[Sun Feb 01 12:23:46.417741 2026] [php:error] [pid 42672] [client 4.241.184.25:0] script '/domains/thuebner/an.php' not found or unable to stat
[Sun Feb 01 12:23:46.575119 2026] [php:error] [pid 42672] [client 4.241.184.25:0] script '/domains/thuebner/w.php' not found or unable to stat
[Sun Feb 01 12:23:46.822865 2026] [php:error] [pid 42672] [client 4.241.184.25:0] script '/domains/thuebner/gmo.php' not found or unable to stat
[Sun Feb 01 12:23:46.983170 2026] [php:error] [pid 42672] [client 4.241.184.25:0] script '/domains/thuebner/gib.php' not found or unable to stat
[Sun Feb 01 12:23:47.147151 2026] [php:error] [pid 42672] [client 4.241.184.25:0] script '/domains/thuebner/wp-miiss.php.php' not found or unable to stat
[Sun Feb 01 12:23:47.530688 2026] [php:error] [pid 42672] [client 4.241.184.25:0] script '/domains/thuebner/moon.php' not found or unable to stat
[Sun Feb 01 12:23:47.692023 2026] [php:error] [pid 42672] [client 4.241.184.25:0] script '/domains/thuebner/filesss.php' not found or unable to stat
[Sun Feb 01 12:23:47.856952 2026] [php:error] [pid 42672] [client 4.241.184.25:0] script '/domains/thuebner/hey.php' not found or unable to stat
[Sun Feb 01 12:23:48.178224 2026] [php:error] [pid 42672] [client 4.241.184.25:0] script '/domains/thuebner/1337.php' not found or unable to stat
[Sun Feb 01 12:23:48.336538 2026] [php:error] [pid 42672] [client 4.241.184.25:0] script '/domains/thuebner/buy.php' not found or unable to stat
[Sun Feb 01 12:23:48.962961 2026] [php:error] [pid 42662] [client 4.241.184.25:0] script '/domains/thuebner/m.php' not found or unable to stat
[Sun Feb 01 12:23:49.120728 2026] [php:error] [pid 42662] [client 4.241.184.25:0] script '/domains/thuebner/wp-is.php' not found or unable to stat
[Sun Feb 01 12:23:49.278631 2026] [php:error] [pid 42662] [client 4.241.184.25:0] script '/domains/thuebner/jmfi2.php' not found or unable to stat
[Sun Feb 01 12:23:49.594393 2026] [php:error] [pid 42662] [client 4.241.184.25:0] script '/domains/thuebner/bnn_.php' not found or unable to stat
[Sun Feb 01 12:23:49.910699 2026] [php:error] [pid 42662] [client 4.241.184.25:0] script '/domains/thuebner/hzz.php' not found or unable to stat
[Sun Feb 01 12:23:50.071634 2026] [php:error] [pid 42662] [client 4.241.184.25:0] script '/domains/thuebner/shell20211028.php' not found or unable to stat
[Sun Feb 01 12:23:50.229471 2026] [php:error] [pid 42662] [client 4.241.184.25:0] script '/domains/thuebner/content.php' not found or unable to stat
[Sun Feb 01 12:23:50.555007 2026] [php:error] [pid 42662] [client 4.241.184.25:0] script '/domains/thuebner/ps.php' not found or unable to stat
[Sun Feb 01 12:23:51.031126 2026] [php:error] [pid 42662] [client 4.241.184.25:0] script '/domains/thuebner/cache.php' not found or unable to stat
[Sun Feb 01 12:23:51.188845 2026] [php:error] [pid 42662] [client 4.241.184.25:0] script '/domains/thuebner/ss.php' not found or unable to stat
[Sun Feb 01 12:23:51.346948 2026] [php:error] [pid 42662] [client 4.241.184.25:0] script '/domains/thuebner/p.php' not found or unable to stat
[Sun Feb 01 12:23:51.738976 2026] [php:error] [pid 42662] [client 4.241.184.25:0] script '/domains/thuebner/user.php' not found or unable to stat
[Sun Feb 01 12:23:52.224702 2026] [php:error] [pid 42662] [client 4.241.184.25:0] script '/domains/thuebner/wp.php' not found or unable to stat
[Sun Feb 01 12:23:52.384611 2026] [php:error] [pid 42662] [client 4.241.184.25:0] script '/domains/thuebner/rip.php' not found or unable to stat
[Sun Feb 01 12:23:52.553251 2026] [php:error] [pid 42662] [client 4.241.184.25:0] script '/domains/thuebner/wp4.php' not found or unable to stat
[Sun Feb 01 12:23:52.711175 2026] [php:error] [pid 42662] [client 4.241.184.25:0] script '/domains/thuebner/403.php' not found or unable to stat
[Sun Feb 01 12:23:53.027384 2026] [php:error] [pid 42662] [client 4.241.184.25:0] script '/domains/thuebner/asd67.php' not found or unable to stat
[Sun Feb 01 12:23:53.444138 2026] [php:error] [pid 42662] [client 4.241.184.25:0] script '/domains/thuebner/oivcl.php' not found or unable to stat
[Sun Feb 01 12:23:53.602835 2026] [php:error] [pid 42662] [client 4.241.184.25:0] script '/domains/thuebner/about.php' not found or unable to stat
[Sun Feb 01 12:23:53.919207 2026] [php:error] [pid 42662] [client 4.241.184.25:0] script '/domains/thuebner/v2.php' not found or unable to stat
[Sun Feb 01 12:23:54.576941 2026] [php:error] [pid 42662] [client 4.241.184.25:0] script '/domains/thuebner/dr.php' not found or unable to stat
[Sun Feb 01 12:23:54.735348 2026] [php:error] [pid 42662] [client 4.241.184.25:0] script '/domains/thuebner/raw.php' not found or unable to stat
[Sun Feb 01 12:23:55.208382 2026] [php:error] [pid 42662] [client 4.241.184.25:0] script '/domains/thuebner/ioxi-o2.php' not found or unable to stat
[Sun Feb 01 12:23:55.366195 2026] [php:error] [pid 42662] [client 4.241.184.25:0] script '/domains/thuebner/dropdown.php' not found or unable to stat
[Sun Feb 01 12:23:55.536279 2026] [php:error] [pid 42662] [client 4.241.184.25:0] script '/domains/thuebner/dlu.php' not found or unable to stat
[Sun Feb 01 12:23:55.858896 2026] [php:error] [pid 42662] [client 4.241.184.25:0] script '/domains/thuebner/db.php' not found or unable to stat
[Sun Feb 01 12:23:56.017172 2026] [php:error] [pid 42662] [client 4.241.184.25:0] script '/domains/thuebner/packed.php' not found or unable to stat
[Sun Feb 01 12:23:56.175302 2026] [php:error] [pid 42662] [client 4.241.184.25:0] script '/domains/thuebner/wp-configs.php' not found or unable to stat
[Sun Feb 01 12:23:56.349785 2026] [php:error] [pid 42662] [client 4.241.184.25:0] script '/domains/thuebner/404.php' not found or unable to stat
[Sun Feb 01 12:23:56.576728 2026] [php:error] [pid 42662] [client 4.241.184.25:0] script '/domains/thuebner/des.php' not found or unable to stat
[Sun Feb 01 12:23:56.674335 2026] [php:error] [pid 42670] [client 104.28.235.58:0] script '/domains/larrysr/chosen.php' not found or unable to stat
[Sun Feb 01 12:23:56.895105 2026] [php:error] [pid 42662] [client 4.241.184.25:0] script '/domains/thuebner/lufix.php' not found or unable to stat
[Sun Feb 01 12:24:04.330884 2026] [php:error] [pid 42667] [client 104.28.203.58:0] script '/domains/larrysr/file.php' not found or unable to stat
[Sun Feb 01 12:24:05.346071 2026] [php:error] [pid 42667] [client 104.28.203.58:0] script '/domains/larrysr/flower.php' not found or unable to stat
[Sun Feb 01 12:24:05.787054 2026] [php:error] [pid 42667] [client 104.28.203.58:0] script '/domains/larrysr/gifclass.php' not found or unable to stat
[Sun Feb 01 12:24:06.469484 2026] [php:error] [pid 42667] [client 104.28.203.58:0] script '/domains/larrysr/bless.php' not found or unable to stat
[Sun Feb 01 12:24:06.610661 2026] [php:error] [pid 42667] [client 104.28.203.58:0] script '/domains/larrysr/class-t.api.php' not found or unable to stat
[Sun Feb 01 12:24:06.978725 2026] [php:error] [pid 42667] [client 104.28.203.58:0] script '/domains/larrysr/blurbs.php' not found or unable to stat
[Sun Feb 01 12:24:07.290863 2026] [php:error] [pid 42667] [client 104.28.203.58:0] script '/domains/larrysr/akcc.php' not found or unable to stat
[Sun Feb 01 12:24:12.637048 2026] [php:error] [pid 42652] [client 104.28.203.58:0] script '/domains/larrysr/abcd.php' not found or unable to stat
[Sun Feb 01 12:24:19.125346 2026] [php:error] [pid 42667] [client 104.28.203.58:0] script '/domains/larrysr/shelp.php' not found or unable to stat
[Sun Feb 01 12:24:19.891083 2026] [php:error] [pid 42667] [client 104.28.203.58:0] script '/domains/larrysr/cord.php' not found or unable to stat
[Sun Feb 01 12:24:20.246757 2026] [php:error] [pid 42667] [client 104.28.203.58:0] script '/domains/larrysr/dex.php' not found or unable to stat
[Sun Feb 01 12:24:21.220633 2026] [php:error] [pid 42652] [client 43.173.181.246:0] script '/domains/hdickens.enteract/kmnj.php' not found or unable to stat
[Sun Feb 01 12:24:24.188457 2026] [php:error] [pid 42667] [client 104.28.203.58:0] script '/domains/larrysr/file2.php' not found or unable to stat
[Sun Feb 01 12:24:24.996839 2026] [php:error] [pid 42667] [client 104.28.203.58:0] script '/domains/larrysr/zwso.php' not found or unable to stat
[Sun Feb 01 12:24:30.629637 2026] [php:error] [pid 42667] [client 104.28.203.58:0] script '/domains/larrysr/bolt.php' not found or unable to stat
[Sun Feb 01 12:24:31.111731 2026] [php:error] [pid 42667] [client 104.28.203.58:0] script '/domains/larrysr/shlo.php' not found or unable to stat
[Sun Feb 01 12:24:31.758588 2026] [php:error] [pid 42667] [client 104.28.203.58:0] script '/domains/larrysr/133.php' not found or unable to stat
[Sun Feb 01 12:24:43.898537 2026] [php:error] [pid 42689] [client 104.28.203.58:0] script '/domains/larrysr/ahax.php' not found or unable to stat
[Sun Feb 01 12:24:52.826648 2026] [php:error] [pid 42692] [client 104.28.203.58:0] script '/domains/larrysr/php8.php' not found or unable to stat
[Sun Feb 01 12:24:59.891906 2026] [php:error] [pid 42695] [client 104.28.203.58:0] script '/domains/larrysr/lufix1.php' not found or unable to stat
[Sun Feb 01 12:25:00.421623 2026] [php:error] [pid 42695] [client 104.28.203.58:0] script '/domains/larrysr/witmm.php' not found or unable to stat
[Sun Feb 01 12:25:03.731169 2026] [php:error] [pid 42692] [client 104.28.203.58:0] script '/domains/larrysr/ioxi-o.php' not found or unable to stat
[Sun Feb 01 12:25:03.887732 2026] [php:error] [pid 42692] [client 104.28.203.58:0] script '/domains/larrysr/222.php' not found or unable to stat
[Sun Feb 01 12:25:04.040500 2026] [php:error] [pid 42692] [client 104.28.203.58:0] script '/domains/larrysr/files.php' not found or unable to stat
[Sun Feb 01 12:25:04.201926 2026] [php:error] [pid 42652] [client 104.28.203.58:0] script '/domains/brigadeweb/style.php' not found or unable to stat
[Sun Feb 01 12:25:04.593666 2026] [php:error] [pid 42692] [client 104.28.203.58:0] script '/domains/larrysr/wp-editor.php' not found or unable to stat
[Sun Feb 01 12:25:06.005673 2026] [php:error] [pid 42692] [client 104.28.203.58:0] script '/domains/larrysr/txets.php' not found or unable to stat
[Sun Feb 01 12:25:07.525588 2026] [php:error] [pid 42652] [client 104.28.203.58:0] script '/domains/brigadeweb/chosen.php' not found or unable to stat
[Sun Feb 01 12:25:07.691655 2026] [php:error] [pid 42692] [client 104.28.203.58:0] script '/domains/larrysr/postnews.php' not found or unable to stat
[Sun Feb 01 12:25:07.768215 2026] [php:error] [pid 42652] [client 104.28.203.58:0] script '/domains/brigadeweb/file.php' not found or unable to stat
[Sun Feb 01 12:25:20.489533 2026] [php:error] [pid 42698] [client 104.28.203.58:0] script '/domains/brigadeweb/flower.php' not found or unable to stat
[Sun Feb 01 12:25:26.346826 2026] [php:error] [pid 42699] [client 104.28.203.58:0] script '/domains/brigadeweb/gifclass.php' not found or unable to stat
[Sun Feb 01 12:25:29.319790 2026] [php:error] [pid 42699] [client 104.28.203.58:0] script '/domains/brigadeweb/bless.php' not found or unable to stat
[Sun Feb 01 12:25:31.973566 2026] [php:error] [pid 42699] [client 104.28.203.58:0] script '/domains/brigadeweb/class-t.api.php' not found or unable to stat
[Sun Feb 01 12:25:32.068369 2026] [php:error] [pid 42699] [client 104.28.203.58:0] script '/domains/brigadeweb/blurbs.php' not found or unable to stat
[Sun Feb 01 12:25:32.192364 2026] [php:error] [pid 42699] [client 104.28.203.58:0] script '/domains/brigadeweb/akcc.php' not found or unable to stat
[Sun Feb 01 12:25:32.610774 2026] [php:error] [pid 42699] [client 104.28.203.58:0] script '/domains/brigadeweb/abcd.php' not found or unable to stat
[Sun Feb 01 12:25:38.995722 2026] [php:error] [pid 42689] [client 104.28.203.58:0] script '/domains/brigadeweb/shelp.php' not found or unable to stat
[Sun Feb 01 12:25:39.543711 2026] [php:error] [pid 42689] [client 104.28.203.58:0] script '/domains/brigadeweb/cord.php' not found or unable to stat
[Sun Feb 01 12:25:42.530811 2026] [php:error] [pid 42689] [client 104.28.203.58:0] script '/domains/brigadeweb/dex.php' not found or unable to stat
[Sun Feb 01 12:25:50.098617 2026] [php:error] [pid 42710] [client 104.28.203.58:0] script '/domains/brigadeweb/file2.php' not found or unable to stat
[Sun Feb 01 12:25:54.169907 2026] [php:error] [pid 42710] [client 104.28.203.58:0] script '/domains/brigadeweb/zwso.php' not found or unable to stat
[Sun Feb 01 12:26:00.293390 2026] [php:error] [pid 42715] [client 52.164.187.143:0] script '/domains/familyplayhouse2/thebe.php' not found or unable to stat
[Sun Feb 01 12:26:00.365935 2026] [php:error] [pid 42715] [client 52.164.187.143:0] script '/domains/familyplayhouse2/aboutc.php' not found or unable to stat
[Sun Feb 01 12:26:00.438567 2026] [php:error] [pid 42715] [client 52.164.187.143:0] script '/domains/familyplayhouse2/ioxi.php' not found or unable to stat
[Sun Feb 01 12:26:00.511097 2026] [php:error] [pid 42715] [client 52.164.187.143:0] script '/domains/familyplayhouse2/tempae.php' not found or unable to stat
[Sun Feb 01 12:26:00.583748 2026] [php:error] [pid 42715] [client 52.164.187.143:0] script '/domains/familyplayhouse2/bayss.php' not found or unable to stat
[Sun Feb 01 12:26:00.656389 2026] [php:error] [pid 42715] [client 52.164.187.143:0] script '/domains/familyplayhouse2/gettest.php' not found or unable to stat
[Sun Feb 01 12:26:00.728805 2026] [php:error] [pid 42715] [client 52.164.187.143:0] script '/domains/familyplayhouse2/ah25.php' not found or unable to stat
[Sun Feb 01 12:26:00.801807 2026] [php:error] [pid 42715] [client 52.164.187.143:0] script '/domains/familyplayhouse2/8xyz.php' not found or unable to stat
[Sun Feb 01 12:26:00.874747 2026] [php:error] [pid 42715] [client 52.164.187.143:0] script '/domains/familyplayhouse2/ms-edit.php' not found or unable to stat
[Sun Feb 01 12:26:00.947874 2026] [php:error] [pid 42715] [client 52.164.187.143:0] script '/domains/familyplayhouse2/edit-tags.php' not found or unable to stat
[Sun Feb 01 12:26:01.021839 2026] [php:error] [pid 42715] [client 52.164.187.143:0] script '/domains/familyplayhouse2/bk.php' not found or unable to stat
[Sun Feb 01 12:26:01.094860 2026] [php:error] [pid 42715] [client 52.164.187.143:0] script '/domains/familyplayhouse2/class-t.api.php' not found or unable to stat
[Sun Feb 01 12:26:01.167745 2026] [php:error] [pid 42715] [client 52.164.187.143:0] script '/domains/familyplayhouse2/ws53.php' not found or unable to stat
[Sun Feb 01 12:26:01.240363 2026] [php:error] [pid 42715] [client 52.164.187.143:0] script '/domains/familyplayhouse2/revealability.php' not found or unable to stat
[Sun Feb 01 12:26:01.312878 2026] [php:error] [pid 42715] [client 52.164.187.143:0] script '/domains/familyplayhouse2/soniau.php' not found or unable to stat
[Sun Feb 01 12:26:01.385513 2026] [php:error] [pid 42715] [client 52.164.187.143:0] script '/domains/familyplayhouse2/ws55.php' not found or unable to stat
[Sun Feb 01 12:26:01.458210 2026] [php:error] [pid 42715] [client 52.164.187.143:0] script '/domains/familyplayhouse2/as.php' not found or unable to stat
[Sun Feb 01 12:26:01.530922 2026] [php:error] [pid 42715] [client 52.164.187.143:0] script '/domains/familyplayhouse2/wp-links.php' not found or unable to stat
[Sun Feb 01 12:26:01.675979 2026] [php:error] [pid 42715] [client 52.164.187.143:0] script '/domains/familyplayhouse2/f.php' not found or unable to stat
[Sun Feb 01 12:26:12.131379 2026] [php:error] [pid 42717] [client 104.28.235.58:0] script '/domains/perless2web/style.php' not found or unable to stat
[Sun Feb 01 12:26:13.645290 2026] [php:error] [pid 42717] [client 104.28.235.58:0] script '/domains/perless2web/chosen.php' not found or unable to stat
[Sun Feb 01 12:26:14.708349 2026] [php:error] [pid 42717] [client 104.28.235.58:0] script '/domains/perless2web/file.php' not found or unable to stat
[Sun Feb 01 12:26:20.038333 2026] [php:error] [pid 42707] [client 104.28.235.58:0] script '/domains/perless2web/flower.php' not found or unable to stat
[Sun Feb 01 12:26:23.388239 2026] [php:error] [pid 42717] [client 104.28.203.58:0] script '/domains/perless2web/gifclass.php' not found or unable to stat
[Sun Feb 01 12:26:23.598234 2026] [php:error] [pid 42717] [client 104.28.203.58:0] script '/domains/perless2web/bless.php' not found or unable to stat
[Sun Feb 01 12:26:23.740378 2026] [php:error] [pid 42717] [client 104.28.203.58:0] script '/domains/perless2web/class-t.api.php' not found or unable to stat
[Sun Feb 01 12:26:23.902826 2026] [php:error] [pid 42717] [client 104.28.203.58:0] script '/domains/perless2web/blurbs.php' not found or unable to stat
[Sun Feb 01 12:26:24.069718 2026] [php:error] [pid 42717] [client 104.28.203.58:0] script '/domains/perless2web/akcc.php' not found or unable to stat
