[Sun Feb 01 11:38:59.092389 2026] [php:error] [pid 30832] [client 104.28.235.58:0] script '/domains/markrose/flower.php' not found or unable to stat
[Sun Feb 01 11:38:59.619439 2026] [php:error] [pid 30832] [client 104.28.235.58:0] script '/domains/markrose/gifclass.php' not found or unable to stat
[Sun Feb 01 11:39:01.878116 2026] [php:error] [pid 30832] [client 104.28.235.58:0] script '/domains/markrose/bless.php' not found or unable to stat
[Sun Feb 01 11:39:02.687850 2026] [php:error] [pid 30830] [client 154.12.92.135:0] script '/domains/ceonlinenews/1.php' not found or unable to stat
[Sun Feb 01 11:39:03.102330 2026] [php:error] [pid 30832] [client 104.28.235.58:0] script '/domains/markrose/class-t.api.php' not found or unable to stat
[Sun Feb 01 11:39:03.834782 2026] [php:error] [pid 30832] [client 104.28.235.58:0] script '/domains/markrose/blurbs.php' not found or unable to stat
[Sun Feb 01 11:39:04.197201 2026] [php:error] [pid 30832] [client 104.28.235.58:0] script '/domains/markrose/akcc.php' not found or unable to stat
[Sun Feb 01 11:39:04.592381 2026] [php:error] [pid 30832] [client 104.28.235.58:0] script '/domains/markrose/abcd.php' not found or unable to stat
[Sun Feb 01 11:39:04.683643 2026] [php:error] [pid 30832] [client 104.28.235.58:0] script '/domains/markrose/shelp.php' not found or unable to stat
[Sun Feb 01 11:39:05.539853 2026] [php:error] [pid 30832] [client 104.28.235.58:0] script '/domains/markrose/cord.php' not found or unable to stat
[Sun Feb 01 11:39:06.051583 2026] [php:error] [pid 30832] [client 104.28.235.58:0] script '/domains/markrose/dex.php' not found or unable to stat
[Sun Feb 01 11:39:08.365960 2026] [php:error] [pid 30832] [client 104.28.235.58:0] script '/domains/markrose/file2.php' not found or unable to stat
[Sun Feb 01 11:39:08.615924 2026] [php:error] [pid 30832] [client 104.28.235.58:0] script '/domains/markrose/zwso.php' not found or unable to stat
[Sun Feb 01 11:39:09.969843 2026] [php:error] [pid 30832] [client 104.28.235.58:0] script '/domains/markrose/bolt.php' not found or unable to stat
[Sun Feb 01 11:39:10.224279 2026] [php:error] [pid 30832] [client 104.28.235.58:0] script '/domains/markrose/shlo.php' not found or unable to stat
[Sun Feb 01 11:39:10.292534 2026] [php:error] [pid 30832] [client 104.28.235.58:0] script '/domains/markrose/133.php' not found or unable to stat
[Sun Feb 01 11:39:10.359805 2026] [php:error] [pid 30832] [client 104.28.235.58:0] script '/domains/markrose/ahax.php' not found or unable to stat
[Sun Feb 01 11:39:10.435538 2026] [php:error] [pid 30832] [client 104.28.235.58:0] script '/domains/markrose/php8.php' not found or unable to stat
[Sun Feb 01 11:39:10.541364 2026] [php:error] [pid 30832] [client 104.28.235.58:0] script '/domains/markrose/lufix1.php' not found or unable to stat
[Sun Feb 01 11:39:10.623575 2026] [php:error] [pid 30832] [client 104.28.235.58:0] script '/domains/markrose/witmm.php' not found or unable to stat
[Sun Feb 01 11:39:11.544922 2026] [php:error] [pid 30832] [client 104.28.235.58:0] script '/domains/markrose/ioxi-o.php' not found or unable to stat
[Sun Feb 01 11:39:11.716491 2026] [php:error] [pid 30832] [client 104.28.235.58:0] script '/domains/markrose/222.php' not found or unable to stat
[Sun Feb 01 11:39:11.833649 2026] [php:error] [pid 30832] [client 104.28.235.58:0] script '/domains/markrose/files.php' not found or unable to stat
[Sun Feb 01 11:39:11.952927 2026] [php:error] [pid 30832] [client 104.28.235.58:0] script '/domains/markrose/wp-editor.php' not found or unable to stat
[Sun Feb 01 11:39:12.053844 2026] [php:error] [pid 30832] [client 104.28.235.58:0] script '/domains/markrose/txets.php' not found or unable to stat
[Sun Feb 01 11:39:12.724696 2026] [php:error] [pid 30832] [client 104.28.235.58:0] script '/domains/markrose/postnews.php' not found or unable to stat
[Sun Feb 01 11:39:56.663662 2026] [php:error] [pid 30832] [client 20.205.97.28:0] script '/domains/system_suspended/about.php' not found or unable to stat
[Sun Feb 01 11:39:56.894422 2026] [php:error] [pid 30832] [client 20.205.97.28:0] script '/domains/system_suspended/admin.php' not found or unable to stat
[Sun Feb 01 11:39:57.322768 2026] [php:error] [pid 30832] [client 20.205.97.28:0] script '/domains/system_suspended/class-t.api.php' not found or unable to stat
[Sun Feb 01 11:39:57.534478 2026] [php:error] [pid 30832] [client 20.205.97.28:0] script '/domains/system_suspended/goods.php' not found or unable to stat
[Sun Feb 01 11:39:57.747474 2026] [php:error] [pid 30832] [client 20.205.97.28:0] script '/domains/system_suspended/ioxi-o.php' not found or unable to stat
[Sun Feb 01 11:39:57.959206 2026] [php:error] [pid 30832] [client 20.205.97.28:0] script '/domains/system_suspended/rip.php' not found or unable to stat
[Sun Feb 01 11:39:58.180831 2026] [php:error] [pid 30832] [client 20.205.97.28:0] script '/domains/system_suspended/adminfuns.php' not found or unable to stat
[Sun Feb 01 11:39:58.399853 2026] [php:error] [pid 30832] [client 20.205.97.28:0] script '/domains/system_suspended/file.php' not found or unable to stat
[Sun Feb 01 11:39:59.901627 2026] [php:error] [pid 30832] [client 20.205.97.28:0] script '/domains/system_suspended/wp-good.php' not found or unable to stat
[Sun Feb 01 11:40:29.053687 2026] [php:error] [pid 30832] [client 101.47.54.43:0] script '/domains/hdickens.enteract/kmnj.php' not found or unable to stat
[Sun Feb 01 11:40:36.751539 2026] [php:error] [pid 30853] [client 104.28.203.58:0] script '/domains/tmandel/style.php' not found or unable to stat
[Sun Feb 01 11:40:46.212622 2026] [php:error] [pid 30853] [client 104.28.203.58:0] script '/domains/tmandel/chosen.php' not found or unable to stat
[Sun Feb 01 11:40:46.539937 2026] [php:error] [pid 30853] [client 104.28.203.58:0] script '/domains/tmandel/file.php' not found or unable to stat
[Sun Feb 01 11:40:49.638734 2026] [php:error] [pid 30853] [client 104.28.203.58:0] script '/domains/tmandel/flower.php' not found or unable to stat
[Sun Feb 01 11:40:52.522690 2026] [php:error] [pid 30853] [client 104.28.203.58:0] script '/domains/tmandel/gifclass.php' not found or unable to stat
[Sun Feb 01 11:40:53.183718 2026] [php:error] [pid 30853] [client 104.28.203.58:0] script '/domains/tmandel/bless.php' not found or unable to stat
[Sun Feb 01 11:40:54.831784 2026] [php:error] [pid 30853] [client 104.28.203.58:0] script '/domains/tmandel/class-t.api.php' not found or unable to stat
[Sun Feb 01 11:40:55.319144 2026] [php:error] [pid 30853] [client 104.28.203.58:0] script '/domains/tmandel/blurbs.php' not found or unable to stat
[Sun Feb 01 11:40:55.621773 2026] [php:error] [pid 30853] [client 104.28.203.58:0] script '/domains/tmandel/akcc.php' not found or unable to stat
[Sun Feb 01 11:40:55.748151 2026] [php:error] [pid 30853] [client 104.28.203.58:0] script '/domains/tmandel/abcd.php' not found or unable to stat
[Sun Feb 01 11:40:58.252710 2026] [php:error] [pid 30853] [client 104.28.203.58:0] script '/domains/tmandel/shelp.php' not found or unable to stat
[Sun Feb 01 11:40:59.158466 2026] [php:error] [pid 30853] [client 104.28.203.58:0] script '/domains/tmandel/cord.php' not found or unable to stat
[Sun Feb 01 11:41:08.396248 2026] [php:error] [pid 30858] [client 104.28.235.58:0] script '/domains/tmandel/dex.php' not found or unable to stat
[Sun Feb 01 11:41:10.561065 2026] [php:error] [pid 30858] [client 104.28.235.58:0] script '/domains/tmandel/file2.php' not found or unable to stat
[Sun Feb 01 11:41:11.238067 2026] [php:error] [pid 30858] [client 104.28.235.58:0] script '/domains/tmandel/zwso.php' not found or unable to stat
[Sun Feb 01 11:41:13.041508 2026] [php:error] [pid 30858] [client 104.28.235.58:0] script '/domains/tmandel/bolt.php' not found or unable to stat
[Sun Feb 01 11:41:18.738864 2026] [php:error] [pid 30849] [client 104.28.235.58:0] script '/domains/tmandel/shlo.php' not found or unable to stat
[Sun Feb 01 11:41:19.575881 2026] [php:error] [pid 30849] [client 104.28.235.58:0] script '/domains/tmandel/133.php' not found or unable to stat
[Sun Feb 01 11:41:19.945828 2026] [php:error] [pid 30849] [client 104.28.235.58:0] script '/domains/tmandel/ahax.php' not found or unable to stat
[Sun Feb 01 11:41:20.156713 2026] [php:error] [pid 30849] [client 104.28.235.58:0] script '/domains/tmandel/php8.php' not found or unable to stat
[Sun Feb 01 11:41:20.365814 2026] [php:error] [pid 30849] [client 104.28.235.58:0] script '/domains/tmandel/lufix1.php' not found or unable to stat
[Sun Feb 01 11:41:20.696072 2026] [php:error] [pid 30849] [client 104.28.235.58:0] script '/domains/tmandel/witmm.php' not found or unable to stat
[Sun Feb 01 11:41:22.149647 2026] [php:error] [pid 30849] [client 104.28.235.58:0] script '/domains/tmandel/ioxi-o.php' not found or unable to stat
[Sun Feb 01 11:41:22.410566 2026] [php:error] [pid 30849] [client 104.28.235.58:0] script '/domains/tmandel/222.php' not found or unable to stat
[Sun Feb 01 11:41:24.155027 2026] [php:error] [pid 30849] [client 104.28.235.58:0] script '/domains/tmandel/files.php' not found or unable to stat
[Sun Feb 01 11:41:30.365953 2026] [php:error] [pid 30859] [client 104.28.235.58:0] script '/domains/tmandel/wp-editor.php' not found or unable to stat
[Sun Feb 01 11:41:30.542198 2026] [php:error] [pid 30859] [client 104.28.235.58:0] script '/domains/tmandel/txets.php' not found or unable to stat
[Sun Feb 01 11:41:31.839868 2026] [php:error] [pid 30859] [client 104.28.235.58:0] script '/domains/tmandel/postnews.php' not found or unable to stat
[Sun Feb 01 11:42:23.303598 2026] [php:error] [pid 30842] [client 157.245.234.211:0] script '/domains/machinadynamica/txets.php' not found or unable to stat, referer: www.google.com
[Sun Feb 01 11:42:59.504426 2026] [php:error] [pid 30842] [client 104.28.203.58:0] script '/domains/tbarnhil/style.php' not found or unable to stat
[Sun Feb 01 11:43:05.673449 2026] [php:error] [pid 30873] [client 104.28.235.58:0] script '/domains/gohover/style.php' not found or unable to stat
[Sun Feb 01 11:43:14.682671 2026] [php:error] [pid 30842] [client 104.28.203.58:0] script '/domains/tbarnhil/chosen.php' not found or unable to stat
[Sun Feb 01 11:43:16.915102 2026] [php:error] [pid 30873] [client 104.28.235.58:0] script '/domains/gohover/chosen.php' not found or unable to stat
[Sun Feb 01 11:43:17.085277 2026] [php:error] [pid 30842] [client 104.28.203.58:0] script '/domains/tbarnhil/file.php' not found or unable to stat
[Sun Feb 01 11:43:17.797517 2026] [php:error] [pid 30877] [client 104.28.235.58:0] script '/domains/lover/style.php' not found or unable to stat
[Sun Feb 01 11:43:18.570185 2026] [php:error] [pid 30842] [client 104.28.203.58:0] script '/domains/tbarnhil/flower.php' not found or unable to stat
[Sun Feb 01 11:43:19.102543 2026] [php:error] [pid 30842] [client 104.28.203.58:0] script '/domains/tbarnhil/gifclass.php' not found or unable to stat
[Sun Feb 01 11:43:19.262072 2026] [php:error] [pid 30842] [client 104.28.203.58:0] script '/domains/tbarnhil/bless.php' not found or unable to stat
[Sun Feb 01 11:43:19.354322 2026] [php:error] [pid 30842] [client 104.28.203.58:0] script '/domains/tbarnhil/class-t.api.php' not found or unable to stat
[Sun Feb 01 11:43:19.642650 2026] [php:error] [pid 30842] [client 104.28.203.58:0] script '/domains/tbarnhil/blurbs.php' not found or unable to stat
[Sun Feb 01 11:43:19.732681 2026] [php:error] [pid 30842] [client 104.28.203.58:0] script '/domains/tbarnhil/akcc.php' not found or unable to stat
[Sun Feb 01 11:43:19.952484 2026] [php:error] [pid 30842] [client 104.28.203.58:0] script '/domains/tbarnhil/abcd.php' not found or unable to stat
[Sun Feb 01 11:43:20.055988 2026] [php:error] [pid 30877] [client 104.28.235.58:0] script '/domains/lover/chosen.php' not found or unable to stat
[Sun Feb 01 11:43:20.196909 2026] [php:error] [pid 30842] [client 104.28.203.58:0] script '/domains/tbarnhil/shelp.php' not found or unable to stat
[Sun Feb 01 11:43:20.273323 2026] [php:error] [pid 30877] [client 104.28.235.58:0] script '/domains/lover/file.php' not found or unable to stat
[Sun Feb 01 11:43:20.331400 2026] [php:error] [pid 30842] [client 104.28.203.58:0] script '/domains/tbarnhil/cord.php' not found or unable to stat
[Sun Feb 01 11:43:20.346522 2026] [php:error] [pid 30877] [client 104.28.235.58:0] script '/domains/lover/flower.php' not found or unable to stat
[Sun Feb 01 11:43:20.843213 2026] [php:error] [pid 30877] [client 104.28.235.58:0] script '/domains/lover/gifclass.php' not found or unable to stat
[Sun Feb 01 11:43:20.979163 2026] [php:error] [pid 30842] [client 104.28.203.58:0] script '/domains/tbarnhil/dex.php' not found or unable to stat
[Sun Feb 01 11:43:21.057891 2026] [php:error] [pid 30877] [client 104.28.235.58:0] script '/domains/lover/bless.php' not found or unable to stat
[Sun Feb 01 11:43:21.097248 2026] [php:error] [pid 30873] [client 104.28.203.58:0] script '/domains/lover/style.php' not found or unable to stat
[Sun Feb 01 11:43:21.131254 2026] [php:error] [pid 30877] [client 104.28.235.58:0] script '/domains/lover/class-t.api.php' not found or unable to stat
[Sun Feb 01 11:43:21.202010 2026] [php:error] [pid 30842] [client 104.28.203.58:0] script '/domains/tbarnhil/file2.php' not found or unable to stat
[Sun Feb 01 11:43:21.666623 2026] [php:error] [pid 30877] [client 104.28.235.58:0] script '/domains/lover/blurbs.php' not found or unable to stat
[Sun Feb 01 11:43:22.292964 2026] [php:error] [pid 30877] [client 104.28.235.58:0] script '/domains/lover/akcc.php' not found or unable to stat
[Sun Feb 01 11:43:22.475366 2026] [php:error] [pid 30842] [client 104.28.203.58:0] script '/domains/tbarnhil/zwso.php' not found or unable to stat
[Sun Feb 01 11:43:22.489256 2026] [php:error] [pid 30877] [client 104.28.235.58:0] script '/domains/lover/abcd.php' not found or unable to stat
[Sun Feb 01 11:43:22.600424 2026] [php:error] [pid 30877] [client 104.28.235.58:0] script '/domains/lover/shelp.php' not found or unable to stat
[Sun Feb 01 11:43:22.911673 2026] [php:error] [pid 30877] [client 104.28.235.58:0] script '/domains/lover/cord.php' not found or unable to stat
[Sun Feb 01 11:43:22.914878 2026] [php:error] [pid 30873] [client 104.28.203.58:0] script '/domains/lover/chosen.php' not found or unable to stat
[Sun Feb 01 11:43:23.476527 2026] [php:error] [pid 30873] [client 104.28.203.58:0] script '/domains/lover/file.php' not found or unable to stat
[Sun Feb 01 11:43:23.477926 2026] [php:error] [pid 30877] [client 104.28.235.58:0] script '/domains/lover/dex.php' not found or unable to stat
[Sun Feb 01 11:43:23.906413 2026] [php:error] [pid 30873] [client 104.28.203.58:0] script '/domains/lover/flower.php' not found or unable to stat
[Sun Feb 01 11:43:23.922290 2026] [php:error] [pid 30842] [client 104.28.203.58:0] script '/domains/tbarnhil/bolt.php' not found or unable to stat
[Sun Feb 01 11:43:24.030670 2026] [php:error] [pid 30877] [client 104.28.235.58:0] script '/domains/lover/file2.php' not found or unable to stat
[Sun Feb 01 11:43:24.091104 2026] [php:error] [pid 30873] [client 104.28.203.58:0] script '/domains/lover/gifclass.php' not found or unable to stat
[Sun Feb 01 11:43:24.142340 2026] [php:error] [pid 30842] [client 104.28.203.58:0] script '/domains/tbarnhil/shlo.php' not found or unable to stat
[Sun Feb 01 11:43:24.155350 2026] [php:error] [pid 30877] [client 104.28.235.58:0] script '/domains/lover/zwso.php' not found or unable to stat
[Sun Feb 01 11:43:24.187485 2026] [php:error] [pid 30873] [client 104.28.203.58:0] script '/domains/lover/bless.php' not found or unable to stat
[Sun Feb 01 11:43:24.311866 2026] [php:error] [pid 30873] [client 104.28.203.58:0] script '/domains/lover/class-t.api.php' not found or unable to stat
[Sun Feb 01 11:43:24.319935 2026] [php:error] [pid 30842] [client 104.28.203.58:0] script '/domains/tbarnhil/133.php' not found or unable to stat
[Sun Feb 01 11:43:24.409782 2026] [php:error] [pid 30873] [client 104.28.203.58:0] script '/domains/lover/blurbs.php' not found or unable to stat
[Sun Feb 01 11:43:24.495368 2026] [php:error] [pid 30877] [client 104.28.235.58:0] script '/domains/lover/bolt.php' not found or unable to stat
[Sun Feb 01 11:43:24.508939 2026] [php:error] [pid 30842] [client 104.28.203.58:0] script '/domains/tbarnhil/ahax.php' not found or unable to stat
[Sun Feb 01 11:43:24.658065 2026] [php:error] [pid 30842] [client 104.28.203.58:0] script '/domains/tbarnhil/php8.php' not found or unable to stat
[Sun Feb 01 11:43:24.734630 2026] [php:error] [pid 30877] [client 104.28.235.58:0] script '/domains/lover/shlo.php' not found or unable to stat
[Sun Feb 01 11:43:24.742661 2026] [php:error] [pid 30873] [client 104.28.203.58:0] script '/domains/lover/akcc.php' not found or unable to stat
[Sun Feb 01 11:43:24.770222 2026] [php:error] [pid 30842] [client 104.28.203.58:0] script '/domains/tbarnhil/lufix1.php' not found or unable to stat
[Sun Feb 01 11:43:24.816585 2026] [php:error] [pid 30877] [client 104.28.235.58:0] script '/domains/lover/133.php' not found or unable to stat
[Sun Feb 01 11:43:24.834743 2026] [php:error] [pid 30873] [client 104.28.203.58:0] script '/domains/lover/abcd.php' not found or unable to stat
[Sun Feb 01 11:43:24.858300 2026] [php:error] [pid 30842] [client 104.28.203.58:0] script '/domains/tbarnhil/witmm.php' not found or unable to stat
[Sun Feb 01 11:43:25.026016 2026] [php:error] [pid 30873] [client 104.28.203.58:0] script '/domains/lover/shelp.php' not found or unable to stat
[Sun Feb 01 11:43:25.027146 2026] [php:error] [pid 30877] [client 104.28.235.58:0] script '/domains/lover/ahax.php' not found or unable to stat
[Sun Feb 01 11:43:25.155810 2026] [php:error] [pid 30877] [client 104.28.235.58:0] script '/domains/lover/php8.php' not found or unable to stat
[Sun Feb 01 11:43:25.199415 2026] [php:error] [pid 30873] [client 104.28.203.58:0] script '/domains/lover/cord.php' not found or unable to stat
[Sun Feb 01 11:43:25.228788 2026] [php:error] [pid 30877] [client 104.28.235.58:0] script '/domains/lover/lufix1.php' not found or unable to stat
[Sun Feb 01 11:43:25.296949 2026] [php:error] [pid 30877] [client 104.28.235.58:0] script '/domains/lover/witmm.php' not found or unable to stat
[Sun Feb 01 11:43:25.305073 2026] [php:error] [pid 30842] [client 104.28.203.58:0] script '/domains/tbarnhil/ioxi-o.php' not found or unable to stat
[Sun Feb 01 11:43:25.402432 2026] [php:error] [pid 30842] [client 104.28.203.58:0] script '/domains/tbarnhil/222.php' not found or unable to stat
[Sun Feb 01 11:43:25.498061 2026] [php:error] [pid 30842] [client 104.28.203.58:0] script '/domains/tbarnhil/files.php' not found or unable to stat
[Sun Feb 01 11:43:25.525233 2026] [php:error] [pid 30873] [client 104.28.203.58:0] script '/domains/lover/dex.php' not found or unable to stat
[Sun Feb 01 11:43:25.583734 2026] [php:error] [pid 30842] [client 104.28.203.58:0] script '/domains/tbarnhil/wp-editor.php' not found or unable to stat
[Sun Feb 01 11:43:25.681767 2026] [php:error] [pid 30873] [client 104.28.203.58:0] script '/domains/lover/file2.php' not found or unable to stat
[Sun Feb 01 11:43:25.752665 2026] [php:error] [pid 30877] [client 104.28.235.58:0] script '/domains/lover/ioxi-o.php' not found or unable to stat
[Sun Feb 01 11:43:25.834901 2026] [php:error] [pid 30877] [client 104.28.235.58:0] script '/domains/lover/222.php' not found or unable to stat
[Sun Feb 01 11:43:25.885957 2026] [php:error] [pid 30842] [client 104.28.203.58:0] script '/domains/tbarnhil/txets.php' not found or unable to stat
[Sun Feb 01 11:43:25.911511 2026] [php:error] [pid 30877] [client 104.28.235.58:0] script '/domains/lover/files.php' not found or unable to stat
[Sun Feb 01 11:43:25.913289 2026] [php:error] [pid 30873] [client 104.28.203.58:0] script '/domains/lover/zwso.php' not found or unable to stat
[Sun Feb 01 11:43:26.094653 2026] [php:error] [pid 30877] [client 104.28.235.58:0] script '/domains/lover/wp-editor.php' not found or unable to stat
[Sun Feb 01 11:43:26.392365 2026] [php:error] [pid 30877] [client 104.28.235.58:0] script '/domains/lover/txets.php' not found or unable to stat
[Sun Feb 01 11:43:26.599878 2026] [php:error] [pid 30873] [client 104.28.203.58:0] script '/domains/lover/bolt.php' not found or unable to stat
[Sun Feb 01 11:43:26.743388 2026] [php:error] [pid 30842] [client 104.28.203.58:0] script '/domains/tbarnhil/postnews.php' not found or unable to stat
[Sun Feb 01 11:43:26.908913 2026] [php:error] [pid 30873] [client 104.28.203.58:0] script '/domains/lover/shlo.php' not found or unable to stat
[Sun Feb 01 11:43:26.986258 2026] [php:error] [pid 30873] [client 104.28.203.58:0] script '/domains/lover/133.php' not found or unable to stat
[Sun Feb 01 11:43:27.108233 2026] [php:error] [pid 30873] [client 104.28.203.58:0] script '/domains/lover/ahax.php' not found or unable to stat
[Sun Feb 01 11:43:27.108490 2026] [php:error] [pid 30877] [client 104.28.235.58:0] script '/domains/lover/postnews.php' not found or unable to stat
[Sun Feb 01 11:43:27.409641 2026] [php:error] [pid 30873] [client 104.28.203.58:0] script '/domains/lover/php8.php' not found or unable to stat
[Sun Feb 01 11:43:27.614984 2026] [php:error] [pid 30873] [client 104.28.203.58:0] script '/domains/lover/lufix1.php' not found or unable to stat
[Sun Feb 01 11:43:27.754777 2026] [php:error] [pid 30873] [client 104.28.203.58:0] script '/domains/lover/witmm.php' not found or unable to stat
[Sun Feb 01 11:43:28.838721 2026] [php:error] [pid 30873] [client 104.28.203.58:0] script '/domains/lover/ioxi-o.php' not found or unable to stat
[Sun Feb 01 11:43:28.905713 2026] [php:error] [pid 30873] [client 104.28.203.58:0] script '/domains/lover/222.php' not found or unable to stat
[Sun Feb 01 11:43:29.034859 2026] [php:error] [pid 30873] [client 104.28.203.58:0] script '/domains/lover/files.php' not found or unable to stat
[Sun Feb 01 11:43:29.182771 2026] [php:error] [pid 30873] [client 104.28.203.58:0] script '/domains/lover/wp-editor.php' not found or unable to stat
[Sun Feb 01 11:43:29.367404 2026] [php:error] [pid 30873] [client 104.28.203.58:0] script '/domains/lover/txets.php' not found or unable to stat
[Sun Feb 01 11:43:37.758393 2026] [php:error] [pid 30873] [client 104.28.203.58:0] script '/domains/lover/postnews.php' not found or unable to stat
[Sun Feb 01 11:45:08.079229 2026] [php:error] [pid 36543] [client 104.28.203.58:0] script '/domains/braniff/style.php' not found or unable to stat
[Sun Feb 01 11:45:10.307575 2026] [php:error] [pid 36543] [client 104.28.203.58:0] script '/domains/braniff/chosen.php' not found or unable to stat
[Sun Feb 01 11:45:12.228107 2026] [php:error] [pid 36543] [client 104.28.203.58:0] script '/domains/braniff/file.php' not found or unable to stat
[Sun Feb 01 11:45:13.702399 2026] [php:error] [pid 36543] [client 104.28.203.58:0] script '/domains/braniff/flower.php' not found or unable to stat
[Sun Feb 01 11:45:20.198813 2026] [php:error] [pid 36559] [client 104.28.203.58:0] script '/domains/braniff/gifclass.php' not found or unable to stat
[Sun Feb 01 11:45:20.495911 2026] [php:error] [pid 36559] [client 104.28.203.58:0] script '/domains/braniff/bless.php' not found or unable to stat
[Sun Feb 01 11:45:21.489901 2026] [php:error] [pid 36559] [client 104.28.203.58:0] script '/domains/braniff/class-t.api.php' not found or unable to stat
[Sun Feb 01 11:45:21.777049 2026] [php:error] [pid 36559] [client 104.28.203.58:0] script '/domains/braniff/blurbs.php' not found or unable to stat
[Sun Feb 01 11:45:21.964468 2026] [php:error] [pid 36559] [client 104.28.203.58:0] script '/domains/braniff/akcc.php' not found or unable to stat
[Sun Feb 01 11:45:22.076167 2026] [php:error] [pid 36559] [client 104.28.203.58:0] script '/domains/braniff/abcd.php' not found or unable to stat
[Sun Feb 01 11:45:23.537871 2026] [php:error] [pid 36559] [client 104.28.203.58:0] script '/domains/braniff/shelp.php' not found or unable to stat
[Sun Feb 01 11:45:29.330354 2026] [php:error] [pid 36541] [client 113.52.133.204:0] script '/domains/fairlane1/newfile.php' not found or unable to stat
[Sun Feb 01 11:45:30.273627 2026] [php:error] [pid 30892] [client 104.28.203.58:0] script '/domains/braniff/cord.php' not found or unable to stat
[Sun Feb 01 11:45:30.940628 2026] [php:error] [pid 30892] [client 104.28.203.58:0] script '/domains/braniff/dex.php' not found or unable to stat
[Sun Feb 01 11:45:31.798076 2026] [php:error] [pid 30892] [client 104.28.203.58:0] script '/domains/braniff/file2.php' not found or unable to stat
[Sun Feb 01 11:45:31.885937 2026] [php:error] [pid 30892] [client 104.28.203.58:0] script '/domains/braniff/zwso.php' not found or unable to stat
[Sun Feb 01 11:45:32.138833 2026] [php:error] [pid 30892] [client 104.28.203.58:0] script '/domains/braniff/bolt.php' not found or unable to stat
[Sun Feb 01 11:45:32.204736 2026] [php:error] [pid 30892] [client 104.28.203.58:0] script '/domains/braniff/shlo.php' not found or unable to stat
[Sun Feb 01 11:45:32.270575 2026] [php:error] [pid 30892] [client 104.28.203.58:0] script '/domains/braniff/133.php' not found or unable to stat
[Sun Feb 01 11:45:32.357756 2026] [php:error] [pid 30892] [client 104.28.203.58:0] script '/domains/braniff/ahax.php' not found or unable to stat
[Sun Feb 01 11:45:32.626460 2026] [php:error] [pid 30892] [client 104.28.203.58:0] script '/domains/braniff/php8.php' not found or unable to stat
[Sun Feb 01 11:45:32.790180 2026] [php:error] [pid 30892] [client 104.28.203.58:0] script '/domains/braniff/lufix1.php' not found or unable to stat
[Sun Feb 01 11:45:33.404620 2026] [php:error] [pid 30892] [client 104.28.203.58:0] script '/domains/braniff/witmm.php' not found or unable to stat
[Sun Feb 01 11:45:39.360527 2026] [php:error] [pid 30892] [client 104.28.203.58:0] script '/domains/braniff/ioxi-o.php' not found or unable to stat
[Sun Feb 01 11:45:39.823468 2026] [php:error] [pid 30892] [client 104.28.203.58:0] script '/domains/braniff/222.php' not found or unable to stat
[Sun Feb 01 11:45:40.721349 2026] [php:error] [pid 30892] [client 104.28.203.58:0] script '/domains/braniff/files.php' not found or unable to stat
[Sun Feb 01 11:45:41.180061 2026] [php:error] [pid 30892] [client 104.28.203.58:0] script '/domains/braniff/wp-editor.php' not found or unable to stat
[Sun Feb 01 11:45:41.442376 2026] [php:error] [pid 30892] [client 104.28.203.58:0] script '/domains/braniff/txets.php' not found or unable to stat
[Sun Feb 01 11:45:42.051314 2026] [php:error] [pid 30892] [client 104.28.203.58:0] script '/domains/braniff/postnews.php' not found or unable to stat
[Sun Feb 01 11:46:43.546450 2026] [php:error] [pid 36566] [client 104.28.203.58:0] script '/domains/deltaele/style.php' not found or unable to stat
[Sun Feb 01 11:46:45.476702 2026] [php:error] [pid 36539] [client 104.28.203.58:0] script '/domains/covertcomic/style.php' not found or unable to stat
[Sun Feb 01 11:46:51.000162 2026] [php:error] [pid 36539] [client 104.28.203.58:0] script '/domains/covertcomic/chosen.php' not found or unable to stat
[Sun Feb 01 11:46:51.125195 2026] [php:error] [pid 36539] [client 104.28.203.58:0] script '/domains/covertcomic/file.php' not found or unable to stat
[Sun Feb 01 11:46:51.238949 2026] [php:error] [pid 36539] [client 104.28.203.58:0] script '/domains/covertcomic/flower.php' not found or unable to stat
[Sun Feb 01 11:46:51.306640 2026] [php:error] [pid 36539] [client 104.28.203.58:0] script '/domains/covertcomic/gifclass.php' not found or unable to stat
[Sun Feb 01 11:46:51.757906 2026] [php:error] [pid 36539] [client 104.28.203.58:0] script '/domains/covertcomic/bless.php' not found or unable to stat
[Sun Feb 01 11:46:51.965710 2026] [php:error] [pid 36539] [client 104.28.203.58:0] script '/domains/covertcomic/class-t.api.php' not found or unable to stat
[Sun Feb 01 11:46:52.203334 2026] [php:error] [pid 36539] [client 104.28.203.58:0] script '/domains/covertcomic/blurbs.php' not found or unable to stat
[Sun Feb 01 11:46:52.340306 2026] [php:error] [pid 36539] [client 104.28.203.58:0] script '/domains/covertcomic/akcc.php' not found or unable to stat
[Sun Feb 01 11:46:52.481554 2026] [php:error] [pid 36539] [client 104.28.203.58:0] script '/domains/covertcomic/abcd.php' not found or unable to stat
[Sun Feb 01 11:46:52.621180 2026] [php:error] [pid 36539] [client 104.28.203.58:0] script '/domains/covertcomic/shelp.php' not found or unable to stat
[Sun Feb 01 11:46:52.957000 2026] [php:error] [pid 36539] [client 104.28.203.58:0] script '/domains/covertcomic/cord.php' not found or unable to stat
[Sun Feb 01 11:46:53.323617 2026] [php:error] [pid 36539] [client 104.28.203.58:0] script '/domains/covertcomic/dex.php' not found or unable to stat
[Sun Feb 01 11:46:54.217410 2026] [php:error] [pid 36539] [client 104.28.203.58:0] script '/domains/covertcomic/file2.php' not found or unable to stat
[Sun Feb 01 11:46:54.304176 2026] [php:error] [pid 36539] [client 104.28.203.58:0] script '/domains/covertcomic/zwso.php' not found or unable to stat
[Sun Feb 01 11:46:54.631284 2026] [php:error] [pid 36539] [client 104.28.203.58:0] script '/domains/covertcomic/bolt.php' not found or unable to stat
[Sun Feb 01 11:46:54.702531 2026] [php:error] [pid 36539] [client 104.28.203.58:0] script '/domains/covertcomic/shlo.php' not found or unable to stat
[Sun Feb 01 11:46:54.810738 2026] [php:error] [pid 36539] [client 104.28.203.58:0] script '/domains/covertcomic/133.php' not found or unable to stat
[Sun Feb 01 11:46:54.972444 2026] [php:error] [pid 36539] [client 104.28.203.58:0] script '/domains/covertcomic/ahax.php' not found or unable to stat
[Sun Feb 01 11:46:55.104475 2026] [php:error] [pid 36539] [client 104.28.203.58:0] script '/domains/covertcomic/php8.php' not found or unable to stat
[Sun Feb 01 11:46:55.372363 2026] [php:error] [pid 36539] [client 104.28.203.58:0] script '/domains/covertcomic/lufix1.php' not found or unable to stat
[Sun Feb 01 11:46:55.445933 2026] [php:error] [pid 36539] [client 104.28.203.58:0] script '/domains/covertcomic/witmm.php' not found or unable to stat
[Sun Feb 01 11:46:56.049986 2026] [php:error] [pid 36539] [client 104.28.203.58:0] script '/domains/covertcomic/ioxi-o.php' not found or unable to stat
[Sun Feb 01 11:46:56.119754 2026] [php:error] [pid 36539] [client 104.28.203.58:0] script '/domains/covertcomic/222.php' not found or unable to stat
[Sun Feb 01 11:46:56.206228 2026] [php:error] [pid 36539] [client 104.28.203.58:0] script '/domains/covertcomic/files.php' not found or unable to stat
[Sun Feb 01 11:46:56.289728 2026] [php:error] [pid 36539] [client 104.28.203.58:0] script '/domains/covertcomic/wp-editor.php' not found or unable to stat
[Sun Feb 01 11:46:56.364898 2026] [php:error] [pid 36539] [client 104.28.203.58:0] script '/domains/covertcomic/txets.php' not found or unable to stat
[Sun Feb 01 11:46:56.734497 2026] [php:error] [pid 36539] [client 104.28.203.58:0] script '/domains/covertcomic/postnews.php' not found or unable to stat
[Sun Feb 01 11:47:15.526795 2026] [php:error] [pid 36574] [client 104.28.203.58:0] script '/domains/miles.interport/style.php' not found or unable to stat
[Sun Feb 01 11:47:17.974146 2026] [php:error] [pid 36571] [client 20.194.29.45:0] script '/domains/druckrey/xmlrpc.php' not found or unable to stat
[Sun Feb 01 11:47:18.154243 2026] [php:error] [pid 36571] [client 20.194.29.45:0] script '/domains/druckrey/wp-trackback.php' not found or unable to stat
[Sun Feb 01 11:47:18.340031 2026] [php:error] [pid 36571] [client 20.194.29.45:0] script '/domains/druckrey/file.php' not found or unable to stat
[Sun Feb 01 11:47:18.520187 2026] [php:error] [pid 36571] [client 20.194.29.45:0] script '/domains/druckrey/rip.php' not found or unable to stat
[Sun Feb 01 11:47:18.701011 2026] [php:error] [pid 36571] [client 20.194.29.45:0] script '/domains/druckrey/autoload_classmap.php' not found or unable to stat
[Sun Feb 01 11:47:18.881861 2026] [php:error] [pid 36571] [client 20.194.29.45:0] script '/domains/druckrey/chosen.php' not found or unable to stat
[Sun Feb 01 11:47:19.071161 2026] [php:error] [pid 36571] [client 20.194.29.45:0] script '/domains/druckrey/classwithtostring.php' not found or unable to stat
[Sun Feb 01 11:47:19.259965 2026] [php:error] [pid 36571] [client 20.194.29.45:0] script '/domains/druckrey/defaults.php' not found or unable to stat
[Sun Feb 01 11:47:19.830477 2026] [php:error] [pid 36571] [client 20.194.29.45:0] script '/domains/druckrey/info.php' not found or unable to stat
[Sun Feb 01 11:47:20.022470 2026] [php:error] [pid 36571] [client 20.194.29.45:0] script '/domains/druckrey/elp.php' not found or unable to stat
[Sun Feb 01 11:47:20.663258 2026] [php:error] [pid 36574] [client 104.28.203.58:0] script '/domains/miles.interport/chosen.php' not found or unable to stat
[Sun Feb 01 11:47:20.936988 2026] [php:error] [pid 36571] [client 20.194.29.45:0] script '/domains/druckrey/adminfuns.php' not found or unable to stat
[Sun Feb 01 11:47:21.088501 2026] [php:error] [pid 36574] [client 104.28.203.58:0] script '/domains/miles.interport/file.php' not found or unable to stat
[Sun Feb 01 11:47:24.974658 2026] [php:error] [pid 36574] [client 104.28.203.58:0] script '/domains/miles.interport/flower.php' not found or unable to stat
[Sun Feb 01 11:47:28.843064 2026] [php:error] [pid 36574] [client 104.28.203.58:0] script '/domains/miles.interport/gifclass.php' not found or unable to stat
[Sun Feb 01 11:48:50.289686 2026] [php:error] [pid 36588] [client 104.28.235.58:0] script '/domains/telacomp/style.php' not found or unable to stat
[Sun Feb 01 11:48:52.197699 2026] [php:error] [pid 36588] [client 104.28.235.58:0] script '/domains/telacomp/chosen.php' not found or unable to stat
[Sun Feb 01 11:48:52.279171 2026] [php:error] [pid 36588] [client 104.28.235.58:0] script '/domains/telacomp/file.php' not found or unable to stat
[Sun Feb 01 11:48:52.375264 2026] [php:error] [pid 36588] [client 104.28.235.58:0] script '/domains/telacomp/flower.php' not found or unable to stat
[Sun Feb 01 11:48:52.484834 2026] [php:error] [pid 36588] [client 104.28.235.58:0] script '/domains/telacomp/gifclass.php' not found or unable to stat
[Sun Feb 01 11:48:52.673336 2026] [php:error] [pid 36588] [client 104.28.235.58:0] script '/domains/telacomp/bless.php' not found or unable to stat
[Sun Feb 01 11:48:52.853996 2026] [php:error] [pid 36588] [client 104.28.235.58:0] script '/domains/telacomp/class-t.api.php' not found or unable to stat
[Sun Feb 01 11:48:52.936834 2026] [php:error] [pid 36588] [client 104.28.235.58:0] script '/domains/telacomp/blurbs.php' not found or unable to stat
[Sun Feb 01 11:48:53.331479 2026] [php:error] [pid 36588] [client 104.28.235.58:0] script '/domains/telacomp/akcc.php' not found or unable to stat
[Sun Feb 01 11:48:53.418695 2026] [php:error] [pid 36588] [client 104.28.235.58:0] script '/domains/telacomp/abcd.php' not found or unable to stat
[Sun Feb 01 11:48:53.522877 2026] [php:error] [pid 36588] [client 104.28.235.58:0] script '/domains/telacomp/shelp.php' not found or unable to stat
[Sun Feb 01 11:48:53.723947 2026] [php:error] [pid 36588] [client 104.28.235.58:0] script '/domains/telacomp/cord.php' not found or unable to stat
[Sun Feb 01 11:48:53.905382 2026] [php:error] [pid 36588] [client 104.28.235.58:0] script '/domains/telacomp/dex.php' not found or unable to stat
[Sun Feb 01 11:48:54.344766 2026] [php:error] [pid 36588] [client 104.28.235.58:0] script '/domains/telacomp/file2.php' not found or unable to stat
[Sun Feb 01 11:48:54.465724 2026] [php:error] [pid 36588] [client 104.28.235.58:0] script '/domains/telacomp/zwso.php' not found or unable to stat
[Sun Feb 01 11:48:54.862357 2026] [php:error] [pid 36578] [client 104.28.203.58:0] script '/domains/acagolf1/style.php' not found or unable to stat
[Sun Feb 01 11:48:55.043753 2026] [php:error] [pid 36588] [client 104.28.235.58:0] script '/domains/telacomp/bolt.php' not found or unable to stat
[Sun Feb 01 11:48:55.190756 2026] [php:error] [pid 36588] [client 104.28.235.58:0] script '/domains/telacomp/shlo.php' not found or unable to stat
[Sun Feb 01 11:48:55.582536 2026] [php:error] [pid 36588] [client 104.28.235.58:0] script '/domains/telacomp/133.php' not found or unable to stat
[Sun Feb 01 11:48:55.823591 2026] [php:error] [pid 36588] [client 104.28.235.58:0] script '/domains/telacomp/ahax.php' not found or unable to stat
[Sun Feb 01 11:48:55.893530 2026] [php:error] [pid 36588] [client 104.28.235.58:0] script '/domains/telacomp/php8.php' not found or unable to stat
[Sun Feb 01 11:48:56.098391 2026] [php:error] [pid 36588] [client 104.28.235.58:0] script '/domains/telacomp/lufix1.php' not found or unable to stat
[Sun Feb 01 11:48:56.216232 2026] [php:error] [pid 36578] [client 104.28.203.58:0] script '/domains/acagolf1/chosen.php' not found or unable to stat
[Sun Feb 01 11:48:56.364161 2026] [php:error] [pid 36578] [client 104.28.203.58:0] script '/domains/acagolf1/file.php' not found or unable to stat
[Sun Feb 01 11:48:56.411534 2026] [php:error] [pid 36588] [client 104.28.235.58:0] script '/domains/telacomp/witmm.php' not found or unable to stat
[Sun Feb 01 11:48:56.806701 2026] [php:error] [pid 36578] [client 104.28.203.58:0] script '/domains/acagolf1/flower.php' not found or unable to stat
[Sun Feb 01 11:48:57.018781 2026] [php:error] [pid 36578] [client 104.28.203.58:0] script '/domains/acagolf1/gifclass.php' not found or unable to stat
[Sun Feb 01 11:48:57.414039 2026] [php:error] [pid 36588] [client 104.28.235.58:0] script '/domains/telacomp/ioxi-o.php' not found or unable to stat
[Sun Feb 01 11:48:57.479396 2026] [php:error] [pid 36578] [client 104.28.203.58:0] script '/domains/acagolf1/bless.php' not found or unable to stat
[Sun Feb 01 11:48:58.188021 2026] [php:error] [pid 36588] [client 104.28.235.58:0] script '/domains/telacomp/222.php' not found or unable to stat
[Sun Feb 01 11:48:58.381879 2026] [php:error] [pid 36578] [client 104.28.203.58:0] script '/domains/acagolf1/class-t.api.php' not found or unable to stat
[Sun Feb 01 11:48:58.845461 2026] [php:error] [pid 36588] [client 104.28.235.58:0] script '/domains/telacomp/files.php' not found or unable to stat
[Sun Feb 01 11:48:58.890662 2026] [php:error] [pid 36578] [client 104.28.203.58:0] script '/domains/acagolf1/blurbs.php' not found or unable to stat
[Sun Feb 01 11:48:59.293429 2026] [php:error] [pid 36588] [client 104.28.235.58:0] script '/domains/telacomp/wp-editor.php' not found or unable to stat
[Sun Feb 01 11:48:59.318456 2026] [php:error] [pid 36578] [client 104.28.203.58:0] script '/domains/acagolf1/akcc.php' not found or unable to stat
[Sun Feb 01 11:48:59.463614 2026] [php:error] [pid 36588] [client 104.28.235.58:0] script '/domains/telacomp/txets.php' not found or unable to stat
[Sun Feb 01 11:48:59.490460 2026] [php:error] [pid 36578] [client 104.28.203.58:0] script '/domains/acagolf1/abcd.php' not found or unable to stat
[Sun Feb 01 11:49:04.945024 2026] [php:error] [pid 36566] [client 104.28.203.58:0] script '/domains/acagolf1/shelp.php' not found or unable to stat
[Sun Feb 01 11:49:06.962758 2026] [php:error] [pid 36566] [client 104.28.203.58:0] script '/domains/acagolf1/cord.php' not found or unable to stat
[Sun Feb 01 11:49:07.713292 2026] [php:error] [pid 36581] [client 104.28.235.58:0] script '/domains/telacomp/postnews.php' not found or unable to stat
[Sun Feb 01 11:49:07.885995 2026] [php:error] [pid 36566] [client 104.28.203.58:0] script '/domains/acagolf1/dex.php' not found or unable to stat
[Sun Feb 01 11:49:08.298280 2026] [php:error] [pid 36566] [client 104.28.203.58:0] script '/domains/acagolf1/file2.php' not found or unable to stat
[Sun Feb 01 11:49:08.595183 2026] [php:error] [pid 36566] [client 104.28.203.58:0] script '/domains/acagolf1/zwso.php' not found or unable to stat
[Sun Feb 01 11:49:10.051259 2026] [php:error] [pid 36587] [client 20.63.209.182:0] script '/domains/fryer/about.php' not found or unable to stat
[Sun Feb 01 11:49:10.218096 2026] [php:error] [pid 36587] [client 20.63.209.182:0] script '/domains/fryer/admin.php' not found or unable to stat
[Sun Feb 01 11:49:10.552605 2026] [php:error] [pid 36587] [client 20.63.209.182:0] script '/domains/fryer/class-t.api.php' not found or unable to stat
[Sun Feb 01 11:49:10.720077 2026] [php:error] [pid 36587] [client 20.63.209.182:0] script '/domains/fryer/goods.php' not found or unable to stat
[Sun Feb 01 11:49:10.901121 2026] [php:error] [pid 36587] [client 20.63.209.182:0] script '/domains/fryer/ioxi-o.php' not found or unable to stat
[Sun Feb 01 11:49:11.068049 2026] [php:error] [pid 36587] [client 20.63.209.182:0] script '/domains/fryer/rip.php' not found or unable to stat
[Sun Feb 01 11:49:11.241752 2026] [php:error] [pid 36587] [client 20.63.209.182:0] script '/domains/fryer/adminfuns.php' not found or unable to stat
[Sun Feb 01 11:49:11.412608 2026] [php:error] [pid 36587] [client 20.63.209.182:0] script '/domains/fryer/file.php' not found or unable to stat
[Sun Feb 01 11:49:11.497667 2026] [php:error] [pid 36566] [client 104.28.203.58:0] script '/domains/acagolf1/bolt.php' not found or unable to stat
[Sun Feb 01 11:49:11.678622 2026] [php:error] [pid 36566] [client 104.28.203.58:0] script '/domains/acagolf1/shlo.php' not found or unable to stat
[Sun Feb 01 11:49:11.792295 2026] [php:error] [pid 36566] [client 104.28.203.58:0] script '/domains/acagolf1/133.php' not found or unable to stat
[Sun Feb 01 11:49:11.930693 2026] [php:error] [pid 36566] [client 104.28.203.58:0] script '/domains/acagolf1/ahax.php' not found or unable to stat
[Sun Feb 01 11:49:12.026072 2026] [php:error] [pid 36566] [client 104.28.203.58:0] script '/domains/acagolf1/php8.php' not found or unable to stat
[Sun Feb 01 11:49:12.154437 2026] [php:error] [pid 36566] [client 104.28.203.58:0] script '/domains/acagolf1/lufix1.php' not found or unable to stat
[Sun Feb 01 11:49:12.364678 2026] [php:error] [pid 36566] [client 104.28.203.58:0] script '/domains/acagolf1/witmm.php' not found or unable to stat
[Sun Feb 01 11:49:12.590759 2026] [php:error] [pid 36587] [client 20.63.209.182:0] script '/domains/fryer/wp-good.php' not found or unable to stat
[Sun Feb 01 11:49:16.882835 2026] [php:error] [pid 36566] [client 104.28.203.58:0] script '/domains/acagolf1/ioxi-o.php' not found or unable to stat
[Sun Feb 01 11:49:17.171191 2026] [php:error] [pid 36566] [client 104.28.203.58:0] script '/domains/acagolf1/222.php' not found or unable to stat
[Sun Feb 01 11:49:17.280468 2026] [php:error] [pid 36566] [client 104.28.203.58:0] script '/domains/acagolf1/files.php' not found or unable to stat
[Sun Feb 01 11:49:17.508478 2026] [php:error] [pid 36566] [client 104.28.203.58:0] script '/domains/acagolf1/wp-editor.php' not found or unable to stat
[Sun Feb 01 11:49:18.197316 2026] [php:error] [pid 36566] [client 104.28.203.58:0] script '/domains/acagolf1/txets.php' not found or unable to stat
[Sun Feb 01 11:49:23.452928 2026] [php:error] [pid 36566] [client 104.28.203.58:0] script '/domains/acagolf1/postnews.php' not found or unable to stat
[Sun Feb 01 11:51:10.112665 2026] [php:error] [pid 36615] [client 104.28.235.58:0] script '/domains/domilici/style.php' not found or unable to stat
[Sun Feb 01 11:51:11.451332 2026] [php:error] [pid 36615] [client 104.28.235.58:0] script '/domains/domilici/chosen.php' not found or unable to stat
[Sun Feb 01 11:51:11.620177 2026] [php:error] [pid 36615] [client 104.28.235.58:0] script '/domains/domilici/file.php' not found or unable to stat
[Sun Feb 01 11:51:12.350381 2026] [php:error] [pid 36615] [client 104.28.235.58:0] script '/domains/domilici/flower.php' not found or unable to stat
[Sun Feb 01 11:51:12.638433 2026] [php:error] [pid 36615] [client 104.28.235.58:0] script '/domains/domilici/gifclass.php' not found or unable to stat
[Sun Feb 01 11:51:12.894616 2026] [php:error] [pid 36615] [client 104.28.235.58:0] script '/domains/domilici/bless.php' not found or unable to stat
[Sun Feb 01 11:51:13.403394 2026] [php:error] [pid 36615] [client 104.28.235.58:0] script '/domains/domilici/class-t.api.php' not found or unable to stat
[Sun Feb 01 11:51:13.508066 2026] [php:error] [pid 36615] [client 104.28.235.58:0] script '/domains/domilici/blurbs.php' not found or unable to stat
[Sun Feb 01 11:51:13.593803 2026] [php:error] [pid 36615] [client 104.28.235.58:0] script '/domains/domilici/akcc.php' not found or unable to stat
[Sun Feb 01 11:51:13.679950 2026] [php:error] [pid 36615] [client 104.28.235.58:0] script '/domains/domilici/abcd.php' not found or unable to stat
[Sun Feb 01 11:51:13.801321 2026] [php:error] [pid 36615] [client 104.28.235.58:0] script '/domains/domilici/shelp.php' not found or unable to stat
[Sun Feb 01 11:51:13.974643 2026] [php:error] [pid 36615] [client 104.28.235.58:0] script '/domains/domilici/cord.php' not found or unable to stat
[Sun Feb 01 11:51:14.295796 2026] [php:error] [pid 36615] [client 104.28.235.58:0] script '/domains/domilici/dex.php' not found or unable to stat
[Sun Feb 01 11:51:15.609697 2026] [php:error] [pid 36615] [client 104.28.235.58:0] script '/domains/domilici/file2.php' not found or unable to stat
[Sun Feb 01 11:51:16.093970 2026] [php:error] [pid 36615] [client 104.28.235.58:0] script '/domains/domilici/zwso.php' not found or unable to stat
[Sun Feb 01 11:51:17.445548 2026] [php:error] [pid 36615] [client 104.28.235.58:0] script '/domains/domilici/bolt.php' not found or unable to stat
[Sun Feb 01 11:51:17.550701 2026] [php:error] [pid 36615] [client 104.28.235.58:0] script '/domains/domilici/shlo.php' not found or unable to stat
[Sun Feb 01 11:51:17.847320 2026] [php:error] [pid 36615] [client 104.28.235.58:0] script '/domains/domilici/133.php' not found or unable to stat
[Sun Feb 01 11:51:17.983325 2026] [php:error] [pid 36615] [client 104.28.235.58:0] script '/domains/domilici/ahax.php' not found or unable to stat
[Sun Feb 01 11:51:18.296556 2026] [php:error] [pid 36615] [client 104.28.235.58:0] script '/domains/domilici/php8.php' not found or unable to stat
[Sun Feb 01 11:51:18.398725 2026] [php:error] [pid 36615] [client 104.28.235.58:0] script '/domains/domilici/lufix1.php' not found or unable to stat
[Sun Feb 01 11:51:18.541129 2026] [php:error] [pid 36615] [client 104.28.235.58:0] script '/domains/domilici/witmm.php' not found or unable to stat
[Sun Feb 01 11:51:19.886429 2026] [php:error] [pid 36615] [client 104.28.235.58:0] script '/domains/domilici/ioxi-o.php' not found or unable to stat
[Sun Feb 01 11:51:20.203111 2026] [php:error] [pid 36615] [client 104.28.235.58:0] script '/domains/domilici/222.php' not found or unable to stat
[Sun Feb 01 11:51:20.381123 2026] [php:error] [pid 36615] [client 104.28.235.58:0] script '/domains/domilici/files.php' not found or unable to stat
[Sun Feb 01 11:51:20.719735 2026] [php:error] [pid 36615] [client 104.28.235.58:0] script '/domains/domilici/wp-editor.php' not found or unable to stat
[Sun Feb 01 11:51:20.814347 2026] [php:error] [pid 36615] [client 104.28.235.58:0] script '/domains/domilici/txets.php' not found or unable to stat
[Sun Feb 01 11:51:21.453441 2026] [php:error] [pid 36615] [client 104.28.235.58:0] script '/domains/domilici/postnews.php' not found or unable to stat
[Sun Feb 01 11:51:48.867728 2026] [php:error] [pid 36619] [client 104.28.203.58:0] script '/domains/byardrealestate/style.php' not found or unable to stat
[Sun Feb 01 11:51:49.303071 2026] [php:error] [pid 36619] [client 104.28.203.58:0] script '/domains/byardrealestate/chosen.php' not found or unable to stat
[Sun Feb 01 11:51:49.374647 2026] [php:error] [pid 36619] [client 104.28.203.58:0] script '/domains/byardrealestate/file.php' not found or unable to stat
[Sun Feb 01 11:51:49.451746 2026] [php:error] [pid 36619] [client 104.28.203.58:0] script '/domains/byardrealestate/flower.php' not found or unable to stat
[Sun Feb 01 11:51:49.555183 2026] [php:error] [pid 36619] [client 104.28.203.58:0] script '/domains/byardrealestate/gifclass.php' not found or unable to stat
[Sun Feb 01 11:51:49.653716 2026] [php:error] [pid 36619] [client 104.28.203.58:0] script '/domains/byardrealestate/bless.php' not found or unable to stat
[Sun Feb 01 11:51:49.785585 2026] [php:error] [pid 36619] [client 104.28.203.58:0] script '/domains/byardrealestate/class-t.api.php' not found or unable to stat
[Sun Feb 01 11:51:49.853650 2026] [php:error] [pid 36619] [client 104.28.203.58:0] script '/domains/byardrealestate/blurbs.php' not found or unable to stat
[Sun Feb 01 11:51:49.922099 2026] [php:error] [pid 36619] [client 104.28.203.58:0] script '/domains/byardrealestate/akcc.php' not found or unable to stat
[Sun Feb 01 11:51:49.992956 2026] [php:error] [pid 36619] [client 104.28.203.58:0] script '/domains/byardrealestate/abcd.php' not found or unable to stat
[Sun Feb 01 11:51:50.076001 2026] [php:error] [pid 36619] [client 104.28.203.58:0] script '/domains/byardrealestate/shelp.php' not found or unable to stat
[Sun Feb 01 11:51:50.287113 2026] [php:error] [pid 36619] [client 104.28.203.58:0] script '/domains/byardrealestate/cord.php' not found or unable to stat
[Sun Feb 01 11:51:50.397826 2026] [php:error] [pid 36619] [client 104.28.203.58:0] script '/domains/byardrealestate/dex.php' not found or unable to stat
[Sun Feb 01 11:51:50.553604 2026] [php:error] [pid 36619] [client 104.28.203.58:0] script '/domains/byardrealestate/file2.php' not found or unable to stat
[Sun Feb 01 11:51:50.621202 2026] [php:error] [pid 36619] [client 104.28.203.58:0] script '/domains/byardrealestate/zwso.php' not found or unable to stat
[Sun Feb 01 11:51:50.877596 2026] [php:error] [pid 36619] [client 104.28.203.58:0] script '/domains/byardrealestate/bolt.php' not found or unable to stat
[Sun Feb 01 11:51:50.945547 2026] [php:error] [pid 36619] [client 104.28.203.58:0] script '/domains/byardrealestate/shlo.php' not found or unable to stat
[Sun Feb 01 11:51:51.013292 2026] [php:error] [pid 36619] [client 104.28.203.58:0] script '/domains/byardrealestate/133.php' not found or unable to stat
