[Sun Feb 01 12:50:22.183326 2026] [php:error] [pid 48700] [client 40.69.27.251:0] script '/domains/rfisher.dnai/wp-good.php' not found or unable to stat
[Sun Feb 01 12:50:22.262059 2026] [php:error] [pid 48700] [client 40.69.27.251:0] script '/domains/rfisher.dnai/bless11.php' not found or unable to stat
[Sun Feb 01 12:50:22.415853 2026] [php:error] [pid 48700] [client 40.69.27.251:0] script '/domains/rfisher.dnai/init.php' not found or unable to stat
[Sun Feb 01 12:50:22.661059 2026] [php:error] [pid 48700] [client 40.69.27.251:0] script '/domains/rfisher.dnai/k.php' not found or unable to stat
[Sun Feb 01 12:50:22.830305 2026] [php:error] [pid 48700] [client 40.69.27.251:0] script '/domains/rfisher.dnai/bless.php' not found or unable to stat
[Sun Feb 01 12:50:22.908641 2026] [php:error] [pid 48700] [client 40.69.27.251:0] script '/domains/rfisher.dnai/X7x.php' not found or unable to stat
[Sun Feb 01 12:50:23.119533 2026] [php:error] [pid 48700] [client 40.69.27.251:0] script '/domains/rfisher.dnai/166.php' not found or unable to stat
[Sun Feb 01 12:50:23.195245 2026] [php:error] [pid 48700] [client 40.69.27.251:0] script '/domains/rfisher.dnai/plss3.php' not found or unable to stat
[Sun Feb 01 12:50:23.474574 2026] [php:error] [pid 48700] [client 40.69.27.251:0] script '/domains/rfisher.dnai/temp.php' not found or unable to stat
[Sun Feb 01 12:50:23.573782 2026] [php:error] [pid 48700] [client 40.69.27.251:0] script '/domains/rfisher.dnai/admins.php' not found or unable to stat
[Sun Feb 01 12:50:23.648324 2026] [php:error] [pid 48700] [client 40.69.27.251:0] script '/domains/rfisher.dnai/wp.php' not found or unable to stat
[Sun Feb 01 12:50:23.750343 2026] [php:error] [pid 48700] [client 40.69.27.251:0] script '/domains/rfisher.dnai/main.php' not found or unable to stat
[Sun Feb 01 12:50:23.867299 2026] [php:error] [pid 48700] [client 40.69.27.251:0] script '/domains/rfisher.dnai/a1.php' not found or unable to stat
[Sun Feb 01 12:50:24.040210 2026] [php:error] [pid 48700] [client 40.69.27.251:0] script '/domains/rfisher.dnai/lala.php' not found or unable to stat
[Sun Feb 01 12:50:24.179588 2026] [php:error] [pid 48700] [client 40.69.27.251:0] script '/domains/rfisher.dnai/aaa.php' not found or unable to stat
[Sun Feb 01 12:50:24.376793 2026] [php:error] [pid 48700] [client 40.69.27.251:0] script '/domains/rfisher.dnai/a2.php' not found or unable to stat
[Sun Feb 01 12:50:24.778130 2026] [php:error] [pid 48700] [client 40.69.27.251:0] script '/domains/rfisher.dnai/nyan.php' not found or unable to stat
[Sun Feb 01 12:50:24.939801 2026] [php:error] [pid 48700] [client 40.69.27.251:0] script '/domains/rfisher.dnai/PWN.php' not found or unable to stat
[Sun Feb 01 12:50:25.015512 2026] [php:error] [pid 48700] [client 40.69.27.251:0] script '/domains/rfisher.dnai/jsond.php' not found or unable to stat
[Sun Feb 01 12:50:25.210210 2026] [php:error] [pid 48700] [client 40.69.27.251:0] script '/domains/rfisher.dnai/ws44.php' not found or unable to stat
[Sun Feb 01 12:50:25.285834 2026] [php:error] [pid 48700] [client 40.69.27.251:0] script '/domains/rfisher.dnai/ws48.php' not found or unable to stat
[Sun Feb 01 12:50:33.283419 2026] [php:error] [pid 48699] [client 104.28.235.58:0] script '/domains/piltdweb1/style.php' not found or unable to stat
[Sun Feb 01 12:50:48.930009 2026] [php:error] [pid 48714] [client 216.244.66.232:0] script '/domains/hdickens.enteract/kmnj.php' not found or unable to stat
[Sun Feb 01 12:50:53.331613 2026] [php:error] [pid 48658] [client 216.244.66.232:0] script '/domains/hdickens.enteract/kmnj.php' not found or unable to stat
[Sun Feb 01 12:50:54.852762 2026] [core:error] [pid 48681] [client 103.66.218.196:0] AH10244: invalid URI path (/cgi-bin/.%2e/.%2e/.%2e/.%2e/.%2e/.%2e/.%2e/.%2e/.%2e/.%2e/bin/sh)
[Sun Feb 01 12:50:57.053861 2026] [php:error] [pid 48709] [client 216.244.66.232:0] script '/domains/hdickens.enteract/kmnj.php' not found or unable to stat
[Sun Feb 01 12:50:57.531750 2026] [core:error] [pid 48681] [client 103.66.218.196:0] AH10244: invalid URI path (/cgi-bin/%%32%65%%32%65/%%32%65%%32%65/%%32%65%%32%65/%%32%65%%32%65/%%32%65%%32%65/%%32%65%%32%65/%%32%65%%32%65/bin/sh)
[Sun Feb 01 12:50:58.101831 2026] [php:error] [pid 48658] [client 104.28.203.58:0] script '/domains/piltdweb1/chosen.php' not found or unable to stat
[Sun Feb 01 12:50:59.450341 2026] [php:error] [pid 48658] [client 104.28.203.58:0] script '/domains/piltdweb1/file.php' not found or unable to stat
[Sun Feb 01 12:51:00.203517 2026] [php:error] [pid 48709] [client 216.244.66.232:0] script '/domains/hdickens.enteract/kmnj.php' not found or unable to stat
[Sun Feb 01 12:51:02.272639 2026] [php:error] [pid 48658] [client 104.28.203.58:0] script '/domains/piltdweb1/flower.php' not found or unable to stat
[Sun Feb 01 12:51:02.907100 2026] [php:error] [pid 48681] [client 216.244.66.232:0] script '/domains/hdickens.enteract/kmnj.php' not found or unable to stat
[Sun Feb 01 12:51:03.647377 2026] [php:error] [pid 48658] [client 104.28.203.58:0] script '/domains/piltdweb1/gifclass.php' not found or unable to stat
[Sun Feb 01 12:51:04.740815 2026] [php:error] [pid 48658] [client 104.28.203.58:0] script '/domains/piltdweb1/bless.php' not found or unable to stat
[Sun Feb 01 12:51:05.966846 2026] [php:error] [pid 48658] [client 104.28.203.58:0] script '/domains/piltdweb1/class-t.api.php' not found or unable to stat
[Sun Feb 01 12:51:07.166631 2026] [php:error] [pid 48658] [client 104.28.203.58:0] script '/domains/piltdweb1/blurbs.php' not found or unable to stat
[Sun Feb 01 12:51:07.507733 2026] [php:error] [pid 48658] [client 104.28.203.58:0] script '/domains/piltdweb1/akcc.php' not found or unable to stat
[Sun Feb 01 12:51:08.254898 2026] [php:error] [pid 48658] [client 104.28.203.58:0] script '/domains/piltdweb1/abcd.php' not found or unable to stat
[Sun Feb 01 12:51:09.554950 2026] [php:error] [pid 48658] [client 104.28.203.58:0] script '/domains/piltdweb1/shelp.php' not found or unable to stat
[Sun Feb 01 12:51:09.693074 2026] [php:error] [pid 48658] [client 104.28.203.58:0] script '/domains/piltdweb1/cord.php' not found or unable to stat
[Sun Feb 01 12:51:10.896081 2026] [php:error] [pid 48658] [client 104.28.203.58:0] script '/domains/piltdweb1/dex.php' not found or unable to stat
[Sun Feb 01 12:51:11.332130 2026] [php:error] [pid 48658] [client 104.28.203.58:0] script '/domains/piltdweb1/file2.php' not found or unable to stat
[Sun Feb 01 12:51:12.169268 2026] [php:error] [pid 48658] [client 104.28.203.58:0] script '/domains/piltdweb1/zwso.php' not found or unable to stat
[Sun Feb 01 12:51:16.441923 2026] [php:error] [pid 48658] [client 104.28.203.58:0] script '/domains/piltdweb1/bolt.php' not found or unable to stat
[Sun Feb 01 12:51:16.557950 2026] [php:error] [pid 48658] [client 104.28.203.58:0] script '/domains/piltdweb1/shlo.php' not found or unable to stat
[Sun Feb 01 12:51:16.625818 2026] [php:error] [pid 48658] [client 104.28.203.58:0] script '/domains/piltdweb1/133.php' not found or unable to stat
[Sun Feb 01 12:51:16.900650 2026] [php:error] [pid 48658] [client 104.28.203.58:0] script '/domains/piltdweb1/ahax.php' not found or unable to stat
[Sun Feb 01 12:51:18.367499 2026] [php:error] [pid 48658] [client 104.28.203.58:0] script '/domains/piltdweb1/php8.php' not found or unable to stat
[Sun Feb 01 12:51:22.136367 2026] [php:error] [pid 48658] [client 104.28.203.58:0] script '/domains/piltdweb1/lufix1.php' not found or unable to stat
[Sun Feb 01 12:51:22.474193 2026] [php:error] [pid 48658] [client 104.28.203.58:0] script '/domains/piltdweb1/witmm.php' not found or unable to stat
[Sun Feb 01 12:51:23.159066 2026] [php:error] [pid 48658] [client 104.28.203.58:0] script '/domains/piltdweb1/ioxi-o.php' not found or unable to stat
[Sun Feb 01 12:51:23.526258 2026] [php:error] [pid 48658] [client 104.28.203.58:0] script '/domains/piltdweb1/222.php' not found or unable to stat
[Sun Feb 01 12:51:28.461067 2026] [php:error] [pid 48658] [client 104.28.203.58:0] script '/domains/piltdweb1/files.php' not found or unable to stat
[Sun Feb 01 12:51:34.494079 2026] [php:error] [pid 48717] [client 104.28.203.58:0] script '/domains/piltdweb1/wp-editor.php' not found or unable to stat
[Sun Feb 01 12:51:35.632878 2026] [php:error] [pid 48717] [client 104.28.203.58:0] script '/domains/piltdweb1/txets.php' not found or unable to stat
[Sun Feb 01 12:51:50.555968 2026] [php:error] [pid 48658] [client 104.28.203.58:0] script '/domains/piltdweb1/postnews.php' not found or unable to stat
[Sun Feb 01 12:51:53.475367 2026] [php:error] [pid 48710] [client 103.66.218.196:0] script '/domains/system_default/index.php' not found or unable to stat
[Sun Feb 01 12:51:57.698594 2026] [php:error] [pid 48710] [client 103.66.218.196:0] script '/domains/system_default/index.php' not found or unable to stat
[Sun Feb 01 12:51:59.784746 2026] [php:error] [pid 48710] [client 103.66.218.196:0] script '/domains/system_default/index.php' not found or unable to stat
[Sun Feb 01 12:52:13.412519 2026] [php:error] [pid 48717] [client 104.28.235.58:0] script '/domains/bburke/style.php' not found or unable to stat
[Sun Feb 01 12:52:13.506634 2026] [php:error] [pid 48681] [client 104.28.203.58:0] script '/domains/bburke/style.php' not found or unable to stat
[Sun Feb 01 12:52:14.112709 2026] [php:error] [pid 48717] [client 104.28.235.58:0] script '/domains/bburke/chosen.php' not found or unable to stat
[Sun Feb 01 12:52:14.248697 2026] [php:error] [pid 48717] [client 104.28.235.58:0] script '/domains/bburke/file.php' not found or unable to stat
[Sun Feb 01 12:52:14.364572 2026] [php:error] [pid 48717] [client 104.28.235.58:0] script '/domains/bburke/flower.php' not found or unable to stat
[Sun Feb 01 12:52:14.400252 2026] [php:error] [pid 48681] [client 104.28.203.58:0] script '/domains/bburke/chosen.php' not found or unable to stat
[Sun Feb 01 12:52:14.450813 2026] [php:error] [pid 48717] [client 104.28.235.58:0] script '/domains/bburke/gifclass.php' not found or unable to stat
[Sun Feb 01 12:52:14.627346 2026] [php:error] [pid 48717] [client 104.28.235.58:0] script '/domains/bburke/bless.php' not found or unable to stat
[Sun Feb 01 12:52:14.631729 2026] [php:error] [pid 48681] [client 104.28.203.58:0] script '/domains/bburke/file.php' not found or unable to stat
[Sun Feb 01 12:52:14.740621 2026] [php:error] [pid 48717] [client 104.28.235.58:0] script '/domains/bburke/class-t.api.php' not found or unable to stat
[Sun Feb 01 12:52:14.759502 2026] [php:error] [pid 48681] [client 104.28.203.58:0] script '/domains/bburke/flower.php' not found or unable to stat
[Sun Feb 01 12:52:14.849626 2026] [php:error] [pid 48717] [client 104.28.235.58:0] script '/domains/bburke/blurbs.php' not found or unable to stat
[Sun Feb 01 12:52:14.995496 2026] [php:error] [pid 48717] [client 104.28.235.58:0] script '/domains/bburke/akcc.php' not found or unable to stat
[Sun Feb 01 12:52:15.674893 2026] [php:error] [pid 48717] [client 104.28.235.58:0] script '/domains/bburke/abcd.php' not found or unable to stat
[Sun Feb 01 12:52:15.675196 2026] [php:error] [pid 48681] [client 104.28.203.58:0] script '/domains/bburke/gifclass.php' not found or unable to stat
[Sun Feb 01 12:52:15.760460 2026] [php:error] [pid 48681] [client 104.28.203.58:0] script '/domains/bburke/bless.php' not found or unable to stat
[Sun Feb 01 12:52:15.760682 2026] [php:error] [pid 48717] [client 104.28.235.58:0] script '/domains/bburke/shelp.php' not found or unable to stat
[Sun Feb 01 12:52:16.003947 2026] [php:error] [pid 48681] [client 104.28.203.58:0] script '/domains/bburke/class-t.api.php' not found or unable to stat
[Sun Feb 01 12:52:16.004506 2026] [php:error] [pid 48717] [client 104.28.235.58:0] script '/domains/bburke/cord.php' not found or unable to stat
[Sun Feb 01 12:52:16.389799 2026] [php:error] [pid 48681] [client 104.28.203.58:0] script '/domains/bburke/blurbs.php' not found or unable to stat
[Sun Feb 01 12:52:16.390087 2026] [php:error] [pid 48717] [client 104.28.235.58:0] script '/domains/bburke/dex.php' not found or unable to stat
[Sun Feb 01 12:52:16.543792 2026] [php:error] [pid 48681] [client 104.28.203.58:0] script '/domains/bburke/akcc.php' not found or unable to stat
[Sun Feb 01 12:52:16.861569 2026] [php:error] [pid 48681] [client 104.28.203.58:0] script '/domains/bburke/abcd.php' not found or unable to stat
[Sun Feb 01 12:52:18.025617 2026] [php:error] [pid 48681] [client 104.28.203.58:0] script '/domains/bburke/shelp.php' not found or unable to stat
[Sun Feb 01 12:52:18.048320 2026] [php:error] [pid 48717] [client 104.28.235.58:0] script '/domains/bburke/file2.php' not found or unable to stat
[Sun Feb 01 12:52:18.103367 2026] [php:error] [pid 48681] [client 104.28.203.58:0] script '/domains/bburke/cord.php' not found or unable to stat
[Sun Feb 01 12:52:18.735843 2026] [php:error] [pid 48717] [client 104.28.235.58:0] script '/domains/bburke/zwso.php' not found or unable to stat
[Sun Feb 01 12:52:18.742411 2026] [php:error] [pid 48681] [client 104.28.203.58:0] script '/domains/bburke/dex.php' not found or unable to stat
[Sun Feb 01 12:52:19.648415 2026] [php:error] [pid 48681] [client 104.28.203.58:0] script '/domains/bburke/file2.php' not found or unable to stat
[Sun Feb 01 12:52:19.818514 2026] [php:error] [pid 48681] [client 104.28.203.58:0] script '/domains/bburke/zwso.php' not found or unable to stat
[Sun Feb 01 12:52:19.818697 2026] [php:error] [pid 48717] [client 104.28.235.58:0] script '/domains/bburke/bolt.php' not found or unable to stat
[Sun Feb 01 12:52:19.947507 2026] [php:error] [pid 48717] [client 104.28.235.58:0] script '/domains/bburke/shlo.php' not found or unable to stat
[Sun Feb 01 12:52:20.088477 2026] [php:error] [pid 48717] [client 104.28.235.58:0] script '/domains/bburke/133.php' not found or unable to stat
[Sun Feb 01 12:52:20.384730 2026] [php:error] [pid 48681] [client 104.28.203.58:0] script '/domains/bburke/bolt.php' not found or unable to stat
[Sun Feb 01 12:52:20.385055 2026] [php:error] [pid 48717] [client 104.28.235.58:0] script '/domains/bburke/ahax.php' not found or unable to stat
[Sun Feb 01 12:52:20.471370 2026] [php:error] [pid 48717] [client 104.28.235.58:0] script '/domains/bburke/php8.php' not found or unable to stat
[Sun Feb 01 12:52:20.550301 2026] [php:error] [pid 48717] [client 104.28.235.58:0] script '/domains/bburke/lufix1.php' not found or unable to stat
[Sun Feb 01 12:52:20.569358 2026] [php:error] [pid 48681] [client 104.28.203.58:0] script '/domains/bburke/shlo.php' not found or unable to stat
[Sun Feb 01 12:52:20.629496 2026] [php:error] [pid 48717] [client 104.28.235.58:0] script '/domains/bburke/witmm.php' not found or unable to stat
[Sun Feb 01 12:52:20.643997 2026] [php:error] [pid 48681] [client 104.28.203.58:0] script '/domains/bburke/133.php' not found or unable to stat
[Sun Feb 01 12:52:21.091985 2026] [php:error] [pid 48681] [client 104.28.203.58:0] script '/domains/bburke/ahax.php' not found or unable to stat
[Sun Feb 01 12:52:21.168017 2026] [php:error] [pid 48681] [client 104.28.203.58:0] script '/domains/bburke/php8.php' not found or unable to stat
[Sun Feb 01 12:52:21.297255 2026] [php:error] [pid 48681] [client 104.28.203.58:0] script '/domains/bburke/lufix1.php' not found or unable to stat
[Sun Feb 01 12:52:21.317707 2026] [php:error] [pid 48717] [client 104.28.235.58:0] script '/domains/bburke/ioxi-o.php' not found or unable to stat
[Sun Feb 01 12:52:21.363705 2026] [php:error] [pid 48681] [client 104.28.203.58:0] script '/domains/bburke/witmm.php' not found or unable to stat
[Sun Feb 01 12:52:22.006259 2026] [php:error] [pid 48717] [client 104.28.235.58:0] script '/domains/bburke/222.php' not found or unable to stat
[Sun Feb 01 12:52:23.587107 2026] [php:error] [pid 48681] [client 104.28.203.58:0] script '/domains/bburke/ioxi-o.php' not found or unable to stat
[Sun Feb 01 12:52:23.589435 2026] [php:error] [pid 48717] [client 104.28.235.58:0] script '/domains/bburke/files.php' not found or unable to stat
[Sun Feb 01 12:52:23.653928 2026] [php:error] [pid 48681] [client 104.28.203.58:0] script '/domains/bburke/222.php' not found or unable to stat
[Sun Feb 01 12:52:23.774675 2026] [php:error] [pid 48681] [client 104.28.203.58:0] script '/domains/bburke/files.php' not found or unable to stat
[Sun Feb 01 12:52:24.049421 2026] [php:error] [pid 48717] [client 104.28.235.58:0] script '/domains/bburke/wp-editor.php' not found or unable to stat
[Sun Feb 01 12:52:24.067173 2026] [php:error] [pid 48681] [client 104.28.203.58:0] script '/domains/bburke/wp-editor.php' not found or unable to stat
[Sun Feb 01 12:52:24.242652 2026] [php:error] [pid 48681] [client 104.28.203.58:0] script '/domains/bburke/txets.php' not found or unable to stat
[Sun Feb 01 12:52:24.242660 2026] [php:error] [pid 48717] [client 104.28.235.58:0] script '/domains/bburke/txets.php' not found or unable to stat
[Sun Feb 01 12:52:25.732984 2026] [php:error] [pid 48681] [client 104.28.203.58:0] script '/domains/bburke/postnews.php' not found or unable to stat
[Sun Feb 01 12:52:26.218899 2026] [php:error] [pid 48717] [client 104.28.235.58:0] script '/domains/bburke/postnews.php' not found or unable to stat
[Sun Feb 01 12:54:50.660839 2026] [php:error] [pid 48737] [client 104.28.203.58:0] script '/domains/conceptlabs1/style.php' not found or unable to stat
[Sun Feb 01 12:54:51.604731 2026] [php:error] [pid 48737] [client 104.28.203.58:0] script '/domains/conceptlabs1/chosen.php' not found or unable to stat
[Sun Feb 01 12:54:51.743952 2026] [php:error] [pid 48737] [client 104.28.203.58:0] script '/domains/conceptlabs1/file.php' not found or unable to stat
[Sun Feb 01 12:54:51.836841 2026] [php:error] [pid 48737] [client 104.28.203.58:0] script '/domains/conceptlabs1/flower.php' not found or unable to stat
[Sun Feb 01 12:54:51.964548 2026] [php:error] [pid 48737] [client 104.28.203.58:0] script '/domains/conceptlabs1/gifclass.php' not found or unable to stat
[Sun Feb 01 12:54:52.032027 2026] [php:error] [pid 48737] [client 104.28.203.58:0] script '/domains/conceptlabs1/bless.php' not found or unable to stat
[Sun Feb 01 12:54:52.567357 2026] [php:error] [pid 48737] [client 104.28.203.58:0] script '/domains/conceptlabs1/class-t.api.php' not found or unable to stat
[Sun Feb 01 12:54:52.736259 2026] [php:error] [pid 48737] [client 104.28.203.58:0] script '/domains/conceptlabs1/blurbs.php' not found or unable to stat
[Sun Feb 01 12:54:52.802658 2026] [php:error] [pid 48737] [client 104.28.203.58:0] script '/domains/conceptlabs1/akcc.php' not found or unable to stat
[Sun Feb 01 12:54:52.887683 2026] [php:error] [pid 48737] [client 104.28.203.58:0] script '/domains/conceptlabs1/abcd.php' not found or unable to stat
[Sun Feb 01 12:54:53.487802 2026] [php:error] [pid 48737] [client 104.28.203.58:0] script '/domains/conceptlabs1/shelp.php' not found or unable to stat
[Sun Feb 01 12:54:53.653136 2026] [php:error] [pid 48737] [client 104.28.203.58:0] script '/domains/conceptlabs1/cord.php' not found or unable to stat
[Sun Feb 01 12:54:53.916843 2026] [php:error] [pid 48737] [client 104.28.203.58:0] script '/domains/conceptlabs1/dex.php' not found or unable to stat
[Sun Feb 01 12:54:54.172706 2026] [php:error] [pid 48737] [client 104.28.203.58:0] script '/domains/conceptlabs1/file2.php' not found or unable to stat
[Sun Feb 01 12:54:54.345049 2026] [php:error] [pid 48737] [client 104.28.203.58:0] script '/domains/conceptlabs1/zwso.php' not found or unable to stat
[Sun Feb 01 12:54:54.711845 2026] [php:error] [pid 48737] [client 104.28.203.58:0] script '/domains/conceptlabs1/bolt.php' not found or unable to stat
[Sun Feb 01 12:54:54.939069 2026] [php:error] [pid 48737] [client 104.28.203.58:0] script '/domains/conceptlabs1/shlo.php' not found or unable to stat
[Sun Feb 01 12:54:55.005771 2026] [php:error] [pid 48737] [client 104.28.203.58:0] script '/domains/conceptlabs1/133.php' not found or unable to stat
[Sun Feb 01 12:54:55.136529 2026] [php:error] [pid 48737] [client 104.28.203.58:0] script '/domains/conceptlabs1/ahax.php' not found or unable to stat
[Sun Feb 01 12:54:55.227834 2026] [php:error] [pid 48737] [client 104.28.203.58:0] script '/domains/conceptlabs1/php8.php' not found or unable to stat
[Sun Feb 01 12:54:55.511938 2026] [php:error] [pid 48737] [client 104.28.203.58:0] script '/domains/conceptlabs1/lufix1.php' not found or unable to stat
[Sun Feb 01 12:54:55.942686 2026] [php:error] [pid 48737] [client 104.28.203.58:0] script '/domains/conceptlabs1/witmm.php' not found or unable to stat
[Sun Feb 01 12:54:57.777134 2026] [php:error] [pid 48737] [client 104.28.203.58:0] script '/domains/conceptlabs1/ioxi-o.php' not found or unable to stat
[Sun Feb 01 12:54:57.848752 2026] [php:error] [pid 48737] [client 104.28.203.58:0] script '/domains/conceptlabs1/222.php' not found or unable to stat
[Sun Feb 01 12:54:58.060520 2026] [php:error] [pid 48737] [client 104.28.203.58:0] script '/domains/conceptlabs1/files.php' not found or unable to stat
[Sun Feb 01 12:54:58.135991 2026] [php:error] [pid 48737] [client 104.28.203.58:0] script '/domains/conceptlabs1/wp-editor.php' not found or unable to stat
[Sun Feb 01 12:54:58.203660 2026] [php:error] [pid 48737] [client 104.28.203.58:0] script '/domains/conceptlabs1/txets.php' not found or unable to stat
[Sun Feb 01 12:54:58.661409 2026] [php:error] [pid 48737] [client 104.28.203.58:0] script '/domains/conceptlabs1/postnews.php' not found or unable to stat
[Sun Feb 01 12:55:18.383104 2026] [core:crit] [pid 48737] (13)Permission denied: [client 144.76.32.120:0] AH00529: /domains/performancepartsinc/graphics/psd/.htaccess pcfg_openfile: unable to check htaccess file, ensure it is readable and that '/domains/performancepartsinc/graphics/psd/' is executable
[Sun Feb 01 12:56:02.113757 2026] [php:error] [pid 48776] [client 145.239.10.137:0] script '/domains/hofficer1/psn.php' not found or unable to stat, referer: http://houseofficer.com/psn.php
[Sun Feb 01 12:56:45.306228 2026] [php:error] [pid 48737] [client 146.75.222.175:0] script '/domains/pbuilder/index.php' not found or unable to stat
[Sun Feb 01 12:59:03.673210 2026] [php:error] [pid 48810] [client 104.28.203.58:0] script '/domains/hpveweb/style.php' not found or unable to stat
[Sun Feb 01 12:59:04.085515 2026] [php:error] [pid 48810] [client 104.28.203.58:0] script '/domains/hpveweb/chosen.php' not found or unable to stat
[Sun Feb 01 12:59:04.204586 2026] [php:error] [pid 48810] [client 104.28.203.58:0] script '/domains/hpveweb/file.php' not found or unable to stat
[Sun Feb 01 12:59:04.330563 2026] [php:error] [pid 48810] [client 104.28.203.58:0] script '/domains/hpveweb/flower.php' not found or unable to stat
[Sun Feb 01 12:59:04.400230 2026] [php:error] [pid 48810] [client 104.28.203.58:0] script '/domains/hpveweb/gifclass.php' not found or unable to stat
[Sun Feb 01 12:59:04.467725 2026] [php:error] [pid 48810] [client 104.28.203.58:0] script '/domains/hpveweb/bless.php' not found or unable to stat
[Sun Feb 01 12:59:04.545050 2026] [php:error] [pid 48810] [client 104.28.203.58:0] script '/domains/hpveweb/class-t.api.php' not found or unable to stat
[Sun Feb 01 12:59:04.615713 2026] [php:error] [pid 48810] [client 104.28.203.58:0] script '/domains/hpveweb/blurbs.php' not found or unable to stat
[Sun Feb 01 12:59:04.737001 2026] [php:error] [pid 48810] [client 104.28.203.58:0] script '/domains/hpveweb/akcc.php' not found or unable to stat
[Sun Feb 01 12:59:04.804307 2026] [php:error] [pid 48810] [client 104.28.203.58:0] script '/domains/hpveweb/abcd.php' not found or unable to stat
[Sun Feb 01 12:59:04.871229 2026] [php:error] [pid 48810] [client 104.28.203.58:0] script '/domains/hpveweb/shelp.php' not found or unable to stat
[Sun Feb 01 12:59:04.963977 2026] [php:error] [pid 48810] [client 104.28.203.58:0] script '/domains/hpveweb/cord.php' not found or unable to stat
[Sun Feb 01 12:59:05.084220 2026] [php:error] [pid 48810] [client 104.28.203.58:0] script '/domains/hpveweb/dex.php' not found or unable to stat
[Sun Feb 01 12:59:05.218029 2026] [php:error] [pid 48810] [client 104.28.203.58:0] script '/domains/hpveweb/file2.php' not found or unable to stat
[Sun Feb 01 12:59:05.284373 2026] [php:error] [pid 48810] [client 104.28.203.58:0] script '/domains/hpveweb/zwso.php' not found or unable to stat
[Sun Feb 01 12:59:05.547877 2026] [php:error] [pid 48810] [client 104.28.203.58:0] script '/domains/hpveweb/bolt.php' not found or unable to stat
[Sun Feb 01 12:59:05.656594 2026] [php:error] [pid 48810] [client 104.28.203.58:0] script '/domains/hpveweb/shlo.php' not found or unable to stat
[Sun Feb 01 12:59:05.778950 2026] [php:error] [pid 48810] [client 104.28.203.58:0] script '/domains/hpveweb/133.php' not found or unable to stat
[Sun Feb 01 12:59:05.845935 2026] [php:error] [pid 48810] [client 104.28.203.58:0] script '/domains/hpveweb/ahax.php' not found or unable to stat
[Sun Feb 01 12:59:05.912903 2026] [php:error] [pid 48810] [client 104.28.203.58:0] script '/domains/hpveweb/php8.php' not found or unable to stat
[Sun Feb 01 12:59:05.982679 2026] [php:error] [pid 48810] [client 104.28.203.58:0] script '/domains/hpveweb/lufix1.php' not found or unable to stat
[Sun Feb 01 12:59:06.049723 2026] [php:error] [pid 48810] [client 104.28.203.58:0] script '/domains/hpveweb/witmm.php' not found or unable to stat
[Sun Feb 01 12:59:06.332568 2026] [php:error] [pid 48810] [client 104.28.203.58:0] script '/domains/hpveweb/ioxi-o.php' not found or unable to stat
[Sun Feb 01 12:59:06.467477 2026] [php:error] [pid 48810] [client 104.28.203.58:0] script '/domains/hpveweb/222.php' not found or unable to stat
[Sun Feb 01 12:59:06.536744 2026] [php:error] [pid 48810] [client 104.28.203.58:0] script '/domains/hpveweb/files.php' not found or unable to stat
[Sun Feb 01 12:59:06.646865 2026] [php:error] [pid 48810] [client 104.28.203.58:0] script '/domains/hpveweb/wp-editor.php' not found or unable to stat
[Sun Feb 01 12:59:06.713854 2026] [php:error] [pid 48810] [client 104.28.203.58:0] script '/domains/hpveweb/txets.php' not found or unable to stat
[Sun Feb 01 12:59:06.917628 2026] [php:error] [pid 48810] [client 104.28.203.58:0] script '/domains/hpveweb/postnews.php' not found or unable to stat
[Sun Feb 01 12:59:45.943183 2026] [php:error] [pid 48810] [client 20.213.25.204:0] script '/domains/oneylaw/xmlrpc.php' not found or unable to stat
[Sun Feb 01 12:59:46.146714 2026] [php:error] [pid 48810] [client 20.213.25.204:0] script '/domains/oneylaw/wp-trackback.php' not found or unable to stat
[Sun Feb 01 12:59:46.353388 2026] [php:error] [pid 48810] [client 20.213.25.204:0] script '/domains/oneylaw/file.php' not found or unable to stat
[Sun Feb 01 12:59:46.556514 2026] [php:error] [pid 48810] [client 20.213.25.204:0] script '/domains/oneylaw/rip.php' not found or unable to stat
[Sun Feb 01 12:59:46.765895 2026] [php:error] [pid 48810] [client 20.213.25.204:0] script '/domains/oneylaw/autoload_classmap.php' not found or unable to stat
[Sun Feb 01 12:59:46.969794 2026] [php:error] [pid 48810] [client 20.213.25.204:0] script '/domains/oneylaw/chosen.php' not found or unable to stat
[Sun Feb 01 12:59:47.173728 2026] [php:error] [pid 48810] [client 20.213.25.204:0] script '/domains/oneylaw/classwithtostring.php' not found or unable to stat
[Sun Feb 01 12:59:47.280861 2026] [php:error] [pid 48803] [client 4.188.251.0:0] script '/domains/micra/gettest.php' not found or unable to stat
[Sun Feb 01 12:59:47.378641 2026] [php:error] [pid 48810] [client 20.213.25.204:0] script '/domains/oneylaw/defaults.php' not found or unable to stat
[Sun Feb 01 12:59:47.493949 2026] [php:error] [pid 48803] [client 4.188.251.0:0] script '/domains/micra/menu.php' not found or unable to stat
[Sun Feb 01 12:59:47.705755 2026] [php:error] [pid 48803] [client 4.188.251.0:0] script '/domains/micra/bjfl.php' not found or unable to stat
[Sun Feb 01 12:59:47.918035 2026] [php:error] [pid 48803] [client 4.188.251.0:0] script '/domains/micra/sko.php' not found or unable to stat
[Sun Feb 01 12:59:48.005074 2026] [php:error] [pid 48810] [client 20.213.25.204:0] script '/domains/oneylaw/info.php' not found or unable to stat
[Sun Feb 01 12:59:48.129801 2026] [php:error] [pid 48803] [client 4.188.251.0:0] script '/domains/micra/obfuscate.php' not found or unable to stat
[Sun Feb 01 12:59:48.221714 2026] [php:error] [pid 48810] [client 20.213.25.204:0] script '/domains/oneylaw/elp.php' not found or unable to stat
[Sun Feb 01 12:59:48.341698 2026] [php:error] [pid 48803] [client 4.188.251.0:0] script '/domains/micra/img.php' not found or unable to stat
[Sun Feb 01 12:59:48.566917 2026] [php:error] [pid 48803] [client 4.188.251.0:0] script '/domains/micra/co.php' not found or unable to stat
[Sun Feb 01 12:59:48.780988 2026] [php:error] [pid 48803] [client 4.188.251.0:0] script '/domains/micra/iswfg.php' not found or unable to stat
[Sun Feb 01 12:59:48.993023 2026] [php:error] [pid 48803] [client 4.188.251.0:0] script '/domains/micra/acxx.php' not found or unable to stat
[Sun Feb 01 12:59:49.204894 2026] [php:error] [pid 48803] [client 4.188.251.0:0] script '/domains/micra/black.php' not found or unable to stat
[Sun Feb 01 12:59:49.256935 2026] [php:error] [pid 48810] [client 20.213.25.204:0] script '/domains/oneylaw/adminfuns.php' not found or unable to stat
[Sun Feb 01 12:59:49.417363 2026] [php:error] [pid 48803] [client 4.188.251.0:0] script '/domains/micra/wikindex.php' not found or unable to stat
[Sun Feb 01 12:59:49.629064 2026] [php:error] [pid 48803] [client 4.188.251.0:0] script '/domains/micra/tool.php' not found or unable to stat
[Sun Feb 01 12:59:49.841370 2026] [php:error] [pid 48803] [client 4.188.251.0:0] script '/domains/micra/py.php' not found or unable to stat
[Sun Feb 01 12:59:50.053419 2026] [php:error] [pid 48803] [client 4.188.251.0:0] script '/domains/micra/155.php' not found or unable to stat
[Sun Feb 01 12:59:50.266159 2026] [php:error] [pid 48803] [client 4.188.251.0:0] script '/domains/micra/sym404.php' not found or unable to stat
[Sun Feb 01 12:59:50.478541 2026] [php:error] [pid 48803] [client 4.188.251.0:0] script '/domains/micra/iko.php' not found or unable to stat
[Sun Feb 01 12:59:50.693733 2026] [php:error] [pid 48803] [client 4.188.251.0:0] script '/domains/micra/wefile.php' not found or unable to stat
[Sun Feb 01 12:59:50.905616 2026] [php:error] [pid 48803] [client 4.188.251.0:0] script '/domains/micra/gfd.php' not found or unable to stat
[Sun Feb 01 12:59:51.117639 2026] [php:error] [pid 48803] [client 4.188.251.0:0] script '/domains/micra/bnm.php' not found or unable to stat
[Sun Feb 01 12:59:51.329840 2026] [php:error] [pid 48803] [client 4.188.251.0:0] script '/domains/micra/edit-tags.php' not found or unable to stat
[Sun Feb 01 12:59:51.542134 2026] [php:error] [pid 48803] [client 4.188.251.0:0] script '/domains/micra/vx.php' not found or unable to stat
[Sun Feb 01 12:59:51.754243 2026] [php:error] [pid 48803] [client 4.188.251.0:0] script '/domains/micra/lkj.php' not found or unable to stat
[Sun Feb 01 12:59:51.966329 2026] [php:error] [pid 48803] [client 4.188.251.0:0] script '/domains/micra/ioxi-o.php' not found or unable to stat
[Sun Feb 01 12:59:53.028337 2026] [php:error] [pid 48803] [client 4.188.251.0:0] script '/domains/micra/readme.php' not found or unable to stat
[Sun Feb 01 12:59:53.452966 2026] [php:error] [pid 48803] [client 4.188.251.0:0] script '/domains/micra/classwithtostring.php' not found or unable to stat
[Sun Feb 01 12:59:53.667420 2026] [php:error] [pid 48803] [client 4.188.251.0:0] script '/domains/micra/1.php' not found or unable to stat
[Sun Feb 01 12:59:54.091707 2026] [php:error] [pid 48803] [client 4.188.251.0:0] script '/domains/micra/alfa.php' not found or unable to stat
[Sun Feb 01 12:59:54.515697 2026] [php:error] [pid 48803] [client 4.188.251.0:0] script '/domains/micra/atx.php' not found or unable to stat
[Sun Feb 01 12:59:54.728241 2026] [php:error] [pid 48803] [client 4.188.251.0:0] script '/domains/micra/inputs.php' not found or unable to stat
[Sun Feb 01 12:59:55.157909 2026] [php:error] [pid 48803] [client 4.188.251.0:0] script '/domains/micra/404.php' not found or unable to stat
[Sun Feb 01 12:59:55.370342 2026] [php:error] [pid 48803] [client 4.188.251.0:0] script '/domains/micra/global.php' not found or unable to stat
[Sun Feb 01 12:59:55.582493 2026] [php:error] [pid 48803] [client 4.188.251.0:0] script '/domains/micra/core.php' not found or unable to stat
[Sun Feb 01 12:59:55.794497 2026] [php:error] [pid 48803] [client 4.188.251.0:0] script '/domains/micra/thoms.php' not found or unable to stat
[Sun Feb 01 12:59:56.006354 2026] [php:error] [pid 48803] [client 4.188.251.0:0] script '/domains/micra/irc.js.php' not found or unable to stat
[Sun Feb 01 13:01:33.680541 2026] [php:error] [pid 48857] [client 47.120.16.24:0] script '/domains/astrosfm/indexback.php' not found or unable to stat
[Sun Feb 01 13:02:00.298471 2026] [php:error] [pid 48854] [client 172.81.130.114:0] script '/domains/nostrada/wp-login.php' not found or unable to stat, referer: https://t.co/
[Sun Feb 01 13:02:00.351317 2026] [php:error] [pid 48859] [client 172.81.130.114:0] script '/domains/nostrada/wp-login.php' not found or unable to stat, referer: https://www.facebook.com/
[Sun Feb 01 13:04:08.447839 2026] [php:error] [pid 48883] [client 154.12.92.135:0] script '/domains/fifibear/1.php' not found or unable to stat
[Sun Feb 01 13:06:32.811552 2026] [php:error] [pid 48907] [client 136.144.42.199:0] script '/domains/system_suspended/xmlrpc.php' not found or unable to stat
[Sun Feb 01 13:07:14.548162 2026] [php:error] [pid 48911] [client 20.194.29.45:0] script '/domains/system_cancel/about.php' not found or unable to stat
[Sun Feb 01 13:07:14.734694 2026] [php:error] [pid 48911] [client 20.194.29.45:0] script '/domains/system_cancel/admin.php' not found or unable to stat
[Sun Feb 01 13:07:15.111367 2026] [php:error] [pid 48911] [client 20.194.29.45:0] script '/domains/system_cancel/class-t.api.php' not found or unable to stat
[Sun Feb 01 13:07:15.497413 2026] [php:error] [pid 48911] [client 20.194.29.45:0] script '/domains/system_cancel/ioxi-o.php' not found or unable to stat
[Sun Feb 01 13:07:15.683479 2026] [php:error] [pid 48911] [client 20.194.29.45:0] script '/domains/system_cancel/rip.php' not found or unable to stat
[Sun Feb 01 13:07:15.863319 2026] [php:error] [pid 48911] [client 20.194.29.45:0] script '/domains/system_cancel/adminfuns.php' not found or unable to stat
[Sun Feb 01 13:07:54.604702 2026] [php:error] [pid 48923] [client 40.65.177.112:0] script '/domains/system_default/neshe.php' not found or unable to stat
[Sun Feb 01 13:07:55.666335 2026] [php:error] [pid 48923] [client 40.65.177.112:0] script '/domains/system_default/wp-site.php' not found or unable to stat
[Sun Feb 01 13:07:55.905275 2026] [php:error] [pid 48923] [client 40.65.177.112:0] script '/domains/system_default/environment.php' not found or unable to stat
[Sun Feb 01 13:07:56.147454 2026] [php:error] [pid 48923] [client 40.65.177.112:0] script '/domains/system_default/lala.php' not found or unable to stat
[Sun Feb 01 13:07:56.376241 2026] [php:error] [pid 48923] [client 40.65.177.112:0] script '/domains/system_default/menu.php' not found or unable to stat
[Sun Feb 01 13:07:56.930305 2026] [php:error] [pid 48923] [client 40.65.177.112:0] script '/domains/system_default/tmpls.php' not found or unable to stat
[Sun Feb 01 13:07:57.169359 2026] [php:error] [pid 48923] [client 40.65.177.112:0] script '/domains/system_default/item.php' not found or unable to stat
[Sun Feb 01 13:07:57.398096 2026] [php:error] [pid 48923] [client 40.65.177.112:0] script '/domains/system_default/test1.php' not found or unable to stat
[Sun Feb 01 13:07:57.643809 2026] [php:error] [pid 48923] [client 40.65.177.112:0] script '/domains/system_default/wp-themes.php' not found or unable to stat
[Sun Feb 01 13:07:58.132779 2026] [php:error] [pid 48923] [client 40.65.177.112:0] script '/domains/system_default/indeex.php' not found or unable to stat
[Sun Feb 01 13:07:58.604788 2026] [php:error] [pid 48923] [client 40.65.177.112:0] script '/domains/system_default/503.php' not found or unable to stat
[Sun Feb 01 13:07:58.866504 2026] [php:error] [pid 48923] [client 40.65.177.112:0] script '/domains/system_default/html.php' not found or unable to stat
[Sun Feb 01 13:07:59.122094 2026] [php:error] [pid 48923] [client 40.65.177.112:0] script '/domains/system_default/custom-background.php' not found or unable to stat
[Sun Feb 01 13:07:59.351458 2026] [php:error] [pid 48923] [client 40.65.177.112:0] script '/domains/system_default/xmrlpc.php' not found or unable to stat
[Sun Feb 01 13:08:00.444306 2026] [php:error] [pid 48923] [client 40.65.177.112:0] script '/domains/system_default/img.php' not found or unable to stat
[Sun Feb 01 13:08:02.798530 2026] [php:error] [pid 48923] [client 40.65.177.112:0] script '/domains/system_default/cwclass.php' not found or unable to stat
[Sun Feb 01 13:08:03.043265 2026] [php:error] [pid 48923] [client 40.65.177.112:0] script '/domains/system_default/0x.php' not found or unable to stat
[Sun Feb 01 13:08:03.456576 2026] [php:error] [pid 48923] [client 40.65.177.112:0] script '/domains/system_default/a2.php' not found or unable to stat
[Sun Feb 01 13:08:03.685679 2026] [php:error] [pid 48923] [client 40.65.177.112:0] script '/domains/system_default/m.php' not found or unable to stat
[Sun Feb 01 13:08:03.932044 2026] [php:error] [pid 48923] [client 40.65.177.112:0] script '/domains/system_default/oo.php' not found or unable to stat
[Sun Feb 01 13:08:04.170141 2026] [php:error] [pid 48923] [client 40.65.177.112:0] script '/domains/system_default/1.php' not found or unable to stat
[Sun Feb 01 13:08:05.193990 2026] [php:error] [pid 48923] [client 40.65.177.112:0] script '/domains/system_default/az.php' not found or unable to stat
[Sun Feb 01 13:08:05.428063 2026] [php:error] [pid 48923] [client 40.65.177.112:0] script '/domains/system_default/x.php' not found or unable to stat
[Sun Feb 01 13:08:05.672203 2026] [php:error] [pid 48923] [client 40.65.177.112:0] script '/domains/system_default/gg.php' not found or unable to stat
[Sun Feb 01 13:08:05.942319 2026] [php:error] [pid 48923] [client 40.65.177.112:0] script '/domains/system_default/server.php' not found or unable to stat
[Sun Feb 01 13:08:06.190712 2026] [php:error] [pid 48923] [client 40.65.177.112:0] script '/domains/system_default/class19.php' not found or unable to stat
[Sun Feb 01 13:08:06.437932 2026] [php:error] [pid 48923] [client 40.65.177.112:0] script '/domains/system_default/yanz.php' not found or unable to stat
[Sun Feb 01 13:08:07.169468 2026] [php:error] [pid 48923] [client 40.65.177.112:0] script '/domains/system_default/class.php' not found or unable to stat
[Sun Feb 01 13:08:07.602091 2026] [php:error] [pid 48923] [client 40.65.177.112:0] script '/domains/system_default/elp.php' not found or unable to stat
[Sun Feb 01 13:08:07.836747 2026] [php:error] [pid 48923] [client 40.65.177.112:0] script '/domains/system_default/sx.php' not found or unable to stat
[Sun Feb 01 13:08:08.369447 2026] [php:error] [pid 48923] [client 40.65.177.112:0] script '/domains/system_default/dropdown.php' not found or unable to stat
[Sun Feb 01 13:08:09.064557 2026] [php:error] [pid 48923] [client 40.65.177.112:0] script '/domains/system_default/priv.php' not found or unable to stat
[Sun Feb 01 13:08:09.310329 2026] [php:error] [pid 48923] [client 40.65.177.112:0] script '/domains/system_default/function.php' not found or unable to stat
[Sun Feb 01 13:08:09.769874 2026] [php:error] [pid 48923] [client 40.65.177.112:0] script '/domains/system_default/wp-load.php' not found or unable to stat
[Sun Feb 01 13:08:09.815558 2026] [php:error] [pid 48928] [client 20.78.169.24:0] script '/domains/mjbradley/aa.php' not found or unable to stat
[Sun Feb 01 13:08:10.001545 2026] [php:error] [pid 48923] [client 40.65.177.112:0] script '/domains/system_default/wsd.php' not found or unable to stat
[Sun Feb 01 13:08:10.090388 2026] [php:error] [pid 48928] [client 20.78.169.24:0] script '/domains/mjbradley/abcd.php' not found or unable to stat
[Sun Feb 01 13:08:10.230721 2026] [php:error] [pid 48923] [client 40.65.177.112:0] script '/domains/system_default/editor.php' not found or unable to stat
[Sun Feb 01 13:08:10.274242 2026] [php:error] [pid 48928] [client 20.78.169.24:0] script '/domains/mjbradley/admin.php' not found or unable to stat
[Sun Feb 01 13:08:10.439419 2026] [php:error] [pid 48928] [client 20.78.169.24:0] script '/domains/mjbradley/buy.php' not found or unable to stat
[Sun Feb 01 13:08:10.909384 2026] [php:error] [pid 48928] [client 20.78.169.24:0] script '/domains/mjbradley/edit.php' not found or unable to stat
[Sun Feb 01 13:08:11.281876 2026] [php:error] [pid 48928] [client 20.78.169.24:0] script '/domains/mjbradley/file.php' not found or unable to stat
[Sun Feb 01 13:08:11.497899 2026] [php:error] [pid 48928] [client 20.78.169.24:0] script '/domains/mjbradley/flower.php' not found or unable to stat
[Sun Feb 01 13:08:11.555141 2026] [php:error] [pid 48923] [client 40.65.177.112:0] script '/domains/system_default/cong.php' not found or unable to stat
[Sun Feb 01 13:08:11.718464 2026] [php:error] [pid 48928] [client 20.78.169.24:0] script '/domains/mjbradley/images/index.php' not found or unable to stat
[Sun Feb 01 13:08:11.999112 2026] [php:error] [pid 48928] [client 20.78.169.24:0] script '/domains/mjbradley/info.php' not found or unable to stat
[Sun Feb 01 13:08:12.014212 2026] [php:error] [pid 48923] [client 40.65.177.112:0] script '/domains/system_default/inputs.php' not found or unable to stat
[Sun Feb 01 13:08:12.279051 2026] [php:error] [pid 48928] [client 20.78.169.24:0] script '/domains/mjbradley/ioxi-o.php' not found or unable to stat
[Sun Feb 01 13:08:12.456747 2026] [php:error] [pid 48928] [client 20.78.169.24:0] script '/domains/mjbradley/nc4.php' not found or unable to stat
[Sun Feb 01 13:08:12.626318 2026] [php:error] [pid 48928] [client 20.78.169.24:0] script '/domains/mjbradley/xleet.php' not found or unable to stat
[Sun Feb 01 13:08:12.833929 2026] [php:error] [pid 48923] [client 40.65.177.112:0] script '/domains/system_default/files.php' not found or unable to stat
[Sun Feb 01 13:08:13.098117 2026] [php:error] [pid 48923] [client 40.65.177.112:0] script '/domains/system_default/zwso.php' not found or unable to stat
[Sun Feb 01 13:08:13.398245 2026] [php:error] [pid 48922] [client 52.230.35.34:0] script '/domains/tinatina/about.php' not found or unable to stat
[Sun Feb 01 13:08:13.556461 2026] [php:error] [pid 48923] [client 40.65.177.112:0] script '/domains/system_default/backup.php' not found or unable to stat
[Sun Feb 01 13:08:13.622624 2026] [php:error] [pid 48928] [client 20.78.169.24:0] script '/domains/mjbradley/wp-good.php' not found or unable to stat
[Sun Feb 01 13:08:13.628397 2026] [php:error] [pid 48922] [client 52.230.35.34:0] script '/domains/tinatina/admin.php' not found or unable to stat
[Sun Feb 01 13:08:14.016255 2026] [php:error] [pid 48923] [client 40.65.177.112:0] script '/domains/system_default/06.php' not found or unable to stat
[Sun Feb 01 13:08:14.088816 2026] [php:error] [pid 48922] [client 52.230.35.34:0] script '/domains/tinatina/class-t.api.php' not found or unable to stat
[Sun Feb 01 13:08:14.244341 2026] [php:error] [pid 48923] [client 40.65.177.112:0] script '/domains/system_default/size.php' not found or unable to stat
[Sun Feb 01 13:08:14.329727 2026] [php:error] [pid 48922] [client 52.230.35.34:0] script '/domains/tinatina/goods.php' not found or unable to stat
[Sun Feb 01 13:08:14.337785 2026] [php:error] [pid 48928] [client 20.78.169.24:0] script '/domains/mjbradley/xmrlpc.php' not found or unable to stat
[Sun Feb 01 13:08:14.560055 2026] [php:error] [pid 48922] [client 52.230.35.34:0] script '/domains/tinatina/ioxi-o.php' not found or unable to stat
[Sun Feb 01 13:08:14.608774 2026] [php:error] [pid 48928] [client 20.78.169.24:0] script '/domains/mjbradley/about.php' not found or unable to stat
[Sun Feb 01 13:08:14.789881 2026] [php:error] [pid 48922] [client 52.230.35.34:0] script '/domains/tinatina/rip.php' not found or unable to stat
[Sun Feb 01 13:08:14.967996 2026] [php:error] [pid 48928] [client 20.78.169.24:0] script '/domains/mjbradley/adminfuns.php' not found or unable to stat
[Sun Feb 01 13:08:15.022271 2026] [php:error] [pid 48922] [client 52.230.35.34:0] script '/domains/tinatina/adminfuns.php' not found or unable to stat
[Sun Feb 01 13:08:15.153192 2026] [php:error] [pid 48928] [client 20.78.169.24:0] script '/domains/mjbradley/alfa.php' not found or unable to stat
[Sun Feb 01 13:08:15.253162 2026] [php:error] [pid 48922] [client 52.230.35.34:0] script '/domains/tinatina/file.php' not found or unable to stat
[Sun Feb 01 13:08:15.328275 2026] [php:error] [pid 48923] [client 40.65.177.112:0] script '/domains/system_default/vx.php' not found or unable to stat
[Sun Feb 01 13:08:15.348096 2026] [php:error] [pid 48928] [client 20.78.169.24:0] script '/domains/mjbradley/asasx.php' not found or unable to stat
[Sun Feb 01 13:08:15.587773 2026] [php:error] [pid 48923] [client 40.65.177.112:0] script '/domains/system_default/dev1s.php' not found or unable to stat
[Sun Feb 01 13:08:15.746595 2026] [php:error] [pid 48928] [client 20.78.169.24:0] script '/domains/mjbradley/autoload_classmap.php' not found or unable to stat
[Sun Feb 01 13:08:16.025692 2026] [php:error] [pid 48923] [client 40.65.177.112:0] script '/domains/system_default/zr.php' not found or unable to stat
[Sun Feb 01 13:08:16.252655 2026] [php:error] [pid 48928] [client 20.78.169.24:0] script '/domains/mjbradley/classwithtostring.php' not found or unable to stat
[Sun Feb 01 13:08:16.274259 2026] [php:error] [pid 48923] [client 40.65.177.112:0] script '/domains/system_default/styles.php' not found or unable to stat
[Sun Feb 01 13:08:16.593145 2026] [php:error] [pid 48928] [client 20.78.169.24:0] script '/domains/mjbradley/cong.php' not found or unable to stat
[Sun Feb 01 13:08:16.885907 2026] [php:error] [pid 48922] [client 52.230.35.34:0] script '/domains/tinatina/wp-good.php' not found or unable to stat
[Sun Feb 01 13:08:16.937915 2026] [php:error] [pid 48928] [client 20.78.169.24:0] script '/domains/mjbradley/file2.php' not found or unable to stat
[Sun Feb 01 13:08:17.180814 2026] [php:error] [pid 48928] [client 20.78.169.24:0] script '/domains/mjbradley/moon.php' not found or unable to stat
[Sun Feb 01 13:08:17.233391 2026] [php:error] [pid 48923] [client 40.65.177.112:0] script '/domains/system_default/file.php' not found or unable to stat
[Sun Feb 01 13:08:17.936443 2026] [php:error] [pid 48923] [client 40.65.177.112:0] script '/domains/system_default/revision.php' not found or unable to stat
[Sun Feb 01 13:08:18.475603 2026] [php:error] [pid 48923] [client 40.65.177.112:0] script '/domains/system_default/panel.php' not found or unable to stat
[Sun Feb 01 13:08:18.760054 2026] [php:error] [pid 48923] [client 40.65.177.112:0] script '/domains/system_default/wen.php' not found or unable to stat
[Sun Feb 01 13:08:18.779021 2026] [php:error] [pid 48928] [client 20.78.169.24:0] script '/domains/mjbradley/wp-cron.php' not found or unable to stat
[Sun Feb 01 13:08:18.989433 2026] [php:error] [pid 48923] [client 40.65.177.112:0] script '/domains/system_default/ioxi-o.php' not found or unable to stat
[Sun Feb 01 13:08:19.218233 2026] [php:error] [pid 48923] [client 40.65.177.112:0] script '/domains/system_default/gtc.php' not found or unable to stat
[Sun Feb 01 13:08:19.446589 2026] [php:error] [pid 48923] [client 40.65.177.112:0] script '/domains/system_default/mini.php' not found or unable to stat
[Sun Feb 01 13:08:19.676515 2026] [php:error] [pid 48923] [client 40.65.177.112:0] script '/domains/system_default/siteheads.php' not found or unable to stat
[Sun Feb 01 13:08:19.920966 2026] [php:error] [pid 48923] [client 40.65.177.112:0] script '/domains/system_default/okxh.php' not found or unable to stat
[Sun Feb 01 13:08:20.163008 2026] [php:error] [pid 48923] [client 40.65.177.112:0] script '/domains/system_default/content.php' not found or unable to stat
[Sun Feb 01 13:08:20.393247 2026] [php:error] [pid 48923] [client 40.65.177.112:0] script '/domains/system_default/wp-good.php' not found or unable to stat
[Sun Feb 01 13:08:20.621280 2026] [php:error] [pid 48923] [client 40.65.177.112:0] script '/domains/system_default/abcd.php' not found or unable to stat
[Sun Feb 01 13:08:20.869373 2026] [php:error] [pid 48923] [client 40.65.177.112:0] script '/domains/system_default/log.php' not found or unable to stat
[Sun Feb 01 13:08:21.121015 2026] [php:error] [pid 48923] [client 40.65.177.112:0] script '/domains/system_default/info.php' not found or unable to stat
[Sun Feb 01 13:08:22.288687 2026] [php:error] [pid 48923] [client 40.65.177.112:0] script '/domains/system_default/12.php' not found or unable to stat
[Sun Feb 01 13:08:23.440229 2026] [php:error] [pid 48923] [client 40.65.177.112:0] script '/domains/system_default/yr.PHP' not found or unable to stat
[Sun Feb 01 13:08:23.690747 2026] [php:error] [pid 48923] [client 40.65.177.112:0] script '/domains/system_default/dex.php' not found or unable to stat
[Sun Feb 01 13:08:23.920423 2026] [php:error] [pid 48923] [client 40.65.177.112:0] script '/domains/system_default/yas.php' not found or unable to stat
[Sun Feb 01 13:08:24.171473 2026] [php:error] [pid 48923] [client 40.65.177.112:0] script '/domains/system_default/up.php' not found or unable to stat
[Sun Feb 01 13:08:24.417710 2026] [php:error] [pid 48923] [client 40.65.177.112:0] script '/domains/system_default/ova.php' not found or unable to stat
[Sun Feb 01 13:08:24.645954 2026] [php:error] [pid 48923] [client 40.65.177.112:0] script '/domains/system_default/buy.php' not found or unable to stat
[Sun Feb 01 13:08:26.010594 2026] [php:error] [pid 48923] [client 40.65.177.112:0] script '/domains/system_default/classwithtostring.php' not found or unable to stat
