[Sun Feb 01 11:26:04.981300 2026] [php:error] [pid 30671] [client 104.28.203.58:0] script '/domains/rfisher.dnai/133.php' not found or unable to stat
[Sun Feb 01 11:26:05.385165 2026] [php:error] [pid 30671] [client 104.28.203.58:0] script '/domains/rfisher.dnai/ahax.php' not found or unable to stat
[Sun Feb 01 11:26:05.572408 2026] [php:error] [pid 30671] [client 104.28.203.58:0] script '/domains/rfisher.dnai/php8.php' not found or unable to stat
[Sun Feb 01 11:26:05.703874 2026] [php:error] [pid 30671] [client 104.28.203.58:0] script '/domains/rfisher.dnai/lufix1.php' not found or unable to stat
[Sun Feb 01 11:26:05.810099 2026] [php:error] [pid 30671] [client 104.28.203.58:0] script '/domains/rfisher.dnai/witmm.php' not found or unable to stat
[Sun Feb 01 11:26:08.389420 2026] [php:error] [pid 30671] [client 104.28.203.58:0] script '/domains/rfisher.dnai/ioxi-o.php' not found or unable to stat
[Sun Feb 01 11:26:11.929678 2026] [php:error] [pid 30671] [client 104.28.203.58:0] script '/domains/rfisher.dnai/222.php' not found or unable to stat
[Sun Feb 01 11:26:14.884933 2026] [php:error] [pid 30676] [client 104.28.203.58:0] script '/domains/rfisher.dnai/files.php' not found or unable to stat
[Sun Feb 01 11:26:15.327309 2026] [php:error] [pid 30676] [client 104.28.203.58:0] script '/domains/rfisher.dnai/wp-editor.php' not found or unable to stat
[Sun Feb 01 11:26:15.642167 2026] [php:error] [pid 30676] [client 104.28.203.58:0] script '/domains/rfisher.dnai/txets.php' not found or unable to stat
[Sun Feb 01 11:26:16.426479 2026] [php:error] [pid 30676] [client 104.28.203.58:0] script '/domains/rfisher.dnai/postnews.php' not found or unable to stat
[Sun Feb 01 11:29:39.013152 2026] [php:error] [pid 30695] [client 20.89.194.119:0] script '/domains/king1969/neshe.php' not found or unable to stat
[Sun Feb 01 11:29:39.181120 2026] [php:error] [pid 30695] [client 20.89.194.119:0] script '/domains/king1969/wp-site.php' not found or unable to stat
[Sun Feb 01 11:29:39.345374 2026] [php:error] [pid 30695] [client 20.89.194.119:0] script '/domains/king1969/environment.php' not found or unable to stat
[Sun Feb 01 11:29:39.554066 2026] [php:error] [pid 30695] [client 20.89.194.119:0] script '/domains/king1969/lala.php' not found or unable to stat
[Sun Feb 01 11:29:39.719274 2026] [php:error] [pid 30695] [client 20.89.194.119:0] script '/domains/king1969/menu.php' not found or unable to stat
[Sun Feb 01 11:29:39.904666 2026] [php:error] [pid 30695] [client 20.89.194.119:0] script '/domains/king1969/tmpls.php' not found or unable to stat
[Sun Feb 01 11:29:40.076531 2026] [php:error] [pid 30695] [client 20.89.194.119:0] script '/domains/king1969/item.php' not found or unable to stat
[Sun Feb 01 11:29:40.241215 2026] [php:error] [pid 30695] [client 20.89.194.119:0] script '/domains/king1969/test1.php' not found or unable to stat
[Sun Feb 01 11:29:40.405649 2026] [php:error] [pid 30695] [client 20.89.194.119:0] script '/domains/king1969/wp-themes.php' not found or unable to stat
[Sun Feb 01 11:29:40.793671 2026] [php:error] [pid 30695] [client 20.89.194.119:0] script '/domains/king1969/indeex.php' not found or unable to stat
[Sun Feb 01 11:29:40.946326 2026] [php:error] [pid 30702] [client 104.28.203.58:0] script '/domains/bels/style.php' not found or unable to stat
[Sun Feb 01 11:29:41.141764 2026] [php:error] [pid 30695] [client 20.89.194.119:0] script '/domains/king1969/503.php' not found or unable to stat
[Sun Feb 01 11:29:41.322618 2026] [php:error] [pid 30695] [client 20.89.194.119:0] script '/domains/king1969/html.php' not found or unable to stat
[Sun Feb 01 11:29:41.487032 2026] [php:error] [pid 30695] [client 20.89.194.119:0] script '/domains/king1969/custom-background.php' not found or unable to stat
[Sun Feb 01 11:29:41.651635 2026] [php:error] [pid 30695] [client 20.89.194.119:0] script '/domains/king1969/xmrlpc.php' not found or unable to stat
[Sun Feb 01 11:29:42.301037 2026] [php:error] [pid 30695] [client 20.89.194.119:0] script '/domains/king1969/img.php' not found or unable to stat
[Sun Feb 01 11:29:42.466212 2026] [php:error] [pid 30695] [client 20.89.194.119:0] script '/domains/king1969/css/radio.php' not found or unable to stat
[Sun Feb 01 11:29:42.655761 2026] [php:error] [pid 30702] [client 104.28.203.58:0] script '/domains/bels/chosen.php' not found or unable to stat
[Sun Feb 01 11:29:43.304132 2026] [php:error] [pid 30695] [client 20.89.194.119:0] script '/domains/king1969/cwclass.php' not found or unable to stat
[Sun Feb 01 11:29:43.469863 2026] [php:error] [pid 30695] [client 20.89.194.119:0] script '/domains/king1969/0x.php' not found or unable to stat
[Sun Feb 01 11:29:43.645581 2026] [php:error] [pid 30695] [client 20.89.194.119:0] script '/domains/king1969/a2.php' not found or unable to stat
[Sun Feb 01 11:29:43.646703 2026] [php:error] [pid 30702] [client 104.28.203.58:0] script '/domains/bels/file.php' not found or unable to stat
[Sun Feb 01 11:29:43.813361 2026] [php:error] [pid 30695] [client 20.89.194.119:0] script '/domains/king1969/m.php' not found or unable to stat
[Sun Feb 01 11:29:43.977348 2026] [php:error] [pid 30695] [client 20.89.194.119:0] script '/domains/king1969/oo.php' not found or unable to stat
[Sun Feb 01 11:29:44.142658 2026] [php:error] [pid 30695] [client 20.89.194.119:0] script '/domains/king1969/1.php' not found or unable to stat
[Sun Feb 01 11:29:44.472155 2026] [php:error] [pid 30695] [client 20.89.194.119:0] script '/domains/king1969/az.php' not found or unable to stat
[Sun Feb 01 11:29:44.558082 2026] [php:error] [pid 30702] [client 104.28.203.58:0] script '/domains/bels/flower.php' not found or unable to stat
[Sun Feb 01 11:29:44.636292 2026] [php:error] [pid 30695] [client 20.89.194.119:0] script '/domains/king1969/x.php' not found or unable to stat
[Sun Feb 01 11:29:44.821777 2026] [php:error] [pid 30695] [client 20.89.194.119:0] script '/domains/king1969/gg.php' not found or unable to stat
[Sun Feb 01 11:29:44.996147 2026] [php:error] [pid 30695] [client 20.89.194.119:0] script '/domains/king1969/server.php' not found or unable to stat
[Sun Feb 01 11:29:45.162521 2026] [php:error] [pid 30695] [client 20.89.194.119:0] script '/domains/king1969/class19.php' not found or unable to stat
[Sun Feb 01 11:29:45.327997 2026] [php:error] [pid 30695] [client 20.89.194.119:0] script '/domains/king1969/yanz.php' not found or unable to stat
[Sun Feb 01 11:29:45.865400 2026] [php:error] [pid 30695] [client 20.89.194.119:0] script '/domains/king1969/class.php' not found or unable to stat
[Sun Feb 01 11:29:46.030104 2026] [php:error] [pid 30695] [client 20.89.194.119:0] script '/domains/king1969/elp.php' not found or unable to stat
[Sun Feb 01 11:29:46.049526 2026] [php:error] [pid 30702] [client 104.28.203.58:0] script '/domains/bels/gifclass.php' not found or unable to stat
[Sun Feb 01 11:29:46.421710 2026] [php:error] [pid 30695] [client 20.89.194.119:0] script '/domains/king1969/sx.php' not found or unable to stat
[Sun Feb 01 11:29:46.765511 2026] [php:error] [pid 30695] [client 20.89.194.119:0] script '/domains/king1969/dropdown.php' not found or unable to stat
[Sun Feb 01 11:29:46.800233 2026] [php:error] [pid 30702] [client 104.28.203.58:0] script '/domains/bels/bless.php' not found or unable to stat
[Sun Feb 01 11:29:47.258707 2026] [php:error] [pid 30695] [client 20.89.194.119:0] script '/domains/king1969/priv.php' not found or unable to stat
[Sun Feb 01 11:29:47.394249 2026] [php:error] [pid 30702] [client 104.28.203.58:0] script '/domains/bels/class-t.api.php' not found or unable to stat
[Sun Feb 01 11:29:47.436135 2026] [php:error] [pid 30695] [client 20.89.194.119:0] script '/domains/king1969/function.php' not found or unable to stat
[Sun Feb 01 11:29:48.409328 2026] [php:error] [pid 30695] [client 20.89.194.119:0] script '/domains/king1969/wp-load.php' not found or unable to stat
[Sun Feb 01 11:29:48.586171 2026] [php:error] [pid 30695] [client 20.89.194.119:0] script '/domains/king1969/wsd.php' not found or unable to stat
[Sun Feb 01 11:29:48.750703 2026] [php:error] [pid 30695] [client 20.89.194.119:0] script '/domains/king1969/editor.php' not found or unable to stat
[Sun Feb 01 11:29:49.275564 2026] [php:error] [pid 30695] [client 20.89.194.119:0] script '/domains/king1969/cong.php' not found or unable to stat
[Sun Feb 01 11:29:49.612180 2026] [php:error] [pid 30695] [client 20.89.194.119:0] script '/domains/king1969/inputs.php' not found or unable to stat
[Sun Feb 01 11:29:50.130610 2026] [php:error] [pid 30695] [client 20.89.194.119:0] script '/domains/king1969/files.php' not found or unable to stat
[Sun Feb 01 11:29:50.338761 2026] [php:error] [pid 30695] [client 20.89.194.119:0] script '/domains/king1969/zwso.php' not found or unable to stat
[Sun Feb 01 11:29:50.689451 2026] [php:error] [pid 30695] [client 20.89.194.119:0] script '/domains/king1969/backup.php' not found or unable to stat
[Sun Feb 01 11:29:51.038108 2026] [php:error] [pid 30695] [client 20.89.194.119:0] script '/domains/king1969/06.php' not found or unable to stat
[Sun Feb 01 11:29:51.202975 2026] [php:error] [pid 30695] [client 20.89.194.119:0] script '/domains/king1969/size.php' not found or unable to stat
[Sun Feb 01 11:29:51.370559 2026] [php:error] [pid 30695] [client 20.89.194.119:0] script '/domains/king1969/vx.php' not found or unable to stat
[Sun Feb 01 11:29:51.488385 2026] [php:error] [pid 30699] [client 104.28.203.58:0] script '/domains/bels/blurbs.php' not found or unable to stat
[Sun Feb 01 11:29:51.571694 2026] [php:error] [pid 30695] [client 20.89.194.119:0] script '/domains/king1969/dev1s.php' not found or unable to stat
[Sun Feb 01 11:29:51.736424 2026] [php:error] [pid 30695] [client 20.89.194.119:0] script '/domains/king1969/zr.php' not found or unable to stat
[Sun Feb 01 11:29:51.900764 2026] [php:error] [pid 30695] [client 20.89.194.119:0] script '/domains/king1969/styles.php' not found or unable to stat
[Sun Feb 01 11:29:52.066550 2026] [php:error] [pid 30695] [client 20.89.194.119:0] script '/domains/king1969/file.php' not found or unable to stat
[Sun Feb 01 11:29:52.231528 2026] [php:error] [pid 30695] [client 20.89.194.119:0] script '/domains/king1969/revision.php' not found or unable to stat
[Sun Feb 01 11:29:52.398193 2026] [php:error] [pid 30695] [client 20.89.194.119:0] script '/domains/king1969/panel.php' not found or unable to stat
[Sun Feb 01 11:29:52.448417 2026] [php:error] [pid 30699] [client 104.28.203.58:0] script '/domains/bels/akcc.php' not found or unable to stat
[Sun Feb 01 11:29:52.562391 2026] [php:error] [pid 30695] [client 20.89.194.119:0] script '/domains/king1969/wen.php' not found or unable to stat
[Sun Feb 01 11:29:53.018909 2026] [php:error] [pid 30695] [client 20.89.194.119:0] script '/domains/king1969/ioxi-o.php' not found or unable to stat
[Sun Feb 01 11:29:53.044876 2026] [php:error] [pid 30699] [client 104.28.203.58:0] script '/domains/bels/abcd.php' not found or unable to stat
[Sun Feb 01 11:29:53.183468 2026] [php:error] [pid 30695] [client 20.89.194.119:0] script '/domains/king1969/gtc.php' not found or unable to stat
[Sun Feb 01 11:29:53.347918 2026] [php:error] [pid 30695] [client 20.89.194.119:0] script '/domains/king1969/mini.php' not found or unable to stat
[Sun Feb 01 11:29:53.522430 2026] [php:error] [pid 30695] [client 20.89.194.119:0] script '/domains/king1969/siteheads.php' not found or unable to stat
[Sun Feb 01 11:29:53.565744 2026] [php:error] [pid 30699] [client 104.28.203.58:0] script '/domains/bels/shelp.php' not found or unable to stat
[Sun Feb 01 11:29:53.711619 2026] [php:error] [pid 30695] [client 20.89.194.119:0] script '/domains/king1969/okxh.php' not found or unable to stat
[Sun Feb 01 11:29:53.885143 2026] [php:error] [pid 30695] [client 20.89.194.119:0] script '/domains/king1969/content.php' not found or unable to stat
[Sun Feb 01 11:29:54.058882 2026] [php:error] [pid 30695] [client 20.89.194.119:0] script '/domains/king1969/wp-good.php' not found or unable to stat
[Sun Feb 01 11:29:54.088187 2026] [php:error] [pid 30699] [client 104.28.203.58:0] script '/domains/bels/cord.php' not found or unable to stat
[Sun Feb 01 11:29:54.234460 2026] [php:error] [pid 30695] [client 20.89.194.119:0] script '/domains/king1969/abcd.php' not found or unable to stat
[Sun Feb 01 11:29:54.324373 2026] [php:error] [pid 30699] [client 104.28.203.58:0] script '/domains/bels/dex.php' not found or unable to stat
[Sun Feb 01 11:29:58.775684 2026] [php:error] [pid 30699] [client 104.28.203.58:0] script '/domains/bels/file2.php' not found or unable to stat
[Sun Feb 01 11:29:58.993795 2026] [php:error] [pid 30699] [client 104.28.203.58:0] script '/domains/bels/zwso.php' not found or unable to stat
[Sun Feb 01 11:30:00.104719 2026] [php:error] [pid 30683] [client 20.89.194.119:0] script '/domains/king1969/log.php' not found or unable to stat
[Sun Feb 01 11:30:00.269961 2026] [php:error] [pid 30683] [client 20.89.194.119:0] script '/domains/king1969/info.php' not found or unable to stat
[Sun Feb 01 11:30:00.798530 2026] [php:error] [pid 30683] [client 20.89.194.119:0] script '/domains/king1969/12.php' not found or unable to stat
[Sun Feb 01 11:30:00.963974 2026] [php:error] [pid 30683] [client 20.89.194.119:0] script '/domains/king1969/yr.PHP' not found or unable to stat
[Sun Feb 01 11:30:01.128955 2026] [php:error] [pid 30683] [client 20.89.194.119:0] script '/domains/king1969/dex.php' not found or unable to stat
[Sun Feb 01 11:30:01.294865 2026] [php:error] [pid 30683] [client 20.89.194.119:0] script '/domains/king1969/yas.php' not found or unable to stat
[Sun Feb 01 11:30:01.474120 2026] [php:error] [pid 30683] [client 20.89.194.119:0] script '/domains/king1969/up.php' not found or unable to stat
[Sun Feb 01 11:30:01.648045 2026] [php:error] [pid 30683] [client 20.89.194.119:0] script '/domains/king1969/ova.php' not found or unable to stat
[Sun Feb 01 11:30:02.010151 2026] [php:error] [pid 30683] [client 20.89.194.119:0] script '/domains/king1969/buy.php' not found or unable to stat
[Sun Feb 01 11:30:02.368243 2026] [php:error] [pid 30683] [client 20.89.194.119:0] script '/domains/king1969/classwithtostring.php' not found or unable to stat
[Sun Feb 01 11:30:03.210627 2026] [php:error] [pid 30683] [client 20.89.194.119:0] script '/domains/king1969/acxx.php' not found or unable to stat
[Sun Feb 01 11:30:03.552948 2026] [php:error] [pid 30683] [client 20.89.194.119:0] script '/domains/king1969/mk.php' not found or unable to stat
[Sun Feb 01 11:30:03.717430 2026] [php:error] [pid 30683] [client 20.89.194.119:0] script '/domains/king1969/zoo.php' not found or unable to stat
[Sun Feb 01 11:30:03.882246 2026] [php:error] [pid 30683] [client 20.89.194.119:0] script '/domains/king1969/33.php' not found or unable to stat
[Sun Feb 01 11:30:04.063112 2026] [php:error] [pid 30683] [client 20.89.194.119:0] script '/domains/king1969/js/sxx.php' not found or unable to stat
[Sun Feb 01 11:30:04.227526 2026] [php:error] [pid 30683] [client 20.89.194.119:0] script '/domains/king1969/mode.php' not found or unable to stat
[Sun Feb 01 11:30:04.393290 2026] [php:error] [pid 30683] [client 20.89.194.119:0] script '/domains/king1969/docs.php' not found or unable to stat
[Sun Feb 01 11:30:04.564366 2026] [php:error] [pid 30683] [client 20.89.194.119:0] script '/domains/king1969/abc.php' not found or unable to stat
[Sun Feb 01 11:30:04.910115 2026] [php:error] [pid 30683] [client 20.89.194.119:0] script '/domains/king1969/wp-tot.php' not found or unable to stat
[Sun Feb 01 11:30:05.255429 2026] [php:error] [pid 30683] [client 20.89.194.119:0] script '/domains/king1969/ioxi.php' not found or unable to stat
[Sun Feb 01 11:30:05.421440 2026] [php:error] [pid 30683] [client 20.89.194.119:0] script '/domains/king1969/ans.php' not found or unable to stat
[Sun Feb 01 11:30:05.587397 2026] [php:error] [pid 30683] [client 20.89.194.119:0] script '/domains/king1969/ok.php' not found or unable to stat
[Sun Feb 01 11:30:05.759878 2026] [php:error] [pid 30683] [client 20.89.194.119:0] script '/domains/king1969/asasx.php' not found or unable to stat
[Sun Feb 01 11:30:05.940461 2026] [php:error] [pid 30683] [client 20.89.194.119:0] script '/domains/king1969/fileupload.php' not found or unable to stat
[Sun Feb 01 11:30:06.108017 2026] [php:error] [pid 30683] [client 20.89.194.119:0] script '/domains/king1969/ran.php' not found or unable to stat
[Sun Feb 01 11:30:06.288201 2026] [php:error] [pid 30683] [client 20.89.194.119:0] script '/domains/king1969/set.php' not found or unable to stat
[Sun Feb 01 11:30:06.452882 2026] [php:error] [pid 30683] [client 20.89.194.119:0] script '/domains/king1969/bs2.php' not found or unable to stat
[Sun Feb 01 11:30:06.793711 2026] [php:error] [pid 30683] [client 20.89.194.119:0] script '/domains/king1969/gifclass.php' not found or unable to stat
[Sun Feb 01 11:30:07.157461 2026] [php:error] [pid 30683] [client 20.89.194.119:0] script '/domains/king1969/manager.php' not found or unable to stat
[Sun Feb 01 11:30:07.386992 2026] [php:error] [pid 30683] [client 20.89.194.119:0] script '/domains/king1969/xx.php' not found or unable to stat
[Sun Feb 01 11:30:07.551256 2026] [php:error] [pid 30683] [client 20.89.194.119:0] script '/domains/king1969/about.php' not found or unable to stat
[Sun Feb 01 11:30:07.715751 2026] [php:error] [pid 30683] [client 20.89.194.119:0] script '/domains/king1969/zfile.php' not found or unable to stat
[Sun Feb 01 11:30:07.880433 2026] [php:error] [pid 30683] [client 20.89.194.119:0] script '/domains/king1969/ccou.php' not found or unable to stat
[Sun Feb 01 11:30:08.045151 2026] [php:error] [pid 30683] [client 20.89.194.119:0] script '/domains/king1969/as.php' not found or unable to stat
[Sun Feb 01 11:30:08.209400 2026] [php:error] [pid 30683] [client 20.89.194.119:0] script '/domains/king1969/autoload_classmap.php' not found or unable to stat
[Sun Feb 01 11:30:08.549496 2026] [php:error] [pid 30683] [client 20.89.194.119:0] script '/domains/king1969/ar.php' not found or unable to stat
[Sun Feb 01 11:30:08.713772 2026] [php:error] [pid 30683] [client 20.89.194.119:0] script '/domains/king1969/css/index.php' not found or unable to stat
[Sun Feb 01 11:30:09.112930 2026] [php:error] [pid 30704] [client 104.28.203.58:0] script '/domains/bels/bolt.php' not found or unable to stat
[Sun Feb 01 11:30:09.506462 2026] [php:error] [pid 30704] [client 104.28.203.58:0] script '/domains/bels/shlo.php' not found or unable to stat
[Sun Feb 01 11:30:09.593703 2026] [php:error] [pid 30704] [client 104.28.203.58:0] script '/domains/bels/133.php' not found or unable to stat
[Sun Feb 01 11:30:09.774025 2026] [php:error] [pid 30704] [client 104.28.203.58:0] script '/domains/bels/ahax.php' not found or unable to stat
[Sun Feb 01 11:30:09.866869 2026] [php:error] [pid 30704] [client 104.28.203.58:0] script '/domains/bels/php8.php' not found or unable to stat
[Sun Feb 01 11:30:10.201513 2026] [php:error] [pid 30704] [client 104.28.203.58:0] script '/domains/bels/lufix1.php' not found or unable to stat
[Sun Feb 01 11:30:10.441315 2026] [php:error] [pid 30704] [client 104.28.203.58:0] script '/domains/bels/witmm.php' not found or unable to stat
[Sun Feb 01 11:30:11.931102 2026] [php:error] [pid 30704] [client 104.28.203.58:0] script '/domains/bels/ioxi-o.php' not found or unable to stat
[Sun Feb 01 11:30:12.107874 2026] [php:error] [pid 30704] [client 104.28.203.58:0] script '/domains/bels/222.php' not found or unable to stat
[Sun Feb 01 11:30:12.261133 2026] [php:error] [pid 30704] [client 104.28.203.58:0] script '/domains/bels/files.php' not found or unable to stat
[Sun Feb 01 11:30:12.498236 2026] [php:error] [pid 30704] [client 104.28.203.58:0] script '/domains/bels/wp-editor.php' not found or unable to stat
[Sun Feb 01 11:30:12.692195 2026] [php:error] [pid 30704] [client 104.28.203.58:0] script '/domains/bels/txets.php' not found or unable to stat
[Sun Feb 01 11:30:14.318311 2026] [php:error] [pid 30704] [client 104.28.203.58:0] script '/domains/bels/postnews.php' not found or unable to stat
[Sun Feb 01 11:30:42.147941 2026] [php:error] [pid 30704] [client 91.224.92.99:0] script '/domains/dcoffman/wp-login.php' not found or unable to stat
[Sun Feb 01 11:31:01.424494 2026] [php:error] [pid 30683] [client 145.239.10.137:0] script '/domains/homesbyaudrey1/psn.php' not found or unable to stat, referer: http://homesbyaudrey.com/psn.php
[Sun Feb 01 11:31:25.297938 2026] [php:error] [pid 30714] [client 172.81.130.114:0] script '/domains/performancepartsinc/wp-login.php' not found or unable to stat, referer: https://duckduckgo.com/
[Sun Feb 01 11:31:25.352926 2026] [php:error] [pid 30716] [client 172.81.130.114:0] script '/domains/performancepartsinc/wp-login.php' not found or unable to stat
[Sun Feb 01 11:31:29.903267 2026] [php:error] [pid 30695] [client 104.28.203.58:0] script '/domains/ltemple/style.php' not found or unable to stat
[Sun Feb 01 11:32:27.467235 2026] [php:error] [pid 30728] [client 104.28.203.58:0] script '/domains/nlyfoods/style.php' not found or unable to stat
[Sun Feb 01 11:32:28.092781 2026] [php:error] [pid 30728] [client 104.28.203.58:0] script '/domains/nlyfoods/chosen.php' not found or unable to stat
[Sun Feb 01 11:32:28.300265 2026] [php:error] [pid 30728] [client 104.28.203.58:0] script '/domains/nlyfoods/file.php' not found or unable to stat
[Sun Feb 01 11:32:28.838080 2026] [php:error] [pid 30728] [client 104.28.203.58:0] script '/domains/nlyfoods/flower.php' not found or unable to stat
[Sun Feb 01 11:32:29.374435 2026] [php:error] [pid 30728] [client 104.28.203.58:0] script '/domains/nlyfoods/gifclass.php' not found or unable to stat
[Sun Feb 01 11:32:29.634146 2026] [php:error] [pid 30728] [client 104.28.203.58:0] script '/domains/nlyfoods/bless.php' not found or unable to stat
[Sun Feb 01 11:32:29.819156 2026] [php:error] [pid 30728] [client 104.28.203.58:0] script '/domains/nlyfoods/class-t.api.php' not found or unable to stat
[Sun Feb 01 11:32:30.167336 2026] [php:error] [pid 30728] [client 104.28.203.58:0] script '/domains/nlyfoods/blurbs.php' not found or unable to stat
[Sun Feb 01 11:32:30.567013 2026] [php:error] [pid 30728] [client 104.28.203.58:0] script '/domains/nlyfoods/akcc.php' not found or unable to stat
[Sun Feb 01 11:32:30.713068 2026] [php:error] [pid 30728] [client 104.28.203.58:0] script '/domains/nlyfoods/abcd.php' not found or unable to stat
[Sun Feb 01 11:32:31.096854 2026] [php:error] [pid 30728] [client 104.28.203.58:0] script '/domains/nlyfoods/shelp.php' not found or unable to stat
[Sun Feb 01 11:32:31.246172 2026] [php:error] [pid 30728] [client 104.28.203.58:0] script '/domains/nlyfoods/cord.php' not found or unable to stat
[Sun Feb 01 11:32:35.427006 2026] [php:error] [pid 30728] [client 104.28.203.58:0] script '/domains/nlyfoods/dex.php' not found or unable to stat
[Sun Feb 01 11:32:36.082071 2026] [php:error] [pid 30728] [client 104.28.203.58:0] script '/domains/nlyfoods/file2.php' not found or unable to stat
[Sun Feb 01 11:32:47.314572 2026] [php:error] [pid 30742] [client 104.28.203.58:0] script '/domains/nlyfoods/zwso.php' not found or unable to stat
[Sun Feb 01 11:32:54.734701 2026] [php:error] [pid 30742] [client 130.12.181.143:0] script '/domains/nmksgroupweb/wp-login.php' not found or unable to stat, referer: https://www.facebook.com/
[Sun Feb 01 11:32:55.425145 2026] [php:error] [pid 30683] [client 130.12.181.143:0] script '/domains/nmksgroupweb/wp-login.php' not found or unable to stat, referer: https://www.google.com/search?q=wordpress
[Sun Feb 01 11:33:13.369133 2026] [php:error] [pid 30760] [client 20.200.210.155:0] script '/domains/carynm/aa.php' not found or unable to stat
[Sun Feb 01 11:33:14.772311 2026] [php:error] [pid 30760] [client 20.200.210.155:0] script '/domains/carynm/abcd.php' not found or unable to stat
[Sun Feb 01 11:33:16.139497 2026] [php:error] [pid 30760] [client 20.200.210.155:0] script '/domains/carynm/admin.php' not found or unable to stat
[Sun Feb 01 11:33:16.785612 2026] [php:error] [pid 30760] [client 20.200.210.155:0] script '/domains/carynm/buy.php' not found or unable to stat
[Sun Feb 01 11:33:17.476084 2026] [authz_core:error] [pid 30760] [client 20.200.210.155:0] AH01630: client denied by server configuration: /domains/carynm/cgi-bin/.htaccess
[Sun Feb 01 11:33:18.099040 2026] [php:error] [pid 30760] [client 20.200.210.155:0] script '/domains/carynm/edit.php' not found or unable to stat
[Sun Feb 01 11:33:19.638119 2026] [php:error] [pid 30760] [client 20.200.210.155:0] script '/domains/carynm/file.php' not found or unable to stat
[Sun Feb 01 11:33:19.860531 2026] [php:error] [pid 30760] [client 20.200.210.155:0] script '/domains/carynm/flower.php' not found or unable to stat
[Sun Feb 01 11:33:21.325893 2026] [php:error] [pid 30752] [client 104.28.203.58:0] script '/domains/carynm/style.php' not found or unable to stat
[Sun Feb 01 11:33:21.560420 2026] [php:error] [pid 30760] [client 20.200.210.155:0] script '/domains/carynm/images/index.php' not found or unable to stat
[Sun Feb 01 11:33:21.750666 2026] [php:error] [pid 30760] [client 20.200.210.155:0] script '/domains/carynm/info.php' not found or unable to stat
[Sun Feb 01 11:33:21.952275 2026] [php:error] [pid 30760] [client 20.200.210.155:0] script '/domains/carynm/ioxi-o.php' not found or unable to stat
[Sun Feb 01 11:33:23.516570 2026] [php:error] [pid 30760] [client 20.200.210.155:0] script '/domains/carynm/nc4.php' not found or unable to stat
[Sun Feb 01 11:33:25.127636 2026] [php:error] [pid 30760] [client 20.200.210.155:0] script '/domains/carynm/xleet.php' not found or unable to stat
[Sun Feb 01 11:33:27.293219 2026] [php:error] [pid 30752] [client 104.28.203.58:0] script '/domains/carynm/chosen.php' not found or unable to stat
[Sun Feb 01 11:33:27.368467 2026] [php:error] [pid 30752] [client 104.28.203.58:0] script '/domains/carynm/file.php' not found or unable to stat
[Sun Feb 01 11:33:27.440384 2026] [php:error] [pid 30752] [client 104.28.203.58:0] script '/domains/carynm/flower.php' not found or unable to stat
[Sun Feb 01 11:33:27.571738 2026] [php:error] [pid 30752] [client 104.28.203.58:0] script '/domains/carynm/gifclass.php' not found or unable to stat
[Sun Feb 01 11:33:27.630181 2026] [php:error] [pid 30760] [client 20.200.210.155:0] script '/domains/carynm/wp-good.php' not found or unable to stat
[Sun Feb 01 11:33:27.783608 2026] [php:error] [pid 30752] [client 104.28.203.58:0] script '/domains/carynm/bless.php' not found or unable to stat
[Sun Feb 01 11:33:27.948519 2026] [php:error] [pid 30752] [client 104.28.203.58:0] script '/domains/carynm/class-t.api.php' not found or unable to stat
[Sun Feb 01 11:33:28.208190 2026] [php:error] [pid 30752] [client 104.28.203.58:0] script '/domains/carynm/blurbs.php' not found or unable to stat
[Sun Feb 01 11:33:28.718547 2026] [php:error] [pid 30752] [client 104.28.203.58:0] script '/domains/carynm/akcc.php' not found or unable to stat
[Sun Feb 01 11:33:29.229252 2026] [core:crit] [pid 30773] (13)Permission denied: [client 216.244.66.241:0] AH00529: /domains/dcarlone/test/web/.htaccess pcfg_openfile: unable to check htaccess file, ensure it is readable and that '/domains/dcarlone/test/web/' is executable
[Sun Feb 01 11:33:29.711470 2026] [php:error] [pid 30752] [client 104.28.203.58:0] script '/domains/carynm/abcd.php' not found or unable to stat
[Sun Feb 01 11:33:30.197658 2026] [php:error] [pid 30752] [client 104.28.203.58:0] script '/domains/carynm/shelp.php' not found or unable to stat
[Sun Feb 01 11:33:30.729443 2026] [php:error] [pid 30752] [client 104.28.203.58:0] script '/domains/carynm/cord.php' not found or unable to stat
[Sun Feb 01 11:33:30.873542 2026] [php:error] [pid 30752] [client 104.28.203.58:0] script '/domains/carynm/dex.php' not found or unable to stat
[Sun Feb 01 11:33:31.358662 2026] [php:error] [pid 30760] [client 20.200.210.155:0] script '/domains/carynm/xmrlpc.php' not found or unable to stat
[Sun Feb 01 11:33:31.415386 2026] [php:error] [pid 30752] [client 104.28.203.58:0] script '/domains/carynm/file2.php' not found or unable to stat
[Sun Feb 01 11:33:31.585103 2026] [php:error] [pid 30752] [client 104.28.203.58:0] script '/domains/carynm/zwso.php' not found or unable to stat
[Sun Feb 01 11:33:32.854753 2026] [php:error] [pid 30760] [client 20.200.210.155:0] script '/domains/carynm/about.php' not found or unable to stat
[Sun Feb 01 11:33:34.241104 2026] [php:error] [pid 30760] [client 20.200.210.155:0] script '/domains/carynm/adminfuns.php' not found or unable to stat
[Sun Feb 01 11:33:35.000104 2026] [php:error] [pid 30760] [client 20.200.210.155:0] script '/domains/carynm/alfa.php' not found or unable to stat
[Sun Feb 01 11:33:35.801293 2026] [php:error] [pid 30760] [client 20.200.210.155:0] script '/domains/carynm/asasx.php' not found or unable to stat
[Sun Feb 01 11:33:36.481733 2026] [php:error] [pid 30760] [client 20.200.210.155:0] script '/domains/carynm/autoload_classmap.php' not found or unable to stat
[Sun Feb 01 11:33:36.754869 2026] [php:error] [pid 30752] [client 104.28.203.58:0] script '/domains/carynm/bolt.php' not found or unable to stat
[Sun Feb 01 11:33:37.222646 2026] [php:error] [pid 30760] [client 20.200.210.155:0] script '/domains/carynm/classwithtostring.php' not found or unable to stat
[Sun Feb 01 11:33:38.389306 2026] [php:error] [pid 30760] [client 20.200.210.155:0] script '/domains/carynm/cong.php' not found or unable to stat
[Sun Feb 01 11:33:39.142058 2026] [php:error] [pid 30760] [client 20.200.210.155:0] script '/domains/carynm/file2.php' not found or unable to stat
[Sun Feb 01 11:33:39.338327 2026] [php:error] [pid 30760] [client 20.200.210.155:0] script '/domains/carynm/moon.php' not found or unable to stat
[Sun Feb 01 11:33:39.916098 2026] [php:error] [pid 30752] [client 104.28.203.58:0] script '/domains/hofficer1/style.php' not found or unable to stat
[Sun Feb 01 11:33:40.944852 2026] [php:error] [pid 30752] [client 104.28.203.58:0] script '/domains/hofficer1/chosen.php' not found or unable to stat
[Sun Feb 01 11:33:41.079688 2026] [php:error] [pid 30752] [client 104.28.203.58:0] script '/domains/hofficer1/file.php' not found or unable to stat
[Sun Feb 01 11:33:41.172569 2026] [php:error] [pid 30752] [client 104.28.203.58:0] script '/domains/hofficer1/flower.php' not found or unable to stat
[Sun Feb 01 11:33:41.712451 2026] [php:error] [pid 30752] [client 104.28.203.58:0] script '/domains/hofficer1/gifclass.php' not found or unable to stat
[Sun Feb 01 11:33:42.005174 2026] [php:error] [pid 30752] [client 104.28.203.58:0] script '/domains/hofficer1/bless.php' not found or unable to stat
[Sun Feb 01 11:33:42.542677 2026] [php:error] [pid 30752] [client 104.28.203.58:0] script '/domains/hofficer1/class-t.api.php' not found or unable to stat
[Sun Feb 01 11:33:42.737431 2026] [php:error] [pid 30752] [client 104.28.203.58:0] script '/domains/hofficer1/blurbs.php' not found or unable to stat
[Sun Feb 01 11:33:43.792601 2026] [php:error] [pid 30752] [client 104.28.203.58:0] script '/domains/hofficer1/akcc.php' not found or unable to stat
[Sun Feb 01 11:33:45.853073 2026] [php:error] [pid 30760] [client 20.200.210.155:0] script '/domains/carynm/wp-cron.php' not found or unable to stat
[Sun Feb 01 11:33:50.950124 2026] [php:error] [pid 30770] [client 104.28.203.58:0] script '/domains/hofficer1/abcd.php' not found or unable to stat
[Sun Feb 01 11:33:51.214376 2026] [php:error] [pid 30770] [client 104.28.203.58:0] script '/domains/hofficer1/shelp.php' not found or unable to stat
[Sun Feb 01 11:33:51.640242 2026] [php:error] [pid 30770] [client 104.28.203.58:0] script '/domains/hofficer1/cord.php' not found or unable to stat
[Sun Feb 01 11:33:53.492423 2026] [php:error] [pid 30770] [client 104.28.203.58:0] script '/domains/hofficer1/dex.php' not found or unable to stat
[Sun Feb 01 11:33:54.249707 2026] [php:error] [pid 30770] [client 104.28.203.58:0] script '/domains/hofficer1/file2.php' not found or unable to stat
[Sun Feb 01 11:33:54.433113 2026] [php:error] [pid 30770] [client 104.28.203.58:0] script '/domains/hofficer1/zwso.php' not found or unable to stat
[Sun Feb 01 11:33:54.831584 2026] [php:error] [pid 30770] [client 104.28.203.58:0] script '/domains/hofficer1/bolt.php' not found or unable to stat
[Sun Feb 01 11:33:54.974099 2026] [php:error] [pid 30770] [client 104.28.203.58:0] script '/domains/hofficer1/shlo.php' not found or unable to stat
[Sun Feb 01 11:33:55.069091 2026] [php:error] [pid 30770] [client 104.28.203.58:0] script '/domains/hofficer1/133.php' not found or unable to stat
[Sun Feb 01 11:33:55.575086 2026] [php:error] [pid 30770] [client 104.28.203.58:0] script '/domains/hofficer1/ahax.php' not found or unable to stat
[Sun Feb 01 11:33:55.613313 2026] [php:error] [pid 30752] [client 104.28.203.58:0] script '/domains/ebon/style.php' not found or unable to stat
[Sun Feb 01 11:33:56.156311 2026] [php:error] [pid 30770] [client 104.28.203.58:0] script '/domains/hofficer1/php8.php' not found or unable to stat
[Sun Feb 01 11:33:56.225322 2026] [php:error] [pid 30770] [client 104.28.203.58:0] script '/domains/hofficer1/lufix1.php' not found or unable to stat
[Sun Feb 01 11:33:56.297226 2026] [php:error] [pid 30770] [client 104.28.203.58:0] script '/domains/hofficer1/witmm.php' not found or unable to stat
[Sun Feb 01 11:33:56.676774 2026] [php:error] [pid 30752] [client 104.28.203.58:0] script '/domains/ebon/chosen.php' not found or unable to stat
[Sun Feb 01 11:33:56.796212 2026] [php:error] [pid 30752] [client 104.28.203.58:0] script '/domains/ebon/file.php' not found or unable to stat
[Sun Feb 01 11:33:56.937764 2026] [php:error] [pid 30752] [client 104.28.203.58:0] script '/domains/ebon/flower.php' not found or unable to stat
[Sun Feb 01 11:33:57.074660 2026] [php:error] [pid 30752] [client 104.28.203.58:0] script '/domains/ebon/gifclass.php' not found or unable to stat
[Sun Feb 01 11:33:57.167289 2026] [php:error] [pid 30752] [client 104.28.203.58:0] script '/domains/ebon/bless.php' not found or unable to stat
[Sun Feb 01 11:33:57.170783 2026] [php:error] [pid 30770] [client 104.28.203.58:0] script '/domains/hofficer1/ioxi-o.php' not found or unable to stat
[Sun Feb 01 11:33:57.237351 2026] [php:error] [pid 30770] [client 104.28.203.58:0] script '/domains/hofficer1/222.php' not found or unable to stat
[Sun Feb 01 11:33:57.306119 2026] [php:error] [pid 30770] [client 104.28.203.58:0] script '/domains/hofficer1/files.php' not found or unable to stat
[Sun Feb 01 11:33:57.314643 2026] [php:error] [pid 30752] [client 104.28.203.58:0] script '/domains/ebon/class-t.api.php' not found or unable to stat
[Sun Feb 01 11:33:57.374115 2026] [php:error] [pid 30770] [client 104.28.203.58:0] script '/domains/hofficer1/wp-editor.php' not found or unable to stat
[Sun Feb 01 11:33:57.382012 2026] [php:error] [pid 30752] [client 104.28.203.58:0] script '/domains/ebon/blurbs.php' not found or unable to stat
[Sun Feb 01 11:33:57.457699 2026] [php:error] [pid 30752] [client 104.28.203.58:0] script '/domains/ebon/akcc.php' not found or unable to stat
[Sun Feb 01 11:33:57.480255 2026] [php:error] [pid 30770] [client 104.28.203.58:0] script '/domains/hofficer1/txets.php' not found or unable to stat
[Sun Feb 01 11:33:57.524143 2026] [php:error] [pid 30752] [client 104.28.203.58:0] script '/domains/ebon/abcd.php' not found or unable to stat
[Sun Feb 01 11:33:57.730050 2026] [php:error] [pid 30752] [client 104.28.203.58:0] script '/domains/ebon/shelp.php' not found or unable to stat
[Sun Feb 01 11:33:57.814499 2026] [php:error] [pid 30752] [client 104.28.203.58:0] script '/domains/ebon/cord.php' not found or unable to stat
[Sun Feb 01 11:33:57.941893 2026] [php:error] [pid 30752] [client 104.28.203.58:0] script '/domains/ebon/dex.php' not found or unable to stat
[Sun Feb 01 11:33:57.958345 2026] [php:error] [pid 30770] [client 104.28.203.58:0] script '/domains/hofficer1/postnews.php' not found or unable to stat
[Sun Feb 01 11:33:58.479054 2026] [php:error] [pid 30752] [client 104.28.203.58:0] script '/domains/ebon/file2.php' not found or unable to stat
[Sun Feb 01 11:33:58.716330 2026] [php:error] [pid 30752] [client 104.28.203.58:0] script '/domains/ebon/zwso.php' not found or unable to stat
[Sun Feb 01 11:33:59.083909 2026] [php:error] [pid 30752] [client 104.28.203.58:0] script '/domains/ebon/bolt.php' not found or unable to stat
[Sun Feb 01 11:33:59.198067 2026] [php:error] [pid 30752] [client 104.28.203.58:0] script '/domains/ebon/shlo.php' not found or unable to stat
[Sun Feb 01 11:33:59.527833 2026] [php:error] [pid 30752] [client 104.28.203.58:0] script '/domains/ebon/133.php' not found or unable to stat
[Sun Feb 01 11:33:59.621601 2026] [php:error] [pid 30752] [client 104.28.203.58:0] script '/domains/ebon/ahax.php' not found or unable to stat
[Sun Feb 01 11:33:59.779927 2026] [php:error] [pid 30752] [client 104.28.203.58:0] script '/domains/ebon/php8.php' not found or unable to stat
[Sun Feb 01 11:33:59.936359 2026] [php:error] [pid 30752] [client 104.28.203.58:0] script '/domains/ebon/lufix1.php' not found or unable to stat
[Sun Feb 01 11:34:00.009452 2026] [php:error] [pid 30752] [client 104.28.203.58:0] script '/domains/ebon/witmm.php' not found or unable to stat
[Sun Feb 01 11:34:00.890230 2026] [php:error] [pid 30752] [client 104.28.203.58:0] script '/domains/ebon/ioxi-o.php' not found or unable to stat
[Sun Feb 01 11:34:01.122836 2026] [php:error] [pid 30752] [client 104.28.203.58:0] script '/domains/ebon/222.php' not found or unable to stat
[Sun Feb 01 11:34:01.625783 2026] [php:error] [pid 30752] [client 104.28.203.58:0] script '/domains/ebon/files.php' not found or unable to stat
[Sun Feb 01 11:34:01.941718 2026] [php:error] [pid 30752] [client 104.28.203.58:0] script '/domains/ebon/wp-editor.php' not found or unable to stat
[Sun Feb 01 11:34:03.490741 2026] [php:error] [pid 30752] [client 104.28.203.58:0] script '/domains/ebon/txets.php' not found or unable to stat
[Sun Feb 01 11:34:08.230567 2026] [php:error] [pid 30752] [client 104.28.203.58:0] script '/domains/ebon/postnews.php' not found or unable to stat
[Sun Feb 01 11:34:09.647037 2026] [core:error] [pid 30769] [client 45.78.235.69:0] AH10244: invalid URI path (/cgi-bin/.%2e/.%2e/.%2e/.%2e/.%2e/.%2e/.%2e/.%2e/.%2e/.%2e/bin/sh)
[Sun Feb 01 11:34:11.239735 2026] [core:error] [pid 30774] [client 45.78.235.69:0] AH10244: invalid URI path (/cgi-bin/%%32%65%%32%65/%%32%65%%32%65/%%32%65%%32%65/%%32%65%%32%65/%%32%65%%32%65/%%32%65%%32%65/%%32%65%%32%65/bin/sh)
[Sun Feb 01 11:34:14.873472 2026] [php:error] [pid 30779] [client 104.28.203.58:0] script '/domains/micra/style.php' not found or unable to stat
[Sun Feb 01 11:34:18.589017 2026] [php:error] [pid 30779] [client 104.28.203.58:0] script '/domains/micra/chosen.php' not found or unable to stat
[Sun Feb 01 11:34:18.769478 2026] [php:error] [pid 30779] [client 104.28.203.58:0] script '/domains/micra/file.php' not found or unable to stat
[Sun Feb 01 11:34:18.866086 2026] [php:error] [pid 30779] [client 104.28.203.58:0] script '/domains/micra/flower.php' not found or unable to stat
[Sun Feb 01 11:34:18.955594 2026] [php:error] [pid 30779] [client 104.28.203.58:0] script '/domains/micra/gifclass.php' not found or unable to stat
[Sun Feb 01 11:34:19.242750 2026] [php:error] [pid 30779] [client 104.28.203.58:0] script '/domains/micra/bless.php' not found or unable to stat
[Sun Feb 01 11:34:19.335675 2026] [php:error] [pid 30779] [client 104.28.203.58:0] script '/domains/micra/class-t.api.php' not found or unable to stat
[Sun Feb 01 11:34:19.443366 2026] [php:error] [pid 30779] [client 104.28.203.58:0] script '/domains/micra/blurbs.php' not found or unable to stat
[Sun Feb 01 11:34:19.620409 2026] [php:error] [pid 30779] [client 104.28.203.58:0] script '/domains/micra/akcc.php' not found or unable to stat
[Sun Feb 01 11:34:19.956838 2026] [php:error] [pid 30779] [client 104.28.203.58:0] script '/domains/micra/abcd.php' not found or unable to stat
[Sun Feb 01 11:34:20.257747 2026] [php:error] [pid 30779] [client 104.28.203.58:0] script '/domains/micra/shelp.php' not found or unable to stat
[Sun Feb 01 11:34:20.440693 2026] [php:error] [pid 30779] [client 104.28.203.58:0] script '/domains/micra/cord.php' not found or unable to stat
[Sun Feb 01 11:34:21.095666 2026] [php:error] [pid 30779] [client 104.28.203.58:0] script '/domains/micra/dex.php' not found or unable to stat
[Sun Feb 01 11:34:21.386669 2026] [php:error] [pid 30779] [client 104.28.203.58:0] script '/domains/micra/file2.php' not found or unable to stat
[Sun Feb 01 11:34:21.668886 2026] [php:error] [pid 30779] [client 104.28.203.58:0] script '/domains/micra/zwso.php' not found or unable to stat
[Sun Feb 01 11:34:24.601756 2026] [php:error] [pid 30779] [client 104.28.203.58:0] script '/domains/micra/bolt.php' not found or unable to stat
[Sun Feb 01 11:34:24.911204 2026] [php:error] [pid 30779] [client 104.28.203.58:0] script '/domains/micra/shlo.php' not found or unable to stat
[Sun Feb 01 11:34:25.339017 2026] [php:error] [pid 30779] [client 104.28.203.58:0] script '/domains/micra/133.php' not found or unable to stat
[Sun Feb 01 11:34:25.506786 2026] [php:error] [pid 30779] [client 104.28.203.58:0] script '/domains/micra/ahax.php' not found or unable to stat
[Sun Feb 01 11:34:26.445098 2026] [php:error] [pid 30779] [client 104.28.203.58:0] script '/domains/micra/php8.php' not found or unable to stat
[Sun Feb 01 11:34:26.553101 2026] [php:error] [pid 30779] [client 104.28.203.58:0] script '/domains/micra/lufix1.php' not found or unable to stat
[Sun Feb 01 11:34:27.703082 2026] [php:error] [pid 30779] [client 104.28.203.58:0] script '/domains/micra/witmm.php' not found or unable to stat
[Sun Feb 01 11:34:29.159676 2026] [php:error] [pid 30779] [client 104.28.203.58:0] script '/domains/micra/ioxi-o.php' not found or unable to stat
[Sun Feb 01 11:34:29.276293 2026] [php:error] [pid 30779] [client 104.28.203.58:0] script '/domains/micra/222.php' not found or unable to stat
[Sun Feb 01 11:34:29.609161 2026] [php:error] [pid 30779] [client 104.28.203.58:0] script '/domains/micra/files.php' not found or unable to stat
[Sun Feb 01 11:34:29.754381 2026] [php:error] [pid 30779] [client 104.28.203.58:0] script '/domains/micra/wp-editor.php' not found or unable to stat
[Sun Feb 01 11:34:29.921186 2026] [php:error] [pid 30779] [client 104.28.203.58:0] script '/domains/micra/txets.php' not found or unable to stat
[Sun Feb 01 11:34:30.403070 2026] [php:error] [pid 30779] [client 104.28.203.58:0] script '/domains/micra/postnews.php' not found or unable to stat
[Sun Feb 01 11:34:39.402760 2026] [php:error] [pid 30769] [client 45.78.235.69:0] script '/domains/system_default/index.php' not found or unable to stat
[Sun Feb 01 11:34:40.787277 2026] [php:error] [pid 30769] [client 45.78.235.69:0] script '/domains/system_default/index.php' not found or unable to stat
[Sun Feb 01 11:34:41.447583 2026] [php:error] [pid 30769] [client 45.78.235.69:0] script '/domains/system_default/index.php' not found or unable to stat
[Sun Feb 01 11:35:12.125463 2026] [core:crit] [pid 30789] (13)Permission denied: [client 216.244.66.247:0] AH00529: /domains/performancepartsinc/graphics/psd/.htaccess pcfg_openfile: unable to check htaccess file, ensure it is readable and that '/domains/performancepartsinc/graphics/psd/' is executable
[Sun Feb 01 11:36:20.760959 2026] [php:error] [pid 30783] [client 20.78.169.245:0] script '/domains/highlandlabs/xmlrpc.php' not found or unable to stat
[Sun Feb 01 11:36:20.927467 2026] [php:error] [pid 30783] [client 20.78.169.245:0] script '/domains/highlandlabs/wp-trackback.php' not found or unable to stat
[Sun Feb 01 11:36:21.091851 2026] [php:error] [pid 30783] [client 20.78.169.245:0] script '/domains/highlandlabs/file.php' not found or unable to stat
[Sun Feb 01 11:36:21.264479 2026] [php:error] [pid 30783] [client 20.78.169.245:0] script '/domains/highlandlabs/rip.php' not found or unable to stat
[Sun Feb 01 11:36:21.433586 2026] [php:error] [pid 30783] [client 20.78.169.245:0] script '/domains/highlandlabs/autoload_classmap.php' not found or unable to stat
[Sun Feb 01 11:36:21.598136 2026] [php:error] [pid 30783] [client 20.78.169.245:0] script '/domains/highlandlabs/chosen.php' not found or unable to stat
[Sun Feb 01 11:36:21.774410 2026] [php:error] [pid 30783] [client 20.78.169.245:0] script '/domains/highlandlabs/classwithtostring.php' not found or unable to stat
[Sun Feb 01 11:36:21.938938 2026] [php:error] [pid 30783] [client 20.78.169.245:0] script '/domains/highlandlabs/defaults.php' not found or unable to stat
[Sun Feb 01 11:36:22.442205 2026] [php:error] [pid 30783] [client 20.78.169.245:0] script '/domains/highlandlabs/info.php' not found or unable to stat
[Sun Feb 01 11:36:22.606900 2026] [php:error] [pid 30783] [client 20.78.169.245:0] script '/domains/highlandlabs/elp.php' not found or unable to stat
[Sun Feb 01 11:36:23.431779 2026] [php:error] [pid 30783] [client 20.78.169.245:0] script '/domains/highlandlabs/adminfuns.php' not found or unable to stat
[Sun Feb 01 11:37:18.200887 2026] [php:error] [pid 30811] [client 104.28.203.58:0] script '/domains/astrosfm/style.php' not found or unable to stat
[Sun Feb 01 11:37:19.550692 2026] [php:error] [pid 30813] [client 20.205.97.28:0] script '/domains/koenig.interport/xmlrpc.php' not found or unable to stat
[Sun Feb 01 11:37:19.567176 2026] [php:error] [pid 30811] [client 104.28.203.58:0] script '/domains/astrosfm/chosen.php' not found or unable to stat
[Sun Feb 01 11:37:19.758031 2026] [php:error] [pid 30813] [client 20.205.97.28:0] script '/domains/koenig.interport/wp-trackback.php' not found or unable to stat
[Sun Feb 01 11:37:19.893847 2026] [php:error] [pid 30811] [client 104.28.203.58:0] script '/domains/astrosfm/file.php' not found or unable to stat
[Sun Feb 01 11:37:19.966233 2026] [php:error] [pid 30813] [client 20.205.97.28:0] script '/domains/koenig.interport/file.php' not found or unable to stat
[Sun Feb 01 11:37:20.151324 2026] [php:error] [pid 30811] [client 104.28.203.58:0] script '/domains/astrosfm/flower.php' not found or unable to stat
[Sun Feb 01 11:37:20.177846 2026] [php:error] [pid 30813] [client 20.205.97.28:0] script '/domains/koenig.interport/rip.php' not found or unable to stat
[Sun Feb 01 11:37:20.385379 2026] [php:error] [pid 30813] [client 20.205.97.28:0] script '/domains/koenig.interport/autoload_classmap.php' not found or unable to stat
[Sun Feb 01 11:37:20.419191 2026] [php:error] [pid 30811] [client 104.28.203.58:0] script '/domains/astrosfm/gifclass.php' not found or unable to stat
[Sun Feb 01 11:37:20.501449 2026] [php:error] [pid 30811] [client 104.28.203.58:0] script '/domains/astrosfm/bless.php' not found or unable to stat
[Sun Feb 01 11:37:20.574970 2026] [php:error] [pid 30811] [client 104.28.203.58:0] script '/domains/astrosfm/class-t.api.php' not found or unable to stat
[Sun Feb 01 11:37:20.593065 2026] [php:error] [pid 30813] [client 20.205.97.28:0] script '/domains/koenig.interport/chosen.php' not found or unable to stat
[Sun Feb 01 11:37:20.659123 2026] [php:error] [pid 30811] [client 104.28.203.58:0] script '/domains/astrosfm/blurbs.php' not found or unable to stat
[Sun Feb 01 11:37:20.769622 2026] [php:error] [pid 30811] [client 104.28.203.58:0] script '/domains/astrosfm/akcc.php' not found or unable to stat
[Sun Feb 01 11:37:20.800037 2026] [php:error] [pid 30813] [client 20.205.97.28:0] script '/domains/koenig.interport/classwithtostring.php' not found or unable to stat
[Sun Feb 01 11:37:20.871352 2026] [php:error] [pid 30811] [client 104.28.203.58:0] script '/domains/astrosfm/abcd.php' not found or unable to stat
[Sun Feb 01 11:37:21.007148 2026] [php:error] [pid 30813] [client 20.205.97.28:0] script '/domains/koenig.interport/defaults.php' not found or unable to stat
[Sun Feb 01 11:37:21.103549 2026] [php:error] [pid 30811] [client 104.28.203.58:0] script '/domains/astrosfm/shelp.php' not found or unable to stat
[Sun Feb 01 11:37:21.640053 2026] [php:error] [pid 30813] [client 20.205.97.28:0] script '/domains/koenig.interport/info.php' not found or unable to stat
[Sun Feb 01 11:37:21.850081 2026] [php:error] [pid 30813] [client 20.205.97.28:0] script '/domains/koenig.interport/elp.php' not found or unable to stat
[Sun Feb 01 11:37:22.338862 2026] [php:error] [pid 30811] [client 104.28.203.58:0] script '/domains/astrosfm/cord.php' not found or unable to stat
[Sun Feb 01 11:37:22.422535 2026] [php:error] [pid 30811] [client 104.28.203.58:0] script '/domains/astrosfm/dex.php' not found or unable to stat
[Sun Feb 01 11:37:22.888043 2026] [php:error] [pid 30813] [client 20.205.97.28:0] script '/domains/koenig.interport/adminfuns.php' not found or unable to stat
[Sun Feb 01 11:37:23.785143 2026] [php:error] [pid 30811] [client 104.28.203.58:0] script '/domains/astrosfm/file2.php' not found or unable to stat
[Sun Feb 01 11:37:25.164824 2026] [php:error] [pid 30811] [client 104.28.203.58:0] script '/domains/astrosfm/zwso.php' not found or unable to stat
[Sun Feb 01 11:38:01.931680 2026] [core:crit] [pid 30817] (13)Permission denied: [client 144.76.32.120:0] AH00529: /domains/performancepartsinc/graphics/psd/.htaccess pcfg_openfile: unable to check htaccess file, ensure it is readable and that '/domains/performancepartsinc/graphics/psd/' is executable
[Sun Feb 01 11:38:02.629344 2026] [php:error] [pid 30827] [client 51.38.109.223:0] script '/domains/wsmith.enteract/xmlrpc.php' not found or unable to stat
[Sun Feb 01 11:38:57.729794 2026] [php:error] [pid 30832] [client 104.28.235.58:0] script '/domains/markrose/style.php' not found or unable to stat
[Sun Feb 01 11:38:58.640413 2026] [php:error] [pid 30832] [client 104.28.235.58:0] script '/domains/markrose/chosen.php' not found or unable to stat
[Sun Feb 01 11:38:58.711052 2026] [php:error] [pid 30832] [client 104.28.235.58:0] script '/domains/markrose/file.php' not found or unable to stat
