[Sat Jan 31 06:40:03.245988 2026] [php:error] [pid 82040] [client 20.240.47.47:0] script '/domains/hand-hammerweb/re.php' not found or unable to stat
[Sat Jan 31 06:40:03.341393 2026] [php:error] [pid 82040] [client 20.240.47.47:0] script '/domains/hand-hammerweb/ms-edit.php' not found or unable to stat
[Sat Jan 31 06:40:03.436812 2026] [php:error] [pid 82040] [client 20.240.47.47:0] script '/domains/hand-hammerweb/w2025.php' not found or unable to stat
[Sat Jan 31 06:40:06.118641 2026] [php:error] [pid 82034] [client 91.92.242.183:0] script '/domains/system_default/wp-login.php' not found or unable to stat, referer: https://www.google.com/
[Sat Jan 31 06:40:06.403116 2026] [php:error] [pid 82032] [client 91.92.242.183:0] script '/domains/system_default/wp-login.php' not found or unable to stat
[Sat Jan 31 06:40:21.767383 2026] [php:error] [pid 82060] [client 20.46.176.183:0] script '/domains/vangoghagainweb/wp-trackback.php' not found or unable to stat
[Sat Jan 31 06:40:21.926053 2026] [php:error] [pid 82060] [client 20.46.176.183:0] script '/domains/vangoghagainweb/about.php' not found or unable to stat
[Sat Jan 31 06:40:22.085122 2026] [php:error] [pid 82060] [client 20.46.176.183:0] script '/domains/vangoghagainweb/file.php' not found or unable to stat
[Sat Jan 31 06:40:22.243971 2026] [php:error] [pid 82060] [client 20.46.176.183:0] script '/domains/vangoghagainweb/wp-good.php' not found or unable to stat
[Sat Jan 31 06:40:22.403171 2026] [php:error] [pid 82060] [client 20.46.176.183:0] script '/domains/vangoghagainweb/xmlrpc.php' not found or unable to stat
[Sat Jan 31 06:40:22.562828 2026] [php:error] [pid 82060] [client 20.46.176.183:0] script '/domains/vangoghagainweb/goods.php' not found or unable to stat
[Sat Jan 31 06:40:22.723128 2026] [php:error] [pid 82060] [client 20.46.176.183:0] script '/domains/vangoghagainweb/ioxi-o.php' not found or unable to stat
[Sat Jan 31 06:40:22.888132 2026] [php:error] [pid 82060] [client 20.46.176.183:0] script '/domains/vangoghagainweb/class-t.api.php' not found or unable to stat
[Sat Jan 31 06:40:23.047970 2026] [php:error] [pid 82060] [client 20.46.176.183:0] script '/domains/vangoghagainweb/admin.php' not found or unable to stat
[Sat Jan 31 06:40:23.207697 2026] [php:error] [pid 82060] [client 20.46.176.183:0] script '/domains/vangoghagainweb/sf.php' not found or unable to stat
[Sat Jan 31 06:40:23.372639 2026] [php:error] [pid 82060] [client 20.46.176.183:0] script '/domains/vangoghagainweb/rip.php' not found or unable to stat
[Sat Jan 31 06:40:23.531484 2026] [php:error] [pid 82060] [client 20.46.176.183:0] script '/domains/vangoghagainweb/autoload_classmap.php' not found or unable to stat
[Sat Jan 31 06:40:23.690144 2026] [php:error] [pid 82060] [client 20.46.176.183:0] script '/domains/vangoghagainweb/chosen.php' not found or unable to stat
[Sat Jan 31 06:40:23.849626 2026] [php:error] [pid 82060] [client 20.46.176.183:0] script '/domains/vangoghagainweb/classwithtostring.php' not found or unable to stat
[Sat Jan 31 06:40:24.008786 2026] [php:error] [pid 82060] [client 20.46.176.183:0] script '/domains/vangoghagainweb/defaults.php' not found or unable to stat
[Sat Jan 31 06:40:24.805722 2026] [php:error] [pid 82060] [client 20.46.176.183:0] script '/domains/vangoghagainweb/info.php' not found or unable to stat
[Sat Jan 31 06:40:25.917876 2026] [php:error] [pid 82060] [client 20.46.176.183:0] script '/domains/vangoghagainweb/adminfuns.php' not found or unable to stat
[Sat Jan 31 06:40:30.091204 2026] [php:error] [pid 82047] [client 62.60.130.210:0] script '/domains/supolo/wp-login.php' not found or unable to stat, referer: https://wordpress.org/
[Sat Jan 31 06:40:31.006461 2026] [php:error] [pid 82042] [client 62.60.130.210:0] script '/domains/supolo/wp-login.php' not found or unable to stat
[Sat Jan 31 06:40:33.682237 2026] [php:error] [pid 82062] [client 62.60.130.210:0] script '/domains/piltdweb1/wp-login.php' not found or unable to stat, referer: https://www.facebook.com/
[Sat Jan 31 06:40:34.547141 2026] [php:error] [pid 82040] [client 62.60.130.210:0] script '/domains/piltdweb1/wp-login.php' not found or unable to stat, referer: https://twitter.com/
[Sat Jan 31 06:41:04.251257 2026] [core:crit] [pid 82047] (13)Permission denied: [client 207.166.177.119:0] AH00529: /domains/performancepartsinc/graphics/psd/.htaccess pcfg_openfile: unable to check htaccess file, ensure it is readable and that '/domains/performancepartsinc/graphics/psd/' is executable
[Sat Jan 31 06:41:11.391975 2026] [php:error] [pid 82047] [client 4.193.194.148:0] script '/domains/smartny/wp-trackback.php' not found or unable to stat
[Sat Jan 31 06:41:11.623559 2026] [php:error] [pid 82047] [client 4.193.194.148:0] script '/domains/smartny/about.php' not found or unable to stat
[Sat Jan 31 06:41:11.855411 2026] [php:error] [pid 82047] [client 4.193.194.148:0] script '/domains/smartny/file.php' not found or unable to stat
[Sat Jan 31 06:41:12.087153 2026] [php:error] [pid 82047] [client 4.193.194.148:0] script '/domains/smartny/wp-good.php' not found or unable to stat
[Sat Jan 31 06:41:12.329004 2026] [php:error] [pid 82047] [client 4.193.194.148:0] script '/domains/smartny/xmlrpc.php' not found or unable to stat
[Sat Jan 31 06:41:12.562483 2026] [php:error] [pid 82047] [client 4.193.194.148:0] script '/domains/smartny/goods.php' not found or unable to stat
[Sat Jan 31 06:41:12.802403 2026] [php:error] [pid 82047] [client 4.193.194.148:0] script '/domains/smartny/ioxi-o.php' not found or unable to stat
[Sat Jan 31 06:41:13.034328 2026] [php:error] [pid 82047] [client 4.193.194.148:0] script '/domains/smartny/class-t.api.php' not found or unable to stat
[Sat Jan 31 06:41:13.267338 2026] [php:error] [pid 82047] [client 4.193.194.148:0] script '/domains/smartny/admin.php' not found or unable to stat
[Sat Jan 31 06:41:13.498947 2026] [php:error] [pid 82047] [client 4.193.194.148:0] script '/domains/smartny/sf.php' not found or unable to stat
[Sat Jan 31 06:41:13.739731 2026] [php:error] [pid 82047] [client 4.193.194.148:0] script '/domains/smartny/rip.php' not found or unable to stat
[Sat Jan 31 06:41:13.974202 2026] [php:error] [pid 82047] [client 4.193.194.148:0] script '/domains/smartny/autoload_classmap.php' not found or unable to stat
[Sat Jan 31 06:41:14.205686 2026] [php:error] [pid 82047] [client 4.193.194.148:0] script '/domains/smartny/chosen.php' not found or unable to stat
[Sat Jan 31 06:41:14.438821 2026] [php:error] [pid 82047] [client 4.193.194.148:0] script '/domains/smartny/classwithtostring.php' not found or unable to stat
[Sat Jan 31 06:41:14.671976 2026] [php:error] [pid 82047] [client 4.193.194.148:0] script '/domains/smartny/defaults.php' not found or unable to stat
[Sat Jan 31 06:41:15.835587 2026] [php:error] [pid 82047] [client 4.193.194.148:0] script '/domains/smartny/info.php' not found or unable to stat
[Sat Jan 31 06:41:17.497639 2026] [php:error] [pid 82047] [client 4.193.194.148:0] script '/domains/smartny/adminfuns.php' not found or unable to stat
[Sat Jan 31 06:41:50.832732 2026] [php:error] [pid 82064] [client 172.81.130.114:0] script '/domains/msintl/wp-login.php' not found or unable to stat, referer: https://www.google.com/
[Sat Jan 31 06:41:50.915134 2026] [php:error] [pid 82065] [client 172.81.130.114:0] script '/domains/msintl/wp-login.php' not found or unable to stat, referer: https://www.bing.com/
[Sat Jan 31 06:42:29.258592 2026] [php:error] [pid 82063] [client 109.205.211.39:0] script '/domains/resourceandeventweb/wp-login.php' not found or unable to stat, referer: https://www.bing.com/
[Sat Jan 31 06:43:31.557823 2026] [php:error] [pid 82079] [client 13.75.54.243:0] script '/domains/windsorweb/wp-trackback.php' not found or unable to stat
[Sat Jan 31 06:43:31.770235 2026] [php:error] [pid 82079] [client 13.75.54.243:0] script '/domains/windsorweb/about.php' not found or unable to stat
[Sat Jan 31 06:43:31.991686 2026] [php:error] [pid 82079] [client 13.75.54.243:0] script '/domains/windsorweb/file.php' not found or unable to stat
[Sat Jan 31 06:43:32.208288 2026] [php:error] [pid 82079] [client 13.75.54.243:0] script '/domains/windsorweb/wp-good.php' not found or unable to stat
[Sat Jan 31 06:43:32.420528 2026] [php:error] [pid 82079] [client 13.75.54.243:0] script '/domains/windsorweb/xmlrpc.php' not found or unable to stat
[Sat Jan 31 06:43:32.633928 2026] [php:error] [pid 82079] [client 13.75.54.243:0] script '/domains/windsorweb/goods.php' not found or unable to stat
[Sat Jan 31 06:43:32.846377 2026] [php:error] [pid 82079] [client 13.75.54.243:0] script '/domains/windsorweb/ioxi-o.php' not found or unable to stat
[Sat Jan 31 06:43:33.064120 2026] [php:error] [pid 82079] [client 13.75.54.243:0] script '/domains/windsorweb/class-t.api.php' not found or unable to stat
[Sat Jan 31 06:43:33.283106 2026] [php:error] [pid 82079] [client 13.75.54.243:0] script '/domains/windsorweb/admin.php' not found or unable to stat
[Sat Jan 31 06:43:33.499712 2026] [php:error] [pid 82079] [client 13.75.54.243:0] script '/domains/windsorweb/sf.php' not found or unable to stat
[Sat Jan 31 06:43:33.716679 2026] [php:error] [pid 82079] [client 13.75.54.243:0] script '/domains/windsorweb/rip.php' not found or unable to stat
[Sat Jan 31 06:43:33.935986 2026] [php:error] [pid 82079] [client 13.75.54.243:0] script '/domains/windsorweb/autoload_classmap.php' not found or unable to stat
[Sat Jan 31 06:43:34.166024 2026] [php:error] [pid 82079] [client 13.75.54.243:0] script '/domains/windsorweb/chosen.php' not found or unable to stat
[Sat Jan 31 06:43:34.377856 2026] [php:error] [pid 82079] [client 13.75.54.243:0] script '/domains/windsorweb/classwithtostring.php' not found or unable to stat
[Sat Jan 31 06:43:34.594665 2026] [php:error] [pid 82079] [client 13.75.54.243:0] script '/domains/windsorweb/defaults.php' not found or unable to stat
[Sat Jan 31 06:43:35.673629 2026] [php:error] [pid 82079] [client 13.75.54.243:0] script '/domains/windsorweb/info.php' not found or unable to stat
[Sat Jan 31 06:43:37.173720 2026] [php:error] [pid 82079] [client 13.75.54.243:0] script '/domains/windsorweb/adminfuns.php' not found or unable to stat
[Sat Jan 31 06:43:42.209931 2026] [php:error] [pid 82085] [client 52.140.123.244:0] script '/domains/biehlweb/0byte.php' not found or unable to stat
[Sat Jan 31 06:43:42.422819 2026] [php:error] [pid 82085] [client 52.140.123.244:0] script '/domains/biehlweb/LV.php' not found or unable to stat
[Sat Jan 31 06:43:42.635556 2026] [php:error] [pid 82085] [client 52.140.123.244:0] script '/domains/biehlweb/Sanskrit.php' not found or unable to stat
[Sat Jan 31 06:43:43.065243 2026] [php:error] [pid 82085] [client 52.140.123.244:0] script '/domains/biehlweb/cgi-bin/class.api.php' not found or unable to stat
[Sat Jan 31 06:43:43.708426 2026] [php:error] [pid 82085] [client 52.140.123.244:0] script '/domains/biehlweb/contacts.php' not found or unable to stat
[Sat Jan 31 06:43:43.922647 2026] [php:error] [pid 82085] [client 52.140.123.244:0] script '/domains/biehlweb/css/css.php' not found or unable to stat
[Sat Jan 31 06:43:44.135941 2026] [php:error] [pid 82085] [client 52.140.123.244:0] script '/domains/biehlweb/dump.php' not found or unable to stat
[Sat Jan 31 06:43:44.355245 2026] [php:error] [pid 82085] [client 52.140.123.244:0] script '/domains/biehlweb/ext.php' not found or unable to stat
[Sat Jan 31 06:43:44.997320 2026] [php:error] [pid 82085] [client 52.140.123.244:0] script '/domains/biehlweb/gifclass.php' not found or unable to stat
[Sat Jan 31 06:43:45.211445 2026] [php:error] [pid 82085] [client 52.140.123.244:0] script '/domains/biehlweb/images/class.php' not found or unable to stat
[Sat Jan 31 06:43:45.424481 2026] [php:error] [pid 82085] [client 52.140.123.244:0] script '/domains/biehlweb/images/wp-aespa.php' not found or unable to stat
[Sat Jan 31 06:43:45.639983 2026] [php:error] [pid 82085] [client 52.140.123.244:0] script '/domains/biehlweb/js/wp-login.php' not found or unable to stat
[Sat Jan 31 06:43:45.853148 2026] [php:error] [pid 82085] [client 52.140.123.244:0] script '/domains/biehlweb/l.php' not found or unable to stat
[Sat Jan 31 06:43:46.068166 2026] [php:error] [pid 82085] [client 52.140.123.244:0] script '/domains/biehlweb/litespeed.php' not found or unable to stat
[Sat Jan 31 06:43:46.281952 2026] [php:error] [pid 82085] [client 52.140.123.244:0] script '/domains/biehlweb/natural.php' not found or unable to stat
[Sat Jan 31 06:43:47.399417 2026] [php:error] [pid 82085] [client 52.140.123.244:0] script '/domains/biehlweb/sitemap.php' not found or unable to stat
[Sat Jan 31 06:43:48.895499 2026] [php:error] [pid 82085] [client 52.140.123.244:0] script '/domains/biehlweb/worm.PhP' not found or unable to stat
[Sat Jan 31 06:43:52.784075 2026] [php:error] [pid 82085] [client 52.140.123.244:0] script '/domains/biehlweb/wp-commentin.php' not found or unable to stat
[Sat Jan 31 06:43:52.997279 2026] [php:error] [pid 82085] [client 52.140.123.244:0] script '/domains/biehlweb/wp-content.php' not found or unable to stat
[Sat Jan 31 06:43:54.033637 2026] [php:error] [pid 82077] [client 20.194.29.45:0] script '/domains/lover/wp-trackback.php' not found or unable to stat
[Sat Jan 31 06:43:54.217582 2026] [php:error] [pid 82077] [client 20.194.29.45:0] script '/domains/lover/about.php' not found or unable to stat
[Sat Jan 31 06:43:54.400792 2026] [php:error] [pid 82077] [client 20.194.29.45:0] script '/domains/lover/file.php' not found or unable to stat
[Sat Jan 31 06:43:54.584915 2026] [php:error] [pid 82077] [client 20.194.29.45:0] script '/domains/lover/wp-good.php' not found or unable to stat
[Sat Jan 31 06:43:54.769000 2026] [php:error] [pid 82077] [client 20.194.29.45:0] script '/domains/lover/xmlrpc.php' not found or unable to stat
[Sat Jan 31 06:43:54.954521 2026] [php:error] [pid 82077] [client 20.194.29.45:0] script '/domains/lover/goods.php' not found or unable to stat
[Sat Jan 31 06:43:55.137907 2026] [php:error] [pid 82077] [client 20.194.29.45:0] script '/domains/lover/ioxi-o.php' not found or unable to stat
[Sat Jan 31 06:43:55.321423 2026] [php:error] [pid 82077] [client 20.194.29.45:0] script '/domains/lover/class-t.api.php' not found or unable to stat
[Sat Jan 31 06:43:55.507886 2026] [php:error] [pid 82077] [client 20.194.29.45:0] script '/domains/lover/admin.php' not found or unable to stat
[Sat Jan 31 06:43:55.692171 2026] [php:error] [pid 82077] [client 20.194.29.45:0] script '/domains/lover/sf.php' not found or unable to stat
[Sat Jan 31 06:43:55.875619 2026] [php:error] [pid 82077] [client 20.194.29.45:0] script '/domains/lover/rip.php' not found or unable to stat
[Sat Jan 31 06:43:55.989418 2026] [php:error] [pid 82085] [client 52.140.123.244:0] script '/domains/biehlweb/wp-fmfile.php' not found or unable to stat
[Sat Jan 31 06:43:56.058701 2026] [php:error] [pid 82077] [client 20.194.29.45:0] script '/domains/lover/autoload_classmap.php' not found or unable to stat
[Sat Jan 31 06:43:56.206598 2026] [php:error] [pid 82085] [client 52.140.123.244:0] script '/domains/biehlweb/wp-good.php' not found or unable to stat
[Sat Jan 31 06:43:56.242305 2026] [php:error] [pid 82077] [client 20.194.29.45:0] script '/domains/lover/chosen.php' not found or unable to stat
[Sat Jan 31 06:43:56.426260 2026] [php:error] [pid 82077] [client 20.194.29.45:0] script '/domains/lover/classwithtostring.php' not found or unable to stat
[Sat Jan 31 06:43:56.614264 2026] [php:error] [pid 82077] [client 20.194.29.45:0] script '/domains/lover/defaults.php' not found or unable to stat
[Sat Jan 31 06:43:57.532762 2026] [php:error] [pid 82077] [client 20.194.29.45:0] script '/domains/lover/info.php' not found or unable to stat
[Sat Jan 31 06:43:58.828135 2026] [php:error] [pid 82077] [client 20.194.29.45:0] script '/domains/lover/adminfuns.php' not found or unable to stat
[Sat Jan 31 06:44:02.005505 2026] [php:error] [pid 82085] [client 52.140.123.244:0] script '/domains/biehlweb/wp-themes.php' not found or unable to stat
[Sat Jan 31 06:44:02.219209 2026] [php:error] [pid 82085] [client 52.140.123.244:0] script '/domains/biehlweb/wp-user.php' not found or unable to stat
[Sat Jan 31 06:44:02.431841 2026] [php:error] [pid 82085] [client 52.140.123.244:0] script '/domains/biehlweb/wp_wlx.php' not found or unable to stat
[Sat Jan 31 06:44:02.644357 2026] [php:error] [pid 82085] [client 52.140.123.244:0] script '/domains/biehlweb/wpn.php' not found or unable to stat
[Sat Jan 31 06:44:15.566179 2026] [php:error] [pid 82086] [client 74.248.24.238:0] script '/domains/piltdweb1/baidu.php' not found or unable to stat
[Sat Jan 31 06:44:15.667415 2026] [php:error] [pid 82086] [client 74.248.24.238:0] script '/domains/piltdweb1/Jcrop.php' not found or unable to stat
[Sat Jan 31 06:44:15.768186 2026] [php:error] [pid 82086] [client 74.248.24.238:0] script '/domains/piltdweb1/xfile25.php' not found or unable to stat
[Sat Jan 31 06:44:15.936681 2026] [php:error] [pid 82086] [client 74.248.24.238:0] script '/domains/piltdweb1/aurax.php' not found or unable to stat
[Sat Jan 31 06:44:16.054210 2026] [php:error] [pid 82086] [client 74.248.24.238:0] script '/domains/piltdweb1/ok.php' not found or unable to stat
[Sat Jan 31 06:44:16.160146 2026] [php:error] [pid 82086] [client 74.248.24.238:0] script '/domains/piltdweb1/tourpa.php' not found or unable to stat
[Sat Jan 31 06:44:16.318558 2026] [php:error] [pid 82086] [client 74.248.24.238:0] script '/domains/piltdweb1/wxpass.php' not found or unable to stat
[Sat Jan 31 06:44:16.418058 2026] [php:error] [pid 82086] [client 74.248.24.238:0] script '/domains/piltdweb1/il.php' not found or unable to stat
[Sat Jan 31 06:44:16.536412 2026] [php:error] [pid 82086] [client 74.248.24.238:0] script '/domains/piltdweb1/muzu.php' not found or unable to stat
[Sat Jan 31 06:44:16.657863 2026] [php:error] [pid 82086] [client 74.248.24.238:0] script '/domains/piltdweb1/sd.php' not found or unable to stat
[Sat Jan 31 06:44:16.760241 2026] [php:error] [pid 82086] [client 74.248.24.238:0] script '/domains/piltdweb1/fi.php' not found or unable to stat
[Sat Jan 31 06:44:16.859522 2026] [php:error] [pid 82086] [client 74.248.24.238:0] script '/domains/piltdweb1/zfe.php' not found or unable to stat
[Sat Jan 31 06:44:16.958915 2026] [php:error] [pid 82086] [client 74.248.24.238:0] script '/domains/piltdweb1/save.php' not found or unable to stat
[Sat Jan 31 06:44:17.058160 2026] [php:error] [pid 82086] [client 74.248.24.238:0] script '/domains/piltdweb1/X5fCS.php' not found or unable to stat
[Sat Jan 31 06:44:17.157854 2026] [php:error] [pid 82086] [client 74.248.24.238:0] script '/domains/piltdweb1/jsond.php' not found or unable to stat
[Sat Jan 31 06:44:17.257289 2026] [php:error] [pid 82086] [client 74.248.24.238:0] script '/domains/piltdweb1/aa2.php' not found or unable to stat
[Sat Jan 31 06:44:17.356591 2026] [php:error] [pid 82086] [client 74.248.24.238:0] script '/domains/piltdweb1/reze.php' not found or unable to stat
[Sat Jan 31 06:44:17.456412 2026] [php:error] [pid 82086] [client 74.248.24.238:0] script '/domains/piltdweb1/ph33w.php' not found or unable to stat
[Sat Jan 31 06:44:17.555863 2026] [php:error] [pid 82086] [client 74.248.24.238:0] script '/domains/piltdweb1/styll.php' not found or unable to stat
[Sat Jan 31 06:44:17.656139 2026] [php:error] [pid 82086] [client 74.248.24.238:0] script '/domains/piltdweb1/it.php' not found or unable to stat
[Sat Jan 31 06:44:17.769703 2026] [php:error] [pid 82086] [client 74.248.24.238:0] script '/domains/piltdweb1/wwx.php' not found or unable to stat
[Sat Jan 31 06:44:17.869302 2026] [php:error] [pid 82086] [client 74.248.24.238:0] script '/domains/piltdweb1/x7.php' not found or unable to stat
[Sat Jan 31 06:44:17.982634 2026] [php:error] [pid 82086] [client 74.248.24.238:0] script '/domains/piltdweb1/1a.php' not found or unable to stat
[Sat Jan 31 06:44:18.187168 2026] [php:error] [pid 82086] [client 74.248.24.238:0] script '/domains/piltdweb1/thebe.php' not found or unable to stat
[Sat Jan 31 06:44:18.303131 2026] [php:error] [pid 82086] [client 74.248.24.238:0] script '/domains/piltdweb1/ddd.php' not found or unable to stat
[Sat Jan 31 06:44:18.402589 2026] [php:error] [pid 82086] [client 74.248.24.238:0] script '/domains/piltdweb1/ccs.php' not found or unable to stat
[Sat Jan 31 06:44:18.545443 2026] [php:error] [pid 82086] [client 74.248.24.238:0] script '/domains/piltdweb1/sad5.php' not found or unable to stat
[Sat Jan 31 06:44:18.693462 2026] [php:error] [pid 82086] [client 74.248.24.238:0] script '/domains/piltdweb1/xvde.php' not found or unable to stat
[Sat Jan 31 06:44:18.956467 2026] [php:error] [pid 82086] [client 74.248.24.238:0] script '/domains/piltdweb1/f355.php' not found or unable to stat
[Sat Jan 31 06:44:19.068726 2026] [php:error] [pid 82086] [client 74.248.24.238:0] script '/domains/piltdweb1/bgymj.php' not found or unable to stat
[Sat Jan 31 06:44:19.169272 2026] [php:error] [pid 82086] [client 74.248.24.238:0] script '/domains/piltdweb1/wp-mt.php' not found or unable to stat
[Sat Jan 31 06:44:19.293293 2026] [php:error] [pid 82086] [client 74.248.24.238:0] script '/domains/piltdweb1/lala.php' not found or unable to stat
[Sat Jan 31 06:44:19.392197 2026] [php:error] [pid 82086] [client 74.248.24.238:0] script '/domains/piltdweb1/8xyz.php' not found or unable to stat
[Sat Jan 31 06:44:19.493523 2026] [php:error] [pid 82086] [client 74.248.24.238:0] script '/domains/piltdweb1/la.php' not found or unable to stat
[Sat Jan 31 06:44:19.593246 2026] [php:error] [pid 82086] [client 74.248.24.238:0] script '/domains/piltdweb1/ioxi.php' not found or unable to stat
[Sat Jan 31 06:44:19.765534 2026] [php:error] [pid 82086] [client 74.248.24.238:0] script '/domains/piltdweb1/xpwer1.php' not found or unable to stat
[Sat Jan 31 06:44:19.867575 2026] [php:error] [pid 82086] [client 74.248.24.238:0] script '/domains/piltdweb1/about.php' not found or unable to stat
[Sat Jan 31 06:44:20.122763 2026] [php:error] [pid 82086] [client 74.248.24.238:0] script '/domains/piltdweb1/la.php' not found or unable to stat
[Sat Jan 31 06:44:20.332413 2026] [php:error] [pid 82086] [client 74.248.24.238:0] script '/domains/piltdweb1/admin.php' not found or unable to stat
[Sat Jan 31 06:44:20.530691 2026] [php:error] [pid 82086] [client 74.248.24.238:0] script '/domains/piltdweb1/info.php' not found or unable to stat
[Sat Jan 31 06:44:20.692444 2026] [php:error] [pid 82086] [client 74.248.24.238:0] script '/domains/piltdweb1/about.php' not found or unable to stat
[Sat Jan 31 06:44:21.021217 2026] [php:error] [pid 82086] [client 74.248.24.238:0] script '/domains/piltdweb1/ss1.php' not found or unable to stat
[Sat Jan 31 06:44:21.294889 2026] [php:error] [pid 82089] [client 216.244.66.232:0] script '/domains/hdickens.enteract/kmnj.php' not found or unable to stat
[Sat Jan 31 06:44:21.577208 2026] [php:error] [pid 82086] [client 74.248.24.238:0] script '/domains/piltdweb1/goods.php' not found or unable to stat
[Sat Jan 31 06:44:21.679341 2026] [php:error] [pid 82086] [client 74.248.24.238:0] script '/domains/piltdweb1/222.php' not found or unable to stat
[Sat Jan 31 06:44:21.866290 2026] [php:error] [pid 82086] [client 74.248.24.238:0] script '/domains/piltdweb1/abcd.php' not found or unable to stat
[Sat Jan 31 06:44:22.076173 2026] [php:error] [pid 82086] [client 74.248.24.238:0] script '/domains/piltdweb1/adminfuns.php' not found or unable to stat
[Sat Jan 31 06:44:22.182706 2026] [php:error] [pid 82086] [client 74.248.24.238:0] script '/domains/piltdweb1/ioxi-o.php' not found or unable to stat
[Sat Jan 31 06:44:22.394424 2026] [php:error] [pid 82086] [client 74.248.24.238:0] script '/domains/piltdweb1/goat.php' not found or unable to stat
[Sat Jan 31 06:44:22.601061 2026] [php:error] [pid 82086] [client 74.248.24.238:0] script '/domains/piltdweb1/xx.php' not found or unable to stat
[Sat Jan 31 06:44:22.913904 2026] [php:error] [pid 82086] [client 74.248.24.238:0] script '/domains/piltdweb1/f5.php' not found or unable to stat
[Sat Jan 31 06:44:23.014885 2026] [php:error] [pid 82086] [client 74.248.24.238:0] script '/domains/piltdweb1/doc.php' not found or unable to stat
[Sat Jan 31 06:44:23.131435 2026] [php:error] [pid 82086] [client 74.248.24.238:0] script '/domains/piltdweb1/xtride.php' not found or unable to stat
[Sat Jan 31 06:44:23.333933 2026] [php:error] [pid 82086] [client 74.248.24.238:0] script '/domains/piltdweb1/flower.php' not found or unable to stat
[Sat Jan 31 06:44:23.433136 2026] [php:error] [pid 82086] [client 74.248.24.238:0] script '/domains/piltdweb1/flower2.php' not found or unable to stat
[Sat Jan 31 06:44:23.613146 2026] [php:error] [pid 82086] [client 74.248.24.238:0] script '/domains/piltdweb1/f6.php' not found or unable to stat
[Sat Jan 31 06:44:23.725441 2026] [php:error] [pid 82086] [client 74.248.24.238:0] script '/domains/piltdweb1/edit.php' not found or unable to stat
[Sat Jan 31 06:44:23.824450 2026] [php:error] [pid 82086] [client 74.248.24.238:0] script '/domains/piltdweb1/aa.php' not found or unable to stat
[Sat Jan 31 06:44:23.923250 2026] [php:error] [pid 82086] [client 74.248.24.238:0] script '/domains/piltdweb1/ext.php' not found or unable to stat
[Sat Jan 31 06:44:24.269059 2026] [php:error] [pid 82086] [client 74.248.24.238:0] script '/domains/piltdweb1/av.php' not found or unable to stat
[Sat Jan 31 06:44:24.469143 2026] [php:error] [pid 82086] [client 74.248.24.238:0] script '/domains/piltdweb1/wsd.php' not found or unable to stat
[Sat Jan 31 06:44:24.570422 2026] [php:error] [pid 82086] [client 74.248.24.238:0] script '/domains/piltdweb1/jane.php' not found or unable to stat
[Sat Jan 31 06:44:24.684529 2026] [php:error] [pid 82086] [client 74.248.24.238:0] script '/domains/piltdweb1/classwithtostring.php' not found or unable to stat
[Sat Jan 31 06:44:24.894428 2026] [php:error] [pid 82086] [client 74.248.24.238:0] script '/domains/piltdweb1/css.php' not found or unable to stat
[Sat Jan 31 06:44:25.144518 2026] [php:error] [pid 82086] [client 74.248.24.238:0] script '/domains/piltdweb1/alfa.php' not found or unable to stat
[Sat Jan 31 06:44:25.245537 2026] [php:error] [pid 82086] [client 74.248.24.238:0] script '/domains/piltdweb1/wen.php' not found or unable to stat
[Sat Jan 31 06:44:25.423242 2026] [php:error] [pid 82086] [client 74.248.24.238:0] script '/domains/piltdweb1/x.php' not found or unable to stat
[Sat Jan 31 06:44:25.529142 2026] [php:error] [pid 82086] [client 74.248.24.238:0] script '/domains/piltdweb1/xxxx.php' not found or unable to stat
[Sat Jan 31 06:44:25.648404 2026] [php:error] [pid 82086] [client 74.248.24.238:0] script '/domains/piltdweb1/class.php' not found or unable to stat
[Sat Jan 31 06:44:25.866241 2026] [php:error] [pid 82086] [client 74.248.24.238:0] script '/domains/piltdweb1/gec.php' not found or unable to stat
[Sat Jan 31 06:44:25.968575 2026] [php:error] [pid 82086] [client 74.248.24.238:0] script '/domains/piltdweb1/f35.php' not found or unable to stat
[Sat Jan 31 06:44:26.167458 2026] [php:error] [pid 82086] [client 74.248.24.238:0] script '/domains/piltdweb1/pp.php' not found or unable to stat
[Sat Jan 31 06:44:26.478644 2026] [php:error] [pid 82086] [client 74.248.24.238:0] script '/domains/piltdweb1/lock360.php' not found or unable to stat
[Sat Jan 31 06:44:26.578625 2026] [php:error] [pid 82086] [client 74.248.24.238:0] script '/domains/piltdweb1/as.php' not found or unable to stat
[Sat Jan 31 06:44:26.699342 2026] [php:error] [pid 82086] [client 74.248.24.238:0] script '/domains/piltdweb1/class-t.api.php' not found or unable to stat
[Sat Jan 31 06:44:26.813485 2026] [php:error] [pid 82086] [client 74.248.24.238:0] script '/domains/piltdweb1/bipas.php' not found or unable to stat
[Sat Jan 31 06:44:26.912449 2026] [php:error] [pid 82086] [client 74.248.24.238:0] script '/domains/piltdweb1/shoyo.php' not found or unable to stat
[Sat Jan 31 06:44:27.027690 2026] [php:error] [pid 82086] [client 74.248.24.238:0] script '/domains/piltdweb1/admin.php' not found or unable to stat
[Sat Jan 31 06:44:27.206266 2026] [php:error] [pid 82086] [client 74.248.24.238:0] script '/domains/piltdweb1/ar.php' not found or unable to stat
[Sat Jan 31 06:44:27.306011 2026] [php:error] [pid 82086] [client 74.248.24.238:0] script '/domains/piltdweb1/blurbs18.php' not found or unable to stat
[Sat Jan 31 06:44:27.496618 2026] [php:error] [pid 82086] [client 74.248.24.238:0] script '/domains/piltdweb1/radio.php' not found or unable to stat
[Sat Jan 31 06:44:27.612304 2026] [php:error] [pid 82086] [client 74.248.24.238:0] script '/domains/piltdweb1/wp-good.php' not found or unable to stat
[Sat Jan 31 06:44:27.877718 2026] [php:error] [pid 82077] [client 74.248.24.238:0] script '/domains/piltdweb1/bless14.php' not found or unable to stat
[Sat Jan 31 06:44:27.995264 2026] [php:error] [pid 82077] [client 74.248.24.238:0] script '/domains/piltdweb1/ol.php' not found or unable to stat
[Sat Jan 31 06:44:28.940317 2026] [php:error] [pid 82077] [client 74.248.24.238:0] script '/domains/piltdweb1/init.php' not found or unable to stat
[Sat Jan 31 06:44:29.156453 2026] [php:error] [pid 82077] [client 74.248.24.238:0] script '/domains/piltdweb1/about.php' not found or unable to stat
[Sat Jan 31 06:44:29.256298 2026] [php:error] [pid 82077] [client 74.248.24.238:0] script '/domains/piltdweb1/k.php' not found or unable to stat
[Sat Jan 31 06:44:29.356343 2026] [php:error] [pid 82077] [client 74.248.24.238:0] script '/domains/piltdweb1/bless.php' not found or unable to stat
[Sat Jan 31 06:44:29.455883 2026] [php:error] [pid 82077] [client 74.248.24.238:0] script '/domains/piltdweb1/X7x.php' not found or unable to stat
[Sat Jan 31 06:44:29.564632 2026] [php:error] [pid 82077] [client 74.248.24.238:0] script '/domains/piltdweb1/class20.php' not found or unable to stat
[Sat Jan 31 06:44:29.801061 2026] [php:error] [pid 82077] [client 74.248.24.238:0] script '/domains/piltdweb1/lock360.php' not found or unable to stat
[Sat Jan 31 06:44:30.020206 2026] [php:error] [pid 82077] [client 74.248.24.238:0] script '/domains/piltdweb1/themes.php' not found or unable to stat
[Sat Jan 31 06:44:30.159641 2026] [php:error] [pid 82077] [client 74.248.24.238:0] script '/domains/piltdweb1/gifclass4.php' not found or unable to stat
[Sat Jan 31 06:44:30.281456 2026] [php:error] [pid 82077] [client 74.248.24.238:0] script '/domains/piltdweb1/xvent.php' not found or unable to stat
[Sat Jan 31 06:44:30.381524 2026] [php:error] [pid 82077] [client 74.248.24.238:0] script '/domains/piltdweb1/file21.php' not found or unable to stat
[Sat Jan 31 06:44:30.482651 2026] [php:error] [pid 82077] [client 74.248.24.238:0] script '/domains/piltdweb1/class19.php' not found or unable to stat
[Sat Jan 31 06:44:30.588334 2026] [php:error] [pid 82077] [client 74.248.24.238:0] script '/domains/piltdweb1/166.php' not found or unable to stat
[Sat Jan 31 06:44:30.688517 2026] [php:error] [pid 82077] [client 74.248.24.238:0] script '/domains/piltdweb1/bypass.php' not found or unable to stat
[Sat Jan 31 06:44:30.790110 2026] [php:error] [pid 82077] [client 74.248.24.238:0] script '/domains/piltdweb1/plss3.php' not found or unable to stat
[Sat Jan 31 06:44:30.889689 2026] [php:error] [pid 82077] [client 74.248.24.238:0] script '/domains/piltdweb1/t.php' not found or unable to stat
[Sat Jan 31 06:44:30.999194 2026] [php:error] [pid 82077] [client 74.248.24.238:0] script '/domains/piltdweb1/bp.php' not found or unable to stat
[Sat Jan 31 06:44:31.202994 2026] [php:error] [pid 82077] [client 74.248.24.238:0] script '/domains/piltdweb1/geck.php' not found or unable to stat
[Sat Jan 31 06:44:31.404783 2026] [php:error] [pid 82077] [client 74.248.24.238:0] script '/domains/piltdweb1/wp-update.php' not found or unable to stat
[Sat Jan 31 06:44:31.585434 2026] [php:error] [pid 82077] [client 74.248.24.238:0] script '/domains/piltdweb1/a.php' not found or unable to stat
[Sat Jan 31 06:44:31.696710 2026] [php:error] [pid 82077] [client 74.248.24.238:0] script '/domains/piltdweb1/admins.php' not found or unable to stat
[Sat Jan 31 06:44:31.820331 2026] [php:error] [pid 82077] [client 74.248.24.238:0] script '/domains/piltdweb1/wp-configs.php' not found or unable to stat
[Sat Jan 31 06:44:31.919933 2026] [php:error] [pid 82077] [client 74.248.24.238:0] script '/domains/piltdweb1/temp.php' not found or unable to stat
[Sat Jan 31 06:44:32.122327 2026] [php:error] [pid 82077] [client 74.248.24.238:0] script '/domains/piltdweb1/wp.php' not found or unable to stat
[Sat Jan 31 06:44:32.352918 2026] [php:error] [pid 82077] [client 74.248.24.238:0] script '/domains/piltdweb1/main.php' not found or unable to stat
[Sat Jan 31 06:44:32.504951 2026] [php:error] [pid 82077] [client 74.248.24.238:0] script '/domains/piltdweb1/a1.php' not found or unable to stat
[Sat Jan 31 06:44:32.656319 2026] [php:error] [pid 82077] [client 74.248.24.238:0] script '/domains/piltdweb1/class.1.php' not found or unable to stat
[Sat Jan 31 06:44:32.755916 2026] [php:error] [pid 82077] [client 74.248.24.238:0] script '/domains/piltdweb1/lala.php' not found or unable to stat
[Sat Jan 31 06:44:32.873011 2026] [php:error] [pid 82077] [client 74.248.24.238:0] script '/domains/piltdweb1/tox.php' not found or unable to stat
[Sat Jan 31 06:44:33.018067 2026] [php:error] [pid 82077] [client 74.248.24.238:0] script '/domains/piltdweb1/gg.php' not found or unable to stat
[Sat Jan 31 06:44:33.118832 2026] [php:error] [pid 82077] [client 74.248.24.238:0] script '/domains/piltdweb1/aaa.php' not found or unable to stat
[Sat Jan 31 06:44:33.218843 2026] [php:error] [pid 82077] [client 74.248.24.238:0] script '/domains/piltdweb1/a2.php' not found or unable to stat
[Sat Jan 31 06:44:33.996515 2026] [php:error] [pid 82077] [client 74.248.24.238:0] script '/domains/piltdweb1/to.php' not found or unable to stat
[Sat Jan 31 06:44:34.427814 2026] [php:error] [pid 82077] [client 74.248.24.238:0] script '/domains/piltdweb1/class-admin.php' not found or unable to stat
[Sat Jan 31 06:44:34.528003 2026] [php:error] [pid 82077] [client 74.248.24.238:0] script '/domains/piltdweb1/nyan.php' not found or unable to stat
[Sat Jan 31 06:44:37.332229 2026] [php:error] [pid 87735] [client 20.100.196.146:0] script '/domains/lover/re.php' not found or unable to stat
[Sat Jan 31 06:44:37.429065 2026] [php:error] [pid 87735] [client 20.100.196.146:0] script '/domains/lover/ms-edit.php' not found or unable to stat
[Sat Jan 31 06:44:37.526632 2026] [php:error] [pid 87735] [client 20.100.196.146:0] script '/domains/lover/w2025.php' not found or unable to stat
[Sat Jan 31 06:44:41.420623 2026] [php:error] [pid 82095] [client 20.240.47.47:0] script '/domains/nmksgroupweb/re.php' not found or unable to stat
[Sat Jan 31 06:44:41.531310 2026] [php:error] [pid 82095] [client 20.240.47.47:0] script '/domains/nmksgroupweb/ms-edit.php' not found or unable to stat
[Sat Jan 31 06:44:41.629393 2026] [php:error] [pid 82095] [client 20.240.47.47:0] script '/domains/nmksgroupweb/w2025.php' not found or unable to stat
[Sat Jan 31 06:45:31.048791 2026] [php:error] [pid 82089] [client 4.193.194.148:0] script '/domains/davidbacker/aa.php' not found or unable to stat
[Sat Jan 31 06:45:31.288618 2026] [php:error] [pid 82089] [client 4.193.194.148:0] script '/domains/davidbacker/abcd.php' not found or unable to stat
[Sat Jan 31 06:45:32.079144 2026] [php:error] [pid 82089] [client 4.193.194.148:0] script '/domains/davidbacker/admin.php' not found or unable to stat
[Sat Jan 31 06:45:32.397417 2026] [php:error] [pid 82089] [client 4.193.194.148:0] script '/domains/davidbacker/buy.php' not found or unable to stat
[Sat Jan 31 06:45:33.049541 2026] [php:error] [pid 82089] [client 4.193.194.148:0] script '/domains/davidbacker/edit.php' not found or unable to stat
[Sat Jan 31 06:45:33.296246 2026] [php:error] [pid 82089] [client 4.193.194.148:0] script '/domains/davidbacker/file.php' not found or unable to stat
[Sat Jan 31 06:45:33.523569 2026] [php:error] [pid 82089] [client 4.193.194.148:0] script '/domains/davidbacker/flower.php' not found or unable to stat
[Sat Jan 31 06:45:33.764865 2026] [php:error] [pid 82089] [client 4.193.194.148:0] script '/domains/davidbacker/images/index.php' not found or unable to stat
[Sat Jan 31 06:45:34.027129 2026] [php:error] [pid 82089] [client 4.193.194.148:0] script '/domains/davidbacker/info.php' not found or unable to stat
[Sat Jan 31 06:45:34.259953 2026] [php:error] [pid 82089] [client 4.193.194.148:0] script '/domains/davidbacker/ioxi-o.php' not found or unable to stat
[Sat Jan 31 06:45:34.508014 2026] [php:error] [pid 82089] [client 4.193.194.148:0] script '/domains/davidbacker/nc4.php' not found or unable to stat
[Sat Jan 31 06:45:34.742722 2026] [php:error] [pid 82089] [client 4.193.194.148:0] script '/domains/davidbacker/xleet.php' not found or unable to stat
[Sat Jan 31 06:45:36.358054 2026] [php:error] [pid 82089] [client 4.193.194.148:0] script '/domains/davidbacker/wp-good.php' not found or unable to stat
[Sat Jan 31 06:45:37.069001 2026] [php:error] [pid 82089] [client 4.193.194.148:0] script '/domains/davidbacker/xmrlpc.php' not found or unable to stat
[Sat Jan 31 06:45:37.458710 2026] [php:error] [pid 82089] [client 4.193.194.148:0] script '/domains/davidbacker/about.php' not found or unable to stat
[Sat Jan 31 06:45:37.707323 2026] [php:error] [pid 82089] [client 4.193.194.148:0] script '/domains/davidbacker/adminfuns.php' not found or unable to stat
[Sat Jan 31 06:45:38.152821 2026] [php:error] [pid 87736] [client 20.223.150.246:0] script '/domains/proinc/re.php' not found or unable to stat
[Sat Jan 31 06:45:38.230975 2026] [php:error] [pid 87736] [client 20.223.150.246:0] script '/domains/proinc/ms-edit.php' not found or unable to stat
[Sat Jan 31 06:45:38.303691 2026] [php:error] [pid 87736] [client 20.223.150.246:0] script '/domains/proinc/w2025.php' not found or unable to stat
[Sat Jan 31 06:45:38.346620 2026] [php:error] [pid 82089] [client 4.193.194.148:0] script '/domains/davidbacker/alfa.php' not found or unable to stat
[Sat Jan 31 06:45:38.856282 2026] [php:error] [pid 82089] [client 4.193.194.148:0] script '/domains/davidbacker/asasx.php' not found or unable to stat
[Sat Jan 31 06:45:38.896640 2026] [php:error] [pid 82095] [client 4.188.251.0:0] script '/domains/smartny/neshe.php' not found or unable to stat
[Sat Jan 31 06:45:39.039498 2026] [php:error] [pid 82086] [client 4.193.194.148:0] script '/domains/emsco1/wp-trackback.php' not found or unable to stat
[Sat Jan 31 06:45:39.240912 2026] [php:error] [pid 82089] [client 4.193.194.148:0] script '/domains/davidbacker/autoload_classmap.php' not found or unable to stat
[Sat Jan 31 06:45:39.270227 2026] [php:error] [pid 82086] [client 4.193.194.148:0] script '/domains/emsco1/about.php' not found or unable to stat
[Sat Jan 31 06:45:39.493592 2026] [php:error] [pid 82086] [client 4.193.194.148:0] script '/domains/emsco1/file.php' not found or unable to stat
[Sat Jan 31 06:45:39.494843 2026] [php:error] [pid 82089] [client 4.193.194.148:0] script '/domains/davidbacker/classwithtostring.php' not found or unable to stat
[Sat Jan 31 06:45:39.532033 2026] [php:error] [pid 82095] [client 4.188.251.0:0] script '/domains/smartny/wp-site.php' not found or unable to stat
[Sat Jan 31 06:45:39.716251 2026] [php:error] [pid 82086] [client 4.193.194.148:0] script '/domains/emsco1/wp-good.php' not found or unable to stat
[Sat Jan 31 06:45:39.802373 2026] [php:error] [pid 82089] [client 4.193.194.148:0] script '/domains/davidbacker/cong.php' not found or unable to stat
[Sat Jan 31 06:45:39.939555 2026] [php:error] [pid 82086] [client 4.193.194.148:0] script '/domains/emsco1/xmlrpc.php' not found or unable to stat
[Sat Jan 31 06:45:40.044734 2026] [php:error] [pid 82089] [client 4.193.194.148:0] script '/domains/davidbacker/file2.php' not found or unable to stat
[Sat Jan 31 06:45:40.162930 2026] [php:error] [pid 82086] [client 4.193.194.148:0] script '/domains/emsco1/goods.php' not found or unable to stat
[Sat Jan 31 06:45:40.166743 2026] [php:error] [pid 82095] [client 4.188.251.0:0] script '/domains/smartny/environment.php' not found or unable to stat
[Sat Jan 31 06:45:40.285883 2026] [php:error] [pid 82089] [client 4.193.194.148:0] script '/domains/davidbacker/moon.php' not found or unable to stat
[Sat Jan 31 06:45:40.386010 2026] [php:error] [pid 82086] [client 4.193.194.148:0] script '/domains/emsco1/ioxi-o.php' not found or unable to stat
[Sat Jan 31 06:45:40.609038 2026] [php:error] [pid 82086] [client 4.193.194.148:0] script '/domains/emsco1/class-t.api.php' not found or unable to stat
[Sat Jan 31 06:45:40.817365 2026] [php:error] [pid 82095] [client 4.188.251.0:0] script '/domains/smartny/lala.php' not found or unable to stat
[Sat Jan 31 06:45:40.831776 2026] [php:error] [pid 82086] [client 4.193.194.148:0] script '/domains/emsco1/admin.php' not found or unable to stat
[Sat Jan 31 06:45:41.054444 2026] [php:error] [pid 82086] [client 4.193.194.148:0] script '/domains/emsco1/sf.php' not found or unable to stat
[Sat Jan 31 06:45:41.276989 2026] [php:error] [pid 82086] [client 4.193.194.148:0] script '/domains/emsco1/rip.php' not found or unable to stat
[Sat Jan 31 06:45:41.478578 2026] [php:error] [pid 82095] [client 4.188.251.0:0] script '/domains/smartny/menu.php' not found or unable to stat
[Sat Jan 31 06:45:41.507227 2026] [php:error] [pid 82086] [client 4.193.194.148:0] script '/domains/emsco1/autoload_classmap.php' not found or unable to stat
[Sat Jan 31 06:45:41.732298 2026] [php:error] [pid 82086] [client 4.193.194.148:0] script '/domains/emsco1/chosen.php' not found or unable to stat
[Sat Jan 31 06:45:41.956139 2026] [php:error] [pid 82086] [client 4.193.194.148:0] script '/domains/emsco1/classwithtostring.php' not found or unable to stat
[Sat Jan 31 06:45:42.118907 2026] [php:error] [pid 82095] [client 4.188.251.0:0] script '/domains/smartny/tmpls.php' not found or unable to stat
[Sat Jan 31 06:45:42.179881 2026] [php:error] [pid 82086] [client 4.193.194.148:0] script '/domains/emsco1/defaults.php' not found or unable to stat
[Sat Jan 31 06:45:42.195226 2026] [php:error] [pid 82089] [client 4.193.194.148:0] script '/domains/davidbacker/wp-cron.php' not found or unable to stat
[Sat Jan 31 06:45:42.768837 2026] [php:error] [pid 82095] [client 4.188.251.0:0] script '/domains/smartny/item.php' not found or unable to stat
[Sat Jan 31 06:45:43.294779 2026] [php:error] [pid 82086] [client 4.193.194.148:0] script '/domains/emsco1/info.php' not found or unable to stat
[Sat Jan 31 06:45:43.404494 2026] [php:error] [pid 82095] [client 4.188.251.0:0] script '/domains/smartny/test1.php' not found or unable to stat
[Sat Jan 31 06:45:44.038390 2026] [php:error] [pid 82095] [client 4.188.251.0:0] script '/domains/smartny/wp-themes.php' not found or unable to stat
[Sat Jan 31 06:45:44.894125 2026] [php:error] [pid 82086] [client 4.193.194.148:0] script '/domains/emsco1/adminfuns.php' not found or unable to stat
[Sat Jan 31 06:45:45.305710 2026] [php:error] [pid 82095] [client 4.188.251.0:0] script '/domains/smartny/indeex.php' not found or unable to stat
[Sat Jan 31 06:45:46.581906 2026] [php:error] [pid 82095] [client 4.188.251.0:0] script '/domains/smartny/503.php' not found or unable to stat
[Sat Jan 31 06:45:47.216941 2026] [php:error] [pid 82095] [client 4.188.251.0:0] script '/domains/smartny/html.php' not found or unable to stat
[Sat Jan 31 06:45:47.861833 2026] [php:error] [pid 82095] [client 4.188.251.0:0] script '/domains/smartny/custom-background.php' not found or unable to stat
[Sat Jan 31 06:45:48.534132 2026] [php:error] [pid 82095] [client 4.188.251.0:0] script '/domains/smartny/xmrlpc.php' not found or unable to stat
[Sat Jan 31 06:45:49.168752 2026] [php:error] [pid 82095] [client 4.188.251.0:0] script '/domains/smartny/img.php' not found or unable to stat
[Sat Jan 31 06:45:49.816479 2026] [php:error] [pid 82095] [client 4.188.251.0:0] script '/domains/smartny/css/radio.php' not found or unable to stat
[Sat Jan 31 06:45:50.459048 2026] [php:error] [pid 82095] [client 4.188.251.0:0] script '/domains/smartny/cwclass.php' not found or unable to stat
[Sat Jan 31 06:45:50.911464 2026] [php:error] [pid 87735] [client 52.230.35.34:0] script '/domains/system_suspended/wp-trackback.php' not found or unable to stat
[Sat Jan 31 06:45:51.097376 2026] [php:error] [pid 82095] [client 4.188.251.0:0] script '/domains/smartny/0x.php' not found or unable to stat
[Sat Jan 31 06:45:51.148295 2026] [php:error] [pid 87735] [client 52.230.35.34:0] script '/domains/system_suspended/about.php' not found or unable to stat
[Sat Jan 31 06:45:51.379007 2026] [php:error] [pid 87735] [client 52.230.35.34:0] script '/domains/system_suspended/file.php' not found or unable to stat
[Sat Jan 31 06:45:51.609397 2026] [php:error] [pid 87735] [client 52.230.35.34:0] script '/domains/system_suspended/wp-good.php' not found or unable to stat
[Sat Jan 31 06:45:51.728185 2026] [php:error] [pid 82095] [client 4.188.251.0:0] script '/domains/smartny/a2.php' not found or unable to stat
[Sat Jan 31 06:45:51.845479 2026] [php:error] [pid 87735] [client 52.230.35.34:0] script '/domains/system_suspended/xmlrpc.php' not found or unable to stat
[Sat Jan 31 06:45:52.077339 2026] [php:error] [pid 87735] [client 52.230.35.34:0] script '/domains/system_suspended/goods.php' not found or unable to stat
[Sat Jan 31 06:45:52.313128 2026] [php:error] [pid 87735] [client 52.230.35.34:0] script '/domains/system_suspended/ioxi-o.php' not found or unable to stat
[Sat Jan 31 06:45:52.361407 2026] [php:error] [pid 82095] [client 4.188.251.0:0] script '/domains/smartny/m.php' not found or unable to stat
[Sat Jan 31 06:45:52.546218 2026] [php:error] [pid 87735] [client 52.230.35.34:0] script '/domains/system_suspended/class-t.api.php' not found or unable to stat
[Sat Jan 31 06:45:52.777171 2026] [php:error] [pid 87735] [client 52.230.35.34:0] script '/domains/system_suspended/admin.php' not found or unable to stat
[Sat Jan 31 06:45:53.011652 2026] [php:error] [pid 87735] [client 52.230.35.34:0] script '/domains/system_suspended/sf.php' not found or unable to stat
[Sat Jan 31 06:45:53.011651 2026] [php:error] [pid 82095] [client 4.188.251.0:0] script '/domains/smartny/oo.php' not found or unable to stat
[Sat Jan 31 06:45:53.242582 2026] [php:error] [pid 87735] [client 52.230.35.34:0] script '/domains/system_suspended/rip.php' not found or unable to stat
[Sat Jan 31 06:45:53.473117 2026] [php:error] [pid 87735] [client 52.230.35.34:0] script '/domains/system_suspended/autoload_classmap.php' not found or unable to stat
[Sat Jan 31 06:45:53.661600 2026] [php:error] [pid 82095] [client 4.188.251.0:0] script '/domains/smartny/1.php' not found or unable to stat
[Sat Jan 31 06:45:53.714288 2026] [php:error] [pid 87735] [client 52.230.35.34:0] script '/domains/system_suspended/chosen.php' not found or unable to stat
[Sat Jan 31 06:45:53.945068 2026] [php:error] [pid 87735] [client 52.230.35.34:0] script '/domains/system_suspended/classwithtostring.php' not found or unable to stat
[Sat Jan 31 06:45:54.175827 2026] [php:error] [pid 87735] [client 52.230.35.34:0] script '/domains/system_suspended/defaults.php' not found or unable to stat
[Sat Jan 31 06:45:54.936668 2026] [php:error] [pid 82095] [client 4.188.251.0:0] script '/domains/smartny/az.php' not found or unable to stat
[Sat Jan 31 06:45:55.335332 2026] [php:error] [pid 87735] [client 52.230.35.34:0] script '/domains/system_suspended/info.php' not found or unable to stat
[Sat Jan 31 06:45:55.571808 2026] [php:error] [pid 82095] [client 4.188.251.0:0] script '/domains/smartny/x.php' not found or unable to stat
[Sat Jan 31 06:45:56.209143 2026] [php:error] [pid 82095] [client 4.188.251.0:0] script '/domains/smartny/gg.php' not found or unable to stat
[Sat Jan 31 06:45:56.844849 2026] [php:error] [pid 82095] [client 4.188.251.0:0] script '/domains/smartny/server.php' not found or unable to stat
[Sat Jan 31 06:45:56.964391 2026] [php:error] [pid 87735] [client 52.230.35.34:0] script '/domains/system_suspended/adminfuns.php' not found or unable to stat
[Sat Jan 31 06:45:57.476542 2026] [php:error] [pid 82095] [client 4.188.251.0:0] script '/domains/smartny/class19.php' not found or unable to stat
[Sat Jan 31 06:45:58.114275 2026] [php:error] [pid 82095] [client 4.188.251.0:0] script '/domains/smartny/yanz.php' not found or unable to stat
[Sat Jan 31 06:46:00.037968 2026] [php:error] [pid 82095] [client 4.188.251.0:0] script '/domains/smartny/class.php' not found or unable to stat
[Sat Jan 31 06:46:00.691085 2026] [php:error] [pid 82095] [client 4.188.251.0:0] script '/domains/smartny/elp.php' not found or unable to stat
[Sat Jan 31 06:46:01.330032 2026] [php:error] [pid 82095] [client 4.188.251.0:0] script '/domains/smartny/sx.php' not found or unable to stat
[Sat Jan 31 06:46:02.618663 2026] [php:error] [pid 82095] [client 4.188.251.0:0] script '/domains/smartny/dropdown.php' not found or unable to stat
[Sat Jan 31 06:46:04.550795 2026] [php:error] [pid 82095] [client 4.188.251.0:0] script '/domains/smartny/priv.php' not found or unable to stat
[Sat Jan 31 06:46:04.685451 2026] [php:error] [pid 87740] [client 4.194.217.214:0] script '/domains/hofficer1/neshe.php' not found or unable to stat
[Sat Jan 31 06:46:04.917608 2026] [php:error] [pid 87740] [client 4.194.217.214:0] script '/domains/hofficer1/wp-site.php' not found or unable to stat
[Sat Jan 31 06:46:05.142197 2026] [php:error] [pid 87740] [client 4.194.217.214:0] script '/domains/hofficer1/environment.php' not found or unable to stat
[Sat Jan 31 06:46:05.189838 2026] [php:error] [pid 82095] [client 4.188.251.0:0] script '/domains/smartny/function.php' not found or unable to stat
[Sat Jan 31 06:46:05.366854 2026] [php:error] [pid 87740] [client 4.194.217.214:0] script '/domains/hofficer1/lala.php' not found or unable to stat
[Sat Jan 31 06:46:05.594079 2026] [php:error] [pid 87740] [client 4.194.217.214:0] script '/domains/hofficer1/menu.php' not found or unable to stat
