[Sat Jan 31 06:11:30.423411 2026] [php:error] [pid 76155] [client 20.214.137.92:0] script '/domains/brenties/admin.php' not found or unable to stat
[Sat Jan 31 06:11:30.650960 2026] [php:error] [pid 76155] [client 20.214.137.92:0] script '/domains/brenties/buy.php' not found or unable to stat
[Sat Jan 31 06:11:31.236714 2026] [php:error] [pid 76155] [client 20.214.137.92:0] script '/domains/brenties/edit.php' not found or unable to stat
[Sat Jan 31 06:11:31.427236 2026] [php:error] [pid 76155] [client 20.214.137.92:0] script '/domains/brenties/file.php' not found or unable to stat
[Sat Jan 31 06:11:31.610977 2026] [php:error] [pid 76155] [client 20.214.137.92:0] script '/domains/brenties/flower.php' not found or unable to stat
[Sat Jan 31 06:11:32.136165 2026] [php:error] [pid 76155] [client 20.214.137.92:0] script '/domains/brenties/info.php' not found or unable to stat
[Sat Jan 31 06:11:32.326217 2026] [php:error] [pid 76155] [client 20.214.137.92:0] script '/domains/brenties/ioxi-o.php' not found or unable to stat
[Sat Jan 31 06:11:32.580090 2026] [php:error] [pid 76155] [client 20.214.137.92:0] script '/domains/brenties/nc4.php' not found or unable to stat
[Sat Jan 31 06:11:32.850860 2026] [php:error] [pid 76155] [client 20.214.137.92:0] script '/domains/brenties/xleet.php' not found or unable to stat
[Sat Jan 31 06:11:33.616499 2026] [php:error] [pid 76155] [client 20.214.137.92:0] script '/domains/brenties/wp-good.php' not found or unable to stat
[Sat Jan 31 06:11:34.242373 2026] [php:error] [pid 76155] [client 20.214.137.92:0] script '/domains/brenties/xmrlpc.php' not found or unable to stat
[Sat Jan 31 06:11:34.434221 2026] [php:error] [pid 76155] [client 20.214.137.92:0] script '/domains/brenties/about.php' not found or unable to stat
[Sat Jan 31 06:11:34.614497 2026] [php:error] [pid 76155] [client 20.214.137.92:0] script '/domains/brenties/adminfuns.php' not found or unable to stat
[Sat Jan 31 06:11:34.795745 2026] [php:error] [pid 76155] [client 20.214.137.92:0] script '/domains/brenties/alfa.php' not found or unable to stat
[Sat Jan 31 06:11:35.003575 2026] [php:error] [pid 76155] [client 20.214.137.92:0] script '/domains/brenties/asasx.php' not found or unable to stat
[Sat Jan 31 06:11:35.189297 2026] [php:error] [pid 76155] [client 20.214.137.92:0] script '/domains/brenties/autoload_classmap.php' not found or unable to stat
[Sat Jan 31 06:11:35.392814 2026] [php:error] [pid 76155] [client 20.214.137.92:0] script '/domains/brenties/classwithtostring.php' not found or unable to stat
[Sat Jan 31 06:11:35.578275 2026] [php:error] [pid 76155] [client 20.214.137.92:0] script '/domains/brenties/cong.php' not found or unable to stat
[Sat Jan 31 06:11:35.933859 2026] [php:error] [pid 76155] [client 20.214.137.92:0] script '/domains/brenties/file2.php' not found or unable to stat
[Sat Jan 31 06:11:36.123882 2026] [php:error] [pid 76155] [client 20.214.137.92:0] script '/domains/brenties/moon.php' not found or unable to stat
[Sat Jan 31 06:11:37.414969 2026] [php:error] [pid 76155] [client 20.214.137.92:0] script '/domains/brenties/wp-cron.php' not found or unable to stat
[Sat Jan 31 06:11:52.691401 2026] [php:error] [pid 76175] [client 62.60.130.210:0] script '/domains/fairlane1/wp-login.php' not found or unable to stat, referer: https://www.google.de/search?q=wordpress
[Sat Jan 31 06:11:53.655578 2026] [php:error] [pid 76176] [client 62.60.130.210:0] script '/domains/fairlane1/wp-login.php' not found or unable to stat, referer: https://twitter.com/
[Sat Jan 31 06:11:58.173059 2026] [php:error] [pid 76155] [client 62.60.130.210:0] script '/domains/redpeninc/wp-login.php' not found or unable to stat, referer: https://duckduckgo.com/
[Sat Jan 31 06:11:59.272444 2026] [php:error] [pid 76175] [client 62.60.130.210:0] script '/domains/redpeninc/wp-login.php' not found or unable to stat, referer: https://www.bing.com/
[Sat Jan 31 06:12:00.536286 2026] [php:error] [pid 76177] [client 156.253.1.162:0] script '/domains/markrose/config.php.swp' not found or unable to stat
[Sat Jan 31 06:12:00.762121 2026] [php:error] [pid 76177] [client 156.253.1.162:0] script '/domains/markrose/.config.php.swp' not found or unable to stat
[Sat Jan 31 06:12:01.701181 2026] [php:error] [pid 76177] [client 156.253.1.162:0] script '/domains/markrose/mail.php.bak' not found or unable to stat
[Sat Jan 31 06:12:01.985755 2026] [php:error] [pid 76160] [client 62.60.130.210:0] script '/domains/perless2web/wp-login.php' not found or unable to stat
[Sat Jan 31 06:12:02.832100 2026] [php:error] [pid 76177] [client 156.253.1.162:0] script '/domains/markrose/smtp.php.bak' not found or unable to stat
[Sat Jan 31 06:12:02.940375 2026] [php:error] [pid 76155] [client 169.129.249.87:0] script '/domains/perless2web/wp-login.php' not found or unable to stat
[Sat Jan 31 06:13:15.810255 2026] [php:error] [pid 76188] [client 20.78.152.240:0] script '/domains/quintet/aa.php' not found or unable to stat
[Sat Jan 31 06:13:16.551315 2026] [php:error] [pid 76185] [client 158.158.35.58:0] script '/domains/rnachum/re.php' not found or unable to stat
[Sat Jan 31 06:13:16.636610 2026] [php:error] [pid 76185] [client 158.158.35.58:0] script '/domains/rnachum/ms-edit.php' not found or unable to stat
[Sat Jan 31 06:13:16.723425 2026] [php:error] [pid 76185] [client 158.158.35.58:0] script '/domains/rnachum/w2025.php' not found or unable to stat
[Sat Jan 31 06:13:16.926005 2026] [php:error] [pid 76188] [client 20.78.152.240:0] script '/domains/quintet/abcd.php' not found or unable to stat
[Sat Jan 31 06:13:17.115854 2026] [php:error] [pid 76188] [client 20.78.152.240:0] script '/domains/quintet/admin.php' not found or unable to stat
[Sat Jan 31 06:13:18.178805 2026] [php:error] [pid 76188] [client 20.78.152.240:0] script '/domains/quintet/buy.php' not found or unable to stat
[Sat Jan 31 06:13:18.541255 2026] [php:error] [pid 76188] [client 20.78.152.240:0] script '/domains/quintet/edit.php' not found or unable to stat
[Sat Jan 31 06:13:19.898876 2026] [php:error] [pid 76188] [client 20.78.152.240:0] script '/domains/quintet/file.php' not found or unable to stat
[Sat Jan 31 06:13:20.841490 2026] [php:error] [pid 76188] [client 20.78.152.240:0] script '/domains/quintet/flower.php' not found or unable to stat
[Sat Jan 31 06:13:21.031172 2026] [php:error] [pid 76188] [client 20.78.152.240:0] script '/domains/quintet/images/index.php' not found or unable to stat
[Sat Jan 31 06:13:21.285250 2026] [php:error] [pid 76188] [client 20.78.152.240:0] script '/domains/quintet/info.php' not found or unable to stat
[Sat Jan 31 06:13:22.248011 2026] [php:error] [pid 76188] [client 20.78.152.240:0] script '/domains/quintet/ioxi-o.php' not found or unable to stat
[Sat Jan 31 06:13:22.430805 2026] [php:error] [pid 76188] [client 20.78.152.240:0] script '/domains/quintet/nc4.php' not found or unable to stat
[Sat Jan 31 06:13:23.423945 2026] [php:error] [pid 76188] [client 20.78.152.240:0] script '/domains/quintet/xleet.php' not found or unable to stat
[Sat Jan 31 06:13:26.134471 2026] [php:error] [pid 76188] [client 20.78.152.240:0] script '/domains/quintet/wp-good.php' not found or unable to stat
[Sat Jan 31 06:13:28.584075 2026] [php:error] [pid 76188] [client 20.78.152.240:0] script '/domains/quintet/xmrlpc.php' not found or unable to stat
[Sat Jan 31 06:13:29.683420 2026] [php:error] [pid 76188] [client 20.78.152.240:0] script '/domains/quintet/about.php' not found or unable to stat
[Sat Jan 31 06:13:29.865019 2026] [php:error] [pid 76188] [client 20.78.152.240:0] script '/domains/quintet/adminfuns.php' not found or unable to stat
[Sat Jan 31 06:13:30.953240 2026] [php:error] [pid 76188] [client 20.78.152.240:0] script '/domains/quintet/alfa.php' not found or unable to stat
[Sat Jan 31 06:13:31.523817 2026] [php:error] [pid 76155] [client 20.203.132.68:0] script '/domains/samscars/re.php' not found or unable to stat
[Sat Jan 31 06:13:31.618643 2026] [php:error] [pid 76155] [client 20.203.132.68:0] script '/domains/samscars/ms-edit.php' not found or unable to stat
[Sat Jan 31 06:13:31.691151 2026] [php:error] [pid 76188] [client 20.78.152.240:0] script '/domains/quintet/asasx.php' not found or unable to stat
[Sat Jan 31 06:13:31.714325 2026] [php:error] [pid 76155] [client 20.203.132.68:0] script '/domains/samscars/w2025.php' not found or unable to stat
[Sat Jan 31 06:13:32.595396 2026] [php:error] [pid 76188] [client 20.78.152.240:0] script '/domains/quintet/autoload_classmap.php' not found or unable to stat
[Sat Jan 31 06:13:32.670419 2026] [php:error] [pid 76185] [client 20.46.176.183:0] script '/domains/micra/0byte.php' not found or unable to stat
[Sat Jan 31 06:13:32.830670 2026] [php:error] [pid 76185] [client 20.46.176.183:0] script '/domains/micra/LV.php' not found or unable to stat
[Sat Jan 31 06:13:32.996640 2026] [php:error] [pid 76185] [client 20.46.176.183:0] script '/domains/micra/Sanskrit.php' not found or unable to stat
[Sat Jan 31 06:13:33.727976 2026] [php:error] [pid 76188] [client 20.78.152.240:0] script '/domains/quintet/classwithtostring.php' not found or unable to stat
[Sat Jan 31 06:13:33.795479 2026] [php:error] [pid 76185] [client 20.46.176.183:0] script '/domains/micra/contacts.php' not found or unable to stat
[Sat Jan 31 06:13:34.009050 2026] [php:error] [pid 76188] [client 20.78.152.240:0] script '/domains/quintet/cong.php' not found or unable to stat
[Sat Jan 31 06:13:34.117968 2026] [php:error] [pid 76185] [client 20.46.176.183:0] script '/domains/micra/dump.php' not found or unable to stat
[Sat Jan 31 06:13:34.207105 2026] [php:error] [pid 76188] [client 20.78.152.240:0] script '/domains/quintet/file2.php' not found or unable to stat
[Sat Jan 31 06:13:34.276864 2026] [php:error] [pid 76185] [client 20.46.176.183:0] script '/domains/micra/ext.php' not found or unable to stat
[Sat Jan 31 06:13:34.768765 2026] [php:error] [pid 76185] [client 20.46.176.183:0] script '/domains/micra/gifclass.php' not found or unable to stat
[Sat Jan 31 06:13:34.929879 2026] [php:error] [pid 76185] [client 20.46.176.183:0] script '/domains/micra/images/class.php' not found or unable to stat
[Sat Jan 31 06:13:35.088700 2026] [php:error] [pid 76185] [client 20.46.176.183:0] script '/domains/micra/images/wp-aespa.php' not found or unable to stat
[Sat Jan 31 06:13:35.232451 2026] [php:error] [pid 76188] [client 20.78.152.240:0] script '/domains/quintet/moon.php' not found or unable to stat
[Sat Jan 31 06:13:35.426903 2026] [php:error] [pid 76185] [client 20.46.176.183:0] script '/domains/micra/l.php' not found or unable to stat
[Sat Jan 31 06:13:35.586601 2026] [php:error] [pid 76185] [client 20.46.176.183:0] script '/domains/micra/litespeed.php' not found or unable to stat
[Sat Jan 31 06:13:35.753953 2026] [php:error] [pid 76185] [client 20.46.176.183:0] script '/domains/micra/natural.php' not found or unable to stat
[Sat Jan 31 06:13:36.573675 2026] [php:error] [pid 76185] [client 20.46.176.183:0] script '/domains/micra/sitemap.php' not found or unable to stat
[Sat Jan 31 06:13:36.771650 2026] [php:error] [pid 76188] [client 20.78.152.240:0] script '/domains/quintet/wp-cron.php' not found or unable to stat
[Sat Jan 31 06:13:37.689325 2026] [php:error] [pid 76185] [client 20.46.176.183:0] script '/domains/micra/worm.PhP' not found or unable to stat
[Sat Jan 31 06:13:40.607292 2026] [php:error] [pid 76185] [client 20.46.176.183:0] script '/domains/micra/wp-commentin.php' not found or unable to stat
[Sat Jan 31 06:13:40.766510 2026] [php:error] [pid 76185] [client 20.46.176.183:0] script '/domains/micra/wp-content.php' not found or unable to stat
[Sat Jan 31 06:13:43.023730 2026] [php:error] [pid 76185] [client 20.46.176.183:0] script '/domains/micra/wp-fmfile.php' not found or unable to stat
[Sat Jan 31 06:13:43.182987 2026] [php:error] [pid 76185] [client 20.46.176.183:0] script '/domains/micra/wp-good.php' not found or unable to stat
[Sat Jan 31 06:13:47.599396 2026] [php:error] [pid 76185] [client 20.46.176.183:0] script '/domains/micra/wp-themes.php' not found or unable to stat
[Sat Jan 31 06:13:47.758431 2026] [php:error] [pid 76185] [client 20.46.176.183:0] script '/domains/micra/wp-user.php' not found or unable to stat
[Sat Jan 31 06:13:47.919153 2026] [php:error] [pid 76185] [client 20.46.176.183:0] script '/domains/micra/wp_wlx.php' not found or unable to stat
[Sat Jan 31 06:13:48.093675 2026] [php:error] [pid 76185] [client 20.46.176.183:0] script '/domains/micra/wpn.php' not found or unable to stat
[Sat Jan 31 06:14:00.741059 2026] [php:error] [pid 76191] [client 158.158.35.58:0] script '/domains/jaspen/re.php' not found or unable to stat
[Sat Jan 31 06:14:00.824284 2026] [php:error] [pid 76191] [client 158.158.35.58:0] script '/domains/jaspen/ms-edit.php' not found or unable to stat
[Sat Jan 31 06:14:00.913638 2026] [php:error] [pid 76191] [client 158.158.35.58:0] script '/domains/jaspen/w2025.php' not found or unable to stat
[Sat Jan 31 06:14:06.206691 2026] [php:error] [pid 76187] [client 32.203.192.220:0] script '/domains/biehlweb/wp-login.php' not found or unable to stat, referer: https://duckduckgo.com/
[Sat Jan 31 06:14:07.032348 2026] [php:error] [pid 76183] [client 22.70.180.101:0] script '/domains/biehlweb/wp-login.php' not found or unable to stat
[Sat Jan 31 06:14:17.250309 2026] [php:error] [pid 76183] [client 62.60.130.210:0] script '/domains/braniff/wp-login.php' not found or unable to stat, referer: https://www.facebook.com/
[Sat Jan 31 06:14:18.393014 2026] [php:error] [pid 76187] [client 62.60.130.210:0] script '/domains/braniff/wp-login.php' not found or unable to stat
[Sat Jan 31 06:14:21.779218 2026] [php:error] [pid 81823] [client 62.60.130.210:0] script '/domains/pauljbrock/wp-login.php' not found or unable to stat, referer: https://www.facebook.com/
[Sat Jan 31 06:14:22.912882 2026] [php:error] [pid 76182] [client 62.60.130.210:0] script '/domains/pauljbrock/wp-login.php' not found or unable to stat, referer: https://www.linkedin.com/
[Sat Jan 31 06:14:26.736853 2026] [php:error] [pid 81822] [client 62.60.130.210:0] script '/domains/kandg-pc/wp-login.php' not found or unable to stat
[Sat Jan 31 06:14:27.660001 2026] [php:error] [pid 81825] [client 238.159.88.26:0] script '/domains/kandg-pc/wp-login.php' not found or unable to stat
[Sat Jan 31 06:14:48.509230 2026] [php:error] [pid 76187] [client 213.35.99.26:0] script '/domains/fryer/wp-login.php' not found or unable to stat, referer: https://www.google.com/
[Sat Jan 31 06:14:49.062276 2026] [php:error] [pid 76185] [client 213.35.99.26:0] script '/domains/fryer/wp-login.php' not found or unable to stat, referer: https://t.co/
[Sat Jan 31 06:14:57.178348 2026] [php:error] [pid 76187] [client 20.214.137.92:0] script '/domains/peterbmiller/wp-trackback.php' not found or unable to stat
[Sat Jan 31 06:14:57.360056 2026] [php:error] [pid 76187] [client 20.214.137.92:0] script '/domains/peterbmiller/about.php' not found or unable to stat
[Sat Jan 31 06:14:57.553804 2026] [php:error] [pid 76187] [client 20.214.137.92:0] script '/domains/peterbmiller/file.php' not found or unable to stat
[Sat Jan 31 06:14:57.735909 2026] [php:error] [pid 76187] [client 20.214.137.92:0] script '/domains/peterbmiller/wp-good.php' not found or unable to stat
[Sat Jan 31 06:14:57.919365 2026] [php:error] [pid 76187] [client 20.214.137.92:0] script '/domains/peterbmiller/xmlrpc.php' not found or unable to stat
[Sat Jan 31 06:14:58.103345 2026] [php:error] [pid 76187] [client 20.214.137.92:0] script '/domains/peterbmiller/goods.php' not found or unable to stat
[Sat Jan 31 06:14:58.292974 2026] [php:error] [pid 76187] [client 20.214.137.92:0] script '/domains/peterbmiller/ioxi-o.php' not found or unable to stat
[Sat Jan 31 06:14:58.483718 2026] [php:error] [pid 76187] [client 20.214.137.92:0] script '/domains/peterbmiller/class-t.api.php' not found or unable to stat
[Sat Jan 31 06:14:58.669496 2026] [php:error] [pid 76187] [client 20.214.137.92:0] script '/domains/peterbmiller/admin.php' not found or unable to stat
[Sat Jan 31 06:14:58.851540 2026] [php:error] [pid 76187] [client 20.214.137.92:0] script '/domains/peterbmiller/sf.php' not found or unable to stat
[Sat Jan 31 06:14:59.033437 2026] [php:error] [pid 76187] [client 20.214.137.92:0] script '/domains/peterbmiller/rip.php' not found or unable to stat
[Sat Jan 31 06:14:59.215623 2026] [php:error] [pid 76187] [client 20.214.137.92:0] script '/domains/peterbmiller/autoload_classmap.php' not found or unable to stat
[Sat Jan 31 06:14:59.402297 2026] [php:error] [pid 76187] [client 20.214.137.92:0] script '/domains/peterbmiller/chosen.php' not found or unable to stat
[Sat Jan 31 06:14:59.584178 2026] [php:error] [pid 76187] [client 20.214.137.92:0] script '/domains/peterbmiller/classwithtostring.php' not found or unable to stat
[Sat Jan 31 06:14:59.765892 2026] [php:error] [pid 76187] [client 20.214.137.92:0] script '/domains/peterbmiller/defaults.php' not found or unable to stat
[Sat Jan 31 06:15:00.683285 2026] [php:error] [pid 76187] [client 20.214.137.92:0] script '/domains/peterbmiller/info.php' not found or unable to stat
[Sat Jan 31 06:15:01.982783 2026] [php:error] [pid 76187] [client 20.214.137.92:0] script '/domains/peterbmiller/adminfuns.php' not found or unable to stat
[Sat Jan 31 06:15:27.485556 2026] [php:error] [pid 81827] [client 20.211.164.12:0] script '/domains/system_default/wp-trackback.php' not found or unable to stat
[Sat Jan 31 06:15:27.683964 2026] [php:error] [pid 81827] [client 20.211.164.12:0] script '/domains/system_default/about.php' not found or unable to stat
[Sat Jan 31 06:15:27.883356 2026] [php:error] [pid 81827] [client 20.211.164.12:0] script '/domains/system_default/file.php' not found or unable to stat
[Sat Jan 31 06:15:28.083414 2026] [php:error] [pid 81827] [client 20.211.164.12:0] script '/domains/system_default/wp-good.php' not found or unable to stat
[Sat Jan 31 06:15:28.283454 2026] [php:error] [pid 81827] [client 20.211.164.12:0] script '/domains/system_default/xmlrpc.php' not found or unable to stat
[Sat Jan 31 06:15:28.481742 2026] [php:error] [pid 81827] [client 20.211.164.12:0] script '/domains/system_default/goods.php' not found or unable to stat
[Sat Jan 31 06:15:28.690452 2026] [php:error] [pid 81827] [client 20.211.164.12:0] script '/domains/system_default/ioxi-o.php' not found or unable to stat
[Sat Jan 31 06:15:28.889793 2026] [php:error] [pid 81827] [client 20.211.164.12:0] script '/domains/system_default/class-t.api.php' not found or unable to stat
[Sat Jan 31 06:15:29.089252 2026] [php:error] [pid 81827] [client 20.211.164.12:0] script '/domains/system_default/admin.php' not found or unable to stat
[Sat Jan 31 06:15:29.287590 2026] [php:error] [pid 81827] [client 20.211.164.12:0] script '/domains/system_default/sf.php' not found or unable to stat
[Sat Jan 31 06:15:29.489222 2026] [php:error] [pid 81827] [client 20.211.164.12:0] script '/domains/system_default/rip.php' not found or unable to stat
[Sat Jan 31 06:15:29.689636 2026] [php:error] [pid 81827] [client 20.211.164.12:0] script '/domains/system_default/autoload_classmap.php' not found or unable to stat
[Sat Jan 31 06:15:29.894359 2026] [php:error] [pid 81827] [client 20.211.164.12:0] script '/domains/system_default/chosen.php' not found or unable to stat
[Sat Jan 31 06:15:30.092705 2026] [php:error] [pid 81827] [client 20.211.164.12:0] script '/domains/system_default/classwithtostring.php' not found or unable to stat
[Sat Jan 31 06:15:30.300645 2026] [php:error] [pid 81827] [client 20.211.164.12:0] script '/domains/system_default/defaults.php' not found or unable to stat
[Sat Jan 31 06:15:31.298190 2026] [php:error] [pid 81827] [client 20.211.164.12:0] script '/domains/system_default/info.php' not found or unable to stat
[Sat Jan 31 06:15:32.716883 2026] [php:error] [pid 81827] [client 20.211.164.12:0] script '/domains/system_default/adminfuns.php' not found or unable to stat
[Sat Jan 31 06:15:47.790247 2026] [php:error] [pid 76187] [client 62.60.130.210:0] script '/domains/emsco1/wp-login.php' not found or unable to stat, referer: https://www.reddit.com/
[Sat Jan 31 06:15:48.711536 2026] [php:error] [pid 81827] [client 62.60.130.210:0] script '/domains/emsco1/wp-login.php' not found or unable to stat, referer: https://www.linkedin.com/
[Sat Jan 31 06:15:57.154016 2026] [php:error] [pid 81826] [client 20.212.209.31:0] script '/domains/familyplayhouse2/aa.php' not found or unable to stat
[Sat Jan 31 06:15:59.104045 2026] [php:error] [pid 81826] [client 20.212.209.31:0] script '/domains/familyplayhouse2/abcd.php' not found or unable to stat
[Sat Jan 31 06:16:01.263994 2026] [php:error] [pid 81826] [client 20.212.209.31:0] script '/domains/familyplayhouse2/admin.php' not found or unable to stat
[Sat Jan 31 06:16:03.026719 2026] [php:error] [pid 81826] [client 20.212.209.31:0] script '/domains/familyplayhouse2/buy.php' not found or unable to stat
[Sat Jan 31 06:16:04.875616 2026] [php:error] [pid 81826] [client 20.212.209.31:0] script '/domains/familyplayhouse2/edit.php' not found or unable to stat
[Sat Jan 31 06:16:05.738438 2026] [php:error] [pid 81826] [client 20.212.209.31:0] script '/domains/familyplayhouse2/file.php' not found or unable to stat
[Sat Jan 31 06:16:06.667470 2026] [php:error] [pid 81826] [client 20.212.209.31:0] script '/domains/familyplayhouse2/flower.php' not found or unable to stat
[Sat Jan 31 06:16:07.538867 2026] [php:error] [pid 81826] [client 20.212.209.31:0] script '/domains/familyplayhouse2/images/index.php' not found or unable to stat
[Sat Jan 31 06:16:08.436120 2026] [php:error] [pid 81826] [client 20.212.209.31:0] script '/domains/familyplayhouse2/info.php' not found or unable to stat
[Sat Jan 31 06:16:09.276662 2026] [php:error] [pid 81826] [client 20.212.209.31:0] script '/domains/familyplayhouse2/ioxi-o.php' not found or unable to stat
[Sat Jan 31 06:16:10.167006 2026] [php:error] [pid 81826] [client 20.212.209.31:0] script '/domains/familyplayhouse2/nc4.php' not found or unable to stat
[Sat Jan 31 06:16:11.010111 2026] [php:error] [pid 81826] [client 20.212.209.31:0] script '/domains/familyplayhouse2/xleet.php' not found or unable to stat
[Sat Jan 31 06:16:15.177894 2026] [php:error] [pid 81826] [client 20.212.209.31:0] script '/domains/familyplayhouse2/wp-good.php' not found or unable to stat
[Sat Jan 31 06:16:21.028077 2026] [php:error] [pid 81826] [client 20.212.209.31:0] script '/domains/familyplayhouse2/xmrlpc.php' not found or unable to stat
[Sat Jan 31 06:16:22.391209 2026] [php:error] [pid 81826] [client 20.212.209.31:0] script '/domains/familyplayhouse2/about.php' not found or unable to stat
[Sat Jan 31 06:16:23.146582 2026] [php:error] [pid 81826] [client 20.212.209.31:0] script '/domains/familyplayhouse2/adminfuns.php' not found or unable to stat
[Sat Jan 31 06:16:24.090582 2026] [php:error] [pid 81826] [client 20.212.209.31:0] script '/domains/familyplayhouse2/alfa.php' not found or unable to stat
[Sat Jan 31 06:16:25.161427 2026] [php:error] [pid 76187] [client 94.158.20.22:0] script '/domains/markrose/mail-config.php.bak' not found or unable to stat
[Sat Jan 31 06:16:25.820957 2026] [php:error] [pid 81826] [client 20.212.209.31:0] script '/domains/familyplayhouse2/asasx.php' not found or unable to stat
[Sat Jan 31 06:16:26.722617 2026] [php:error] [pid 81838] [client 20.46.176.183:0] script '/domains/windsorweb/0byte.php' not found or unable to stat
[Sat Jan 31 06:16:26.883486 2026] [php:error] [pid 81838] [client 20.46.176.183:0] script '/domains/windsorweb/LV.php' not found or unable to stat
[Sat Jan 31 06:16:27.044301 2026] [php:error] [pid 81838] [client 20.46.176.183:0] script '/domains/windsorweb/Sanskrit.php' not found or unable to stat
[Sat Jan 31 06:16:27.371820 2026] [php:error] [pid 81838] [client 20.46.176.183:0] script '/domains/windsorweb/cgi-bin/class.api.php' not found or unable to stat
[Sat Jan 31 06:16:27.545405 2026] [php:error] [pid 81826] [client 20.212.209.31:0] script '/domains/familyplayhouse2/autoload_classmap.php' not found or unable to stat
[Sat Jan 31 06:16:27.795386 2026] [php:error] [pid 81826] [client 20.212.209.31:0] script '/domains/familyplayhouse2/classwithtostring.php' not found or unable to stat
[Sat Jan 31 06:16:27.867125 2026] [php:error] [pid 81838] [client 20.46.176.183:0] script '/domains/windsorweb/contacts.php' not found or unable to stat
[Sat Jan 31 06:16:28.187745 2026] [php:error] [pid 81838] [client 20.46.176.183:0] script '/domains/windsorweb/dump.php' not found or unable to stat
[Sat Jan 31 06:16:28.346600 2026] [php:error] [pid 81838] [client 20.46.176.183:0] script '/domains/windsorweb/ext.php' not found or unable to stat
[Sat Jan 31 06:16:28.828414 2026] [php:error] [pid 81838] [client 20.46.176.183:0] script '/domains/windsorweb/gifclass.php' not found or unable to stat
[Sat Jan 31 06:16:28.988879 2026] [php:error] [pid 81838] [client 20.46.176.183:0] script '/domains/windsorweb/images/class.php' not found or unable to stat
[Sat Jan 31 06:16:29.147700 2026] [php:error] [pid 81838] [client 20.46.176.183:0] script '/domains/windsorweb/images/wp-aespa.php' not found or unable to stat
[Sat Jan 31 06:16:29.466089 2026] [php:error] [pid 81838] [client 20.46.176.183:0] script '/domains/windsorweb/l.php' not found or unable to stat
[Sat Jan 31 06:16:29.630492 2026] [php:error] [pid 81838] [client 20.46.176.183:0] script '/domains/windsorweb/litespeed.php' not found or unable to stat
[Sat Jan 31 06:16:29.789762 2026] [php:error] [pid 81838] [client 20.46.176.183:0] script '/domains/windsorweb/natural.php' not found or unable to stat
[Sat Jan 31 06:16:29.890488 2026] [php:error] [pid 81826] [client 20.212.209.31:0] script '/domains/familyplayhouse2/cong.php' not found or unable to stat
[Sat Jan 31 06:16:30.587047 2026] [php:error] [pid 81838] [client 20.46.176.183:0] script '/domains/windsorweb/sitemap.php' not found or unable to stat
[Sat Jan 31 06:16:31.623438 2026] [php:error] [pid 81826] [client 20.212.209.31:0] script '/domains/familyplayhouse2/file2.php' not found or unable to stat
[Sat Jan 31 06:16:31.671172 2026] [php:error] [pid 76187] [client 94.158.20.22:0] script '/domains/markrose/config.inc.php' not found or unable to stat
[Sat Jan 31 06:16:31.712774 2026] [php:error] [pid 81838] [client 20.46.176.183:0] script '/domains/windsorweb/worm.PhP' not found or unable to stat
[Sat Jan 31 06:16:32.088887 2026] [php:error] [pid 76187] [client 94.158.20.22:0] script '/domains/markrose/config.local.php' not found or unable to stat
[Sat Jan 31 06:16:33.678272 2026] [php:error] [pid 81826] [client 20.212.209.31:0] script '/domains/familyplayhouse2/moon.php' not found or unable to stat
[Sat Jan 31 06:16:34.648888 2026] [php:error] [pid 81838] [client 20.46.176.183:0] script '/domains/windsorweb/wp-commentin.php' not found or unable to stat
[Sat Jan 31 06:16:34.807639 2026] [php:error] [pid 81838] [client 20.46.176.183:0] script '/domains/windsorweb/wp-content.php' not found or unable to stat
[Sat Jan 31 06:16:37.083735 2026] [php:error] [pid 81838] [client 20.46.176.183:0] script '/domains/windsorweb/wp-fmfile.php' not found or unable to stat
[Sat Jan 31 06:16:37.243149 2026] [php:error] [pid 81838] [client 20.46.176.183:0] script '/domains/windsorweb/wp-good.php' not found or unable to stat
[Sat Jan 31 06:16:40.330248 2026] [php:error] [pid 81826] [client 20.212.209.31:0] script '/domains/familyplayhouse2/wp-cron.php' not found or unable to stat
[Sat Jan 31 06:16:41.621137 2026] [php:error] [pid 81838] [client 20.46.176.183:0] script '/domains/windsorweb/wp-themes.php' not found or unable to stat
[Sat Jan 31 06:16:41.782363 2026] [php:error] [pid 81838] [client 20.46.176.183:0] script '/domains/windsorweb/wp-user.php' not found or unable to stat
[Sat Jan 31 06:16:41.941066 2026] [php:error] [pid 81838] [client 20.46.176.183:0] script '/domains/windsorweb/wp_wlx.php' not found or unable to stat
[Sat Jan 31 06:16:42.101064 2026] [php:error] [pid 81838] [client 20.46.176.183:0] script '/domains/windsorweb/wpn.php' not found or unable to stat
[Sat Jan 31 06:17:00.084294 2026] [core:crit] [pid 81839] (13)Permission denied: [client 216.244.66.241:0] AH00529: /domains/dcarlone/test/web/.htaccess pcfg_openfile: unable to check htaccess file, ensure it is readable and that '/domains/dcarlone/test/web/' is executable
[Sat Jan 31 06:17:48.581858 2026] [php:error] [pid 81845] [client 74.248.24.238:0] script '/domains/system_suspended/re.php' not found or unable to stat
[Sat Jan 31 06:17:48.684437 2026] [php:error] [pid 81845] [client 74.248.24.238:0] script '/domains/system_suspended/ms-edit.php' not found or unable to stat
[Sat Jan 31 06:17:48.786941 2026] [php:error] [pid 81845] [client 74.248.24.238:0] script '/domains/system_suspended/w2025.php' not found or unable to stat
[Sat Jan 31 06:17:54.094806 2026] [php:error] [pid 81826] [client 62.60.130.210:0] script '/domains/hdickens.enteract/wp-login.php' not found or unable to stat, referer: https://www.google.jp/search?q=wordpress
[Sat Jan 31 06:17:54.894707 2026] [php:error] [pid 81838] [client 62.60.130.210:0] script '/domains/hdickens.enteract/wp-login.php' not found or unable to stat, referer: https://www.google.com/
[Sat Jan 31 06:18:08.283599 2026] [php:error] [pid 81841] [client 20.199.113.235:0] script '/domains/antiqueweb1/re.php' not found or unable to stat
[Sat Jan 31 06:18:08.376787 2026] [php:error] [pid 81841] [client 20.199.113.235:0] script '/domains/antiqueweb1/ms-edit.php' not found or unable to stat
[Sat Jan 31 06:18:08.463761 2026] [php:error] [pid 81841] [client 20.199.113.235:0] script '/domains/antiqueweb1/w2025.php' not found or unable to stat
[Sat Jan 31 06:18:52.645542 2026] [php:error] [pid 81838] [client 157.119.93.22:0] script '/domains/wsmith.enteract/fun.php' not found or unable to stat
[Sat Jan 31 06:19:02.780317 2026] [php:error] [pid 81838] [client 62.60.130.210:0] script '/domains/rfisher.dnai/wp-login.php' not found or unable to stat, referer: https://www.facebook.com/
[Sat Jan 31 06:19:03.663492 2026] [php:error] [pid 81849] [client 62.60.130.210:0] script '/domains/rfisher.dnai/wp-login.php' not found or unable to stat
[Sat Jan 31 06:19:14.766869 2026] [php:error] [pid 81853] [client 20.211.164.12:0] script '/domains/mschmid/wp-trackback.php' not found or unable to stat
[Sat Jan 31 06:19:14.967567 2026] [php:error] [pid 81853] [client 20.211.164.12:0] script '/domains/mschmid/about.php' not found or unable to stat
[Sat Jan 31 06:19:15.168212 2026] [php:error] [pid 81853] [client 20.211.164.12:0] script '/domains/mschmid/file.php' not found or unable to stat
[Sat Jan 31 06:19:15.367359 2026] [php:error] [pid 81853] [client 20.211.164.12:0] script '/domains/mschmid/wp-good.php' not found or unable to stat
[Sat Jan 31 06:19:15.572326 2026] [php:error] [pid 81853] [client 20.211.164.12:0] script '/domains/mschmid/xmlrpc.php' not found or unable to stat
[Sat Jan 31 06:19:15.771729 2026] [php:error] [pid 81853] [client 20.211.164.12:0] script '/domains/mschmid/goods.php' not found or unable to stat
[Sat Jan 31 06:19:15.995899 2026] [php:error] [pid 81853] [client 20.211.164.12:0] script '/domains/mschmid/ioxi-o.php' not found or unable to stat
[Sat Jan 31 06:19:16.210773 2026] [php:error] [pid 81853] [client 20.211.164.12:0] script '/domains/mschmid/class-t.api.php' not found or unable to stat
[Sat Jan 31 06:19:16.410037 2026] [php:error] [pid 81853] [client 20.211.164.12:0] script '/domains/mschmid/admin.php' not found or unable to stat
[Sat Jan 31 06:19:16.618803 2026] [php:error] [pid 81853] [client 20.211.164.12:0] script '/domains/mschmid/sf.php' not found or unable to stat
[Sat Jan 31 06:19:16.821468 2026] [php:error] [pid 81853] [client 20.211.164.12:0] script '/domains/mschmid/rip.php' not found or unable to stat
[Sat Jan 31 06:19:17.022148 2026] [php:error] [pid 81853] [client 20.211.164.12:0] script '/domains/mschmid/autoload_classmap.php' not found or unable to stat
[Sat Jan 31 06:19:17.221419 2026] [php:error] [pid 81853] [client 20.211.164.12:0] script '/domains/mschmid/chosen.php' not found or unable to stat
[Sat Jan 31 06:19:17.420801 2026] [php:error] [pid 81853] [client 20.211.164.12:0] script '/domains/mschmid/classwithtostring.php' not found or unable to stat
[Sat Jan 31 06:19:17.620797 2026] [php:error] [pid 81853] [client 20.211.164.12:0] script '/domains/mschmid/defaults.php' not found or unable to stat
[Sat Jan 31 06:19:18.633830 2026] [php:error] [pid 81853] [client 20.211.164.12:0] script '/domains/mschmid/info.php' not found or unable to stat
[Sat Jan 31 06:19:20.101701 2026] [php:error] [pid 81853] [client 20.211.164.12:0] script '/domains/mschmid/adminfuns.php' not found or unable to stat
[Sat Jan 31 06:19:24.340360 2026] [php:error] [pid 81840] [client 20.24.85.10:0] script '/domains/system_default/gettest.php' not found or unable to stat
[Sat Jan 31 06:19:24.550483 2026] [php:error] [pid 81840] [client 20.24.85.10:0] script '/domains/system_default/menu.php' not found or unable to stat
[Sat Jan 31 06:19:24.777566 2026] [php:error] [pid 81840] [client 20.24.85.10:0] script '/domains/system_default/bjfl.php' not found or unable to stat
[Sat Jan 31 06:19:24.987572 2026] [php:error] [pid 81840] [client 20.24.85.10:0] script '/domains/system_default/sko.php' not found or unable to stat
[Sat Jan 31 06:19:25.208652 2026] [php:error] [pid 81840] [client 20.24.85.10:0] script '/domains/system_default/obfuscate.php' not found or unable to stat
[Sat Jan 31 06:19:25.466449 2026] [php:error] [pid 81840] [client 20.24.85.10:0] script '/domains/system_default/img.php' not found or unable to stat
[Sat Jan 31 06:19:25.676937 2026] [php:error] [pid 81840] [client 20.24.85.10:0] script '/domains/system_default/co.php' not found or unable to stat
[Sat Jan 31 06:19:26.098686 2026] [php:error] [pid 81840] [client 20.24.85.10:0] script '/domains/system_default/iswfg.php' not found or unable to stat
[Sat Jan 31 06:19:26.324108 2026] [php:error] [pid 81840] [client 20.24.85.10:0] script '/domains/system_default/acxx.php' not found or unable to stat
[Sat Jan 31 06:19:26.556393 2026] [php:error] [pid 81840] [client 20.24.85.10:0] script '/domains/system_default/black.php' not found or unable to stat
[Sat Jan 31 06:19:26.783512 2026] [php:error] [pid 81840] [client 20.24.85.10:0] script '/domains/system_default/wikindex.php' not found or unable to stat
[Sat Jan 31 06:19:27.005362 2026] [php:error] [pid 81840] [client 20.24.85.10:0] script '/domains/system_default/tool.php' not found or unable to stat
[Sat Jan 31 06:19:27.219016 2026] [php:error] [pid 81840] [client 20.24.85.10:0] script '/domains/system_default/py.php' not found or unable to stat
[Sat Jan 31 06:19:27.428685 2026] [php:error] [pid 81840] [client 20.24.85.10:0] script '/domains/system_default/155.php' not found or unable to stat
[Sat Jan 31 06:19:27.639855 2026] [php:error] [pid 81840] [client 20.24.85.10:0] script '/domains/system_default/sym404.php' not found or unable to stat
[Sat Jan 31 06:19:27.657200 2026] [php:error] [pid 81860] [client 145.239.10.137:0] script '/domains/system_default/x.php' not found or unable to stat, referer: http://birchwoodpark.us/x.php
[Sat Jan 31 06:19:27.866880 2026] [php:error] [pid 81840] [client 20.24.85.10:0] script '/domains/system_default/iko.php' not found or unable to stat
[Sat Jan 31 06:19:28.086578 2026] [php:error] [pid 81840] [client 20.24.85.10:0] script '/domains/system_default/wefile.php' not found or unable to stat
[Sat Jan 31 06:19:28.298780 2026] [php:error] [pid 81840] [client 20.24.85.10:0] script '/domains/system_default/gfd.php' not found or unable to stat
[Sat Jan 31 06:19:28.513325 2026] [php:error] [pid 81840] [client 20.24.85.10:0] script '/domains/system_default/bnm.php' not found or unable to stat
[Sat Jan 31 06:19:28.723788 2026] [php:error] [pid 81840] [client 20.24.85.10:0] script '/domains/system_default/edit-tags.php' not found or unable to stat
[Sat Jan 31 06:19:28.945457 2026] [php:error] [pid 81840] [client 20.24.85.10:0] script '/domains/system_default/vx.php' not found or unable to stat
[Sat Jan 31 06:19:29.170036 2026] [php:error] [pid 81840] [client 20.24.85.10:0] script '/domains/system_default/lkj.php' not found or unable to stat
[Sat Jan 31 06:19:29.393696 2026] [php:error] [pid 81840] [client 20.24.85.10:0] script '/domains/system_default/ioxi-o.php' not found or unable to stat
[Sat Jan 31 06:19:30.470546 2026] [php:error] [pid 81840] [client 20.24.85.10:0] script '/domains/system_default/readme.php' not found or unable to stat
[Sat Jan 31 06:19:30.928024 2026] [php:error] [pid 81840] [client 20.24.85.10:0] script '/domains/system_default/classwithtostring.php' not found or unable to stat
[Sat Jan 31 06:19:31.154048 2026] [php:error] [pid 81840] [client 20.24.85.10:0] script '/domains/system_default/1.php' not found or unable to stat
[Sat Jan 31 06:19:31.845703 2026] [php:error] [pid 81840] [client 20.24.85.10:0] script '/domains/system_default/alfa.php' not found or unable to stat
[Sat Jan 31 06:19:32.280239 2026] [php:error] [pid 81840] [client 20.24.85.10:0] script '/domains/system_default/atx.php' not found or unable to stat
[Sat Jan 31 06:19:32.510496 2026] [php:error] [pid 81840] [client 20.24.85.10:0] script '/domains/system_default/inputs.php' not found or unable to stat
[Sat Jan 31 06:19:32.945940 2026] [php:error] [pid 81840] [client 20.24.85.10:0] script '/domains/system_default/404.php' not found or unable to stat
[Sat Jan 31 06:19:33.412401 2026] [php:error] [pid 81840] [client 20.24.85.10:0] script '/domains/system_default/global.php' not found or unable to stat
[Sat Jan 31 06:19:33.622374 2026] [php:error] [pid 81840] [client 20.24.85.10:0] script '/domains/system_default/core.php' not found or unable to stat
[Sat Jan 31 06:19:33.839752 2026] [php:error] [pid 81840] [client 20.24.85.10:0] script '/domains/system_default/thoms.php' not found or unable to stat
[Sat Jan 31 06:19:34.049549 2026] [php:error] [pid 81840] [client 20.24.85.10:0] script '/domains/system_default/irc.js.php' not found or unable to stat
[Sat Jan 31 06:20:06.861612 2026] [php:error] [pid 81851] [client 4.223.96.43:0] script '/domains/larrysr/1.php' not found or unable to stat
[Sat Jan 31 06:20:06.971456 2026] [php:error] [pid 81851] [client 4.223.96.43:0] script '/domains/larrysr/new.php' not found or unable to stat
[Sat Jan 31 06:20:07.106280 2026] [php:error] [pid 81851] [client 4.223.96.43:0] script '/domains/larrysr/num.php' not found or unable to stat
[Sat Jan 31 06:20:08.320265 2026] [php:error] [pid 81851] [client 4.223.96.43:0] script '/domains/larrysr/inputs.php' not found or unable to stat
[Sat Jan 31 06:20:09.919310 2026] [php:error] [pid 81851] [client 4.223.96.43:0] script '/domains/larrysr/admin.php' not found or unable to stat
[Sat Jan 31 06:20:10.056993 2026] [php:error] [pid 81851] [client 4.223.96.43:0] script '/domains/larrysr/13.php' not found or unable to stat
[Sat Jan 31 06:20:11.521569 2026] [php:error] [pid 81851] [client 4.223.96.43:0] script '/domains/larrysr/222.php' not found or unable to stat
[Sat Jan 31 06:20:11.628863 2026] [php:error] [pid 81851] [client 4.223.96.43:0] script '/domains/larrysr/aa.php' not found or unable to stat
[Sat Jan 31 06:20:11.744977 2026] [php:error] [pid 81851] [client 4.223.96.43:0] script '/domains/larrysr/abcd.php' not found or unable to stat
[Sat Jan 31 06:20:11.856112 2026] [php:error] [pid 81851] [client 4.223.96.43:0] script '/domains/larrysr/about.php' not found or unable to stat
[Sat Jan 31 06:20:11.977651 2026] [php:error] [pid 81851] [client 4.223.96.43:0] script '/domains/larrysr/admin.php' not found or unable to stat
[Sat Jan 31 06:20:12.085887 2026] [php:error] [pid 81851] [client 4.223.96.43:0] script '/domains/larrysr/adminfuns.php' not found or unable to stat
[Sat Jan 31 06:20:12.201755 2026] [php:error] [pid 81851] [client 4.223.96.43:0] script '/domains/larrysr/adminfuns.php' not found or unable to stat
[Sat Jan 31 06:20:13.543956 2026] [php:error] [pid 81851] [client 4.223.96.43:0] script '/domains/larrysr/ae.php' not found or unable to stat
[Sat Jan 31 06:20:13.666080 2026] [php:error] [pid 81851] [client 4.223.96.43:0] script '/domains/larrysr/akcc.php' not found or unable to stat
[Sat Jan 31 06:20:15.425906 2026] [php:error] [pid 81851] [client 4.223.96.43:0] script '/domains/larrysr/bak.php' not found or unable to stat
[Sat Jan 31 06:20:17.030043 2026] [php:error] [pid 81851] [client 4.223.96.43:0] script '/domains/larrysr/bless.php' not found or unable to stat
[Sat Jan 31 06:20:17.135666 2026] [php:error] [pid 81851] [client 4.223.96.43:0] script '/domains/larrysr/cc.php' not found or unable to stat
[Sat Jan 31 06:20:19.024510 2026] [php:error] [pid 81851] [client 4.223.96.43:0] script '/domains/larrysr/file5.php' not found or unable to stat
[Sat Jan 31 06:20:22.948740 2026] [php:error] [pid 81851] [client 4.223.96.43:0] script '/domains/larrysr/chosen.php' not found or unable to stat
[Sat Jan 31 06:20:23.177552 2026] [php:error] [pid 81851] [client 4.223.96.43:0] script '/domains/larrysr/classwithtostring.php' not found or unable to stat
[Sat Jan 31 06:20:25.177246 2026] [php:error] [pid 81851] [client 4.223.96.43:0] script '/domains/larrysr/wp-signup.php' not found or unable to stat
[Sat Jan 31 06:20:25.290661 2026] [php:error] [pid 81851] [client 4.223.96.43:0] script '/domains/larrysr/doc.php' not found or unable to stat
[Sat Jan 31 06:20:26.623291 2026] [php:error] [pid 81851] [client 4.223.96.43:0] script '/domains/larrysr/edit.php' not found or unable to stat
[Sat Jan 31 06:20:26.763607 2026] [php:error] [pid 81851] [client 4.223.96.43:0] script '/domains/larrysr/worksec.php' not found or unable to stat
[Sat Jan 31 06:20:28.228863 2026] [php:error] [pid 81851] [client 4.223.96.43:0] script '/domains/larrysr/ultra.php' not found or unable to stat
[Sat Jan 31 06:20:28.343453 2026] [php:error] [pid 81851] [client 4.223.96.43:0] script '/domains/larrysr/elp.php' not found or unable to stat
[Sat Jan 31 06:20:28.476326 2026] [php:error] [pid 81851] [client 4.223.96.43:0] script '/domains/larrysr/file.php' not found or unable to stat
[Sat Jan 31 06:20:28.589814 2026] [php:error] [pid 81851] [client 4.223.96.43:0] script '/domains/larrysr/files.php' not found or unable to stat
[Sat Jan 31 06:20:28.694269 2026] [php:error] [pid 81851] [client 4.223.96.43:0] script '/domains/larrysr/gecko.php' not found or unable to stat
[Sat Jan 31 06:20:30.126879 2026] [php:error] [pid 81851] [client 4.223.96.43:0] script '/domains/larrysr/goods.php' not found or unable to stat
[Sat Jan 31 06:20:30.245318 2026] [php:error] [pid 81851] [client 4.223.96.43:0] script '/domains/larrysr/man.php' not found or unable to stat
[Sat Jan 31 06:20:30.379392 2026] [php:error] [pid 81851] [client 4.223.96.43:0] script '/domains/larrysr/wp-settings.php' not found or unable to stat
[Sat Jan 31 06:20:30.485145 2026] [php:error] [pid 81851] [client 4.223.96.43:0] script '/domains/larrysr/k.php' not found or unable to stat
[Sat Jan 31 06:20:30.611718 2026] [php:error] [pid 81851] [client 4.223.96.43:0] script '/domains/larrysr/autoload_classmap.php' not found or unable to stat
[Sat Jan 31 06:20:30.717282 2026] [php:error] [pid 81851] [client 4.223.96.43:0] script '/domains/larrysr/profile.php' not found or unable to stat
[Sat Jan 31 06:20:32.041273 2026] [php:error] [pid 81851] [client 4.223.96.43:0] script '/domains/larrysr/server.php' not found or unable to stat
[Sat Jan 31 06:20:32.152507 2026] [php:error] [pid 81851] [client 4.223.96.43:0] script '/domains/larrysr/shell.php' not found or unable to stat
[Sat Jan 31 06:20:32.282910 2026] [php:error] [pid 81851] [client 4.223.96.43:0] script '/domains/larrysr/t.php' not found or unable to stat
[Sat Jan 31 06:20:32.387741 2026] [php:error] [pid 81851] [client 4.223.96.43:0] script '/domains/larrysr/hello.php' not found or unable to stat
[Sat Jan 31 06:20:32.404759 2026] [php:error] [pid 81875] [client 91.227.155.226:0] script '/domains/markrose/local.config.php' not found or unable to stat
[Sat Jan 31 06:20:32.495951 2026] [php:error] [pid 81851] [client 4.223.96.43:0] script '/domains/larrysr/themes.php' not found or unable to stat
[Sat Jan 31 06:20:33.062421 2026] [php:error] [pid 81875] [client 91.227.155.226:0] script '/domains/markrose/local.settings.php' not found or unable to stat
[Sat Jan 31 06:20:34.520140 2026] [php:error] [pid 81875] [client 91.227.155.226:0] script '/domains/markrose/custom.config.php' not found or unable to stat
[Sat Jan 31 06:20:34.897911 2026] [php:error] [pid 81851] [client 4.223.96.43:0] script '/domains/larrysr/akismet.php' not found or unable to stat
[Sat Jan 31 06:20:52.957444 2026] [php:error] [pid 81851] [client 4.223.96.43:0] script '/domains/larrysr/wp-load.php' not found or unable to stat
[Sat Jan 31 06:21:08.678577 2026] [php:error] [pid 81851] [client 4.223.96.43:0] script '/domains/larrysr/wp-trackback.php' not found or unable to stat
[Sat Jan 31 06:21:09.506328 2026] [php:error] [pid 81888] [client 74.248.24.238:0] script '/domains/brenties/baidu.php' not found or unable to stat
[Sat Jan 31 06:21:09.605039 2026] [php:error] [pid 81888] [client 74.248.24.238:0] script '/domains/brenties/eT.php' not found or unable to stat
[Sat Jan 31 06:21:09.715935 2026] [php:error] [pid 81888] [client 74.248.24.238:0] script '/domains/brenties/an9.php' not found or unable to stat
[Sat Jan 31 06:21:09.889323 2026] [php:error] [pid 81888] [client 74.248.24.238:0] script '/domains/brenties/iwivi.php' not found or unable to stat
[Sat Jan 31 06:21:09.996046 2026] [php:error] [pid 81888] [client 74.248.24.238:0] script '/domains/brenties/155.php' not found or unable to stat
[Sat Jan 31 06:21:10.193230 2026] [php:error] [pid 81888] [client 74.248.24.238:0] script '/domains/brenties/bf.php' not found or unable to stat
[Sat Jan 31 06:21:10.329822 2026] [php:error] [pid 81888] [client 74.248.24.238:0] script '/domains/brenties/nw.php' not found or unable to stat
[Sat Jan 31 06:21:10.431730 2026] [php:error] [pid 81888] [client 74.248.24.238:0] script '/domains/brenties/2026.php' not found or unable to stat
[Sat Jan 31 06:21:10.530194 2026] [php:error] [pid 81888] [client 74.248.24.238:0] script '/domains/brenties/Jcrop.php' not found or unable to stat
[Sat Jan 31 06:21:10.679645 2026] [php:error] [pid 81888] [client 74.248.24.238:0] script '/domains/brenties/xfile25.php' not found or unable to stat
[Sat Jan 31 06:21:10.778854 2026] [php:error] [pid 81888] [client 74.248.24.238:0] script '/domains/brenties/ok.php' not found or unable to stat
[Sat Jan 31 06:21:10.781034 2026] [php:error] [pid 81863] [client 4.223.96.43:0] script '/domains/larrysr/www.php' not found or unable to stat
[Sat Jan 31 06:21:10.877373 2026] [php:error] [pid 81888] [client 74.248.24.238:0] script '/domains/brenties/tourpa.php' not found or unable to stat
[Sat Jan 31 06:21:10.911705 2026] [php:error] [pid 81863] [client 4.223.96.43:0] script '/domains/larrysr/xmlrpc.php' not found or unable to stat
[Sat Jan 31 06:21:11.024347 2026] [php:error] [pid 81863] [client 4.223.96.43:0] script '/domains/larrysr/xmrlpc.php' not found or unable to stat
[Sat Jan 31 06:21:11.120192 2026] [php:error] [pid 81888] [client 74.248.24.238:0] script '/domains/brenties/il.php' not found or unable to stat
[Sat Jan 31 06:21:11.149676 2026] [php:error] [pid 81863] [client 4.223.96.43:0] script '/domains/larrysr/class.akismet-admin.php' not found or unable to stat
[Sat Jan 31 06:21:11.259375 2026] [php:error] [pid 81863] [client 4.223.96.43:0] script '/domains/larrysr/class.akismet.php' not found or unable to stat
[Sat Jan 31 06:21:11.312318 2026] [php:error] [pid 81888] [client 74.248.24.238:0] script '/domains/brenties/muzu.php' not found or unable to stat
[Sat Jan 31 06:21:11.467388 2026] [php:error] [pid 81888] [client 74.248.24.238:0] script '/domains/brenties/sd.php' not found or unable to stat
[Sat Jan 31 06:21:11.566194 2026] [php:error] [pid 81888] [client 74.248.24.238:0] script '/domains/brenties/fi.php' not found or unable to stat
[Sat Jan 31 06:21:11.703837 2026] [php:error] [pid 81888] [client 74.248.24.238:0] script '/domains/brenties/zfe.php' not found or unable to stat
[Sat Jan 31 06:21:11.836304 2026] [php:error] [pid 81888] [client 74.248.24.238:0] script '/domains/brenties/jsond.php' not found or unable to stat
[Sat Jan 31 06:21:11.935457 2026] [php:error] [pid 81888] [client 74.248.24.238:0] script '/domains/brenties/aa2.php' not found or unable to stat
[Sat Jan 31 06:21:12.080071 2026] [php:error] [pid 81888] [client 74.248.24.238:0] script '/domains/brenties/reze.php' not found or unable to stat
[Sat Jan 31 06:21:12.181276 2026] [php:error] [pid 81888] [client 74.248.24.238:0] script '/domains/brenties/ph33w.php' not found or unable to stat
[Sat Jan 31 06:21:12.280061 2026] [php:error] [pid 81888] [client 74.248.24.238:0] script '/domains/brenties/styll.php' not found or unable to stat
[Sat Jan 31 06:21:12.381641 2026] [php:error] [pid 81888] [client 74.248.24.238:0] script '/domains/brenties/it.php' not found or unable to stat
[Sat Jan 31 06:21:12.412759 2026] [php:error] [pid 81863] [client 4.223.96.43:0] script '/domains/larrysr/class.akismet-widget.php' not found or unable to stat
[Sat Jan 31 06:21:12.515991 2026] [php:error] [pid 81863] [client 4.223.96.43:0] script '/domains/larrysr/class.akismet-rest-api.php' not found or unable to stat
[Sat Jan 31 06:21:12.546268 2026] [php:error] [pid 81888] [client 74.248.24.238:0] script '/domains/brenties/wwx.php' not found or unable to stat
[Sat Jan 31 06:21:12.756673 2026] [php:error] [pid 81888] [client 74.248.24.238:0] script '/domains/brenties/x7.php' not found or unable to stat
[Sat Jan 31 06:21:12.862657 2026] [php:error] [pid 81888] [client 74.248.24.238:0] script '/domains/brenties/1a.php' not found or unable to stat
[Sat Jan 31 06:21:13.009539 2026] [php:error] [pid 81888] [client 74.248.24.238:0] script '/domains/brenties/thebe.php' not found or unable to stat
