[Sat Jan 31 06:46:05.818743 2026] [php:error] [pid 87740] [client 4.194.217.214:0] script '/domains/hofficer1/tmpls.php' not found or unable to stat
[Sat Jan 31 06:46:06.043951 2026] [php:error] [pid 87740] [client 4.194.217.214:0] script '/domains/hofficer1/item.php' not found or unable to stat
[Sat Jan 31 06:46:06.268396 2026] [php:error] [pid 87740] [client 4.194.217.214:0] script '/domains/hofficer1/test1.php' not found or unable to stat
[Sat Jan 31 06:46:06.461168 2026] [php:error] [pid 82095] [client 4.188.251.0:0] script '/domains/smartny/wp-load.php' not found or unable to stat
[Sat Jan 31 06:46:06.499513 2026] [php:error] [pid 87740] [client 4.194.217.214:0] script '/domains/hofficer1/wp-themes.php' not found or unable to stat
[Sat Jan 31 06:46:06.948948 2026] [php:error] [pid 87740] [client 4.194.217.214:0] script '/domains/hofficer1/indeex.php' not found or unable to stat
[Sat Jan 31 06:46:07.103368 2026] [php:error] [pid 82095] [client 4.188.251.0:0] script '/domains/smartny/wsd.php' not found or unable to stat
[Sat Jan 31 06:46:07.406508 2026] [php:error] [pid 87740] [client 4.194.217.214:0] script '/domains/hofficer1/503.php' not found or unable to stat
[Sat Jan 31 06:46:07.656958 2026] [php:error] [pid 87740] [client 4.194.217.214:0] script '/domains/hofficer1/html.php' not found or unable to stat
[Sat Jan 31 06:46:07.742148 2026] [php:error] [pid 82095] [client 4.188.251.0:0] script '/domains/smartny/editor.php' not found or unable to stat
[Sat Jan 31 06:46:07.881801 2026] [php:error] [pid 87740] [client 4.194.217.214:0] script '/domains/hofficer1/custom-background.php' not found or unable to stat
[Sat Jan 31 06:46:08.106630 2026] [php:error] [pid 87740] [client 4.194.217.214:0] script '/domains/hofficer1/xmrlpc.php' not found or unable to stat
[Sat Jan 31 06:46:08.331271 2026] [php:error] [pid 87740] [client 4.194.217.214:0] script '/domains/hofficer1/img.php' not found or unable to stat
[Sat Jan 31 06:46:08.782266 2026] [php:error] [pid 87740] [client 4.194.217.214:0] script '/domains/hofficer1/cwclass.php' not found or unable to stat
[Sat Jan 31 06:46:09.007067 2026] [php:error] [pid 87740] [client 4.194.217.214:0] script '/domains/hofficer1/0x.php' not found or unable to stat
[Sat Jan 31 06:46:09.232017 2026] [php:error] [pid 87740] [client 4.194.217.214:0] script '/domains/hofficer1/a2.php' not found or unable to stat
[Sat Jan 31 06:46:09.456745 2026] [php:error] [pid 87740] [client 4.194.217.214:0] script '/domains/hofficer1/m.php' not found or unable to stat
[Sat Jan 31 06:46:09.655615 2026] [php:error] [pid 82095] [client 4.188.251.0:0] script '/domains/smartny/cong.php' not found or unable to stat
[Sat Jan 31 06:46:09.681545 2026] [php:error] [pid 87740] [client 4.194.217.214:0] script '/domains/hofficer1/oo.php' not found or unable to stat
[Sat Jan 31 06:46:09.906112 2026] [php:error] [pid 87740] [client 4.194.217.214:0] script '/domains/hofficer1/1.php' not found or unable to stat
[Sat Jan 31 06:46:10.356660 2026] [php:error] [pid 87740] [client 4.194.217.214:0] script '/domains/hofficer1/az.php' not found or unable to stat
[Sat Jan 31 06:46:10.581783 2026] [php:error] [pid 87740] [client 4.194.217.214:0] script '/domains/hofficer1/x.php' not found or unable to stat
[Sat Jan 31 06:46:10.806296 2026] [php:error] [pid 87740] [client 4.194.217.214:0] script '/domains/hofficer1/gg.php' not found or unable to stat
[Sat Jan 31 06:46:10.935441 2026] [php:error] [pid 82095] [client 4.188.251.0:0] script '/domains/smartny/inputs.php' not found or unable to stat
[Sat Jan 31 06:46:11.030980 2026] [php:error] [pid 87740] [client 4.194.217.214:0] script '/domains/hofficer1/server.php' not found or unable to stat
[Sat Jan 31 06:46:11.256209 2026] [php:error] [pid 87740] [client 4.194.217.214:0] script '/domains/hofficer1/class19.php' not found or unable to stat
[Sat Jan 31 06:46:11.480834 2026] [php:error] [pid 87740] [client 4.194.217.214:0] script '/domains/hofficer1/yanz.php' not found or unable to stat
[Sat Jan 31 06:46:12.153709 2026] [php:error] [pid 87740] [client 4.194.217.214:0] script '/domains/hofficer1/class.php' not found or unable to stat
[Sat Jan 31 06:46:12.378843 2026] [php:error] [pid 87740] [client 4.194.217.214:0] script '/domains/hofficer1/elp.php' not found or unable to stat
[Sat Jan 31 06:46:12.603699 2026] [php:error] [pid 87740] [client 4.194.217.214:0] script '/domains/hofficer1/sx.php' not found or unable to stat
[Sat Jan 31 06:46:12.843202 2026] [php:error] [pid 82095] [client 4.188.251.0:0] script '/domains/smartny/files.php' not found or unable to stat
[Sat Jan 31 06:46:13.054540 2026] [php:error] [pid 87740] [client 4.194.217.214:0] script '/domains/hofficer1/dropdown.php' not found or unable to stat
[Sat Jan 31 06:46:13.495188 2026] [php:error] [pid 82095] [client 4.188.251.0:0] script '/domains/smartny/zwso.php' not found or unable to stat
[Sat Jan 31 06:46:13.729042 2026] [php:error] [pid 87740] [client 4.194.217.214:0] script '/domains/hofficer1/priv.php' not found or unable to stat
[Sat Jan 31 06:46:13.953785 2026] [php:error] [pid 87740] [client 4.194.217.214:0] script '/domains/hofficer1/function.php' not found or unable to stat
[Sat Jan 31 06:46:14.402954 2026] [php:error] [pid 87740] [client 4.194.217.214:0] script '/domains/hofficer1/wp-load.php' not found or unable to stat
[Sat Jan 31 06:46:14.627930 2026] [php:error] [pid 87740] [client 4.194.217.214:0] script '/domains/hofficer1/wsd.php' not found or unable to stat
[Sat Jan 31 06:46:14.804365 2026] [php:error] [pid 82095] [client 4.188.251.0:0] script '/domains/smartny/backup.php' not found or unable to stat
[Sat Jan 31 06:46:14.852701 2026] [php:error] [pid 87740] [client 4.194.217.214:0] script '/domains/hofficer1/editor.php' not found or unable to stat
[Sat Jan 31 06:46:15.528044 2026] [php:error] [pid 87740] [client 4.194.217.214:0] script '/domains/hofficer1/cong.php' not found or unable to stat
[Sat Jan 31 06:46:16.003444 2026] [php:error] [pid 87740] [client 4.194.217.214:0] script '/domains/hofficer1/inputs.php' not found or unable to stat
[Sat Jan 31 06:46:16.075028 2026] [php:error] [pid 82095] [client 4.188.251.0:0] script '/domains/smartny/06.php' not found or unable to stat
[Sat Jan 31 06:46:16.678960 2026] [php:error] [pid 87740] [client 4.194.217.214:0] script '/domains/hofficer1/files.php' not found or unable to stat
[Sat Jan 31 06:46:16.718882 2026] [php:error] [pid 82095] [client 4.188.251.0:0] script '/domains/smartny/size.php' not found or unable to stat
[Sat Jan 31 06:46:16.904205 2026] [php:error] [pid 87740] [client 4.194.217.214:0] script '/domains/hofficer1/zwso.php' not found or unable to stat
[Sat Jan 31 06:46:17.353184 2026] [php:error] [pid 87740] [client 4.194.217.214:0] script '/domains/hofficer1/backup.php' not found or unable to stat
[Sat Jan 31 06:46:17.358196 2026] [php:error] [pid 82095] [client 4.188.251.0:0] script '/domains/smartny/vx.php' not found or unable to stat
[Sat Jan 31 06:46:17.802324 2026] [php:error] [pid 87740] [client 4.194.217.214:0] script '/domains/hofficer1/06.php' not found or unable to stat
[Sat Jan 31 06:46:18.012301 2026] [php:error] [pid 82095] [client 4.188.251.0:0] script '/domains/smartny/dev1s.php' not found or unable to stat
[Sat Jan 31 06:46:18.026772 2026] [php:error] [pid 87740] [client 4.194.217.214:0] script '/domains/hofficer1/size.php' not found or unable to stat
[Sat Jan 31 06:46:18.251331 2026] [php:error] [pid 87740] [client 4.194.217.214:0] script '/domains/hofficer1/vx.php' not found or unable to stat
[Sat Jan 31 06:46:18.477972 2026] [php:error] [pid 87740] [client 4.194.217.214:0] script '/domains/hofficer1/dev1s.php' not found or unable to stat
[Sat Jan 31 06:46:18.646537 2026] [php:error] [pid 82095] [client 4.188.251.0:0] script '/domains/smartny/zr.php' not found or unable to stat
[Sat Jan 31 06:46:18.711760 2026] [php:error] [pid 87740] [client 4.194.217.214:0] script '/domains/hofficer1/zr.php' not found or unable to stat
[Sat Jan 31 06:46:18.940780 2026] [php:error] [pid 87740] [client 4.194.217.214:0] script '/domains/hofficer1/styles.php' not found or unable to stat
[Sat Jan 31 06:46:19.178389 2026] [php:error] [pid 87740] [client 4.194.217.214:0] script '/domains/hofficer1/file.php' not found or unable to stat
[Sat Jan 31 06:46:19.279857 2026] [php:error] [pid 82095] [client 4.188.251.0:0] script '/domains/smartny/styles.php' not found or unable to stat
[Sat Jan 31 06:46:19.405023 2026] [php:error] [pid 87740] [client 4.194.217.214:0] script '/domains/hofficer1/revision.php' not found or unable to stat
[Sat Jan 31 06:46:19.630187 2026] [php:error] [pid 87740] [client 4.194.217.214:0] script '/domains/hofficer1/panel.php' not found or unable to stat
[Sat Jan 31 06:46:19.858925 2026] [php:error] [pid 87740] [client 4.194.217.214:0] script '/domains/hofficer1/wen.php' not found or unable to stat
[Sat Jan 31 06:46:19.929948 2026] [php:error] [pid 82095] [client 4.188.251.0:0] script '/domains/smartny/file.php' not found or unable to stat
[Sat Jan 31 06:46:20.084399 2026] [php:error] [pid 87740] [client 4.194.217.214:0] script '/domains/hofficer1/ioxi-o.php' not found or unable to stat
[Sat Jan 31 06:46:20.309281 2026] [php:error] [pid 87740] [client 4.194.217.214:0] script '/domains/hofficer1/gtc.php' not found or unable to stat
[Sat Jan 31 06:46:20.533799 2026] [php:error] [pid 87740] [client 4.194.217.214:0] script '/domains/hofficer1/mini.php' not found or unable to stat
[Sat Jan 31 06:46:20.571836 2026] [php:error] [pid 82095] [client 4.188.251.0:0] script '/domains/smartny/revision.php' not found or unable to stat
[Sat Jan 31 06:46:20.758546 2026] [php:error] [pid 87740] [client 4.194.217.214:0] script '/domains/hofficer1/siteheads.php' not found or unable to stat
[Sat Jan 31 06:46:20.985404 2026] [php:error] [pid 87740] [client 4.194.217.214:0] script '/domains/hofficer1/okxh.php' not found or unable to stat
[Sat Jan 31 06:46:21.202655 2026] [php:error] [pid 82095] [client 4.188.251.0:0] script '/domains/smartny/panel.php' not found or unable to stat
[Sat Jan 31 06:46:21.327644 2026] [php:error] [pid 87740] [client 4.194.217.214:0] script '/domains/hofficer1/content.php' not found or unable to stat
[Sat Jan 31 06:46:21.552485 2026] [php:error] [pid 87740] [client 4.194.217.214:0] script '/domains/hofficer1/wp-good.php' not found or unable to stat
[Sat Jan 31 06:46:21.778723 2026] [php:error] [pid 87740] [client 4.194.217.214:0] script '/domains/hofficer1/abcd.php' not found or unable to stat
[Sat Jan 31 06:46:21.853373 2026] [php:error] [pid 82095] [client 4.188.251.0:0] script '/domains/smartny/wen.php' not found or unable to stat
[Sat Jan 31 06:46:22.003586 2026] [php:error] [pid 87740] [client 4.194.217.214:0] script '/domains/hofficer1/log.php' not found or unable to stat
[Sat Jan 31 06:46:22.258332 2026] [php:error] [pid 87740] [client 4.194.217.214:0] script '/domains/hofficer1/info.php' not found or unable to stat
[Sat Jan 31 06:46:22.488451 2026] [php:error] [pid 82095] [client 4.188.251.0:0] script '/domains/smartny/ioxi-o.php' not found or unable to stat
[Sat Jan 31 06:46:22.974212 2026] [php:error] [pid 87740] [client 4.194.217.214:0] script '/domains/hofficer1/12.php' not found or unable to stat
[Sat Jan 31 06:46:23.145511 2026] [php:error] [pid 82095] [client 4.188.251.0:0] script '/domains/smartny/gtc.php' not found or unable to stat
[Sat Jan 31 06:46:23.301810 2026] [php:error] [pid 87740] [client 4.194.217.214:0] script '/domains/hofficer1/yr.PHP' not found or unable to stat
[Sat Jan 31 06:46:23.529451 2026] [php:error] [pid 87740] [client 4.194.217.214:0] script '/domains/hofficer1/dex.php' not found or unable to stat
[Sat Jan 31 06:46:23.754374 2026] [php:error] [pid 87740] [client 4.194.217.214:0] script '/domains/hofficer1/yas.php' not found or unable to stat
[Sat Jan 31 06:46:23.781213 2026] [php:error] [pid 82095] [client 4.188.251.0:0] script '/domains/smartny/mini.php' not found or unable to stat
[Sat Jan 31 06:46:24.020735 2026] [php:error] [pid 87740] [client 4.194.217.214:0] script '/domains/hofficer1/up.php' not found or unable to stat
[Sat Jan 31 06:46:24.245564 2026] [php:error] [pid 87740] [client 4.194.217.214:0] script '/domains/hofficer1/ova.php' not found or unable to stat
[Sat Jan 31 06:46:24.414597 2026] [php:error] [pid 82095] [client 4.188.251.0:0] script '/domains/smartny/siteheads.php' not found or unable to stat
[Sat Jan 31 06:46:24.547454 2026] [php:error] [pid 87740] [client 4.194.217.214:0] script '/domains/hofficer1/buy.php' not found or unable to stat
[Sat Jan 31 06:46:25.025172 2026] [php:error] [pid 87740] [client 4.194.217.214:0] script '/domains/hofficer1/classwithtostring.php' not found or unable to stat
[Sat Jan 31 06:46:25.065791 2026] [php:error] [pid 82095] [client 4.188.251.0:0] script '/domains/smartny/okxh.php' not found or unable to stat
[Sat Jan 31 06:46:25.259618 2026] [php:error] [pid 87740] [client 4.194.217.214:0] script '/domains/hofficer1/acxx.php' not found or unable to stat
[Sat Jan 31 06:46:25.711017 2026] [php:error] [pid 87740] [client 4.194.217.214:0] script '/domains/hofficer1/mk.php' not found or unable to stat
[Sat Jan 31 06:46:25.720308 2026] [php:error] [pid 82095] [client 4.188.251.0:0] script '/domains/smartny/content.php' not found or unable to stat
[Sat Jan 31 06:46:25.948318 2026] [php:error] [pid 87740] [client 4.194.217.214:0] script '/domains/hofficer1/zoo.php' not found or unable to stat
[Sat Jan 31 06:46:26.172902 2026] [php:error] [pid 87740] [client 4.194.217.214:0] script '/domains/hofficer1/33.php' not found or unable to stat
[Sat Jan 31 06:46:26.362320 2026] [php:error] [pid 82095] [client 4.188.251.0:0] script '/domains/smartny/wp-good.php' not found or unable to stat
[Sat Jan 31 06:46:26.622146 2026] [php:error] [pid 87740] [client 4.194.217.214:0] script '/domains/hofficer1/mode.php' not found or unable to stat
[Sat Jan 31 06:46:26.774353 2026] [php:error] [pid 87743] [client 20.212.209.31:0] script '/domains/system_default/aa.php' not found or unable to stat
[Sat Jan 31 06:46:26.846906 2026] [php:error] [pid 87740] [client 4.194.217.214:0] script '/domains/hofficer1/docs.php' not found or unable to stat
[Sat Jan 31 06:46:27.005291 2026] [php:error] [pid 82095] [client 4.188.251.0:0] script '/domains/smartny/abcd.php' not found or unable to stat
[Sat Jan 31 06:46:27.027418 2026] [php:error] [pid 87743] [client 20.212.209.31:0] script '/domains/system_default/abcd.php' not found or unable to stat
[Sat Jan 31 06:46:27.072821 2026] [php:error] [pid 87740] [client 4.194.217.214:0] script '/domains/hofficer1/abc.php' not found or unable to stat
[Sat Jan 31 06:46:27.317929 2026] [php:error] [pid 87743] [client 20.212.209.31:0] script '/domains/system_default/admin.php' not found or unable to stat
[Sat Jan 31 06:46:27.523046 2026] [php:error] [pid 87740] [client 4.194.217.214:0] script '/domains/hofficer1/wp-tot.php' not found or unable to stat
[Sat Jan 31 06:46:27.576432 2026] [php:error] [pid 87743] [client 20.212.209.31:0] script '/domains/system_default/buy.php' not found or unable to stat
[Sat Jan 31 06:46:27.657331 2026] [php:error] [pid 82095] [client 4.188.251.0:0] script '/domains/smartny/log.php' not found or unable to stat
[Sat Jan 31 06:46:28.203517 2026] [php:error] [pid 87745] [client 4.194.217.214:0] script '/domains/hofficer1/ioxi.php' not found or unable to stat
[Sat Jan 31 06:46:28.293757 2026] [php:error] [pid 82095] [client 4.188.251.0:0] script '/domains/smartny/info.php' not found or unable to stat
[Sat Jan 31 06:46:28.428127 2026] [php:error] [pid 87745] [client 4.194.217.214:0] script '/domains/hofficer1/ans.php' not found or unable to stat
[Sat Jan 31 06:46:28.650384 2026] [php:error] [pid 87745] [client 4.194.217.214:0] script '/domains/hofficer1/ok.php' not found or unable to stat
[Sat Jan 31 06:46:28.873670 2026] [php:error] [pid 87745] [client 4.194.217.214:0] script '/domains/hofficer1/asasx.php' not found or unable to stat
[Sat Jan 31 06:46:29.095736 2026] [php:error] [pid 87745] [client 4.194.217.214:0] script '/domains/hofficer1/fileupload.php' not found or unable to stat
[Sat Jan 31 06:46:29.317397 2026] [php:error] [pid 87745] [client 4.194.217.214:0] script '/domains/hofficer1/ran.php' not found or unable to stat
[Sat Jan 31 06:46:29.539573 2026] [php:error] [pid 87745] [client 4.194.217.214:0] script '/domains/hofficer1/set.php' not found or unable to stat
[Sat Jan 31 06:46:29.612666 2026] [php:error] [pid 82095] [client 4.188.251.0:0] script '/domains/smartny/assets/as.php' not found or unable to stat
[Sat Jan 31 06:46:29.761855 2026] [php:error] [pid 87745] [client 4.194.217.214:0] script '/domains/hofficer1/bs2.php' not found or unable to stat
[Sat Jan 31 06:46:30.205600 2026] [php:error] [pid 87745] [client 4.194.217.214:0] script '/domains/hofficer1/gifclass.php' not found or unable to stat
[Sat Jan 31 06:46:30.251562 2026] [php:error] [pid 82095] [client 4.188.251.0:0] script '/domains/smartny/12.php' not found or unable to stat
[Sat Jan 31 06:46:30.649060 2026] [php:error] [pid 87745] [client 4.194.217.214:0] script '/domains/hofficer1/manager.php' not found or unable to stat
[Sat Jan 31 06:46:30.775776 2026] [php:error] [pid 87743] [client 20.212.209.31:0] script '/domains/system_default/edit.php' not found or unable to stat
[Sat Jan 31 06:46:30.872835 2026] [php:error] [pid 87745] [client 4.194.217.214:0] script '/domains/hofficer1/xx.php' not found or unable to stat
[Sat Jan 31 06:46:30.891323 2026] [php:error] [pid 82095] [client 4.188.251.0:0] script '/domains/smartny/yr.PHP' not found or unable to stat
[Sat Jan 31 06:46:31.094780 2026] [php:error] [pid 87745] [client 4.194.217.214:0] script '/domains/hofficer1/about.php' not found or unable to stat
[Sat Jan 31 06:46:31.316824 2026] [php:error] [pid 87745] [client 4.194.217.214:0] script '/domains/hofficer1/zfile.php' not found or unable to stat
[Sat Jan 31 06:46:31.532379 2026] [php:error] [pid 82095] [client 4.188.251.0:0] script '/domains/smartny/dex.php' not found or unable to stat
[Sat Jan 31 06:46:31.539862 2026] [php:error] [pid 87745] [client 4.194.217.214:0] script '/domains/hofficer1/ccou.php' not found or unable to stat
[Sat Jan 31 06:46:31.748904 2026] [php:error] [pid 87743] [client 20.212.209.31:0] script '/domains/system_default/file.php' not found or unable to stat
[Sat Jan 31 06:46:31.761590 2026] [php:error] [pid 87745] [client 4.194.217.214:0] script '/domains/hofficer1/as.php' not found or unable to stat
[Sat Jan 31 06:46:31.983608 2026] [php:error] [pid 87745] [client 4.194.217.214:0] script '/domains/hofficer1/autoload_classmap.php' not found or unable to stat
[Sat Jan 31 06:46:31.990090 2026] [php:error] [pid 87743] [client 20.212.209.31:0] script '/domains/system_default/flower.php' not found or unable to stat
[Sat Jan 31 06:46:32.164606 2026] [php:error] [pid 82095] [client 4.188.251.0:0] script '/domains/smartny/yas.php' not found or unable to stat
[Sat Jan 31 06:46:32.431326 2026] [php:error] [pid 87745] [client 4.194.217.214:0] script '/domains/hofficer1/ar.php' not found or unable to stat
[Sat Jan 31 06:46:32.816472 2026] [php:error] [pid 82095] [client 4.188.251.0:0] script '/domains/smartny/up.php' not found or unable to stat
[Sat Jan 31 06:46:33.210186 2026] [php:error] [pid 87743] [client 20.212.209.31:0] script '/domains/system_default/info.php' not found or unable to stat
[Sat Jan 31 06:46:33.451363 2026] [php:error] [pid 82095] [client 4.188.251.0:0] script '/domains/smartny/ova.php' not found or unable to stat
[Sat Jan 31 06:46:33.874574 2026] [php:error] [pid 87743] [client 20.212.209.31:0] script '/domains/system_default/ioxi-o.php' not found or unable to stat
[Sat Jan 31 06:46:34.086541 2026] [php:error] [pid 82095] [client 4.188.251.0:0] script '/domains/smartny/buy.php' not found or unable to stat
[Sat Jan 31 06:46:35.370502 2026] [php:error] [pid 82095] [client 4.188.251.0:0] script '/domains/smartny/classwithtostring.php' not found or unable to stat
[Sat Jan 31 06:46:35.458887 2026] [php:error] [pid 87743] [client 20.212.209.31:0] script '/domains/system_default/nc4.php' not found or unable to stat
[Sat Jan 31 06:46:35.710431 2026] [php:error] [pid 87743] [client 20.212.209.31:0] script '/domains/system_default/xleet.php' not found or unable to stat
[Sat Jan 31 06:46:36.019844 2026] [php:error] [pid 82095] [client 4.188.251.0:0] script '/domains/smartny/acxx.php' not found or unable to stat
[Sat Jan 31 06:46:37.300880 2026] [php:error] [pid 82095] [client 4.188.251.0:0] script '/domains/smartny/mk.php' not found or unable to stat
[Sat Jan 31 06:46:37.932929 2026] [php:error] [pid 82095] [client 4.188.251.0:0] script '/domains/smartny/zoo.php' not found or unable to stat
[Sat Jan 31 06:46:38.070159 2026] [php:error] [pid 87743] [client 20.212.209.31:0] script '/domains/system_default/wp-good.php' not found or unable to stat
[Sat Jan 31 06:46:38.597711 2026] [php:error] [pid 82095] [client 4.188.251.0:0] script '/domains/smartny/33.php' not found or unable to stat
[Sat Jan 31 06:46:38.800140 2026] [php:error] [pid 87743] [client 20.212.209.31:0] script '/domains/system_default/xmrlpc.php' not found or unable to stat
[Sat Jan 31 06:46:39.232614 2026] [php:error] [pid 82095] [client 4.188.251.0:0] script '/domains/smartny/js/sxx.php' not found or unable to stat
[Sat Jan 31 06:46:39.663777 2026] [php:error] [pid 87743] [client 20.212.209.31:0] script '/domains/system_default/about.php' not found or unable to stat
[Sat Jan 31 06:46:39.866032 2026] [php:error] [pid 82095] [client 4.188.251.0:0] script '/domains/smartny/mode.php' not found or unable to stat
[Sat Jan 31 06:46:39.896606 2026] [php:error] [pid 87743] [client 20.212.209.31:0] script '/domains/system_default/adminfuns.php' not found or unable to stat
[Sat Jan 31 06:46:40.161862 2026] [php:error] [pid 87743] [client 20.212.209.31:0] script '/domains/system_default/alfa.php' not found or unable to stat
[Sat Jan 31 06:46:40.458319 2026] [php:error] [pid 87743] [client 20.212.209.31:0] script '/domains/system_default/asasx.php' not found or unable to stat
[Sat Jan 31 06:46:40.470100 2026] [php:error] [pid 82089] [client 20.211.1.249:0] script '/domains/micra/wp-trackback.php' not found or unable to stat
[Sat Jan 31 06:46:40.503981 2026] [php:error] [pid 82095] [client 4.188.251.0:0] script '/domains/smartny/docs.php' not found or unable to stat
[Sat Jan 31 06:46:40.666749 2026] [php:error] [pid 82089] [client 20.211.1.249:0] script '/domains/micra/about.php' not found or unable to stat
[Sat Jan 31 06:46:40.863499 2026] [php:error] [pid 82089] [client 20.211.1.249:0] script '/domains/micra/file.php' not found or unable to stat
[Sat Jan 31 06:46:41.073805 2026] [php:error] [pid 82089] [client 20.211.1.249:0] script '/domains/micra/wp-good.php' not found or unable to stat
[Sat Jan 31 06:46:41.138102 2026] [php:error] [pid 82095] [client 4.188.251.0:0] script '/domains/smartny/abc.php' not found or unable to stat
[Sat Jan 31 06:46:41.272902 2026] [php:error] [pid 82089] [client 20.211.1.249:0] script '/domains/micra/xmlrpc.php' not found or unable to stat
[Sat Jan 31 06:46:41.472478 2026] [php:error] [pid 82089] [client 20.211.1.249:0] script '/domains/micra/goods.php' not found or unable to stat
[Sat Jan 31 06:46:41.673419 2026] [php:error] [pid 82089] [client 20.211.1.249:0] script '/domains/micra/ioxi-o.php' not found or unable to stat
[Sat Jan 31 06:46:41.872869 2026] [php:error] [pid 82089] [client 20.211.1.249:0] script '/domains/micra/class-t.api.php' not found or unable to stat
[Sat Jan 31 06:46:42.071333 2026] [php:error] [pid 82089] [client 20.211.1.249:0] script '/domains/micra/admin.php' not found or unable to stat
[Sat Jan 31 06:46:42.279257 2026] [php:error] [pid 82089] [client 20.211.1.249:0] script '/domains/micra/sf.php' not found or unable to stat
[Sat Jan 31 06:46:42.408761 2026] [php:error] [pid 82095] [client 4.188.251.0:0] script '/domains/smartny/wp-tot.php' not found or unable to stat
[Sat Jan 31 06:46:42.461788 2026] [php:error] [pid 87743] [client 20.212.209.31:0] script '/domains/system_default/autoload_classmap.php' not found or unable to stat
[Sat Jan 31 06:46:42.480473 2026] [php:error] [pid 82089] [client 20.211.1.249:0] script '/domains/micra/rip.php' not found or unable to stat
[Sat Jan 31 06:46:42.693790 2026] [php:error] [pid 82089] [client 20.211.1.249:0] script '/domains/micra/autoload_classmap.php' not found or unable to stat
[Sat Jan 31 06:46:42.751732 2026] [php:error] [pid 87743] [client 20.212.209.31:0] script '/domains/system_default/classwithtostring.php' not found or unable to stat
[Sat Jan 31 06:46:42.891252 2026] [php:error] [pid 82089] [client 20.211.1.249:0] script '/domains/micra/chosen.php' not found or unable to stat
[Sat Jan 31 06:46:43.089007 2026] [php:error] [pid 82089] [client 20.211.1.249:0] script '/domains/micra/classwithtostring.php' not found or unable to stat
[Sat Jan 31 06:46:43.293472 2026] [php:error] [pid 82089] [client 20.211.1.249:0] script '/domains/micra/defaults.php' not found or unable to stat
[Sat Jan 31 06:46:43.670792 2026] [php:error] [pid 87743] [client 20.212.209.31:0] script '/domains/system_default/cong.php' not found or unable to stat
[Sat Jan 31 06:46:44.197194 2026] [php:error] [pid 87747] [client 4.188.251.0:0] script '/domains/smartny/ioxi.php' not found or unable to stat
[Sat Jan 31 06:46:44.290916 2026] [php:error] [pid 82089] [client 20.211.1.249:0] script '/domains/micra/info.php' not found or unable to stat
[Sat Jan 31 06:46:44.859812 2026] [php:error] [pid 87747] [client 4.188.251.0:0] script '/domains/smartny/ans.php' not found or unable to stat
[Sat Jan 31 06:46:45.003363 2026] [php:error] [pid 87743] [client 20.212.209.31:0] script '/domains/system_default/file2.php' not found or unable to stat
[Sat Jan 31 06:46:45.512114 2026] [php:error] [pid 87747] [client 4.188.251.0:0] script '/domains/smartny/ok.php' not found or unable to stat
[Sat Jan 31 06:46:45.694923 2026] [php:error] [pid 82089] [client 20.211.1.249:0] script '/domains/micra/adminfuns.php' not found or unable to stat
[Sat Jan 31 06:46:46.148625 2026] [php:error] [pid 87747] [client 4.188.251.0:0] script '/domains/smartny/asasx.php' not found or unable to stat
[Sat Jan 31 06:46:46.790010 2026] [php:error] [pid 87747] [client 4.188.251.0:0] script '/domains/smartny/fileupload.php' not found or unable to stat
[Sat Jan 31 06:46:47.107920 2026] [php:error] [pid 87743] [client 20.212.209.31:0] script '/domains/system_default/moon.php' not found or unable to stat
[Sat Jan 31 06:46:47.447238 2026] [php:error] [pid 87747] [client 4.188.251.0:0] script '/domains/smartny/ran.php' not found or unable to stat
[Sat Jan 31 06:46:48.091358 2026] [php:error] [pid 87747] [client 4.188.251.0:0] script '/domains/smartny/set.php' not found or unable to stat
[Sat Jan 31 06:46:48.729013 2026] [php:error] [pid 87747] [client 4.188.251.0:0] script '/domains/smartny/bs2.php' not found or unable to stat
[Sat Jan 31 06:46:49.490486 2026] [php:error] [pid 87740] [client 62.60.130.210:0] script '/domains/acagolf1/wp-login.php' not found or unable to stat, referer: https://www.facebook.com/
[Sat Jan 31 06:46:49.998317 2026] [php:error] [pid 87747] [client 4.188.251.0:0] script '/domains/smartny/gifclass.php' not found or unable to stat
[Sat Jan 31 06:46:50.297345 2026] [php:error] [pid 87749] [client 62.60.130.210:0] script '/domains/acagolf1/wp-login.php' not found or unable to stat
[Sat Jan 31 06:46:51.278823 2026] [php:error] [pid 87747] [client 4.188.251.0:0] script '/domains/smartny/manager.php' not found or unable to stat
[Sat Jan 31 06:46:51.915387 2026] [php:error] [pid 87747] [client 4.188.251.0:0] script '/domains/smartny/xx.php' not found or unable to stat
[Sat Jan 31 06:46:52.549709 2026] [php:error] [pid 87747] [client 4.188.251.0:0] script '/domains/smartny/about.php' not found or unable to stat
[Sat Jan 31 06:46:52.712569 2026] [php:error] [pid 87745] [client 62.60.130.210:0] script '/domains/memanuel/wp-login.php' not found or unable to stat, referer: https://www.facebook.com/
[Sat Jan 31 06:46:53.206707 2026] [php:error] [pid 87747] [client 4.188.251.0:0] script '/domains/smartny/zfile.php' not found or unable to stat
[Sat Jan 31 06:46:53.568441 2026] [php:error] [pid 87749] [client 62.60.130.210:0] script '/domains/memanuel/wp-login.php' not found or unable to stat
[Sat Jan 31 06:46:53.847006 2026] [php:error] [pid 87747] [client 4.188.251.0:0] script '/domains/smartny/ccou.php' not found or unable to stat
[Sat Jan 31 06:46:54.497994 2026] [php:error] [pid 87747] [client 4.188.251.0:0] script '/domains/smartny/as.php' not found or unable to stat
[Sat Jan 31 06:46:55.035991 2026] [php:error] [pid 87743] [client 20.212.209.31:0] script '/domains/system_default/wp-cron.php' not found or unable to stat
[Sat Jan 31 06:46:55.162183 2026] [php:error] [pid 87747] [client 4.188.251.0:0] script '/domains/smartny/autoload_classmap.php' not found or unable to stat
[Sat Jan 31 06:46:55.796764 2026] [php:error] [pid 82089] [client 194.180.49.39:0] script '/domains/system_suspended/wp-login.php' not found or unable to stat
[Sat Jan 31 06:46:56.074161 2026] [php:error] [pid 82095] [client 194.180.49.39:0] script '/domains/system_suspended/wp-login.php' not found or unable to stat, referer: https://www.facebook.com/
[Sat Jan 31 06:46:56.455504 2026] [php:error] [pid 87747] [client 4.188.251.0:0] script '/domains/smartny/ar.php' not found or unable to stat
[Sat Jan 31 06:46:57.093039 2026] [php:error] [pid 87747] [client 4.188.251.0:0] script '/domains/smartny/css/index.php' not found or unable to stat
[Sat Jan 31 06:47:03.663568 2026] [php:error] [pid 82089] [client 62.60.130.210:0] script '/domains/system_suspended/wp-login.php' not found or unable to stat, referer: https://www.facebook.com/
[Sat Jan 31 06:47:04.698809 2026] [php:error] [pid 87750] [client 139.50.234.10:0] script '/domains/system_suspended/wp-login.php' not found or unable to stat
[Sat Jan 31 06:47:10.080983 2026] [php:error] [pid 82089] [client 62.60.130.210:0] script '/domains/trodine/wp-login.php' not found or unable to stat, referer: https://www.google.de/search?q=wordpress
[Sat Jan 31 06:47:10.944373 2026] [php:error] [pid 87743] [client 62.60.130.210:0] script '/domains/trodine/wp-login.php' not found or unable to stat, referer: https://www.facebook.com/
[Sat Jan 31 06:47:14.891562 2026] [php:error] [pid 87747] [client 20.214.137.92:0] script '/domains/testregisgroup/wp-trackback.php' not found or unable to stat
[Sat Jan 31 06:47:15.071974 2026] [php:error] [pid 87747] [client 20.214.137.92:0] script '/domains/testregisgroup/about.php' not found or unable to stat
[Sat Jan 31 06:47:15.252134 2026] [php:error] [pid 87747] [client 20.214.137.92:0] script '/domains/testregisgroup/file.php' not found or unable to stat
[Sat Jan 31 06:47:15.433689 2026] [php:error] [pid 87747] [client 20.214.137.92:0] script '/domains/testregisgroup/wp-good.php' not found or unable to stat
[Sat Jan 31 06:47:15.615746 2026] [php:error] [pid 87747] [client 20.214.137.92:0] script '/domains/testregisgroup/xmlrpc.php' not found or unable to stat
[Sat Jan 31 06:47:15.796112 2026] [php:error] [pid 87747] [client 20.214.137.92:0] script '/domains/testregisgroup/goods.php' not found or unable to stat
[Sat Jan 31 06:47:15.976934 2026] [php:error] [pid 87747] [client 20.214.137.92:0] script '/domains/testregisgroup/ioxi-o.php' not found or unable to stat
[Sat Jan 31 06:47:16.162740 2026] [php:error] [pid 87747] [client 20.214.137.92:0] script '/domains/testregisgroup/class-t.api.php' not found or unable to stat
[Sat Jan 31 06:47:16.351668 2026] [php:error] [pid 87747] [client 20.214.137.92:0] script '/domains/testregisgroup/admin.php' not found or unable to stat
[Sat Jan 31 06:47:16.538834 2026] [php:error] [pid 87747] [client 20.214.137.92:0] script '/domains/testregisgroup/sf.php' not found or unable to stat
[Sat Jan 31 06:47:16.730906 2026] [php:error] [pid 87747] [client 20.214.137.92:0] script '/domains/testregisgroup/rip.php' not found or unable to stat
[Sat Jan 31 06:47:16.920366 2026] [php:error] [pid 87747] [client 20.214.137.92:0] script '/domains/testregisgroup/autoload_classmap.php' not found or unable to stat
[Sat Jan 31 06:47:17.105016 2026] [php:error] [pid 87747] [client 20.214.137.92:0] script '/domains/testregisgroup/chosen.php' not found or unable to stat
[Sat Jan 31 06:47:17.286222 2026] [php:error] [pid 87747] [client 20.214.137.92:0] script '/domains/testregisgroup/classwithtostring.php' not found or unable to stat
[Sat Jan 31 06:47:17.467702 2026] [php:error] [pid 87747] [client 20.214.137.92:0] script '/domains/testregisgroup/defaults.php' not found or unable to stat
[Sat Jan 31 06:47:18.380309 2026] [php:error] [pid 87747] [client 20.214.137.92:0] script '/domains/testregisgroup/info.php' not found or unable to stat
[Sat Jan 31 06:47:18.468148 2026] [php:error] [pid 87735] [client 115.214.144.36:0] script '/domains/traceassoc/wp-login.php' not found or unable to stat, referer: https://twitter.com/
[Sat Jan 31 06:47:19.427532 2026] [php:error] [pid 87751] [client 15.249.100.190:0] script '/domains/traceassoc/wp-login.php' not found or unable to stat, referer: https://www.bing.com/
[Sat Jan 31 06:47:19.667921 2026] [php:error] [pid 87747] [client 20.214.137.92:0] script '/domains/testregisgroup/adminfuns.php' not found or unable to stat
[Sat Jan 31 06:47:36.686159 2026] [php:error] [pid 82089] [client 52.140.123.244:0] script '/domains/wsmith.enteract/0byte.php' not found or unable to stat
[Sat Jan 31 06:47:36.904308 2026] [php:error] [pid 82089] [client 52.140.123.244:0] script '/domains/wsmith.enteract/LV.php' not found or unable to stat
[Sat Jan 31 06:47:37.120752 2026] [php:error] [pid 82089] [client 52.140.123.244:0] script '/domains/wsmith.enteract/Sanskrit.php' not found or unable to stat
[Sat Jan 31 06:47:38.239213 2026] [php:error] [pid 82089] [client 52.140.123.244:0] script '/domains/wsmith.enteract/contacts.php' not found or unable to stat
[Sat Jan 31 06:47:38.679212 2026] [php:error] [pid 82089] [client 52.140.123.244:0] script '/domains/wsmith.enteract/dump.php' not found or unable to stat
[Sat Jan 31 06:47:38.894279 2026] [php:error] [pid 82089] [client 52.140.123.244:0] script '/domains/wsmith.enteract/ext.php' not found or unable to stat
[Sat Jan 31 06:47:39.546818 2026] [php:error] [pid 82089] [client 52.140.123.244:0] script '/domains/wsmith.enteract/gifclass.php' not found or unable to stat
[Sat Jan 31 06:47:40.425393 2026] [php:error] [pid 82089] [client 52.140.123.244:0] script '/domains/wsmith.enteract/l.php' not found or unable to stat
[Sat Jan 31 06:47:40.640154 2026] [php:error] [pid 82089] [client 52.140.123.244:0] script '/domains/wsmith.enteract/litespeed.php' not found or unable to stat
[Sat Jan 31 06:47:40.862784 2026] [php:error] [pid 82089] [client 52.140.123.244:0] script '/domains/wsmith.enteract/natural.php' not found or unable to stat
[Sat Jan 31 06:47:41.943990 2026] [php:error] [pid 82089] [client 52.140.123.244:0] script '/domains/wsmith.enteract/sitemap.php' not found or unable to stat
[Sat Jan 31 06:47:43.462424 2026] [php:error] [pid 82089] [client 52.140.123.244:0] script '/domains/wsmith.enteract/worm.PhP' not found or unable to stat
[Sat Jan 31 06:47:47.344564 2026] [php:error] [pid 82089] [client 52.140.123.244:0] script '/domains/wsmith.enteract/wp-commentin.php' not found or unable to stat
[Sat Jan 31 06:47:47.558711 2026] [php:error] [pid 82089] [client 52.140.123.244:0] script '/domains/wsmith.enteract/wp-content.php' not found or unable to stat
[Sat Jan 31 06:47:50.592307 2026] [php:error] [pid 82089] [client 52.140.123.244:0] script '/domains/wsmith.enteract/wp-fmfile.php' not found or unable to stat
[Sat Jan 31 06:47:50.806783 2026] [php:error] [pid 82089] [client 52.140.123.244:0] script '/domains/wsmith.enteract/wp-good.php' not found or unable to stat
/bin/sh: /usr/public/bin/counter.cgi: not found
[Sat Jan 31 06:47:56.675105 2026] [php:error] [pid 82089] [client 52.140.123.244:0] script '/domains/wsmith.enteract/wp-themes.php' not found or unable to stat
[Sat Jan 31 06:47:56.891941 2026] [php:error] [pid 82089] [client 52.140.123.244:0] script '/domains/wsmith.enteract/wp-user.php' not found or unable to stat
[Sat Jan 31 06:47:57.107754 2026] [php:error] [pid 82089] [client 52.140.123.244:0] script '/domains/wsmith.enteract/wp_wlx.php' not found or unable to stat
[Sat Jan 31 06:47:57.322213 2026] [php:error] [pid 82089] [client 52.140.123.244:0] script '/domains/wsmith.enteract/wpn.php' not found or unable to stat
[Sat Jan 31 06:49:13.700679 2026] [php:error] [pid 87771] [client 20.214.137.92:0] script '/domains/viamonte3/aa.php' not found or unable to stat
[Sat Jan 31 06:49:13.892174 2026] [php:error] [pid 87771] [client 20.214.137.92:0] script '/domains/viamonte3/abcd.php' not found or unable to stat
[Sat Jan 31 06:49:14.077018 2026] [php:error] [pid 87771] [client 20.214.137.92:0] script '/domains/viamonte3/admin.php' not found or unable to stat
[Sat Jan 31 06:49:14.293689 2026] [php:error] [pid 87771] [client 20.214.137.92:0] script '/domains/viamonte3/buy.php' not found or unable to stat
[Sat Jan 31 06:49:14.725289 2026] [php:error] [pid 87771] [client 20.214.137.92:0] script '/domains/viamonte3/edit.php' not found or unable to stat
[Sat Jan 31 06:49:15.375115 2026] [php:error] [pid 87771] [client 20.214.137.92:0] script '/domains/viamonte3/file.php' not found or unable to stat
[Sat Jan 31 06:49:15.565282 2026] [php:error] [pid 87771] [client 20.214.137.92:0] script '/domains/viamonte3/flower.php' not found or unable to stat
[Sat Jan 31 06:49:15.906657 2026] [php:error] [pid 87771] [client 20.214.137.92:0] script '/domains/viamonte3/images/index.php' not found or unable to stat
[Sat Jan 31 06:49:15.921771 2026] [php:error] [pid 87775] [client 20.223.150.246:0] script '/domains/hofficer1/re.php' not found or unable to stat
[Sat Jan 31 06:49:15.993455 2026] [php:error] [pid 87775] [client 20.223.150.246:0] script '/domains/hofficer1/ms-edit.php' not found or unable to stat
[Sat Jan 31 06:49:16.065268 2026] [php:error] [pid 87775] [client 20.223.150.246:0] script '/domains/hofficer1/w2025.php' not found or unable to stat
[Sat Jan 31 06:49:16.122733 2026] [php:error] [pid 87771] [client 20.214.137.92:0] script '/domains/viamonte3/info.php' not found or unable to stat
[Sat Jan 31 06:49:16.490889 2026] [php:error] [pid 87771] [client 20.214.137.92:0] script '/domains/viamonte3/ioxi-o.php' not found or unable to stat
[Sat Jan 31 06:49:16.672901 2026] [php:error] [pid 87771] [client 20.214.137.92:0] script '/domains/viamonte3/nc4.php' not found or unable to stat
[Sat Jan 31 06:49:17.083304 2026] [php:error] [pid 87771] [client 20.214.137.92:0] script '/domains/viamonte3/xleet.php' not found or unable to stat
[Sat Jan 31 06:49:17.832632 2026] [php:error] [pid 87771] [client 20.214.137.92:0] script '/domains/viamonte3/wp-good.php' not found or unable to stat
[Sat Jan 31 06:49:18.375678 2026] [php:error] [pid 87777] [client 20.214.137.92:0] script '/domains/system_default/0byte.php' not found or unable to stat
[Sat Jan 31 06:49:18.413883 2026] [php:error] [pid 87771] [client 20.214.137.92:0] script '/domains/viamonte3/xmrlpc.php' not found or unable to stat
[Sat Jan 31 06:49:18.564326 2026] [php:error] [pid 87777] [client 20.214.137.92:0] script '/domains/system_default/LV.php' not found or unable to stat
[Sat Jan 31 06:49:18.604002 2026] [php:error] [pid 87771] [client 20.214.137.92:0] script '/domains/viamonte3/about.php' not found or unable to stat
[Sat Jan 31 06:49:18.748850 2026] [php:error] [pid 87777] [client 20.214.137.92:0] script '/domains/system_default/Sanskrit.php' not found or unable to stat
[Sat Jan 31 06:49:18.795752 2026] [php:error] [pid 87771] [client 20.214.137.92:0] script '/domains/viamonte3/adminfuns.php' not found or unable to stat
[Sat Jan 31 06:49:19.050547 2026] [php:error] [pid 87771] [client 20.214.137.92:0] script '/domains/viamonte3/alfa.php' not found or unable to stat
[Sat Jan 31 06:49:19.239852 2026] [php:error] [pid 87771] [client 20.214.137.92:0] script '/domains/viamonte3/asasx.php' not found or unable to stat
[Sat Jan 31 06:49:19.424519 2026] [php:error] [pid 87771] [client 20.214.137.92:0] script '/domains/viamonte3/autoload_classmap.php' not found or unable to stat
[Sat Jan 31 06:49:19.693578 2026] [php:error] [pid 87777] [client 20.214.137.92:0] script '/domains/system_default/contacts.php' not found or unable to stat
[Sat Jan 31 06:49:19.724940 2026] [php:error] [pid 87771] [client 20.214.137.92:0] script '/domains/viamonte3/classwithtostring.php' not found or unable to stat
[Sat Jan 31 06:49:19.931070 2026] [php:error] [pid 87771] [client 20.214.137.92:0] script '/domains/viamonte3/cong.php' not found or unable to stat
[Sat Jan 31 06:49:20.069388 2026] [php:error] [pid 87777] [client 20.214.137.92:0] script '/domains/system_default/dump.php' not found or unable to stat
[Sat Jan 31 06:49:20.253255 2026] [php:error] [pid 87777] [client 20.214.137.92:0] script '/domains/system_default/ext.php' not found or unable to stat
[Sat Jan 31 06:49:20.826042 2026] [php:error] [pid 87777] [client 20.214.137.92:0] script '/domains/system_default/gifclass.php' not found or unable to stat
[Sat Jan 31 06:49:20.867152 2026] [php:error] [pid 87771] [client 20.214.137.92:0] script '/domains/viamonte3/file2.php' not found or unable to stat
[Sat Jan 31 06:49:21.181422 2026] [php:error] [pid 87771] [client 20.214.137.92:0] script '/domains/viamonte3/moon.php' not found or unable to stat
[Sat Jan 31 06:49:21.583509 2026] [php:error] [pid 87777] [client 20.214.137.92:0] script '/domains/system_default/l.php' not found or unable to stat
[Sat Jan 31 06:49:21.798984 2026] [php:error] [pid 87777] [client 20.214.137.92:0] script '/domains/system_default/litespeed.php' not found or unable to stat
[Sat Jan 31 06:49:21.982932 2026] [php:error] [pid 87777] [client 20.214.137.92:0] script '/domains/system_default/natural.php' not found or unable to stat
[Sat Jan 31 06:49:22.714016 2026] [php:error] [pid 87771] [client 20.214.137.92:0] script '/domains/viamonte3/wp-cron.php' not found or unable to stat
[Sat Jan 31 06:49:22.899760 2026] [php:error] [pid 87777] [client 20.214.137.92:0] script '/domains/system_default/sitemap.php' not found or unable to stat
[Sat Jan 31 06:49:24.167920 2026] [php:error] [pid 87777] [client 20.214.137.92:0] script '/domains/system_default/worm.PhP' not found or unable to stat
[Sat Jan 31 06:49:27.504391 2026] [php:error] [pid 87777] [client 20.214.137.92:0] script '/domains/system_default/wp-commentin.php' not found or unable to stat
[Sat Jan 31 06:49:27.684861 2026] [php:error] [pid 87777] [client 20.214.137.92:0] script '/domains/system_default/wp-content.php' not found or unable to stat
[Sat Jan 31 06:49:30.311836 2026] [php:error] [pid 87777] [client 20.214.137.92:0] script '/domains/system_default/wp-fmfile.php' not found or unable to stat
[Sat Jan 31 06:49:30.497584 2026] [php:error] [pid 87777] [client 20.214.137.92:0] script '/domains/system_default/wp-good.php' not found or unable to stat
[Sat Jan 31 06:49:35.625715 2026] [php:error] [pid 87777] [client 20.214.137.92:0] script '/domains/system_default/wp-themes.php' not found or unable to stat
[Sat Jan 31 06:49:35.728975 2026] [php:error] [pid 87772] [client 62.60.130.210:0] script '/domains/ferguson.interport/wp-login.php' not found or unable to stat, referer: https://wordpress.org/
[Sat Jan 31 06:49:35.807130 2026] [php:error] [pid 87777] [client 20.214.137.92:0] script '/domains/system_default/wp-user.php' not found or unable to stat
[Sat Jan 31 06:49:35.988337 2026] [php:error] [pid 87777] [client 20.214.137.92:0] script '/domains/system_default/wp_wlx.php' not found or unable to stat
[Sat Jan 31 06:49:36.168296 2026] [php:error] [pid 87777] [client 20.214.137.92:0] script '/domains/system_default/wpn.php' not found or unable to stat
[Sat Jan 31 06:49:36.953388 2026] [php:error] [pid 87782] [client 62.60.130.210:0] script '/domains/ferguson.interport/wp-login.php' not found or unable to stat, referer: https://www.facebook.com/
[Sat Jan 31 06:50:38.560062 2026] [php:error] [pid 87775] [client 103.203.48.122:0] script '/domains/peterbmiller/login.php' not found or unable to stat
[Sat Jan 31 06:51:02.049728 2026] [php:error] [pid 87806] [client 20.100.196.146:0] script '/domains/sjsachs/re.php' not found or unable to stat
[Sat Jan 31 06:51:02.146781 2026] [php:error] [pid 87806] [client 20.100.196.146:0] script '/domains/sjsachs/ms-edit.php' not found or unable to stat
[Sat Jan 31 06:51:02.246637 2026] [php:error] [pid 87806] [client 20.100.196.146:0] script '/domains/sjsachs/w2025.php' not found or unable to stat
[Sat Jan 31 06:51:14.547122 2026] [php:error] [pid 87794] [client 13.75.54.243:0] script '/domains/system_suspended/wp-trackback.php' not found or unable to stat
[Sat Jan 31 06:51:14.760073 2026] [php:error] [pid 87794] [client 13.75.54.243:0] script '/domains/system_suspended/about.php' not found or unable to stat
[Sat Jan 31 06:51:14.972717 2026] [php:error] [pid 87794] [client 13.75.54.243:0] script '/domains/system_suspended/file.php' not found or unable to stat
[Sat Jan 31 06:51:15.192426 2026] [php:error] [pid 87794] [client 13.75.54.243:0] script '/domains/system_suspended/wp-good.php' not found or unable to stat
[Sat Jan 31 06:51:15.411494 2026] [php:error] [pid 87794] [client 13.75.54.243:0] script '/domains/system_suspended/xmlrpc.php' not found or unable to stat
[Sat Jan 31 06:51:15.623308 2026] [php:error] [pid 87794] [client 13.75.54.243:0] script '/domains/system_suspended/goods.php' not found or unable to stat
[Sat Jan 31 06:51:15.836114 2026] [php:error] [pid 87794] [client 13.75.54.243:0] script '/domains/system_suspended/ioxi-o.php' not found or unable to stat
[Sat Jan 31 06:51:16.064494 2026] [php:error] [pid 87794] [client 13.75.54.243:0] script '/domains/system_suspended/class-t.api.php' not found or unable to stat
[Sat Jan 31 06:51:16.276002 2026] [php:error] [pid 87794] [client 13.75.54.243:0] script '/domains/system_suspended/admin.php' not found or unable to stat
[Sat Jan 31 06:51:16.488094 2026] [php:error] [pid 87794] [client 13.75.54.243:0] script '/domains/system_suspended/sf.php' not found or unable to stat
[Sat Jan 31 06:51:16.708117 2026] [php:error] [pid 87794] [client 13.75.54.243:0] script '/domains/system_suspended/rip.php' not found or unable to stat
[Sat Jan 31 06:51:16.927976 2026] [php:error] [pid 87794] [client 13.75.54.243:0] script '/domains/system_suspended/autoload_classmap.php' not found or unable to stat
[Sat Jan 31 06:51:17.140991 2026] [php:error] [pid 87794] [client 13.75.54.243:0] script '/domains/system_suspended/chosen.php' not found or unable to stat
[Sat Jan 31 06:51:17.355509 2026] [php:error] [pid 87794] [client 13.75.54.243:0] script '/domains/system_suspended/classwithtostring.php' not found or unable to stat
[Sat Jan 31 06:51:17.582645 2026] [php:error] [pid 87794] [client 13.75.54.243:0] script '/domains/system_suspended/defaults.php' not found or unable to stat
[Sat Jan 31 06:51:18.678456 2026] [php:error] [pid 87794] [client 13.75.54.243:0] script '/domains/system_suspended/info.php' not found or unable to stat
[Sat Jan 31 06:51:20.190008 2026] [php:error] [pid 87794] [client 13.75.54.243:0] script '/domains/system_suspended/adminfuns.php' not found or unable to stat
[Sat Jan 31 06:51:40.705695 2026] [php:error] [pid 87807] [client 207.166.175.155:0] script '/domains/hdickens.enteract/kmnj.php' not found or unable to stat
[Sat Jan 31 06:51:59.690574 2026] [php:error] [pid 87796] [client 13.75.54.243:0] script '/domains/system_suspended/wp-trackback.php' not found or unable to stat
[Sat Jan 31 06:51:59.898480 2026] [php:error] [pid 87796] [client 13.75.54.243:0] script '/domains/system_suspended/about.php' not found or unable to stat
[Sat Jan 31 06:52:00.106052 2026] [php:error] [pid 87796] [client 13.75.54.243:0] script '/domains/system_suspended/file.php' not found or unable to stat
[Sat Jan 31 06:52:00.313108 2026] [php:error] [pid 87796] [client 13.75.54.243:0] script '/domains/system_suspended/wp-good.php' not found or unable to stat
[Sat Jan 31 06:52:00.523845 2026] [php:error] [pid 87796] [client 13.75.54.243:0] script '/domains/system_suspended/xmlrpc.php' not found or unable to stat
[Sat Jan 31 06:52:00.734407 2026] [php:error] [pid 87796] [client 13.75.54.243:0] script '/domains/system_suspended/goods.php' not found or unable to stat
[Sat Jan 31 06:52:00.941512 2026] [php:error] [pid 87796] [client 13.75.54.243:0] script '/domains/system_suspended/ioxi-o.php' not found or unable to stat
[Sat Jan 31 06:52:01.151683 2026] [php:error] [pid 87796] [client 13.75.54.243:0] script '/domains/system_suspended/class-t.api.php' not found or unable to stat
[Sat Jan 31 06:52:01.358574 2026] [php:error] [pid 87796] [client 13.75.54.243:0] script '/domains/system_suspended/admin.php' not found or unable to stat
[Sat Jan 31 06:52:01.565219 2026] [php:error] [pid 87796] [client 13.75.54.243:0] script '/domains/system_suspended/sf.php' not found or unable to stat
[Sat Jan 31 06:52:01.777723 2026] [php:error] [pid 87796] [client 13.75.54.243:0] script '/domains/system_suspended/rip.php' not found or unable to stat
[Sat Jan 31 06:52:01.984009 2026] [php:error] [pid 87796] [client 13.75.54.243:0] script '/domains/system_suspended/autoload_classmap.php' not found or unable to stat
[Sat Jan 31 06:52:02.201286 2026] [php:error] [pid 87796] [client 13.75.54.243:0] script '/domains/system_suspended/chosen.php' not found or unable to stat
[Sat Jan 31 06:52:02.420013 2026] [php:error] [pid 87796] [client 13.75.54.243:0] script '/domains/system_suspended/classwithtostring.php' not found or unable to stat
[Sat Jan 31 06:52:02.632692 2026] [php:error] [pid 87796] [client 13.75.54.243:0] script '/domains/system_suspended/defaults.php' not found or unable to stat
