[Sat Jan 31 04:28:30.622555 2026] [php:error] [pid 58125] [client 20.223.150.246:0] script '/domains/system_suspended/ms-edit.php' not found or unable to stat
[Sat Jan 31 04:28:30.698815 2026] [php:error] [pid 58125] [client 20.223.150.246:0] script '/domains/system_suspended/w2025.php' not found or unable to stat
[Sat Jan 31 04:28:31.735467 2026] [php:error] [pid 58133] [client 13.75.54.243:0] script '/domains/system_cancel/aa.php' not found or unable to stat
[Sat Jan 31 04:28:32.273500 2026] [php:error] [pid 58133] [client 13.75.54.243:0] script '/domains/system_cancel/abcd.php' not found or unable to stat
[Sat Jan 31 04:28:32.501299 2026] [php:error] [pid 58133] [client 13.75.54.243:0] script '/domains/system_cancel/admin.php' not found or unable to stat
[Sat Jan 31 04:28:33.206493 2026] [php:error] [pid 58133] [client 13.75.54.243:0] script '/domains/system_cancel/edit.php' not found or unable to stat
[Sat Jan 31 04:28:34.474085 2026] [php:error] [pid 58133] [client 13.75.54.243:0] script '/domains/system_cancel/info.php' not found or unable to stat
[Sat Jan 31 04:28:34.698995 2026] [php:error] [pid 58133] [client 13.75.54.243:0] script '/domains/system_cancel/ioxi-o.php' not found or unable to stat
[Sat Jan 31 04:28:34.945972 2026] [php:error] [pid 58133] [client 13.75.54.243:0] script '/domains/system_cancel/nc4.php' not found or unable to stat
[Sat Jan 31 04:28:35.327614 2026] [php:error] [pid 58133] [client 13.75.54.243:0] script '/domains/system_cancel/xleet.php' not found or unable to stat
[Sat Jan 31 04:28:36.956326 2026] [php:error] [pid 58133] [client 13.75.54.243:0] script '/domains/system_cancel/xmrlpc.php' not found or unable to stat
[Sat Jan 31 04:28:37.170556 2026] [php:error] [pid 58133] [client 13.75.54.243:0] script '/domains/system_cancel/about.php' not found or unable to stat
[Sat Jan 31 04:28:37.396393 2026] [php:error] [pid 58133] [client 13.75.54.243:0] script '/domains/system_cancel/adminfuns.php' not found or unable to stat
[Sat Jan 31 04:28:37.931427 2026] [php:error] [pid 58133] [client 13.75.54.243:0] script '/domains/system_cancel/alfa.php' not found or unable to stat
[Sat Jan 31 04:28:38.171215 2026] [php:error] [pid 58133] [client 13.75.54.243:0] script '/domains/system_cancel/asasx.php' not found or unable to stat
[Sat Jan 31 04:28:38.662903 2026] [php:error] [pid 58133] [client 13.75.54.243:0] script '/domains/system_cancel/autoload_classmap.php' not found or unable to stat
[Sat Jan 31 04:28:39.062453 2026] [php:error] [pid 58133] [client 13.75.54.243:0] script '/domains/system_cancel/classwithtostring.php' not found or unable to stat
[Sat Jan 31 04:28:39.742579 2026] [php:error] [pid 58133] [client 13.75.54.243:0] script '/domains/system_cancel/cong.php' not found or unable to stat
[Sat Jan 31 04:28:40.207834 2026] [php:error] [pid 58133] [client 13.75.54.243:0] script '/domains/system_cancel/moon.php' not found or unable to stat
[Sat Jan 31 04:28:44.866612 2026] [php:error] [pid 58125] [client 20.203.132.68:0] script '/domains/quintet/rip.php' not found or unable to stat
[Sat Jan 31 04:28:48.758128 2026] [php:error] [pid 58162] [client 52.140.123.244:0] script '/domains/nostrada/chosen.php' not found or unable to stat
[Sat Jan 31 04:28:49.178584 2026] [php:error] [pid 58162] [client 52.140.123.244:0] script '/domains/nostrada/man.php' not found or unable to stat
[Sat Jan 31 04:28:49.859197 2026] [php:error] [pid 58162] [client 52.140.123.244:0] script '/domains/nostrada/new.php' not found or unable to stat
[Sat Jan 31 04:28:50.529607 2026] [php:error] [pid 58162] [client 52.140.123.244:0] script '/domains/nostrada/xmlrpc.php' not found or unable to stat
[Sat Jan 31 04:28:50.764683 2026] [php:error] [pid 58162] [client 52.140.123.244:0] script '/domains/nostrada/new.php' not found or unable to stat
[Sat Jan 31 04:28:50.988080 2026] [php:error] [pid 58162] [client 52.140.123.244:0] script '/domains/nostrada/adminfuns.php' not found or unable to stat
[Sat Jan 31 04:28:51.208948 2026] [php:error] [pid 58162] [client 52.140.123.244:0] script '/domains/nostrada/classwithtostring.php' not found or unable to stat
[Sat Jan 31 04:28:51.427224 2026] [php:error] [pid 58162] [client 52.140.123.244:0] script '/domains/nostrada/colour.php' not found or unable to stat
[Sat Jan 31 04:28:52.147584 2026] [php:error] [pid 58162] [client 52.140.123.244:0] script '/domains/nostrada/post.php' not found or unable to stat
[Sat Jan 31 04:28:52.378967 2026] [php:error] [pid 58162] [client 52.140.123.244:0] script '/domains/nostrada/robots.php' not found or unable to stat
[Sat Jan 31 04:28:53.013119 2026] [php:error] [pid 58162] [client 52.140.123.244:0] script '/domains/nostrada/radio.php' not found or unable to stat
[Sat Jan 31 04:28:53.482673 2026] [php:error] [pid 58162] [client 52.140.123.244:0] script '/domains/nostrada/M1.php' not found or unable to stat
[Sat Jan 31 04:28:54.562460 2026] [php:error] [pid 58162] [client 52.140.123.244:0] script '/domains/nostrada/ini.php' not found or unable to stat
[Sat Jan 31 04:28:56.139343 2026] [php:error] [pid 58162] [client 52.140.123.244:0] script '/domains/nostrada/mm.php' not found or unable to stat
[Sat Jan 31 04:28:56.363854 2026] [php:error] [pid 58162] [client 52.140.123.244:0] script '/domains/nostrada/default.php' not found or unable to stat
[Sat Jan 31 04:28:56.839761 2026] [php:error] [pid 58162] [client 52.140.123.244:0] script '/domains/nostrada/22.php' not found or unable to stat
[Sat Jan 31 04:28:58.030033 2026] [php:error] [pid 58162] [client 52.140.123.244:0] script '/domains/nostrada/bugz.php' not found or unable to stat
[Sat Jan 31 04:28:58.617759 2026] [php:error] [pid 58162] [client 52.140.123.244:0] script '/domains/nostrada/fix.php' not found or unable to stat
[Sat Jan 31 04:29:00.597714 2026] [php:error] [pid 58162] [client 52.140.123.244:0] script '/domains/nostrada/disagrsod.php' not found or unable to stat
[Sat Jan 31 04:29:00.823197 2026] [php:error] [pid 58162] [client 52.140.123.244:0] script '/domains/nostrada/admin.php' not found or unable to stat
[Sat Jan 31 04:29:03.323290 2026] [php:error] [pid 58162] [client 52.140.123.244:0] script '/domains/nostrada/wp-api.php' not found or unable to stat
[Sat Jan 31 04:29:04.280952 2026] [php:error] [pid 58162] [client 52.140.123.244:0] script '/domains/nostrada/content.php' not found or unable to stat
[Sat Jan 31 04:29:05.595827 2026] [php:error] [pid 58162] [client 52.140.123.244:0] script '/domains/nostrada/404.php' not found or unable to stat
[Sat Jan 31 04:29:06.591797 2026] [php:error] [pid 58162] [client 52.140.123.244:0] script '/domains/nostrada/plugin.php' not found or unable to stat
[Sat Jan 31 04:29:08.373265 2026] [php:error] [pid 58162] [client 52.140.123.244:0] script '/domains/nostrada/wp-mail.php' not found or unable to stat
[Sat Jan 31 04:29:08.826552 2026] [php:error] [pid 58162] [client 52.140.123.244:0] script '/domains/nostrada/b.php' not found or unable to stat
[Sat Jan 31 04:29:09.052113 2026] [php:error] [pid 58162] [client 52.140.123.244:0] script '/domains/nostrada/test1.php' not found or unable to stat
[Sat Jan 31 04:29:09.678351 2026] [php:error] [pid 58162] [client 52.140.123.244:0] script '/domains/nostrada/access.php' not found or unable to stat
[Sat Jan 31 04:29:09.896242 2026] [php:error] [pid 58162] [client 52.140.123.244:0] script '/domains/nostrada/wp-links.php' not found or unable to stat
[Sat Jan 31 04:29:11.415779 2026] [php:error] [pid 58162] [client 52.140.123.244:0] script '/domains/nostrada/disoxrmons.php' not found or unable to stat
[Sat Jan 31 04:29:12.694450 2026] [php:error] [pid 58162] [client 52.140.123.244:0] script '/domains/nostrada/index.bak.php' not found or unable to stat
[Sat Jan 31 04:29:16.492570 2026] [php:error] [pid 58162] [client 52.140.123.244:0] script '/domains/nostrada/fi2.php' not found or unable to stat
[Sat Jan 31 04:29:17.299327 2026] [php:error] [pid 58162] [client 52.140.123.244:0] script '/domains/nostrada/cong.php' not found or unable to stat
[Sat Jan 31 04:29:19.039623 2026] [php:error] [pid 58162] [client 52.140.123.244:0] script '/domains/nostrada/cgi-bin/wp-2019.php' not found or unable to stat
[Sat Jan 31 04:29:19.260019 2026] [php:error] [pid 58162] [client 52.140.123.244:0] script '/domains/nostrada/about.php' not found or unable to stat
[Sat Jan 31 04:29:19.718814 2026] [php:error] [pid 58162] [client 52.140.123.244:0] script '/domains/nostrada/wp-2019.php' not found or unable to stat
[Sat Jan 31 04:29:19.900922 2026] [core:crit] [pid 58165] (13)Permission denied: [client 114.119.156.3:0] AH00529: /domains/dcarlone/test/web/.htaccess pcfg_openfile: unable to check htaccess file, ensure it is readable and that '/domains/dcarlone/test/web/' is executable, referer: http://www.carloneassociates.com/test/web/i.php/hook-up-virginia/
[Sat Jan 31 04:29:20.198350 2026] [php:error] [pid 58162] [client 52.140.123.244:0] script '/domains/nostrada/12.php' not found or unable to stat
[Sat Jan 31 04:29:23.380582 2026] [php:error] [pid 58161] [client 20.203.132.68:0] script '/domains/system_cancel/xfile25.php' not found or unable to stat
[Sat Jan 31 04:29:23.487239 2026] [php:error] [pid 58161] [client 20.203.132.68:0] script '/domains/system_cancel/aurax.php' not found or unable to stat
[Sat Jan 31 04:29:23.790184 2026] [php:error] [pid 58161] [client 20.203.132.68:0] script '/domains/system_cancel/tourpa.php' not found or unable to stat
[Sat Jan 31 04:29:24.160585 2026] [php:error] [pid 58162] [client 52.140.123.244:0] script '/domains/nostrada/makeasmtp.php' not found or unable to stat
[Sat Jan 31 04:29:24.236708 2026] [php:error] [pid 58161] [client 20.203.132.68:0] script '/domains/system_cancel/il.php' not found or unable to stat
[Sat Jan 31 04:29:24.364727 2026] [php:error] [pid 58161] [client 20.203.132.68:0] script '/domains/system_cancel/muzu.php' not found or unable to stat
[Sat Jan 31 04:29:25.284023 2026] [php:error] [pid 58162] [client 52.140.123.244:0] script '/domains/nostrada/pages.php' not found or unable to stat
[Sat Jan 31 04:29:25.848182 2026] [php:error] [pid 58161] [client 20.203.132.68:0] script '/domains/system_cancel/aa2.php' not found or unable to stat
[Sat Jan 31 04:29:25.957082 2026] [php:error] [pid 58161] [client 20.203.132.68:0] script '/domains/system_cancel/reze.php' not found or unable to stat
[Sat Jan 31 04:29:26.611650 2026] [php:error] [pid 58170] [client 52.140.123.244:0] script '/domains/nostrada/sts.php' not found or unable to stat
[Sat Jan 31 04:29:26.631875 2026] [php:error] [pid 58161] [client 20.203.132.68:0] script '/domains/system_cancel/it.php' not found or unable to stat
[Sat Jan 31 04:29:27.011896 2026] [php:error] [pid 58161] [client 20.203.132.68:0] script '/domains/system_cancel/x7.php' not found or unable to stat
[Sat Jan 31 04:29:27.379637 2026] [php:error] [pid 58161] [client 20.203.132.68:0] script '/domains/system_cancel/thebe.php' not found or unable to stat
[Sat Jan 31 04:29:27.475798 2026] [php:error] [pid 58161] [client 20.203.132.68:0] script '/domains/system_cancel/ddd.php' not found or unable to stat
[Sat Jan 31 04:29:27.623229 2026] [php:error] [pid 58161] [client 20.203.132.68:0] script '/domains/system_cancel/ccs.php' not found or unable to stat
[Sat Jan 31 04:29:28.015760 2026] [php:error] [pid 58161] [client 20.203.132.68:0] script '/domains/system_cancel/xvde.php' not found or unable to stat
[Sat Jan 31 04:29:28.977580 2026] [php:error] [pid 58161] [client 20.203.132.68:0] script '/domains/system_cancel/lala.php' not found or unable to stat
[Sat Jan 31 04:29:29.134706 2026] [php:error] [pid 58170] [client 52.140.123.244:0] script '/domains/nostrada/link.php' not found or unable to stat
[Sat Jan 31 04:29:29.333144 2026] [php:error] [pid 58161] [client 20.203.132.68:0] script '/domains/system_cancel/la.php' not found or unable to stat
[Sat Jan 31 04:29:29.477260 2026] [php:error] [pid 58161] [client 20.203.132.68:0] script '/domains/system_cancel/ioxi.php' not found or unable to stat
[Sat Jan 31 04:29:29.572846 2026] [php:error] [pid 58161] [client 20.203.132.68:0] script '/domains/system_cancel/xpwer1.php' not found or unable to stat
[Sat Jan 31 04:29:29.740599 2026] [php:error] [pid 58161] [client 20.203.132.68:0] script '/domains/system_cancel/about.php' not found or unable to stat
[Sat Jan 31 04:29:30.090174 2026] [php:error] [pid 58161] [client 20.203.132.68:0] script '/domains/system_cancel/la.php' not found or unable to stat
[Sat Jan 31 04:29:30.324159 2026] [php:error] [pid 58161] [client 20.203.132.68:0] script '/domains/system_cancel/admin.php' not found or unable to stat
[Sat Jan 31 04:29:30.692584 2026] [php:error] [pid 58161] [client 20.203.132.68:0] script '/domains/system_cancel/info.php' not found or unable to stat
[Sat Jan 31 04:29:30.856036 2026] [php:error] [pid 58161] [client 20.203.132.68:0] script '/domains/system_cancel/about.php' not found or unable to stat
[Sat Jan 31 04:29:31.794831 2026] [php:error] [pid 58161] [client 20.203.132.68:0] script '/domains/system_cancel/abcd.php' not found or unable to stat
[Sat Jan 31 04:29:32.237236 2026] [php:error] [pid 58161] [client 20.203.132.68:0] script '/domains/system_cancel/adminfuns.php' not found or unable to stat
[Sat Jan 31 04:29:32.281305 2026] [php:error] [pid 58170] [client 52.140.123.244:0] script '/domains/nostrada/akc.php' not found or unable to stat
[Sat Jan 31 04:29:32.335050 2026] [php:error] [pid 58161] [client 20.203.132.68:0] script '/domains/system_cancel/ioxi-o.php' not found or unable to stat
[Sat Jan 31 04:29:33.116748 2026] [php:error] [pid 58161] [client 20.203.132.68:0] script '/domains/system_cancel/xx.php' not found or unable to stat
[Sat Jan 31 04:29:33.811785 2026] [php:error] [pid 58161] [client 20.203.132.68:0] script '/domains/system_cancel/doc.php' not found or unable to stat
[Sat Jan 31 04:29:33.908230 2026] [php:error] [pid 58161] [client 20.203.132.68:0] script '/domains/system_cancel/xtride.php' not found or unable to stat
[Sat Jan 31 04:29:34.394997 2026] [php:error] [pid 58170] [client 52.140.123.244:0] script '/domains/nostrada/images/class-config.php' not found or unable to stat
[Sat Jan 31 04:29:34.884705 2026] [php:error] [pid 58159] [client 20.203.132.68:0] script '/domains/system_cancel/edit.php' not found or unable to stat
[Sat Jan 31 04:29:35.242017 2026] [php:error] [pid 58159] [client 20.203.132.68:0] script '/domains/system_cancel/aa.php' not found or unable to stat
[Sat Jan 31 04:29:35.338267 2026] [php:error] [pid 58159] [client 20.203.132.68:0] script '/domains/system_cancel/ext.php' not found or unable to stat
[Sat Jan 31 04:29:35.679570 2026] [php:error] [pid 58170] [client 52.140.123.244:0] script '/domains/nostrada/auth.php' not found or unable to stat
[Sat Jan 31 04:29:35.885336 2026] [php:error] [pid 58159] [client 20.203.132.68:0] script '/domains/system_cancel/av.php' not found or unable to stat
[Sat Jan 31 04:29:35.898128 2026] [php:error] [pid 58170] [client 52.140.123.244:0] script '/domains/nostrada/h.php' not found or unable to stat
[Sat Jan 31 04:29:36.126153 2026] [php:error] [pid 58170] [client 52.140.123.244:0] script '/domains/nostrada/wso.php' not found or unable to stat
[Sat Jan 31 04:29:36.782143 2026] [php:error] [pid 58159] [client 20.203.132.68:0] script '/domains/system_cancel/classwithtostring.php' not found or unable to stat
[Sat Jan 31 04:29:36.810831 2026] [php:error] [pid 58170] [client 52.140.123.244:0] script '/domains/nostrada/bi.php' not found or unable to stat
[Sat Jan 31 04:29:37.069573 2026] [php:error] [pid 58159] [client 20.203.132.68:0] script '/domains/system_cancel/css.php' not found or unable to stat
[Sat Jan 31 04:29:37.167692 2026] [php:error] [pid 58159] [client 20.203.132.68:0] script '/domains/system_cancel/alfa.php' not found or unable to stat
[Sat Jan 31 04:29:37.495160 2026] [php:error] [pid 58159] [client 20.203.132.68:0] script '/domains/system_cancel/x.php' not found or unable to stat
[Sat Jan 31 04:29:37.543919 2026] [php:error] [pid 58170] [client 52.140.123.244:0] script '/domains/nostrada/goat.php' not found or unable to stat
[Sat Jan 31 04:29:37.591938 2026] [php:error] [pid 58159] [client 20.203.132.68:0] script '/domains/system_cancel/xxxx.php' not found or unable to stat
[Sat Jan 31 04:29:37.687837 2026] [php:error] [pid 58159] [client 20.203.132.68:0] script '/domains/system_cancel/class.php' not found or unable to stat
[Sat Jan 31 04:29:39.031408 2026] [php:error] [pid 58170] [client 52.140.123.244:0] script '/domains/nostrada/alfa.php' not found or unable to stat
[Sat Jan 31 04:29:39.331197 2026] [php:error] [pid 58170] [client 52.140.123.244:0] script '/domains/nostrada/inputs.php' not found or unable to stat
[Sat Jan 31 04:29:39.536653 2026] [php:error] [pid 58159] [client 20.203.132.68:0] script '/domains/system_cancel/lock360.php' not found or unable to stat
[Sat Jan 31 04:29:39.636648 2026] [php:error] [pid 58159] [client 20.203.132.68:0] script '/domains/system_cancel/as.php' not found or unable to stat
[Sat Jan 31 04:29:39.732872 2026] [php:error] [pid 58159] [client 20.203.132.68:0] script '/domains/system_cancel/class-t.api.php' not found or unable to stat
[Sat Jan 31 04:29:40.630633 2026] [php:error] [pid 58159] [client 20.203.132.68:0] script '/domains/system_cancel/admin.php' not found or unable to stat
[Sat Jan 31 04:29:40.646209 2026] [php:error] [pid 58170] [client 52.140.123.244:0] script '/domains/nostrada/as.php' not found or unable to stat
[Sat Jan 31 04:29:40.726579 2026] [php:error] [pid 58159] [client 20.203.132.68:0] script '/domains/system_cancel/ar.php' not found or unable to stat
[Sat Jan 31 04:29:41.078874 2026] [php:error] [pid 58159] [client 20.203.132.68:0] script '/domains/system_cancel/radio.php' not found or unable to stat
[Sat Jan 31 04:29:41.397028 2026] [php:error] [pid 58170] [client 52.140.123.244:0] script '/domains/nostrada/system_log.php' not found or unable to stat
[Sat Jan 31 04:29:41.829494 2026] [php:error] [pid 58170] [client 52.140.123.244:0] script '/domains/nostrada/2.php' not found or unable to stat
[Sat Jan 31 04:29:42.991077 2026] [php:error] [pid 58169] [client 13.75.54.243:0] script '/domains/hofficer1/xmlrpc.php' not found or unable to stat
[Sat Jan 31 04:29:43.105325 2026] [php:error] [pid 58159] [client 20.203.132.68:0] script '/domains/system_cancel/init.php' not found or unable to stat
[Sat Jan 31 04:29:43.199132 2026] [php:error] [pid 58169] [client 13.75.54.243:0] script '/domains/hofficer1/wp-trackback.php' not found or unable to stat
[Sat Jan 31 04:29:43.406795 2026] [php:error] [pid 58169] [client 13.75.54.243:0] script '/domains/hofficer1/file.php' not found or unable to stat
[Sat Jan 31 04:29:43.465459 2026] [php:error] [pid 58159] [client 20.203.132.68:0] script '/domains/system_cancel/about.php' not found or unable to stat
[Sat Jan 31 04:29:43.621172 2026] [php:error] [pid 58169] [client 13.75.54.243:0] script '/domains/hofficer1/rip.php' not found or unable to stat
[Sat Jan 31 04:29:43.652078 2026] [php:error] [pid 58172] [client 216.244.66.232:0] script '/domains/hdickens.enteract/kmnj.php' not found or unable to stat
[Sat Jan 31 04:29:43.829566 2026] [php:error] [pid 58169] [client 13.75.54.243:0] script '/domains/hofficer1/autoload_classmap.php' not found or unable to stat
[Sat Jan 31 04:29:44.036937 2026] [php:error] [pid 58169] [client 13.75.54.243:0] script '/domains/hofficer1/chosen.php' not found or unable to stat
[Sat Jan 31 04:29:44.245170 2026] [php:error] [pid 58169] [client 13.75.54.243:0] script '/domains/hofficer1/classwithtostring.php' not found or unable to stat
[Sat Jan 31 04:29:44.464838 2026] [php:error] [pid 58169] [client 13.75.54.243:0] script '/domains/hofficer1/defaults.php' not found or unable to stat
[Sat Jan 31 04:29:44.477302 2026] [php:error] [pid 58159] [client 20.203.132.68:0] script '/domains/system_cancel/class20.php' not found or unable to stat
[Sat Jan 31 04:29:44.573032 2026] [php:error] [pid 58159] [client 20.203.132.68:0] script '/domains/system_cancel/lock360.php' not found or unable to stat
[Sat Jan 31 04:29:45.035537 2026] [php:error] [pid 58159] [client 20.203.132.68:0] script '/domains/system_cancel/themes.php' not found or unable to stat
[Sat Jan 31 04:29:45.096341 2026] [php:error] [pid 58169] [client 13.75.54.243:0] script '/domains/hofficer1/info.php' not found or unable to stat
[Sat Jan 31 04:29:45.151150 2026] [php:error] [pid 58170] [client 52.140.123.244:0] script '/domains/nostrada/aa.php' not found or unable to stat
[Sat Jan 31 04:29:45.304144 2026] [php:error] [pid 58169] [client 13.75.54.243:0] script '/domains/hofficer1/elp.php' not found or unable to stat
[Sat Jan 31 04:29:45.500134 2026] [php:error] [pid 58159] [client 20.203.132.68:0] script '/domains/system_cancel/xvent.php' not found or unable to stat
[Sat Jan 31 04:29:46.368300 2026] [php:error] [pid 58169] [client 13.75.54.243:0] script '/domains/hofficer1/adminfuns.php' not found or unable to stat
[Sat Jan 31 04:29:47.915486 2026] [php:error] [pid 58170] [client 52.140.123.244:0] script '/domains/nostrada/aleXus.php' not found or unable to stat
[Sat Jan 31 04:29:48.583504 2026] [php:error] [pid 58170] [client 52.140.123.244:0] script '/domains/nostrada/embed.php' not found or unable to stat
[Sat Jan 31 04:29:49.906995 2026] [php:error] [pid 58170] [client 52.140.123.244:0] script '/domains/nostrada/atomlib.php' not found or unable to stat
[Sat Jan 31 04:29:50.407623 2026] [php:error] [pid 58170] [client 52.140.123.244:0] script '/domains/nostrada/file5.php' not found or unable to stat
[Sat Jan 31 04:29:52.107451 2026] [php:error] [pid 58170] [client 52.140.123.244:0] script '/domains/nostrada/1.php' not found or unable to stat
[Sat Jan 31 04:29:52.747415 2026] [php:error] [pid 58170] [client 52.140.123.244:0] script '/domains/nostrada/cloud.php' not found or unable to stat
[Sat Jan 31 04:29:53.183566 2026] [php:error] [pid 58170] [client 52.140.123.244:0] script '/domains/nostrada/gelay.php' not found or unable to stat
[Sat Jan 31 04:29:53.415231 2026] [php:error] [pid 58170] [client 52.140.123.244:0] script '/domains/nostrada/error.php' not found or unable to stat
[Sat Jan 31 04:29:58.515603 2026] [php:error] [pid 58159] [client 20.203.132.68:0] script '/domains/system_cancel/class19.php' not found or unable to stat
[Sat Jan 31 04:29:59.439552 2026] [php:error] [pid 58159] [client 20.203.132.68:0] script '/domains/system_cancel/t.php' not found or unable to stat
[Sat Jan 31 04:30:00.416023 2026] [php:error] [pid 58170] [client 52.140.123.244:0] script '/domains/nostrada/moon.php' not found or unable to stat
[Sat Jan 31 04:30:00.926492 2026] [php:error] [pid 58159] [client 20.203.132.68:0] script '/domains/system_cancel/a.php' not found or unable to stat
[Sat Jan 31 04:30:01.022402 2026] [php:error] [pid 58159] [client 20.203.132.68:0] script '/domains/system_cancel/admins.php' not found or unable to stat
[Sat Jan 31 04:30:01.347027 2026] [php:error] [pid 58159] [client 20.203.132.68:0] script '/domains/system_cancel/temp.php' not found or unable to stat
[Sat Jan 31 04:30:01.531740 2026] [php:error] [pid 58170] [client 52.140.123.244:0] script '/domains/nostrada/users.php' not found or unable to stat
[Sat Jan 31 04:30:01.693399 2026] [php:error] [pid 58159] [client 20.203.132.68:0] script '/domains/system_cancel/main.php' not found or unable to stat
[Sat Jan 31 04:30:01.809084 2026] [php:error] [pid 58159] [client 20.203.132.68:0] script '/domains/system_cancel/a1.php' not found or unable to stat
[Sat Jan 31 04:30:01.905165 2026] [php:error] [pid 58159] [client 20.203.132.68:0] script '/domains/system_cancel/class.1.php' not found or unable to stat
[Sat Jan 31 04:30:02.005282 2026] [php:error] [pid 58159] [client 20.203.132.68:0] script '/domains/system_cancel/lala.php' not found or unable to stat
[Sat Jan 31 04:30:02.128926 2026] [php:error] [pid 58159] [client 20.203.132.68:0] script '/domains/system_cancel/tox.php' not found or unable to stat
[Sat Jan 31 04:30:02.584133 2026] [php:error] [pid 58159] [client 20.203.132.68:0] script '/domains/system_cancel/aaa.php' not found or unable to stat
[Sat Jan 31 04:30:02.679997 2026] [php:error] [pid 58159] [client 20.203.132.68:0] script '/domains/system_cancel/a2.php' not found or unable to stat
[Sat Jan 31 04:30:03.066369 2026] [php:error] [pid 58170] [client 52.140.123.244:0] script '/domains/nostrada/back.php' not found or unable to stat
[Sat Jan 31 04:30:03.620509 2026] [php:error] [pid 58159] [client 20.203.132.68:0] script '/domains/system_cancel/to.php' not found or unable to stat
[Sat Jan 31 04:30:03.742041 2026] [php:error] [pid 58159] [client 20.203.132.68:0] script '/domains/system_cancel/class-admin.php' not found or unable to stat
[Sat Jan 31 04:30:03.934219 2026] [php:error] [pid 58159] [client 20.203.132.68:0] script '/domains/system_cancel/nyan.php' not found or unable to stat
[Sat Jan 31 04:30:04.086610 2026] [php:error] [pid 58170] [client 52.140.123.244:0] script '/domains/nostrada/wso.php' not found or unable to stat
[Sat Jan 31 04:30:05.463088 2026] [php:error] [pid 58173] [client 52.140.123.244:0] script '/domains/nostrada/cadastro-2.php' not found or unable to stat
[Sat Jan 31 04:30:06.324189 2026] [php:error] [pid 58173] [client 52.140.123.244:0] script '/domains/nostrada/shell.php' not found or unable to stat
[Sat Jan 31 04:30:06.971183 2026] [php:error] [pid 58173] [client 52.140.123.244:0] script '/domains/nostrada/gecko.php' not found or unable to stat
[Sat Jan 31 04:30:07.375510 2026] [php:error] [pid 58173] [client 52.140.123.244:0] script '/domains/nostrada/exif.php' not found or unable to stat
[Sat Jan 31 04:30:08.320210 2026] [php:error] [pid 58173] [client 52.140.123.244:0] script '/domains/nostrada/ar.php' not found or unable to stat
[Sat Jan 31 04:30:09.909517 2026] [php:error] [pid 58173] [client 52.140.123.244:0] script '/domains/nostrada/bala.php' not found or unable to stat
[Sat Jan 31 04:30:10.320850 2026] [php:error] [pid 58173] [client 52.140.123.244:0] script '/domains/nostrada/Auth.php' not found or unable to stat
[Sat Jan 31 04:30:10.526668 2026] [php:error] [pid 58173] [client 52.140.123.244:0] script '/domains/nostrada/simple.php' not found or unable to stat
[Sat Jan 31 04:30:10.737600 2026] [php:error] [pid 58173] [client 52.140.123.244:0] script '/domains/nostrada/wi.php' not found or unable to stat
[Sat Jan 31 04:30:14.822783 2026] [php:error] [pid 58173] [client 52.140.123.244:0] script '/domains/nostrada/composer.php' not found or unable to stat
[Sat Jan 31 04:30:15.041305 2026] [php:error] [pid 58173] [client 52.140.123.244:0] script '/domains/nostrada/wp-2019.php' not found or unable to stat
[Sat Jan 31 04:30:16.194529 2026] [php:error] [pid 58173] [client 52.140.123.244:0] script '/domains/nostrada/10.php' not found or unable to stat
[Sat Jan 31 04:30:18.153493 2026] [php:error] [pid 58173] [client 52.140.123.244:0] script '/domains/nostrada/goods.php' not found or unable to stat
[Sat Jan 31 04:30:19.392602 2026] [php:error] [pid 58173] [client 52.140.123.244:0] script '/domains/nostrada/customize.php' not found or unable to stat
[Sat Jan 31 04:30:22.967781 2026] [php:error] [pid 58173] [client 52.140.123.244:0] script '/domains/nostrada/plugin.php' not found or unable to stat
[Sat Jan 31 04:30:25.059286 2026] [php:error] [pid 58173] [client 52.140.123.244:0] script '/domains/nostrada/wp-info.php' not found or unable to stat
[Sat Jan 31 04:30:26.757075 2026] [php:error] [pid 58173] [client 52.140.123.244:0] script '/domains/nostrada/x.php' not found or unable to stat
[Sat Jan 31 04:30:27.349872 2026] [php:error] [pid 58173] [client 52.140.123.244:0] script '/domains/nostrada/cgi-bin/index.php' not found or unable to stat
[Sat Jan 31 04:30:28.605207 2026] [php:error] [pid 58173] [client 52.140.123.244:0] script '/domains/nostrada/epinyins.php' not found or unable to stat
[Sat Jan 31 04:30:31.778873 2026] [php:error] [pid 58173] [client 52.140.123.244:0] script '/domains/nostrada/wp-index.php' not found or unable to stat
[Sat Jan 31 04:30:32.445021 2026] [php:error] [pid 58173] [client 52.140.123.244:0] script '/domains/nostrada/install.php' not found or unable to stat
[Sat Jan 31 04:30:33.702973 2026] [php:error] [pid 58173] [client 52.140.123.244:0] script '/domains/nostrada/wp.php' not found or unable to stat
[Sat Jan 31 04:30:34.123708 2026] [php:error] [pid 58173] [client 52.140.123.244:0] script '/domains/nostrada/link.php' not found or unable to stat
[Sat Jan 31 04:30:35.193058 2026] [php:error] [pid 58173] [client 52.140.123.244:0] script '/domains/nostrada/cc.php' not found or unable to stat
[Sat Jan 31 04:30:37.187255 2026] [php:error] [pid 58173] [client 52.140.123.244:0] script '/domains/nostrada/al.php' not found or unable to stat
[Sat Jan 31 04:30:37.643900 2026] [php:error] [pid 58173] [client 52.140.123.244:0] script '/domains/nostrada/baxa1.php' not found or unable to stat
[Sat Jan 31 04:30:38.140934 2026] [php:error] [pid 58173] [client 52.140.123.244:0] script '/domains/nostrada/update.php' not found or unable to stat
[Sat Jan 31 04:30:39.247439 2026] [php:error] [pid 58173] [client 52.140.123.244:0] script '/domains/nostrada/simple.php' not found or unable to stat
[Sat Jan 31 04:30:39.469958 2026] [php:error] [pid 58173] [client 52.140.123.244:0] script '/domains/nostrada/ihc1nk4a.php' not found or unable to stat
[Sat Jan 31 04:30:40.101480 2026] [php:error] [pid 58173] [client 52.140.123.244:0] script '/domains/nostrada/cache-base.php' not found or unable to stat
[Sat Jan 31 04:30:42.557199 2026] [php:error] [pid 58184] [client 52.140.123.244:0] script '/domains/nostrada/cux.php' not found or unable to stat
[Sat Jan 31 04:30:42.895741 2026] [php:error] [pid 58184] [client 52.140.123.244:0] script '/domains/nostrada/post.php' not found or unable to stat
[Sat Jan 31 04:30:43.128533 2026] [php:error] [pid 58184] [client 52.140.123.244:0] script '/domains/nostrada/cron.php' not found or unable to stat
[Sat Jan 31 04:30:44.704182 2026] [php:error] [pid 58181] [client 20.203.132.68:0] script '/domains/lover/re.php' not found or unable to stat
[Sat Jan 31 04:30:44.799555 2026] [php:error] [pid 58181] [client 20.203.132.68:0] script '/domains/lover/ms-edit.php' not found or unable to stat
[Sat Jan 31 04:30:44.895903 2026] [php:error] [pid 58181] [client 20.203.132.68:0] script '/domains/lover/w2025.php' not found or unable to stat
[Sat Jan 31 04:30:45.428707 2026] [php:error] [pid 58184] [client 52.140.123.244:0] script '/domains/nostrada/OK.php' not found or unable to stat
[Sat Jan 31 04:30:47.248553 2026] [php:error] [pid 58184] [client 52.140.123.244:0] script '/domains/nostrada/.alf.php' not found or unable to stat
[Sat Jan 31 04:30:48.130141 2026] [php:error] [pid 58184] [client 52.140.123.244:0] script '/domains/nostrada/images/alfa-rex.php' not found or unable to stat
[Sat Jan 31 04:30:49.727952 2026] [php:error] [pid 58184] [client 52.140.123.244:0] script '/domains/nostrada/fm1.php' not found or unable to stat
[Sat Jan 31 04:30:51.770967 2026] [php:error] [pid 58184] [client 52.140.123.244:0] script '/domains/nostrada/root.php' not found or unable to stat
[Sat Jan 31 04:30:53.624964 2026] [php:error] [pid 58184] [client 52.140.123.244:0] script '/domains/nostrada/fw.php' not found or unable to stat
[Sat Jan 31 04:30:53.858177 2026] [php:error] [pid 58184] [client 52.140.123.244:0] script '/domains/nostrada/sxo.php' not found or unable to stat
[Sat Jan 31 04:30:55.360740 2026] [php:error] [pid 58184] [client 52.140.123.244:0] script '/domains/nostrada/user.php' not found or unable to stat
[Sat Jan 31 04:30:57.075316 2026] [php:error] [pid 58184] [client 52.140.123.244:0] script '/domains/nostrada/class_api.php' not found or unable to stat
[Sat Jan 31 04:30:57.754672 2026] [php:error] [pid 58181] [client 34.158.114.75:0] script '/domains/hdickens.enteract/kmnj.php' not found or unable to stat
[Sat Jan 31 04:30:57.835962 2026] [php:error] [pid 58184] [client 52.140.123.244:0] script '/domains/nostrada/aaa.php' not found or unable to stat
[Sat Jan 31 04:30:59.200767 2026] [php:error] [pid 58184] [client 52.140.123.244:0] script '/domains/nostrada/zwso.php' not found or unable to stat
[Sat Jan 31 04:30:59.657334 2026] [php:error] [pid 58184] [client 52.140.123.244:0] script '/domains/nostrada/flower.php' not found or unable to stat
[Sat Jan 31 04:31:00.083601 2026] [php:error] [pid 58184] [client 52.140.123.244:0] script '/domains/nostrada/spip.php' not found or unable to stat
[Sat Jan 31 04:31:01.227359 2026] [php:error] [pid 58184] [client 52.140.123.244:0] script '/domains/nostrada/alfa-rex1.php' not found or unable to stat
[Sat Jan 31 04:31:03.033265 2026] [php:error] [pid 58184] [client 52.140.123.244:0] script '/domains/nostrada/jp.php' not found or unable to stat
[Sat Jan 31 04:31:05.722762 2026] [php:error] [pid 58184] [client 52.140.123.244:0] script '/domains/nostrada/y.php' not found or unable to stat
[Sat Jan 31 04:31:08.774858 2026] [php:error] [pid 58184] [client 52.140.123.244:0] script '/domains/nostrada/lv.php' not found or unable to stat
[Sat Jan 31 04:31:13.222114 2026] [php:error] [pid 58184] [client 52.140.123.244:0] script '/domains/nostrada/wp-trackback.php' not found or unable to stat
[Sat Jan 31 04:31:13.704245 2026] [php:error] [pid 58184] [client 52.140.123.244:0] script '/domains/nostrada/87.php' not found or unable to stat
[Sat Jan 31 04:31:16.191422 2026] [php:error] [pid 58184] [client 52.140.123.244:0] script '/domains/nostrada/install.php' not found or unable to stat
[Sat Jan 31 04:31:16.875564 2026] [php:error] [pid 58184] [client 52.140.123.244:0] script '/domains/nostrada/asasx.php' not found or unable to stat
[Sat Jan 31 04:31:17.191794 2026] [php:error] [pid 58192] [client 52.140.123.244:0] script '/domains/homesbyaudrey1/aa.php' not found or unable to stat
[Sat Jan 31 04:31:17.511475 2026] [php:error] [pid 58192] [client 52.140.123.244:0] script '/domains/homesbyaudrey1/abcd.php' not found or unable to stat
[Sat Jan 31 04:31:17.752009 2026] [php:error] [pid 58192] [client 52.140.123.244:0] script '/domains/homesbyaudrey1/admin.php' not found or unable to stat
[Sat Jan 31 04:31:17.982596 2026] [php:error] [pid 58192] [client 52.140.123.244:0] script '/domains/homesbyaudrey1/buy.php' not found or unable to stat
[Sat Jan 31 04:31:18.380717 2026] [php:error] [pid 58168] [client 74.248.24.238:0] script '/domains/system_default/re.php' not found or unable to stat
[Sat Jan 31 04:31:18.484732 2026] [php:error] [pid 58168] [client 74.248.24.238:0] script '/domains/system_default/ms-edit.php' not found or unable to stat
[Sat Jan 31 04:31:18.500211 2026] [php:error] [pid 58192] [client 52.140.123.244:0] script '/domains/homesbyaudrey1/edit.php' not found or unable to stat
[Sat Jan 31 04:31:18.591038 2026] [php:error] [pid 58168] [client 74.248.24.238:0] script '/domains/system_default/w2025.php' not found or unable to stat
[Sat Jan 31 04:31:18.793874 2026] [php:error] [pid 58192] [client 52.140.123.244:0] script '/domains/homesbyaudrey1/file.php' not found or unable to stat
[Sat Jan 31 04:31:19.026675 2026] [php:error] [pid 58192] [client 52.140.123.244:0] script '/domains/homesbyaudrey1/flower.php' not found or unable to stat
[Sat Jan 31 04:31:19.389456 2026] [php:error] [pid 58184] [client 52.140.123.244:0] script '/domains/nostrada/Js.php' not found or unable to stat
[Sat Jan 31 04:31:19.505489 2026] [php:error] [pid 58192] [client 52.140.123.244:0] script '/domains/homesbyaudrey1/info.php' not found or unable to stat
[Sat Jan 31 04:31:19.735731 2026] [php:error] [pid 58192] [client 52.140.123.244:0] script '/domains/homesbyaudrey1/ioxi-o.php' not found or unable to stat
[Sat Jan 31 04:31:19.997687 2026] [php:error] [pid 58192] [client 52.140.123.244:0] script '/domains/homesbyaudrey1/nc4.php' not found or unable to stat
[Sat Jan 31 04:31:20.228529 2026] [php:error] [pid 58192] [client 52.140.123.244:0] script '/domains/homesbyaudrey1/xleet.php' not found or unable to stat
[Sat Jan 31 04:31:21.642145 2026] [php:error] [pid 58192] [client 52.140.123.244:0] script '/domains/homesbyaudrey1/wp-good.php' not found or unable to stat
[Sat Jan 31 04:31:22.639715 2026] [php:error] [pid 58192] [client 52.140.123.244:0] script '/domains/homesbyaudrey1/xmrlpc.php' not found or unable to stat
[Sat Jan 31 04:31:22.883151 2026] [php:error] [pid 58192] [client 52.140.123.244:0] script '/domains/homesbyaudrey1/about.php' not found or unable to stat
[Sat Jan 31 04:31:23.118261 2026] [php:error] [pid 58192] [client 52.140.123.244:0] script '/domains/homesbyaudrey1/adminfuns.php' not found or unable to stat
[Sat Jan 31 04:31:23.331568 2026] [php:error] [pid 58184] [client 52.140.123.244:0] script '/domains/nostrada/NewFile.php' not found or unable to stat
[Sat Jan 31 04:31:23.349616 2026] [php:error] [pid 58192] [client 52.140.123.244:0] script '/domains/homesbyaudrey1/alfa.php' not found or unable to stat
[Sat Jan 31 04:31:23.802605 2026] [php:error] [pid 58192] [client 52.140.123.244:0] script '/domains/homesbyaudrey1/asasx.php' not found or unable to stat
[Sat Jan 31 04:31:24.051653 2026] [php:error] [pid 58192] [client 52.140.123.244:0] script '/domains/homesbyaudrey1/autoload_classmap.php' not found or unable to stat
[Sat Jan 31 04:31:24.288110 2026] [php:error] [pid 58192] [client 52.140.123.244:0] script '/domains/homesbyaudrey1/classwithtostring.php' not found or unable to stat
[Sat Jan 31 04:31:24.518466 2026] [php:error] [pid 58192] [client 52.140.123.244:0] script '/domains/homesbyaudrey1/cong.php' not found or unable to stat
[Sat Jan 31 04:31:24.727829 2026] [php:error] [pid 58184] [client 52.140.123.244:0] script '/domains/nostrada/0.php' not found or unable to stat
[Sat Jan 31 04:31:25.009895 2026] [php:error] [pid 58192] [client 52.140.123.244:0] script '/domains/homesbyaudrey1/file2.php' not found or unable to stat
[Sat Jan 31 04:31:25.239325 2026] [php:error] [pid 58192] [client 52.140.123.244:0] script '/domains/homesbyaudrey1/moon.php' not found or unable to stat
[Sat Jan 31 04:31:25.377878 2026] [php:error] [pid 58195] [client 52.140.123.244:0] script '/domains/nostrada/wp-config-sample.php' not found or unable to stat
[Sat Jan 31 04:31:26.032470 2026] [php:error] [pid 58195] [client 52.140.123.244:0] script '/domains/nostrada/wp-blog-header.php' not found or unable to stat
[Sat Jan 31 04:31:26.491913 2026] [php:error] [pid 58195] [client 52.140.123.244:0] script '/domains/nostrada/byp.php' not found or unable to stat
[Sat Jan 31 04:31:27.437433 2026] [php:error] [pid 58192] [client 52.140.123.244:0] script '/domains/homesbyaudrey1/wp-cron.php' not found or unable to stat
[Sat Jan 31 04:31:28.026138 2026] [php:error] [pid 58195] [client 52.140.123.244:0] script '/domains/nostrada/defaults.php' not found or unable to stat
[Sat Jan 31 04:31:29.130712 2026] [php:error] [pid 58195] [client 52.140.123.244:0] script '/domains/nostrada/config.php' not found or unable to stat
[Sat Jan 31 04:31:32.713329 2026] [php:error] [pid 58195] [client 52.140.123.244:0] script '/domains/nostrada/rt.php' not found or unable to stat
[Sat Jan 31 04:31:33.272629 2026] [php:error] [pid 58195] [client 52.140.123.244:0] script '/domains/nostrada/wp-setup.php' not found or unable to stat
[Sat Jan 31 04:31:33.871310 2026] [php:error] [pid 58195] [client 52.140.123.244:0] script '/domains/nostrada/files/index.php' not found or unable to stat
[Sat Jan 31 04:31:36.095557 2026] [php:error] [pid 58195] [client 52.140.123.244:0] script '/domains/nostrada/WSO.php' not found or unable to stat
[Sat Jan 31 04:31:37.425570 2026] [php:error] [pid 58195] [client 52.140.123.244:0] script '/domains/nostrada/ab.php' not found or unable to stat
[Sat Jan 31 04:31:37.636692 2026] [php:error] [pid 58195] [client 52.140.123.244:0] script '/domains/nostrada/f35.php' not found or unable to stat
[Sat Jan 31 04:31:39.029514 2026] [php:error] [pid 58195] [client 52.140.123.244:0] script '/domains/nostrada/xmlrpc.php' not found or unable to stat
[Sat Jan 31 04:31:39.644869 2026] [php:error] [pid 58195] [client 52.140.123.244:0] script '/domains/nostrada/colors.php' not found or unable to stat
[Sat Jan 31 04:31:41.795877 2026] [php:error] [pid 58195] [client 52.140.123.244:0] script '/domains/nostrada/text.php' not found or unable to stat
[Sat Jan 31 04:31:43.134987 2026] [php:error] [pid 58184] [client 13.75.54.243:0] script '/domains/astweb/about.php' not found or unable to stat
[Sat Jan 31 04:31:43.342644 2026] [php:error] [pid 58184] [client 13.75.54.243:0] script '/domains/astweb/admin.php' not found or unable to stat
[Sat Jan 31 04:31:43.772404 2026] [php:error] [pid 58184] [client 13.75.54.243:0] script '/domains/astweb/class-t.api.php' not found or unable to stat
[Sat Jan 31 04:31:43.865041 2026] [php:error] [pid 58195] [client 52.140.123.244:0] script '/domains/nostrada/alfa-rex.php' not found or unable to stat
[Sat Jan 31 04:31:43.983975 2026] [php:error] [pid 58184] [client 13.75.54.243:0] script '/domains/astweb/goods.php' not found or unable to stat
[Sat Jan 31 04:31:44.199554 2026] [php:error] [pid 58184] [client 13.75.54.243:0] script '/domains/astweb/ioxi-o.php' not found or unable to stat
[Sat Jan 31 04:31:44.414044 2026] [php:error] [pid 58184] [client 13.75.54.243:0] script '/domains/astweb/rip.php' not found or unable to stat
[Sat Jan 31 04:31:44.605600 2026] [php:error] [pid 58195] [client 52.140.123.244:0] script '/domains/nostrada/feeds.php' not found or unable to stat
[Sat Jan 31 04:31:44.621182 2026] [php:error] [pid 58184] [client 13.75.54.243:0] script '/domains/astweb/adminfuns.php' not found or unable to stat
[Sat Jan 31 04:31:44.828449 2026] [php:error] [pid 58184] [client 13.75.54.243:0] script '/domains/astweb/file.php' not found or unable to stat
[Sat Jan 31 04:31:46.301182 2026] [php:error] [pid 58184] [client 13.75.54.243:0] script '/domains/astweb/wp-good.php' not found or unable to stat
[Sat Jan 31 04:31:46.536626 2026] [php:error] [pid 58195] [client 52.140.123.244:0] script '/domains/nostrada/gg.php' not found or unable to stat
[Sat Jan 31 04:31:47.600966 2026] [php:error] [pid 58195] [client 52.140.123.244:0] script '/domains/nostrada/alfanew.php' not found or unable to stat
[Sat Jan 31 04:31:47.827508 2026] [php:error] [pid 58195] [client 52.140.123.244:0] script '/domains/nostrada/xc.php' not found or unable to stat
[Sat Jan 31 04:31:48.257347 2026] [php:error] [pid 58195] [client 52.140.123.244:0] script '/domains/nostrada/wp-logs.php' not found or unable to stat
[Sat Jan 31 04:31:48.469101 2026] [php:error] [pid 58195] [client 52.140.123.244:0] script '/domains/nostrada/php8.php' not found or unable to stat
[Sat Jan 31 04:31:49.370524 2026] [php:error] [pid 58195] [client 52.140.123.244:0] script '/domains/nostrada/tinyfilemanager.php' not found or unable to stat
[Sat Jan 31 04:31:49.586709 2026] [php:error] [pid 58195] [client 52.140.123.244:0] script '/domains/nostrada/options-general.php' not found or unable to stat
[Sat Jan 31 04:31:50.015375 2026] [php:error] [pid 58195] [client 52.140.123.244:0] script '/domains/nostrada/ova.php' not found or unable to stat
[Sat Jan 31 04:31:51.297433 2026] [php:error] [pid 58195] [client 52.140.123.244:0] script '/domains/nostrada/k.php' not found or unable to stat
[Sat Jan 31 04:31:52.556925 2026] [php:error] [pid 58195] [client 52.140.123.244:0] script '/domains/nostrada/wp_wrong_datlib.php' not found or unable to stat
[Sat Jan 31 04:31:52.943596 2026] [php:error] [pid 58195] [client 52.140.123.244:0] script '/domains/nostrada/gecko-new.php' not found or unable to stat
[Sat Jan 31 04:31:53.709187 2026] [php:error] [pid 58195] [client 52.140.123.244:0] script '/domains/nostrada/wp-config.php' not found or unable to stat
[Sat Jan 31 04:31:54.340408 2026] [php:error] [pid 58195] [client 52.140.123.244:0] script '/domains/nostrada/ty.php' not found or unable to stat
[Sat Jan 31 04:31:55.187200 2026] [php:error] [pid 58195] [client 52.140.123.244:0] script '/domains/nostrada/blog.php' not found or unable to stat
[Sat Jan 31 04:31:56.139311 2026] [php:error] [pid 58195] [client 52.140.123.244:0] script '/domains/nostrada/ms-themes.php' not found or unable to stat
[Sat Jan 31 04:31:56.956822 2026] [php:error] [pid 58195] [client 52.140.123.244:0] script '/domains/nostrada/plyaylut.php' not found or unable to stat
[Sat Jan 31 04:31:57.387974 2026] [php:error] [pid 58195] [client 52.140.123.244:0] script '/domains/nostrada/meta.php' not found or unable to stat
[Sat Jan 31 04:31:57.861192 2026] [php:error] [pid 58195] [client 52.140.123.244:0] script '/domains/nostrada/uy26sfm6.php' not found or unable to stat
[Sat Jan 31 04:31:58.442364 2026] [php:error] [pid 58195] [client 52.140.123.244:0] script '/domains/nostrada/wp-wso.php' not found or unable to stat
[Sat Jan 31 04:32:01.473068 2026] [php:error] [pid 58195] [client 52.140.123.244:0] script '/domains/nostrada/mar.php' not found or unable to stat
[Sat Jan 31 04:32:03.101428 2026] [php:error] [pid 58203] [client 52.140.123.244:0] script '/domains/nostrada/feed-rss2-queue.php' not found or unable to stat
[Sat Jan 31 04:32:03.321734 2026] [php:error] [pid 58203] [client 52.140.123.244:0] script '/domains/nostrada/favicon.php' not found or unable to stat
[Sat Jan 31 04:32:04.397731 2026] [php:error] [pid 58203] [client 52.140.123.244:0] script '/domains/nostrada/info.php' not found or unable to stat
[Sat Jan 31 04:32:05.563940 2026] [php:error] [pid 58203] [client 52.140.123.244:0] script '/domains/nostrada/hello.php' not found or unable to stat
[Sat Jan 31 04:32:06.400758 2026] [php:error] [pid 58203] [client 52.140.123.244:0] script '/domains/nostrada/wp-admin.php' not found or unable to stat
[Sat Jan 31 04:32:07.126073 2026] [php:error] [pid 58203] [client 52.140.123.244:0] script '/domains/nostrada/past.php' not found or unable to stat
[Sat Jan 31 04:32:08.182964 2026] [php:error] [pid 58203] [client 52.140.123.244:0] script '/domains/nostrada/fxcexgle.php' not found or unable to stat
[Sat Jan 31 04:32:08.746419 2026] [php:error] [pid 58203] [client 52.140.123.244:0] script '/domains/nostrada/dropdown.php' not found or unable to stat
[Sat Jan 31 04:32:10.944429 2026] [php:error] [pid 58203] [client 52.140.123.244:0] script '/domains/nostrada/dxc.php' not found or unable to stat
[Sat Jan 31 04:32:11.637186 2026] [php:error] [pid 58203] [client 52.140.123.244:0] script '/domains/nostrada/4price.php' not found or unable to stat
[Sat Jan 31 04:32:12.088186 2026] [php:error] [pid 58203] [client 52.140.123.244:0] script '/domains/nostrada/db.php' not found or unable to stat
[Sat Jan 31 04:32:12.309805 2026] [php:error] [pid 58203] [client 52.140.123.244:0] script '/domains/nostrada/wp-l0gin.php' not found or unable to stat
[Sat Jan 31 04:32:16.571245 2026] [php:error] [pid 58203] [client 52.140.123.244:0] script '/domains/nostrada/mah.php' not found or unable to stat
[Sat Jan 31 04:32:18.279889 2026] [php:error] [pid 58203] [client 52.140.123.244:0] script '/domains/nostrada/options-reading.php' not found or unable to stat
[Sat Jan 31 04:32:18.516090 2026] [php:error] [pid 58203] [client 52.140.123.244:0] script '/domains/nostrada/wp-conflg.php' not found or unable to stat
[Sat Jan 31 04:32:19.845965 2026] [php:error] [pid 58203] [client 52.140.123.244:0] script '/domains/nostrada/images/admin.php' not found or unable to stat
[Sat Jan 31 04:32:21.060658 2026] [php:error] [pid 58203] [client 52.140.123.244:0] script '/domains/nostrada/ws.php' not found or unable to stat
[Sat Jan 31 04:32:21.838957 2026] [php:error] [pid 58203] [client 52.140.123.244:0] script '/domains/nostrada/about.PHP' not found or unable to stat
[Sat Jan 31 04:32:23.053392 2026] [php:error] [pid 58203] [client 52.140.123.244:0] script '/domains/nostrada/theme.php' not found or unable to stat
[Sat Jan 31 04:32:24.859091 2026] [php:error] [pid 58203] [client 52.140.123.244:0] script '/domains/nostrada/m.php' not found or unable to stat
[Sat Jan 31 04:32:26.816066 2026] [php:error] [pid 58203] [client 52.140.123.244:0] script '/domains/nostrada/css.php' not found or unable to stat
[Sat Jan 31 04:32:27.591918 2026] [php:error] [pid 58203] [client 52.140.123.244:0] script '/domains/nostrada/amaxx.php' not found or unable to stat
[Sat Jan 31 04:32:27.814046 2026] [php:error] [pid 58203] [client 52.140.123.244:0] script '/domains/nostrada/files.php' not found or unable to stat
[Sat Jan 31 04:32:28.036643 2026] [php:error] [pid 58203] [client 52.140.123.244:0] script '/domains/nostrada/woh.php' not found or unable to stat
[Sat Jan 31 04:32:28.504087 2026] [php:error] [pid 58203] [client 52.140.123.244:0] script '/domains/nostrada/wp-express.php' not found or unable to stat
[Sat Jan 31 04:32:29.322163 2026] [php:error] [pid 58203] [client 52.140.123.244:0] script '/domains/nostrada/colour.php' not found or unable to stat
[Sat Jan 31 04:32:30.308556 2026] [php:error] [pid 58203] [client 52.140.123.244:0] script '/domains/nostrada/disagreed.php' not found or unable to stat
[Sat Jan 31 04:32:30.528248 2026] [php:error] [pid 58203] [client 52.140.123.244:0] script '/domains/nostrada/bk.php' not found or unable to stat
[Sat Jan 31 04:32:30.925562 2026] [php:error] [pid 58203] [client 52.140.123.244:0] script '/domains/nostrada/function.php' not found or unable to stat
[Sat Jan 31 04:32:31.378969 2026] [php:error] [pid 58203] [client 52.140.123.244:0] script '/domains/nostrada/go.php' not found or unable to stat
[Sat Jan 31 04:32:31.997909 2026] [php:error] [pid 58203] [client 52.140.123.244:0] script '/domains/nostrada/function.php' not found or unable to stat
[Sat Jan 31 04:32:36.671826 2026] [php:error] [pid 58203] [client 52.140.123.244:0] script '/domains/nostrada/wp-signin.php' not found or unable to stat
[Sat Jan 31 04:32:36.891603 2026] [php:error] [pid 58203] [client 52.140.123.244:0] script '/domains/nostrada/filemanager.php' not found or unable to stat
[Sat Jan 31 04:32:37.619906 2026] [php:error] [pid 58203] [client 52.140.123.244:0] script '/domains/nostrada/g.php' not found or unable to stat
