[Sat Jan 31 06:59:48.143352 2026] [php:error] [pid 87883] [client 74.248.24.238:0] script '/domains/system_default/class.1.php' not found or unable to stat
[Sat Jan 31 06:59:48.392937 2026] [php:error] [pid 87883] [client 74.248.24.238:0] script '/domains/system_default/lala.php' not found or unable to stat
[Sat Jan 31 06:59:48.520845 2026] [php:error] [pid 87883] [client 74.248.24.238:0] script '/domains/system_default/aaa.php' not found or unable to stat
[Sat Jan 31 06:59:48.622076 2026] [php:error] [pid 87883] [client 74.248.24.238:0] script '/domains/system_default/a2.php' not found or unable to stat
[Sat Jan 31 06:59:48.905747 2026] [php:error] [pid 87888] [client 104.211.72.80:0] script '/domains/apunderkofler/radio.php' not found or unable to stat
[Sat Jan 31 06:59:49.172983 2026] [php:error] [pid 87888] [client 104.211.72.80:0] script '/domains/apunderkofler/dropdown.php' not found or unable to stat
[Sat Jan 31 06:59:49.316089 2026] [php:error] [pid 87883] [client 74.248.24.238:0] script '/domains/system_default/to.php' not found or unable to stat
[Sat Jan 31 06:59:49.426413 2026] [php:error] [pid 87883] [client 74.248.24.238:0] script '/domains/system_default/class-admin.php' not found or unable to stat
[Sat Jan 31 06:59:49.563042 2026] [php:error] [pid 87883] [client 74.248.24.238:0] script '/domains/system_default/nyan.php' not found or unable to stat
[Sat Jan 31 06:59:50.488162 2026] [php:error] [pid 87888] [client 104.211.72.80:0] script '/domains/apunderkofler/defaults.php' not found or unable to stat
[Sat Jan 31 06:59:51.918669 2026] [php:error] [pid 87888] [client 104.211.72.80:0] script '/domains/apunderkofler/system.php' not found or unable to stat
[Sat Jan 31 06:59:53.426212 2026] [php:error] [pid 87888] [client 104.211.72.80:0] script '/domains/apunderkofler/xmlrpc.php' not found or unable to stat
[Sat Jan 31 06:59:54.832870 2026] [php:error] [pid 87888] [client 104.211.72.80:0] script '/domains/apunderkofler/colors.php' not found or unable to stat
[Sat Jan 31 06:59:55.082049 2026] [php:error] [pid 87888] [client 104.211.72.80:0] script '/domains/apunderkofler/updates.php' not found or unable to stat
[Sat Jan 31 06:59:56.265589 2026] [php:error] [pid 87888] [client 104.211.72.80:0] script '/domains/apunderkofler/alfa-rex1.php' not found or unable to stat
[Sat Jan 31 06:59:57.746288 2026] [php:error] [pid 87888] [client 104.211.72.80:0] script '/domains/apunderkofler/wp-index.php' not found or unable to stat
[Sat Jan 31 06:59:58.026216 2026] [php:error] [pid 87888] [client 104.211.72.80:0] script '/domains/apunderkofler/wp-admin.php' not found or unable to stat
[Sat Jan 31 06:59:58.249441 2026] [php:error] [pid 87888] [client 104.211.72.80:0] script '/domains/apunderkofler/alfa.php' not found or unable to stat
[Sat Jan 31 06:59:58.699667 2026] [php:error] [pid 87888] [client 104.211.72.80:0] script '/domains/apunderkofler/locale.php' not found or unable to stat
[Sat Jan 31 07:00:00.537386 2026] [php:error] [pid 87888] [client 104.211.72.80:0] script '/domains/apunderkofler/wxo.php' not found or unable to stat
[Sat Jan 31 07:00:01.578880 2026] [php:error] [pid 87888] [client 104.211.72.80:0] script '/domains/apunderkofler/colour.php' not found or unable to stat
[Sat Jan 31 07:00:01.802552 2026] [php:error] [pid 87888] [client 104.211.72.80:0] script '/domains/apunderkofler/files.php' not found or unable to stat
[Sat Jan 31 07:00:02.833851 2026] [php:error] [pid 87888] [client 104.211.72.80:0] script '/domains/apunderkofler/install.php' not found or unable to stat
[Sat Jan 31 07:00:04.240635 2026] [php:error] [pid 87888] [client 104.211.72.80:0] script '/domains/apunderkofler/wp-contentt.php' not found or unable to stat
[Sat Jan 31 07:00:05.461118 2026] [php:error] [pid 87888] [client 104.211.72.80:0] script '/domains/apunderkofler/config.php' not found or unable to stat
[Sat Jan 31 07:00:05.515205 2026] [php:error] [pid 87883] [client 52.184.100.209:0] script '/domains/brenties/autoload_classmap.php' not found or unable to stat
[Sat Jan 31 07:00:05.697967 2026] [php:error] [pid 87888] [client 104.211.72.80:0] script '/domains/apunderkofler/theme.php' not found or unable to stat
[Sat Jan 31 07:00:05.725865 2026] [php:error] [pid 87883] [client 52.184.100.209:0] script '/domains/brenties/post.php' not found or unable to stat
[Sat Jan 31 07:00:05.929323 2026] [php:error] [pid 87888] [client 104.211.72.80:0] script '/domains/apunderkofler/block-bindings.php' not found or unable to stat
[Sat Jan 31 07:00:05.971357 2026] [php:error] [pid 87883] [client 52.184.100.209:0] script '/domains/brenties/1.php' not found or unable to stat
[Sat Jan 31 07:00:06.217952 2026] [php:error] [pid 87888] [client 104.211.72.80:0] script '/domains/apunderkofler/class_api.php' not found or unable to stat
[Sat Jan 31 07:00:06.460399 2026] [php:error] [pid 87888] [client 104.211.72.80:0] script '/domains/apunderkofler/inputs.php' not found or unable to stat
[Sat Jan 31 07:00:06.730379 2026] [php:error] [pid 87883] [client 52.184.100.209:0] script '/domains/brenties/flower.php' not found or unable to stat
[Sat Jan 31 07:00:07.555941 2026] [php:error] [pid 87888] [client 104.211.72.80:0] script '/domains/apunderkofler/root.php' not found or unable to stat
[Sat Jan 31 07:00:07.638875 2026] [php:error] [pid 87883] [client 52.184.100.209:0] script '/domains/brenties/admin.php' not found or unable to stat
[Sat Jan 31 07:00:07.774036 2026] [php:error] [pid 87888] [client 104.211.72.80:0] script '/domains/apunderkofler/menu.php' not found or unable to stat
[Sat Jan 31 07:00:07.924017 2026] [php:error] [pid 87883] [client 52.184.100.209:0] script '/domains/brenties/file.php' not found or unable to stat
[Sat Jan 31 07:00:07.991640 2026] [php:error] [pid 87888] [client 104.211.72.80:0] script '/domains/apunderkofler/plugin.php' not found or unable to stat
[Sat Jan 31 07:00:08.203723 2026] [php:error] [pid 87888] [client 104.211.72.80:0] script '/domains/apunderkofler/cloud.php' not found or unable to stat
[Sat Jan 31 07:00:08.537060 2026] [php:error] [pid 87883] [client 52.184.100.209:0] script '/domains/brenties/meta.php' not found or unable to stat
[Sat Jan 31 07:00:08.758598 2026] [php:error] [pid 87883] [client 52.184.100.209:0] script '/domains/brenties/index.php' not found or unable to stat
[Sat Jan 31 07:00:09.154772 2026] [php:error] [pid 87888] [client 104.211.72.80:0] script '/domains/apunderkofler/configs.php' not found or unable to stat
[Sat Jan 31 07:00:10.000067 2026] [php:error] [pid 87883] [client 52.184.100.209:0] script '/domains/brenties/abcd.php' not found or unable to stat
[Sat Jan 31 07:00:10.211282 2026] [php:error] [pid 87883] [client 52.184.100.209:0] script '/domains/brenties/about.php' not found or unable to stat
[Sat Jan 31 07:00:10.929237 2026] [php:error] [pid 87888] [client 104.211.72.80:0] script '/domains/apunderkofler/wp-configs.php' not found or unable to stat
[Sat Jan 31 07:00:11.066774 2026] [php:error] [pid 87883] [client 52.184.100.209:0] script '/domains/brenties/randkeyword.php' not found or unable to stat
[Sat Jan 31 07:00:11.200223 2026] [php:error] [pid 87888] [client 104.211.72.80:0] script '/domains/apunderkofler/update.php' not found or unable to stat
[Sat Jan 31 07:00:12.428981 2026] [php:error] [pid 87888] [client 104.211.72.80:0] script '/domains/apunderkofler/2.php' not found or unable to stat
[Sat Jan 31 07:00:12.539919 2026] [php:error] [pid 87883] [client 52.184.100.209:0] script '/domains/brenties/goods.php' not found or unable to stat
[Sat Jan 31 07:00:12.779452 2026] [php:error] [pid 87883] [client 52.184.100.209:0] script '/domains/brenties/hehe.php' not found or unable to stat
[Sat Jan 31 07:00:12.996622 2026] [php:error] [pid 87883] [client 52.184.100.209:0] script '/domains/brenties/user.php' not found or unable to stat
[Sat Jan 31 07:00:13.238976 2026] [php:error] [pid 87883] [client 52.184.100.209:0] script '/domains/brenties/wp-2019.php' not found or unable to stat
[Sat Jan 31 07:00:13.997058 2026] [php:error] [pid 87888] [client 104.211.72.80:0] script '/domains/apunderkofler/input.php' not found or unable to stat
[Sat Jan 31 07:00:14.115108 2026] [php:error] [pid 87883] [client 52.184.100.209:0] script '/domains/brenties/chosen.php' not found or unable to stat
[Sat Jan 31 07:00:14.216364 2026] [php:error] [pid 87888] [client 104.211.72.80:0] script '/domains/apunderkofler/aaa.php' not found or unable to stat
[Sat Jan 31 07:00:14.340556 2026] [php:error] [pid 87883] [client 52.184.100.209:0] script '/domains/brenties/functions.php' not found or unable to stat
[Sat Jan 31 07:00:14.592321 2026] [php:error] [pid 87883] [client 52.184.100.209:0] script '/domains/brenties/cron.php' not found or unable to stat
[Sat Jan 31 07:00:14.804120 2026] [php:error] [pid 87883] [client 52.184.100.209:0] script '/domains/brenties/edit.php' not found or unable to stat
[Sat Jan 31 07:00:15.382229 2026] [php:error] [pid 87883] [client 52.184.100.209:0] script '/domains/brenties/gecko-new.php' not found or unable to stat
[Sat Jan 31 07:00:16.120409 2026] [php:error] [pid 87883] [client 52.184.100.209:0] script '/domains/brenties/cookie.php' not found or unable to stat
[Sat Jan 31 07:00:16.693674 2026] [php:error] [pid 87883] [client 52.184.100.209:0] script '/domains/brenties/xleet.php' not found or unable to stat
[Sat Jan 31 07:00:16.910166 2026] [php:error] [pid 87883] [client 52.184.100.209:0] script '/domains/brenties/spip.php' not found or unable to stat
[Sat Jan 31 07:00:18.125982 2026] [php:error] [pid 87883] [client 52.184.100.209:0] script '/domains/brenties/22.php' not found or unable to stat
[Sat Jan 31 07:00:18.672208 2026] [php:error] [pid 87883] [client 52.184.100.209:0] script '/domains/brenties/room.php' not found or unable to stat
[Sat Jan 31 07:00:19.471786 2026] [php:error] [pid 87883] [client 52.184.100.209:0] script '/domains/brenties/disagreed.php' not found or unable to stat
[Sat Jan 31 07:00:20.245108 2026] [php:error] [pid 87883] [client 52.184.100.209:0] script '/domains/brenties/text.php' not found or unable to stat
[Sat Jan 31 07:00:20.489006 2026] [php:error] [pid 87883] [client 52.184.100.209:0] script '/domains/brenties/alfa-rex.php' not found or unable to stat
[Sat Jan 31 07:00:21.732765 2026] [php:error] [pid 87883] [client 52.184.100.209:0] script '/domains/brenties/feeds.php' not found or unable to stat
[Sat Jan 31 07:00:21.954551 2026] [php:error] [pid 87883] [client 52.184.100.209:0] script '/domains/brenties/radio.php' not found or unable to stat
[Sat Jan 31 07:00:22.619294 2026] [php:error] [pid 87883] [client 52.184.100.209:0] script '/domains/brenties/dropdown.php' not found or unable to stat
[Sat Jan 31 07:00:22.632253 2026] [php:error] [pid 87889] [client 20.211.164.12:0] script '/domains/pmglobal/wp-trackback.php' not found or unable to stat
[Sat Jan 31 07:00:22.839509 2026] [php:error] [pid 87889] [client 20.211.164.12:0] script '/domains/pmglobal/about.php' not found or unable to stat
[Sat Jan 31 07:00:23.040727 2026] [php:error] [pid 87889] [client 20.211.164.12:0] script '/domains/pmglobal/file.php' not found or unable to stat
[Sat Jan 31 07:00:23.193811 2026] [php:error] [pid 87883] [client 52.184.100.209:0] script '/domains/brenties/defaults.php' not found or unable to stat
[Sat Jan 31 07:00:23.240836 2026] [php:error] [pid 87889] [client 20.211.164.12:0] script '/domains/pmglobal/wp-good.php' not found or unable to stat
[Sat Jan 31 07:00:23.441855 2026] [php:error] [pid 87889] [client 20.211.164.12:0] script '/domains/pmglobal/xmlrpc.php' not found or unable to stat
[Sat Jan 31 07:00:23.643222 2026] [php:error] [pid 87889] [client 20.211.164.12:0] script '/domains/pmglobal/goods.php' not found or unable to stat
[Sat Jan 31 07:00:23.796066 2026] [php:error] [pid 87883] [client 52.184.100.209:0] script '/domains/brenties/system.php' not found or unable to stat
[Sat Jan 31 07:00:23.847074 2026] [php:error] [pid 87889] [client 20.211.164.12:0] script '/domains/pmglobal/ioxi-o.php' not found or unable to stat
[Sat Jan 31 07:00:24.046504 2026] [php:error] [pid 87883] [client 52.184.100.209:0] script '/domains/brenties/xmlrpc.php' not found or unable to stat
[Sat Jan 31 07:00:24.059943 2026] [php:error] [pid 87889] [client 20.211.164.12:0] script '/domains/pmglobal/class-t.api.php' not found or unable to stat
[Sat Jan 31 07:00:24.260449 2026] [php:error] [pid 87889] [client 20.211.164.12:0] script '/domains/pmglobal/admin.php' not found or unable to stat
[Sat Jan 31 07:00:24.469759 2026] [php:error] [pid 87889] [client 20.211.164.12:0] script '/domains/pmglobal/sf.php' not found or unable to stat
[Sat Jan 31 07:00:24.592690 2026] [php:error] [pid 87883] [client 52.184.100.209:0] script '/domains/brenties/colors.php' not found or unable to stat
[Sat Jan 31 07:00:24.683097 2026] [php:error] [pid 87889] [client 20.211.164.12:0] script '/domains/pmglobal/rip.php' not found or unable to stat
[Sat Jan 31 07:00:24.883105 2026] [php:error] [pid 87889] [client 20.211.164.12:0] script '/domains/pmglobal/autoload_classmap.php' not found or unable to stat
[Sat Jan 31 07:00:25.084105 2026] [php:error] [pid 87889] [client 20.211.164.12:0] script '/domains/pmglobal/chosen.php' not found or unable to stat
[Sat Jan 31 07:00:25.160401 2026] [php:error] [pid 87883] [client 52.184.100.209:0] script '/domains/brenties/updates.php' not found or unable to stat
[Sat Jan 31 07:00:25.300878 2026] [php:error] [pid 87889] [client 20.211.164.12:0] script '/domains/pmglobal/classwithtostring.php' not found or unable to stat
[Sat Jan 31 07:00:25.373037 2026] [php:error] [pid 87883] [client 52.184.100.209:0] script '/domains/brenties/alfa-rex1.php' not found or unable to stat
[Sat Jan 31 07:00:25.501066 2026] [php:error] [pid 87889] [client 20.211.164.12:0] script '/domains/pmglobal/defaults.php' not found or unable to stat
[Sat Jan 31 07:00:25.598483 2026] [php:error] [pid 87883] [client 52.184.100.209:0] script '/domains/brenties/wp-index.php' not found or unable to stat
[Sat Jan 31 07:00:26.063487 2026] [php:error] [pid 87883] [client 52.184.100.209:0] script '/domains/brenties/wp-admin.php' not found or unable to stat
[Sat Jan 31 07:00:26.470619 2026] [php:error] [pid 87883] [client 52.184.100.209:0] script '/domains/brenties/alfa.php' not found or unable to stat
[Sat Jan 31 07:00:26.523176 2026] [php:error] [pid 87889] [client 20.211.164.12:0] script '/domains/pmglobal/info.php' not found or unable to stat
[Sat Jan 31 07:00:27.494671 2026] [php:error] [pid 87883] [client 52.184.100.209:0] script '/domains/brenties/locale.php' not found or unable to stat
[Sat Jan 31 07:00:27.711276 2026] [php:error] [pid 87883] [client 52.184.100.209:0] script '/domains/brenties/wxo.php' not found or unable to stat
[Sat Jan 31 07:00:27.926368 2026] [php:error] [pid 87883] [client 52.184.100.209:0] script '/domains/brenties/colour.php' not found or unable to stat
[Sat Jan 31 07:00:27.966926 2026] [php:error] [pid 87889] [client 20.211.164.12:0] script '/domains/pmglobal/adminfuns.php' not found or unable to stat
[Sat Jan 31 07:00:28.513018 2026] [php:error] [pid 87903] [client 20.203.132.68:0] script '/domains/windsorweb/re.php' not found or unable to stat
[Sat Jan 31 07:00:28.608677 2026] [php:error] [pid 87903] [client 20.203.132.68:0] script '/domains/windsorweb/ms-edit.php' not found or unable to stat
[Sat Jan 31 07:00:28.707836 2026] [php:error] [pid 87903] [client 20.203.132.68:0] script '/domains/windsorweb/w2025.php' not found or unable to stat
[Sat Jan 31 07:00:28.840069 2026] [php:error] [pid 87883] [client 52.184.100.209:0] script '/domains/brenties/files.php' not found or unable to stat
[Sat Jan 31 07:00:29.399371 2026] [php:error] [pid 87883] [client 52.184.100.209:0] script '/domains/brenties/install.php' not found or unable to stat
[Sat Jan 31 07:00:30.397686 2026] [php:error] [pid 87883] [client 52.184.100.209:0] script '/domains/brenties/wp-contentt.php' not found or unable to stat
[Sat Jan 31 07:00:31.244022 2026] [php:error] [pid 87883] [client 52.184.100.209:0] script '/domains/brenties/config.php' not found or unable to stat
[Sat Jan 31 07:00:32.027432 2026] [php:error] [pid 87883] [client 52.184.100.209:0] script '/domains/brenties/theme.php' not found or unable to stat
[Sat Jan 31 07:00:32.249035 2026] [php:error] [pid 87883] [client 52.184.100.209:0] script '/domains/brenties/block-bindings.php' not found or unable to stat
[Sat Jan 31 07:00:32.571257 2026] [php:error] [pid 87883] [client 52.184.100.209:0] script '/domains/brenties/class_api.php' not found or unable to stat
[Sat Jan 31 07:00:32.807628 2026] [php:error] [pid 87883] [client 52.184.100.209:0] script '/domains/brenties/inputs.php' not found or unable to stat
[Sat Jan 31 07:00:33.045262 2026] [php:error] [pid 87883] [client 52.184.100.209:0] script '/domains/brenties/root.php' not found or unable to stat
[Sat Jan 31 07:00:33.289628 2026] [php:error] [pid 87883] [client 52.184.100.209:0] script '/domains/brenties/menu.php' not found or unable to stat
[Sat Jan 31 07:00:33.531338 2026] [php:error] [pid 87883] [client 52.184.100.209:0] script '/domains/brenties/plugin.php' not found or unable to stat
[Sat Jan 31 07:00:34.154304 2026] [php:error] [pid 87883] [client 52.184.100.209:0] script '/domains/brenties/cloud.php' not found or unable to stat
[Sat Jan 31 07:00:34.395299 2026] [php:error] [pid 87883] [client 52.184.100.209:0] script '/domains/brenties/configs.php' not found or unable to stat
[Sat Jan 31 07:00:34.641144 2026] [php:error] [pid 87883] [client 52.184.100.209:0] script '/domains/brenties/wp-configs.php' not found or unable to stat
[Sat Jan 31 07:00:35.462735 2026] [php:error] [pid 87883] [client 52.184.100.209:0] script '/domains/brenties/update.php' not found or unable to stat
[Sat Jan 31 07:00:36.155078 2026] [php:error] [pid 87883] [client 52.184.100.209:0] script '/domains/brenties/2.php' not found or unable to stat
[Sat Jan 31 07:00:36.375088 2026] [php:error] [pid 87883] [client 52.184.100.209:0] script '/domains/brenties/input.php' not found or unable to stat
[Sat Jan 31 07:00:37.112764 2026] [php:error] [pid 87883] [client 52.184.100.209:0] script '/domains/brenties/aaa.php' not found or unable to stat
[Sat Jan 31 07:00:38.073374 2026] [php:error] [pid 87890] [client 20.211.164.12:0] script '/domains/jrp.interport/wp-trackback.php' not found or unable to stat
[Sat Jan 31 07:00:38.273005 2026] [php:error] [pid 87890] [client 20.211.164.12:0] script '/domains/jrp.interport/about.php' not found or unable to stat
[Sat Jan 31 07:00:38.472285 2026] [php:error] [pid 87890] [client 20.211.164.12:0] script '/domains/jrp.interport/file.php' not found or unable to stat
[Sat Jan 31 07:00:38.680080 2026] [php:error] [pid 87890] [client 20.211.164.12:0] script '/domains/jrp.interport/wp-good.php' not found or unable to stat
[Sat Jan 31 07:00:38.879926 2026] [php:error] [pid 87890] [client 20.211.164.12:0] script '/domains/jrp.interport/xmlrpc.php' not found or unable to stat
[Sat Jan 31 07:00:39.081485 2026] [php:error] [pid 87890] [client 20.211.164.12:0] script '/domains/jrp.interport/goods.php' not found or unable to stat
[Sat Jan 31 07:00:39.287354 2026] [php:error] [pid 87890] [client 20.211.164.12:0] script '/domains/jrp.interport/ioxi-o.php' not found or unable to stat
[Sat Jan 31 07:00:39.485910 2026] [php:error] [pid 87890] [client 20.211.164.12:0] script '/domains/jrp.interport/class-t.api.php' not found or unable to stat
[Sat Jan 31 07:00:39.685093 2026] [php:error] [pid 87890] [client 20.211.164.12:0] script '/domains/jrp.interport/admin.php' not found or unable to stat
[Sat Jan 31 07:00:39.888666 2026] [php:error] [pid 87890] [client 20.211.164.12:0] script '/domains/jrp.interport/sf.php' not found or unable to stat
[Sat Jan 31 07:00:40.094226 2026] [php:error] [pid 87890] [client 20.211.164.12:0] script '/domains/jrp.interport/rip.php' not found or unable to stat
[Sat Jan 31 07:00:40.307430 2026] [php:error] [pid 87890] [client 20.211.164.12:0] script '/domains/jrp.interport/autoload_classmap.php' not found or unable to stat
[Sat Jan 31 07:00:40.505847 2026] [php:error] [pid 87890] [client 20.211.164.12:0] script '/domains/jrp.interport/chosen.php' not found or unable to stat
[Sat Jan 31 07:00:40.704305 2026] [php:error] [pid 87890] [client 20.211.164.12:0] script '/domains/jrp.interport/classwithtostring.php' not found or unable to stat
[Sat Jan 31 07:00:40.902725 2026] [php:error] [pid 87890] [client 20.211.164.12:0] script '/domains/jrp.interport/defaults.php' not found or unable to stat
[Sat Jan 31 07:00:41.915893 2026] [php:error] [pid 87890] [client 20.211.164.12:0] script '/domains/jrp.interport/info.php' not found or unable to stat
[Sat Jan 31 07:00:43.329224 2026] [php:error] [pid 87890] [client 20.211.164.12:0] script '/domains/jrp.interport/adminfuns.php' not found or unable to stat
[Sat Jan 31 07:00:52.998925 2026] [php:error] [pid 87906] [client 20.211.96.241:0] script '/domains/magicjim/f35.php' not found or unable to stat
[Sat Jan 31 07:00:53.053096 2026] [php:error] [pid 87889] [client 158.158.35.58:0] script '/domains/bfitpro2/rip.php' not found or unable to stat
[Sat Jan 31 07:00:53.197525 2026] [php:error] [pid 87906] [client 20.211.96.241:0] script '/domains/magicjim/e.php' not found or unable to stat
[Sat Jan 31 07:00:53.394145 2026] [php:error] [pid 87906] [client 20.211.96.241:0] script '/domains/magicjim/ver.php' not found or unable to stat
[Sat Jan 31 07:00:53.590930 2026] [php:error] [pid 87906] [client 20.211.96.241:0] script '/domains/magicjim/z.php' not found or unable to stat
[Sat Jan 31 07:00:53.806618 2026] [php:error] [pid 87906] [client 20.211.96.241:0] script '/domains/magicjim/file22.php' not found or unable to stat
[Sat Jan 31 07:00:54.028957 2026] [php:error] [pid 87906] [client 20.211.96.241:0] script '/domains/magicjim/css.php' not found or unable to stat
[Sat Jan 31 07:00:54.227360 2026] [php:error] [pid 87906] [client 20.211.96.241:0] script '/domains/magicjim/wp-configs.php' not found or unable to stat
[Sat Jan 31 07:00:54.424534 2026] [php:error] [pid 87906] [client 20.211.96.241:0] script '/domains/magicjim/wp-good.php' not found or unable to stat
[Sat Jan 31 07:00:54.623298 2026] [php:error] [pid 87906] [client 20.211.96.241:0] script '/domains/magicjim/ahax.php' not found or unable to stat
[Sat Jan 31 07:00:54.820182 2026] [php:error] [pid 87906] [client 20.211.96.241:0] script '/domains/magicjim/abcd.php' not found or unable to stat
[Sat Jan 31 07:00:55.091492 2026] [php:error] [pid 87906] [client 20.211.96.241:0] script '/domains/magicjim/222.php' not found or unable to stat
[Sat Jan 31 07:00:55.316952 2026] [php:error] [pid 87906] [client 20.211.96.241:0] script '/domains/magicjim/about.php' not found or unable to stat
[Sat Jan 31 07:00:55.516744 2026] [php:error] [pid 87906] [client 20.211.96.241:0] script '/domains/magicjim/amax.php' not found or unable to stat
[Sat Jan 31 07:00:55.713849 2026] [php:error] [pid 87906] [client 20.211.96.241:0] script '/domains/magicjim/image.php' not found or unable to stat
[Sat Jan 31 07:00:56.017599 2026] [php:error] [pid 87906] [client 20.211.96.241:0] script '/domains/magicjim/990.php' not found or unable to stat
[Sat Jan 31 07:00:56.257982 2026] [php:error] [pid 87906] [client 20.211.96.241:0] script '/domains/magicjim/bypass.php' not found or unable to stat
[Sat Jan 31 07:00:56.467125 2026] [php:error] [pid 87906] [client 20.211.96.241:0] script '/domains/magicjim/ma.php' not found or unable to stat
[Sat Jan 31 07:00:56.794873 2026] [php:error] [pid 87906] [client 20.211.96.241:0] script '/domains/magicjim/ws.php' not found or unable to stat
[Sat Jan 31 07:00:57.121220 2026] [php:error] [pid 87906] [client 20.211.96.241:0] script '/domains/magicjim/data.php' not found or unable to stat
[Sat Jan 31 07:00:57.415100 2026] [php:error] [pid 87906] [client 20.211.96.241:0] script '/domains/magicjim/check.php' not found or unable to stat
[Sat Jan 31 07:00:57.667842 2026] [php:error] [pid 87906] [client 20.211.96.241:0] script '/domains/magicjim/ad.php' not found or unable to stat
[Sat Jan 31 07:00:57.875841 2026] [php:error] [pid 87906] [client 20.211.96.241:0] script '/domains/magicjim/wp-header-json.php' not found or unable to stat
[Sat Jan 31 07:00:58.195745 2026] [php:error] [pid 87906] [client 20.211.96.241:0] script '/domains/magicjim/ultra.php' not found or unable to stat
[Sat Jan 31 07:00:58.405618 2026] [php:error] [pid 87906] [client 20.211.96.241:0] script '/domains/magicjim/chosen.php' not found or unable to stat
[Sat Jan 31 07:00:58.606954 2026] [php:error] [pid 87906] [client 20.211.96.241:0] script '/domains/magicjim/m.php' not found or unable to stat
[Sat Jan 31 07:00:59.029971 2026] [php:error] [pid 87906] [client 20.211.96.241:0] script '/domains/magicjim/xa.php' not found or unable to stat
[Sat Jan 31 07:00:59.334160 2026] [php:error] [pid 87906] [client 20.211.96.241:0] script '/domains/magicjim/fm.php' not found or unable to stat
[Sat Jan 31 07:00:59.542504 2026] [php:error] [pid 87906] [client 20.211.96.241:0] script '/domains/magicjim/footer.php' not found or unable to stat
[Sat Jan 31 07:00:59.752704 2026] [php:error] [pid 87906] [client 20.211.96.241:0] script '/domains/magicjim/buy.php' not found or unable to stat
[Sat Jan 31 07:01:00.294840 2026] [php:error] [pid 87906] [client 20.211.96.241:0] script '/domains/magicjim/pro.php' not found or unable to stat
[Sat Jan 31 07:01:00.511300 2026] [php:error] [pid 87906] [client 20.211.96.241:0] script '/domains/magicjim/error.php' not found or unable to stat
[Sat Jan 31 07:01:00.737482 2026] [php:error] [pid 87906] [client 20.211.96.241:0] script '/domains/magicjim/xmlrpc.php' not found or unable to stat
[Sat Jan 31 07:01:00.961959 2026] [php:error] [pid 87906] [client 20.211.96.241:0] script '/domains/magicjim/file.php' not found or unable to stat
[Sat Jan 31 07:01:01.162937 2026] [php:error] [pid 87906] [client 20.211.96.241:0] script '/domains/magicjim/k.php' not found or unable to stat
[Sat Jan 31 07:01:01.392593 2026] [php:error] [pid 87906] [client 20.211.96.241:0] script '/domains/magicjim/themes.php' not found or unable to stat
[Sat Jan 31 07:01:01.589167 2026] [php:error] [pid 87906] [client 20.211.96.241:0] script '/domains/magicjim/p.php' not found or unable to stat
[Sat Jan 31 07:01:01.785830 2026] [php:error] [pid 87906] [client 20.211.96.241:0] script '/domains/magicjim/999.php' not found or unable to stat
[Sat Jan 31 07:01:02.164380 2026] [php:error] [pid 87906] [client 20.211.96.241:0] script '/domains/magicjim/xxxx.php' not found or unable to stat
[Sat Jan 31 07:01:02.484301 2026] [php:error] [pid 87906] [client 20.211.96.241:0] script '/domains/magicjim/as.php' not found or unable to stat
[Sat Jan 31 07:01:02.933465 2026] [php:error] [pid 87906] [client 20.211.96.241:0] script '/domains/magicjim/s1.php' not found or unable to stat
[Sat Jan 31 07:01:03.130522 2026] [php:error] [pid 87906] [client 20.211.96.241:0] script '/domains/magicjim/1.php' not found or unable to stat
[Sat Jan 31 07:01:03.367328 2026] [php:error] [pid 87906] [client 20.211.96.241:0] script '/domains/magicjim/re.php' not found or unable to stat
[Sat Jan 31 07:01:04.030930 2026] [php:error] [pid 87906] [client 20.211.96.241:0] script '/domains/magicjim/file56.php' not found or unable to stat
[Sat Jan 31 07:01:26.288606 2026] [php:error] [pid 87903] [client 13.75.54.243:0] script '/domains/piltdweb1/wp-trackback.php' not found or unable to stat
[Sat Jan 31 07:01:26.494908 2026] [php:error] [pid 87903] [client 13.75.54.243:0] script '/domains/piltdweb1/about.php' not found or unable to stat
[Sat Jan 31 07:01:26.701335 2026] [php:error] [pid 87903] [client 13.75.54.243:0] script '/domains/piltdweb1/file.php' not found or unable to stat
[Sat Jan 31 07:01:26.907688 2026] [php:error] [pid 87903] [client 13.75.54.243:0] script '/domains/piltdweb1/wp-good.php' not found or unable to stat
[Sat Jan 31 07:01:27.114002 2026] [php:error] [pid 87903] [client 13.75.54.243:0] script '/domains/piltdweb1/xmlrpc.php' not found or unable to stat
[Sat Jan 31 07:01:27.323869 2026] [php:error] [pid 87903] [client 13.75.54.243:0] script '/domains/piltdweb1/goods.php' not found or unable to stat
[Sat Jan 31 07:01:27.530291 2026] [php:error] [pid 87903] [client 13.75.54.243:0] script '/domains/piltdweb1/ioxi-o.php' not found or unable to stat
[Sat Jan 31 07:01:27.747257 2026] [php:error] [pid 87903] [client 13.75.54.243:0] script '/domains/piltdweb1/class-t.api.php' not found or unable to stat
[Sat Jan 31 07:01:27.953813 2026] [php:error] [pid 87903] [client 13.75.54.243:0] script '/domains/piltdweb1/admin.php' not found or unable to stat
[Sat Jan 31 07:01:28.164661 2026] [php:error] [pid 87903] [client 13.75.54.243:0] script '/domains/piltdweb1/sf.php' not found or unable to stat
[Sat Jan 31 07:01:28.371060 2026] [php:error] [pid 87903] [client 13.75.54.243:0] script '/domains/piltdweb1/rip.php' not found or unable to stat
[Sat Jan 31 07:01:28.585363 2026] [php:error] [pid 87903] [client 13.75.54.243:0] script '/domains/piltdweb1/autoload_classmap.php' not found or unable to stat
[Sat Jan 31 07:01:28.798763 2026] [php:error] [pid 87903] [client 13.75.54.243:0] script '/domains/piltdweb1/chosen.php' not found or unable to stat
[Sat Jan 31 07:01:29.005911 2026] [php:error] [pid 87903] [client 13.75.54.243:0] script '/domains/piltdweb1/classwithtostring.php' not found or unable to stat
[Sat Jan 31 07:01:29.215989 2026] [php:error] [pid 87903] [client 13.75.54.243:0] script '/domains/piltdweb1/defaults.php' not found or unable to stat
[Sat Jan 31 07:01:30.258623 2026] [php:error] [pid 87903] [client 13.75.54.243:0] script '/domains/piltdweb1/info.php' not found or unable to stat
[Sat Jan 31 07:01:31.718893 2026] [php:error] [pid 87903] [client 13.75.54.243:0] script '/domains/piltdweb1/adminfuns.php' not found or unable to stat
[Sat Jan 31 07:01:53.674546 2026] [php:error] [pid 87918] [client 145.239.10.137:0] script '/domains/covertcomic/edit-css.php' not found or unable to stat, referer: http://covertcomic.com/edit-css.php
[Sat Jan 31 07:02:01.804272 2026] [php:error] [pid 87883] [client 13.75.54.243:0] script '/domains/machinadynamica/wp-trackback.php' not found or unable to stat
[Sat Jan 31 07:02:02.019951 2026] [php:error] [pid 87883] [client 13.75.54.243:0] script '/domains/machinadynamica/about.php' not found or unable to stat
[Sat Jan 31 07:02:02.182255 2026] [php:error] [pid 87903] [client 20.78.152.240:0] script '/domains/system_default/wp-trackback.php' not found or unable to stat
[Sat Jan 31 07:02:02.247582 2026] [php:error] [pid 87883] [client 13.75.54.243:0] script '/domains/machinadynamica/file.php' not found or unable to stat
[Sat Jan 31 07:02:02.361772 2026] [php:error] [pid 87903] [client 20.78.152.240:0] script '/domains/system_default/about.php' not found or unable to stat
[Sat Jan 31 07:02:02.454008 2026] [php:error] [pid 87883] [client 13.75.54.243:0] script '/domains/machinadynamica/wp-good.php' not found or unable to stat
[Sat Jan 31 07:02:02.532934 2026] [php:error] [pid 87903] [client 20.78.152.240:0] script '/domains/system_default/file.php' not found or unable to stat
[Sat Jan 31 07:02:02.660619 2026] [php:error] [pid 87883] [client 13.75.54.243:0] script '/domains/machinadynamica/xmlrpc.php' not found or unable to stat
[Sat Jan 31 07:02:02.704119 2026] [php:error] [pid 87903] [client 20.78.152.240:0] script '/domains/system_default/wp-good.php' not found or unable to stat
[Sat Jan 31 07:02:02.867515 2026] [php:error] [pid 87883] [client 13.75.54.243:0] script '/domains/machinadynamica/goods.php' not found or unable to stat
[Sat Jan 31 07:02:02.875324 2026] [php:error] [pid 87903] [client 20.78.152.240:0] script '/domains/system_default/xmlrpc.php' not found or unable to stat
[Sat Jan 31 07:02:03.056206 2026] [php:error] [pid 87903] [client 20.78.152.240:0] script '/domains/system_default/goods.php' not found or unable to stat
[Sat Jan 31 07:02:03.075644 2026] [php:error] [pid 87883] [client 13.75.54.243:0] script '/domains/machinadynamica/ioxi-o.php' not found or unable to stat
[Sat Jan 31 07:02:03.227684 2026] [php:error] [pid 87903] [client 20.78.152.240:0] script '/domains/system_default/ioxi-o.php' not found or unable to stat
[Sat Jan 31 07:02:03.281897 2026] [php:error] [pid 87883] [client 13.75.54.243:0] script '/domains/machinadynamica/class-t.api.php' not found or unable to stat
[Sat Jan 31 07:02:03.410103 2026] [php:error] [pid 87903] [client 20.78.152.240:0] script '/domains/system_default/class-t.api.php' not found or unable to stat
[Sat Jan 31 07:02:03.487831 2026] [php:error] [pid 87883] [client 13.75.54.243:0] script '/domains/machinadynamica/admin.php' not found or unable to stat
[Sat Jan 31 07:02:03.595474 2026] [php:error] [pid 87903] [client 20.78.152.240:0] script '/domains/system_default/admin.php' not found or unable to stat
[Sat Jan 31 07:02:03.693923 2026] [php:error] [pid 87883] [client 13.75.54.243:0] script '/domains/machinadynamica/sf.php' not found or unable to stat
[Sat Jan 31 07:02:03.766500 2026] [php:error] [pid 87903] [client 20.78.152.240:0] script '/domains/system_default/sf.php' not found or unable to stat
[Sat Jan 31 07:02:03.900071 2026] [php:error] [pid 87883] [client 13.75.54.243:0] script '/domains/machinadynamica/rip.php' not found or unable to stat
[Sat Jan 31 07:02:03.939025 2026] [php:error] [pid 87903] [client 20.78.152.240:0] script '/domains/system_default/rip.php' not found or unable to stat
[Sat Jan 31 07:02:04.111088 2026] [php:error] [pid 87883] [client 13.75.54.243:0] script '/domains/machinadynamica/autoload_classmap.php' not found or unable to stat
[Sat Jan 31 07:02:04.114879 2026] [php:error] [pid 87903] [client 20.78.152.240:0] script '/domains/system_default/autoload_classmap.php' not found or unable to stat
[Sat Jan 31 07:02:04.285975 2026] [php:error] [pid 87903] [client 20.78.152.240:0] script '/domains/system_default/chosen.php' not found or unable to stat
[Sat Jan 31 07:02:04.325957 2026] [php:error] [pid 87883] [client 13.75.54.243:0] script '/domains/machinadynamica/chosen.php' not found or unable to stat
[Sat Jan 31 07:02:04.461508 2026] [php:error] [pid 87903] [client 20.78.152.240:0] script '/domains/system_default/classwithtostring.php' not found or unable to stat
[Sat Jan 31 07:02:04.533188 2026] [php:error] [pid 87883] [client 13.75.54.243:0] script '/domains/machinadynamica/classwithtostring.php' not found or unable to stat
[Sat Jan 31 07:02:04.632996 2026] [php:error] [pid 87903] [client 20.78.152.240:0] script '/domains/system_default/defaults.php' not found or unable to stat
[Sat Jan 31 07:02:04.740667 2026] [php:error] [pid 87883] [client 13.75.54.243:0] script '/domains/machinadynamica/defaults.php' not found or unable to stat
[Sat Jan 31 07:02:05.503824 2026] [php:error] [pid 87903] [client 20.78.152.240:0] script '/domains/system_default/info.php' not found or unable to stat
[Sat Jan 31 07:02:05.783227 2026] [php:error] [pid 87883] [client 13.75.54.243:0] script '/domains/machinadynamica/info.php' not found or unable to stat
[Sat Jan 31 07:02:06.720845 2026] [php:error] [pid 87903] [client 20.78.152.240:0] script '/domains/system_default/adminfuns.php' not found or unable to stat
[Sat Jan 31 07:02:07.243281 2026] [php:error] [pid 87883] [client 13.75.54.243:0] script '/domains/machinadynamica/adminfuns.php' not found or unable to stat
[Sat Jan 31 07:02:12.368101 2026] [php:error] [pid 87925] [client 172.213.25.189:0] script '/domains/byardrealestate/re.php' not found or unable to stat
[Sat Jan 31 07:02:12.458561 2026] [php:error] [pid 87925] [client 172.213.25.189:0] script '/domains/byardrealestate/ms-edit.php' not found or unable to stat
[Sat Jan 31 07:02:12.548996 2026] [php:error] [pid 87925] [client 172.213.25.189:0] script '/domains/byardrealestate/w2025.php' not found or unable to stat
[Sat Jan 31 07:02:28.032220 2026] [php:error] [pid 87917] [client 20.203.132.68:0] script '/domains/fifibear/re.php' not found or unable to stat
[Sat Jan 31 07:02:28.125500 2026] [php:error] [pid 87917] [client 20.203.132.68:0] script '/domains/fifibear/ms-edit.php' not found or unable to stat
[Sat Jan 31 07:02:28.219189 2026] [php:error] [pid 87917] [client 20.203.132.68:0] script '/domains/fifibear/w2025.php' not found or unable to stat
[Sat Jan 31 07:02:42.300112 2026] [php:error] [pid 87952] [client 20.200.210.155:0] script '/domains/astweb/aa.php' not found or unable to stat
[Sat Jan 31 07:02:44.902736 2026] [php:error] [pid 87952] [client 20.200.210.155:0] script '/domains/astweb/abcd.php' not found or unable to stat
[Sat Jan 31 07:02:46.520249 2026] [php:error] [pid 87952] [client 20.200.210.155:0] script '/domains/astweb/admin.php' not found or unable to stat
[Sat Jan 31 07:02:46.771854 2026] [php:error] [pid 87952] [client 20.200.210.155:0] script '/domains/astweb/buy.php' not found or unable to stat
[Sat Jan 31 07:02:48.803585 2026] [php:error] [pid 87952] [client 20.200.210.155:0] script '/domains/astweb/edit.php' not found or unable to stat
[Sat Jan 31 07:02:50.080049 2026] [php:error] [pid 87952] [client 20.200.210.155:0] script '/domains/astweb/file.php' not found or unable to stat
[Sat Jan 31 07:02:52.476250 2026] [php:error] [pid 87952] [client 20.200.210.155:0] script '/domains/astweb/flower.php' not found or unable to stat
[Sat Jan 31 07:02:54.185031 2026] [php:error] [pid 87952] [client 20.200.210.155:0] script '/domains/astweb/images/index.php' not found or unable to stat
[Sat Jan 31 07:02:54.390037 2026] [php:error] [pid 87952] [client 20.200.210.155:0] script '/domains/astweb/info.php' not found or unable to stat
[Sat Jan 31 07:02:54.611313 2026] [php:error] [pid 87952] [client 20.200.210.155:0] script '/domains/astweb/ioxi-o.php' not found or unable to stat
[Sat Jan 31 07:02:54.796787 2026] [php:error] [pid 87952] [client 20.200.210.155:0] script '/domains/astweb/nc4.php' not found or unable to stat
[Sat Jan 31 07:02:55.028650 2026] [php:error] [pid 87941] [client 4.193.194.148:0] script '/domains/biehlweb/wp-trackback.php' not found or unable to stat
[Sat Jan 31 07:02:55.253627 2026] [php:error] [pid 87941] [client 4.193.194.148:0] script '/domains/biehlweb/about.php' not found or unable to stat
[Sat Jan 31 07:02:55.479176 2026] [php:error] [pid 87941] [client 4.193.194.148:0] script '/domains/biehlweb/file.php' not found or unable to stat
[Sat Jan 31 07:02:55.705435 2026] [php:error] [pid 87941] [client 4.193.194.148:0] script '/domains/biehlweb/wp-good.php' not found or unable to stat
[Sat Jan 31 07:02:55.930354 2026] [php:error] [pid 87941] [client 4.193.194.148:0] script '/domains/biehlweb/xmlrpc.php' not found or unable to stat
[Sat Jan 31 07:02:56.058784 2026] [php:error] [pid 87952] [client 20.200.210.155:0] script '/domains/astweb/xleet.php' not found or unable to stat
[Sat Jan 31 07:02:56.163582 2026] [php:error] [pid 87941] [client 4.193.194.148:0] script '/domains/biehlweb/goods.php' not found or unable to stat
[Sat Jan 31 07:02:56.388711 2026] [php:error] [pid 87941] [client 4.193.194.148:0] script '/domains/biehlweb/ioxi-o.php' not found or unable to stat
[Sat Jan 31 07:02:56.622343 2026] [php:error] [pid 87941] [client 4.193.194.148:0] script '/domains/biehlweb/class-t.api.php' not found or unable to stat
[Sat Jan 31 07:02:56.847556 2026] [php:error] [pid 87941] [client 4.193.194.148:0] script '/domains/biehlweb/admin.php' not found or unable to stat
[Sat Jan 31 07:02:57.074204 2026] [php:error] [pid 87941] [client 4.193.194.148:0] script '/domains/biehlweb/sf.php' not found or unable to stat
[Sat Jan 31 07:02:57.303323 2026] [php:error] [pid 87941] [client 4.193.194.148:0] script '/domains/biehlweb/rip.php' not found or unable to stat
[Sat Jan 31 07:02:57.537034 2026] [php:error] [pid 87941] [client 4.193.194.148:0] script '/domains/biehlweb/autoload_classmap.php' not found or unable to stat
[Sat Jan 31 07:02:57.763254 2026] [php:error] [pid 87941] [client 4.193.194.148:0] script '/domains/biehlweb/chosen.php' not found or unable to stat
[Sat Jan 31 07:02:57.989873 2026] [php:error] [pid 87941] [client 4.193.194.148:0] script '/domains/biehlweb/classwithtostring.php' not found or unable to stat
[Sat Jan 31 07:02:58.215240 2026] [php:error] [pid 87941] [client 4.193.194.148:0] script '/domains/biehlweb/defaults.php' not found or unable to stat
[Sat Jan 31 07:02:58.869196 2026] [php:error] [pid 87952] [client 20.200.210.155:0] script '/domains/astweb/wp-good.php' not found or unable to stat
[Sat Jan 31 07:02:59.363671 2026] [php:error] [pid 87941] [client 4.193.194.148:0] script '/domains/biehlweb/info.php' not found or unable to stat
[Sat Jan 31 07:03:00.975420 2026] [php:error] [pid 87941] [client 4.193.194.148:0] script '/domains/biehlweb/adminfuns.php' not found or unable to stat
[Sat Jan 31 07:03:01.884396 2026] [php:error] [pid 87952] [client 20.200.210.155:0] script '/domains/astweb/xmrlpc.php' not found or unable to stat
[Sat Jan 31 07:03:02.072963 2026] [php:error] [pid 87952] [client 20.200.210.155:0] script '/domains/astweb/about.php' not found or unable to stat
[Sat Jan 31 07:03:02.281386 2026] [php:error] [pid 87952] [client 20.200.210.155:0] script '/domains/astweb/adminfuns.php' not found or unable to stat
[Sat Jan 31 07:03:02.483636 2026] [php:error] [pid 87952] [client 20.200.210.155:0] script '/domains/astweb/alfa.php' not found or unable to stat
[Sat Jan 31 07:03:04.193730 2026] [php:error] [pid 87952] [client 20.200.210.155:0] script '/domains/astweb/asasx.php' not found or unable to stat
[Sat Jan 31 07:03:05.723264 2026] [php:error] [pid 87952] [client 20.200.210.155:0] script '/domains/astweb/autoload_classmap.php' not found or unable to stat
[Sat Jan 31 07:03:05.955743 2026] [php:error] [pid 87952] [client 20.200.210.155:0] script '/domains/astweb/classwithtostring.php' not found or unable to stat
[Sat Jan 31 07:03:08.779818 2026] [php:error] [pid 87952] [client 20.200.210.155:0] script '/domains/astweb/cong.php' not found or unable to stat
[Sat Jan 31 07:03:12.402149 2026] [php:error] [pid 87952] [client 20.200.210.155:0] script '/domains/astweb/file2.php' not found or unable to stat
[Sat Jan 31 07:03:17.620019 2026] [php:error] [pid 87927] [client 52.140.123.244:0] script '/domains/thewalshgroup/0byte.php' not found or unable to stat
[Sat Jan 31 07:03:17.827641 2026] [php:error] [pid 87927] [client 52.140.123.244:0] script '/domains/thewalshgroup/LV.php' not found or unable to stat
[Sat Jan 31 07:03:17.949071 2026] [php:error] [pid 87941] [client 20.200.210.155:0] script '/domains/astweb/moon.php' not found or unable to stat
[Sat Jan 31 07:03:18.037220 2026] [php:error] [pid 87927] [client 52.140.123.244:0] script '/domains/thewalshgroup/Sanskrit.php' not found or unable to stat
[Sat Jan 31 07:03:19.108222 2026] [php:error] [pid 87927] [client 52.140.123.244:0] script '/domains/thewalshgroup/contacts.php' not found or unable to stat
[Sat Jan 31 07:03:19.526510 2026] [php:error] [pid 87927] [client 52.140.123.244:0] script '/domains/thewalshgroup/dump.php' not found or unable to stat
[Sat Jan 31 07:03:19.733865 2026] [php:error] [pid 87927] [client 52.140.123.244:0] script '/domains/thewalshgroup/ext.php' not found or unable to stat
[Sat Jan 31 07:03:20.367177 2026] [php:error] [pid 87927] [client 52.140.123.244:0] script '/domains/thewalshgroup/gifclass.php' not found or unable to stat
[Sat Jan 31 07:03:20.576126 2026] [php:error] [pid 87927] [client 52.140.123.244:0] script '/domains/thewalshgroup/images/class.php' not found or unable to stat
[Sat Jan 31 07:03:20.784799 2026] [php:error] [pid 87927] [client 52.140.123.244:0] script '/domains/thewalshgroup/images/wp-aespa.php' not found or unable to stat
[Sat Jan 31 07:03:21.011263 2026] [php:error] [pid 87941] [client 20.200.210.155:0] script '/domains/astweb/wp-cron.php' not found or unable to stat
[Sat Jan 31 07:03:21.211507 2026] [php:error] [pid 87927] [client 52.140.123.244:0] script '/domains/thewalshgroup/l.php' not found or unable to stat
[Sat Jan 31 07:03:21.420192 2026] [php:error] [pid 87927] [client 52.140.123.244:0] script '/domains/thewalshgroup/litespeed.php' not found or unable to stat
[Sat Jan 31 07:03:21.629356 2026] [php:error] [pid 87927] [client 52.140.123.244:0] script '/domains/thewalshgroup/natural.php' not found or unable to stat
[Sat Jan 31 07:03:22.673693 2026] [php:error] [pid 87927] [client 52.140.123.244:0] script '/domains/thewalshgroup/sitemap.php' not found or unable to stat
[Sat Jan 31 07:03:24.132322 2026] [php:error] [pid 87927] [client 52.140.123.244:0] script '/domains/thewalshgroup/worm.PhP' not found or unable to stat
[Sat Jan 31 07:03:27.897425 2026] [php:error] [pid 87927] [client 52.140.123.244:0] script '/domains/thewalshgroup/wp-commentin.php' not found or unable to stat
[Sat Jan 31 07:03:28.113258 2026] [php:error] [pid 87927] [client 52.140.123.244:0] script '/domains/thewalshgroup/wp-content.php' not found or unable to stat
[Sat Jan 31 07:03:31.070681 2026] [php:error] [pid 87927] [client 52.140.123.244:0] script '/domains/thewalshgroup/wp-fmfile.php' not found or unable to stat
[Sat Jan 31 07:03:31.279349 2026] [php:error] [pid 87927] [client 52.140.123.244:0] script '/domains/thewalshgroup/wp-good.php' not found or unable to stat
[Sat Jan 31 07:03:36.975334 2026] [php:error] [pid 87927] [client 52.140.123.244:0] script '/domains/thewalshgroup/wp-themes.php' not found or unable to stat
[Sat Jan 31 07:03:37.184292 2026] [php:error] [pid 87927] [client 52.140.123.244:0] script '/domains/thewalshgroup/wp-user.php' not found or unable to stat
[Sat Jan 31 07:03:37.393336 2026] [php:error] [pid 87927] [client 52.140.123.244:0] script '/domains/thewalshgroup/wp_wlx.php' not found or unable to stat
[Sat Jan 31 07:03:37.601769 2026] [php:error] [pid 87927] [client 52.140.123.244:0] script '/domains/thewalshgroup/wpn.php' not found or unable to stat
[Sat Jan 31 07:05:12.342722 2026] [php:error] [pid 87975] [client 31.134.6.166:0] script '/domains/ferguson.interport/wp-login.php' not found or unable to stat
[Sat Jan 31 07:05:16.434041 2026] [php:error] [pid 87981] [client 62.60.130.210:0] script '/domains/system_suspended/wp-login.php' not found or unable to stat, referer: https://duckduckgo.com/
[Sat Jan 31 07:05:16.883398 2026] [php:error] [pid 87980] [client 13.75.54.243:0] script '/domains/fdcarter/0byte.php' not found or unable to stat
[Sat Jan 31 07:05:17.097189 2026] [php:error] [pid 87980] [client 13.75.54.243:0] script '/domains/fdcarter/LV.php' not found or unable to stat
[Sat Jan 31 07:05:17.243148 2026] [php:error] [pid 87968] [client 62.60.130.210:0] script '/domains/system_suspended/wp-login.php' not found or unable to stat, referer: https://www.google.com/
[Sat Jan 31 07:05:17.306357 2026] [php:error] [pid 87980] [client 13.75.54.243:0] script '/domains/fdcarter/Sanskrit.php' not found or unable to stat
[Sat Jan 31 07:05:18.343025 2026] [php:error] [pid 87980] [client 13.75.54.243:0] script '/domains/fdcarter/contacts.php' not found or unable to stat
[Sat Jan 31 07:05:18.757910 2026] [php:error] [pid 87980] [client 13.75.54.243:0] script '/domains/fdcarter/dump.php' not found or unable to stat
[Sat Jan 31 07:05:18.964650 2026] [php:error] [pid 87980] [client 13.75.54.243:0] script '/domains/fdcarter/ext.php' not found or unable to stat
[Sat Jan 31 07:05:19.597361 2026] [php:error] [pid 87980] [client 13.75.54.243:0] script '/domains/fdcarter/gifclass.php' not found or unable to stat
[Sat Jan 31 07:05:19.805262 2026] [php:error] [pid 87980] [client 13.75.54.243:0] script '/domains/fdcarter/images/class.php' not found or unable to stat
[Sat Jan 31 07:05:20.017183 2026] [php:error] [pid 87980] [client 13.75.54.243:0] script '/domains/fdcarter/images/wp-aespa.php' not found or unable to stat
[Sat Jan 31 07:05:20.431597 2026] [php:error] [pid 87980] [client 13.75.54.243:0] script '/domains/fdcarter/l.php' not found or unable to stat
[Sat Jan 31 07:05:20.641456 2026] [php:error] [pid 87980] [client 13.75.54.243:0] script '/domains/fdcarter/litespeed.php' not found or unable to stat
[Sat Jan 31 07:05:20.848671 2026] [php:error] [pid 87980] [client 13.75.54.243:0] script '/domains/fdcarter/natural.php' not found or unable to stat
[Sat Jan 31 07:05:20.849957 2026] [php:error] [pid 87941] [client 20.211.164.12:0] script '/domains/nostrada/0byte.php' not found or unable to stat
[Sat Jan 31 07:05:21.051717 2026] [php:error] [pid 87941] [client 20.211.164.12:0] script '/domains/nostrada/LV.php' not found or unable to stat
[Sat Jan 31 07:05:21.253650 2026] [php:error] [pid 87941] [client 20.211.164.12:0] script '/domains/nostrada/Sanskrit.php' not found or unable to stat
[Sat Jan 31 07:05:21.660229 2026] [php:error] [pid 87941] [client 20.211.164.12:0] script '/domains/nostrada/cgi-bin/class.api.php' not found or unable to stat
[Sat Jan 31 07:05:21.912369 2026] [php:error] [pid 87980] [client 13.75.54.243:0] script '/domains/fdcarter/sitemap.php' not found or unable to stat
[Sat Jan 31 07:05:22.271883 2026] [php:error] [pid 87941] [client 20.211.164.12:0] script '/domains/nostrada/contacts.php' not found or unable to stat
[Sat Jan 31 07:05:22.671542 2026] [php:error] [pid 87941] [client 20.211.164.12:0] script '/domains/nostrada/dump.php' not found or unable to stat
[Sat Jan 31 07:05:22.871315 2026] [php:error] [pid 87941] [client 20.211.164.12:0] script '/domains/nostrada/ext.php' not found or unable to stat
[Sat Jan 31 07:05:23.371463 2026] [php:error] [pid 87980] [client 13.75.54.243:0] script '/domains/fdcarter/worm.PhP' not found or unable to stat
[Sat Jan 31 07:05:23.474934 2026] [php:error] [pid 87941] [client 20.211.164.12:0] script '/domains/nostrada/gifclass.php' not found or unable to stat
[Sat Jan 31 07:05:23.682949 2026] [php:error] [pid 87941] [client 20.211.164.12:0] script '/domains/nostrada/images/class.php' not found or unable to stat
[Sat Jan 31 07:05:23.887306 2026] [php:error] [pid 87941] [client 20.211.164.12:0] script '/domains/nostrada/images/wp-aespa.php' not found or unable to stat
