[Sat Jan 31 00:25:21.569686 2026] [php:error] [pid 9708] [client 20.211.164.12:0] script '/domains/system_cancel/moon.php' not found or unable to stat
[Sat Jan 31 00:25:27.113716 2026] [php:error] [pid 9698] [client 20.78.152.240:0] script '/domains/bburke/cloud.php' not found or unable to stat
[Sat Jan 31 00:25:27.455388 2026] [php:error] [pid 9698] [client 20.78.152.240:0] script '/domains/bburke/test.php' not found or unable to stat
[Sat Jan 31 00:25:27.999532 2026] [php:error] [pid 9698] [client 20.78.152.240:0] script '/domains/bburke/xleet.php' not found or unable to stat
[Sat Jan 31 00:25:28.172478 2026] [php:error] [pid 9698] [client 20.78.152.240:0] script '/domains/bburke/room.php' not found or unable to stat
[Sat Jan 31 00:25:28.521967 2026] [php:error] [pid 9698] [client 20.78.152.240:0] script '/domains/bburke/text.php' not found or unable to stat
[Sat Jan 31 00:25:30.067739 2026] [php:error] [pid 9698] [client 20.78.152.240:0] script '/domains/bburke/lv.php' not found or unable to stat
[Sat Jan 31 00:25:31.093739 2026] [php:error] [pid 9698] [client 20.78.152.240:0] script '/domains/bburke/wp-admin.php' not found or unable to stat
[Sat Jan 31 00:25:31.268586 2026] [php:error] [pid 9698] [client 20.78.152.240:0] script '/domains/bburke/class_api.php' not found or unable to stat
[Sat Jan 31 00:25:31.621288 2026] [php:error] [pid 9698] [client 20.78.152.240:0] script '/domains/bburke/wxo.php' not found or unable to stat
[Sat Jan 31 00:25:33.958798 2026] [php:error] [pid 9698] [client 20.78.152.240:0] script '/domains/bburke/plugin.php' not found or unable to stat
[Sat Jan 31 00:25:34.685775 2026] [php:error] [pid 9698] [client 20.78.152.240:0] script '/domains/bburke/x.php' not found or unable to stat
[Sat Jan 31 00:25:34.885714 2026] [php:error] [pid 9698] [client 20.78.152.240:0] script '/domains/bburke/file.php' not found or unable to stat
[Sat Jan 31 00:25:35.399326 2026] [php:error] [pid 9698] [client 20.78.152.240:0] script '/domains/bburke/config.php' not found or unable to stat
[Sat Jan 31 00:25:36.092046 2026] [php:error] [pid 9698] [client 20.78.152.240:0] script '/domains/bburke/wi.php' not found or unable to stat
[Sat Jan 31 00:25:36.636499 2026] [php:error] [pid 9698] [client 20.78.152.240:0] script '/domains/bburke/autoload_classmap.php' not found or unable to stat
[Sat Jan 31 00:25:38.117769 2026] [php:error] [pid 9698] [client 20.78.152.240:0] script '/domains/bburke/functions.php' not found or unable to stat
[Sat Jan 31 00:25:38.308580 2026] [php:error] [pid 9698] [client 20.78.152.240:0] script '/domains/bburke/wp-configs.php' not found or unable to stat
[Sat Jan 31 00:25:39.764777 2026] [php:error] [pid 9698] [client 20.78.152.240:0] script '/domains/bburke/makeasmtp.php' not found or unable to stat
[Sat Jan 31 00:25:40.539280 2026] [php:error] [pid 9698] [client 20.78.152.240:0] script '/domains/bburke/defaults.php' not found or unable to stat
[Sat Jan 31 00:25:41.057016 2026] [php:error] [pid 9698] [client 20.78.152.240:0] script '/domains/bburke/disoxrmons.php' not found or unable to stat
[Sat Jan 31 00:25:41.246552 2026] [php:error] [pid 9698] [client 20.78.152.240:0] script '/domains/bburke/default.php' not found or unable to stat
[Sat Jan 31 00:25:42.341831 2026] [php:error] [pid 9698] [client 20.78.152.240:0] script '/domains/bburke/wp-conflg.php' not found or unable to stat
[Sat Jan 31 00:25:42.460736 2026] [php:error] [pid 9705] [client 20.193.64.83:0] script '/domains/rextrav/aa.php' not found or unable to stat
[Sat Jan 31 00:25:42.520199 2026] [php:error] [pid 9698] [client 20.78.152.240:0] script '/domains/bburke/wp-contentt.php' not found or unable to stat
[Sat Jan 31 00:25:42.663906 2026] [php:error] [pid 9705] [client 20.193.64.83:0] script '/domains/rextrav/abcd.php' not found or unable to stat
[Sat Jan 31 00:25:43.854496 2026] [php:error] [pid 9698] [client 20.78.152.240:0] script '/domains/bburke/themes.php' not found or unable to stat
[Sat Jan 31 00:25:44.545477 2026] [php:error] [pid 9698] [client 20.78.152.240:0] script '/domains/bburke/colour.php' not found or unable to stat
[Sat Jan 31 00:25:44.767134 2026] [php:error] [pid 9705] [client 20.193.64.83:0] script '/domains/rextrav/admin.php' not found or unable to stat
[Sat Jan 31 00:25:44.973686 2026] [php:error] [pid 9705] [client 20.193.64.83:0] script '/domains/rextrav/buy.php' not found or unable to stat
[Sat Jan 31 00:25:45.451667 2026] [php:error] [pid 9698] [client 20.78.152.240:0] script '/domains/bburke/alfa-rex1.php' not found or unable to stat
[Sat Jan 31 00:25:45.810942 2026] [php:error] [pid 9698] [client 20.78.152.240:0] script '/domains/bburke/NewFile.php' not found or unable to stat
[Sat Jan 31 00:25:46.175487 2026] [php:error] [pid 9698] [client 20.78.152.240:0] script '/domains/bburke/cron.php' not found or unable to stat
[Sat Jan 31 00:25:46.248116 2026] [php:error] [pid 9705] [client 20.193.64.83:0] script '/domains/rextrav/edit.php' not found or unable to stat
[Sat Jan 31 00:25:47.029189 2026] [php:error] [pid 9705] [client 20.193.64.83:0] script '/domains/rextrav/file.php' not found or unable to stat
[Sat Jan 31 00:25:47.369421 2026] [php:error] [pid 9698] [client 20.78.152.240:0] script '/domains/bburke/fai.php' not found or unable to stat
[Sat Jan 31 00:25:47.546381 2026] [php:error] [pid 9698] [client 20.78.152.240:0] script '/domains/bburke/item.php' not found or unable to stat
[Sat Jan 31 00:25:48.060558 2026] [php:error] [pid 9698] [client 20.78.152.240:0] script '/domains/bburke/22.php' not found or unable to stat
[Sat Jan 31 00:25:48.427515 2026] [php:error] [pid 9705] [client 20.193.64.83:0] script '/domains/rextrav/flower.php' not found or unable to stat
[Sat Jan 31 00:25:49.172053 2026] [php:error] [pid 9698] [client 20.78.152.240:0] script '/domains/bburke/as.php' not found or unable to stat
[Sat Jan 31 00:25:49.349127 2026] [php:error] [pid 9698] [client 20.78.152.240:0] script '/domains/bburke/dropdown.php' not found or unable to stat
[Sat Jan 31 00:25:50.257204 2026] [php:error] [pid 9698] [client 20.78.152.240:0] script '/domains/bburke/ty.php' not found or unable to stat
[Sat Jan 31 00:25:50.379991 2026] [php:error] [pid 9716] [client 35.247.243.252:0] script '/domains/agribiz/adminer.php' not found or unable to stat
[Sat Jan 31 00:25:51.865823 2026] [php:error] [pid 9698] [client 20.78.152.240:0] script '/domains/bburke/ws.php' not found or unable to stat
[Sat Jan 31 00:25:52.238530 2026] [php:error] [pid 9698] [client 20.78.152.240:0] script '/domains/bburke/feeds.php' not found or unable to stat
[Sat Jan 31 00:25:53.010588 2026] [php:error] [pid 9698] [client 20.78.152.240:0] script '/domains/bburke/1.php' not found or unable to stat
[Sat Jan 31 00:25:53.046142 2026] [php:error] [pid 9705] [client 20.193.64.83:0] script '/domains/rextrav/info.php' not found or unable to stat
[Sat Jan 31 00:25:53.355083 2026] [php:error] [pid 9698] [client 20.78.152.240:0] script '/domains/bburke/manager.php' not found or unable to stat
[Sat Jan 31 00:25:53.911294 2026] [php:error] [pid 9698] [client 20.78.152.240:0] script '/domains/bburke/index.php' not found or unable to stat
[Sat Jan 31 00:25:54.956346 2026] [php:error] [pid 9698] [client 20.78.152.240:0] script '/domains/bburke/wp-links.php' not found or unable to stat
[Sat Jan 31 00:25:55.104187 2026] [php:error] [pid 9705] [client 20.193.64.83:0] script '/domains/rextrav/ioxi-o.php' not found or unable to stat
[Sat Jan 31 00:25:55.900866 2026] [php:error] [pid 9698] [client 20.78.152.240:0] script '/domains/bburke/classsmtps.php' not found or unable to stat
[Sat Jan 31 00:25:56.269331 2026] [php:error] [pid 9698] [client 20.78.152.240:0] script '/domains/bburke/sim.php' not found or unable to stat
[Sat Jan 31 00:25:56.419831 2026] [php:error] [pid 9716] [client 34.96.162.58:0] script '/domains/agribiz/adminer-db.php' not found or unable to stat
[Sat Jan 31 00:25:56.960323 2026] [php:error] [pid 9698] [client 20.78.152.240:0] script '/domains/bburke/disagreed.php' not found or unable to stat
[Sat Jan 31 00:25:57.140372 2026] [php:error] [pid 9698] [client 20.78.152.240:0] script '/domains/bburke/wp-info.php' not found or unable to stat
[Sat Jan 31 00:25:57.686312 2026] [php:error] [pid 9709] [client 20.78.152.240:0] script '/domains/bburke/input.php' not found or unable to stat
[Sat Jan 31 00:25:57.860642 2026] [php:error] [pid 9709] [client 20.78.152.240:0] script '/domains/bburke/xc.php' not found or unable to stat
[Sat Jan 31 00:25:57.880278 2026] [php:error] [pid 9705] [client 20.193.64.83:0] script '/domains/rextrav/nc4.php' not found or unable to stat
[Sat Jan 31 00:25:58.104015 2026] [php:error] [pid 9705] [client 20.193.64.83:0] script '/domains/rextrav/xleet.php' not found or unable to stat
[Sat Jan 31 00:25:58.991894 2026] [php:error] [pid 9709] [client 20.78.152.240:0] script '/domains/bburke/cong.php' not found or unable to stat
[Sat Jan 31 00:25:59.160618 2026] [php:error] [pid 9709] [client 20.78.152.240:0] script '/domains/bburke/post.php' not found or unable to stat
[Sat Jan 31 00:25:59.941965 2026] [php:error] [pid 9709] [client 20.78.152.240:0] script '/domains/bburke/alfa-rex.php' not found or unable to stat
[Sat Jan 31 00:26:00.987728 2026] [php:error] [pid 9709] [client 20.78.152.240:0] script '/domains/bburke/bk.php' not found or unable to stat
[Sat Jan 31 00:26:01.453274 2026] [php:error] [pid 9709] [client 20.78.152.240:0] script '/domains/bburke/zwso.php' not found or unable to stat
[Sat Jan 31 00:26:02.503715 2026] [php:error] [pid 9698] [client 34.96.162.61:0] script '/domains/agribiz/adminer-5.4.1-mysql.php' not found or unable to stat
[Sat Jan 31 00:26:03.203335 2026] [php:error] [pid 9709] [client 20.78.152.240:0] script '/domains/bburke/post.php' not found or unable to stat
[Sat Jan 31 00:26:03.967683 2026] [php:error] [pid 9709] [client 20.78.152.240:0] script '/domains/bburke/chosen.php' not found or unable to stat
[Sat Jan 31 00:26:04.145718 2026] [php:error] [pid 9709] [client 20.78.152.240:0] script '/domains/bburke/install.php' not found or unable to stat
[Sat Jan 31 00:26:04.808957 2026] [php:error] [pid 9709] [client 20.78.152.240:0] script '/domains/bburke/shell.php' not found or unable to stat
[Sat Jan 31 00:26:04.901548 2026] [php:error] [pid 9718] [client 20.193.64.83:0] script '/domains/rextrav/wp-good.php' not found or unable to stat
[Sat Jan 31 00:26:05.848444 2026] [php:error] [pid 9698] [client 20.46.176.183:0] script '/domains/nsmd2/about.php' not found or unable to stat
[Sat Jan 31 00:26:06.012443 2026] [php:error] [pid 9698] [client 20.46.176.183:0] script '/domains/nsmd2/admin.php' not found or unable to stat
[Sat Jan 31 00:26:06.330756 2026] [php:error] [pid 9698] [client 20.46.176.183:0] script '/domains/nsmd2/class-t.api.php' not found or unable to stat
[Sat Jan 31 00:26:06.489587 2026] [php:error] [pid 9698] [client 20.46.176.183:0] script '/domains/nsmd2/goods.php' not found or unable to stat
[Sat Jan 31 00:26:06.648724 2026] [php:error] [pid 9698] [client 20.46.176.183:0] script '/domains/nsmd2/ioxi-o.php' not found or unable to stat
[Sat Jan 31 00:26:06.807473 2026] [php:error] [pid 9698] [client 20.46.176.183:0] script '/domains/nsmd2/rip.php' not found or unable to stat
[Sat Jan 31 00:26:06.966228 2026] [php:error] [pid 9698] [client 20.46.176.183:0] script '/domains/nsmd2/adminfuns.php' not found or unable to stat
[Sat Jan 31 00:26:07.124601 2026] [php:error] [pid 9698] [client 20.46.176.183:0] script '/domains/nsmd2/file.php' not found or unable to stat
[Sat Jan 31 00:26:07.511684 2026] [php:error] [pid 9718] [client 20.193.64.83:0] script '/domains/rextrav/xmrlpc.php' not found or unable to stat
[Sat Jan 31 00:26:08.226370 2026] [php:error] [pid 9718] [client 20.193.64.83:0] script '/domains/rextrav/about.php' not found or unable to stat
[Sat Jan 31 00:26:08.256251 2026] [php:error] [pid 9698] [client 20.46.176.183:0] script '/domains/nsmd2/wp-good.php' not found or unable to stat
[Sat Jan 31 00:26:09.385747 2026] [php:error] [pid 9718] [client 20.193.64.83:0] script '/domains/rextrav/adminfuns.php' not found or unable to stat
[Sat Jan 31 00:26:09.520618 2026] [php:error] [pid 9709] [client 20.78.152.240:0] script '/domains/bburke/update.php' not found or unable to stat
[Sat Jan 31 00:26:10.191016 2026] [php:error] [pid 9718] [client 20.193.64.83:0] script '/domains/rextrav/alfa.php' not found or unable to stat
[Sat Jan 31 00:26:11.220158 2026] [php:error] [pid 9709] [client 20.78.152.240:0] script '/domains/bburke/go.php' not found or unable to stat
[Sat Jan 31 00:26:11.334802 2026] [php:error] [pid 9718] [client 20.193.64.83:0] script '/domains/rextrav/asasx.php' not found or unable to stat
[Sat Jan 31 00:26:11.608636 2026] [php:error] [pid 9709] [client 20.78.152.240:0] script '/domains/bburke/wp-2019.php' not found or unable to stat
[Sat Jan 31 00:26:12.483135 2026] [php:error] [pid 9709] [client 20.78.152.240:0] script '/domains/bburke/radio.php' not found or unable to stat
[Sat Jan 31 00:26:13.392285 2026] [php:error] [pid 9718] [client 20.193.64.83:0] script '/domains/rextrav/autoload_classmap.php' not found or unable to stat
[Sat Jan 31 00:26:13.641873 2026] [php:error] [pid 9718] [client 20.193.64.83:0] script '/domains/rextrav/classwithtostring.php' not found or unable to stat
[Sat Jan 31 00:26:13.851309 2026] [php:error] [pid 9718] [client 20.193.64.83:0] script '/domains/rextrav/cong.php' not found or unable to stat
[Sat Jan 31 00:26:13.880328 2026] [php:error] [pid 9709] [client 20.78.152.240:0] script '/domains/bburke/flower.php' not found or unable to stat
[Sat Jan 31 00:26:14.628959 2026] [php:error] [pid 9709] [client 20.78.152.240:0] script '/domains/bburke/classwithtostring.php' not found or unable to stat
[Sat Jan 31 00:26:15.645677 2026] [php:error] [pid 9718] [client 20.193.64.83:0] script '/domains/rextrav/file2.php' not found or unable to stat
[Sat Jan 31 00:26:16.544132 2026] [php:error] [pid 9709] [client 20.78.152.240:0] script '/domains/bburke/yindu.php' not found or unable to stat
[Sat Jan 31 00:26:17.332365 2026] [php:error] [pid 9718] [client 20.193.64.83:0] script '/domains/rextrav/moon.php' not found or unable to stat
[Sat Jan 31 00:26:17.684909 2026] [php:error] [pid 9709] [client 20.78.152.240:0] script '/domains/bburke/meta.php' not found or unable to stat
[Sat Jan 31 00:26:18.340009 2026] [php:error] [pid 9709] [client 20.78.152.240:0] script '/domains/bburke/files.php' not found or unable to stat
[Sat Jan 31 00:26:19.057098 2026] [php:error] [pid 9709] [client 20.78.152.240:0] script '/domains/bburke/wp-mail.php' not found or unable to stat
[Sat Jan 31 00:26:19.780953 2026] [php:error] [pid 9709] [client 20.78.152.240:0] script '/domains/bburke/about.php' not found or unable to stat
[Sat Jan 31 00:26:19.949177 2026] [php:error] [pid 9709] [client 20.78.152.240:0] script '/domains/bburke/wp.php' not found or unable to stat
[Sat Jan 31 00:26:21.170276 2026] [php:error] [pid 9709] [client 20.78.152.240:0] script '/domains/bburke/updates.php' not found or unable to stat
[Sat Jan 31 00:26:22.400886 2026] [php:error] [pid 9709] [client 20.78.152.240:0] script '/domains/bburke/root.php' not found or unable to stat
[Sat Jan 31 00:26:22.574810 2026] [php:error] [pid 9709] [client 20.78.152.240:0] script '/domains/bburke/cookie.php' not found or unable to stat
[Sat Jan 31 00:26:22.746207 2026] [php:error] [pid 9709] [client 20.78.152.240:0] script '/domains/bburke/locale.php' not found or unable to stat
[Sat Jan 31 00:26:23.324447 2026] [php:error] [pid 9709] [client 20.78.152.240:0] script '/domains/bburke/configs.php' not found or unable to stat
[Sat Jan 31 00:26:26.003206 2026] [php:error] [pid 9709] [client 20.78.152.240:0] script '/domains/bburke/moon.php' not found or unable to stat
[Sat Jan 31 00:26:28.608968 2026] [php:error] [pid 9718] [client 20.193.64.83:0] script '/domains/rextrav/wp-cron.php' not found or unable to stat
[Sat Jan 31 00:26:48.846609 2026] [php:error] [pid 9724] [client 101.47.183.159:0] script '/domains/hdickens.enteract/kmnj.php' not found or unable to stat
[Sat Jan 31 00:27:57.303642 2026] [php:error] [pid 9720] [client 20.211.164.12:0] script '/domains/bfitpro2/about.php' not found or unable to stat
[Sat Jan 31 00:27:57.505080 2026] [php:error] [pid 9720] [client 20.211.164.12:0] script '/domains/bfitpro2/admin.php' not found or unable to stat
[Sat Jan 31 00:27:57.918090 2026] [php:error] [pid 9720] [client 20.211.164.12:0] script '/domains/bfitpro2/class-t.api.php' not found or unable to stat
[Sat Jan 31 00:27:58.124931 2026] [php:error] [pid 9720] [client 20.211.164.12:0] script '/domains/bfitpro2/goods.php' not found or unable to stat
[Sat Jan 31 00:27:58.332255 2026] [php:error] [pid 9720] [client 20.211.164.12:0] script '/domains/bfitpro2/ioxi-o.php' not found or unable to stat
[Sat Jan 31 00:27:58.545923 2026] [php:error] [pid 9720] [client 20.211.164.12:0] script '/domains/bfitpro2/rip.php' not found or unable to stat
[Sat Jan 31 00:27:58.747457 2026] [php:error] [pid 9720] [client 20.211.164.12:0] script '/domains/bfitpro2/adminfuns.php' not found or unable to stat
[Sat Jan 31 00:27:58.946970 2026] [php:error] [pid 9720] [client 20.211.164.12:0] script '/domains/bfitpro2/file.php' not found or unable to stat
[Sat Jan 31 00:28:00.346513 2026] [php:error] [pid 9720] [client 20.211.164.12:0] script '/domains/bfitpro2/wp-good.php' not found or unable to stat
[Sat Jan 31 00:28:12.318983 2026] [php:error] [pid 9718] [client 35.247.243.248:0] script '/domains/agribiz/adminer-5.0.2-en.php' not found or unable to stat
[Sat Jan 31 00:28:21.010726 2026] [php:error] [pid 9731] [client 34.90.178.36:0] script '/domains/hdickens.enteract/kmnj.php' not found or unable to stat
[Sat Jan 31 00:29:08.185535 2026] [php:error] [pid 9739] [client 20.78.152.240:0] script '/domains/brigadeweb/aa.php' not found or unable to stat
[Sat Jan 31 00:29:08.811985 2026] [php:error] [pid 9739] [client 20.78.152.240:0] script '/domains/brigadeweb/abcd.php' not found or unable to stat
[Sat Jan 31 00:29:09.369623 2026] [php:error] [pid 9739] [client 20.78.152.240:0] script '/domains/brigadeweb/admin.php' not found or unable to stat
[Sat Jan 31 00:29:09.839352 2026] [php:error] [pid 9739] [client 20.78.152.240:0] script '/domains/brigadeweb/buy.php' not found or unable to stat
[Sat Jan 31 00:29:10.214264 2026] [php:error] [pid 9739] [client 20.78.152.240:0] script '/domains/brigadeweb/edit.php' not found or unable to stat
[Sat Jan 31 00:29:10.698789 2026] [php:error] [pid 9739] [client 20.78.152.240:0] script '/domains/brigadeweb/file.php' not found or unable to stat
[Sat Jan 31 00:29:10.872991 2026] [php:error] [pid 9739] [client 20.78.152.240:0] script '/domains/brigadeweb/flower.php' not found or unable to stat
[Sat Jan 31 00:29:11.318089 2026] [php:error] [pid 9739] [client 20.78.152.240:0] script '/domains/brigadeweb/images/index.php' not found or unable to stat
[Sat Jan 31 00:29:11.510811 2026] [php:error] [pid 9739] [client 20.78.152.240:0] script '/domains/brigadeweb/info.php' not found or unable to stat
[Sat Jan 31 00:29:11.677674 2026] [php:error] [pid 9739] [client 20.78.152.240:0] script '/domains/brigadeweb/ioxi-o.php' not found or unable to stat
[Sat Jan 31 00:29:12.069115 2026] [php:error] [pid 9739] [client 20.78.152.240:0] script '/domains/brigadeweb/nc4.php' not found or unable to stat
[Sat Jan 31 00:29:12.240290 2026] [php:error] [pid 9739] [client 20.78.152.240:0] script '/domains/brigadeweb/xleet.php' not found or unable to stat
[Sat Jan 31 00:29:13.008240 2026] [php:error] [pid 9739] [client 20.78.152.240:0] script '/domains/brigadeweb/wp-good.php' not found or unable to stat
[Sat Jan 31 00:29:13.634831 2026] [php:error] [pid 9739] [client 20.78.152.240:0] script '/domains/brigadeweb/xmrlpc.php' not found or unable to stat
[Sat Jan 31 00:29:13.810413 2026] [php:error] [pid 9739] [client 20.78.152.240:0] script '/domains/brigadeweb/about.php' not found or unable to stat
[Sat Jan 31 00:29:13.983761 2026] [php:error] [pid 9739] [client 20.78.152.240:0] script '/domains/brigadeweb/adminfuns.php' not found or unable to stat
[Sat Jan 31 00:29:14.464245 2026] [php:error] [pid 9739] [client 20.78.152.240:0] script '/domains/brigadeweb/alfa.php' not found or unable to stat
[Sat Jan 31 00:29:14.806189 2026] [php:error] [pid 9739] [client 20.78.152.240:0] script '/domains/brigadeweb/asasx.php' not found or unable to stat
[Sat Jan 31 00:29:14.978353 2026] [php:error] [pid 9739] [client 20.78.152.240:0] script '/domains/brigadeweb/autoload_classmap.php' not found or unable to stat
[Sat Jan 31 00:29:15.222434 2026] [php:error] [pid 9739] [client 20.78.152.240:0] script '/domains/brigadeweb/classwithtostring.php' not found or unable to stat
[Sat Jan 31 00:29:15.538279 2026] [php:error] [pid 9739] [client 20.78.152.240:0] script '/domains/brigadeweb/cong.php' not found or unable to stat
[Sat Jan 31 00:29:15.957485 2026] [php:error] [pid 9739] [client 20.78.152.240:0] script '/domains/brigadeweb/file2.php' not found or unable to stat
[Sat Jan 31 00:29:16.164999 2026] [php:error] [pid 9739] [client 20.78.152.240:0] script '/domains/brigadeweb/moon.php' not found or unable to stat
[Sat Jan 31 00:29:17.860046 2026] [php:error] [pid 9739] [client 20.78.152.240:0] script '/domains/brigadeweb/wp-cron.php' not found or unable to stat
[Sat Jan 31 00:29:25.874539 2026] [php:error] [pid 9748] [client 35.247.243.255:0] script '/domains/agribiz/adminer-5.0.0-mysql-en.php' not found or unable to stat
[Sat Jan 31 00:29:47.789444 2026] [php:error] [pid 9746] [client 34.13.251.3:0] script '/domains/hdickens.enteract/kmnj.php' not found or unable to stat
[Sat Jan 31 00:29:49.527374 2026] [php:error] [pid 9750] [client 20.214.137.92:0] script '/domains/viamonte3/xmlrpc.php' not found or unable to stat
[Sat Jan 31 00:29:49.713129 2026] [php:error] [pid 9750] [client 20.214.137.92:0] script '/domains/viamonte3/wp-trackback.php' not found or unable to stat
[Sat Jan 31 00:29:49.901780 2026] [php:error] [pid 9750] [client 20.214.137.92:0] script '/domains/viamonte3/file.php' not found or unable to stat
[Sat Jan 31 00:29:50.080922 2026] [php:error] [pid 9750] [client 20.214.137.92:0] script '/domains/viamonte3/rip.php' not found or unable to stat
[Sat Jan 31 00:29:50.260102 2026] [php:error] [pid 9750] [client 20.214.137.92:0] script '/domains/viamonte3/autoload_classmap.php' not found or unable to stat
[Sat Jan 31 00:29:50.442683 2026] [php:error] [pid 9750] [client 20.214.137.92:0] script '/domains/viamonte3/chosen.php' not found or unable to stat
[Sat Jan 31 00:29:50.633970 2026] [php:error] [pid 9750] [client 20.214.137.92:0] script '/domains/viamonte3/classwithtostring.php' not found or unable to stat
[Sat Jan 31 00:29:50.817273 2026] [php:error] [pid 9750] [client 20.214.137.92:0] script '/domains/viamonte3/defaults.php' not found or unable to stat
[Sat Jan 31 00:29:51.366068 2026] [php:error] [pid 9750] [client 20.214.137.92:0] script '/domains/viamonte3/info.php' not found or unable to stat
[Sat Jan 31 00:29:51.555747 2026] [php:error] [pid 9750] [client 20.214.137.92:0] script '/domains/viamonte3/elp.php' not found or unable to stat
[Sat Jan 31 00:29:52.502209 2026] [php:error] [pid 9750] [client 20.214.137.92:0] script '/domains/viamonte3/adminfuns.php' not found or unable to stat
[Sat Jan 31 00:30:11.650746 2026] [php:error] [pid 9733] [client 20.212.211.10:0] script '/domains/system_default/xmlrpc.php' not found or unable to stat
[Sat Jan 31 00:30:11.886611 2026] [php:error] [pid 9733] [client 20.212.211.10:0] script '/domains/system_default/wp-trackback.php' not found or unable to stat
[Sat Jan 31 00:30:12.123344 2026] [php:error] [pid 9733] [client 20.212.211.10:0] script '/domains/system_default/file.php' not found or unable to stat
[Sat Jan 31 00:30:12.359585 2026] [php:error] [pid 9733] [client 20.212.211.10:0] script '/domains/system_default/rip.php' not found or unable to stat
[Sat Jan 31 00:30:12.596790 2026] [php:error] [pid 9733] [client 20.212.211.10:0] script '/domains/system_default/autoload_classmap.php' not found or unable to stat
[Sat Jan 31 00:30:12.832805 2026] [php:error] [pid 9733] [client 20.212.211.10:0] script '/domains/system_default/chosen.php' not found or unable to stat
[Sat Jan 31 00:30:13.068779 2026] [php:error] [pid 9733] [client 20.212.211.10:0] script '/domains/system_default/classwithtostring.php' not found or unable to stat
[Sat Jan 31 00:30:13.312929 2026] [php:error] [pid 9733] [client 20.212.211.10:0] script '/domains/system_default/defaults.php' not found or unable to stat
[Sat Jan 31 00:30:14.020971 2026] [php:error] [pid 9733] [client 20.212.211.10:0] script '/domains/system_default/info.php' not found or unable to stat
[Sat Jan 31 00:30:14.259026 2026] [php:error] [pid 9733] [client 20.212.211.10:0] script '/domains/system_default/elp.php' not found or unable to stat
[Sat Jan 31 00:30:15.438524 2026] [php:error] [pid 9733] [client 20.212.211.10:0] script '/domains/system_default/adminfuns.php' not found or unable to stat
[Sat Jan 31 00:30:52.886291 2026] [php:error] [pid 9745] [client 35.247.243.245:0] script '/domains/agribiz/adminer-4.7.6.php' not found or unable to stat
[Sat Jan 31 00:31:51.502374 2026] [php:error] [pid 9780] [client 35.204.80.103:0] script '/domains/hdickens.enteract/kmnj.php' not found or unable to stat
[Sat Jan 31 00:32:21.474693 2026] [php:error] [pid 9773] [client 12.38.142.248:0] script '/domains/fbardin/admin.php' not found or unable to stat, referer: http://www.johnfranklinbardin.com//admin.php
[Sat Jan 31 00:33:21.839287 2026] [php:error] [pid 9784] [client 216.244.66.232:0] script '/domains/hdickens.enteract/kmnj.php' not found or unable to stat
[Sat Jan 31 00:33:22.532162 2026] [php:error] [pid 9786] [client 34.147.81.66:0] script '/domains/hdickens.enteract/kmnj.php' not found or unable to stat
[Sat Jan 31 00:34:39.983935 2026] [php:error] [pid 9795] [client 34.13.251.3:0] script '/domains/hdickens.enteract/kmnj.php' not found or unable to stat
[Sat Jan 31 00:35:13.756203 2026] [php:error] [pid 9811] [client 212.107.27.147:0] script '/domains/miles.interport/config.php' not found or unable to stat
[Sat Jan 31 00:35:14.830146 2026] [php:error] [pid 9811] [client 212.107.27.147:0] script '/domains/miles.interport/config.php.bak' not found or unable to stat
[Sat Jan 31 00:35:18.167517 2026] [php:error] [pid 9811] [client 212.107.27.147:0] script '/domains/miles.interport/config.php.old' not found or unable to stat
[Sat Jan 31 00:35:18.805225 2026] [php:error] [pid 9811] [client 212.107.27.147:0] script '/domains/miles.interport/config.php.save' not found or unable to stat
[Sat Jan 31 00:35:19.297246 2026] [php:error] [pid 9799] [client 35.247.243.252:0] script '/domains/agribiz/adminer-5.2.1-mysql-en.php' not found or unable to stat
[Sat Jan 31 00:35:23.899385 2026] [php:error] [pid 9799] [client 212.107.27.147:0] script '/domains/miles.interport/configuration.php' not found or unable to stat
[Sat Jan 31 00:35:24.512354 2026] [php:error] [pid 9799] [client 212.107.27.147:0] script '/domains/miles.interport/settings.php' not found or unable to stat
[Sat Jan 31 00:35:25.319242 2026] [php:error] [pid 9799] [client 212.107.27.147:0] script '/domains/miles.interport/settings.php.bak' not found or unable to stat
[Sat Jan 31 00:35:25.699858 2026] [php:error] [pid 9799] [client 212.107.27.147:0] script '/domains/miles.interport/wp-config.php' not found or unable to stat
[Sat Jan 31 00:35:28.395223 2026] [php:error] [pid 9808] [client 34.96.162.51:0] script '/domains/agribiz/adminer-5.0.1-mysql.php' not found or unable to stat
[Sat Jan 31 00:35:29.497558 2026] [php:error] [pid 9812] [client 216.24.213.171:0] script '/domains/system_suspended/wp-login.php' not found or unable to stat
[Sat Jan 31 00:35:51.847955 2026] [php:error] [pid 9795] [client 35.247.243.255:0] script '/domains/agribiz/adminer-5.1.1-mysql.php' not found or unable to stat
[Sat Jan 31 00:35:54.837433 2026] [php:error] [pid 9812] [client 34.96.162.55:0] script '/domains/agribiz/adminer-4.4.0.php' not found or unable to stat
[Sat Jan 31 00:36:40.428020 2026] [php:error] [pid 9810] [client 207.166.172.229:0] script '/domains/hdickens.enteract/kmnj.php' not found or unable to stat
[Sat Jan 31 00:36:40.800040 2026] [php:error] [pid 9820] [client 34.158.179.42:0] script '/domains/hdickens.enteract/kmnj.php' not found or unable to stat
[Sat Jan 31 00:36:59.375998 2026] [php:error] [pid 9822] [client 34.96.162.49:0] script '/domains/agribiz/adminer-5.0.0.php' not found or unable to stat
[Sat Jan 31 00:37:29.109636 2026] [php:error] [pid 9825] [client 35.247.243.241:0] script '/domains/agribiz/adminer-4.8.1-mysql-en.php' not found or unable to stat
[Sat Jan 31 00:37:32.973296 2026] [php:error] [pid 9817] [client 20.78.169.245:0] script '/domains/byardrealestate/xmlrpc.php' not found or unable to stat
[Sat Jan 31 00:37:33.146163 2026] [php:error] [pid 9817] [client 20.78.169.245:0] script '/domains/byardrealestate/wp-trackback.php' not found or unable to stat
[Sat Jan 31 00:37:33.311672 2026] [php:error] [pid 9817] [client 20.78.169.245:0] script '/domains/byardrealestate/file.php' not found or unable to stat
[Sat Jan 31 00:37:33.477247 2026] [php:error] [pid 9817] [client 20.78.169.245:0] script '/domains/byardrealestate/rip.php' not found or unable to stat
[Sat Jan 31 00:37:33.652420 2026] [php:error] [pid 9817] [client 20.78.169.245:0] script '/domains/byardrealestate/autoload_classmap.php' not found or unable to stat
[Sat Jan 31 00:37:33.818133 2026] [php:error] [pid 9817] [client 20.78.169.245:0] script '/domains/byardrealestate/chosen.php' not found or unable to stat
[Sat Jan 31 00:37:33.983569 2026] [php:error] [pid 9817] [client 20.78.169.245:0] script '/domains/byardrealestate/classwithtostring.php' not found or unable to stat
[Sat Jan 31 00:37:34.172029 2026] [php:error] [pid 9817] [client 20.78.169.245:0] script '/domains/byardrealestate/defaults.php' not found or unable to stat
[Sat Jan 31 00:37:34.674360 2026] [php:error] [pid 9817] [client 20.78.169.245:0] script '/domains/byardrealestate/info.php' not found or unable to stat
[Sat Jan 31 00:37:34.840564 2026] [php:error] [pid 9817] [client 20.78.169.245:0] script '/domains/byardrealestate/elp.php' not found or unable to stat
[Sat Jan 31 00:37:35.678707 2026] [php:error] [pid 9817] [client 20.78.169.245:0] script '/domains/byardrealestate/adminfuns.php' not found or unable to stat
[Sat Jan 31 00:37:56.717655 2026] [php:error] [pid 9817] [client 20.42.209.0:0] script '/domains/hofficer1/gettest.php' not found or unable to stat
[Sat Jan 31 00:37:56.917631 2026] [php:error] [pid 9817] [client 20.42.209.0:0] script '/domains/hofficer1/menu.php' not found or unable to stat
[Sat Jan 31 00:37:57.116717 2026] [php:error] [pid 9817] [client 20.42.209.0:0] script '/domains/hofficer1/bjfl.php' not found or unable to stat
[Sat Jan 31 00:37:57.315741 2026] [php:error] [pid 9817] [client 20.42.209.0:0] script '/domains/hofficer1/sko.php' not found or unable to stat
[Sat Jan 31 00:37:57.514807 2026] [php:error] [pid 9817] [client 20.42.209.0:0] script '/domains/hofficer1/obfuscate.php' not found or unable to stat
[Sat Jan 31 00:37:57.714567 2026] [php:error] [pid 9817] [client 20.42.209.0:0] script '/domains/hofficer1/img.php' not found or unable to stat
[Sat Jan 31 00:37:57.913830 2026] [php:error] [pid 9817] [client 20.42.209.0:0] script '/domains/hofficer1/co.php' not found or unable to stat
[Sat Jan 31 00:37:58.115627 2026] [php:error] [pid 9817] [client 20.42.209.0:0] script '/domains/hofficer1/iswfg.php' not found or unable to stat
[Sat Jan 31 00:37:58.314978 2026] [php:error] [pid 9817] [client 20.42.209.0:0] script '/domains/hofficer1/acxx.php' not found or unable to stat
[Sat Jan 31 00:37:58.516751 2026] [php:error] [pid 9817] [client 20.42.209.0:0] script '/domains/hofficer1/black.php' not found or unable to stat
[Sat Jan 31 00:37:58.716187 2026] [php:error] [pid 9817] [client 20.42.209.0:0] script '/domains/hofficer1/wikindex.php' not found or unable to stat
[Sat Jan 31 00:37:58.916150 2026] [php:error] [pid 9817] [client 20.42.209.0:0] script '/domains/hofficer1/tool.php' not found or unable to stat
[Sat Jan 31 00:37:59.116268 2026] [php:error] [pid 9817] [client 20.42.209.0:0] script '/domains/hofficer1/py.php' not found or unable to stat
[Sat Jan 31 00:37:59.315555 2026] [php:error] [pid 9817] [client 20.42.209.0:0] script '/domains/hofficer1/155.php' not found or unable to stat
[Sat Jan 31 00:37:59.514906 2026] [php:error] [pid 9817] [client 20.42.209.0:0] script '/domains/hofficer1/sym404.php' not found or unable to stat
[Sat Jan 31 00:37:59.714238 2026] [php:error] [pid 9817] [client 20.42.209.0:0] script '/domains/hofficer1/iko.php' not found or unable to stat
[Sat Jan 31 00:37:59.916352 2026] [php:error] [pid 9817] [client 20.42.209.0:0] script '/domains/hofficer1/wefile.php' not found or unable to stat
[Sat Jan 31 00:38:00.115411 2026] [php:error] [pid 9817] [client 20.42.209.0:0] script '/domains/hofficer1/gfd.php' not found or unable to stat
[Sat Jan 31 00:38:00.314482 2026] [php:error] [pid 9817] [client 20.42.209.0:0] script '/domains/hofficer1/bnm.php' not found or unable to stat
[Sat Jan 31 00:38:00.513615 2026] [php:error] [pid 9817] [client 20.42.209.0:0] script '/domains/hofficer1/edit-tags.php' not found or unable to stat
[Sat Jan 31 00:38:00.713002 2026] [php:error] [pid 9817] [client 20.42.209.0:0] script '/domains/hofficer1/vx.php' not found or unable to stat
[Sat Jan 31 00:38:00.912298 2026] [php:error] [pid 9817] [client 20.42.209.0:0] script '/domains/hofficer1/lkj.php' not found or unable to stat
[Sat Jan 31 00:38:01.111417 2026] [php:error] [pid 9817] [client 20.42.209.0:0] script '/domains/hofficer1/ioxi-o.php' not found or unable to stat
[Sat Jan 31 00:38:02.107364 2026] [php:error] [pid 9817] [client 20.42.209.0:0] script '/domains/hofficer1/readme.php' not found or unable to stat
[Sat Jan 31 00:38:02.509894 2026] [php:error] [pid 9817] [client 20.42.209.0:0] script '/domains/hofficer1/classwithtostring.php' not found or unable to stat
[Sat Jan 31 00:38:02.710476 2026] [php:error] [pid 9817] [client 20.42.209.0:0] script '/domains/hofficer1/1.php' not found or unable to stat
[Sat Jan 31 00:38:03.108930 2026] [php:error] [pid 9817] [client 20.42.209.0:0] script '/domains/hofficer1/alfa.php' not found or unable to stat
[Sat Jan 31 00:38:03.507246 2026] [php:error] [pid 9817] [client 20.42.209.0:0] script '/domains/hofficer1/atx.php' not found or unable to stat
[Sat Jan 31 00:38:03.706448 2026] [php:error] [pid 9817] [client 20.42.209.0:0] script '/domains/hofficer1/inputs.php' not found or unable to stat
[Sat Jan 31 00:38:04.104790 2026] [php:error] [pid 9817] [client 20.42.209.0:0] script '/domains/hofficer1/404.php' not found or unable to stat
[Sat Jan 31 00:38:04.307457 2026] [php:error] [pid 9817] [client 20.42.209.0:0] script '/domains/hofficer1/global.php' not found or unable to stat
[Sat Jan 31 00:38:04.506526 2026] [php:error] [pid 9817] [client 20.42.209.0:0] script '/domains/hofficer1/core.php' not found or unable to stat
[Sat Jan 31 00:38:04.705554 2026] [php:error] [pid 9817] [client 20.42.209.0:0] script '/domains/hofficer1/thoms.php' not found or unable to stat
[Sat Jan 31 00:38:04.905476 2026] [php:error] [pid 9817] [client 20.42.209.0:0] script '/domains/hofficer1/irc.js.php' not found or unable to stat
[Sat Jan 31 00:38:21.974336 2026] [php:error] [pid 9817] [client 34.12.228.151:0] script '/domains/hdickens.enteract/kmnj.php' not found or unable to stat
[Sat Jan 31 00:38:33.352354 2026] [php:error] [pid 9840] [client 40.115.138.121:0] script '/domains/nlyfoods/about.php' not found or unable to stat
[Sat Jan 31 00:38:33.516541 2026] [php:error] [pid 9840] [client 40.115.138.121:0] script '/domains/nlyfoods/admin.php' not found or unable to stat
[Sat Jan 31 00:38:33.844819 2026] [php:error] [pid 9840] [client 40.115.138.121:0] script '/domains/nlyfoods/class-t.api.php' not found or unable to stat
[Sat Jan 31 00:38:34.022261 2026] [php:error] [pid 9840] [client 40.115.138.121:0] script '/domains/nlyfoods/goods.php' not found or unable to stat
[Sat Jan 31 00:38:34.180369 2026] [php:error] [pid 9817] [client 34.96.162.53:0] script '/domains/agribiz/adminer-5.4.0.php' not found or unable to stat
[Sat Jan 31 00:38:34.187016 2026] [php:error] [pid 9840] [client 40.115.138.121:0] script '/domains/nlyfoods/ioxi-o.php' not found or unable to stat
[Sat Jan 31 00:38:34.351270 2026] [php:error] [pid 9840] [client 40.115.138.121:0] script '/domains/nlyfoods/rip.php' not found or unable to stat
[Sat Jan 31 00:38:34.517459 2026] [php:error] [pid 9840] [client 40.115.138.121:0] script '/domains/nlyfoods/adminfuns.php' not found or unable to stat
[Sat Jan 31 00:38:34.682052 2026] [php:error] [pid 9840] [client 40.115.138.121:0] script '/domains/nlyfoods/file.php' not found or unable to stat
[Sat Jan 31 00:38:35.835619 2026] [php:error] [pid 9840] [client 40.115.138.121:0] script '/domains/nlyfoods/wp-good.php' not found or unable to stat
[Sat Jan 31 00:38:36.377877 2026] [php:error] [pid 9837] [client 34.12.38.150:0] script '/domains/hdickens.enteract/kmnj.php' not found or unable to stat
[Sat Jan 31 00:38:52.418523 2026] [php:error] [pid 9840] [client 34.96.162.61:0] script '/domains/agribiz/adminer-5.0.6-mysql.php' not found or unable to stat
[Sat Jan 31 00:38:55.374167 2026] [php:error] [pid 9827] [client 35.247.243.243:0] script '/domains/agribiz/adminer-4.6.3.php' not found or unable to stat
[Sat Jan 31 00:39:51.148513 2026] [php:error] [pid 9817] [client 101.47.177.254:0] script '/domains/hdickens.enteract/kmnj.php' not found or unable to stat
[Sat Jan 31 00:39:56.483522 2026] [php:error] [pid 9817] [client 104.199.60.254:0] script '/domains/pauljbrock/install.php' not found or unable to stat
[Sat Jan 31 00:40:01.814535 2026] [php:error] [pid 9858] [client 35.247.243.255:0] script '/domains/agribiz/adminer-5.0.4-mysql.php' not found or unable to stat
[Sat Jan 31 00:40:47.704658 2026] [php:error] [pid 9827] [client 35.247.243.243:0] script '/domains/agribiz/DB.php' not found or unable to stat
[Sat Jan 31 00:40:53.986415 2026] [php:error] [pid 9827] [client 34.96.162.53:0] script '/domains/agribiz/unzipper.php' not found or unable to stat
[Sat Jan 31 00:41:08.228834 2026] [php:error] [pid 9866] [client 52.169.124.184:0] script '/domains/pmglobal/rip.php' not found or unable to stat
[Sat Jan 31 00:41:20.654897 2026] [php:error] [pid 9854] [client 20.214.137.92:0] script '/domains/pbuilder/about.php' not found or unable to stat
[Sat Jan 31 00:41:20.837626 2026] [php:error] [pid 9854] [client 20.214.137.92:0] script '/domains/pbuilder/admin.php' not found or unable to stat
[Sat Jan 31 00:41:21.202106 2026] [php:error] [pid 9854] [client 20.214.137.92:0] script '/domains/pbuilder/class-t.api.php' not found or unable to stat
[Sat Jan 31 00:41:21.381979 2026] [php:error] [pid 9854] [client 20.214.137.92:0] script '/domains/pbuilder/goods.php' not found or unable to stat
[Sat Jan 31 00:41:21.562182 2026] [php:error] [pid 9854] [client 20.214.137.92:0] script '/domains/pbuilder/ioxi-o.php' not found or unable to stat
[Sat Jan 31 00:41:21.754714 2026] [php:error] [pid 9854] [client 20.214.137.92:0] script '/domains/pbuilder/rip.php' not found or unable to stat
[Sat Jan 31 00:41:21.941765 2026] [php:error] [pid 9854] [client 20.214.137.92:0] script '/domains/pbuilder/adminfuns.php' not found or unable to stat
[Sat Jan 31 00:41:22.132469 2026] [php:error] [pid 9854] [client 20.214.137.92:0] script '/domains/pbuilder/file.php' not found or unable to stat
[Sat Jan 31 00:41:23.429013 2026] [php:error] [pid 9854] [client 20.214.137.92:0] script '/domains/pbuilder/wp-good.php' not found or unable to stat
[Sat Jan 31 00:41:25.445117 2026] [php:error] [pid 9870] [client 20.203.132.68:0] script '/domains/carynm/rip.php' not found or unable to stat
[Sat Jan 31 00:42:36.939451 2026] [php:error] [pid 9827] [client 35.247.243.246:0] script '/domains/agribiz/adminer-5.1.1-en.php' not found or unable to stat
[Sat Jan 31 00:42:51.888468 2026] [php:error] [pid 9827] [client 34.96.162.51:0] script '/domains/agribiz/adminer-5.0.6.php' not found or unable to stat
[Sat Jan 31 00:43:13.788589 2026] [php:error] [pid 9827] [client 35.247.243.245:0] script '/domains/agribiz/mydb.php' not found or unable to stat
[Sat Jan 31 00:43:15.016479 2026] [php:error] [pid 9873] [client 202.172.142.58:0] script '/domains/brigadeweb/xmlrpc.php' not found or unable to stat
[Sat Jan 31 00:43:30.996821 2026] [php:error] [pid 9889] [client 34.91.101.247:0] script '/domains/hdickens.enteract/kmnj.php' not found or unable to stat
[Sat Jan 31 00:44:12.091495 2026] [php:error] [pid 13180] [client 193.233.90.131:0] script '/domains/wsmith.enteract/wp-login.php' not found or unable to stat
[Sat Jan 31 00:44:25.075698 2026] [php:error] [pid 15544] [client 52.230.35.34:0] script '/domains/thuebner/about.php' not found or unable to stat
[Sat Jan 31 00:44:25.305111 2026] [php:error] [pid 15544] [client 52.230.35.34:0] script '/domains/thuebner/admin.php' not found or unable to stat
[Sat Jan 31 00:44:25.773018 2026] [php:error] [pid 15544] [client 52.230.35.34:0] script '/domains/thuebner/class-t.api.php' not found or unable to stat
[Sat Jan 31 00:44:26.002203 2026] [php:error] [pid 15544] [client 52.230.35.34:0] script '/domains/thuebner/goods.php' not found or unable to stat
[Sat Jan 31 00:44:26.232246 2026] [php:error] [pid 15544] [client 52.230.35.34:0] script '/domains/thuebner/ioxi-o.php' not found or unable to stat
[Sat Jan 31 00:44:26.462700 2026] [php:error] [pid 15544] [client 52.230.35.34:0] script '/domains/thuebner/rip.php' not found or unable to stat
[Sat Jan 31 00:44:26.695999 2026] [php:error] [pid 15544] [client 52.230.35.34:0] script '/domains/thuebner/adminfuns.php' not found or unable to stat
[Sat Jan 31 00:44:26.925199 2026] [php:error] [pid 15544] [client 52.230.35.34:0] script '/domains/thuebner/file.php' not found or unable to stat
[Sat Jan 31 00:44:28.171531 2026] [php:error] [pid 15535] [client 193.233.90.131:0] script '/domains/wsmith.enteract/wp-login.php' not found or unable to stat
[Sat Jan 31 00:44:28.541078 2026] [php:error] [pid 15544] [client 52.230.35.34:0] script '/domains/thuebner/wp-good.php' not found or unable to stat
[Sat Jan 31 00:45:22.727042 2026] [php:error] [pid 15536] [client 35.247.243.251:0] script '/domains/agribiz/adminer-5.0.3-mysql-en.php' not found or unable to stat
[Sat Jan 31 00:45:42.274624 2026] [php:error] [pid 15534] [client 20.46.176.183:0] script '/domains/fairlane1/xmlrpc.php' not found or unable to stat
[Sat Jan 31 00:45:42.432872 2026] [php:error] [pid 15534] [client 20.46.176.183:0] script '/domains/fairlane1/wp-trackback.php' not found or unable to stat
[Sat Jan 31 00:45:42.591122 2026] [php:error] [pid 15534] [client 20.46.176.183:0] script '/domains/fairlane1/file.php' not found or unable to stat
[Sat Jan 31 00:45:42.749432 2026] [php:error] [pid 15534] [client 20.46.176.183:0] script '/domains/fairlane1/rip.php' not found or unable to stat
[Sat Jan 31 00:45:42.907596 2026] [php:error] [pid 15534] [client 20.46.176.183:0] script '/domains/fairlane1/autoload_classmap.php' not found or unable to stat
[Sat Jan 31 00:45:43.069217 2026] [php:error] [pid 15534] [client 20.46.176.183:0] script '/domains/fairlane1/chosen.php' not found or unable to stat
[Sat Jan 31 00:45:43.227937 2026] [php:error] [pid 15534] [client 20.46.176.183:0] script '/domains/fairlane1/classwithtostring.php' not found or unable to stat
[Sat Jan 31 00:45:43.386120 2026] [php:error] [pid 15534] [client 20.46.176.183:0] script '/domains/fairlane1/defaults.php' not found or unable to stat
[Sat Jan 31 00:45:43.864394 2026] [php:error] [pid 15534] [client 20.46.176.183:0] script '/domains/fairlane1/info.php' not found or unable to stat
[Sat Jan 31 00:45:44.023360 2026] [php:error] [pid 15534] [client 20.46.176.183:0] script '/domains/fairlane1/elp.php' not found or unable to stat
[Sat Jan 31 00:45:44.816458 2026] [php:error] [pid 15534] [client 20.46.176.183:0] script '/domains/fairlane1/adminfuns.php' not found or unable to stat
[Sat Jan 31 00:46:40.914222 2026] [php:error] [pid 15554] [client 34.96.162.60:0] script '/domains/agribiz/phpminiadmin.php' not found or unable to stat
[Sat Jan 31 00:46:43.685588 2026] [php:error] [pid 15550] [client 35.247.243.250:0] script '/domains/agribiz/adminer-5.0.2.php' not found or unable to stat
[Sat Jan 31 00:46:56.936854 2026] [php:error] [pid 15554] [client 103.217.190.151:0] script '/domains/quintet/index.php' not found or unable to stat
[Sat Jan 31 00:47:37.478765 2026] [php:error] [pid 15555] [client 20.214.137.92:0] script '/domains/system_default/about.php' not found or unable to stat
[Sat Jan 31 00:47:37.668648 2026] [php:error] [pid 15555] [client 20.214.137.92:0] script '/domains/system_default/admin.php' not found or unable to stat
[Sat Jan 31 00:47:38.033798 2026] [php:error] [pid 15555] [client 20.214.137.92:0] script '/domains/system_default/class-t.api.php' not found or unable to stat
[Sat Jan 31 00:47:38.215557 2026] [php:error] [pid 15555] [client 20.214.137.92:0] script '/domains/system_default/goods.php' not found or unable to stat
[Sat Jan 31 00:47:38.398465 2026] [php:error] [pid 15555] [client 20.214.137.92:0] script '/domains/system_default/ioxi-o.php' not found or unable to stat
[Sat Jan 31 00:47:38.584479 2026] [php:error] [pid 15555] [client 20.214.137.92:0] script '/domains/system_default/rip.php' not found or unable to stat
[Sat Jan 31 00:47:38.773582 2026] [php:error] [pid 15555] [client 20.214.137.92:0] script '/domains/system_default/adminfuns.php' not found or unable to stat
[Sat Jan 31 00:47:38.962256 2026] [php:error] [pid 15555] [client 20.214.137.92:0] script '/domains/system_default/file.php' not found or unable to stat
[Sat Jan 31 00:47:40.251312 2026] [php:error] [pid 15555] [client 20.214.137.92:0] script '/domains/system_default/wp-good.php' not found or unable to stat
[Sat Jan 31 00:48:05.065690 2026] [php:error] [pid 15568] [client 20.200.210.155:0] script '/domains/dcoffman/aa.php' not found or unable to stat
[Sat Jan 31 00:48:05.882520 2026] [php:error] [pid 15568] [client 20.200.210.155:0] script '/domains/dcoffman/abcd.php' not found or unable to stat
[Sat Jan 31 00:48:06.837261 2026] [php:error] [pid 15568] [client 20.200.210.155:0] script '/domains/dcoffman/admin.php' not found or unable to stat
[Sat Jan 31 00:48:07.036116 2026] [php:error] [pid 15568] [client 20.200.210.155:0] script '/domains/dcoffman/buy.php' not found or unable to stat
[Sat Jan 31 00:48:07.421973 2026] [php:error] [pid 15568] [client 20.200.210.155:0] script '/domains/dcoffman/edit.php' not found or unable to stat
[Sat Jan 31 00:48:09.481677 2026] [php:error] [pid 15568] [client 20.200.210.155:0] script '/domains/dcoffman/file.php' not found or unable to stat
[Sat Jan 31 00:48:11.282520 2026] [php:error] [pid 15568] [client 20.200.210.155:0] script '/domains/dcoffman/flower.php' not found or unable to stat
[Sat Jan 31 00:48:12.768045 2026] [php:error] [pid 15564] [client 130.49.76.217:0] script '/domains/pookie.dnai/wp-login.php' not found or unable to stat
[Sat Jan 31 00:48:13.172393 2026] [php:error] [pid 15568] [client 20.200.210.155:0] script '/domains/dcoffman/info.php' not found or unable to stat
[Sat Jan 31 00:48:13.722634 2026] [php:error] [pid 15568] [client 20.200.210.155:0] script '/domains/dcoffman/ioxi-o.php' not found or unable to stat
[Sat Jan 31 00:48:15.290559 2026] [php:error] [pid 15568] [client 20.200.210.155:0] script '/domains/dcoffman/nc4.php' not found or unable to stat
[Sat Jan 31 00:48:15.494086 2026] [php:error] [pid 15568] [client 20.200.210.155:0] script '/domains/dcoffman/xleet.php' not found or unable to stat
[Sat Jan 31 00:48:21.586776 2026] [php:error] [pid 15568] [client 20.200.210.155:0] script '/domains/dcoffman/wp-good.php' not found or unable to stat
[Sat Jan 31 00:48:27.085818 2026] [php:error] [pid 15568] [client 20.200.210.155:0] script '/domains/dcoffman/xmrlpc.php' not found or unable to stat
[Sat Jan 31 00:48:28.645155 2026] [php:error] [pid 15567] [client 20.197.56.208:0] script '/domains/system_default/aa.php' not found or unable to stat
[Sat Jan 31 00:48:29.052534 2026] [php:error] [pid 15568] [client 20.200.210.155:0] script '/domains/dcoffman/about.php' not found or unable to stat
[Sat Jan 31 00:48:29.251811 2026] [php:error] [pid 15568] [client 20.200.210.155:0] script '/domains/dcoffman/adminfuns.php' not found or unable to stat
[Sat Jan 31 00:48:29.477881 2026] [php:error] [pid 15567] [client 20.197.56.208:0] script '/domains/system_default/abcd.php' not found or unable to stat
[Sat Jan 31 00:48:29.481232 2026] [php:error] [pid 15568] [client 20.200.210.155:0] script '/domains/dcoffman/alfa.php' not found or unable to stat
[Sat Jan 31 00:48:29.737504 2026] [php:error] [pid 15567] [client 20.197.56.208:0] script '/domains/system_default/admin.php' not found or unable to stat
[Sat Jan 31 00:48:29.994346 2026] [php:error] [pid 15567] [client 20.197.56.208:0] script '/domains/system_default/buy.php' not found or unable to stat
[Sat Jan 31 00:48:30.479967 2026] [php:error] [pid 15567] [client 20.197.56.208:0] script '/domains/system_default/edit.php' not found or unable to stat
[Sat Jan 31 00:48:30.729097 2026] [php:error] [pid 15567] [client 20.197.56.208:0] script '/domains/system_default/file.php' not found or unable to stat
[Sat Jan 31 00:48:31.041592 2026] [php:error] [pid 15568] [client 20.200.210.155:0] script '/domains/dcoffman/asasx.php' not found or unable to stat
[Sat Jan 31 00:48:31.232528 2026] [php:error] [pid 15568] [client 20.200.210.155:0] script '/domains/dcoffman/autoload_classmap.php' not found or unable to stat
[Sat Jan 31 00:48:31.452509 2026] [php:error] [pid 15568] [client 20.200.210.155:0] script '/domains/dcoffman/classwithtostring.php' not found or unable to stat
