[Sat Jan 31 06:21:13.108554 2026] [php:error] [pid 81888] [client 74.248.24.238:0] script '/domains/brenties/ddd.php' not found or unable to stat
[Sat Jan 31 06:21:13.335691 2026] [php:error] [pid 81888] [client 74.248.24.238:0] script '/domains/brenties/ccs.php' not found or unable to stat
[Sat Jan 31 06:21:13.434422 2026] [php:error] [pid 81888] [client 74.248.24.238:0] script '/domains/brenties/sad5.php' not found or unable to stat
[Sat Jan 31 06:21:13.567930 2026] [php:error] [pid 81888] [client 74.248.24.238:0] script '/domains/brenties/xvde.php' not found or unable to stat
[Sat Jan 31 06:21:13.888193 2026] [php:error] [pid 81888] [client 74.248.24.238:0] script '/domains/brenties/f355.php' not found or unable to stat
[Sat Jan 31 06:21:13.986845 2026] [php:error] [pid 81888] [client 74.248.24.238:0] script '/domains/brenties/bgymj.php' not found or unable to stat
[Sat Jan 31 06:21:14.120710 2026] [php:error] [pid 81888] [client 74.248.24.238:0] script '/domains/brenties/wp-mt.php' not found or unable to stat
[Sat Jan 31 06:21:14.219910 2026] [php:error] [pid 81888] [client 74.248.24.238:0] script '/domains/brenties/lala.php' not found or unable to stat
[Sat Jan 31 06:21:14.424405 2026] [php:error] [pid 81863] [client 4.223.96.43:0] script '/domains/larrysr/class-akismet-compatible-plugins.php' not found or unable to stat
[Sat Jan 31 06:21:14.458317 2026] [php:error] [pid 81888] [client 74.248.24.238:0] script '/domains/brenties/8xyz.php' not found or unable to stat
[Sat Jan 31 06:21:14.711316 2026] [php:error] [pid 81888] [client 74.248.24.238:0] script '/domains/brenties/la.php' not found or unable to stat
[Sat Jan 31 06:21:14.810473 2026] [php:error] [pid 81888] [client 74.248.24.238:0] script '/domains/brenties/ioxi.php' not found or unable to stat
[Sat Jan 31 06:21:14.930287 2026] [php:error] [pid 81888] [client 74.248.24.238:0] script '/domains/brenties/xpwer1.php' not found or unable to stat
[Sat Jan 31 06:21:15.028923 2026] [php:error] [pid 81888] [client 74.248.24.238:0] script '/domains/brenties/about.php' not found or unable to stat
[Sat Jan 31 06:21:15.304398 2026] [php:error] [pid 81888] [client 74.248.24.238:0] script '/domains/brenties/la.php' not found or unable to stat
[Sat Jan 31 06:21:15.573345 2026] [php:error] [pid 81888] [client 74.248.24.238:0] script '/domains/brenties/admin.php' not found or unable to stat
[Sat Jan 31 06:21:15.770922 2026] [php:error] [pid 81888] [client 74.248.24.238:0] script '/domains/brenties/info.php' not found or unable to stat
[Sat Jan 31 06:21:15.986823 2026] [php:error] [pid 81888] [client 74.248.24.238:0] script '/domains/brenties/about.php' not found or unable to stat
[Sat Jan 31 06:21:16.193341 2026] [php:error] [pid 81888] [client 74.248.24.238:0] script '/domains/brenties/ss1.php' not found or unable to stat
[Sat Jan 31 06:21:16.325332 2026] [php:error] [pid 81863] [client 4.223.96.43:0] script '/domains/larrysr/index.php' not found or unable to stat
[Sat Jan 31 06:21:16.433971 2026] [php:error] [pid 81863] [client 4.223.96.43:0] script '/domains/larrysr/class.akismet-cli.php' not found or unable to stat
[Sat Jan 31 06:21:16.435151 2026] [php:error] [pid 81888] [client 74.248.24.238:0] script '/domains/brenties/goods.php' not found or unable to stat
[Sat Jan 31 06:21:16.541997 2026] [php:error] [pid 81863] [client 4.223.96.43:0] script '/domains/larrysr/wrapper.php' not found or unable to stat
[Sat Jan 31 06:21:16.542649 2026] [php:error] [pid 81888] [client 74.248.24.238:0] script '/domains/brenties/222.php' not found or unable to stat
[Sat Jan 31 06:21:16.641301 2026] [php:error] [pid 81888] [client 74.248.24.238:0] script '/domains/brenties/abcd.php' not found or unable to stat
[Sat Jan 31 06:21:16.862489 2026] [php:error] [pid 81888] [client 74.248.24.238:0] script '/domains/brenties/adminfuns.php' not found or unable to stat
[Sat Jan 31 06:21:17.007146 2026] [php:error] [pid 81888] [client 74.248.24.238:0] script '/domains/brenties/ioxi-o.php' not found or unable to stat
[Sat Jan 31 06:21:17.280169 2026] [php:error] [pid 81888] [client 74.248.24.238:0] script '/domains/brenties/goat.php' not found or unable to stat
[Sat Jan 31 06:21:17.477392 2026] [php:error] [pid 81888] [client 74.248.24.238:0] script '/domains/brenties/xx.php' not found or unable to stat
[Sat Jan 31 06:21:17.705891 2026] [php:error] [pid 81896] [client 13.75.54.243:0] script '/domains/hpveweb/wp-trackback.php' not found or unable to stat
[Sat Jan 31 06:21:17.802021 2026] [php:error] [pid 81888] [client 74.248.24.238:0] script '/domains/brenties/f5.php' not found or unable to stat
[Sat Jan 31 06:21:17.902439 2026] [php:error] [pid 81888] [client 74.248.24.238:0] script '/domains/brenties/doc.php' not found or unable to stat
[Sat Jan 31 06:21:17.919067 2026] [php:error] [pid 81896] [client 13.75.54.243:0] script '/domains/hpveweb/about.php' not found or unable to stat
[Sat Jan 31 06:21:18.127053 2026] [php:error] [pid 81896] [client 13.75.54.243:0] script '/domains/hpveweb/file.php' not found or unable to stat
[Sat Jan 31 06:21:18.217952 2026] [php:error] [pid 81888] [client 74.248.24.238:0] script '/domains/brenties/xtride.php' not found or unable to stat
[Sat Jan 31 06:21:18.316623 2026] [php:error] [pid 81888] [client 74.248.24.238:0] script '/domains/brenties/flower.php' not found or unable to stat
[Sat Jan 31 06:21:18.334230 2026] [php:error] [pid 81896] [client 13.75.54.243:0] script '/domains/hpveweb/wp-good.php' not found or unable to stat
[Sat Jan 31 06:21:18.492402 2026] [php:error] [pid 81888] [client 74.248.24.238:0] script '/domains/brenties/f6.php' not found or unable to stat
[Sat Jan 31 06:21:18.541001 2026] [php:error] [pid 81896] [client 13.75.54.243:0] script '/domains/hpveweb/xmlrpc.php' not found or unable to stat
[Sat Jan 31 06:21:18.646524 2026] [php:error] [pid 81888] [client 74.248.24.238:0] script '/domains/brenties/edit.php' not found or unable to stat
[Sat Jan 31 06:21:18.745295 2026] [php:error] [pid 81888] [client 74.248.24.238:0] script '/domains/brenties/aa.php' not found or unable to stat
[Sat Jan 31 06:21:18.747825 2026] [php:error] [pid 81896] [client 13.75.54.243:0] script '/domains/hpveweb/goods.php' not found or unable to stat
[Sat Jan 31 06:21:18.843842 2026] [php:error] [pid 81888] [client 74.248.24.238:0] script '/domains/brenties/ext.php' not found or unable to stat
[Sat Jan 31 06:21:18.957567 2026] [php:error] [pid 81896] [client 13.75.54.243:0] script '/domains/hpveweb/ioxi-o.php' not found or unable to stat
[Sat Jan 31 06:21:19.174881 2026] [php:error] [pid 81896] [client 13.75.54.243:0] script '/domains/hpveweb/class-t.api.php' not found or unable to stat
[Sat Jan 31 06:21:19.330358 2026] [php:error] [pid 81888] [client 74.248.24.238:0] script '/domains/brenties/av.php' not found or unable to stat
[Sat Jan 31 06:21:19.382403 2026] [php:error] [pid 81896] [client 13.75.54.243:0] script '/domains/hpveweb/admin.php' not found or unable to stat
[Sat Jan 31 06:21:19.556858 2026] [php:error] [pid 81888] [client 74.248.24.238:0] script '/domains/brenties/wsd.php' not found or unable to stat
[Sat Jan 31 06:21:19.590489 2026] [php:error] [pid 81896] [client 13.75.54.243:0] script '/domains/hpveweb/sf.php' not found or unable to stat
[Sat Jan 31 06:21:19.655614 2026] [php:error] [pid 81888] [client 74.248.24.238:0] script '/domains/brenties/jane.php' not found or unable to stat
[Sat Jan 31 06:21:19.789790 2026] [php:error] [pid 81888] [client 74.248.24.238:0] script '/domains/brenties/classwithtostring.php' not found or unable to stat
[Sat Jan 31 06:21:19.803131 2026] [php:error] [pid 81896] [client 13.75.54.243:0] script '/domains/hpveweb/rip.php' not found or unable to stat
[Sat Jan 31 06:21:20.018580 2026] [php:error] [pid 81896] [client 13.75.54.243:0] script '/domains/hpveweb/autoload_classmap.php' not found or unable to stat
[Sat Jan 31 06:21:20.126585 2026] [php:error] [pid 81888] [client 74.248.24.238:0] script '/domains/brenties/css.php' not found or unable to stat
[Sat Jan 31 06:21:20.235237 2026] [php:error] [pid 81896] [client 13.75.54.243:0] script '/domains/hpveweb/chosen.php' not found or unable to stat
[Sat Jan 31 06:21:20.285043 2026] [php:error] [pid 81888] [client 74.248.24.238:0] script '/domains/brenties/alfa.php' not found or unable to stat
[Sat Jan 31 06:21:20.383806 2026] [php:error] [pid 81888] [client 74.248.24.238:0] script '/domains/brenties/wen.php' not found or unable to stat
[Sat Jan 31 06:21:20.443156 2026] [php:error] [pid 81896] [client 13.75.54.243:0] script '/domains/hpveweb/classwithtostring.php' not found or unable to stat
[Sat Jan 31 06:21:20.482506 2026] [php:error] [pid 81888] [client 74.248.24.238:0] script '/domains/brenties/x.php' not found or unable to stat
[Sat Jan 31 06:21:20.632561 2026] [php:error] [pid 81888] [client 74.248.24.238:0] script '/domains/brenties/xxxx.php' not found or unable to stat
[Sat Jan 31 06:21:20.649734 2026] [php:error] [pid 81896] [client 13.75.54.243:0] script '/domains/hpveweb/defaults.php' not found or unable to stat
[Sat Jan 31 06:21:20.731254 2026] [php:error] [pid 81888] [client 74.248.24.238:0] script '/domains/brenties/class.php' not found or unable to stat
[Sat Jan 31 06:21:21.029390 2026] [php:error] [pid 81888] [client 74.248.24.238:0] script '/domains/brenties/gec.php' not found or unable to stat
[Sat Jan 31 06:21:21.133584 2026] [php:error] [pid 81888] [client 74.248.24.238:0] script '/domains/brenties/f35.php' not found or unable to stat
[Sat Jan 31 06:21:21.433628 2026] [php:error] [pid 81888] [client 74.248.24.238:0] script '/domains/brenties/pp.php' not found or unable to stat
[Sat Jan 31 06:21:21.707987 2026] [php:error] [pid 81896] [client 13.75.54.243:0] script '/domains/hpveweb/info.php' not found or unable to stat
[Sat Jan 31 06:21:21.817182 2026] [php:error] [pid 81888] [client 74.248.24.238:0] script '/domains/brenties/lock360.php' not found or unable to stat
[Sat Jan 31 06:21:21.915811 2026] [php:error] [pid 81888] [client 74.248.24.238:0] script '/domains/brenties/as.php' not found or unable to stat
[Sat Jan 31 06:21:22.034718 2026] [php:error] [pid 81888] [client 74.248.24.238:0] script '/domains/brenties/class-t.api.php' not found or unable to stat
[Sat Jan 31 06:21:22.133184 2026] [php:error] [pid 81888] [client 74.248.24.238:0] script '/domains/brenties/bipas.php' not found or unable to stat
[Sat Jan 31 06:21:22.286932 2026] [php:error] [pid 81888] [client 74.248.24.238:0] script '/domains/brenties/shoyo.php' not found or unable to stat
[Sat Jan 31 06:21:22.385168 2026] [php:error] [pid 81888] [client 74.248.24.238:0] script '/domains/brenties/admin.php' not found or unable to stat
[Sat Jan 31 06:21:22.483977 2026] [php:error] [pid 81888] [client 74.248.24.238:0] script '/domains/brenties/ar.php' not found or unable to stat
[Sat Jan 31 06:21:23.178515 2026] [php:error] [pid 81896] [client 13.75.54.243:0] script '/domains/hpveweb/adminfuns.php' not found or unable to stat
[Sat Jan 31 06:21:25.459227 2026] [php:error] [pid 81893] [client 74.248.24.238:0] script '/domains/brenties/blurbs18.php' not found or unable to stat
[Sat Jan 31 06:21:25.561461 2026] [php:error] [pid 81893] [client 74.248.24.238:0] script '/domains/brenties/radio.php' not found or unable to stat
[Sat Jan 31 06:21:25.690885 2026] [php:error] [pid 81893] [client 74.248.24.238:0] script '/domains/brenties/wp-good.php' not found or unable to stat
[Sat Jan 31 06:21:25.794686 2026] [php:error] [pid 81893] [client 74.248.24.238:0] script '/domains/brenties/bless14.php' not found or unable to stat
[Sat Jan 31 06:21:25.898864 2026] [php:error] [pid 81893] [client 74.248.24.238:0] script '/domains/brenties/ol.php' not found or unable to stat
[Sat Jan 31 06:21:27.078997 2026] [php:error] [pid 81893] [client 74.248.24.238:0] script '/domains/brenties/init.php' not found or unable to stat
[Sat Jan 31 06:21:27.406049 2026] [php:error] [pid 81893] [client 74.248.24.238:0] script '/domains/brenties/about.php' not found or unable to stat
[Sat Jan 31 06:21:27.615340 2026] [php:error] [pid 81893] [client 74.248.24.238:0] script '/domains/brenties/k.php' not found or unable to stat
[Sat Jan 31 06:21:27.757629 2026] [php:error] [pid 81893] [client 74.248.24.238:0] script '/domains/brenties/bless.php' not found or unable to stat
[Sat Jan 31 06:21:27.860597 2026] [php:error] [pid 81893] [client 74.248.24.238:0] script '/domains/brenties/X7x.php' not found or unable to stat
[Sat Jan 31 06:21:27.970504 2026] [php:error] [pid 81893] [client 74.248.24.238:0] script '/domains/brenties/class20.php' not found or unable to stat
[Sat Jan 31 06:21:28.082733 2026] [php:error] [pid 81893] [client 74.248.24.238:0] script '/domains/brenties/lock360.php' not found or unable to stat
[Sat Jan 31 06:21:28.297945 2026] [php:error] [pid 81893] [client 74.248.24.238:0] script '/domains/brenties/themes.php' not found or unable to stat
[Sat Jan 31 06:21:28.404554 2026] [php:error] [pid 81893] [client 74.248.24.238:0] script '/domains/brenties/gifclass4.php' not found or unable to stat
[Sat Jan 31 06:21:28.535331 2026] [php:error] [pid 81893] [client 74.248.24.238:0] script '/domains/brenties/xvent.php' not found or unable to stat
[Sat Jan 31 06:21:28.833025 2026] [php:error] [pid 81893] [client 74.248.24.238:0] script '/domains/brenties/class19.php' not found or unable to stat
[Sat Jan 31 06:21:28.957446 2026] [php:error] [pid 81893] [client 74.248.24.238:0] script '/domains/brenties/166.php' not found or unable to stat
[Sat Jan 31 06:21:29.125180 2026] [php:error] [pid 81893] [client 74.248.24.238:0] script '/domains/brenties/bypass.php' not found or unable to stat
[Sat Jan 31 06:21:29.227535 2026] [php:error] [pid 81893] [client 74.248.24.238:0] script '/domains/brenties/plss3.php' not found or unable to stat
[Sat Jan 31 06:21:29.336839 2026] [php:error] [pid 81893] [client 74.248.24.238:0] script '/domains/brenties/t.php' not found or unable to stat
[Sat Jan 31 06:21:29.439083 2026] [php:error] [pid 81893] [client 74.248.24.238:0] script '/domains/brenties/xfile25.php' not found or unable to stat
[Sat Jan 31 06:21:29.672275 2026] [php:error] [pid 81893] [client 74.248.24.238:0] script '/domains/brenties/geck.php' not found or unable to stat
[Sat Jan 31 06:21:37.405424 2026] [php:error] [pid 81888] [client 74.248.24.238:0] script '/domains/brenties/wp-update.php' not found or unable to stat
[Sat Jan 31 06:21:37.526066 2026] [php:error] [pid 81888] [client 74.248.24.238:0] script '/domains/brenties/a.php' not found or unable to stat
[Sat Jan 31 06:21:37.628770 2026] [php:error] [pid 81888] [client 74.248.24.238:0] script '/domains/brenties/admins.php' not found or unable to stat
[Sat Jan 31 06:21:37.744473 2026] [php:error] [pid 81888] [client 74.248.24.238:0] script '/domains/brenties/wp-configs.php' not found or unable to stat
[Sat Jan 31 06:21:37.846977 2026] [php:error] [pid 81888] [client 74.248.24.238:0] script '/domains/brenties/temp.php' not found or unable to stat
[Sat Jan 31 06:21:37.949697 2026] [php:error] [pid 81888] [client 74.248.24.238:0] script '/domains/brenties/wp.php' not found or unable to stat
[Sat Jan 31 06:21:38.053659 2026] [php:error] [pid 81888] [client 74.248.24.238:0] script '/domains/brenties/main.php' not found or unable to stat
[Sat Jan 31 06:21:38.156158 2026] [php:error] [pid 81888] [client 74.248.24.238:0] script '/domains/brenties/a1.php' not found or unable to stat
[Sat Jan 31 06:21:38.259901 2026] [php:error] [pid 81888] [client 74.248.24.238:0] script '/domains/brenties/class.1.php' not found or unable to stat
[Sat Jan 31 06:21:38.362226 2026] [php:error] [pid 81888] [client 74.248.24.238:0] script '/domains/brenties/lala.php' not found or unable to stat
[Sat Jan 31 06:21:38.553254 2026] [php:error] [pid 81888] [client 74.248.24.238:0] script '/domains/brenties/aaa.php' not found or unable to stat
[Sat Jan 31 06:21:38.693111 2026] [php:error] [pid 81888] [client 74.248.24.238:0] script '/domains/brenties/a2.php' not found or unable to stat
[Sat Jan 31 06:21:39.708787 2026] [php:error] [pid 81888] [client 74.248.24.238:0] script '/domains/brenties/to.php' not found or unable to stat
[Sat Jan 31 06:21:39.874152 2026] [php:error] [pid 81888] [client 74.248.24.238:0] script '/domains/brenties/class-admin.php' not found or unable to stat
[Sat Jan 31 06:21:39.982540 2026] [php:error] [pid 81888] [client 74.248.24.238:0] script '/domains/brenties/nyan.php' not found or unable to stat
[Sat Jan 31 06:22:09.257042 2026] [php:error] [pid 81897] [client 74.248.24.238:0] script '/domains/system_default/baidu.php' not found or unable to stat
[Sat Jan 31 06:22:09.361833 2026] [php:error] [pid 81897] [client 74.248.24.238:0] script '/domains/system_default/eT.php' not found or unable to stat
[Sat Jan 31 06:22:09.463523 2026] [php:error] [pid 81897] [client 74.248.24.238:0] script '/domains/system_default/an9.php' not found or unable to stat
[Sat Jan 31 06:22:09.572055 2026] [php:error] [pid 81897] [client 74.248.24.238:0] script '/domains/system_default/iwivi.php' not found or unable to stat
[Sat Jan 31 06:22:09.802570 2026] [php:error] [pid 81897] [client 74.248.24.238:0] script '/domains/system_default/155.php' not found or unable to stat
[Sat Jan 31 06:22:10.862208 2026] [php:error] [pid 81897] [client 74.248.24.238:0] script '/domains/system_default/bf.php' not found or unable to stat
[Sat Jan 31 06:22:10.962353 2026] [php:error] [pid 81897] [client 74.248.24.238:0] script '/domains/system_default/nw.php' not found or unable to stat
[Sat Jan 31 06:22:11.061974 2026] [php:error] [pid 81897] [client 74.248.24.238:0] script '/domains/system_default/2026.php' not found or unable to stat
[Sat Jan 31 06:22:11.161403 2026] [php:error] [pid 81897] [client 74.248.24.238:0] script '/domains/system_default/Jcrop.php' not found or unable to stat
[Sat Jan 31 06:22:11.514661 2026] [php:error] [pid 81897] [client 74.248.24.238:0] script '/domains/system_default/xfile25.php' not found or unable to stat
[Sat Jan 31 06:22:11.622123 2026] [php:error] [pid 81897] [client 74.248.24.238:0] script '/domains/system_default/ok.php' not found or unable to stat
[Sat Jan 31 06:22:11.743990 2026] [php:error] [pid 81897] [client 74.248.24.238:0] script '/domains/system_default/tourpa.php' not found or unable to stat
[Sat Jan 31 06:22:11.893470 2026] [php:error] [pid 81897] [client 74.248.24.238:0] script '/domains/system_default/il.php' not found or unable to stat
[Sat Jan 31 06:22:12.084858 2026] [php:error] [pid 81897] [client 74.248.24.238:0] script '/domains/system_default/muzu.php' not found or unable to stat
[Sat Jan 31 06:22:12.184992 2026] [php:error] [pid 81897] [client 74.248.24.238:0] script '/domains/system_default/sd.php' not found or unable to stat
[Sat Jan 31 06:22:12.306515 2026] [php:error] [pid 81897] [client 74.248.24.238:0] script '/domains/system_default/fi.php' not found or unable to stat
[Sat Jan 31 06:22:12.588003 2026] [php:error] [pid 81897] [client 74.248.24.238:0] script '/domains/system_default/zfe.php' not found or unable to stat
[Sat Jan 31 06:22:12.705168 2026] [php:error] [pid 81897] [client 74.248.24.238:0] script '/domains/system_default/jsond.php' not found or unable to stat
[Sat Jan 31 06:22:12.832101 2026] [php:error] [pid 81897] [client 74.248.24.238:0] script '/domains/system_default/aa2.php' not found or unable to stat
[Sat Jan 31 06:22:13.020204 2026] [php:error] [pid 81897] [client 74.248.24.238:0] script '/domains/system_default/reze.php' not found or unable to stat
[Sat Jan 31 06:22:13.219212 2026] [php:error] [pid 81897] [client 74.248.24.238:0] script '/domains/system_default/ph33w.php' not found or unable to stat
[Sat Jan 31 06:22:13.318965 2026] [php:error] [pid 81897] [client 74.248.24.238:0] script '/domains/system_default/styll.php' not found or unable to stat
[Sat Jan 31 06:22:13.432426 2026] [php:error] [pid 81897] [client 74.248.24.238:0] script '/domains/system_default/it.php' not found or unable to stat
[Sat Jan 31 06:22:13.983966 2026] [php:error] [pid 81897] [client 74.248.24.238:0] script '/domains/system_default/wwx.php' not found or unable to stat
[Sat Jan 31 06:22:14.169047 2026] [php:error] [pid 81897] [client 74.248.24.238:0] script '/domains/system_default/x7.php' not found or unable to stat
[Sat Jan 31 06:22:14.289800 2026] [php:error] [pid 81897] [client 74.248.24.238:0] script '/domains/system_default/1a.php' not found or unable to stat
[Sat Jan 31 06:22:14.400960 2026] [php:error] [pid 81897] [client 74.248.24.238:0] script '/domains/system_default/thebe.php' not found or unable to stat
[Sat Jan 31 06:22:14.503309 2026] [php:error] [pid 81897] [client 74.248.24.238:0] script '/domains/system_default/ddd.php' not found or unable to stat
[Sat Jan 31 06:22:14.603221 2026] [php:error] [pid 81897] [client 74.248.24.238:0] script '/domains/system_default/ccs.php' not found or unable to stat
[Sat Jan 31 06:22:14.702963 2026] [php:error] [pid 81897] [client 74.248.24.238:0] script '/domains/system_default/sad5.php' not found or unable to stat
[Sat Jan 31 06:22:14.833425 2026] [php:error] [pid 81897] [client 74.248.24.238:0] script '/domains/system_default/xvde.php' not found or unable to stat
[Sat Jan 31 06:22:15.251602 2026] [php:error] [pid 81897] [client 74.248.24.238:0] script '/domains/system_default/f355.php' not found or unable to stat
[Sat Jan 31 06:22:15.359959 2026] [php:error] [pid 81897] [client 74.248.24.238:0] script '/domains/system_default/bgymj.php' not found or unable to stat
[Sat Jan 31 06:22:15.737033 2026] [php:error] [pid 81897] [client 74.248.24.238:0] script '/domains/system_default/wp-mt.php' not found or unable to stat
[Sat Jan 31 06:22:16.059379 2026] [php:error] [pid 81897] [client 74.248.24.238:0] script '/domains/system_default/lala.php' not found or unable to stat
[Sat Jan 31 06:22:16.169682 2026] [php:error] [pid 81897] [client 74.248.24.238:0] script '/domains/system_default/8xyz.php' not found or unable to stat
[Sat Jan 31 06:22:16.269054 2026] [php:error] [pid 81897] [client 74.248.24.238:0] script '/domains/system_default/la.php' not found or unable to stat
[Sat Jan 31 06:22:16.371134 2026] [php:error] [pid 81897] [client 74.248.24.238:0] script '/domains/system_default/ioxi.php' not found or unable to stat
[Sat Jan 31 06:22:16.475654 2026] [php:error] [pid 81897] [client 74.248.24.238:0] script '/domains/system_default/xpwer1.php' not found or unable to stat
[Sat Jan 31 06:22:16.677128 2026] [php:error] [pid 81897] [client 74.248.24.238:0] script '/domains/system_default/about.php' not found or unable to stat
[Sat Jan 31 06:22:17.019426 2026] [php:error] [pid 81897] [client 74.248.24.238:0] script '/domains/system_default/la.php' not found or unable to stat
[Sat Jan 31 06:22:17.320600 2026] [php:error] [pid 81897] [client 74.248.24.238:0] script '/domains/system_default/admin.php' not found or unable to stat
[Sat Jan 31 06:22:17.718820 2026] [php:error] [pid 81897] [client 74.248.24.238:0] script '/domains/system_default/info.php' not found or unable to stat
[Sat Jan 31 06:22:17.897537 2026] [php:error] [pid 81897] [client 74.248.24.238:0] script '/domains/system_default/about.php' not found or unable to stat
[Sat Jan 31 06:22:18.096876 2026] [php:error] [pid 81897] [client 74.248.24.238:0] script '/domains/system_default/ss1.php' not found or unable to stat
[Sat Jan 31 06:22:18.295948 2026] [php:error] [pid 81897] [client 74.248.24.238:0] script '/domains/system_default/goods.php' not found or unable to stat
[Sat Jan 31 06:22:18.426588 2026] [php:error] [pid 81897] [client 74.248.24.238:0] script '/domains/system_default/222.php' not found or unable to stat
[Sat Jan 31 06:22:18.543278 2026] [php:error] [pid 81897] [client 74.248.24.238:0] script '/domains/system_default/abcd.php' not found or unable to stat
[Sat Jan 31 06:22:18.844282 2026] [php:error] [pid 81897] [client 74.248.24.238:0] script '/domains/system_default/adminfuns.php' not found or unable to stat
[Sat Jan 31 06:22:18.945751 2026] [php:error] [pid 81897] [client 74.248.24.238:0] script '/domains/system_default/ioxi-o.php' not found or unable to stat
[Sat Jan 31 06:22:19.216495 2026] [php:error] [pid 81897] [client 74.248.24.238:0] script '/domains/system_default/goat.php' not found or unable to stat
[Sat Jan 31 06:22:19.581318 2026] [php:error] [pid 81897] [client 74.248.24.238:0] script '/domains/system_default/xx.php' not found or unable to stat
[Sat Jan 31 06:22:19.901381 2026] [php:error] [pid 81897] [client 74.248.24.238:0] script '/domains/system_default/f5.php' not found or unable to stat
[Sat Jan 31 06:22:20.009321 2026] [php:error] [pid 81897] [client 74.248.24.238:0] script '/domains/system_default/doc.php' not found or unable to stat
[Sat Jan 31 06:22:20.162821 2026] [php:error] [pid 81897] [client 74.248.24.238:0] script '/domains/system_default/xtride.php' not found or unable to stat
[Sat Jan 31 06:22:20.335313 2026] [php:error] [pid 81897] [client 74.248.24.238:0] script '/domains/system_default/flower.php' not found or unable to stat
[Sat Jan 31 06:22:20.509044 2026] [php:error] [pid 81897] [client 74.248.24.238:0] script '/domains/system_default/f6.php' not found or unable to stat
[Sat Jan 31 06:22:20.678434 2026] [php:error] [pid 81897] [client 74.248.24.238:0] script '/domains/system_default/edit.php' not found or unable to stat
[Sat Jan 31 06:22:20.780282 2026] [php:error] [pid 81897] [client 74.248.24.238:0] script '/domains/system_default/aa.php' not found or unable to stat
[Sat Jan 31 06:22:20.884685 2026] [php:error] [pid 81897] [client 74.248.24.238:0] script '/domains/system_default/ext.php' not found or unable to stat
[Sat Jan 31 06:22:21.244333 2026] [php:error] [pid 81897] [client 74.248.24.238:0] script '/domains/system_default/av.php' not found or unable to stat
[Sat Jan 31 06:22:21.556685 2026] [php:error] [pid 81897] [client 74.248.24.238:0] script '/domains/system_default/wsd.php' not found or unable to stat
[Sat Jan 31 06:22:21.681031 2026] [php:error] [pid 81897] [client 74.248.24.238:0] script '/domains/system_default/jane.php' not found or unable to stat
[Sat Jan 31 06:22:21.780453 2026] [php:error] [pid 81897] [client 74.248.24.238:0] script '/domains/system_default/classwithtostring.php' not found or unable to stat
[Sat Jan 31 06:22:22.082071 2026] [php:error] [pid 81897] [client 74.248.24.238:0] script '/domains/system_default/css.php' not found or unable to stat
[Sat Jan 31 06:22:22.293238 2026] [php:error] [pid 81897] [client 74.248.24.238:0] script '/domains/system_default/alfa.php' not found or unable to stat
[Sat Jan 31 06:22:22.393451 2026] [php:error] [pid 81897] [client 74.248.24.238:0] script '/domains/system_default/wen.php' not found or unable to stat
[Sat Jan 31 06:22:22.599432 2026] [php:error] [pid 81897] [client 74.248.24.238:0] script '/domains/system_default/x.php' not found or unable to stat
[Sat Jan 31 06:22:22.699019 2026] [php:error] [pid 81897] [client 74.248.24.238:0] script '/domains/system_default/xxxx.php' not found or unable to stat
[Sat Jan 31 06:22:22.826622 2026] [php:error] [pid 81897] [client 74.248.24.238:0] script '/domains/system_default/class.php' not found or unable to stat
[Sat Jan 31 06:22:23.077257 2026] [php:error] [pid 81897] [client 74.248.24.238:0] script '/domains/system_default/gec.php' not found or unable to stat
[Sat Jan 31 06:22:23.185109 2026] [php:error] [pid 81897] [client 74.248.24.238:0] script '/domains/system_default/f35.php' not found or unable to stat
[Sat Jan 31 06:22:23.388064 2026] [php:error] [pid 81888] [client 20.63.209.182:0] script '/domains/system_default/autoload_classmap.php' not found or unable to stat
[Sat Jan 31 06:22:23.462623 2026] [php:error] [pid 81897] [client 74.248.24.238:0] script '/domains/system_default/pp.php' not found or unable to stat
[Sat Jan 31 06:22:23.602167 2026] [php:error] [pid 81888] [client 20.63.209.182:0] script '/domains/system_default/post.php' not found or unable to stat
[Sat Jan 31 06:22:23.882442 2026] [php:error] [pid 81897] [client 74.248.24.238:0] script '/domains/system_default/lock360.php' not found or unable to stat
[Sat Jan 31 06:22:24.163241 2026] [php:error] [pid 81897] [client 74.248.24.238:0] script '/domains/system_default/as.php' not found or unable to stat
[Sat Jan 31 06:22:24.274422 2026] [php:error] [pid 81897] [client 74.248.24.238:0] script '/domains/system_default/class-t.api.php' not found or unable to stat
[Sat Jan 31 06:22:24.384444 2026] [php:error] [pid 81897] [client 74.248.24.238:0] script '/domains/system_default/bipas.php' not found or unable to stat
[Sat Jan 31 06:22:24.484277 2026] [php:error] [pid 81897] [client 74.248.24.238:0] script '/domains/system_default/shoyo.php' not found or unable to stat
[Sat Jan 31 06:22:24.612168 2026] [php:error] [pid 81888] [client 20.63.209.182:0] script '/domains/system_default/1.php' not found or unable to stat
[Sat Jan 31 06:22:24.624647 2026] [php:error] [pid 81897] [client 74.248.24.238:0] script '/domains/system_default/admin.php' not found or unable to stat
[Sat Jan 31 06:22:24.724688 2026] [php:error] [pid 81897] [client 74.248.24.238:0] script '/domains/system_default/ar.php' not found or unable to stat
[Sat Jan 31 06:22:25.213363 2026] [php:error] [pid 81888] [client 20.63.209.182:0] script '/domains/system_default/flower.php' not found or unable to stat
[Sat Jan 31 06:22:25.669496 2026] [php:error] [pid 81888] [client 20.63.209.182:0] script '/domains/system_default/admin.php' not found or unable to stat
[Sat Jan 31 06:22:25.710155 2026] [php:error] [pid 81898] [client 74.248.24.238:0] script '/domains/system_default/blurbs18.php' not found or unable to stat
[Sat Jan 31 06:22:25.813681 2026] [php:error] [pid 81898] [client 74.248.24.238:0] script '/domains/system_default/radio.php' not found or unable to stat
[Sat Jan 31 06:22:25.846812 2026] [php:error] [pid 81888] [client 20.63.209.182:0] script '/domains/system_default/file.php' not found or unable to stat
[Sat Jan 31 06:22:25.919707 2026] [php:error] [pid 81898] [client 74.248.24.238:0] script '/domains/system_default/wp-good.php' not found or unable to stat
[Sat Jan 31 06:22:26.136977 2026] [php:error] [pid 81898] [client 74.248.24.238:0] script '/domains/system_default/bless14.php' not found or unable to stat
[Sat Jan 31 06:22:26.298789 2026] [php:error] [pid 81898] [client 74.248.24.238:0] script '/domains/system_default/ol.php' not found or unable to stat
[Sat Jan 31 06:22:26.909701 2026] [php:error] [pid 81888] [client 20.63.209.182:0] script '/domains/system_default/meta.php' not found or unable to stat
[Sat Jan 31 06:22:27.112704 2026] [php:error] [pid 81898] [client 74.248.24.238:0] script '/domains/system_default/init.php' not found or unable to stat
[Sat Jan 31 06:22:27.167852 2026] [php:error] [pid 81888] [client 20.63.209.182:0] script '/domains/system_default/index.php' not found or unable to stat
[Sat Jan 31 06:22:27.354725 2026] [php:error] [pid 81898] [client 74.248.24.238:0] script '/domains/system_default/about.php' not found or unable to stat
[Sat Jan 31 06:22:27.399834 2026] [php:error] [pid 81888] [client 20.63.209.182:0] script '/domains/system_default/abcd.php' not found or unable to stat
[Sat Jan 31 06:22:27.466270 2026] [php:error] [pid 81898] [client 74.248.24.238:0] script '/domains/system_default/k.php' not found or unable to stat
[Sat Jan 31 06:22:27.790263 2026] [php:error] [pid 81898] [client 74.248.24.238:0] script '/domains/system_default/bless.php' not found or unable to stat
[Sat Jan 31 06:22:27.921254 2026] [php:error] [pid 81898] [client 74.248.24.238:0] script '/domains/system_default/X7x.php' not found or unable to stat
[Sat Jan 31 06:22:28.025235 2026] [php:error] [pid 81898] [client 74.248.24.238:0] script '/domains/system_default/class20.php' not found or unable to stat
[Sat Jan 31 06:22:28.266343 2026] [php:error] [pid 81898] [client 74.248.24.238:0] script '/domains/system_default/lock360.php' not found or unable to stat
[Sat Jan 31 06:22:28.692983 2026] [php:error] [pid 81898] [client 74.248.24.238:0] script '/domains/system_default/themes.php' not found or unable to stat
[Sat Jan 31 06:22:28.949582 2026] [php:error] [pid 81898] [client 74.248.24.238:0] script '/domains/system_default/gifclass4.php' not found or unable to stat
[Sat Jan 31 06:22:29.045570 2026] [php:error] [pid 81888] [client 20.63.209.182:0] script '/domains/system_default/about.php' not found or unable to stat
[Sat Jan 31 06:22:29.057631 2026] [php:error] [pid 81898] [client 74.248.24.238:0] script '/domains/system_default/xvent.php' not found or unable to stat
[Sat Jan 31 06:22:29.160971 2026] [php:error] [pid 81898] [client 74.248.24.238:0] script '/domains/system_default/class19.php' not found or unable to stat
[Sat Jan 31 06:22:29.267601 2026] [php:error] [pid 81898] [client 74.248.24.238:0] script '/domains/system_default/166.php' not found or unable to stat
[Sat Jan 31 06:22:29.385614 2026] [php:error] [pid 81898] [client 74.248.24.238:0] script '/domains/system_default/bypass.php' not found or unable to stat
[Sat Jan 31 06:22:29.507104 2026] [php:error] [pid 81898] [client 74.248.24.238:0] script '/domains/system_default/plss3.php' not found or unable to stat
[Sat Jan 31 06:22:29.610624 2026] [php:error] [pid 81898] [client 74.248.24.238:0] script '/domains/system_default/t.php' not found or unable to stat
[Sat Jan 31 06:22:29.713924 2026] [php:error] [pid 81898] [client 74.248.24.238:0] script '/domains/system_default/xfile25.php' not found or unable to stat
[Sat Jan 31 06:22:29.985711 2026] [php:error] [pid 81898] [client 74.248.24.238:0] script '/domains/system_default/geck.php' not found or unable to stat
[Sat Jan 31 06:22:30.089902 2026] [php:error] [pid 81898] [client 74.248.24.238:0] script '/domains/system_default/wp-update.php' not found or unable to stat
[Sat Jan 31 06:22:30.165472 2026] [php:error] [pid 81888] [client 20.63.209.182:0] script '/domains/system_default/randkeyword.php' not found or unable to stat
[Sat Jan 31 06:22:30.369110 2026] [php:error] [pid 81888] [client 20.63.209.182:0] script '/domains/system_default/goods.php' not found or unable to stat
[Sat Jan 31 06:22:31.397265 2026] [php:error] [pid 81888] [client 20.63.209.182:0] script '/domains/system_default/hehe.php' not found or unable to stat
[Sat Jan 31 06:22:31.520277 2026] [php:error] [pid 81898] [client 74.248.24.238:0] script '/domains/system_default/admins.php' not found or unable to stat
[Sat Jan 31 06:22:31.568150 2026] [php:error] [pid 81888] [client 20.63.209.182:0] script '/domains/system_default/user.php' not found or unable to stat
[Sat Jan 31 06:22:31.734493 2026] [php:error] [pid 81898] [client 74.248.24.238:0] script '/domains/system_default/wp-configs.php' not found or unable to stat
[Sat Jan 31 06:22:32.079538 2026] [php:error] [pid 81898] [client 74.248.24.238:0] script '/domains/system_default/temp.php' not found or unable to stat
[Sat Jan 31 06:22:32.183014 2026] [php:error] [pid 81898] [client 74.248.24.238:0] script '/domains/system_default/wp.php' not found or unable to stat
[Sat Jan 31 06:22:32.286885 2026] [php:error] [pid 81898] [client 74.248.24.238:0] script '/domains/system_default/main.php' not found or unable to stat
[Sat Jan 31 06:22:32.391937 2026] [php:error] [pid 81898] [client 74.248.24.238:0] script '/domains/system_default/a1.php' not found or unable to stat
[Sat Jan 31 06:22:32.551252 2026] [php:error] [pid 81898] [client 74.248.24.238:0] script '/domains/system_default/class.1.php' not found or unable to stat
[Sat Jan 31 06:22:32.574963 2026] [php:error] [pid 81888] [client 20.63.209.182:0] script '/domains/system_default/wp-2019.php' not found or unable to stat
[Sat Jan 31 06:22:32.721003 2026] [php:error] [pid 81898] [client 74.248.24.238:0] script '/domains/system_default/lala.php' not found or unable to stat
[Sat Jan 31 06:22:32.831103 2026] [php:error] [pid 81898] [client 74.248.24.238:0] script '/domains/system_default/aaa.php' not found or unable to stat
[Sat Jan 31 06:22:32.934705 2026] [php:error] [pid 81898] [client 74.248.24.238:0] script '/domains/system_default/a2.php' not found or unable to stat
[Sat Jan 31 06:22:33.568195 2026] [php:error] [pid 81888] [client 20.63.209.182:0] script '/domains/system_default/chosen.php' not found or unable to stat
[Sat Jan 31 06:22:33.712887 2026] [php:error] [pid 81898] [client 74.248.24.238:0] script '/domains/system_default/to.php' not found or unable to stat
[Sat Jan 31 06:22:33.818196 2026] [php:error] [pid 81898] [client 74.248.24.238:0] script '/domains/system_default/class-admin.php' not found or unable to stat
[Sat Jan 31 06:22:33.849477 2026] [php:error] [pid 81888] [client 20.63.209.182:0] script '/domains/system_default/functions.php' not found or unable to stat
[Sat Jan 31 06:22:33.927919 2026] [php:error] [pid 81898] [client 74.248.24.238:0] script '/domains/system_default/nyan.php' not found or unable to stat
[Sat Jan 31 06:22:34.652660 2026] [php:error] [pid 81888] [client 20.63.209.182:0] script '/domains/system_default/cron.php' not found or unable to stat
[Sat Jan 31 06:22:35.634807 2026] [php:error] [pid 81888] [client 20.63.209.182:0] script '/domains/system_default/edit.php' not found or unable to stat
[Sat Jan 31 06:22:36.419738 2026] [php:error] [pid 81888] [client 20.63.209.182:0] script '/domains/system_default/gecko-new.php' not found or unable to stat
[Sat Jan 31 06:22:37.152428 2026] [php:error] [pid 81888] [client 20.63.209.182:0] script '/domains/system_default/cookie.php' not found or unable to stat
[Sat Jan 31 06:22:38.086565 2026] [php:error] [pid 81888] [client 20.63.209.182:0] script '/domains/system_default/xleet.php' not found or unable to stat
[Sat Jan 31 06:22:39.525650 2026] [php:error] [pid 81888] [client 20.63.209.182:0] script '/domains/system_default/spip.php' not found or unable to stat
[Sat Jan 31 06:22:39.722625 2026] [php:error] [pid 81888] [client 20.63.209.182:0] script '/domains/system_default/22.php' not found or unable to stat
[Sat Jan 31 06:22:39.945704 2026] [php:error] [pid 81888] [client 20.63.209.182:0] script '/domains/system_default/room.php' not found or unable to stat
[Sat Jan 31 06:22:40.145500 2026] [php:error] [pid 81888] [client 20.63.209.182:0] script '/domains/system_default/disagreed.php' not found or unable to stat
[Sat Jan 31 06:22:40.329506 2026] [php:error] [pid 81888] [client 20.63.209.182:0] script '/domains/system_default/text.php' not found or unable to stat
[Sat Jan 31 06:22:41.631701 2026] [php:error] [pid 81888] [client 20.63.209.182:0] script '/domains/system_default/alfa-rex.php' not found or unable to stat
[Sat Jan 31 06:22:43.086147 2026] [php:error] [pid 81888] [client 20.63.209.182:0] script '/domains/system_default/feeds.php' not found or unable to stat
[Sat Jan 31 06:22:43.258418 2026] [php:error] [pid 81888] [client 20.63.209.182:0] script '/domains/system_default/radio.php' not found or unable to stat
[Sat Jan 31 06:22:43.459733 2026] [php:error] [pid 81888] [client 20.63.209.182:0] script '/domains/system_default/dropdown.php' not found or unable to stat
[Sat Jan 31 06:22:43.639903 2026] [php:error] [pid 81888] [client 20.63.209.182:0] script '/domains/system_default/defaults.php' not found or unable to stat
[Sat Jan 31 06:22:43.819340 2026] [php:error] [pid 81888] [client 20.63.209.182:0] script '/domains/system_default/system.php' not found or unable to stat
[Sat Jan 31 06:22:44.014486 2026] [php:error] [pid 81888] [client 20.63.209.182:0] script '/domains/system_default/xmlrpc.php' not found or unable to stat
[Sat Jan 31 06:22:45.379701 2026] [php:error] [pid 81888] [client 20.63.209.182:0] script '/domains/system_default/colors.php' not found or unable to stat
[Sat Jan 31 06:22:45.598500 2026] [php:error] [pid 81888] [client 20.63.209.182:0] script '/domains/system_default/updates.php' not found or unable to stat
[Sat Jan 31 06:22:46.424546 2026] [php:error] [pid 81888] [client 20.63.209.182:0] script '/domains/system_default/alfa-rex1.php' not found or unable to stat
[Sat Jan 31 06:22:46.621820 2026] [php:error] [pid 81888] [client 20.63.209.182:0] script '/domains/system_default/wp-index.php' not found or unable to stat
[Sat Jan 31 06:22:47.532136 2026] [php:error] [pid 81888] [client 20.63.209.182:0] script '/domains/system_default/wp-admin.php' not found or unable to stat
[Sat Jan 31 06:22:47.731316 2026] [php:error] [pid 81888] [client 20.63.209.182:0] script '/domains/system_default/alfa.php' not found or unable to stat
[Sat Jan 31 06:22:49.380550 2026] [php:error] [pid 81888] [client 20.63.209.182:0] script '/domains/system_default/locale.php' not found or unable to stat
[Sat Jan 31 06:22:49.575759 2026] [php:error] [pid 81888] [client 20.63.209.182:0] script '/domains/system_default/wxo.php' not found or unable to stat
[Sat Jan 31 06:22:50.178494 2026] [php:error] [pid 81888] [client 20.63.209.182:0] script '/domains/system_default/colour.php' not found or unable to stat
[Sat Jan 31 06:22:51.387719 2026] [php:error] [pid 81888] [client 20.63.209.182:0] script '/domains/system_default/files.php' not found or unable to stat
[Sat Jan 31 06:22:52.762969 2026] [php:error] [pid 81888] [client 20.63.209.182:0] script '/domains/system_default/install.php' not found or unable to stat
[Sat Jan 31 06:22:52.998978 2026] [php:error] [pid 81888] [client 20.63.209.182:0] script '/domains/system_default/wp-contentt.php' not found or unable to stat
[Sat Jan 31 06:22:53.625847 2026] [php:error] [pid 81888] [client 20.63.209.182:0] script '/domains/system_default/config.php' not found or unable to stat
[Sat Jan 31 06:22:53.817603 2026] [php:error] [pid 81888] [client 20.63.209.182:0] script '/domains/system_default/theme.php' not found or unable to stat
[Sat Jan 31 06:22:54.777840 2026] [php:error] [pid 81888] [client 20.63.209.182:0] script '/domains/system_default/block-bindings.php' not found or unable to stat
[Sat Jan 31 06:22:54.951722 2026] [php:error] [pid 81888] [client 20.63.209.182:0] script '/domains/system_default/class_api.php' not found or unable to stat
[Sat Jan 31 06:22:55.483996 2026] [php:error] [pid 81888] [client 20.63.209.182:0] script '/domains/system_default/inputs.php' not found or unable to stat
[Sat Jan 31 06:22:56.264609 2026] [php:error] [pid 81888] [client 20.63.209.182:0] script '/domains/system_default/root.php' not found or unable to stat
[Sat Jan 31 06:22:56.439992 2026] [php:error] [pid 81888] [client 20.63.209.182:0] script '/domains/system_default/menu.php' not found or unable to stat
[Sat Jan 31 06:22:56.870192 2026] [php:error] [pid 81888] [client 20.63.209.182:0] script '/domains/system_default/plugin.php' not found or unable to stat
[Sat Jan 31 06:22:57.069668 2026] [php:error] [pid 81888] [client 20.63.209.182:0] script '/domains/system_default/cloud.php' not found or unable to stat
[Sat Jan 31 06:22:57.245456 2026] [php:error] [pid 81888] [client 20.63.209.182:0] script '/domains/system_default/configs.php' not found or unable to stat
[Sat Jan 31 06:22:57.248405 2026] [php:error] [pid 81897] [client 194.180.49.39:0] script '/domains/nsmd2/wp-login.php' not found or unable to stat
[Sat Jan 31 06:22:57.454859 2026] [php:error] [pid 81888] [client 20.63.209.182:0] script '/domains/system_default/wp-configs.php' not found or unable to stat
[Sat Jan 31 06:22:57.510353 2026] [php:error] [pid 81898] [client 194.180.49.39:0] script '/domains/nsmd2/wp-login.php' not found or unable to stat, referer: https://www.facebook.com/
[Sat Jan 31 06:22:58.848182 2026] [php:error] [pid 81888] [client 20.63.209.182:0] script '/domains/system_default/update.php' not found or unable to stat
[Sat Jan 31 06:22:59.067420 2026] [php:error] [pid 81888] [client 20.63.209.182:0] script '/domains/system_default/2.php' not found or unable to stat
[Sat Jan 31 06:22:59.270905 2026] [php:error] [pid 81888] [client 20.63.209.182:0] script '/domains/system_default/input.php' not found or unable to stat
[Sat Jan 31 06:22:59.524176 2026] [php:error] [pid 81888] [client 20.63.209.182:0] script '/domains/system_default/aaa.php' not found or unable to stat
[Sat Jan 31 06:23:54.664986 2026] [php:error] [pid 81897] [client 172.213.25.189:0] script '/domains/ecernstelectric/re.php' not found or unable to stat
[Sat Jan 31 06:23:54.776514 2026] [php:error] [pid 81897] [client 172.213.25.189:0] script '/domains/ecernstelectric/ms-edit.php' not found or unable to stat
[Sat Jan 31 06:23:54.886507 2026] [php:error] [pid 81897] [client 172.213.25.189:0] script '/domains/ecernstelectric/w2025.php' not found or unable to stat
[Sat Jan 31 06:24:09.303247 2026] [php:error] [pid 81897] [client 103.203.48.122:0] script '/domains/msintl/login.php' not found or unable to stat
[Sat Jan 31 06:24:17.832456 2026] [php:error] [pid 81920] [client 103.60.12.72:0] script '/domains/wsmith.enteract/wp-confiq.php' not found or unable to stat
[Sat Jan 31 06:24:34.878388 2026] [php:error] [pid 81917] [client 20.223.150.246:0] script '/domains/drsuper/re.php' not found or unable to stat
[Sat Jan 31 06:24:34.959091 2026] [php:error] [pid 81917] [client 20.223.150.246:0] script '/domains/drsuper/ms-edit.php' not found or unable to stat
[Sat Jan 31 06:24:35.031889 2026] [php:error] [pid 81917] [client 20.223.150.246:0] script '/domains/drsuper/w2025.php' not found or unable to stat
[Sat Jan 31 06:25:33.378236 2026] [php:error] [pid 81897] [client 20.211.164.12:0] script '/domains/system_suspended/0byte.php' not found or unable to stat
[Sat Jan 31 06:25:33.577014 2026] [php:error] [pid 81897] [client 20.211.164.12:0] script '/domains/system_suspended/LV.php' not found or unable to stat
[Sat Jan 31 06:25:33.775583 2026] [php:error] [pid 81897] [client 20.211.164.12:0] script '/domains/system_suspended/Sanskrit.php' not found or unable to stat
[Sat Jan 31 06:25:34.775702 2026] [php:error] [pid 81897] [client 20.211.164.12:0] script '/domains/system_suspended/contacts.php' not found or unable to stat
[Sat Jan 31 06:25:35.173103 2026] [php:error] [pid 81897] [client 20.211.164.12:0] script '/domains/system_suspended/dump.php' not found or unable to stat
[Sat Jan 31 06:25:35.371360 2026] [php:error] [pid 81897] [client 20.211.164.12:0] script '/domains/system_suspended/ext.php' not found or unable to stat
[Sat Jan 31 06:25:35.966097 2026] [php:error] [pid 81897] [client 20.211.164.12:0] script '/domains/system_suspended/gifclass.php' not found or unable to stat
[Sat Jan 31 06:25:36.760566 2026] [php:error] [pid 81897] [client 20.211.164.12:0] script '/domains/system_suspended/l.php' not found or unable to stat
[Sat Jan 31 06:25:36.959986 2026] [php:error] [pid 81897] [client 20.211.164.12:0] script '/domains/system_suspended/litespeed.php' not found or unable to stat
[Sat Jan 31 06:25:37.160058 2026] [php:error] [pid 81897] [client 20.211.164.12:0] script '/domains/system_suspended/natural.php' not found or unable to stat
[Sat Jan 31 06:25:38.153451 2026] [php:error] [pid 81897] [client 20.211.164.12:0] script '/domains/system_suspended/sitemap.php' not found or unable to stat
[Sat Jan 31 06:25:39.544349 2026] [php:error] [pid 81897] [client 20.211.164.12:0] script '/domains/system_suspended/worm.PhP' not found or unable to stat
[Sat Jan 31 06:25:43.118811 2026] [php:error] [pid 81897] [client 20.211.164.12:0] script '/domains/system_suspended/wp-commentin.php' not found or unable to stat
[Sat Jan 31 06:25:43.317069 2026] [php:error] [pid 81897] [client 20.211.164.12:0] script '/domains/system_suspended/wp-content.php' not found or unable to stat
[Sat Jan 31 06:25:46.091898 2026] [php:error] [pid 81897] [client 20.211.164.12:0] script '/domains/system_suspended/wp-fmfile.php' not found or unable to stat
[Sat Jan 31 06:25:46.289956 2026] [php:error] [pid 81897] [client 20.211.164.12:0] script '/domains/system_suspended/wp-good.php' not found or unable to stat
[Sat Jan 31 06:25:51.661928 2026] [php:error] [pid 81897] [client 20.211.164.12:0] script '/domains/system_suspended/wp-themes.php' not found or unable to stat
[Sat Jan 31 06:25:51.860175 2026] [php:error] [pid 81897] [client 20.211.164.12:0] script '/domains/system_suspended/wp-user.php' not found or unable to stat
[Sat Jan 31 06:25:52.058184 2026] [php:error] [pid 81897] [client 20.211.164.12:0] script '/domains/system_suspended/wp_wlx.php' not found or unable to stat
[Sat Jan 31 06:25:52.256868 2026] [php:error] [pid 81897] [client 20.211.164.12:0] script '/domains/system_suspended/wpn.php' not found or unable to stat
[Sat Jan 31 06:26:09.185353 2026] [php:error] [pid 81926] [client 52.169.124.184:0] script '/domains/navarrospring/rip.php' not found or unable to stat
[Sat Jan 31 06:26:47.758947 2026] [php:error] [pid 81863] [client 20.214.137.92:0] script '/domains/system_cancel/contacts.php' not found or unable to stat
[Sat Jan 31 06:26:48.120305 2026] [php:error] [pid 81863] [client 20.214.137.92:0] script '/domains/system_cancel/dump.php' not found or unable to stat
[Sat Jan 31 06:26:48.301517 2026] [php:error] [pid 81863] [client 20.214.137.92:0] script '/domains/system_cancel/ext.php' not found or unable to stat
[Sat Jan 31 06:26:49.597709 2026] [php:error] [pid 81863] [client 20.214.137.92:0] script '/domains/system_cancel/l.php' not found or unable to stat
[Sat Jan 31 06:26:49.786441 2026] [php:error] [pid 81863] [client 20.214.137.92:0] script '/domains/system_cancel/litespeed.php' not found or unable to stat
[Sat Jan 31 06:26:49.968370 2026] [php:error] [pid 81863] [client 20.214.137.92:0] script '/domains/system_cancel/natural.php' not found or unable to stat
[Sat Jan 31 06:26:51.748643 2026] [php:error] [pid 81920] [client 62.60.130.210:0] script '/domains/ebon/wp-login.php' not found or unable to stat
[Sat Jan 31 06:26:52.824440 2026] [php:error] [pid 81930] [client 62.60.130.210:0] script '/domains/ebon/wp-login.php' not found or unable to stat
[Sat Jan 31 06:26:56.584622 2026] [php:error] [pid 81927] [client 62.60.130.210:0] script '/domains/icrse/wp-login.php' not found or unable to stat
