[Sat Jan 31 05:36:23.751442 2026] [php:error] [pid 70182] [client 52.140.123.244:0] script '/domains/trodine/ext.php' not found or unable to stat
[Sat Jan 31 05:36:23.798849 2026] [php:error] [pid 70181] [client 20.46.176.183:0] script '/domains/apunderkofler/ioxi-o.php' not found or unable to stat
[Sat Jan 31 05:36:23.967990 2026] [php:error] [pid 70181] [client 20.46.176.183:0] script '/domains/apunderkofler/class-t.api.php' not found or unable to stat
[Sat Jan 31 05:36:24.132010 2026] [php:error] [pid 70181] [client 20.46.176.183:0] script '/domains/apunderkofler/admin.php' not found or unable to stat
[Sat Jan 31 05:36:24.298733 2026] [php:error] [pid 70181] [client 20.46.176.183:0] script '/domains/apunderkofler/sf.php' not found or unable to stat
[Sat Jan 31 05:36:24.406591 2026] [php:error] [pid 70182] [client 52.140.123.244:0] script '/domains/trodine/gifclass.php' not found or unable to stat
[Sat Jan 31 05:36:24.462825 2026] [php:error] [pid 70181] [client 20.46.176.183:0] script '/domains/apunderkofler/rip.php' not found or unable to stat
[Sat Jan 31 05:36:24.625906 2026] [php:error] [pid 70182] [client 52.140.123.244:0] script '/domains/trodine/images/class.php' not found or unable to stat
[Sat Jan 31 05:36:24.629835 2026] [php:error] [pid 70181] [client 20.46.176.183:0] script '/domains/apunderkofler/autoload_classmap.php' not found or unable to stat
[Sat Jan 31 05:36:24.796016 2026] [php:error] [pid 70181] [client 20.46.176.183:0] script '/domains/apunderkofler/chosen.php' not found or unable to stat
[Sat Jan 31 05:36:24.848487 2026] [php:error] [pid 70182] [client 52.140.123.244:0] script '/domains/trodine/images/wp-aespa.php' not found or unable to stat
[Sat Jan 31 05:36:24.960287 2026] [php:error] [pid 70181] [client 20.46.176.183:0] script '/domains/apunderkofler/classwithtostring.php' not found or unable to stat
[Sat Jan 31 05:36:25.124611 2026] [php:error] [pid 70181] [client 20.46.176.183:0] script '/domains/apunderkofler/defaults.php' not found or unable to stat
[Sat Jan 31 05:36:25.285310 2026] [php:error] [pid 70182] [client 52.140.123.244:0] script '/domains/trodine/l.php' not found or unable to stat
[Sat Jan 31 05:36:25.505579 2026] [php:error] [pid 70182] [client 52.140.123.244:0] script '/domains/trodine/litespeed.php' not found or unable to stat
[Sat Jan 31 05:36:25.726174 2026] [php:error] [pid 70182] [client 52.140.123.244:0] script '/domains/trodine/natural.php' not found or unable to stat
[Sat Jan 31 05:36:25.951461 2026] [php:error] [pid 70181] [client 20.46.176.183:0] script '/domains/apunderkofler/info.php' not found or unable to stat
[Sat Jan 31 05:36:26.818008 2026] [php:error] [pid 70182] [client 52.140.123.244:0] script '/domains/trodine/sitemap.php' not found or unable to stat
[Sat Jan 31 05:36:27.139618 2026] [php:error] [pid 70181] [client 20.46.176.183:0] script '/domains/apunderkofler/adminfuns.php' not found or unable to stat
[Sat Jan 31 05:36:28.347961 2026] [php:error] [pid 70182] [client 52.140.123.244:0] script '/domains/trodine/worm.PhP' not found or unable to stat
[Sat Jan 31 05:36:31.156818 2026] [php:error] [pid 70199] [client 104.211.72.80:0] script '/domains/system_suspended/autoload_classmap.php' not found or unable to stat
[Sat Jan 31 05:36:31.411551 2026] [php:error] [pid 70199] [client 104.211.72.80:0] script '/domains/system_suspended/post.php' not found or unable to stat
[Sat Jan 31 05:36:31.622630 2026] [php:error] [pid 70199] [client 104.211.72.80:0] script '/domains/system_suspended/1.php' not found or unable to stat
[Sat Jan 31 05:36:31.861145 2026] [php:error] [pid 70199] [client 104.211.72.80:0] script '/domains/system_suspended/flower.php' not found or unable to stat
[Sat Jan 31 05:36:32.280304 2026] [php:error] [pid 70182] [client 52.140.123.244:0] script '/domains/trodine/wp-commentin.php' not found or unable to stat
[Sat Jan 31 05:36:32.499399 2026] [php:error] [pid 70182] [client 52.140.123.244:0] script '/domains/trodine/wp-content.php' not found or unable to stat
[Sat Jan 31 05:36:33.490910 2026] [php:error] [pid 70199] [client 104.211.72.80:0] script '/domains/system_suspended/admin.php' not found or unable to stat
[Sat Jan 31 05:36:33.734642 2026] [php:error] [pid 70199] [client 104.211.72.80:0] script '/domains/system_suspended/file.php' not found or unable to stat
[Sat Jan 31 05:36:33.979463 2026] [php:error] [pid 70199] [client 104.211.72.80:0] script '/domains/system_suspended/meta.php' not found or unable to stat
[Sat Jan 31 05:36:35.583378 2026] [php:error] [pid 70182] [client 52.140.123.244:0] script '/domains/trodine/wp-fmfile.php' not found or unable to stat
[Sat Jan 31 05:36:35.805574 2026] [php:error] [pid 70182] [client 52.140.123.244:0] script '/domains/trodine/wp-good.php' not found or unable to stat
[Sat Jan 31 05:36:35.885774 2026] [php:error] [pid 70199] [client 104.211.72.80:0] script '/domains/system_suspended/index.php' not found or unable to stat
[Sat Jan 31 05:36:37.201024 2026] [php:error] [pid 70199] [client 104.211.72.80:0] script '/domains/system_suspended/abcd.php' not found or unable to stat
[Sat Jan 31 05:36:37.417617 2026] [php:error] [pid 70199] [client 104.211.72.80:0] script '/domains/system_suspended/about.php' not found or unable to stat
[Sat Jan 31 05:36:38.381495 2026] [php:error] [pid 70199] [client 104.211.72.80:0] script '/domains/system_suspended/randkeyword.php' not found or unable to stat
[Sat Jan 31 05:36:38.599485 2026] [php:error] [pid 70199] [client 104.211.72.80:0] script '/domains/system_suspended/goods.php' not found or unable to stat
[Sat Jan 31 05:36:38.811130 2026] [php:error] [pid 70199] [client 104.211.72.80:0] script '/domains/system_suspended/hehe.php' not found or unable to stat
[Sat Jan 31 05:36:39.059940 2026] [php:error] [pid 70199] [client 104.211.72.80:0] script '/domains/system_suspended/user.php' not found or unable to stat
[Sat Jan 31 05:36:39.270360 2026] [php:error] [pid 70199] [client 104.211.72.80:0] script '/domains/system_suspended/wp-2019.php' not found or unable to stat
[Sat Jan 31 05:36:40.389806 2026] [php:error] [pid 70199] [client 104.211.72.80:0] script '/domains/system_suspended/chosen.php' not found or unable to stat
[Sat Jan 31 05:36:41.300842 2026] [php:error] [pid 70199] [client 104.211.72.80:0] script '/domains/system_suspended/functions.php' not found or unable to stat
[Sat Jan 31 05:36:41.543180 2026] [php:error] [pid 70199] [client 104.211.72.80:0] script '/domains/system_suspended/cron.php' not found or unable to stat
[Sat Jan 31 05:36:41.769803 2026] [php:error] [pid 70182] [client 52.140.123.244:0] script '/domains/trodine/wp-themes.php' not found or unable to stat
[Sat Jan 31 05:36:41.988058 2026] [php:error] [pid 70182] [client 52.140.123.244:0] script '/domains/trodine/wp-user.php' not found or unable to stat
[Sat Jan 31 05:36:42.206768 2026] [php:error] [pid 70182] [client 52.140.123.244:0] script '/domains/trodine/wp_wlx.php' not found or unable to stat
[Sat Jan 31 05:36:42.273607 2026] [php:error] [pid 70204] [client 20.78.152.240:0] script '/domains/fdcarter/wp-trackback.php' not found or unable to stat
[Sat Jan 31 05:36:42.425330 2026] [php:error] [pid 70182] [client 52.140.123.244:0] script '/domains/trodine/wpn.php' not found or unable to stat
[Sat Jan 31 05:36:42.438711 2026] [php:error] [pid 70204] [client 20.78.152.240:0] script '/domains/fdcarter/about.php' not found or unable to stat
[Sat Jan 31 05:36:42.453685 2026] [php:error] [pid 70199] [client 104.211.72.80:0] script '/domains/system_suspended/edit.php' not found or unable to stat
[Sat Jan 31 05:36:42.614240 2026] [php:error] [pid 70204] [client 20.78.152.240:0] script '/domains/fdcarter/file.php' not found or unable to stat
[Sat Jan 31 05:36:42.781379 2026] [php:error] [pid 70204] [client 20.78.152.240:0] script '/domains/fdcarter/wp-good.php' not found or unable to stat
[Sat Jan 31 05:36:42.946877 2026] [php:error] [pid 70204] [client 20.78.152.240:0] script '/domains/fdcarter/xmlrpc.php' not found or unable to stat
[Sat Jan 31 05:36:43.122575 2026] [php:error] [pid 70204] [client 20.78.152.240:0] script '/domains/fdcarter/goods.php' not found or unable to stat
[Sat Jan 31 05:36:43.288216 2026] [php:error] [pid 70204] [client 20.78.152.240:0] script '/domains/fdcarter/ioxi-o.php' not found or unable to stat
[Sat Jan 31 05:36:43.423740 2026] [php:error] [pid 70199] [client 104.211.72.80:0] script '/domains/system_suspended/gecko-new.php' not found or unable to stat
[Sat Jan 31 05:36:43.453317 2026] [php:error] [pid 70204] [client 20.78.152.240:0] script '/domains/fdcarter/class-t.api.php' not found or unable to stat
[Sat Jan 31 05:36:43.618504 2026] [php:error] [pid 70204] [client 20.78.152.240:0] script '/domains/fdcarter/admin.php' not found or unable to stat
[Sat Jan 31 05:36:43.688580 2026] [php:error] [pid 70199] [client 104.211.72.80:0] script '/domains/system_suspended/cookie.php' not found or unable to stat
[Sat Jan 31 05:36:43.786316 2026] [php:error] [pid 70204] [client 20.78.152.240:0] script '/domains/fdcarter/sf.php' not found or unable to stat
[Sat Jan 31 05:36:43.910006 2026] [php:error] [pid 70199] [client 104.211.72.80:0] script '/domains/system_suspended/xleet.php' not found or unable to stat
[Sat Jan 31 05:36:43.953174 2026] [php:error] [pid 70204] [client 20.78.152.240:0] script '/domains/fdcarter/rip.php' not found or unable to stat
[Sat Jan 31 05:36:44.118776 2026] [php:error] [pid 70204] [client 20.78.152.240:0] script '/domains/fdcarter/autoload_classmap.php' not found or unable to stat
[Sat Jan 31 05:36:44.134618 2026] [php:error] [pid 70199] [client 104.211.72.80:0] script '/domains/system_suspended/spip.php' not found or unable to stat
[Sat Jan 31 05:36:44.286471 2026] [php:error] [pid 70204] [client 20.78.152.240:0] script '/domains/fdcarter/chosen.php' not found or unable to stat
[Sat Jan 31 05:36:44.453127 2026] [php:error] [pid 70204] [client 20.78.152.240:0] script '/domains/fdcarter/classwithtostring.php' not found or unable to stat
[Sat Jan 31 05:36:44.618749 2026] [php:error] [pid 70204] [client 20.78.152.240:0] script '/domains/fdcarter/defaults.php' not found or unable to stat
[Sat Jan 31 05:36:44.881678 2026] [php:error] [pid 70199] [client 104.211.72.80:0] script '/domains/system_suspended/22.php' not found or unable to stat
[Sat Jan 31 05:36:45.143010 2026] [php:error] [pid 70199] [client 104.211.72.80:0] script '/domains/system_suspended/room.php' not found or unable to stat
[Sat Jan 31 05:36:45.454657 2026] [php:error] [pid 70204] [client 20.78.152.240:0] script '/domains/fdcarter/info.php' not found or unable to stat
[Sat Jan 31 05:36:46.183615 2026] [php:error] [pid 70199] [client 104.211.72.80:0] script '/domains/system_suspended/disagreed.php' not found or unable to stat
[Sat Jan 31 05:36:46.489750 2026] [php:error] [pid 70199] [client 104.211.72.80:0] script '/domains/system_suspended/text.php' not found or unable to stat
[Sat Jan 31 05:36:46.614179 2026] [php:error] [pid 70204] [client 20.78.152.240:0] script '/domains/fdcarter/adminfuns.php' not found or unable to stat
[Sat Jan 31 05:36:47.887953 2026] [php:error] [pid 70199] [client 104.211.72.80:0] script '/domains/system_suspended/alfa-rex.php' not found or unable to stat
[Sat Jan 31 05:36:49.710678 2026] [php:error] [pid 70199] [client 104.211.72.80:0] script '/domains/system_suspended/feeds.php' not found or unable to stat
[Sat Jan 31 05:36:49.961272 2026] [php:error] [pid 70199] [client 104.211.72.80:0] script '/domains/system_suspended/radio.php' not found or unable to stat
[Sat Jan 31 05:36:50.169148 2026] [php:error] [pid 70199] [client 104.211.72.80:0] script '/domains/system_suspended/dropdown.php' not found or unable to stat
[Sat Jan 31 05:36:50.390613 2026] [php:error] [pid 70199] [client 104.211.72.80:0] script '/domains/system_suspended/defaults.php' not found or unable to stat
[Sat Jan 31 05:36:50.598388 2026] [php:error] [pid 70199] [client 104.211.72.80:0] script '/domains/system_suspended/system.php' not found or unable to stat
[Sat Jan 31 05:36:51.765363 2026] [php:error] [pid 70199] [client 104.211.72.80:0] script '/domains/system_suspended/xmlrpc.php' not found or unable to stat
[Sat Jan 31 05:36:52.188210 2026] [php:error] [pid 70199] [client 104.211.72.80:0] script '/domains/system_suspended/colors.php' not found or unable to stat
[Sat Jan 31 05:36:53.132104 2026] [php:error] [pid 70199] [client 104.211.72.80:0] script '/domains/system_suspended/updates.php' not found or unable to stat
[Sat Jan 31 05:36:53.345744 2026] [php:error] [pid 70207] [client 38.127.216.61:0] script '/domains/druckrey/wp-login.php' not found or unable to stat, referer: https://www.linkedin.com/
[Sat Jan 31 05:36:53.800013 2026] [php:error] [pid 70182] [client 38.127.216.61:0] script '/domains/druckrey/wp-login.php' not found or unable to stat, referer: https://www.linkedin.com/
[Sat Jan 31 05:36:54.060887 2026] [php:error] [pid 70199] [client 104.211.72.80:0] script '/domains/system_suspended/alfa-rex1.php' not found or unable to stat
[Sat Jan 31 05:36:54.653136 2026] [php:error] [pid 70199] [client 104.211.72.80:0] script '/domains/system_suspended/wp-index.php' not found or unable to stat
[Sat Jan 31 05:36:56.162648 2026] [php:error] [pid 70199] [client 104.211.72.80:0] script '/domains/system_suspended/wp-admin.php' not found or unable to stat
[Sat Jan 31 05:36:56.384600 2026] [php:error] [pid 70199] [client 104.211.72.80:0] script '/domains/system_suspended/alfa.php' not found or unable to stat
[Sat Jan 31 05:36:56.799230 2026] [php:error] [pid 70199] [client 104.211.72.80:0] script '/domains/system_suspended/locale.php' not found or unable to stat
[Sat Jan 31 05:36:58.004809 2026] [php:error] [pid 70199] [client 104.211.72.80:0] script '/domains/system_suspended/wxo.php' not found or unable to stat
[Sat Jan 31 05:36:58.828368 2026] [php:error] [pid 70199] [client 104.211.72.80:0] script '/domains/system_suspended/colour.php' not found or unable to stat
[Sat Jan 31 05:36:59.929892 2026] [php:error] [pid 70199] [client 104.211.72.80:0] script '/domains/system_suspended/files.php' not found or unable to stat
[Sat Jan 31 05:37:00.936977 2026] [php:error] [pid 70199] [client 104.211.72.80:0] script '/domains/system_suspended/install.php' not found or unable to stat
[Sat Jan 31 05:37:01.167699 2026] [php:error] [pid 70199] [client 104.211.72.80:0] script '/domains/system_suspended/wp-contentt.php' not found or unable to stat
[Sat Jan 31 05:37:02.321622 2026] [php:error] [pid 70199] [client 104.211.72.80:0] script '/domains/system_suspended/config.php' not found or unable to stat
[Sat Jan 31 05:37:03.808412 2026] [php:error] [pid 70199] [client 104.211.72.80:0] script '/domains/system_suspended/theme.php' not found or unable to stat
[Sat Jan 31 05:37:04.725221 2026] [php:error] [pid 70199] [client 104.211.72.80:0] script '/domains/system_suspended/block-bindings.php' not found or unable to stat
[Sat Jan 31 05:37:04.967043 2026] [php:error] [pid 70199] [client 104.211.72.80:0] script '/domains/system_suspended/class_api.php' not found or unable to stat
[Sat Jan 31 05:37:05.175471 2026] [php:error] [pid 70199] [client 104.211.72.80:0] script '/domains/system_suspended/inputs.php' not found or unable to stat
[Sat Jan 31 05:37:06.420196 2026] [php:error] [pid 70199] [client 104.211.72.80:0] script '/domains/system_suspended/root.php' not found or unable to stat
[Sat Jan 31 05:37:07.591007 2026] [php:error] [pid 70199] [client 104.211.72.80:0] script '/domains/system_suspended/menu.php' not found or unable to stat
[Sat Jan 31 05:37:08.761561 2026] [php:error] [pid 70199] [client 104.211.72.80:0] script '/domains/system_suspended/plugin.php' not found or unable to stat
[Sat Jan 31 05:37:08.771090 2026] [php:error] [pid 70207] [client 20.211.164.12:0] script '/domains/system_suspended/wp-trackback.php' not found or unable to stat
[Sat Jan 31 05:37:08.968019 2026] [php:error] [pid 70207] [client 20.211.164.12:0] script '/domains/system_suspended/about.php' not found or unable to stat
[Sat Jan 31 05:37:09.178172 2026] [php:error] [pid 70207] [client 20.211.164.12:0] script '/domains/system_suspended/file.php' not found or unable to stat
[Sat Jan 31 05:37:09.374721 2026] [php:error] [pid 70207] [client 20.211.164.12:0] script '/domains/system_suspended/wp-good.php' not found or unable to stat
[Sat Jan 31 05:37:09.570768 2026] [php:error] [pid 70207] [client 20.211.164.12:0] script '/domains/system_suspended/xmlrpc.php' not found or unable to stat
[Sat Jan 31 05:37:09.772747 2026] [php:error] [pid 70207] [client 20.211.164.12:0] script '/domains/system_suspended/goods.php' not found or unable to stat
[Sat Jan 31 05:37:09.903945 2026] [php:error] [pid 70199] [client 104.211.72.80:0] script '/domains/system_suspended/cloud.php' not found or unable to stat
[Sat Jan 31 05:37:09.969110 2026] [php:error] [pid 70207] [client 20.211.164.12:0] script '/domains/system_suspended/ioxi-o.php' not found or unable to stat
[Sat Jan 31 05:37:10.174858 2026] [php:error] [pid 70207] [client 20.211.164.12:0] script '/domains/system_suspended/class-t.api.php' not found or unable to stat
[Sat Jan 31 05:37:10.371316 2026] [php:error] [pid 70207] [client 20.211.164.12:0] script '/domains/system_suspended/admin.php' not found or unable to stat
[Sat Jan 31 05:37:10.567463 2026] [php:error] [pid 70207] [client 20.211.164.12:0] script '/domains/system_suspended/sf.php' not found or unable to stat
[Sat Jan 31 05:37:10.706196 2026] [php:error] [pid 70199] [client 104.211.72.80:0] script '/domains/system_suspended/configs.php' not found or unable to stat
[Sat Jan 31 05:37:10.772564 2026] [php:error] [pid 70207] [client 20.211.164.12:0] script '/domains/system_suspended/rip.php' not found or unable to stat
[Sat Jan 31 05:37:10.969367 2026] [php:error] [pid 70207] [client 20.211.164.12:0] script '/domains/system_suspended/autoload_classmap.php' not found or unable to stat
[Sat Jan 31 05:37:11.165747 2026] [php:error] [pid 70207] [client 20.211.164.12:0] script '/domains/system_suspended/chosen.php' not found or unable to stat
[Sat Jan 31 05:37:11.379248 2026] [php:error] [pid 70207] [client 20.211.164.12:0] script '/domains/system_suspended/classwithtostring.php' not found or unable to stat
[Sat Jan 31 05:37:11.576395 2026] [php:error] [pid 70207] [client 20.211.164.12:0] script '/domains/system_suspended/defaults.php' not found or unable to stat
[Sat Jan 31 05:37:11.754565 2026] [php:error] [pid 70199] [client 104.211.72.80:0] script '/domains/system_suspended/wp-configs.php' not found or unable to stat
[Sat Jan 31 05:37:12.575153 2026] [php:error] [pid 70207] [client 20.211.164.12:0] script '/domains/system_suspended/info.php' not found or unable to stat
[Sat Jan 31 05:37:13.225821 2026] [php:error] [pid 70199] [client 104.211.72.80:0] script '/domains/system_suspended/update.php' not found or unable to stat
[Sat Jan 31 05:37:13.976807 2026] [php:error] [pid 70207] [client 20.211.164.12:0] script '/domains/system_suspended/adminfuns.php' not found or unable to stat
[Sat Jan 31 05:37:14.385621 2026] [php:error] [pid 70199] [client 104.211.72.80:0] script '/domains/system_suspended/2.php' not found or unable to stat
[Sat Jan 31 05:37:15.768259 2026] [php:error] [pid 70199] [client 104.211.72.80:0] script '/domains/system_suspended/input.php' not found or unable to stat
[Sat Jan 31 05:37:15.979326 2026] [php:error] [pid 70199] [client 104.211.72.80:0] script '/domains/system_suspended/aaa.php' not found or unable to stat
[Sat Jan 31 05:37:24.613849 2026] [php:error] [pid 70181] [client 20.46.176.183:0] script '/domains/system_default/aa.php' not found or unable to stat
[Sat Jan 31 05:37:25.009002 2026] [php:error] [pid 70181] [client 20.46.176.183:0] script '/domains/system_default/abcd.php' not found or unable to stat
[Sat Jan 31 05:37:25.184934 2026] [php:error] [pid 70181] [client 20.46.176.183:0] script '/domains/system_default/admin.php' not found or unable to stat
[Sat Jan 31 05:37:25.904225 2026] [php:error] [pid 70181] [client 20.46.176.183:0] script '/domains/system_default/buy.php' not found or unable to stat
[Sat Jan 31 05:37:26.791897 2026] [php:error] [pid 70181] [client 20.46.176.183:0] script '/domains/system_default/edit.php' not found or unable to stat
[Sat Jan 31 05:37:27.107601 2026] [php:error] [pid 70209] [client 20.211.164.12:0] script '/domains/tamara1/0byte.php' not found or unable to stat
[Sat Jan 31 05:37:27.302928 2026] [php:error] [pid 70209] [client 20.211.164.12:0] script '/domains/tamara1/LV.php' not found or unable to stat
[Sat Jan 31 05:37:27.498279 2026] [php:error] [pid 70209] [client 20.211.164.12:0] script '/domains/tamara1/Sanskrit.php' not found or unable to stat
[Sat Jan 31 05:37:27.557169 2026] [php:error] [pid 70181] [client 20.46.176.183:0] script '/domains/system_default/file.php' not found or unable to stat
[Sat Jan 31 05:37:28.085694 2026] [php:error] [pid 70181] [client 20.46.176.183:0] script '/domains/system_default/flower.php' not found or unable to stat
[Sat Jan 31 05:37:28.486231 2026] [php:error] [pid 70209] [client 20.211.164.12:0] script '/domains/tamara1/contacts.php' not found or unable to stat
[Sat Jan 31 05:37:28.876908 2026] [php:error] [pid 70209] [client 20.211.164.12:0] script '/domains/tamara1/dump.php' not found or unable to stat
[Sat Jan 31 05:37:28.915833 2026] [php:error] [pid 70181] [client 20.46.176.183:0] script '/domains/system_default/info.php' not found or unable to stat
[Sat Jan 31 05:37:29.072170 2026] [php:error] [pid 70209] [client 20.211.164.12:0] script '/domains/tamara1/ext.php' not found or unable to stat
[Sat Jan 31 05:37:29.659958 2026] [php:error] [pid 70209] [client 20.211.164.12:0] script '/domains/tamara1/gifclass.php' not found or unable to stat
[Sat Jan 31 05:37:29.680931 2026] [php:error] [pid 70181] [client 20.46.176.183:0] script '/domains/system_default/ioxi-o.php' not found or unable to stat
[Sat Jan 31 05:37:29.856009 2026] [php:error] [pid 70209] [client 20.211.164.12:0] script '/domains/tamara1/images/class.php' not found or unable to stat
[Sat Jan 31 05:37:30.051615 2026] [php:error] [pid 70209] [client 20.211.164.12:0] script '/domains/tamara1/images/wp-aespa.php' not found or unable to stat
[Sat Jan 31 05:37:30.442024 2026] [php:error] [pid 70209] [client 20.211.164.12:0] script '/domains/tamara1/l.php' not found or unable to stat
[Sat Jan 31 05:37:30.479714 2026] [php:error] [pid 70181] [client 20.46.176.183:0] script '/domains/system_default/nc4.php' not found or unable to stat
[Sat Jan 31 05:37:30.639946 2026] [php:error] [pid 70209] [client 20.211.164.12:0] script '/domains/tamara1/litespeed.php' not found or unable to stat
[Sat Jan 31 05:37:30.645062 2026] [php:error] [pid 70181] [client 20.46.176.183:0] script '/domains/system_default/xleet.php' not found or unable to stat
[Sat Jan 31 05:37:30.836499 2026] [php:error] [pid 70209] [client 20.211.164.12:0] script '/domains/tamara1/natural.php' not found or unable to stat
[Sat Jan 31 05:37:31.384553 2026] [php:error] [pid 70181] [client 20.46.176.183:0] script '/domains/system_default/wp-good.php' not found or unable to stat
[Sat Jan 31 05:37:31.822027 2026] [php:error] [pid 70209] [client 20.211.164.12:0] script '/domains/tamara1/sitemap.php' not found or unable to stat
[Sat Jan 31 05:37:32.040640 2026] [php:error] [pid 70181] [client 20.46.176.183:0] script '/domains/system_default/xmrlpc.php' not found or unable to stat
[Sat Jan 31 05:37:32.237899 2026] [php:error] [pid 70181] [client 20.46.176.183:0] script '/domains/system_default/about.php' not found or unable to stat
[Sat Jan 31 05:37:32.398303 2026] [php:error] [pid 70181] [client 20.46.176.183:0] script '/domains/system_default/adminfuns.php' not found or unable to stat
[Sat Jan 31 05:37:32.561106 2026] [php:error] [pid 70181] [client 20.46.176.183:0] script '/domains/system_default/alfa.php' not found or unable to stat
[Sat Jan 31 05:37:33.188328 2026] [php:error] [pid 70209] [client 20.211.164.12:0] script '/domains/tamara1/worm.PhP' not found or unable to stat
[Sat Jan 31 05:37:33.313505 2026] [php:error] [pid 70181] [client 20.46.176.183:0] script '/domains/system_default/asasx.php' not found or unable to stat
[Sat Jan 31 05:37:34.080430 2026] [php:error] [pid 70181] [client 20.46.176.183:0] script '/domains/system_default/autoload_classmap.php' not found or unable to stat
[Sat Jan 31 05:37:34.541155 2026] [php:error] [pid 70181] [client 20.46.176.183:0] script '/domains/system_default/classwithtostring.php' not found or unable to stat
[Sat Jan 31 05:37:34.893745 2026] [php:error] [pid 70181] [client 20.46.176.183:0] script '/domains/system_default/cong.php' not found or unable to stat
[Sat Jan 31 05:37:35.457365 2026] [php:error] [pid 70181] [client 20.46.176.183:0] script '/domains/system_default/file2.php' not found or unable to stat
[Sat Jan 31 05:37:35.664430 2026] [php:error] [pid 70181] [client 20.46.176.183:0] script '/domains/system_default/moon.php' not found or unable to stat
[Sat Jan 31 05:37:36.730964 2026] [php:error] [pid 70209] [client 20.211.164.12:0] script '/domains/tamara1/wp-commentin.php' not found or unable to stat
[Sat Jan 31 05:37:36.927746 2026] [php:error] [pid 70209] [client 20.211.164.12:0] script '/domains/tamara1/wp-content.php' not found or unable to stat
[Sat Jan 31 05:37:37.640591 2026] [php:error] [pid 70181] [client 20.46.176.183:0] script '/domains/system_default/wp-cron.php' not found or unable to stat
[Sat Jan 31 05:37:39.675523 2026] [php:error] [pid 70209] [client 20.211.164.12:0] script '/domains/tamara1/wp-fmfile.php' not found or unable to stat
[Sat Jan 31 05:37:39.870684 2026] [php:error] [pid 70209] [client 20.211.164.12:0] script '/domains/tamara1/wp-good.php' not found or unable to stat
[Sat Jan 31 05:37:45.156640 2026] [php:error] [pid 70209] [client 20.211.164.12:0] script '/domains/tamara1/wp-themes.php' not found or unable to stat
[Sat Jan 31 05:37:45.353484 2026] [php:error] [pid 70209] [client 20.211.164.12:0] script '/domains/tamara1/wp-user.php' not found or unable to stat
[Sat Jan 31 05:37:45.554764 2026] [php:error] [pid 70209] [client 20.211.164.12:0] script '/domains/tamara1/wp_wlx.php' not found or unable to stat
[Sat Jan 31 05:37:45.749912 2026] [php:error] [pid 70209] [client 20.211.164.12:0] script '/domains/tamara1/wpn.php' not found or unable to stat
[Sat Jan 31 05:37:58.605342 2026] [core:crit] [pid 70213] (13)Permission denied: [client 144.76.32.120:0] AH00529: /domains/performancepartsinc/graphics/psd/.htaccess pcfg_openfile: unable to check htaccess file, ensure it is readable and that '/domains/performancepartsinc/graphics/psd/' is executable
[Sat Jan 31 05:38:00.266275 2026] [php:error] [pid 70209] [client 91.224.92.127:0] script '/domains/machinadynamica/admin.php' not found or unable to stat
[Sat Jan 31 05:38:02.970043 2026] [php:error] [pid 70212] [client 91.224.92.127:0] script '/domains/machinadynamica/about.php' not found or unable to stat
[Sat Jan 31 05:38:07.814845 2026] [php:error] [pid 70222] [client 91.224.92.127:0] script '/domains/machinadynamica/admin.php' not found or unable to stat
[Sat Jan 31 05:38:10.530140 2026] [php:error] [pid 70223] [client 74.248.24.238:0] script '/domains/hpveweb/re.php' not found or unable to stat
[Sat Jan 31 05:38:10.635858 2026] [php:error] [pid 70223] [client 74.248.24.238:0] script '/domains/hpveweb/ms-edit.php' not found or unable to stat
[Sat Jan 31 05:38:10.737131 2026] [php:error] [pid 70223] [client 74.248.24.238:0] script '/domains/hpveweb/w2025.php' not found or unable to stat
/bin/sh: /usr/public/bin/counter.cgi: not found
[Sat Jan 31 05:38:14.600392 2026] [php:error] [pid 70209] [client 91.224.92.127:0] script '/domains/machinadynamica/about.php' not found or unable to stat
[Sat Jan 31 05:38:27.364601 2026] [php:error] [pid 70221] [client 20.205.97.28:0] script '/domains/fifibear/wp-trackback.php' not found or unable to stat
[Sat Jan 31 05:38:27.574400 2026] [php:error] [pid 70221] [client 20.205.97.28:0] script '/domains/fifibear/about.php' not found or unable to stat
[Sat Jan 31 05:38:27.785194 2026] [php:error] [pid 70221] [client 20.205.97.28:0] script '/domains/fifibear/file.php' not found or unable to stat
[Sat Jan 31 05:38:28.008127 2026] [php:error] [pid 70221] [client 20.205.97.28:0] script '/domains/fifibear/wp-good.php' not found or unable to stat
[Sat Jan 31 05:38:28.222923 2026] [php:error] [pid 70221] [client 20.205.97.28:0] script '/domains/fifibear/xmlrpc.php' not found or unable to stat
[Sat Jan 31 05:38:28.430632 2026] [php:error] [pid 70221] [client 20.205.97.28:0] script '/domains/fifibear/goods.php' not found or unable to stat
[Sat Jan 31 05:38:28.638380 2026] [php:error] [pid 70221] [client 20.205.97.28:0] script '/domains/fifibear/ioxi-o.php' not found or unable to stat
[Sat Jan 31 05:38:28.851692 2026] [php:error] [pid 70221] [client 20.205.97.28:0] script '/domains/fifibear/class-t.api.php' not found or unable to stat
[Sat Jan 31 05:38:29.059768 2026] [php:error] [pid 70221] [client 20.205.97.28:0] script '/domains/fifibear/admin.php' not found or unable to stat
[Sat Jan 31 05:38:29.277586 2026] [php:error] [pid 70221] [client 20.205.97.28:0] script '/domains/fifibear/sf.php' not found or unable to stat
[Sat Jan 31 05:38:29.485509 2026] [php:error] [pid 70221] [client 20.205.97.28:0] script '/domains/fifibear/rip.php' not found or unable to stat
[Sat Jan 31 05:38:29.694981 2026] [php:error] [pid 70221] [client 20.205.97.28:0] script '/domains/fifibear/autoload_classmap.php' not found or unable to stat
[Sat Jan 31 05:38:29.904094 2026] [php:error] [pid 70221] [client 20.205.97.28:0] script '/domains/fifibear/chosen.php' not found or unable to stat
[Sat Jan 31 05:38:30.116644 2026] [php:error] [pid 70221] [client 20.205.97.28:0] script '/domains/fifibear/classwithtostring.php' not found or unable to stat
[Sat Jan 31 05:38:30.324648 2026] [php:error] [pid 70221] [client 20.205.97.28:0] script '/domains/fifibear/defaults.php' not found or unable to stat
[Sat Jan 31 05:38:31.380693 2026] [php:error] [pid 70221] [client 20.205.97.28:0] script '/domains/fifibear/info.php' not found or unable to stat
[Sat Jan 31 05:38:32.841274 2026] [php:error] [pid 70221] [client 20.205.97.28:0] script '/domains/fifibear/adminfuns.php' not found or unable to stat
[Sat Jan 31 05:39:08.726274 2026] [php:error] [pid 70222] [client 78.153.140.224:0] script '/domains/system_default/app_dev.php' not found or unable to stat
[Sat Jan 31 05:39:10.062460 2026] [php:error] [pid 70222] [client 78.153.140.224:0] script '/domains/system_default/test1.php' not found or unable to stat
[Sat Jan 31 05:39:10.578372 2026] [php:error] [pid 70234] [client 78.153.140.224:0] script '/domains/system_default/settings.inc.php' not found or unable to stat
[Sat Jan 31 05:39:24.817879 2026] [php:error] [pid 70229] [client 74.248.24.238:0] script '/domains/brigadeweb/re.php' not found or unable to stat
[Sat Jan 31 05:39:24.918822 2026] [php:error] [pid 70229] [client 74.248.24.238:0] script '/domains/brigadeweb/ms-edit.php' not found or unable to stat
[Sat Jan 31 05:39:25.017722 2026] [php:error] [pid 70229] [client 74.248.24.238:0] script '/domains/brigadeweb/w2025.php' not found or unable to stat
[Sat Jan 31 05:39:58.356973 2026] [php:error] [pid 70232] [client 20.46.176.183:0] script '/domains/rnachum/wp-trackback.php' not found or unable to stat
[Sat Jan 31 05:39:58.516042 2026] [php:error] [pid 70232] [client 20.46.176.183:0] script '/domains/rnachum/about.php' not found or unable to stat
[Sat Jan 31 05:39:58.693760 2026] [php:error] [pid 70232] [client 20.46.176.183:0] script '/domains/rnachum/file.php' not found or unable to stat
[Sat Jan 31 05:39:58.852905 2026] [php:error] [pid 70232] [client 20.46.176.183:0] script '/domains/rnachum/wp-good.php' not found or unable to stat
[Sat Jan 31 05:39:59.024291 2026] [php:error] [pid 70232] [client 20.46.176.183:0] script '/domains/rnachum/xmlrpc.php' not found or unable to stat
[Sat Jan 31 05:39:59.183184 2026] [php:error] [pid 70232] [client 20.46.176.183:0] script '/domains/rnachum/goods.php' not found or unable to stat
[Sat Jan 31 05:39:59.341964 2026] [php:error] [pid 70232] [client 20.46.176.183:0] script '/domains/rnachum/ioxi-o.php' not found or unable to stat
[Sat Jan 31 05:39:59.502338 2026] [php:error] [pid 70232] [client 20.46.176.183:0] script '/domains/rnachum/class-t.api.php' not found or unable to stat
[Sat Jan 31 05:39:59.671161 2026] [php:error] [pid 70232] [client 20.46.176.183:0] script '/domains/rnachum/admin.php' not found or unable to stat
[Sat Jan 31 05:39:59.829904 2026] [php:error] [pid 70232] [client 20.46.176.183:0] script '/domains/rnachum/sf.php' not found or unable to stat
[Sat Jan 31 05:39:59.989966 2026] [php:error] [pid 70232] [client 20.46.176.183:0] script '/domains/rnachum/rip.php' not found or unable to stat
[Sat Jan 31 05:40:00.148644 2026] [php:error] [pid 70232] [client 20.46.176.183:0] script '/domains/rnachum/autoload_classmap.php' not found or unable to stat
[Sat Jan 31 05:40:00.309495 2026] [php:error] [pid 70232] [client 20.46.176.183:0] script '/domains/rnachum/chosen.php' not found or unable to stat
[Sat Jan 31 05:40:00.469521 2026] [php:error] [pid 70232] [client 20.46.176.183:0] script '/domains/rnachum/classwithtostring.php' not found or unable to stat
[Sat Jan 31 05:40:00.635652 2026] [php:error] [pid 70232] [client 20.46.176.183:0] script '/domains/rnachum/defaults.php' not found or unable to stat
[Sat Jan 31 05:40:01.429667 2026] [php:error] [pid 70232] [client 20.46.176.183:0] script '/domains/rnachum/info.php' not found or unable to stat
[Sat Jan 31 05:40:02.545956 2026] [php:error] [pid 70232] [client 20.46.176.183:0] script '/domains/rnachum/adminfuns.php' not found or unable to stat
[Sat Jan 31 05:40:15.384256 2026] [php:error] [pid 70234] [client 20.78.152.240:0] script '/domains/king1969/wp-trackback.php' not found or unable to stat
[Sat Jan 31 05:40:15.551068 2026] [php:error] [pid 70234] [client 20.78.152.240:0] script '/domains/king1969/about.php' not found or unable to stat
[Sat Jan 31 05:40:15.716751 2026] [php:error] [pid 70234] [client 20.78.152.240:0] script '/domains/king1969/file.php' not found or unable to stat
[Sat Jan 31 05:40:15.900205 2026] [php:error] [pid 70234] [client 20.78.152.240:0] script '/domains/king1969/wp-good.php' not found or unable to stat
[Sat Jan 31 05:40:16.066246 2026] [php:error] [pid 70234] [client 20.78.152.240:0] script '/domains/king1969/xmlrpc.php' not found or unable to stat
[Sat Jan 31 05:40:16.232413 2026] [php:error] [pid 70234] [client 20.78.152.240:0] script '/domains/king1969/goods.php' not found or unable to stat
[Sat Jan 31 05:40:16.398423 2026] [php:error] [pid 70234] [client 20.78.152.240:0] script '/domains/king1969/ioxi-o.php' not found or unable to stat
[Sat Jan 31 05:40:16.580053 2026] [php:error] [pid 70234] [client 20.78.152.240:0] script '/domains/king1969/class-t.api.php' not found or unable to stat
[Sat Jan 31 05:40:16.747312 2026] [php:error] [pid 70234] [client 20.78.152.240:0] script '/domains/king1969/admin.php' not found or unable to stat
[Sat Jan 31 05:40:16.915097 2026] [php:error] [pid 70234] [client 20.78.152.240:0] script '/domains/king1969/sf.php' not found or unable to stat
[Sat Jan 31 05:40:17.081403 2026] [php:error] [pid 70234] [client 20.78.152.240:0] script '/domains/king1969/rip.php' not found or unable to stat
[Sat Jan 31 05:40:17.248274 2026] [php:error] [pid 70234] [client 20.78.152.240:0] script '/domains/king1969/autoload_classmap.php' not found or unable to stat
[Sat Jan 31 05:40:17.415758 2026] [php:error] [pid 70234] [client 20.78.152.240:0] script '/domains/king1969/chosen.php' not found or unable to stat
[Sat Jan 31 05:40:17.587673 2026] [php:error] [pid 70234] [client 20.78.152.240:0] script '/domains/king1969/classwithtostring.php' not found or unable to stat
[Sat Jan 31 05:40:17.761436 2026] [php:error] [pid 70234] [client 20.78.152.240:0] script '/domains/king1969/defaults.php' not found or unable to stat
[Sat Jan 31 05:40:18.606856 2026] [php:error] [pid 70234] [client 20.78.152.240:0] script '/domains/king1969/info.php' not found or unable to stat
[Sat Jan 31 05:40:19.823760 2026] [php:error] [pid 70234] [client 20.78.152.240:0] script '/domains/king1969/adminfuns.php' not found or unable to stat
[Sat Jan 31 05:41:12.987137 2026] [php:error] [pid 70243] [client 62.60.130.210:0] script '/domains/gk3c/wp-login.php' not found or unable to stat, referer: https://www.bing.com/
[Sat Jan 31 05:41:14.098206 2026] [php:error] [pid 70244] [client 62.60.130.210:0] script '/domains/gk3c/wp-login.php' not found or unable to stat
[Sat Jan 31 05:41:16.628878 2026] [php:error] [pid 70240] [client 52.230.35.34:0] script '/domains/system_default/wp-trackback.php' not found or unable to stat
[Sat Jan 31 05:41:16.860032 2026] [php:error] [pid 70240] [client 52.230.35.34:0] script '/domains/system_default/about.php' not found or unable to stat
[Sat Jan 31 05:41:17.091312 2026] [php:error] [pid 70240] [client 52.230.35.34:0] script '/domains/system_default/file.php' not found or unable to stat
[Sat Jan 31 05:41:17.333396 2026] [php:error] [pid 70240] [client 52.230.35.34:0] script '/domains/system_default/wp-good.php' not found or unable to stat
[Sat Jan 31 05:41:17.565409 2026] [php:error] [pid 70240] [client 52.230.35.34:0] script '/domains/system_default/xmlrpc.php' not found or unable to stat
[Sat Jan 31 05:41:17.803588 2026] [php:error] [pid 70240] [client 52.230.35.34:0] script '/domains/system_default/goods.php' not found or unable to stat
[Sat Jan 31 05:41:18.034747 2026] [php:error] [pid 70240] [client 52.230.35.34:0] script '/domains/system_default/ioxi-o.php' not found or unable to stat
[Sat Jan 31 05:41:18.267467 2026] [php:error] [pid 70240] [client 52.230.35.34:0] script '/domains/system_default/class-t.api.php' not found or unable to stat
[Sat Jan 31 05:41:18.499571 2026] [php:error] [pid 70240] [client 52.230.35.34:0] script '/domains/system_default/admin.php' not found or unable to stat
[Sat Jan 31 05:41:18.615388 2026] [php:error] [pid 70248] [client 236.141.195.73:0] script '/domains/assetenhance/wp-login.php' not found or unable to stat, referer: https://www.google.com/
[Sat Jan 31 05:41:18.733629 2026] [php:error] [pid 70240] [client 52.230.35.34:0] script '/domains/system_default/sf.php' not found or unable to stat
[Sat Jan 31 05:41:18.964494 2026] [php:error] [pid 70240] [client 52.230.35.34:0] script '/domains/system_default/rip.php' not found or unable to stat
[Sat Jan 31 05:41:19.198314 2026] [php:error] [pid 70240] [client 52.230.35.34:0] script '/domains/system_default/autoload_classmap.php' not found or unable to stat
[Sat Jan 31 05:41:19.430293 2026] [php:error] [pid 70240] [client 52.230.35.34:0] script '/domains/system_default/chosen.php' not found or unable to stat
[Sat Jan 31 05:41:19.671228 2026] [php:error] [pid 70240] [client 52.230.35.34:0] script '/domains/system_default/classwithtostring.php' not found or unable to stat
[Sat Jan 31 05:41:19.902955 2026] [php:error] [pid 70240] [client 52.230.35.34:0] script '/domains/system_default/defaults.php' not found or unable to stat
[Sat Jan 31 05:41:20.038521 2026] [php:error] [pid 70248] [client 62.60.130.210:0] script '/domains/assetenhance/wp-login.php' not found or unable to stat, referer: https://www.google.com/
[Sat Jan 31 05:41:21.070676 2026] [php:error] [pid 70240] [client 52.230.35.34:0] script '/domains/system_default/info.php' not found or unable to stat
[Sat Jan 31 05:41:22.704495 2026] [php:error] [pid 70240] [client 52.230.35.34:0] script '/domains/system_default/adminfuns.php' not found or unable to stat
[Sat Jan 31 05:41:43.903368 2026] [php:error] [pid 70239] [client 13.75.54.243:0] script '/domains/apunderkofler/0byte.php' not found or unable to stat
[Sat Jan 31 05:41:44.113727 2026] [php:error] [pid 70239] [client 13.75.54.243:0] script '/domains/apunderkofler/LV.php' not found or unable to stat
[Sat Jan 31 05:41:44.325326 2026] [php:error] [pid 70239] [client 13.75.54.243:0] script '/domains/apunderkofler/Sanskrit.php' not found or unable to stat
[Sat Jan 31 05:41:45.401684 2026] [php:error] [pid 70239] [client 13.75.54.243:0] script '/domains/apunderkofler/contacts.php' not found or unable to stat
[Sat Jan 31 05:41:45.825111 2026] [php:error] [pid 70239] [client 13.75.54.243:0] script '/domains/apunderkofler/dump.php' not found or unable to stat
[Sat Jan 31 05:41:46.035604 2026] [php:error] [pid 70239] [client 13.75.54.243:0] script '/domains/apunderkofler/ext.php' not found or unable to stat
[Sat Jan 31 05:41:46.679001 2026] [php:error] [pid 70239] [client 13.75.54.243:0] script '/domains/apunderkofler/gifclass.php' not found or unable to stat
[Sat Jan 31 05:41:46.889822 2026] [php:error] [pid 70239] [client 13.75.54.243:0] script '/domains/apunderkofler/images/class.php' not found or unable to stat
[Sat Jan 31 05:41:47.107850 2026] [php:error] [pid 70239] [client 13.75.54.243:0] script '/domains/apunderkofler/images/wp-aespa.php' not found or unable to stat
[Sat Jan 31 05:41:47.529175 2026] [php:error] [pid 70239] [client 13.75.54.243:0] script '/domains/apunderkofler/l.php' not found or unable to stat
[Sat Jan 31 05:41:47.739567 2026] [php:error] [pid 70239] [client 13.75.54.243:0] script '/domains/apunderkofler/litespeed.php' not found or unable to stat
[Sat Jan 31 05:41:47.954073 2026] [php:error] [pid 70239] [client 13.75.54.243:0] script '/domains/apunderkofler/natural.php' not found or unable to stat
[Sat Jan 31 05:41:49.019562 2026] [php:error] [pid 70239] [client 13.75.54.243:0] script '/domains/apunderkofler/sitemap.php' not found or unable to stat
[Sat Jan 31 05:41:50.503581 2026] [php:error] [pid 70239] [client 13.75.54.243:0] script '/domains/apunderkofler/worm.PhP' not found or unable to stat
[Sat Jan 31 05:41:54.338437 2026] [php:error] [pid 70239] [client 13.75.54.243:0] script '/domains/apunderkofler/wp-commentin.php' not found or unable to stat
[Sat Jan 31 05:41:54.549078 2026] [php:error] [pid 70239] [client 13.75.54.243:0] script '/domains/apunderkofler/wp-content.php' not found or unable to stat
[Sat Jan 31 05:41:57.518068 2026] [php:error] [pid 70239] [client 13.75.54.243:0] script '/domains/apunderkofler/wp-fmfile.php' not found or unable to stat
[Sat Jan 31 05:41:57.731760 2026] [php:error] [pid 70239] [client 13.75.54.243:0] script '/domains/apunderkofler/wp-good.php' not found or unable to stat
[Sat Jan 31 05:42:03.451886 2026] [php:error] [pid 70239] [client 13.75.54.243:0] script '/domains/apunderkofler/wp-themes.php' not found or unable to stat
[Sat Jan 31 05:42:03.662312 2026] [php:error] [pid 70239] [client 13.75.54.243:0] script '/domains/apunderkofler/wp-user.php' not found or unable to stat
[Sat Jan 31 05:42:03.872701 2026] [php:error] [pid 70239] [client 13.75.54.243:0] script '/domains/apunderkofler/wp_wlx.php' not found or unable to stat
[Sat Jan 31 05:42:04.086036 2026] [php:error] [pid 70239] [client 13.75.54.243:0] script '/domains/apunderkofler/wpn.php' not found or unable to stat
[Sat Jan 31 05:42:09.130488 2026] [php:error] [pid 70254] [client 20.78.152.240:0] script '/domains/system_suspended/aa.php' not found or unable to stat
[Sat Jan 31 05:42:09.300211 2026] [php:error] [pid 70254] [client 20.78.152.240:0] script '/domains/system_suspended/abcd.php' not found or unable to stat
[Sat Jan 31 05:42:09.473832 2026] [php:error] [pid 70254] [client 20.78.152.240:0] script '/domains/system_suspended/admin.php' not found or unable to stat
[Sat Jan 31 05:42:09.675342 2026] [php:error] [pid 70254] [client 20.78.152.240:0] script '/domains/system_suspended/buy.php' not found or unable to stat
[Sat Jan 31 05:42:10.032334 2026] [php:error] [pid 70254] [client 20.78.152.240:0] script '/domains/system_suspended/edit.php' not found or unable to stat
[Sat Jan 31 05:42:10.207199 2026] [php:error] [pid 70254] [client 20.78.152.240:0] script '/domains/system_suspended/file.php' not found or unable to stat
[Sat Jan 31 05:42:10.378035 2026] [php:error] [pid 70254] [client 20.78.152.240:0] script '/domains/system_suspended/flower.php' not found or unable to stat
[Sat Jan 31 05:42:10.808392 2026] [php:error] [pid 70254] [client 20.78.152.240:0] script '/domains/system_suspended/info.php' not found or unable to stat
[Sat Jan 31 05:42:11.141511 2026] [php:error] [pid 70254] [client 20.78.152.240:0] script '/domains/system_suspended/ioxi-o.php' not found or unable to stat
[Sat Jan 31 05:42:11.421087 2026] [php:error] [pid 70254] [client 20.78.152.240:0] script '/domains/system_suspended/nc4.php' not found or unable to stat
[Sat Jan 31 05:42:11.596803 2026] [php:error] [pid 70254] [client 20.78.152.240:0] script '/domains/system_suspended/xleet.php' not found or unable to stat
[Sat Jan 31 05:42:12.380407 2026] [php:error] [pid 70254] [client 20.78.152.240:0] script '/domains/system_suspended/wp-good.php' not found or unable to stat
[Sat Jan 31 05:42:12.918919 2026] [php:error] [pid 70254] [client 20.78.152.240:0] script '/domains/system_suspended/xmrlpc.php' not found or unable to stat
[Sat Jan 31 05:42:13.133184 2026] [php:error] [pid 70254] [client 20.78.152.240:0] script '/domains/system_suspended/about.php' not found or unable to stat
[Sat Jan 31 05:42:13.308366 2026] [php:error] [pid 70254] [client 20.78.152.240:0] script '/domains/system_suspended/adminfuns.php' not found or unable to stat
[Sat Jan 31 05:42:13.621148 2026] [php:error] [pid 70254] [client 20.78.152.240:0] script '/domains/system_suspended/alfa.php' not found or unable to stat
[Sat Jan 31 05:42:13.795514 2026] [php:error] [pid 70254] [client 20.78.152.240:0] script '/domains/system_suspended/asasx.php' not found or unable to stat
[Sat Jan 31 05:42:14.257438 2026] [php:error] [pid 70254] [client 20.78.152.240:0] script '/domains/system_suspended/autoload_classmap.php' not found or unable to stat
[Sat Jan 31 05:42:14.546922 2026] [php:error] [pid 70254] [client 20.78.152.240:0] script '/domains/system_suspended/classwithtostring.php' not found or unable to stat
[Sat Jan 31 05:42:14.746679 2026] [php:error] [pid 70254] [client 20.78.152.240:0] script '/domains/system_suspended/cong.php' not found or unable to stat
[Sat Jan 31 05:42:15.237820 2026] [php:error] [pid 70254] [client 20.78.152.240:0] script '/domains/system_suspended/file2.php' not found or unable to stat
[Sat Jan 31 05:42:15.423167 2026] [php:error] [pid 70254] [client 20.78.152.240:0] script '/domains/system_suspended/moon.php' not found or unable to stat
[Sat Jan 31 05:42:16.513954 2026] [php:error] [pid 70254] [client 20.78.152.240:0] script '/domains/system_suspended/wp-cron.php' not found or unable to stat
[Sat Jan 31 05:42:22.652202 2026] [php:error] [pid 70240] [client 20.219.8.79:0] script '/domains/ceonlinenews/wp-trackback.php' not found or unable to stat
[Sat Jan 31 05:42:22.869411 2026] [php:error] [pid 70240] [client 20.219.8.79:0] script '/domains/ceonlinenews/about.php' not found or unable to stat
[Sat Jan 31 05:42:23.088496 2026] [php:error] [pid 70240] [client 20.219.8.79:0] script '/domains/ceonlinenews/file.php' not found or unable to stat
[Sat Jan 31 05:42:23.305810 2026] [php:error] [pid 70240] [client 20.219.8.79:0] script '/domains/ceonlinenews/wp-good.php' not found or unable to stat
[Sat Jan 31 05:42:23.529188 2026] [php:error] [pid 70240] [client 20.219.8.79:0] script '/domains/ceonlinenews/xmlrpc.php' not found or unable to stat
[Sat Jan 31 05:42:23.749682 2026] [php:error] [pid 70240] [client 20.219.8.79:0] script '/domains/ceonlinenews/goods.php' not found or unable to stat
[Sat Jan 31 05:42:23.976650 2026] [php:error] [pid 70240] [client 20.219.8.79:0] script '/domains/ceonlinenews/ioxi-o.php' not found or unable to stat
[Sat Jan 31 05:42:24.192996 2026] [php:error] [pid 70240] [client 20.219.8.79:0] script '/domains/ceonlinenews/class-t.api.php' not found or unable to stat
[Sat Jan 31 05:42:24.274805 2026] [php:error] [pid 70248] [client 205.185.216.73:0] script '/domains/brenties/wp-login.php' not found or unable to stat
[Sat Jan 31 05:42:24.416989 2026] [php:error] [pid 70240] [client 20.219.8.79:0] script '/domains/ceonlinenews/admin.php' not found or unable to stat
[Sat Jan 31 05:42:24.634949 2026] [php:error] [pid 70240] [client 20.219.8.79:0] script '/domains/ceonlinenews/sf.php' not found or unable to stat
[Sat Jan 31 05:42:24.856290 2026] [php:error] [pid 70240] [client 20.219.8.79:0] script '/domains/ceonlinenews/rip.php' not found or unable to stat
[Sat Jan 31 05:42:25.072446 2026] [php:error] [pid 70240] [client 20.219.8.79:0] script '/domains/ceonlinenews/autoload_classmap.php' not found or unable to stat
[Sat Jan 31 05:42:25.222388 2026] [php:error] [pid 70239] [client 62.60.130.210:0] script '/domains/brenties/wp-login.php' not found or unable to stat, referer: https://www.google.com/
[Sat Jan 31 05:42:25.293743 2026] [php:error] [pid 70240] [client 20.219.8.79:0] script '/domains/ceonlinenews/chosen.php' not found or unable to stat
[Sat Jan 31 05:42:25.517794 2026] [php:error] [pid 70240] [client 20.219.8.79:0] script '/domains/ceonlinenews/classwithtostring.php' not found or unable to stat
[Sat Jan 31 05:42:25.746164 2026] [php:error] [pid 70240] [client 20.219.8.79:0] script '/domains/ceonlinenews/defaults.php' not found or unable to stat
[Sat Jan 31 05:42:26.852401 2026] [php:error] [pid 70240] [client 20.219.8.79:0] script '/domains/ceonlinenews/info.php' not found or unable to stat
[Sat Jan 31 05:42:28.221992 2026] [php:error] [pid 70258] [client 62.60.130.210:0] script '/domains/ecernstelectric/wp-login.php' not found or unable to stat
[Sat Jan 31 05:42:28.397051 2026] [php:error] [pid 70240] [client 20.219.8.79:0] script '/domains/ceonlinenews/adminfuns.php' not found or unable to stat
[Sat Jan 31 05:42:29.387072 2026] [php:error] [pid 70254] [client 62.60.130.210:0] script '/domains/ecernstelectric/wp-login.php' not found or unable to stat
