[Sat Jan 31 01:16:08.573558 2026] [php:error] [pid 21500] [client 20.193.64.83:0] script '/domains/biehlweb/adminfuns.php' not found or unable to stat
[Sat Jan 31 01:16:08.803169 2026] [php:error] [pid 21500] [client 20.193.64.83:0] script '/domains/biehlweb/alfa.php' not found or unable to stat
[Sat Jan 31 01:16:09.207026 2026] [php:error] [pid 21500] [client 20.193.64.83:0] script '/domains/biehlweb/asasx.php' not found or unable to stat
[Sat Jan 31 01:16:09.774105 2026] [php:error] [pid 21500] [client 20.193.64.83:0] script '/domains/biehlweb/autoload_classmap.php' not found or unable to stat
[Sat Jan 31 01:16:09.994143 2026] [php:error] [pid 21500] [client 20.193.64.83:0] script '/domains/biehlweb/classwithtostring.php' not found or unable to stat
[Sat Jan 31 01:16:10.534723 2026] [php:error] [pid 21500] [client 20.193.64.83:0] script '/domains/biehlweb/cong.php' not found or unable to stat
[Sat Jan 31 01:16:10.609642 2026] [php:error] [pid 21495] [client 35.247.243.243:0] script '/domains/agribiz/adminer-5.0.2-mysql-en.php' not found or unable to stat
[Sat Jan 31 01:16:11.266075 2026] [php:error] [pid 21500] [client 20.193.64.83:0] script '/domains/biehlweb/file2.php' not found or unable to stat
[Sat Jan 31 01:16:11.533940 2026] [php:error] [pid 21500] [client 20.193.64.83:0] script '/domains/biehlweb/moon.php' not found or unable to stat
[Sat Jan 31 01:16:15.137609 2026] [php:error] [pid 21500] [client 20.193.64.83:0] script '/domains/biehlweb/wp-cron.php' not found or unable to stat
[Sat Jan 31 01:16:51.045288 2026] [php:error] [pid 21505] [client 35.247.243.246:0] script '/domains/agribiz/adminer-4.6.1.php' not found or unable to stat
[Sat Jan 31 01:16:51.066906 2026] [php:error] [pid 21506] [client 34.12.38.150:0] script '/domains/hdickens.enteract/kmnj.php' not found or unable to stat
[Sat Jan 31 01:17:10.370317 2026] [php:error] [pid 21509] [client 34.96.162.51:0] script '/domains/agribiz/adminer-4.7.1.php' not found or unable to stat
[Sat Jan 31 01:17:22.613104 2026] [php:error] [pid 21504] [client 34.96.162.59:0] script '/domains/agribiz/adminer-5.1.0-en.php' not found or unable to stat
[Sat Jan 31 01:17:25.384400 2026] [php:error] [pid 21509] [client 34.96.162.63:0] script '/domains/agribiz/adminer-5.0.4.php' not found or unable to stat
[Sat Jan 31 01:17:42.950026 2026] [php:error] [pid 21511] [client 35.247.243.243:0] script '/domains/agribiz/adminer-5.1.1.php' not found or unable to stat
[Sat Jan 31 01:18:00.186430 2026] [php:error] [pid 21506] [client 91.224.92.127:0] script '/domains/brigadeweb/admin.php' not found or unable to stat
[Sat Jan 31 01:18:02.460780 2026] [php:error] [pid 21510] [client 91.224.92.127:0] script '/domains/brigadeweb/about.php' not found or unable to stat
[Sat Jan 31 01:18:04.577492 2026] [php:error] [pid 21510] [client 91.224.92.127:0] script '/domains/brigadeweb/admin.php' not found or unable to stat
[Sat Jan 31 01:18:07.048618 2026] [php:error] [pid 21513] [client 91.224.92.127:0] script '/domains/brigadeweb/about.php' not found or unable to stat
[Sat Jan 31 01:18:47.889425 2026] [php:error] [pid 21514] [client 20.46.176.183:0] script '/domains/system_suspended/about.php' not found or unable to stat
[Sat Jan 31 01:18:48.047978 2026] [php:error] [pid 21514] [client 20.46.176.183:0] script '/domains/system_suspended/admin.php' not found or unable to stat
[Sat Jan 31 01:18:48.375636 2026] [php:error] [pid 21514] [client 20.46.176.183:0] script '/domains/system_suspended/class-t.api.php' not found or unable to stat
[Sat Jan 31 01:18:48.534943 2026] [php:error] [pid 21514] [client 20.46.176.183:0] script '/domains/system_suspended/goods.php' not found or unable to stat
[Sat Jan 31 01:18:48.693321 2026] [php:error] [pid 21514] [client 20.46.176.183:0] script '/domains/system_suspended/ioxi-o.php' not found or unable to stat
[Sat Jan 31 01:18:48.851819 2026] [php:error] [pid 21514] [client 20.46.176.183:0] script '/domains/system_suspended/rip.php' not found or unable to stat
[Sat Jan 31 01:18:49.020891 2026] [php:error] [pid 21514] [client 20.46.176.183:0] script '/domains/system_suspended/adminfuns.php' not found or unable to stat
[Sat Jan 31 01:18:49.180177 2026] [php:error] [pid 21514] [client 20.46.176.183:0] script '/domains/system_suspended/file.php' not found or unable to stat
[Sat Jan 31 01:18:50.301300 2026] [php:error] [pid 21514] [client 20.46.176.183:0] script '/domains/system_suspended/wp-good.php' not found or unable to stat
[Sat Jan 31 01:18:58.952895 2026] [php:error] [pid 21533] [client 34.34.16.224:0] script '/domains/hdickens.enteract/kmnj.php' not found or unable to stat
[Sat Jan 31 01:19:49.561681 2026] [php:error] [pid 21538] [client 101.47.183.48:0] script '/domains/hdickens.enteract/kmnj.php' not found or unable to stat
[Sat Jan 31 01:20:11.652348 2026] [php:error] [pid 21584] [client 20.194.29.45:0] script '/domains/system_suspended/about.php' not found or unable to stat
[Sat Jan 31 01:20:11.840417 2026] [php:error] [pid 21584] [client 20.194.29.45:0] script '/domains/system_suspended/admin.php' not found or unable to stat
[Sat Jan 31 01:20:12.215444 2026] [php:error] [pid 21584] [client 20.194.29.45:0] script '/domains/system_suspended/class-t.api.php' not found or unable to stat
[Sat Jan 31 01:20:12.395299 2026] [php:error] [pid 21584] [client 20.194.29.45:0] script '/domains/system_suspended/goods.php' not found or unable to stat
[Sat Jan 31 01:20:12.574935 2026] [php:error] [pid 21584] [client 20.194.29.45:0] script '/domains/system_suspended/ioxi-o.php' not found or unable to stat
[Sat Jan 31 01:20:12.756896 2026] [php:error] [pid 21584] [client 20.194.29.45:0] script '/domains/system_suspended/rip.php' not found or unable to stat
[Sat Jan 31 01:20:12.941731 2026] [php:error] [pid 21584] [client 20.194.29.45:0] script '/domains/system_suspended/adminfuns.php' not found or unable to stat
[Sat Jan 31 01:20:13.121425 2026] [php:error] [pid 21584] [client 20.194.29.45:0] script '/domains/system_suspended/file.php' not found or unable to stat
[Sat Jan 31 01:20:14.401900 2026] [php:error] [pid 21584] [client 20.194.29.45:0] script '/domains/system_suspended/wp-good.php' not found or unable to stat
[Sat Jan 31 01:20:42.961767 2026] [php:error] [pid 21592] [client 34.147.66.188:0] script '/domains/hdickens.enteract/kmnj.php' not found or unable to stat
[Sat Jan 31 01:20:57.058654 2026] [php:error] [pid 21580] [client 34.34.16.224:0] script '/domains/hdickens.enteract/kmnj.php' not found or unable to stat
[Sat Jan 31 01:21:03.131807 2026] [php:error] [pid 21584] [client 34.96.162.61:0] script '/domains/agribiz/adminer-4.16.0.php' not found or unable to stat
[Sat Jan 31 01:21:05.360152 2026] [php:error] [pid 21594] [client 157.22.126.181:0] script '/domains/tbarnhil/wp-login.php' not found or unable to stat
[Sat Jan 31 01:21:42.838061 2026] [php:error] [pid 21594] [client 34.141.194.48:0] script '/domains/hdickens.enteract/kmnj.php' not found or unable to stat
[Sat Jan 31 01:21:48.388509 2026] [php:error] [pid 21587] [client 35.247.243.249:0] script '/domains/agribiz/adminer-5.0.1-mysql-en.php' not found or unable to stat
[Sat Jan 31 01:22:01.955482 2026] [php:error] [pid 21580] [client 35.247.243.246:0] script '/domains/agribiz/adminer-4.7.7.php' not found or unable to stat
[Sat Jan 31 01:22:07.271576 2026] [php:error] [pid 21580] [client 34.6.51.184:0] script '/domains/hdickens.enteract/kmnj.php' not found or unable to stat
[Sat Jan 31 01:22:16.551194 2026] [php:error] [pid 21595] [client 20.193.64.83:0] script '/domains/nlyfoods/aa.php' not found or unable to stat
[Sat Jan 31 01:22:19.529229 2026] [php:error] [pid 21595] [client 20.193.64.83:0] script '/domains/nlyfoods/abcd.php' not found or unable to stat
[Sat Jan 31 01:22:21.050534 2026] [php:error] [pid 21600] [client 34.96.162.63:0] script '/domains/agribiz/adminer-5.0.4-en.php' not found or unable to stat
[Sat Jan 31 01:22:22.057178 2026] [php:error] [pid 21595] [client 20.193.64.83:0] script '/domains/nlyfoods/admin.php' not found or unable to stat
[Sat Jan 31 01:22:22.278232 2026] [php:error] [pid 21595] [client 20.193.64.83:0] script '/domains/nlyfoods/buy.php' not found or unable to stat
[Sat Jan 31 01:22:22.734599 2026] [php:error] [pid 21595] [client 20.193.64.83:0] script '/domains/nlyfoods/edit.php' not found or unable to stat
[Sat Jan 31 01:22:22.965674 2026] [php:error] [pid 21595] [client 20.193.64.83:0] script '/domains/nlyfoods/file.php' not found or unable to stat
[Sat Jan 31 01:22:23.210779 2026] [php:error] [pid 21595] [client 20.193.64.83:0] script '/domains/nlyfoods/flower.php' not found or unable to stat
[Sat Jan 31 01:22:28.724494 2026] [php:error] [pid 21595] [client 20.193.64.83:0] script '/domains/nlyfoods/info.php' not found or unable to stat
[Sat Jan 31 01:22:31.335502 2026] [php:error] [pid 21595] [client 20.193.64.83:0] script '/domains/nlyfoods/ioxi-o.php' not found or unable to stat
[Sat Jan 31 01:22:31.548161 2026] [php:error] [pid 21595] [client 20.193.64.83:0] script '/domains/nlyfoods/nc4.php' not found or unable to stat
[Sat Jan 31 01:22:31.758086 2026] [php:error] [pid 21595] [client 20.193.64.83:0] script '/domains/nlyfoods/xleet.php' not found or unable to stat
[Sat Jan 31 01:22:34.959952 2026] [php:error] [pid 21595] [client 20.193.64.83:0] script '/domains/nlyfoods/wp-good.php' not found or unable to stat
[Sat Jan 31 01:22:35.625404 2026] [php:error] [pid 21595] [client 20.193.64.83:0] script '/domains/nlyfoods/xmrlpc.php' not found or unable to stat
[Sat Jan 31 01:22:35.846996 2026] [php:error] [pid 21595] [client 20.193.64.83:0] script '/domains/nlyfoods/about.php' not found or unable to stat
[Sat Jan 31 01:22:36.068823 2026] [php:error] [pid 21595] [client 20.193.64.83:0] script '/domains/nlyfoods/adminfuns.php' not found or unable to stat
[Sat Jan 31 01:22:38.430240 2026] [php:error] [pid 21595] [client 20.193.64.83:0] script '/domains/nlyfoods/alfa.php' not found or unable to stat
[Sat Jan 31 01:22:38.638391 2026] [php:error] [pid 21595] [client 20.193.64.83:0] script '/domains/nlyfoods/asasx.php' not found or unable to stat
[Sat Jan 31 01:22:38.865068 2026] [php:error] [pid 21595] [client 20.193.64.83:0] script '/domains/nlyfoods/autoload_classmap.php' not found or unable to stat
[Sat Jan 31 01:22:39.114157 2026] [php:error] [pid 21595] [client 20.193.64.83:0] script '/domains/nlyfoods/classwithtostring.php' not found or unable to stat
[Sat Jan 31 01:22:39.341350 2026] [php:error] [pid 21595] [client 20.193.64.83:0] script '/domains/nlyfoods/cong.php' not found or unable to stat
[Sat Jan 31 01:22:39.543123 2026] [php:error] [pid 21595] [client 20.193.64.83:0] script '/domains/nlyfoods/file2.php' not found or unable to stat
[Sat Jan 31 01:22:39.771290 2026] [php:error] [pid 21595] [client 20.193.64.83:0] script '/domains/nlyfoods/moon.php' not found or unable to stat
[Sat Jan 31 01:22:40.486539 2026] [core:crit] [pid 21609] (13)Permission denied: [client 217.113.194.5:0] AH00529: /domains/dcarlone/test/web/.htaccess pcfg_openfile: unable to check htaccess file, ensure it is readable and that '/domains/dcarlone/test/web/' is executable
[Sat Jan 31 01:22:44.404118 2026] [php:error] [pid 21610] [client 20.193.64.83:0] script '/domains/windsorweb/aa.php' not found or unable to stat
[Sat Jan 31 01:22:46.012583 2026] [php:error] [pid 21610] [client 20.193.64.83:0] script '/domains/windsorweb/abcd.php' not found or unable to stat
[Sat Jan 31 01:22:47.109912 2026] [php:error] [pid 21595] [client 20.193.64.83:0] script '/domains/nlyfoods/wp-cron.php' not found or unable to stat
[Sat Jan 31 01:22:47.317515 2026] [php:error] [pid 21610] [client 20.193.64.83:0] script '/domains/windsorweb/admin.php' not found or unable to stat
[Sat Jan 31 01:22:48.477985 2026] [php:error] [pid 21610] [client 20.193.64.83:0] script '/domains/windsorweb/buy.php' not found or unable to stat
[Sat Jan 31 01:22:48.909728 2026] [php:error] [pid 21608] [client 13.75.54.243:0] script '/domains/kandg-pc/aa.php' not found or unable to stat
[Sat Jan 31 01:22:48.916353 2026] [php:error] [pid 21580] [client 35.247.243.240:0] script '/domains/agribiz/adminer-5.3.0-mysql.php' not found or unable to stat
[Sat Jan 31 01:22:49.127016 2026] [php:error] [pid 21608] [client 13.75.54.243:0] script '/domains/kandg-pc/abcd.php' not found or unable to stat
[Sat Jan 31 01:22:49.727528 2026] [php:error] [pid 21608] [client 13.75.54.243:0] script '/domains/kandg-pc/admin.php' not found or unable to stat
[Sat Jan 31 01:22:49.945680 2026] [php:error] [pid 21608] [client 13.75.54.243:0] script '/domains/kandg-pc/buy.php' not found or unable to stat
[Sat Jan 31 01:22:50.006569 2026] [php:error] [pid 21610] [client 20.193.64.83:0] script '/domains/windsorweb/edit.php' not found or unable to stat
[Sat Jan 31 01:22:50.507122 2026] [php:error] [pid 21610] [client 20.193.64.83:0] script '/domains/windsorweb/file.php' not found or unable to stat
[Sat Jan 31 01:22:50.706294 2026] [php:error] [pid 21608] [client 13.75.54.243:0] script '/domains/kandg-pc/edit.php' not found or unable to stat
[Sat Jan 31 01:22:51.081184 2026] [php:error] [pid 21608] [client 13.75.54.243:0] script '/domains/kandg-pc/file.php' not found or unable to stat
[Sat Jan 31 01:22:51.245334 2026] [php:error] [pid 21610] [client 20.193.64.83:0] script '/domains/windsorweb/flower.php' not found or unable to stat
[Sat Jan 31 01:22:51.581657 2026] [php:error] [pid 21608] [client 13.75.54.243:0] script '/domains/kandg-pc/flower.php' not found or unable to stat
[Sat Jan 31 01:22:52.010873 2026] [php:error] [pid 21608] [client 13.75.54.243:0] script '/domains/kandg-pc/info.php' not found or unable to stat
[Sat Jan 31 01:22:52.020843 2026] [php:error] [pid 21610] [client 20.193.64.83:0] script '/domains/windsorweb/images/index.php' not found or unable to stat
[Sat Jan 31 01:22:52.222138 2026] [php:error] [pid 21608] [client 13.75.54.243:0] script '/domains/kandg-pc/ioxi-o.php' not found or unable to stat
[Sat Jan 31 01:22:52.621230 2026] [php:error] [pid 21608] [client 13.75.54.243:0] script '/domains/kandg-pc/nc4.php' not found or unable to stat
[Sat Jan 31 01:22:52.756174 2026] [php:error] [pid 21610] [client 20.193.64.83:0] script '/domains/windsorweb/info.php' not found or unable to stat
[Sat Jan 31 01:22:53.390754 2026] [php:error] [pid 21608] [client 13.75.54.243:0] script '/domains/kandg-pc/xleet.php' not found or unable to stat
[Sat Jan 31 01:22:53.724125 2026] [php:error] [pid 21610] [client 20.193.64.83:0] script '/domains/windsorweb/ioxi-o.php' not found or unable to stat
[Sat Jan 31 01:22:54.264544 2026] [php:error] [pid 21608] [client 13.75.54.243:0] script '/domains/kandg-pc/wp-good.php' not found or unable to stat
[Sat Jan 31 01:22:54.490909 2026] [php:error] [pid 21611] [client 20.46.176.183:0] script '/domains/tennex/about.php' not found or unable to stat
[Sat Jan 31 01:22:54.649335 2026] [php:error] [pid 21611] [client 20.46.176.183:0] script '/domains/tennex/admin.php' not found or unable to stat
[Sat Jan 31 01:22:54.910535 2026] [php:error] [pid 21608] [client 13.75.54.243:0] script '/domains/kandg-pc/xmrlpc.php' not found or unable to stat
[Sat Jan 31 01:22:54.965935 2026] [php:error] [pid 21611] [client 20.46.176.183:0] script '/domains/tennex/class-t.api.php' not found or unable to stat
[Sat Jan 31 01:22:55.124538 2026] [php:error] [pid 21611] [client 20.46.176.183:0] script '/domains/tennex/goods.php' not found or unable to stat
[Sat Jan 31 01:22:55.136838 2026] [php:error] [pid 21608] [client 13.75.54.243:0] script '/domains/kandg-pc/about.php' not found or unable to stat
[Sat Jan 31 01:22:55.240710 2026] [php:error] [pid 21610] [client 20.193.64.83:0] script '/domains/windsorweb/nc4.php' not found or unable to stat
[Sat Jan 31 01:22:55.283234 2026] [php:error] [pid 21611] [client 20.46.176.183:0] script '/domains/tennex/ioxi-o.php' not found or unable to stat
[Sat Jan 31 01:22:55.362941 2026] [php:error] [pid 21608] [client 13.75.54.243:0] script '/domains/kandg-pc/adminfuns.php' not found or unable to stat
[Sat Jan 31 01:22:55.442068 2026] [php:error] [pid 21611] [client 20.46.176.183:0] script '/domains/tennex/rip.php' not found or unable to stat
[Sat Jan 31 01:22:55.586169 2026] [php:error] [pid 21608] [client 13.75.54.243:0] script '/domains/kandg-pc/alfa.php' not found or unable to stat
[Sat Jan 31 01:22:55.600176 2026] [php:error] [pid 21611] [client 20.46.176.183:0] script '/domains/tennex/adminfuns.php' not found or unable to stat
[Sat Jan 31 01:22:55.758747 2026] [php:error] [pid 21611] [client 20.46.176.183:0] script '/domains/tennex/file.php' not found or unable to stat
[Sat Jan 31 01:22:56.156780 2026] [php:error] [pid 21608] [client 13.75.54.243:0] script '/domains/kandg-pc/asasx.php' not found or unable to stat
[Sat Jan 31 01:22:56.707108 2026] [php:error] [pid 21608] [client 13.75.54.243:0] script '/domains/kandg-pc/autoload_classmap.php' not found or unable to stat
[Sat Jan 31 01:22:56.733374 2026] [php:error] [pid 21610] [client 20.193.64.83:0] script '/domains/windsorweb/xleet.php' not found or unable to stat
[Sat Jan 31 01:22:56.868495 2026] [php:error] [pid 21611] [client 20.46.176.183:0] script '/domains/tennex/wp-good.php' not found or unable to stat
[Sat Jan 31 01:22:57.128070 2026] [php:error] [pid 21608] [client 13.75.54.243:0] script '/domains/kandg-pc/classwithtostring.php' not found or unable to stat
[Sat Jan 31 01:22:57.356358 2026] [php:error] [pid 21608] [client 13.75.54.243:0] script '/domains/kandg-pc/cong.php' not found or unable to stat
[Sat Jan 31 01:22:58.003643 2026] [php:error] [pid 21608] [client 13.75.54.243:0] script '/domains/kandg-pc/file2.php' not found or unable to stat
[Sat Jan 31 01:22:58.695234 2026] [php:error] [pid 21608] [client 13.75.54.243:0] script '/domains/kandg-pc/moon.php' not found or unable to stat
[Sat Jan 31 01:22:59.615802 2026] [php:error] [pid 21610] [client 20.193.64.83:0] script '/domains/windsorweb/wp-good.php' not found or unable to stat
[Sat Jan 31 01:23:00.764991 2026] [php:error] [pid 21608] [client 13.75.54.243:0] script '/domains/kandg-pc/wp-cron.php' not found or unable to stat
[Sat Jan 31 01:23:05.151232 2026] [php:error] [pid 21610] [client 20.193.64.83:0] script '/domains/windsorweb/xmrlpc.php' not found or unable to stat
[Sat Jan 31 01:23:07.205240 2026] [php:error] [pid 21610] [client 20.193.64.83:0] script '/domains/windsorweb/about.php' not found or unable to stat
[Sat Jan 31 01:23:07.421199 2026] [php:error] [pid 21610] [client 20.193.64.83:0] script '/domains/windsorweb/adminfuns.php' not found or unable to stat
[Sat Jan 31 01:23:07.648147 2026] [php:error] [pid 21610] [client 20.193.64.83:0] script '/domains/windsorweb/alfa.php' not found or unable to stat
[Sat Jan 31 01:23:07.857637 2026] [php:error] [pid 21610] [client 20.193.64.83:0] script '/domains/windsorweb/asasx.php' not found or unable to stat
[Sat Jan 31 01:23:09.435997 2026] [php:error] [pid 21610] [client 20.193.64.83:0] script '/domains/windsorweb/autoload_classmap.php' not found or unable to stat
[Sat Jan 31 01:23:10.963461 2026] [php:error] [pid 21610] [client 20.193.64.83:0] script '/domains/windsorweb/classwithtostring.php' not found or unable to stat
[Sat Jan 31 01:23:11.963773 2026] [php:error] [pid 21610] [client 20.193.64.83:0] script '/domains/windsorweb/cong.php' not found or unable to stat
[Sat Jan 31 01:23:12.986856 2026] [php:error] [pid 21610] [client 20.193.64.83:0] script '/domains/windsorweb/file2.php' not found or unable to stat
[Sat Jan 31 01:23:13.825250 2026] [php:error] [pid 21610] [client 20.193.64.83:0] script '/domains/windsorweb/moon.php' not found or unable to stat
[Sat Jan 31 01:23:20.727210 2026] [php:error] [pid 21610] [client 20.193.64.83:0] script '/domains/windsorweb/wp-cron.php' not found or unable to stat
[Sat Jan 31 01:23:38.869584 2026] [php:error] [pid 21610] [client 130.12.181.143:0] script '/domains/magicjim/wp-login.php' not found or unable to stat, referer: https://duckduckgo.com/
[Sat Jan 31 01:23:39.515009 2026] [php:error] [pid 21617] [client 130.12.181.143:0] script '/domains/magicjim/wp-login.php' not found or unable to stat, referer: https://t.co/
[Sat Jan 31 01:24:07.818725 2026] [php:error] [pid 21624] [client 34.96.162.50:0] script '/domains/agribiz/adminer-4.5.0.php' not found or unable to stat
[Sat Jan 31 01:24:23.631838 2026] [php:error] [pid 21622] [client 20.193.64.83:0] script '/domains/system_default/aa.php' not found or unable to stat
[Sat Jan 31 01:24:23.856216 2026] [php:error] [pid 21622] [client 20.193.64.83:0] script '/domains/system_default/abcd.php' not found or unable to stat
[Sat Jan 31 01:24:24.085279 2026] [php:error] [pid 21622] [client 20.193.64.83:0] script '/domains/system_default/admin.php' not found or unable to stat
[Sat Jan 31 01:24:24.293677 2026] [php:error] [pid 21622] [client 20.193.64.83:0] script '/domains/system_default/buy.php' not found or unable to stat
[Sat Jan 31 01:24:26.567867 2026] [php:error] [pid 21622] [client 20.193.64.83:0] script '/domains/system_default/edit.php' not found or unable to stat
[Sat Jan 31 01:24:26.779323 2026] [php:error] [pid 21622] [client 20.193.64.83:0] script '/domains/system_default/file.php' not found or unable to stat
[Sat Jan 31 01:24:26.993746 2026] [php:error] [pid 21622] [client 20.193.64.83:0] script '/domains/system_default/flower.php' not found or unable to stat
[Sat Jan 31 01:24:27.444983 2026] [php:error] [pid 21622] [client 20.193.64.83:0] script '/domains/system_default/info.php' not found or unable to stat
[Sat Jan 31 01:24:28.853494 2026] [php:error] [pid 21622] [client 20.193.64.83:0] script '/domains/system_default/ioxi-o.php' not found or unable to stat
[Sat Jan 31 01:24:29.800581 2026] [php:error] [pid 21622] [client 20.193.64.83:0] script '/domains/system_default/nc4.php' not found or unable to stat
[Sat Jan 31 01:24:30.620323 2026] [php:error] [pid 21622] [client 20.193.64.83:0] script '/domains/system_default/xleet.php' not found or unable to stat
[Sat Jan 31 01:24:33.032257 2026] [php:error] [pid 21622] [client 20.193.64.83:0] script '/domains/system_default/wp-good.php' not found or unable to stat
[Sat Jan 31 01:24:34.800289 2026] [php:error] [pid 21622] [client 20.193.64.83:0] script '/domains/system_default/xmrlpc.php' not found or unable to stat
[Sat Jan 31 01:24:36.905165 2026] [php:error] [pid 21622] [client 20.193.64.83:0] script '/domains/system_default/about.php' not found or unable to stat
[Sat Jan 31 01:24:37.117494 2026] [php:error] [pid 21622] [client 20.193.64.83:0] script '/domains/system_default/adminfuns.php' not found or unable to stat
[Sat Jan 31 01:24:37.347456 2026] [php:error] [pid 21622] [client 20.193.64.83:0] script '/domains/system_default/alfa.php' not found or unable to stat
[Sat Jan 31 01:24:37.581276 2026] [php:error] [pid 21622] [client 20.193.64.83:0] script '/domains/system_default/asasx.php' not found or unable to stat
[Sat Jan 31 01:24:40.115009 2026] [php:error] [pid 21622] [client 20.193.64.83:0] script '/domains/system_default/autoload_classmap.php' not found or unable to stat
[Sat Jan 31 01:24:41.828592 2026] [php:error] [pid 21632] [client 64.227.167.241:0] script '/domains/markrose/wp-login.php' not found or unable to stat
[Sat Jan 31 01:24:42.186783 2026] [php:error] [pid 21622] [client 20.193.64.83:0] script '/domains/system_default/classwithtostring.php' not found or unable to stat
[Sat Jan 31 01:24:43.817121 2026] [php:error] [pid 21622] [client 20.193.64.83:0] script '/domains/system_default/cong.php' not found or unable to stat
[Sat Jan 31 01:24:45.374709 2026] [php:error] [pid 21622] [client 20.193.64.83:0] script '/domains/system_default/file2.php' not found or unable to stat
[Sat Jan 31 01:24:45.630442 2026] [php:error] [pid 21622] [client 20.193.64.83:0] script '/domains/system_default/moon.php' not found or unable to stat
[Sat Jan 31 01:24:47.559155 2026] [php:error] [pid 21633] [client 52.140.123.244:0] script '/domains/davidbacker/xmlrpc.php' not found or unable to stat
[Sat Jan 31 01:24:47.774945 2026] [php:error] [pid 21633] [client 52.140.123.244:0] script '/domains/davidbacker/wp-trackback.php' not found or unable to stat
[Sat Jan 31 01:24:47.960674 2026] [php:error] [pid 21628] [client 185.96.37.117:0] script '/domains/wsmith.enteract/wp-login.php' not found or unable to stat
[Sat Jan 31 01:24:47.988328 2026] [php:error] [pid 21633] [client 52.140.123.244:0] script '/domains/davidbacker/file.php' not found or unable to stat
[Sat Jan 31 01:24:48.201709 2026] [php:error] [pid 21633] [client 52.140.123.244:0] script '/domains/davidbacker/rip.php' not found or unable to stat
[Sat Jan 31 01:24:48.415443 2026] [php:error] [pid 21633] [client 52.140.123.244:0] script '/domains/davidbacker/autoload_classmap.php' not found or unable to stat
[Sat Jan 31 01:24:48.633225 2026] [php:error] [pid 21633] [client 52.140.123.244:0] script '/domains/davidbacker/chosen.php' not found or unable to stat
[Sat Jan 31 01:24:48.854198 2026] [php:error] [pid 21633] [client 52.140.123.244:0] script '/domains/davidbacker/classwithtostring.php' not found or unable to stat
[Sat Jan 31 01:24:49.071940 2026] [php:error] [pid 21633] [client 52.140.123.244:0] script '/domains/davidbacker/defaults.php' not found or unable to stat
[Sat Jan 31 01:24:49.713151 2026] [php:error] [pid 21633] [client 52.140.123.244:0] script '/domains/davidbacker/info.php' not found or unable to stat
[Sat Jan 31 01:24:49.931739 2026] [php:error] [pid 21633] [client 52.140.123.244:0] script '/domains/davidbacker/elp.php' not found or unable to stat
[Sat Jan 31 01:24:50.343024 2026] [php:error] [pid 21622] [client 20.193.64.83:0] script '/domains/system_default/wp-cron.php' not found or unable to stat
[Sat Jan 31 01:24:50.998805 2026] [php:error] [pid 21633] [client 52.140.123.244:0] script '/domains/davidbacker/adminfuns.php' not found or unable to stat
[Sat Jan 31 01:24:58.256846 2026] [php:error] [pid 21638] [client 185.96.37.117:0] script '/domains/wsmith.enteract/wp-login.php' not found or unable to stat
[Sat Jan 31 01:25:07.737315 2026] [php:error] [pid 21631] [client 185.96.37.117:0] script '/domains/wsmith.enteract/wp-login.php' not found or unable to stat
[Sat Jan 31 01:25:10.662267 2026] [core:crit] [pid 21623] (13)Permission denied: [client 217.113.194.202:0] AH00529: /domains/dcarlone/test/web/.htaccess pcfg_openfile: unable to check htaccess file, ensure it is readable and that '/domains/dcarlone/test/web/' is executable
[Sat Jan 31 01:25:25.004960 2026] [php:error] [pid 21622] [client 34.96.162.62:0] script '/domains/agribiz/adminer-4.6.0.php' not found or unable to stat
[Sat Jan 31 01:25:37.748686 2026] [php:error] [pid 21630] [client 20.46.176.183:0] script '/domains/aatweb/xmlrpc.php' not found or unable to stat
[Sat Jan 31 01:25:37.911774 2026] [php:error] [pid 21630] [client 20.46.176.183:0] script '/domains/aatweb/wp-trackback.php' not found or unable to stat
[Sat Jan 31 01:25:38.084280 2026] [php:error] [pid 21630] [client 20.46.176.183:0] script '/domains/aatweb/file.php' not found or unable to stat
[Sat Jan 31 01:25:38.245453 2026] [php:error] [pid 21630] [client 20.46.176.183:0] script '/domains/aatweb/rip.php' not found or unable to stat
[Sat Jan 31 01:25:38.419614 2026] [php:error] [pid 21630] [client 20.46.176.183:0] script '/domains/aatweb/autoload_classmap.php' not found or unable to stat
[Sat Jan 31 01:25:38.590349 2026] [php:error] [pid 21630] [client 20.46.176.183:0] script '/domains/aatweb/chosen.php' not found or unable to stat
[Sat Jan 31 01:25:38.751583 2026] [php:error] [pid 21630] [client 20.46.176.183:0] script '/domains/aatweb/classwithtostring.php' not found or unable to stat
[Sat Jan 31 01:25:38.912902 2026] [php:error] [pid 21630] [client 20.46.176.183:0] script '/domains/aatweb/defaults.php' not found or unable to stat
[Sat Jan 31 01:25:39.400054 2026] [php:error] [pid 21630] [client 20.46.176.183:0] script '/domains/aatweb/info.php' not found or unable to stat
[Sat Jan 31 01:25:39.572361 2026] [php:error] [pid 21630] [client 20.46.176.183:0] script '/domains/aatweb/elp.php' not found or unable to stat
[Sat Jan 31 01:25:40.394291 2026] [php:error] [pid 21630] [client 20.46.176.183:0] script '/domains/aatweb/adminfuns.php' not found or unable to stat
[Sat Jan 31 01:25:45.111943 2026] [php:error] [pid 21622] [client 34.6.196.32:0] script '/domains/hdickens.enteract/kmnj.php' not found or unable to stat
[Sat Jan 31 01:25:45.157513 2026] [php:error] [pid 21641] [client 40.115.138.121:0] script '/domains/jrp.interport/xmlrpc.php' not found or unable to stat
[Sat Jan 31 01:25:45.317538 2026] [php:error] [pid 21641] [client 40.115.138.121:0] script '/domains/jrp.interport/wp-trackback.php' not found or unable to stat
[Sat Jan 31 01:25:45.476123 2026] [php:error] [pid 21641] [client 40.115.138.121:0] script '/domains/jrp.interport/file.php' not found or unable to stat
[Sat Jan 31 01:25:45.634635 2026] [php:error] [pid 21641] [client 40.115.138.121:0] script '/domains/jrp.interport/rip.php' not found or unable to stat
[Sat Jan 31 01:25:45.793338 2026] [php:error] [pid 21641] [client 40.115.138.121:0] script '/domains/jrp.interport/autoload_classmap.php' not found or unable to stat
[Sat Jan 31 01:25:45.952064 2026] [php:error] [pid 21641] [client 40.115.138.121:0] script '/domains/jrp.interport/chosen.php' not found or unable to stat
[Sat Jan 31 01:25:46.111298 2026] [php:error] [pid 21641] [client 40.115.138.121:0] script '/domains/jrp.interport/classwithtostring.php' not found or unable to stat
[Sat Jan 31 01:25:46.270055 2026] [php:error] [pid 21641] [client 40.115.138.121:0] script '/domains/jrp.interport/defaults.php' not found or unable to stat
[Sat Jan 31 01:25:46.746779 2026] [php:error] [pid 21641] [client 40.115.138.121:0] script '/domains/jrp.interport/info.php' not found or unable to stat
[Sat Jan 31 01:25:46.908191 2026] [php:error] [pid 21641] [client 40.115.138.121:0] script '/domains/jrp.interport/elp.php' not found or unable to stat
[Sat Jan 31 01:25:47.720282 2026] [php:error] [pid 21641] [client 40.115.138.121:0] script '/domains/jrp.interport/adminfuns.php' not found or unable to stat
[Sat Jan 31 01:25:56.265181 2026] [php:error] [pid 21622] [client 172.81.130.114:0] script '/domains/markrose/wp-login.php' not found or unable to stat, referer: https://t.co/
[Sat Jan 31 01:25:56.316748 2026] [php:error] [pid 21631] [client 172.81.130.114:0] script '/domains/markrose/wp-login.php' not found or unable to stat
[Sat Jan 31 01:26:06.199594 2026] [php:error] [pid 21623] [client 20.78.169.245:0] script '/domains/system_cancel/xmlrpc.php' not found or unable to stat
[Sat Jan 31 01:26:06.716112 2026] [php:error] [pid 21623] [client 20.78.169.245:0] script '/domains/system_cancel/rip.php' not found or unable to stat
[Sat Jan 31 01:26:06.889291 2026] [php:error] [pid 21623] [client 20.78.169.245:0] script '/domains/system_cancel/autoload_classmap.php' not found or unable to stat
[Sat Jan 31 01:26:07.056470 2026] [php:error] [pid 21623] [client 20.78.169.245:0] script '/domains/system_cancel/chosen.php' not found or unable to stat
[Sat Jan 31 01:26:07.223097 2026] [php:error] [pid 21623] [client 20.78.169.245:0] script '/domains/system_cancel/classwithtostring.php' not found or unable to stat
[Sat Jan 31 01:26:07.392471 2026] [php:error] [pid 21623] [client 20.78.169.245:0] script '/domains/system_cancel/defaults.php' not found or unable to stat
[Sat Jan 31 01:26:07.891927 2026] [php:error] [pid 21623] [client 20.78.169.245:0] script '/domains/system_cancel/info.php' not found or unable to stat
[Sat Jan 31 01:26:08.067354 2026] [php:error] [pid 21623] [client 20.78.169.245:0] script '/domains/system_cancel/elp.php' not found or unable to stat
[Sat Jan 31 01:26:08.934131 2026] [php:error] [pid 21623] [client 20.78.169.245:0] script '/domains/system_cancel/adminfuns.php' not found or unable to stat
[Sat Jan 31 01:26:19.742318 2026] [php:error] [pid 21630] [client 35.247.243.255:0] script '/domains/agribiz/__adm.php' not found or unable to stat
[Sat Jan 31 01:26:21.121998 2026] [php:error] [pid 21622] [client 34.12.141.9:0] script '/domains/hdickens.enteract/kmnj.php' not found or unable to stat
[Sat Jan 31 01:26:23.969470 2026] [php:error] [pid 21631] [client 104.28.202.184:0] script '/domains/system_default/style.php' not found or unable to stat
[Sat Jan 31 01:26:24.192415 2026] [php:error] [pid 21631] [client 104.28.202.184:0] script '/domains/system_default/chosen.php' not found or unable to stat
[Sat Jan 31 01:26:24.397119 2026] [php:error] [pid 21631] [client 104.28.202.184:0] script '/domains/system_default/file.php' not found or unable to stat
[Sat Jan 31 01:26:24.422157 2026] [php:error] [pid 21631] [client 104.28.202.184:0] script '/domains/system_default/flower.php' not found or unable to stat
[Sat Jan 31 01:26:24.580319 2026] [php:error] [pid 21631] [client 104.28.202.184:0] script '/domains/system_default/gifclass.php' not found or unable to stat
[Sat Jan 31 01:26:24.608621 2026] [php:error] [pid 21631] [client 104.28.202.184:0] script '/domains/system_default/bless.php' not found or unable to stat
[Sat Jan 31 01:26:24.635722 2026] [php:error] [pid 21631] [client 104.28.202.184:0] script '/domains/system_default/class-t.api.php' not found or unable to stat
[Sat Jan 31 01:26:24.794757 2026] [php:error] [pid 21631] [client 104.28.202.184:0] script '/domains/system_default/blurbs.php' not found or unable to stat
[Sat Jan 31 01:26:24.981155 2026] [php:error] [pid 21631] [client 104.28.202.184:0] script '/domains/system_default/akcc.php' not found or unable to stat
[Sat Jan 31 01:26:25.090547 2026] [php:error] [pid 21631] [client 104.28.202.184:0] script '/domains/system_default/abcd.php' not found or unable to stat
[Sat Jan 31 01:26:25.123170 2026] [php:error] [pid 21631] [client 104.28.202.184:0] script '/domains/system_default/shelp.php' not found or unable to stat
[Sat Jan 31 01:26:25.278917 2026] [php:error] [pid 21631] [client 104.28.202.184:0] script '/domains/system_default/cord.php' not found or unable to stat
[Sat Jan 31 01:26:25.303065 2026] [php:error] [pid 21631] [client 104.28.202.184:0] script '/domains/system_default/dex.php' not found or unable to stat
[Sat Jan 31 01:26:25.405023 2026] [php:error] [pid 21631] [client 104.28.202.184:0] script '/domains/system_default/file2.php' not found or unable to stat
[Sat Jan 31 01:26:25.438962 2026] [php:error] [pid 21631] [client 104.28.202.184:0] script '/domains/system_default/zwso.php' not found or unable to stat
[Sat Jan 31 01:26:25.805997 2026] [php:error] [pid 21631] [client 104.28.202.184:0] script '/domains/system_default/bolt.php' not found or unable to stat
[Sat Jan 31 01:26:25.893773 2026] [php:error] [pid 21631] [client 104.28.202.184:0] script '/domains/system_default/shlo.php' not found or unable to stat
[Sat Jan 31 01:26:25.927919 2026] [php:error] [pid 21631] [client 104.28.202.184:0] script '/domains/system_default/133.php' not found or unable to stat
[Sat Jan 31 01:26:25.952037 2026] [php:error] [pid 21631] [client 104.28.202.184:0] script '/domains/system_default/ahax.php' not found or unable to stat
[Sat Jan 31 01:26:26.091938 2026] [php:error] [pid 21631] [client 104.28.202.184:0] script '/domains/system_default/php8.php' not found or unable to stat
[Sat Jan 31 01:26:26.120168 2026] [php:error] [pid 21631] [client 104.28.202.184:0] script '/domains/system_default/lufix1.php' not found or unable to stat
[Sat Jan 31 01:26:26.156296 2026] [php:error] [pid 21631] [client 104.28.202.184:0] script '/domains/system_default/witmm.php' not found or unable to stat
[Sat Jan 31 01:26:26.433117 2026] [php:error] [pid 21631] [client 104.28.202.184:0] script '/domains/system_default/ioxi-o.php' not found or unable to stat
[Sat Jan 31 01:26:26.497997 2026] [php:error] [pid 21631] [client 104.28.202.184:0] script '/domains/system_default/222.php' not found or unable to stat
[Sat Jan 31 01:26:26.679460 2026] [php:error] [pid 21631] [client 104.28.202.184:0] script '/domains/system_default/files.php' not found or unable to stat
[Sat Jan 31 01:26:26.797149 2026] [php:error] [pid 21631] [client 104.28.202.184:0] script '/domains/system_default/wp-editor.php' not found or unable to stat
[Sat Jan 31 01:26:26.834088 2026] [php:error] [pid 21631] [client 104.28.202.184:0] script '/domains/system_default/txets.php' not found or unable to stat
[Sat Jan 31 01:26:26.933067 2026] [php:error] [pid 21631] [client 104.28.202.184:0] script '/domains/system_default/postnews.php' not found or unable to stat
[Sat Jan 31 01:27:01.855193 2026] [php:error] [pid 21631] [client 34.7.95.39:0] script '/domains/hdickens.enteract/kmnj.php' not found or unable to stat
[Sat Jan 31 01:27:11.384499 2026] [php:error] [pid 21647] [client 134.209.85.147:0] script '/domains/egmaweb/wp-login.php' not found or unable to stat
[Sat Jan 31 01:27:24.711228 2026] [php:error] [pid 21648] [client 35.247.243.246:0] script '/domains/agribiz/adminer-5.3.0.php' not found or unable to stat
[Sat Jan 31 01:27:40.832717 2026] [core:crit] [pid 21648] (13)Permission denied: [client 217.113.194.2:0] AH00529: /domains/dcarlone/test/web/.htaccess pcfg_openfile: unable to check htaccess file, ensure it is readable and that '/domains/dcarlone/test/web/' is executable
[Sat Jan 31 01:27:43.921624 2026] [php:error] [pid 21652] [client 45.148.10.244:0] script '/domains/wsmith.enteract/phpinfo.php' not found or unable to stat
[Sat Jan 31 01:27:44.471773 2026] [php:error] [pid 21655] [client 20.211.164.12:0] script '/domains/pmglobal/about.php' not found or unable to stat
[Sat Jan 31 01:27:44.676460 2026] [php:error] [pid 21655] [client 20.211.164.12:0] script '/domains/pmglobal/admin.php' not found or unable to stat
[Sat Jan 31 01:27:45.083116 2026] [php:error] [pid 21655] [client 20.211.164.12:0] script '/domains/pmglobal/class-t.api.php' not found or unable to stat
[Sat Jan 31 01:27:45.289818 2026] [php:error] [pid 21655] [client 20.211.164.12:0] script '/domains/pmglobal/goods.php' not found or unable to stat
[Sat Jan 31 01:27:45.489978 2026] [php:error] [pid 21655] [client 20.211.164.12:0] script '/domains/pmglobal/ioxi-o.php' not found or unable to stat
[Sat Jan 31 01:27:45.690059 2026] [php:error] [pid 21655] [client 20.211.164.12:0] script '/domains/pmglobal/rip.php' not found or unable to stat
[Sat Jan 31 01:27:45.894934 2026] [php:error] [pid 21655] [client 20.211.164.12:0] script '/domains/pmglobal/adminfuns.php' not found or unable to stat
[Sat Jan 31 01:27:46.095117 2026] [php:error] [pid 21655] [client 20.211.164.12:0] script '/domains/pmglobal/file.php' not found or unable to stat
[Sat Jan 31 01:27:47.371333 2026] [php:error] [pid 21631] [client 45.148.10.244:0] script '/domains/wsmith.enteract/_phpinfo.php' not found or unable to stat
[Sat Jan 31 01:27:47.534019 2026] [php:error] [pid 21655] [client 20.211.164.12:0] script '/domains/pmglobal/wp-good.php' not found or unable to stat
[Sat Jan 31 01:27:47.688869 2026] [php:error] [pid 21654] [client 20.46.176.183:0] script '/domains/piltdweb1/xmlrpc.php' not found or unable to stat
[Sat Jan 31 01:27:47.847887 2026] [php:error] [pid 21654] [client 20.46.176.183:0] script '/domains/piltdweb1/wp-trackback.php' not found or unable to stat
[Sat Jan 31 01:27:48.021693 2026] [php:error] [pid 21654] [client 20.46.176.183:0] script '/domains/piltdweb1/file.php' not found or unable to stat
[Sat Jan 31 01:27:48.180090 2026] [php:error] [pid 21654] [client 20.46.176.183:0] script '/domains/piltdweb1/rip.php' not found or unable to stat
[Sat Jan 31 01:27:48.349949 2026] [php:error] [pid 21654] [client 20.46.176.183:0] script '/domains/piltdweb1/autoload_classmap.php' not found or unable to stat
[Sat Jan 31 01:27:48.508631 2026] [php:error] [pid 21654] [client 20.46.176.183:0] script '/domains/piltdweb1/chosen.php' not found or unable to stat
[Sat Jan 31 01:27:48.669972 2026] [php:error] [pid 21654] [client 20.46.176.183:0] script '/domains/piltdweb1/classwithtostring.php' not found or unable to stat
[Sat Jan 31 01:27:48.828264 2026] [php:error] [pid 21654] [client 20.46.176.183:0] script '/domains/piltdweb1/defaults.php' not found or unable to stat
[Sat Jan 31 01:27:49.312366 2026] [php:error] [pid 21654] [client 20.46.176.183:0] script '/domains/piltdweb1/info.php' not found or unable to stat
[Sat Jan 31 01:27:49.470765 2026] [php:error] [pid 21654] [client 20.46.176.183:0] script '/domains/piltdweb1/elp.php' not found or unable to stat
[Sat Jan 31 01:27:50.262050 2026] [php:error] [pid 21654] [client 20.46.176.183:0] script '/domains/piltdweb1/adminfuns.php' not found or unable to stat
[Sat Jan 31 01:27:52.961001 2026] [php:error] [pid 21649] [client 34.32.253.113:0] script '/domains/hdickens.enteract/kmnj.php' not found or unable to stat
[Sat Jan 31 01:28:00.828114 2026] [php:error] [pid 21648] [client 45.148.10.244:0] script '/domains/wsmith.enteract/wp-config.php.bak' not found or unable to stat
[Sat Jan 31 01:28:00.961502 2026] [php:error] [pid 21648] [client 45.148.10.244:0] script '/domains/wsmith.enteract/info.php' not found or unable to stat
[Sat Jan 31 01:28:02.386884 2026] [php:error] [pid 21651] [client 45.148.10.244:0] script '/domains/wsmith.enteract/server_info.php' not found or unable to stat
[Sat Jan 31 01:28:02.523877 2026] [php:error] [pid 21651] [client 45.148.10.244:0] script '/domains/wsmith.enteract/app_dev.php' not found or unable to stat
[Sat Jan 31 01:28:02.677113 2026] [php:error] [pid 21651] [client 45.148.10.244:0] script '/domains/wsmith.enteract/test.php' not found or unable to stat
[Sat Jan 31 01:28:02.809429 2026] [access_compat:error] [pid 21651] [client 45.148.10.244:0] AH01797: client denied by server configuration: /domains/wsmith.enteract/server-info
[Sat Jan 31 01:28:02.930631 2026] [php:error] [pid 21651] [client 45.148.10.244:0] script '/domains/wsmith.enteract/server-info.php' not found or unable to stat
[Sat Jan 31 01:28:16.918943 2026] [php:error] [pid 21647] [client 34.96.162.52:0] script '/domains/agribiz/adminer-4.7.3.php' not found or unable to stat
[Sat Jan 31 01:28:24.505584 2026] [php:error] [pid 21658] [client 20.214.137.92:0] script '/domains/system_default/about.php' not found or unable to stat
[Sat Jan 31 01:28:24.686218 2026] [php:error] [pid 21658] [client 20.214.137.92:0] script '/domains/system_default/admin.php' not found or unable to stat
[Sat Jan 31 01:28:24.917856 2026] [php:error] [pid 21643] [client 20.78.169.245:0] script '/domains/schellin/about.php' not found or unable to stat
[Sat Jan 31 01:28:25.046109 2026] [php:error] [pid 21658] [client 20.214.137.92:0] script '/domains/system_default/class-t.api.php' not found or unable to stat
[Sat Jan 31 01:28:25.089340 2026] [php:error] [pid 21643] [client 20.78.169.245:0] script '/domains/schellin/admin.php' not found or unable to stat
[Sat Jan 31 01:28:25.228898 2026] [php:error] [pid 21658] [client 20.214.137.92:0] script '/domains/system_default/goods.php' not found or unable to stat
[Sat Jan 31 01:28:25.409330 2026] [php:error] [pid 21658] [client 20.214.137.92:0] script '/domains/system_default/ioxi-o.php' not found or unable to stat
[Sat Jan 31 01:28:25.445711 2026] [php:error] [pid 21643] [client 20.78.169.245:0] script '/domains/schellin/class-t.api.php' not found or unable to stat
[Sat Jan 31 01:28:25.597967 2026] [php:error] [pid 21658] [client 20.214.137.92:0] script '/domains/system_default/rip.php' not found or unable to stat
[Sat Jan 31 01:28:25.615359 2026] [php:error] [pid 21643] [client 20.78.169.245:0] script '/domains/schellin/goods.php' not found or unable to stat
[Sat Jan 31 01:28:25.787777 2026] [php:error] [pid 21658] [client 20.214.137.92:0] script '/domains/system_default/adminfuns.php' not found or unable to stat
[Sat Jan 31 01:28:25.790156 2026] [php:error] [pid 21643] [client 20.78.169.245:0] script '/domains/schellin/ioxi-o.php' not found or unable to stat
[Sat Jan 31 01:28:25.961188 2026] [php:error] [pid 21643] [client 20.78.169.245:0] script '/domains/schellin/rip.php' not found or unable to stat
[Sat Jan 31 01:28:25.968081 2026] [php:error] [pid 21658] [client 20.214.137.92:0] script '/domains/system_default/file.php' not found or unable to stat
[Sat Jan 31 01:28:26.145203 2026] [php:error] [pid 21643] [client 20.78.169.245:0] script '/domains/schellin/adminfuns.php' not found or unable to stat
[Sat Jan 31 01:28:26.315546 2026] [php:error] [pid 21643] [client 20.78.169.245:0] script '/domains/schellin/file.php' not found or unable to stat
[Sat Jan 31 01:28:27.245178 2026] [php:error] [pid 21658] [client 20.214.137.92:0] script '/domains/system_default/wp-good.php' not found or unable to stat
[Sat Jan 31 01:28:27.516077 2026] [php:error] [pid 21643] [client 20.78.169.245:0] script '/domains/schellin/wp-good.php' not found or unable to stat
[Sat Jan 31 01:28:28.892340 2026] [php:error] [pid 21671] [client 35.247.243.245:0] script '/domains/agribiz/adminer-5.1.0-mysql.php' not found or unable to stat
[Sat Jan 31 01:28:44.629439 2026] [php:error] [pid 21659] [client 35.247.243.253:0] script '/domains/agribiz/adminer-5.2.0-en.php' not found or unable to stat
[Sat Jan 31 01:29:04.423597 2026] [php:error] [pid 21682] [client 35.247.243.245:0] script '/domains/agribiz/adminer-5.2.0-mysql.php' not found or unable to stat
[Sat Jan 31 01:29:39.111789 2026] [php:error] [pid 21685] [client 35.247.243.250:0] script '/domains/agribiz/adminer-5.1.0.php' not found or unable to stat
[Sat Jan 31 01:29:39.126385 2026] [php:error] [pid 21686] [client 181.214.173.145:0] script '/domains/mschmid/wp-login.php' not found or unable to stat
[Sat Jan 31 01:29:41.329013 2026] [php:error] [pid 21665] [client 20.46.176.183:0] script '/domains/machinadynamica/xmlrpc.php' not found or unable to stat
[Sat Jan 31 01:29:41.488135 2026] [php:error] [pid 21665] [client 20.46.176.183:0] script '/domains/machinadynamica/wp-trackback.php' not found or unable to stat
[Sat Jan 31 01:29:41.646762 2026] [php:error] [pid 21665] [client 20.46.176.183:0] script '/domains/machinadynamica/file.php' not found or unable to stat
[Sat Jan 31 01:29:41.805345 2026] [php:error] [pid 21665] [client 20.46.176.183:0] script '/domains/machinadynamica/rip.php' not found or unable to stat
[Sat Jan 31 01:29:41.965189 2026] [php:error] [pid 21665] [client 20.46.176.183:0] script '/domains/machinadynamica/autoload_classmap.php' not found or unable to stat
[Sat Jan 31 01:29:42.123537 2026] [php:error] [pid 21665] [client 20.46.176.183:0] script '/domains/machinadynamica/chosen.php' not found or unable to stat
[Sat Jan 31 01:29:42.282192 2026] [php:error] [pid 21665] [client 20.46.176.183:0] script '/domains/machinadynamica/classwithtostring.php' not found or unable to stat
[Sat Jan 31 01:29:42.440938 2026] [php:error] [pid 21665] [client 20.46.176.183:0] script '/domains/machinadynamica/defaults.php' not found or unable to stat
[Sat Jan 31 01:29:42.920863 2026] [php:error] [pid 21665] [client 20.46.176.183:0] script '/domains/machinadynamica/info.php' not found or unable to stat
[Sat Jan 31 01:29:43.079446 2026] [php:error] [pid 21665] [client 20.46.176.183:0] script '/domains/machinadynamica/elp.php' not found or unable to stat
[Sat Jan 31 01:29:43.871057 2026] [php:error] [pid 21665] [client 20.46.176.183:0] script '/domains/machinadynamica/adminfuns.php' not found or unable to stat
[Sat Jan 31 01:29:50.875936 2026] [php:error] [pid 21685] [client 34.96.162.49:0] script '/domains/agribiz/adminer-4.2.5.php' not found or unable to stat
[Sat Jan 31 01:29:54.613653 2026] [php:error] [pid 21665] [client 20.223.150.246:0] script '/domains/system_default/rip.php' not found or unable to stat
[Sat Jan 31 01:30:08.951391 2026] [php:error] [pid 21643] [client 20.100.196.146:0] script '/domains/lover/rip.php' not found or unable to stat
[Sat Jan 31 01:30:10.999150 2026] [core:crit] [pid 21693] (13)Permission denied: [client 217.113.194.3:0] AH00529: /domains/dcarlone/test/web/.htaccess pcfg_openfile: unable to check htaccess file, ensure it is readable and that '/domains/dcarlone/test/web/' is executable
[Sat Jan 31 01:30:37.103142 2026] [php:error] [pid 21702] [client 20.211.164.12:0] script '/domains/koenig.interport/cloud.php' not found or unable to stat
[Sat Jan 31 01:30:37.511310 2026] [php:error] [pid 21702] [client 20.211.164.12:0] script '/domains/koenig.interport/test.php' not found or unable to stat
[Sat Jan 31 01:30:38.806438 2026] [php:error] [pid 21702] [client 20.211.164.12:0] script '/domains/koenig.interport/xleet.php' not found or unable to stat
[Sat Jan 31 01:30:39.018162 2026] [php:error] [pid 21702] [client 20.211.164.12:0] script '/domains/koenig.interport/room.php' not found or unable to stat
[Sat Jan 31 01:30:40.009993 2026] [php:error] [pid 21702] [client 20.211.164.12:0] script '/domains/koenig.interport/text.php' not found or unable to stat
[Sat Jan 31 01:30:40.751306 2026] [php:error] [pid 21702] [client 20.211.164.12:0] script '/domains/koenig.interport/lv.php' not found or unable to stat
[Sat Jan 31 01:30:40.955722 2026] [php:error] [pid 21702] [client 20.211.164.12:0] script '/domains/koenig.interport/wp-admin.php' not found or unable to stat
[Sat Jan 31 01:30:41.179662 2026] [php:error] [pid 21702] [client 20.211.164.12:0] script '/domains/koenig.interport/class_api.php' not found or unable to stat
[Sat Jan 31 01:30:41.620779 2026] [php:error] [pid 21702] [client 20.211.164.12:0] script '/domains/koenig.interport/wxo.php' not found or unable to stat
[Sat Jan 31 01:30:43.259936 2026] [php:error] [pid 21702] [client 20.211.164.12:0] script '/domains/koenig.interport/plugin.php' not found or unable to stat
[Sat Jan 31 01:30:44.384528 2026] [php:error] [pid 21702] [client 20.211.164.12:0] script '/domains/koenig.interport/x.php' not found or unable to stat
[Sat Jan 31 01:30:44.604727 2026] [php:error] [pid 21702] [client 20.211.164.12:0] script '/domains/koenig.interport/file.php' not found or unable to stat
[Sat Jan 31 01:30:45.501183 2026] [php:error] [pid 21702] [client 20.211.164.12:0] script '/domains/koenig.interport/config.php' not found or unable to stat
