[Sat Jan 31 00:59:14.767100 2026] [php:error] [pid 15701] [client 20.78.169.24:0] script '/domains/micra/cong.php' not found or unable to stat
[Sat Jan 31 00:59:16.086483 2026] [php:error] [pid 15701] [client 20.78.169.24:0] script '/domains/micra/file2.php' not found or unable to stat
[Sat Jan 31 00:59:16.286932 2026] [php:error] [pid 15701] [client 20.78.169.24:0] script '/domains/micra/moon.php' not found or unable to stat
[Sat Jan 31 00:59:16.373624 2026] [php:error] [pid 15692] [client 35.247.243.240:0] script '/domains/agribiz/adminer-4.7.5.php' not found or unable to stat
[Sat Jan 31 00:59:20.773787 2026] [php:error] [pid 15701] [client 20.78.169.24:0] script '/domains/micra/wp-cron.php' not found or unable to stat
[Sat Jan 31 00:59:45.402200 2026] [php:error] [pid 15704] [client 195.178.110.109:0] script '/domains/system_default/phpinfo.php' not found or unable to stat
[Sat Jan 31 00:59:47.388544 2026] [php:error] [pid 15708] [client 195.178.110.109:0] script '/domains/system_default/_phpinfo.php' not found or unable to stat
[Sat Jan 31 00:59:53.790397 2026] [php:error] [pid 15692] [client 35.247.243.242:0] script '/domains/agribiz/adminer-5.0.3.php' not found or unable to stat
[Sat Jan 31 00:59:54.587986 2026] [php:error] [pid 15716] [client 195.178.110.109:0] script '/domains/system_default/wp-config.php.bak' not found or unable to stat
[Sat Jan 31 00:59:54.674896 2026] [php:error] [pid 15716] [client 195.178.110.109:0] script '/domains/system_default/info.php' not found or unable to stat
[Sat Jan 31 00:59:55.229242 2026] [php:error] [pid 15716] [client 195.178.110.109:0] script '/domains/system_default/server_info.php' not found or unable to stat
[Sat Jan 31 00:59:55.323274 2026] [php:error] [pid 15716] [client 195.178.110.109:0] script '/domains/system_default/app_dev.php' not found or unable to stat
[Sat Jan 31 00:59:55.413279 2026] [core:crit] [pid 15715] (13)Permission denied: [client 114.119.150.248:0] AH00529: /domains/dcarlone/test/web/.htaccess pcfg_openfile: unable to check htaccess file, ensure it is readable and that '/domains/dcarlone/test/web/' is executable, referer: http://www.carloneassociates.com/test/web/i.php/mature-swingers/
[Sat Jan 31 00:59:55.420826 2026] [php:error] [pid 15716] [client 195.178.110.109:0] script '/domains/system_default/test.php' not found or unable to stat
[Sat Jan 31 00:59:55.517872 2026] [access_compat:error] [pid 15716] [client 195.178.110.109:0] AH01797: client denied by server configuration: /domains/system_default/server-info
[Sat Jan 31 00:59:55.710838 2026] [php:error] [pid 15704] [client 195.178.110.109:0] script '/domains/system_default/server-info.php' not found or unable to stat
[Sat Jan 31 00:59:56.853074 2026] [php:error] [pid 15692] [client 35.247.243.248:0] script '/domains/agribiz/adminer-4.8.1-mysql.php' not found or unable to stat
[Sat Jan 31 01:00:17.198857 2026] [php:error] [pid 15729] [client 35.247.243.243:0] script '/domains/agribiz/adminer-5.4.0-en.php' not found or unable to stat
[Sat Jan 31 01:00:37.892128 2026] [php:error] [pid 15735] [client 34.96.162.60:0] script '/domains/agribiz/adminer-5.2.1.php' not found or unable to stat
[Sat Jan 31 01:01:01.901017 2026] [php:error] [pid 15716] [client 4.193.194.148:0] script '/domains/csiniaws/about.php' not found or unable to stat
[Sat Jan 31 01:01:02.130890 2026] [php:error] [pid 15716] [client 4.193.194.148:0] script '/domains/csiniaws/admin.php' not found or unable to stat
[Sat Jan 31 01:01:02.593223 2026] [php:error] [pid 15716] [client 4.193.194.148:0] script '/domains/csiniaws/class-t.api.php' not found or unable to stat
[Sat Jan 31 01:01:02.823223 2026] [php:error] [pid 15716] [client 4.193.194.148:0] script '/domains/csiniaws/goods.php' not found or unable to stat
[Sat Jan 31 01:01:03.053226 2026] [php:error] [pid 15716] [client 4.193.194.148:0] script '/domains/csiniaws/ioxi-o.php' not found or unable to stat
[Sat Jan 31 01:01:03.302113 2026] [php:error] [pid 15716] [client 4.193.194.148:0] script '/domains/csiniaws/rip.php' not found or unable to stat
[Sat Jan 31 01:01:03.531868 2026] [php:error] [pid 15716] [client 4.193.194.148:0] script '/domains/csiniaws/adminfuns.php' not found or unable to stat
[Sat Jan 31 01:01:03.769665 2026] [php:error] [pid 15716] [client 4.193.194.148:0] script '/domains/csiniaws/file.php' not found or unable to stat
[Sat Jan 31 01:01:05.388848 2026] [php:error] [pid 15716] [client 4.193.194.148:0] script '/domains/csiniaws/wp-good.php' not found or unable to stat
[Sat Jan 31 01:01:16.800619 2026] [php:error] [pid 15739] [client 35.247.243.249:0] script '/domains/agribiz/adminer-5.0.3-en.php' not found or unable to stat
[Sat Jan 31 01:01:26.124436 2026] [php:error] [pid 15742] [client 35.247.243.240:0] script '/domains/agribiz/adminer-4.7.0.php' not found or unable to stat
[Sat Jan 31 01:02:13.148077 2026] [php:error] [pid 15746] [client 40.115.138.186:0] script '/domains/apunderkofler/aa.php' not found or unable to stat
[Sat Jan 31 01:02:13.974928 2026] [php:error] [pid 15746] [client 40.115.138.186:0] script '/domains/apunderkofler/abcd.php' not found or unable to stat
[Sat Jan 31 01:02:14.889933 2026] [php:error] [pid 15746] [client 40.115.138.186:0] script '/domains/apunderkofler/admin.php' not found or unable to stat
[Sat Jan 31 01:02:15.729870 2026] [php:error] [pid 15746] [client 40.115.138.186:0] script '/domains/apunderkofler/buy.php' not found or unable to stat
[Sat Jan 31 01:02:16.652725 2026] [php:error] [pid 15746] [client 40.115.138.186:0] script '/domains/apunderkofler/edit.php' not found or unable to stat
[Sat Jan 31 01:02:17.365698 2026] [php:error] [pid 15746] [client 40.115.138.186:0] script '/domains/apunderkofler/file.php' not found or unable to stat
[Sat Jan 31 01:02:18.118951 2026] [php:error] [pid 15746] [client 40.115.138.186:0] script '/domains/apunderkofler/flower.php' not found or unable to stat
[Sat Jan 31 01:02:18.804453 2026] [php:error] [pid 15746] [client 40.115.138.186:0] script '/domains/apunderkofler/images/index.php' not found or unable to stat
[Sat Jan 31 01:02:19.515386 2026] [php:error] [pid 15746] [client 40.115.138.186:0] script '/domains/apunderkofler/info.php' not found or unable to stat
[Sat Jan 31 01:02:20.159287 2026] [php:error] [pid 15746] [client 40.115.138.186:0] script '/domains/apunderkofler/ioxi-o.php' not found or unable to stat
[Sat Jan 31 01:02:20.910364 2026] [php:error] [pid 15746] [client 40.115.138.186:0] script '/domains/apunderkofler/nc4.php' not found or unable to stat
[Sat Jan 31 01:02:21.540719 2026] [php:error] [pid 15746] [client 40.115.138.186:0] script '/domains/apunderkofler/xleet.php' not found or unable to stat
[Sat Jan 31 01:02:24.530048 2026] [php:error] [pid 15746] [client 40.115.138.186:0] script '/domains/apunderkofler/wp-good.php' not found or unable to stat
[Sat Jan 31 01:02:27.094881 2026] [php:error] [pid 15746] [client 40.115.138.186:0] script '/domains/apunderkofler/xmrlpc.php' not found or unable to stat
[Sat Jan 31 01:02:27.960901 2026] [php:error] [pid 15746] [client 40.115.138.186:0] script '/domains/apunderkofler/about.php' not found or unable to stat
[Sat Jan 31 01:02:28.770787 2026] [php:error] [pid 15746] [client 40.115.138.186:0] script '/domains/apunderkofler/adminfuns.php' not found or unable to stat
[Sat Jan 31 01:02:30.287287 2026] [php:error] [pid 15746] [client 40.115.138.186:0] script '/domains/apunderkofler/alfa.php' not found or unable to stat
[Sat Jan 31 01:02:31.270873 2026] [php:error] [pid 15746] [client 40.115.138.186:0] script '/domains/apunderkofler/asasx.php' not found or unable to stat
[Sat Jan 31 01:02:32.515339 2026] [php:error] [pid 15746] [client 40.115.138.186:0] script '/domains/apunderkofler/autoload_classmap.php' not found or unable to stat
[Sat Jan 31 01:02:33.260432 2026] [php:error] [pid 15746] [client 40.115.138.186:0] script '/domains/apunderkofler/classwithtostring.php' not found or unable to stat
[Sat Jan 31 01:02:34.096952 2026] [php:error] [pid 15746] [client 40.115.138.186:0] script '/domains/apunderkofler/cong.php' not found or unable to stat
[Sat Jan 31 01:02:34.768277 2026] [php:error] [pid 15746] [client 40.115.138.186:0] script '/domains/apunderkofler/file2.php' not found or unable to stat
[Sat Jan 31 01:02:35.680872 2026] [php:error] [pid 15746] [client 40.115.138.186:0] script '/domains/apunderkofler/moon.php' not found or unable to stat
[Sat Jan 31 01:02:40.829193 2026] [php:error] [pid 15746] [client 40.115.138.186:0] script '/domains/apunderkofler/wp-cron.php' not found or unable to stat
[Sat Jan 31 01:02:40.919279 2026] [php:error] [pid 15750] [client 20.78.152.240:0] script '/domains/domilici/about.php' not found or unable to stat
[Sat Jan 31 01:02:41.084407 2026] [php:error] [pid 15750] [client 20.78.152.240:0] script '/domains/domilici/admin.php' not found or unable to stat
[Sat Jan 31 01:02:41.414309 2026] [php:error] [pid 15750] [client 20.78.152.240:0] script '/domains/domilici/class-t.api.php' not found or unable to stat
[Sat Jan 31 01:02:41.579125 2026] [php:error] [pid 15750] [client 20.78.152.240:0] script '/domains/domilici/goods.php' not found or unable to stat
[Sat Jan 31 01:02:41.744500 2026] [php:error] [pid 15750] [client 20.78.152.240:0] script '/domains/domilici/ioxi-o.php' not found or unable to stat
[Sat Jan 31 01:02:41.914048 2026] [php:error] [pid 15750] [client 20.78.152.240:0] script '/domains/domilici/rip.php' not found or unable to stat
[Sat Jan 31 01:02:42.078951 2026] [php:error] [pid 15750] [client 20.78.152.240:0] script '/domains/domilici/adminfuns.php' not found or unable to stat
[Sat Jan 31 01:02:42.251266 2026] [php:error] [pid 15750] [client 20.78.152.240:0] script '/domains/domilici/file.php' not found or unable to stat
[Sat Jan 31 01:02:43.455849 2026] [php:error] [pid 15750] [client 20.78.152.240:0] script '/domains/domilici/wp-good.php' not found or unable to stat
[Sat Jan 31 01:02:44.877578 2026] [php:error] [pid 15749] [client 35.247.243.246:0] script '/domains/agribiz/adminer-4.3.1.php' not found or unable to stat
[Sat Jan 31 01:02:56.685583 2026] [php:error] [pid 15754] [client 34.6.241.103:0] script '/domains/hdickens.enteract/kmnj.php' not found or unable to stat
[Sat Jan 31 01:03:03.150412 2026] [php:error] [pid 15747] [client 34.96.162.52:0] script '/domains/agribiz/adminer-5.2.1-mysql.php' not found or unable to stat
[Sat Jan 31 01:03:15.965571 2026] [php:error] [pid 15753] [client 62.164.177.252:0] script '/domains/wsmith.enteract/xmlrpc.php' not found or unable to stat
[Sat Jan 31 01:03:19.671627 2026] [php:error] [pid 15757] [client 34.96.162.61:0] script '/domains/agribiz/adminer-5.4.0-mysql.php' not found or unable to stat
[Sat Jan 31 01:03:23.403557 2026] [php:error] [pid 15746] [client 34.91.146.200:0] script '/domains/hdickens.enteract/kmnj.php' not found or unable to stat
[Sat Jan 31 01:03:23.630757 2026] [php:error] [pid 15747] [client 34.7.7.28:0] script '/domains/hdickens.enteract/kmnj.php' not found or unable to stat
[Sat Jan 31 01:03:25.543199 2026] [php:error] [pid 15749] [client 35.247.243.242:0] script '/domains/agribiz/adminer-5.0.5.php' not found or unable to stat
[Sat Jan 31 01:03:27.999621 2026] [php:error] [pid 15757] [client 35.247.243.245:0] script '/domains/agribiz/adminer-4.2.0.php' not found or unable to stat
[Sat Jan 31 01:03:47.469550 2026] [php:error] [pid 15692] [client 34.96.162.51:0] script '/domains/agribiz/adminer-5.0.5-en.php' not found or unable to stat
[Sat Jan 31 01:04:28.405946 2026] [php:error] [pid 15747] [client 20.205.97.28:0] script '/domains/fbardin/xmlrpc.php' not found or unable to stat
[Sat Jan 31 01:04:28.619817 2026] [php:error] [pid 15747] [client 20.205.97.28:0] script '/domains/fbardin/wp-trackback.php' not found or unable to stat
[Sat Jan 31 01:04:28.832572 2026] [php:error] [pid 15747] [client 20.205.97.28:0] script '/domains/fbardin/file.php' not found or unable to stat
[Sat Jan 31 01:04:29.046790 2026] [php:error] [pid 15747] [client 20.205.97.28:0] script '/domains/fbardin/rip.php' not found or unable to stat
[Sat Jan 31 01:04:29.257287 2026] [php:error] [pid 15747] [client 20.205.97.28:0] script '/domains/fbardin/autoload_classmap.php' not found or unable to stat
[Sat Jan 31 01:04:29.467780 2026] [php:error] [pid 15747] [client 20.205.97.28:0] script '/domains/fbardin/chosen.php' not found or unable to stat
[Sat Jan 31 01:04:29.681120 2026] [php:error] [pid 15747] [client 20.205.97.28:0] script '/domains/fbardin/classwithtostring.php' not found or unable to stat
[Sat Jan 31 01:04:29.891431 2026] [php:error] [pid 15747] [client 20.205.97.28:0] script '/domains/fbardin/defaults.php' not found or unable to stat
[Sat Jan 31 01:04:30.525268 2026] [php:error] [pid 15747] [client 20.205.97.28:0] script '/domains/fbardin/info.php' not found or unable to stat
[Sat Jan 31 01:04:30.735818 2026] [php:error] [pid 15747] [client 20.205.97.28:0] script '/domains/fbardin/elp.php' not found or unable to stat
[Sat Jan 31 01:04:31.792596 2026] [php:error] [pid 15747] [client 20.205.97.28:0] script '/domains/fbardin/adminfuns.php' not found or unable to stat
[Sat Jan 31 01:05:30.219366 2026] [php:error] [pid 15765] [client 35.247.243.252:0] script '/domains/agribiz/adminer-5.2.1-en.php' not found or unable to stat
[Sat Jan 31 01:05:32.595275 2026] [php:error] [pid 15759] [client 216.24.210.77:0] script '/domains/biehlweb/wp-login.php' not found or unable to stat
[Sat Jan 31 01:06:00.960446 2026] [php:error] [pid 15766] [client 35.247.243.247:0] script '/domains/agribiz/adminer-5.0.0-en.php' not found or unable to stat
[Sat Jan 31 01:06:09.290782 2026] [php:error] [pid 15766] [client 35.247.243.246:0] script '/domains/agribiz/adminer-5.1.0-mysql-en.php' not found or unable to stat
[Sat Jan 31 01:06:13.547515 2026] [php:error] [pid 15765] [client 52.140.123.244:0] script '/domains/antiqueweb1/aa.php' not found or unable to stat
[Sat Jan 31 01:06:13.763176 2026] [php:error] [pid 15765] [client 52.140.123.244:0] script '/domains/antiqueweb1/abcd.php' not found or unable to stat
[Sat Jan 31 01:06:13.982396 2026] [php:error] [pid 15765] [client 52.140.123.244:0] script '/domains/antiqueweb1/admin.php' not found or unable to stat
[Sat Jan 31 01:06:14.191356 2026] [php:error] [pid 15765] [client 52.140.123.244:0] script '/domains/antiqueweb1/buy.php' not found or unable to stat
[Sat Jan 31 01:06:14.655959 2026] [php:error] [pid 15765] [client 52.140.123.244:0] script '/domains/antiqueweb1/edit.php' not found or unable to stat
[Sat Jan 31 01:06:14.868729 2026] [php:error] [pid 15765] [client 52.140.123.244:0] script '/domains/antiqueweb1/file.php' not found or unable to stat
[Sat Jan 31 01:06:15.128871 2026] [php:error] [pid 15765] [client 52.140.123.244:0] script '/domains/antiqueweb1/flower.php' not found or unable to stat
[Sat Jan 31 01:06:15.427379 2026] [php:error] [pid 15765] [client 52.140.123.244:0] script '/domains/antiqueweb1/images/index.php' not found or unable to stat
[Sat Jan 31 01:06:15.652590 2026] [php:error] [pid 15765] [client 52.140.123.244:0] script '/domains/antiqueweb1/info.php' not found or unable to stat
[Sat Jan 31 01:06:15.893935 2026] [php:error] [pid 15765] [client 52.140.123.244:0] script '/domains/antiqueweb1/ioxi-o.php' not found or unable to stat
[Sat Jan 31 01:06:16.268689 2026] [php:error] [pid 15765] [client 52.140.123.244:0] script '/domains/antiqueweb1/nc4.php' not found or unable to stat
[Sat Jan 31 01:06:16.506929 2026] [php:error] [pid 15765] [client 52.140.123.244:0] script '/domains/antiqueweb1/xleet.php' not found or unable to stat
[Sat Jan 31 01:06:17.368038 2026] [php:error] [pid 15765] [client 52.140.123.244:0] script '/domains/antiqueweb1/wp-good.php' not found or unable to stat
[Sat Jan 31 01:06:18.114342 2026] [php:error] [pid 15765] [client 52.140.123.244:0] script '/domains/antiqueweb1/xmrlpc.php' not found or unable to stat
[Sat Jan 31 01:06:18.340710 2026] [php:error] [pid 15765] [client 52.140.123.244:0] script '/domains/antiqueweb1/about.php' not found or unable to stat
[Sat Jan 31 01:06:18.674117 2026] [php:error] [pid 15765] [client 52.140.123.244:0] script '/domains/antiqueweb1/adminfuns.php' not found or unable to stat
[Sat Jan 31 01:06:18.895016 2026] [php:error] [pid 15765] [client 52.140.123.244:0] script '/domains/antiqueweb1/alfa.php' not found or unable to stat
[Sat Jan 31 01:06:19.161950 2026] [php:error] [pid 15765] [client 52.140.123.244:0] script '/domains/antiqueweb1/asasx.php' not found or unable to stat
[Sat Jan 31 01:06:19.372287 2026] [php:error] [pid 15765] [client 52.140.123.244:0] script '/domains/antiqueweb1/autoload_classmap.php' not found or unable to stat
[Sat Jan 31 01:06:19.587578 2026] [php:error] [pid 15765] [client 52.140.123.244:0] script '/domains/antiqueweb1/classwithtostring.php' not found or unable to stat
[Sat Jan 31 01:06:19.796749 2026] [php:error] [pid 15765] [client 52.140.123.244:0] script '/domains/antiqueweb1/cong.php' not found or unable to stat
[Sat Jan 31 01:06:20.015190 2026] [php:error] [pid 15765] [client 52.140.123.244:0] script '/domains/antiqueweb1/file2.php' not found or unable to stat
[Sat Jan 31 01:06:20.252425 2026] [php:error] [pid 15765] [client 52.140.123.244:0] script '/domains/antiqueweb1/moon.php' not found or unable to stat
[Sat Jan 31 01:06:21.856389 2026] [php:error] [pid 15765] [client 52.140.123.244:0] script '/domains/antiqueweb1/wp-cron.php' not found or unable to stat
[Sat Jan 31 01:06:48.207721 2026] [php:error] [pid 15773] [client 185.191.142.101:0] script '/domains/miles.interport/wp-config.php.bak' not found or unable to stat
[Sat Jan 31 01:06:50.862967 2026] [php:error] [pid 15773] [client 185.191.142.101:0] script '/domains/miles.interport/wp-config.php.old' not found or unable to stat
[Sat Jan 31 01:06:55.548303 2026] [core:crit] [pid 15769] (13)Permission denied: [client 17.241.227.49:0] AH00529: /domains/performancepartsinc/graphics/psd/.htaccess pcfg_openfile: unable to check htaccess file, ensure it is readable and that '/domains/performancepartsinc/graphics/psd/' is executable
[Sat Jan 31 01:06:56.061165 2026] [php:error] [pid 15771] [client 35.247.243.251:0] script '/domains/agribiz/adminer-5.0.3.php' not found or unable to stat
[Sat Jan 31 01:06:56.957715 2026] [php:error] [pid 15765] [client 185.191.142.101:0] script '/domains/miles.interport/wp-config.php.save' not found or unable to stat
[Sat Jan 31 01:06:57.350425 2026] [php:error] [pid 15765] [client 185.191.142.101:0] script '/domains/miles.interport/wp-config.php.orig' not found or unable to stat
[Sat Jan 31 01:07:39.779441 2026] [php:error] [pid 15792] [client 20.78.169.24:0] script '/domains/system_default/aa.php' not found or unable to stat
[Sat Jan 31 01:07:39.951024 2026] [php:error] [pid 15792] [client 20.78.169.24:0] script '/domains/system_default/abcd.php' not found or unable to stat
[Sat Jan 31 01:07:40.466450 2026] [php:error] [pid 15792] [client 20.78.169.24:0] script '/domains/system_default/admin.php' not found or unable to stat
[Sat Jan 31 01:07:41.281102 2026] [php:error] [pid 15792] [client 20.78.169.24:0] script '/domains/system_default/buy.php' not found or unable to stat
[Sat Jan 31 01:07:42.577313 2026] [php:error] [pid 15792] [client 20.78.169.24:0] script '/domains/system_default/edit.php' not found or unable to stat
[Sat Jan 31 01:07:42.762694 2026] [php:error] [pid 15792] [client 20.78.169.24:0] script '/domains/system_default/file.php' not found or unable to stat
[Sat Jan 31 01:07:43.575787 2026] [php:error] [pid 15792] [client 20.78.169.24:0] script '/domains/system_default/flower.php' not found or unable to stat
[Sat Jan 31 01:07:44.352769 2026] [php:error] [pid 15792] [client 20.78.169.24:0] script '/domains/system_default/info.php' not found or unable to stat
[Sat Jan 31 01:07:44.590334 2026] [php:error] [pid 15792] [client 20.78.169.24:0] script '/domains/system_default/ioxi-o.php' not found or unable to stat
[Sat Jan 31 01:07:44.782090 2026] [php:error] [pid 15792] [client 20.78.169.24:0] script '/domains/system_default/nc4.php' not found or unable to stat
[Sat Jan 31 01:07:45.793103 2026] [php:error] [pid 15792] [client 20.78.169.24:0] script '/domains/system_default/xleet.php' not found or unable to stat
[Sat Jan 31 01:07:46.822746 2026] [php:error] [pid 15792] [client 20.78.169.24:0] script '/domains/system_default/wp-good.php' not found or unable to stat
[Sat Jan 31 01:07:48.013161 2026] [php:error] [pid 15792] [client 20.78.169.24:0] script '/domains/system_default/xmrlpc.php' not found or unable to stat
[Sat Jan 31 01:07:48.223741 2026] [php:error] [pid 15792] [client 20.78.169.24:0] script '/domains/system_default/about.php' not found or unable to stat
[Sat Jan 31 01:07:48.868015 2026] [php:error] [pid 15792] [client 20.78.169.24:0] script '/domains/system_default/adminfuns.php' not found or unable to stat
[Sat Jan 31 01:07:49.082559 2026] [php:error] [pid 15792] [client 20.78.169.24:0] script '/domains/system_default/alfa.php' not found or unable to stat
[Sat Jan 31 01:07:49.748318 2026] [php:error] [pid 15792] [client 20.78.169.24:0] script '/domains/system_default/asasx.php' not found or unable to stat
[Sat Jan 31 01:07:50.050530 2026] [php:error] [pid 15792] [client 20.78.169.24:0] script '/domains/system_default/autoload_classmap.php' not found or unable to stat
[Sat Jan 31 01:07:50.315536 2026] [php:error] [pid 15792] [client 20.78.169.24:0] script '/domains/system_default/classwithtostring.php' not found or unable to stat
[Sat Jan 31 01:07:50.940967 2026] [php:error] [pid 15792] [client 20.78.169.24:0] script '/domains/system_default/cong.php' not found or unable to stat
[Sat Jan 31 01:07:51.143410 2026] [php:error] [pid 15792] [client 20.78.169.24:0] script '/domains/system_default/file2.php' not found or unable to stat
[Sat Jan 31 01:07:51.355643 2026] [php:error] [pid 15792] [client 20.78.169.24:0] script '/domains/system_default/moon.php' not found or unable to stat
[Sat Jan 31 01:07:53.480497 2026] [php:error] [pid 15792] [client 20.78.169.24:0] script '/domains/system_default/wp-cron.php' not found or unable to stat
[Sat Jan 31 01:08:41.848050 2026] [php:error] [pid 15800] [client 20.78.152.240:0] script '/domains/brenties/about.php' not found or unable to stat
[Sat Jan 31 01:08:42.028375 2026] [php:error] [pid 15800] [client 20.78.152.240:0] script '/domains/brenties/admin.php' not found or unable to stat
[Sat Jan 31 01:08:42.360434 2026] [php:error] [pid 15800] [client 20.78.152.240:0] script '/domains/brenties/class-t.api.php' not found or unable to stat
[Sat Jan 31 01:08:42.535052 2026] [php:error] [pid 15800] [client 20.78.152.240:0] script '/domains/brenties/goods.php' not found or unable to stat
[Sat Jan 31 01:08:42.709718 2026] [php:error] [pid 15800] [client 20.78.152.240:0] script '/domains/brenties/ioxi-o.php' not found or unable to stat
[Sat Jan 31 01:08:42.877876 2026] [php:error] [pid 15800] [client 20.78.152.240:0] script '/domains/brenties/rip.php' not found or unable to stat
[Sat Jan 31 01:08:43.044211 2026] [php:error] [pid 15800] [client 20.78.152.240:0] script '/domains/brenties/adminfuns.php' not found or unable to stat
[Sat Jan 31 01:08:43.223552 2026] [php:error] [pid 15800] [client 20.78.152.240:0] script '/domains/brenties/file.php' not found or unable to stat
[Sat Jan 31 01:08:43.618950 2026] [php:error] [pid 15792] [client 35.247.243.250:0] script '/domains/agribiz/adminer-5.4.0.php' not found or unable to stat
[Sat Jan 31 01:08:44.402334 2026] [php:error] [pid 15800] [client 20.78.152.240:0] script '/domains/brenties/wp-good.php' not found or unable to stat
[Sat Jan 31 01:08:44.949812 2026] [php:error] [pid 15799] [client 34.7.78.201:0] script '/domains/hdickens.enteract/kmnj.php' not found or unable to stat
[Sat Jan 31 01:08:53.996213 2026] [php:error] [pid 15775] [client 40.115.138.121:0] script '/domains/vangoghagainweb/xmlrpc.php' not found or unable to stat
[Sat Jan 31 01:08:54.163232 2026] [php:error] [pid 15775] [client 40.115.138.121:0] script '/domains/vangoghagainweb/wp-trackback.php' not found or unable to stat
[Sat Jan 31 01:08:54.328482 2026] [php:error] [pid 15775] [client 40.115.138.121:0] script '/domains/vangoghagainweb/file.php' not found or unable to stat
[Sat Jan 31 01:08:54.493735 2026] [php:error] [pid 15775] [client 40.115.138.121:0] script '/domains/vangoghagainweb/rip.php' not found or unable to stat
[Sat Jan 31 01:08:54.657982 2026] [php:error] [pid 15775] [client 40.115.138.121:0] script '/domains/vangoghagainweb/autoload_classmap.php' not found or unable to stat
[Sat Jan 31 01:08:54.822437 2026] [php:error] [pid 15775] [client 40.115.138.121:0] script '/domains/vangoghagainweb/chosen.php' not found or unable to stat
[Sat Jan 31 01:08:54.993605 2026] [php:error] [pid 15775] [client 40.115.138.121:0] script '/domains/vangoghagainweb/classwithtostring.php' not found or unable to stat
[Sat Jan 31 01:08:55.159479 2026] [php:error] [pid 15775] [client 40.115.138.121:0] script '/domains/vangoghagainweb/defaults.php' not found or unable to stat
[Sat Jan 31 01:08:55.666464 2026] [php:error] [pid 15775] [client 40.115.138.121:0] script '/domains/vangoghagainweb/info.php' not found or unable to stat
[Sat Jan 31 01:08:55.831057 2026] [php:error] [pid 15775] [client 40.115.138.121:0] script '/domains/vangoghagainweb/elp.php' not found or unable to stat
[Sat Jan 31 01:08:56.689008 2026] [php:error] [pid 15775] [client 40.115.138.121:0] script '/domains/vangoghagainweb/adminfuns.php' not found or unable to stat
[Sat Jan 31 01:09:14.631226 2026] [php:error] [pid 15806] [client 172.81.130.114:0] script '/domains/covertcomic/wp-login.php' not found or unable to stat, referer: https://duckduckgo.com/
[Sat Jan 31 01:09:14.687848 2026] [php:error] [pid 15807] [client 172.81.130.114:0] script '/domains/covertcomic/wp-login.php' not found or unable to stat, referer: https://www.google.com/search?q=wordpress
[Sat Jan 31 01:09:29.636880 2026] [php:error] [pid 15808] [client 34.96.162.52:0] script '/domains/agribiz/adminer-5.2.0.php' not found or unable to stat
[Sat Jan 31 01:09:51.177810 2026] [php:error] [pid 15809] [client 34.7.152.148:0] script '/domains/hdickens.enteract/kmnj.php' not found or unable to stat
[Sat Jan 31 01:09:58.478458 2026] [php:error] [pid 15812] [client 35.247.243.241:0] script '/domains/agribiz/adminer-5.4.0-mysql-en.php' not found or unable to stat
[Sat Jan 31 01:10:01.095659 2026] [php:error] [pid 15809] [client 35.247.243.240:0] script '/domains/agribiz/adminer-5.0.6-en.php' not found or unable to stat
[Sat Jan 31 01:10:15.590858 2026] [php:error] [pid 15800] [client 104.28.202.184:0] script '/domains/awciii/style.php' not found or unable to stat
[Sat Jan 31 01:10:15.924728 2026] [php:error] [pid 15800] [client 104.28.202.184:0] script '/domains/awciii/chosen.php' not found or unable to stat
[Sat Jan 31 01:10:16.005066 2026] [php:error] [pid 15800] [client 104.28.202.184:0] script '/domains/awciii/file.php' not found or unable to stat
[Sat Jan 31 01:10:16.080304 2026] [php:error] [pid 15800] [client 104.28.202.184:0] script '/domains/awciii/flower.php' not found or unable to stat
[Sat Jan 31 01:10:16.109307 2026] [php:error] [pid 15800] [client 104.28.202.184:0] script '/domains/awciii/gifclass.php' not found or unable to stat
[Sat Jan 31 01:10:16.200693 2026] [php:error] [pid 15800] [client 104.28.202.184:0] script '/domains/awciii/bless.php' not found or unable to stat
[Sat Jan 31 01:10:16.307186 2026] [php:error] [pid 15800] [client 104.28.202.184:0] script '/domains/awciii/class-t.api.php' not found or unable to stat
[Sat Jan 31 01:10:16.401081 2026] [php:error] [pid 15800] [client 104.28.202.184:0] script '/domains/awciii/blurbs.php' not found or unable to stat
[Sat Jan 31 01:10:16.430363 2026] [php:error] [pid 15800] [client 104.28.202.184:0] script '/domains/awciii/akcc.php' not found or unable to stat
[Sat Jan 31 01:10:16.546534 2026] [php:error] [pid 15800] [client 104.28.202.184:0] script '/domains/awciii/abcd.php' not found or unable to stat
[Sat Jan 31 01:10:16.632976 2026] [php:error] [pid 15800] [client 104.28.202.184:0] script '/domains/awciii/shelp.php' not found or unable to stat
[Sat Jan 31 01:10:16.711714 2026] [php:error] [pid 15808] [client 34.96.162.54:0] script '/domains/agribiz/adminer-4.6.2.php' not found or unable to stat
[Sat Jan 31 01:10:16.711905 2026] [php:error] [pid 15800] [client 104.28.202.184:0] script '/domains/awciii/cord.php' not found or unable to stat
[Sat Jan 31 01:10:16.739775 2026] [php:error] [pid 15800] [client 104.28.202.184:0] script '/domains/awciii/dex.php' not found or unable to stat
[Sat Jan 31 01:10:16.863343 2026] [php:error] [pid 15800] [client 104.28.202.184:0] script '/domains/awciii/file2.php' not found or unable to stat
[Sat Jan 31 01:10:16.940456 2026] [php:error] [pid 15800] [client 104.28.202.184:0] script '/domains/awciii/zwso.php' not found or unable to stat
[Sat Jan 31 01:10:17.141521 2026] [php:error] [pid 15800] [client 104.28.202.184:0] script '/domains/awciii/bolt.php' not found or unable to stat
[Sat Jan 31 01:10:17.217109 2026] [php:error] [pid 15800] [client 104.28.202.184:0] script '/domains/awciii/shlo.php' not found or unable to stat
[Sat Jan 31 01:10:17.288258 2026] [php:error] [pid 15800] [client 104.28.202.184:0] script '/domains/awciii/133.php' not found or unable to stat
[Sat Jan 31 01:10:17.367664 2026] [php:error] [pid 15800] [client 104.28.202.184:0] script '/domains/awciii/ahax.php' not found or unable to stat
[Sat Jan 31 01:10:17.451700 2026] [php:error] [pid 15800] [client 104.28.202.184:0] script '/domains/awciii/php8.php' not found or unable to stat
[Sat Jan 31 01:10:17.480594 2026] [php:error] [pid 15800] [client 104.28.202.184:0] script '/domains/awciii/lufix1.php' not found or unable to stat
[Sat Jan 31 01:10:17.505084 2026] [php:error] [pid 15800] [client 104.28.202.184:0] script '/domains/awciii/witmm.php' not found or unable to stat
[Sat Jan 31 01:10:17.797781 2026] [php:error] [pid 15800] [client 104.28.202.184:0] script '/domains/awciii/ioxi-o.php' not found or unable to stat
[Sat Jan 31 01:10:17.876498 2026] [php:error] [pid 15800] [client 104.28.202.184:0] script '/domains/awciii/222.php' not found or unable to stat
[Sat Jan 31 01:10:17.960901 2026] [php:error] [pid 15800] [client 104.28.202.184:0] script '/domains/awciii/files.php' not found or unable to stat
[Sat Jan 31 01:10:18.036907 2026] [php:error] [pid 15800] [client 104.28.202.184:0] script '/domains/awciii/wp-editor.php' not found or unable to stat
[Sat Jan 31 01:10:18.116814 2026] [php:error] [pid 15800] [client 104.28.202.184:0] script '/domains/awciii/txets.php' not found or unable to stat
[Sat Jan 31 01:10:18.346111 2026] [php:error] [pid 15800] [client 104.28.202.184:0] script '/domains/awciii/postnews.php' not found or unable to stat
[Sat Jan 31 01:10:31.209471 2026] [php:error] [pid 15800] [client 34.96.162.60:0] script '/domains/agribiz/adminer-5.0.4-mysql-en.php' not found or unable to stat
[Sat Jan 31 01:11:07.863543 2026] [php:error] [pid 15824] [client 52.230.35.34:0] script '/domains/smartny/about.php' not found or unable to stat
[Sat Jan 31 01:11:08.090672 2026] [php:error] [pid 15824] [client 52.230.35.34:0] script '/domains/smartny/admin.php' not found or unable to stat
[Sat Jan 31 01:11:08.559856 2026] [php:error] [pid 15824] [client 52.230.35.34:0] script '/domains/smartny/class-t.api.php' not found or unable to stat
[Sat Jan 31 01:11:08.786835 2026] [php:error] [pid 15824] [client 52.230.35.34:0] script '/domains/smartny/goods.php' not found or unable to stat
[Sat Jan 31 01:11:09.025095 2026] [php:error] [pid 15824] [client 52.230.35.34:0] script '/domains/smartny/ioxi-o.php' not found or unable to stat
[Sat Jan 31 01:11:09.252001 2026] [php:error] [pid 15824] [client 52.230.35.34:0] script '/domains/smartny/rip.php' not found or unable to stat
[Sat Jan 31 01:11:09.479277 2026] [php:error] [pid 15824] [client 52.230.35.34:0] script '/domains/smartny/adminfuns.php' not found or unable to stat
[Sat Jan 31 01:11:09.584457 2026] [php:error] [pid 15816] [client 20.78.152.240:0] script '/domains/nlyfoods/aa.php' not found or unable to stat
[Sat Jan 31 01:11:09.706344 2026] [php:error] [pid 15824] [client 52.230.35.34:0] script '/domains/smartny/file.php' not found or unable to stat
[Sat Jan 31 01:11:09.754380 2026] [php:error] [pid 15816] [client 20.78.152.240:0] script '/domains/nlyfoods/abcd.php' not found or unable to stat
[Sat Jan 31 01:11:10.085448 2026] [php:error] [pid 15816] [client 20.78.152.240:0] script '/domains/nlyfoods/admin.php' not found or unable to stat
[Sat Jan 31 01:11:10.284719 2026] [php:error] [pid 15816] [client 20.78.152.240:0] script '/domains/nlyfoods/buy.php' not found or unable to stat
[Sat Jan 31 01:11:10.657688 2026] [php:error] [pid 15816] [client 20.78.152.240:0] script '/domains/nlyfoods/edit.php' not found or unable to stat
[Sat Jan 31 01:11:11.083010 2026] [php:error] [pid 15816] [client 20.78.152.240:0] script '/domains/nlyfoods/file.php' not found or unable to stat
[Sat Jan 31 01:11:11.317920 2026] [php:error] [pid 15824] [client 52.230.35.34:0] script '/domains/smartny/wp-good.php' not found or unable to stat
[Sat Jan 31 01:11:11.426749 2026] [php:error] [pid 15816] [client 20.78.152.240:0] script '/domains/nlyfoods/flower.php' not found or unable to stat
[Sat Jan 31 01:11:11.813798 2026] [php:error] [pid 15816] [client 20.78.152.240:0] script '/domains/nlyfoods/info.php' not found or unable to stat
[Sat Jan 31 01:11:11.991508 2026] [php:error] [pid 15816] [client 20.78.152.240:0] script '/domains/nlyfoods/ioxi-o.php' not found or unable to stat
[Sat Jan 31 01:11:12.397378 2026] [php:error] [pid 15816] [client 20.78.152.240:0] script '/domains/nlyfoods/nc4.php' not found or unable to stat
[Sat Jan 31 01:11:12.567653 2026] [php:error] [pid 15816] [client 20.78.152.240:0] script '/domains/nlyfoods/xleet.php' not found or unable to stat
[Sat Jan 31 01:11:13.481674 2026] [php:error] [pid 15816] [client 20.78.152.240:0] script '/domains/nlyfoods/wp-good.php' not found or unable to stat
[Sat Jan 31 01:11:14.215767 2026] [php:error] [pid 15816] [client 20.78.152.240:0] script '/domains/nlyfoods/xmrlpc.php' not found or unable to stat
[Sat Jan 31 01:11:14.400718 2026] [php:error] [pid 15816] [client 20.78.152.240:0] script '/domains/nlyfoods/about.php' not found or unable to stat
[Sat Jan 31 01:11:14.581221 2026] [php:error] [pid 15816] [client 20.78.152.240:0] script '/domains/nlyfoods/adminfuns.php' not found or unable to stat
[Sat Jan 31 01:11:14.777437 2026] [php:error] [pid 15816] [client 20.78.152.240:0] script '/domains/nlyfoods/alfa.php' not found or unable to stat
[Sat Jan 31 01:11:14.977320 2026] [php:error] [pid 15816] [client 20.78.152.240:0] script '/domains/nlyfoods/asasx.php' not found or unable to stat
[Sat Jan 31 01:11:15.150150 2026] [php:error] [pid 15816] [client 20.78.152.240:0] script '/domains/nlyfoods/autoload_classmap.php' not found or unable to stat
[Sat Jan 31 01:11:15.672567 2026] [php:error] [pid 15816] [client 20.78.152.240:0] script '/domains/nlyfoods/classwithtostring.php' not found or unable to stat
[Sat Jan 31 01:11:15.840904 2026] [php:error] [pid 15816] [client 20.78.152.240:0] script '/domains/nlyfoods/cong.php' not found or unable to stat
[Sat Jan 31 01:11:16.139854 2026] [php:error] [pid 15816] [client 20.78.152.240:0] script '/domains/nlyfoods/file2.php' not found or unable to stat
[Sat Jan 31 01:11:16.313531 2026] [php:error] [pid 15816] [client 20.78.152.240:0] script '/domains/nlyfoods/moon.php' not found or unable to stat
[Sat Jan 31 01:11:18.212841 2026] [php:error] [pid 15816] [client 20.78.152.240:0] script '/domains/nlyfoods/wp-cron.php' not found or unable to stat
[Sat Jan 31 01:11:24.545386 2026] [php:error] [pid 15825] [client 35.247.243.240:0] script '/domains/agribiz/adminer-5.4.1-mysql-en.php' not found or unable to stat
[Sat Jan 31 01:12:03.963523 2026] [php:error] [pid 15827] [client 52.140.123.244:0] script '/domains/emsco1/about.php' not found or unable to stat
[Sat Jan 31 01:12:04.191036 2026] [php:error] [pid 15827] [client 52.140.123.244:0] script '/domains/emsco1/admin.php' not found or unable to stat
[Sat Jan 31 01:12:04.628649 2026] [php:error] [pid 15827] [client 52.140.123.244:0] script '/domains/emsco1/class-t.api.php' not found or unable to stat
[Sat Jan 31 01:12:04.843335 2026] [php:error] [pid 15827] [client 52.140.123.244:0] script '/domains/emsco1/goods.php' not found or unable to stat
[Sat Jan 31 01:12:05.058120 2026] [php:error] [pid 15827] [client 52.140.123.244:0] script '/domains/emsco1/ioxi-o.php' not found or unable to stat
[Sat Jan 31 01:12:05.286186 2026] [php:error] [pid 15827] [client 52.140.123.244:0] script '/domains/emsco1/rip.php' not found or unable to stat
[Sat Jan 31 01:12:05.500430 2026] [php:error] [pid 15827] [client 52.140.123.244:0] script '/domains/emsco1/adminfuns.php' not found or unable to stat
[Sat Jan 31 01:12:05.715560 2026] [php:error] [pid 15827] [client 52.140.123.244:0] script '/domains/emsco1/file.php' not found or unable to stat
[Sat Jan 31 01:12:07.248522 2026] [php:error] [pid 15827] [client 52.140.123.244:0] script '/domains/emsco1/wp-good.php' not found or unable to stat
[Sat Jan 31 01:12:20.595098 2026] [php:error] [pid 15831] [client 35.247.243.249:0] script '/domains/agribiz/adminer-5.3.0-mysql-en.php' not found or unable to stat
[Sat Jan 31 01:13:17.467019 2026] [php:error] [pid 15838] [client 20.211.164.12:0] script '/domains/windsorweb/about.php' not found or unable to stat
[Sat Jan 31 01:13:17.664828 2026] [php:error] [pid 15838] [client 20.211.164.12:0] script '/domains/windsorweb/admin.php' not found or unable to stat
[Sat Jan 31 01:13:18.064109 2026] [php:error] [pid 15838] [client 20.211.164.12:0] script '/domains/windsorweb/class-t.api.php' not found or unable to stat
[Sat Jan 31 01:13:18.270072 2026] [php:error] [pid 15838] [client 20.211.164.12:0] script '/domains/windsorweb/goods.php' not found or unable to stat
[Sat Jan 31 01:13:18.470648 2026] [php:error] [pid 15838] [client 20.211.164.12:0] script '/domains/windsorweb/ioxi-o.php' not found or unable to stat
[Sat Jan 31 01:13:18.668191 2026] [php:error] [pid 15838] [client 20.211.164.12:0] script '/domains/windsorweb/rip.php' not found or unable to stat
[Sat Jan 31 01:13:18.865960 2026] [php:error] [pid 15838] [client 20.211.164.12:0] script '/domains/windsorweb/adminfuns.php' not found or unable to stat
[Sat Jan 31 01:13:19.065351 2026] [php:error] [pid 15838] [client 20.211.164.12:0] script '/domains/windsorweb/file.php' not found or unable to stat
[Sat Jan 31 01:13:20.471036 2026] [php:error] [pid 15838] [client 20.211.164.12:0] script '/domains/windsorweb/wp-good.php' not found or unable to stat
[Sat Jan 31 01:13:41.503059 2026] [php:error] [pid 15839] [client 52.140.123.244:0] script '/domains/lover/xmlrpc.php' not found or unable to stat
[Sat Jan 31 01:13:41.727641 2026] [php:error] [pid 15839] [client 52.140.123.244:0] script '/domains/lover/wp-trackback.php' not found or unable to stat
[Sat Jan 31 01:13:41.943439 2026] [php:error] [pid 15839] [client 52.140.123.244:0] script '/domains/lover/file.php' not found or unable to stat
[Sat Jan 31 01:13:42.157678 2026] [php:error] [pid 15839] [client 52.140.123.244:0] script '/domains/lover/rip.php' not found or unable to stat
[Sat Jan 31 01:13:42.376767 2026] [php:error] [pid 15839] [client 52.140.123.244:0] script '/domains/lover/autoload_classmap.php' not found or unable to stat
[Sat Jan 31 01:13:42.590957 2026] [php:error] [pid 15839] [client 52.140.123.244:0] script '/domains/lover/chosen.php' not found or unable to stat
[Sat Jan 31 01:13:42.806625 2026] [php:error] [pid 15839] [client 52.140.123.244:0] script '/domains/lover/classwithtostring.php' not found or unable to stat
[Sat Jan 31 01:13:43.028682 2026] [php:error] [pid 15839] [client 52.140.123.244:0] script '/domains/lover/defaults.php' not found or unable to stat
[Sat Jan 31 01:13:43.685289 2026] [php:error] [pid 15839] [client 52.140.123.244:0] script '/domains/lover/info.php' not found or unable to stat
[Sat Jan 31 01:13:43.908474 2026] [php:error] [pid 15839] [client 52.140.123.244:0] script '/domains/lover/elp.php' not found or unable to stat
[Sat Jan 31 01:13:44.979995 2026] [php:error] [pid 15839] [client 52.140.123.244:0] script '/domains/lover/adminfuns.php' not found or unable to stat
[Sat Jan 31 01:14:39.178317 2026] [php:error] [pid 15839] [client 34.96.162.52:0] script '/domains/agribiz/adminer-4.3.0.php' not found or unable to stat
[Sat Jan 31 01:15:16.252592 2026] [php:error] [pid 21496] [client 35.247.243.250:0] script '/domains/agribiz/adminer-5.3.0-en.php' not found or unable to stat
[Sat Jan 31 01:15:31.417173 2026] [php:error] [pid 21488] [client 52.140.123.244:0] script '/domains/hans.interport/aa.php' not found or unable to stat
[Sat Jan 31 01:15:31.680766 2026] [php:error] [pid 21488] [client 52.140.123.244:0] script '/domains/hans.interport/abcd.php' not found or unable to stat
[Sat Jan 31 01:15:32.118814 2026] [php:error] [pid 21488] [client 52.140.123.244:0] script '/domains/hans.interport/admin.php' not found or unable to stat
[Sat Jan 31 01:15:32.337715 2026] [php:error] [pid 21488] [client 52.140.123.244:0] script '/domains/hans.interport/buy.php' not found or unable to stat
[Sat Jan 31 01:15:33.114125 2026] [php:error] [pid 21488] [client 52.140.123.244:0] script '/domains/hans.interport/edit.php' not found or unable to stat
[Sat Jan 31 01:15:33.330020 2026] [php:error] [pid 21488] [client 52.140.123.244:0] script '/domains/hans.interport/file.php' not found or unable to stat
[Sat Jan 31 01:15:33.536391 2026] [php:error] [pid 21488] [client 52.140.123.244:0] script '/domains/hans.interport/flower.php' not found or unable to stat
[Sat Jan 31 01:15:34.078060 2026] [php:error] [pid 21488] [client 52.140.123.244:0] script '/domains/hans.interport/info.php' not found or unable to stat
[Sat Jan 31 01:15:34.283681 2026] [php:error] [pid 21488] [client 52.140.123.244:0] script '/domains/hans.interport/ioxi-o.php' not found or unable to stat
[Sat Jan 31 01:15:34.499185 2026] [php:error] [pid 21488] [client 52.140.123.244:0] script '/domains/hans.interport/nc4.php' not found or unable to stat
[Sat Jan 31 01:15:34.906107 2026] [php:error] [pid 21488] [client 52.140.123.244:0] script '/domains/hans.interport/xleet.php' not found or unable to stat
[Sat Jan 31 01:15:35.800341 2026] [php:error] [pid 21488] [client 52.140.123.244:0] script '/domains/hans.interport/wp-good.php' not found or unable to stat
[Sat Jan 31 01:15:36.609020 2026] [php:error] [pid 21488] [client 52.140.123.244:0] script '/domains/hans.interport/xmrlpc.php' not found or unable to stat
[Sat Jan 31 01:15:36.916799 2026] [php:error] [pid 21488] [client 52.140.123.244:0] script '/domains/hans.interport/about.php' not found or unable to stat
[Sat Jan 31 01:15:37.133630 2026] [php:error] [pid 21488] [client 52.140.123.244:0] script '/domains/hans.interport/adminfuns.php' not found or unable to stat
[Sat Jan 31 01:15:37.574592 2026] [php:error] [pid 21488] [client 52.140.123.244:0] script '/domains/hans.interport/alfa.php' not found or unable to stat
[Sat Jan 31 01:15:37.711021 2026] [php:error] [pid 15837] [client 20.100.196.146:0] script '/domains/system_default/rip.php' not found or unable to stat
[Sat Jan 31 01:15:37.983341 2026] [php:error] [pid 21488] [client 52.140.123.244:0] script '/domains/hans.interport/asasx.php' not found or unable to stat
[Sat Jan 31 01:15:38.187615 2026] [php:error] [pid 21488] [client 52.140.123.244:0] script '/domains/hans.interport/autoload_classmap.php' not found or unable to stat
[Sat Jan 31 01:15:38.398600 2026] [php:error] [pid 21488] [client 52.140.123.244:0] script '/domains/hans.interport/classwithtostring.php' not found or unable to stat
[Sat Jan 31 01:15:38.602016 2026] [php:error] [pid 21488] [client 52.140.123.244:0] script '/domains/hans.interport/cong.php' not found or unable to stat
[Sat Jan 31 01:15:38.817482 2026] [php:error] [pid 21488] [client 52.140.123.244:0] script '/domains/hans.interport/file2.php' not found or unable to stat
[Sat Jan 31 01:15:39.055848 2026] [php:error] [pid 21488] [client 52.140.123.244:0] script '/domains/hans.interport/moon.php' not found or unable to stat
[Sat Jan 31 01:15:41.095828 2026] [php:error] [pid 21488] [client 52.140.123.244:0] script '/domains/hans.interport/wp-cron.php' not found or unable to stat
[Sat Jan 31 01:15:58.409631 2026] [php:error] [pid 21496] [client 20.219.8.79:0] script '/domains/micra/about.php' not found or unable to stat
[Sat Jan 31 01:15:58.514470 2026] [php:error] [pid 15837] [client 20.211.164.12:0] script '/domains/testregisgroup/xmlrpc.php' not found or unable to stat
[Sat Jan 31 01:15:58.631488 2026] [php:error] [pid 21496] [client 20.219.8.79:0] script '/domains/micra/admin.php' not found or unable to stat
[Sat Jan 31 01:15:58.712821 2026] [php:error] [pid 15837] [client 20.211.164.12:0] script '/domains/testregisgroup/wp-trackback.php' not found or unable to stat
[Sat Jan 31 01:15:58.926908 2026] [php:error] [pid 15837] [client 20.211.164.12:0] script '/domains/testregisgroup/file.php' not found or unable to stat
[Sat Jan 31 01:15:59.062692 2026] [php:error] [pid 21496] [client 20.219.8.79:0] script '/domains/micra/class-t.api.php' not found or unable to stat
[Sat Jan 31 01:15:59.125565 2026] [php:error] [pid 15837] [client 20.211.164.12:0] script '/domains/testregisgroup/rip.php' not found or unable to stat
[Sat Jan 31 01:15:59.159743 2026] [php:error] [pid 21500] [client 35.247.243.255:0] script '/domains/agribiz/adminer-4.8.1.php' not found or unable to stat
[Sat Jan 31 01:15:59.275439 2026] [php:error] [pid 21496] [client 20.219.8.79:0] script '/domains/micra/goods.php' not found or unable to stat
[Sat Jan 31 01:15:59.323683 2026] [php:error] [pid 15837] [client 20.211.164.12:0] script '/domains/testregisgroup/autoload_classmap.php' not found or unable to stat
[Sat Jan 31 01:15:59.488366 2026] [php:error] [pid 21496] [client 20.219.8.79:0] script '/domains/micra/ioxi-o.php' not found or unable to stat
[Sat Jan 31 01:15:59.530710 2026] [php:error] [pid 15837] [client 20.211.164.12:0] script '/domains/testregisgroup/chosen.php' not found or unable to stat
[Sat Jan 31 01:15:59.704877 2026] [php:error] [pid 21496] [client 20.219.8.79:0] script '/domains/micra/rip.php' not found or unable to stat
[Sat Jan 31 01:15:59.728934 2026] [php:error] [pid 15837] [client 20.211.164.12:0] script '/domains/testregisgroup/classwithtostring.php' not found or unable to stat
[Sat Jan 31 01:15:59.753347 2026] [php:error] [pid 21500] [client 20.193.64.83:0] script '/domains/biehlweb/aa.php' not found or unable to stat
[Sat Jan 31 01:15:59.917964 2026] [php:error] [pid 21496] [client 20.219.8.79:0] script '/domains/micra/adminfuns.php' not found or unable to stat
[Sat Jan 31 01:15:59.927121 2026] [php:error] [pid 15837] [client 20.211.164.12:0] script '/domains/testregisgroup/defaults.php' not found or unable to stat
[Sat Jan 31 01:16:00.130815 2026] [php:error] [pid 21496] [client 20.219.8.79:0] script '/domains/micra/file.php' not found or unable to stat
[Sat Jan 31 01:16:00.450897 2026] [php:error] [pid 21500] [client 20.193.64.83:0] script '/domains/biehlweb/abcd.php' not found or unable to stat
[Sat Jan 31 01:16:00.656569 2026] [php:error] [pid 21500] [client 20.193.64.83:0] script '/domains/biehlweb/admin.php' not found or unable to stat
[Sat Jan 31 01:16:00.837364 2026] [php:error] [pid 15837] [client 20.211.164.12:0] script '/domains/testregisgroup/info.php' not found or unable to stat
[Sat Jan 31 01:16:00.871599 2026] [php:error] [pid 21500] [client 20.193.64.83:0] script '/domains/biehlweb/buy.php' not found or unable to stat
[Sat Jan 31 01:16:01.046700 2026] [php:error] [pid 15837] [client 20.211.164.12:0] script '/domains/testregisgroup/elp.php' not found or unable to stat
[Sat Jan 31 01:16:01.586134 2026] [php:error] [pid 21500] [client 20.193.64.83:0] script '/domains/biehlweb/edit.php' not found or unable to stat
[Sat Jan 31 01:16:01.659678 2026] [php:error] [pid 21496] [client 20.219.8.79:0] script '/domains/micra/wp-good.php' not found or unable to stat
[Sat Jan 31 01:16:01.821194 2026] [php:error] [pid 21500] [client 20.193.64.83:0] script '/domains/biehlweb/file.php' not found or unable to stat
[Sat Jan 31 01:16:02.045238 2026] [php:error] [pid 15837] [client 20.211.164.12:0] script '/domains/testregisgroup/adminfuns.php' not found or unable to stat
[Sat Jan 31 01:16:02.250084 2026] [php:error] [pid 21500] [client 20.193.64.83:0] script '/domains/biehlweb/flower.php' not found or unable to stat
[Sat Jan 31 01:16:02.944061 2026] [php:error] [pid 21500] [client 20.193.64.83:0] script '/domains/biehlweb/images/index.php' not found or unable to stat
[Sat Jan 31 01:16:03.154040 2026] [php:error] [pid 21500] [client 20.193.64.83:0] script '/domains/biehlweb/info.php' not found or unable to stat
[Sat Jan 31 01:16:03.688840 2026] [php:error] [pid 21500] [client 20.193.64.83:0] script '/domains/biehlweb/ioxi-o.php' not found or unable to stat
[Sat Jan 31 01:16:03.890876 2026] [php:error] [pid 21500] [client 20.193.64.83:0] script '/domains/biehlweb/nc4.php' not found or unable to stat
[Sat Jan 31 01:16:04.816319 2026] [php:error] [pid 21500] [client 20.193.64.83:0] script '/domains/biehlweb/xleet.php' not found or unable to stat
[Sat Jan 31 01:16:05.109646 2026] [php:error] [pid 21503] [client 74.248.24.238:0] script '/domains/system_default/rip.php' not found or unable to stat
[Sat Jan 31 01:16:06.376424 2026] [php:error] [pid 21500] [client 20.193.64.83:0] script '/domains/biehlweb/wp-good.php' not found or unable to stat
[Sat Jan 31 01:16:07.741604 2026] [php:error] [pid 21500] [client 20.193.64.83:0] script '/domains/biehlweb/xmrlpc.php' not found or unable to stat
[Sat Jan 31 01:16:08.019346 2026] [php:error] [pid 21500] [client 20.193.64.83:0] script '/domains/biehlweb/about.php' not found or unable to stat
