[Sat Jan 31 02:53:05.993625 2026] [php:error] [pid 39536] [client 20.223.168.28:0] script '/domains/viamonte3/upload.php' not found or unable to stat
[Sat Jan 31 02:53:06.242512 2026] [php:error] [pid 39536] [client 20.223.168.28:0] script '/domains/viamonte3/cong.php' not found or unable to stat
[Sat Jan 31 02:53:06.479595 2026] [php:error] [pid 39536] [client 20.223.168.28:0] script '/domains/viamonte3/bak.php' not found or unable to stat
[Sat Jan 31 02:53:06.631487 2026] [php:error] [pid 39536] [client 20.223.168.28:0] script '/domains/viamonte3/css.php' not found or unable to stat
[Sat Jan 31 02:53:07.230913 2026] [php:error] [pid 39536] [client 20.223.168.28:0] script '/domains/viamonte3/readme.php' not found or unable to stat
[Sat Jan 31 02:53:08.361959 2026] [php:error] [pid 39555] [client 20.223.168.28:0] script '/domains/viamonte3/file.php' not found or unable to stat
[Sat Jan 31 02:53:09.049949 2026] [php:error] [pid 39547] [client 20.223.168.28:0] script '/domains/viamonte3/wp-trackback.php' not found or unable to stat
[Sat Jan 31 02:53:10.674122 2026] [php:error] [pid 39556] [client 20.223.168.28:0] script '/domains/viamonte3/radio.php' not found or unable to stat
[Sat Jan 31 02:53:11.691849 2026] [php:error] [pid 39556] [client 20.223.168.28:0] script '/domains/viamonte3/function.php' not found or unable to stat
[Sat Jan 31 02:53:11.908000 2026] [php:error] [pid 39556] [client 20.223.168.28:0] script '/domains/viamonte3/log.php' not found or unable to stat
[Sat Jan 31 02:53:12.450425 2026] [php:error] [pid 39556] [client 20.223.168.28:0] script '/domains/viamonte3/wp-links-opml.php' not found or unable to stat
[Sat Jan 31 02:53:14.512114 2026] [php:error] [pid 39551] [client 20.223.168.28:0] script '/domains/viamonte3/wp-signup.php' not found or unable to stat
[Sat Jan 31 02:53:14.716524 2026] [php:error] [pid 39551] [client 20.223.168.28:0] script '/domains/viamonte3/chosen.php' not found or unable to stat
[Sat Jan 31 02:53:14.880503 2026] [php:error] [pid 39551] [client 20.223.168.28:0] script '/domains/viamonte3/mah.php' not found or unable to stat
[Sat Jan 31 02:53:15.146527 2026] [php:error] [pid 39555] [client 20.223.168.28:0] script '/domains/viamonte3/ova-tools.php' not found or unable to stat
[Sat Jan 31 02:53:17.987938 2026] [php:error] [pid 39551] [client 4.217.220.52:0] script '/domains/ferguson.interport/neshe.php' not found or unable to stat
[Sat Jan 31 02:53:18.174618 2026] [php:error] [pid 39551] [client 4.217.220.52:0] script '/domains/ferguson.interport/wp-site.php' not found or unable to stat
[Sat Jan 31 02:53:18.265949 2026] [php:error] [pid 39555] [client 20.223.168.28:0] script '/domains/viamonte3/images/about.php' not found or unable to stat
[Sat Jan 31 02:53:18.356387 2026] [php:error] [pid 39551] [client 4.217.220.52:0] script '/domains/ferguson.interport/environment.php' not found or unable to stat
[Sat Jan 31 02:53:18.538833 2026] [php:error] [pid 39551] [client 4.217.220.52:0] script '/domains/ferguson.interport/lala.php' not found or unable to stat
[Sat Jan 31 02:53:18.720801 2026] [php:error] [pid 39551] [client 4.217.220.52:0] script '/domains/ferguson.interport/menu.php' not found or unable to stat
[Sat Jan 31 02:53:18.912505 2026] [php:error] [pid 39551] [client 4.217.220.52:0] script '/domains/ferguson.interport/tmpls.php' not found or unable to stat
[Sat Jan 31 02:53:19.110607 2026] [php:error] [pid 39551] [client 4.217.220.52:0] script '/domains/ferguson.interport/item.php' not found or unable to stat
[Sat Jan 31 02:53:19.293236 2026] [php:error] [pid 39551] [client 4.217.220.52:0] script '/domains/ferguson.interport/test1.php' not found or unable to stat
[Sat Jan 31 02:53:19.456540 2026] [php:error] [pid 39557] [client 20.223.168.28:0] script '/domains/viamonte3/cloud.php' not found or unable to stat
[Sat Jan 31 02:53:19.492016 2026] [php:error] [pid 39551] [client 4.217.220.52:0] script '/domains/ferguson.interport/wp-themes.php' not found or unable to stat
[Sat Jan 31 02:53:19.861557 2026] [php:error] [pid 39551] [client 4.217.220.52:0] script '/domains/ferguson.interport/indeex.php' not found or unable to stat
[Sat Jan 31 02:53:20.225426 2026] [php:error] [pid 39551] [client 4.217.220.52:0] script '/domains/ferguson.interport/503.php' not found or unable to stat
[Sat Jan 31 02:53:20.312084 2026] [php:error] [pid 39557] [client 20.223.168.28:0] script '/domains/viamonte3/avaa.php' not found or unable to stat
[Sat Jan 31 02:53:20.385771 2026] [php:error] [pid 39557] [client 20.223.168.28:0] script '/domains/viamonte3/images/cloud.php' not found or unable to stat
[Sat Jan 31 02:53:20.409161 2026] [php:error] [pid 39551] [client 4.217.220.52:0] script '/domains/ferguson.interport/html.php' not found or unable to stat
[Sat Jan 31 02:53:20.601126 2026] [php:error] [pid 39551] [client 4.217.220.52:0] script '/domains/ferguson.interport/custom-background.php' not found or unable to stat
[Sat Jan 31 02:53:20.782930 2026] [php:error] [pid 39551] [client 4.217.220.52:0] script '/domains/ferguson.interport/xmrlpc.php' not found or unable to stat
[Sat Jan 31 02:53:20.940013 2026] [php:error] [pid 39557] [client 20.223.168.28:0] script '/domains/viamonte3/updates.php' not found or unable to stat
[Sat Jan 31 02:53:20.979004 2026] [php:error] [pid 39551] [client 4.217.220.52:0] script '/domains/ferguson.interport/img.php' not found or unable to stat
[Sat Jan 31 02:53:21.462654 2026] [php:error] [pid 39551] [client 4.217.220.52:0] script '/domains/ferguson.interport/cwclass.php' not found or unable to stat
[Sat Jan 31 02:53:21.646966 2026] [php:error] [pid 39551] [client 4.217.220.52:0] script '/domains/ferguson.interport/0x.php' not found or unable to stat
[Sat Jan 31 02:53:21.831257 2026] [php:error] [pid 39551] [client 4.217.220.52:0] script '/domains/ferguson.interport/a2.php' not found or unable to stat
[Sat Jan 31 02:53:22.013116 2026] [php:error] [pid 39551] [client 4.217.220.52:0] script '/domains/ferguson.interport/m.php' not found or unable to stat
[Sat Jan 31 02:53:22.208041 2026] [php:error] [pid 39551] [client 4.217.220.52:0] script '/domains/ferguson.interport/oo.php' not found or unable to stat
[Sat Jan 31 02:53:22.358956 2026] [php:error] [pid 39557] [client 20.223.168.28:0] script '/domains/viamonte3/wsoyanz.php' not found or unable to stat
[Sat Jan 31 02:53:22.390281 2026] [php:error] [pid 39551] [client 4.217.220.52:0] script '/domains/ferguson.interport/1.php' not found or unable to stat
[Sat Jan 31 02:53:22.440636 2026] [php:error] [pid 39557] [client 20.223.168.28:0] script '/domains/viamonte3/yanz.php' not found or unable to stat
[Sat Jan 31 02:53:22.740647 2026] [php:error] [pid 39557] [client 20.223.168.28:0] script '/domains/viamonte3/cache-compat.php' not found or unable to stat
[Sat Jan 31 02:53:22.815478 2026] [php:error] [pid 39557] [client 20.223.168.28:0] script '/domains/viamonte3/ajax-actions.php' not found or unable to stat
[Sat Jan 31 02:53:22.946011 2026] [php:error] [pid 39551] [client 4.217.220.52:0] script '/domains/ferguson.interport/az.php' not found or unable to stat
[Sat Jan 31 02:53:22.976750 2026] [php:error] [pid 39557] [client 20.223.168.28:0] script '/domains/viamonte3/wp-consar.php' not found or unable to stat
[Sat Jan 31 02:53:23.053618 2026] [php:error] [pid 39557] [client 20.223.168.28:0] script '/domains/viamonte3/repeater.php' not found or unable to stat
[Sat Jan 31 02:53:23.127354 2026] [php:error] [pid 39557] [client 20.223.168.28:0] script '/domains/viamonte3/admin-post.php' not found or unable to stat
[Sat Jan 31 02:53:23.127990 2026] [php:error] [pid 39551] [client 4.217.220.52:0] script '/domains/ferguson.interport/x.php' not found or unable to stat
[Sat Jan 31 02:53:23.309954 2026] [php:error] [pid 39551] [client 4.217.220.52:0] script '/domains/ferguson.interport/gg.php' not found or unable to stat
[Sat Jan 31 02:53:23.480835 2026] [php:error] [pid 39557] [client 20.223.168.28:0] script '/domains/viamonte3/dropdown.php' not found or unable to stat
[Sat Jan 31 02:53:23.676199 2026] [php:error] [pid 39551] [client 4.217.220.52:0] script '/domains/ferguson.interport/server.php' not found or unable to stat
[Sat Jan 31 02:53:23.858976 2026] [php:error] [pid 39551] [client 4.217.220.52:0] script '/domains/ferguson.interport/class19.php' not found or unable to stat
[Sat Jan 31 02:53:24.085242 2026] [php:error] [pid 39551] [client 4.217.220.52:0] script '/domains/ferguson.interport/yanz.php' not found or unable to stat
[Sat Jan 31 02:53:24.641639 2026] [php:error] [pid 39551] [client 4.217.220.52:0] script '/domains/ferguson.interport/class.php' not found or unable to stat
[Sat Jan 31 02:53:24.856538 2026] [php:error] [pid 39551] [client 4.217.220.52:0] script '/domains/ferguson.interport/elp.php' not found or unable to stat
[Sat Jan 31 02:53:25.040916 2026] [php:error] [pid 39551] [client 4.217.220.52:0] script '/domains/ferguson.interport/sx.php' not found or unable to stat
[Sat Jan 31 02:53:25.434729 2026] [php:error] [pid 39559] [client 20.223.168.28:0] script '/domains/viamonte3/xmrlpc.php' not found or unable to stat
[Sat Jan 31 02:53:25.710693 2026] [php:error] [pid 39551] [client 4.217.220.52:0] script '/domains/ferguson.interport/dropdown.php' not found or unable to stat
[Sat Jan 31 02:53:26.122009 2026] [php:error] [pid 39559] [client 20.223.168.28:0] script '/domains/viamonte3/images/xmrlpc.php' not found or unable to stat
[Sat Jan 31 02:53:26.275172 2026] [php:error] [pid 39551] [client 4.217.220.52:0] script '/domains/ferguson.interport/priv.php' not found or unable to stat
[Sat Jan 31 02:53:26.456752 2026] [php:error] [pid 39551] [client 4.217.220.52:0] script '/domains/ferguson.interport/function.php' not found or unable to stat
[Sat Jan 31 02:53:26.801648 2026] [php:error] [pid 39559] [client 20.223.168.28:0] script '/domains/viamonte3/makeasmtp.php' not found or unable to stat
[Sat Jan 31 02:53:26.829557 2026] [php:error] [pid 39551] [client 4.217.220.52:0] script '/domains/ferguson.interport/wp-load.php' not found or unable to stat
[Sat Jan 31 02:53:27.013841 2026] [php:error] [pid 39551] [client 4.217.220.52:0] script '/domains/ferguson.interport/wsd.php' not found or unable to stat
[Sat Jan 31 02:53:27.211610 2026] [php:error] [pid 39551] [client 4.217.220.52:0] script '/domains/ferguson.interport/editor.php' not found or unable to stat
[Sat Jan 31 02:53:27.722778 2026] [php:error] [pid 39557] [client 216.244.66.232:0] script '/domains/hdickens.enteract/kmnj.php' not found or unable to stat
[Sat Jan 31 02:53:27.736093 2026] [php:error] [pid 39556] [client 4.194.217.214:0] script '/domains/piltdweb1/gettest.php' not found or unable to stat
[Sat Jan 31 02:53:27.755808 2026] [php:error] [pid 39551] [client 4.217.220.52:0] script '/domains/ferguson.interport/cong.php' not found or unable to stat
[Sat Jan 31 02:53:27.974255 2026] [php:error] [pid 39556] [client 4.194.217.214:0] script '/domains/piltdweb1/menu.php' not found or unable to stat
[Sat Jan 31 02:53:28.119047 2026] [php:error] [pid 39551] [client 4.217.220.52:0] script '/domains/ferguson.interport/inputs.php' not found or unable to stat
[Sat Jan 31 02:53:28.202555 2026] [php:error] [pid 39556] [client 4.194.217.214:0] script '/domains/piltdweb1/bjfl.php' not found or unable to stat
[Sat Jan 31 02:53:28.431195 2026] [php:error] [pid 39556] [client 4.194.217.214:0] script '/domains/piltdweb1/sko.php' not found or unable to stat
[Sat Jan 31 02:53:28.679368 2026] [php:error] [pid 39556] [client 4.194.217.214:0] script '/domains/piltdweb1/obfuscate.php' not found or unable to stat
[Sat Jan 31 02:53:28.695216 2026] [php:error] [pid 39551] [client 4.217.220.52:0] script '/domains/ferguson.interport/files.php' not found or unable to stat
[Sat Jan 31 02:53:28.904602 2026] [php:error] [pid 39551] [client 4.217.220.52:0] script '/domains/ferguson.interport/zwso.php' not found or unable to stat
[Sat Jan 31 02:53:28.907551 2026] [php:error] [pid 39556] [client 4.194.217.214:0] script '/domains/piltdweb1/img.php' not found or unable to stat
[Sat Jan 31 02:53:29.131827 2026] [php:error] [pid 39536] [client 20.223.168.28:0] script '/domains/viamonte3/403.php' not found or unable to stat
[Sat Jan 31 02:53:29.135640 2026] [php:error] [pid 39556] [client 4.194.217.214:0] script '/domains/piltdweb1/co.php' not found or unable to stat
[Sat Jan 31 02:53:29.203849 2026] [php:error] [pid 39536] [client 20.223.168.28:0] script '/domains/viamonte3/a.php' not found or unable to stat
[Sat Jan 31 02:53:29.274041 2026] [php:error] [pid 39536] [client 20.223.168.28:0] script '/domains/viamonte3/ae.php' not found or unable to stat
[Sat Jan 31 02:53:29.344447 2026] [php:error] [pid 39536] [client 20.223.168.28:0] script '/domains/viamonte3/atomlib.php' not found or unable to stat
[Sat Jan 31 02:53:29.373069 2026] [php:error] [pid 39556] [client 4.194.217.214:0] script '/domains/piltdweb1/iswfg.php' not found or unable to stat
[Sat Jan 31 02:53:29.441470 2026] [php:error] [pid 39551] [client 4.217.220.52:0] script '/domains/ferguson.interport/backup.php' not found or unable to stat
[Sat Jan 31 02:53:29.559143 2026] [php:error] [pid 39536] [client 20.223.168.28:0] script '/domains/viamonte3/by.php' not found or unable to stat
[Sat Jan 31 02:53:29.601409 2026] [php:error] [pid 39556] [client 4.194.217.214:0] script '/domains/piltdweb1/acxx.php' not found or unable to stat
[Sat Jan 31 02:53:29.753195 2026] [php:error] [pid 39536] [client 20.223.168.28:0] script '/domains/viamonte3/bypass.php' not found or unable to stat
[Sat Jan 31 02:53:29.829846 2026] [php:error] [pid 39556] [client 4.194.217.214:0] script '/domains/piltdweb1/black.php' not found or unable to stat
[Sat Jan 31 02:53:29.840501 2026] [php:error] [pid 39551] [client 4.217.220.52:0] script '/domains/ferguson.interport/06.php' not found or unable to stat
[Sat Jan 31 02:53:29.968231 2026] [php:error] [pid 39536] [client 20.223.168.28:0] script '/domains/viamonte3/class.api.php' not found or unable to stat
[Sat Jan 31 02:53:30.022602 2026] [php:error] [pid 39551] [client 4.217.220.52:0] script '/domains/ferguson.interport/size.php' not found or unable to stat
[Sat Jan 31 02:53:30.044222 2026] [php:error] [pid 39536] [client 20.223.168.28:0] script '/domains/viamonte3/classwithtostring.php' not found or unable to stat
[Sat Jan 31 02:53:30.058363 2026] [php:error] [pid 39556] [client 4.194.217.214:0] script '/domains/piltdweb1/wikindex.php' not found or unable to stat
[Sat Jan 31 02:53:30.169743 2026] [php:error] [pid 39536] [client 20.223.168.28:0] script '/domains/viamonte3/cms.php' not found or unable to stat
[Sat Jan 31 02:53:30.286970 2026] [php:error] [pid 39556] [client 4.194.217.214:0] script '/domains/piltdweb1/tool.php' not found or unable to stat
[Sat Jan 31 02:53:30.331336 2026] [php:error] [pid 39536] [client 20.223.168.28:0] script '/domains/viamonte3/content.php' not found or unable to stat
[Sat Jan 31 02:53:30.438649 2026] [php:error] [pid 39536] [client 20.223.168.28:0] script '/domains/viamonte3/contents.php' not found or unable to stat
[Sat Jan 31 02:53:30.515468 2026] [php:error] [pid 39556] [client 4.194.217.214:0] script '/domains/piltdweb1/py.php' not found or unable to stat
[Sat Jan 31 02:53:30.569746 2026] [php:error] [pid 39551] [client 4.217.220.52:0] script '/domains/ferguson.interport/vx.php' not found or unable to stat
[Sat Jan 31 02:53:30.644012 2026] [php:error] [pid 39536] [client 20.223.168.28:0] script '/domains/viamonte3/daddy.php' not found or unable to stat
[Sat Jan 31 02:53:30.714466 2026] [php:error] [pid 39536] [client 20.223.168.28:0] script '/domains/viamonte3/doc.php' not found or unable to stat
[Sat Jan 31 02:53:30.743557 2026] [php:error] [pid 39556] [client 4.194.217.214:0] script '/domains/piltdweb1/155.php' not found or unable to stat
[Sat Jan 31 02:53:30.752735 2026] [php:error] [pid 39551] [client 4.217.220.52:0] script '/domains/ferguson.interport/dev1s.php' not found or unable to stat
[Sat Jan 31 02:53:30.799963 2026] [php:error] [pid 39536] [client 20.223.168.28:0] script '/domains/viamonte3/ee.php' not found or unable to stat
[Sat Jan 31 02:53:30.943502 2026] [php:error] [pid 39551] [client 4.217.220.52:0] script '/domains/ferguson.interport/zr.php' not found or unable to stat
[Sat Jan 31 02:53:30.972095 2026] [php:error] [pid 39556] [client 4.194.217.214:0] script '/domains/piltdweb1/sym404.php' not found or unable to stat
[Sat Jan 31 02:53:31.200795 2026] [php:error] [pid 39556] [client 4.194.217.214:0] script '/domains/piltdweb1/iko.php' not found or unable to stat
[Sat Jan 31 02:53:31.236055 2026] [php:error] [pid 39536] [client 20.223.168.28:0] script '/domains/viamonte3/fosil.php' not found or unable to stat
[Sat Jan 31 02:53:31.429227 2026] [php:error] [pid 39556] [client 4.194.217.214:0] script '/domains/piltdweb1/wefile.php' not found or unable to stat
[Sat Jan 31 02:53:31.505856 2026] [php:error] [pid 39551] [client 4.217.220.52:0] script '/domains/ferguson.interport/styles.php' not found or unable to stat
[Sat Jan 31 02:53:31.521427 2026] [php:error] [pid 39536] [client 20.223.168.28:0] script '/domains/viamonte3/fw.php' not found or unable to stat
[Sat Jan 31 02:53:31.626485 2026] [php:error] [pid 39536] [client 20.223.168.28:0] script '/domains/viamonte3/gecko.php' not found or unable to stat
[Sat Jan 31 02:53:31.658386 2026] [php:error] [pid 39556] [client 4.194.217.214:0] script '/domains/piltdweb1/gfd.php' not found or unable to stat
[Sat Jan 31 02:53:31.687553 2026] [php:error] [pid 39551] [client 4.217.220.52:0] script '/domains/ferguson.interport/file.php' not found or unable to stat
[Sat Jan 31 02:53:31.698751 2026] [php:error] [pid 39536] [client 20.223.168.28:0] script '/domains/viamonte3/hehe.php' not found or unable to stat
[Sat Jan 31 02:53:31.884563 2026] [php:error] [pid 39536] [client 20.223.168.28:0] script '/domains/viamonte3/images/content.php' not found or unable to stat
[Sat Jan 31 02:53:31.893882 2026] [php:error] [pid 39556] [client 4.194.217.214:0] script '/domains/piltdweb1/bnm.php' not found or unable to stat
[Sat Jan 31 02:53:31.955137 2026] [php:error] [pid 39536] [client 20.223.168.28:0] script '/domains/viamonte3/indeex.php' not found or unable to stat
[Sat Jan 31 02:53:32.026001 2026] [php:error] [pid 39536] [client 20.223.168.28:0] script '/domains/viamonte3/inputs.php' not found or unable to stat
[Sat Jan 31 02:53:32.098086 2026] [php:error] [pid 39536] [client 20.223.168.28:0] script '/domains/viamonte3/install.php' not found or unable to stat
[Sat Jan 31 02:53:32.115064 2026] [php:error] [pid 39551] [client 4.217.220.52:0] script '/domains/ferguson.interport/revision.php' not found or unable to stat
[Sat Jan 31 02:53:32.122437 2026] [php:error] [pid 39556] [client 4.194.217.214:0] script '/domains/piltdweb1/edit-tags.php' not found or unable to stat
[Sat Jan 31 02:53:32.296493 2026] [php:error] [pid 39536] [client 20.223.168.28:0] script '/domains/viamonte3/jp.php' not found or unable to stat
[Sat Jan 31 02:53:32.301539 2026] [php:error] [pid 39551] [client 4.217.220.52:0] script '/domains/ferguson.interport/panel.php' not found or unable to stat
[Sat Jan 31 02:53:32.351202 2026] [php:error] [pid 39556] [client 4.194.217.214:0] script '/domains/piltdweb1/vx.php' not found or unable to stat
[Sat Jan 31 02:53:32.401623 2026] [php:error] [pid 39536] [client 20.223.168.28:0] script '/domains/viamonte3/lv.php' not found or unable to stat
[Sat Jan 31 02:53:32.473503 2026] [php:error] [pid 39536] [client 20.223.168.28:0] script '/domains/viamonte3/main.php' not found or unable to stat
[Sat Jan 31 02:53:32.483144 2026] [php:error] [pid 39551] [client 4.217.220.52:0] script '/domains/ferguson.interport/wen.php' not found or unable to stat
[Sat Jan 31 02:53:32.566510 2026] [php:error] [pid 39536] [client 20.223.168.28:0] script '/domains/viamonte3/mar.php' not found or unable to stat
[Sat Jan 31 02:53:32.579340 2026] [php:error] [pid 39556] [client 4.194.217.214:0] script '/domains/piltdweb1/lkj.php' not found or unable to stat
[Sat Jan 31 02:53:32.648657 2026] [php:error] [pid 39536] [client 20.223.168.28:0] script '/domains/viamonte3/menu.php' not found or unable to stat
[Sat Jan 31 02:53:32.669503 2026] [php:error] [pid 39551] [client 4.217.220.52:0] script '/domains/ferguson.interport/ioxi-o.php' not found or unable to stat
[Sat Jan 31 02:53:32.719994 2026] [php:error] [pid 39536] [client 20.223.168.28:0] script '/domains/viamonte3/mini.php' not found or unable to stat
[Sat Jan 31 02:53:32.805193 2026] [php:error] [pid 39536] [client 20.223.168.28:0] script '/domains/viamonte3/moon.php' not found or unable to stat
[Sat Jan 31 02:53:32.808801 2026] [php:error] [pid 39556] [client 4.194.217.214:0] script '/domains/piltdweb1/ioxi-o.php' not found or unable to stat
[Sat Jan 31 02:53:32.852471 2026] [php:error] [pid 39551] [client 4.217.220.52:0] script '/domains/ferguson.interport/gtc.php' not found or unable to stat
[Sat Jan 31 02:53:32.965419 2026] [php:error] [pid 39536] [client 20.223.168.28:0] script '/domains/viamonte3/options.php' not found or unable to stat
[Sat Jan 31 02:53:33.034427 2026] [php:error] [pid 39551] [client 4.217.220.52:0] script '/domains/ferguson.interport/mini.php' not found or unable to stat
[Sat Jan 31 02:53:33.036249 2026] [php:error] [pid 39536] [client 20.223.168.28:0] script '/domains/viamonte3/plugins.php' not found or unable to stat
[Sat Jan 31 02:53:33.132594 2026] [php:error] [pid 39536] [client 20.223.168.28:0] script '/domains/viamonte3/post.php' not found or unable to stat
[Sat Jan 31 02:53:33.216448 2026] [php:error] [pid 39551] [client 4.217.220.52:0] script '/domains/ferguson.interport/siteheads.php' not found or unable to stat
[Sat Jan 31 02:53:33.220859 2026] [php:error] [pid 39536] [client 20.223.168.28:0] script '/domains/viamonte3/pylSE9O2gWV.php' not found or unable to stat
[Sat Jan 31 02:53:33.361193 2026] [php:error] [pid 39536] [client 20.223.168.28:0] script '/domains/viamonte3/randkeyword.php' not found or unable to stat
[Sat Jan 31 02:53:33.401997 2026] [php:error] [pid 39551] [client 4.217.220.52:0] script '/domains/ferguson.interport/okxh.php' not found or unable to stat
[Sat Jan 31 02:53:33.539021 2026] [php:error] [pid 39536] [client 20.223.168.28:0] script '/domains/viamonte3/shell20211028.php' not found or unable to stat
[Sat Jan 31 02:53:33.584063 2026] [php:error] [pid 39551] [client 4.217.220.52:0] script '/domains/ferguson.interport/content.php' not found or unable to stat
[Sat Jan 31 02:53:33.609148 2026] [php:error] [pid 39536] [client 20.223.168.28:0] script '/domains/viamonte3/sidwso.php' not found or unable to stat
[Sat Jan 31 02:53:33.765740 2026] [php:error] [pid 39551] [client 4.217.220.52:0] script '/domains/ferguson.interport/wp-good.php' not found or unable to stat
[Sat Jan 31 02:53:33.799227 2026] [php:error] [pid 39536] [client 20.223.168.28:0] script '/domains/viamonte3/smaxx.php' not found or unable to stat
[Sat Jan 31 02:53:33.869662 2026] [php:error] [pid 39536] [client 20.223.168.28:0] script '/domains/viamonte3/style.php' not found or unable to stat
[Sat Jan 31 02:53:33.947416 2026] [php:error] [pid 39551] [client 4.217.220.52:0] script '/domains/ferguson.interport/abcd.php' not found or unable to stat
[Sat Jan 31 02:53:33.951350 2026] [php:error] [pid 39556] [client 4.194.217.214:0] script '/domains/piltdweb1/readme.php' not found or unable to stat
[Sat Jan 31 02:53:33.997180 2026] [php:error] [pid 39536] [client 20.223.168.28:0] script '/domains/viamonte3/sx.php' not found or unable to stat
[Sat Jan 31 02:53:34.096645 2026] [php:error] [pid 39536] [client 20.223.168.28:0] script '/domains/viamonte3/system_log.php' not found or unable to stat
[Sat Jan 31 02:53:34.129219 2026] [php:error] [pid 39551] [client 4.217.220.52:0] script '/domains/ferguson.interport/log.php' not found or unable to stat
[Sat Jan 31 02:53:34.232187 2026] [php:error] [pid 39536] [client 20.223.168.28:0] script '/domains/viamonte3/upgrade.php' not found or unable to stat
[Sat Jan 31 02:53:34.331348 2026] [php:error] [pid 39551] [client 4.217.220.52:0] script '/domains/ferguson.interport/info.php' not found or unable to stat
[Sat Jan 31 02:53:34.377012 2026] [php:error] [pid 39536] [client 20.223.168.28:0] script '/domains/viamonte3/user.php' not found or unable to stat
[Sat Jan 31 02:53:34.407455 2026] [php:error] [pid 39556] [client 4.194.217.214:0] script '/domains/piltdweb1/classwithtostring.php' not found or unable to stat
[Sat Jan 31 02:53:34.560048 2026] [php:error] [pid 39536] [client 20.223.168.28:0] script '/domains/viamonte3/web.php' not found or unable to stat
[Sat Jan 31 02:53:34.636301 2026] [php:error] [pid 39556] [client 4.194.217.214:0] script '/domains/piltdweb1/1.php' not found or unable to stat
[Sat Jan 31 02:53:35.044270 2026] [php:error] [pid 39536] [client 20.223.168.28:0] script '/domains/viamonte3/wp-2019.php' not found or unable to stat
[Sat Jan 31 02:53:35.092641 2026] [php:error] [pid 39556] [client 4.194.217.214:0] script '/domains/piltdweb1/alfa.php' not found or unable to stat
[Sat Jan 31 02:53:35.115779 2026] [php:error] [pid 39536] [client 20.223.168.28:0] script '/domains/viamonte3/wp-activate.php' not found or unable to stat
[Sat Jan 31 02:53:35.548811 2026] [php:error] [pid 39556] [client 4.194.217.214:0] script '/domains/piltdweb1/atx.php' not found or unable to stat
[Sat Jan 31 02:53:35.777019 2026] [php:error] [pid 39556] [client 4.194.217.214:0] script '/domains/piltdweb1/inputs.php' not found or unable to stat
[Sat Jan 31 02:53:36.233329 2026] [php:error] [pid 39556] [client 4.194.217.214:0] script '/domains/piltdweb1/404.php' not found or unable to stat
[Sat Jan 31 02:53:36.461679 2026] [php:error] [pid 39556] [client 4.194.217.214:0] script '/domains/piltdweb1/global.php' not found or unable to stat
[Sat Jan 31 02:53:36.689975 2026] [php:error] [pid 39556] [client 4.194.217.214:0] script '/domains/piltdweb1/core.php' not found or unable to stat
[Sat Jan 31 02:53:36.918165 2026] [php:error] [pid 39556] [client 4.194.217.214:0] script '/domains/piltdweb1/thoms.php' not found or unable to stat
[Sat Jan 31 02:53:37.127131 2026] [php:error] [pid 39551] [client 4.217.220.52:0] script '/domains/ferguson.interport/12.php' not found or unable to stat
[Sat Jan 31 02:53:37.147890 2026] [php:error] [pid 39556] [client 4.194.217.214:0] script '/domains/piltdweb1/irc.js.php' not found or unable to stat
[Sat Jan 31 02:53:37.562991 2026] [php:error] [pid 39551] [client 4.217.220.52:0] script '/domains/ferguson.interport/yr.PHP' not found or unable to stat
[Sat Jan 31 02:53:37.744716 2026] [php:error] [pid 39551] [client 4.217.220.52:0] script '/domains/ferguson.interport/dex.php' not found or unable to stat
[Sat Jan 31 02:53:37.926303 2026] [php:error] [pid 39551] [client 4.217.220.52:0] script '/domains/ferguson.interport/yas.php' not found or unable to stat
[Sat Jan 31 02:53:37.944424 2026] [php:error] [pid 39536] [client 20.223.168.28:0] script '/domains/viamonte3/wp-conflg.php' not found or unable to stat
[Sat Jan 31 02:53:38.109983 2026] [php:error] [pid 39551] [client 4.217.220.52:0] script '/domains/ferguson.interport/up.php' not found or unable to stat
[Sat Jan 31 02:53:38.291671 2026] [php:error] [pid 39551] [client 4.217.220.52:0] script '/domains/ferguson.interport/ova.php' not found or unable to stat
[Sat Jan 31 02:53:38.496506 2026] [php:error] [pid 39551] [client 4.217.220.52:0] script '/domains/ferguson.interport/buy.php' not found or unable to stat
[Sat Jan 31 02:53:38.869472 2026] [php:error] [pid 39551] [client 4.217.220.52:0] script '/domains/ferguson.interport/classwithtostring.php' not found or unable to stat
[Sat Jan 31 02:53:39.052086 2026] [php:error] [pid 39551] [client 4.217.220.52:0] script '/domains/ferguson.interport/acxx.php' not found or unable to stat
[Sat Jan 31 02:53:39.416596 2026] [php:error] [pid 39551] [client 4.217.220.52:0] script '/domains/ferguson.interport/mk.php' not found or unable to stat
[Sat Jan 31 02:53:39.751219 2026] [php:error] [pid 39551] [client 4.217.220.52:0] script '/domains/ferguson.interport/zoo.php' not found or unable to stat
[Sat Jan 31 02:53:40.134331 2026] [php:error] [pid 39551] [client 4.217.220.52:0] script '/domains/ferguson.interport/33.php' not found or unable to stat
[Sat Jan 31 02:53:40.498400 2026] [php:error] [pid 39551] [client 4.217.220.52:0] script '/domains/ferguson.interport/mode.php' not found or unable to stat
[Sat Jan 31 02:53:40.696588 2026] [php:error] [pid 39551] [client 4.217.220.52:0] script '/domains/ferguson.interport/docs.php' not found or unable to stat
[Sat Jan 31 02:53:40.882071 2026] [php:error] [pid 39551] [client 4.217.220.52:0] script '/domains/ferguson.interport/abc.php' not found or unable to stat
[Sat Jan 31 02:53:41.258378 2026] [php:error] [pid 39551] [client 4.217.220.52:0] script '/domains/ferguson.interport/wp-tot.php' not found or unable to stat
[Sat Jan 31 02:53:42.308364 2026] [php:error] [pid 39555] [client 4.217.220.52:0] script '/domains/ferguson.interport/ioxi.php' not found or unable to stat
[Sat Jan 31 02:53:42.502990 2026] [php:error] [pid 39555] [client 4.217.220.52:0] script '/domains/ferguson.interport/ans.php' not found or unable to stat
[Sat Jan 31 02:53:42.513184 2026] [php:error] [pid 39547] [client 20.223.168.28:0] script '/domains/viamonte3/wp-file.php' not found or unable to stat
[Sat Jan 31 02:53:42.681753 2026] [php:error] [pid 39555] [client 4.217.220.52:0] script '/domains/ferguson.interport/ok.php' not found or unable to stat
[Sat Jan 31 02:53:42.861032 2026] [php:error] [pid 39555] [client 4.217.220.52:0] script '/domains/ferguson.interport/asasx.php' not found or unable to stat
[Sat Jan 31 02:53:43.058738 2026] [php:error] [pid 39555] [client 4.217.220.52:0] script '/domains/ferguson.interport/fileupload.php' not found or unable to stat
[Sat Jan 31 02:53:43.236913 2026] [php:error] [pid 39555] [client 4.217.220.52:0] script '/domains/ferguson.interport/ran.php' not found or unable to stat
[Sat Jan 31 02:53:43.432036 2026] [php:error] [pid 39555] [client 4.217.220.52:0] script '/domains/ferguson.interport/set.php' not found or unable to stat
[Sat Jan 31 02:53:43.617581 2026] [php:error] [pid 39555] [client 4.217.220.52:0] script '/domains/ferguson.interport/bs2.php' not found or unable to stat
[Sat Jan 31 02:53:43.976073 2026] [php:error] [pid 39555] [client 4.217.220.52:0] script '/domains/ferguson.interport/gifclass.php' not found or unable to stat
[Sat Jan 31 02:53:44.347015 2026] [php:error] [pid 39555] [client 4.217.220.52:0] script '/domains/ferguson.interport/manager.php' not found or unable to stat
[Sat Jan 31 02:53:44.530916 2026] [php:error] [pid 39555] [client 4.217.220.52:0] script '/domains/ferguson.interport/xx.php' not found or unable to stat
[Sat Jan 31 02:53:44.584718 2026] [php:error] [pid 39547] [client 20.223.168.28:0] script '/domains/viamonte3/wp-l0gin.php' not found or unable to stat
[Sat Jan 31 02:53:44.707816 2026] [php:error] [pid 39547] [client 20.223.168.28:0] script '/domains/viamonte3/wp-links.php' not found or unable to stat
[Sat Jan 31 02:53:44.793503 2026] [php:error] [pid 39547] [client 20.223.168.28:0] script '/domains/viamonte3/wp-login.php' not found or unable to stat
[Sat Jan 31 02:53:44.868950 2026] [php:error] [pid 39547] [client 20.223.168.28:0] script '/domains/viamonte3/wp-theme.php' not found or unable to stat
[Sat Jan 31 02:53:44.941602 2026] [php:error] [pid 39555] [client 4.217.220.52:0] script '/domains/ferguson.interport/about.php' not found or unable to stat
[Sat Jan 31 02:53:44.961950 2026] [php:error] [pid 39547] [client 20.223.168.28:0] script '/domains/viamonte3/wp.php' not found or unable to stat
[Sat Jan 31 02:53:45.067531 2026] [php:error] [pid 39547] [client 20.223.168.28:0] script '/domains/viamonte3/ws.php' not found or unable to stat
[Sat Jan 31 02:53:45.129635 2026] [php:error] [pid 39555] [client 4.217.220.52:0] script '/domains/ferguson.interport/zfile.php' not found or unable to stat
[Sat Jan 31 02:53:45.139982 2026] [php:error] [pid 39547] [client 20.223.168.28:0] script '/domains/viamonte3/ws.php.php' not found or unable to stat
[Sat Jan 31 02:53:45.212923 2026] [php:error] [pid 39547] [client 20.223.168.28:0] script '/domains/viamonte3/wso.php' not found or unable to stat
[Sat Jan 31 02:53:45.285806 2026] [php:error] [pid 39547] [client 20.223.168.28:0] script '/domains/viamonte3/x.php' not found or unable to stat
[Sat Jan 31 02:53:45.308175 2026] [php:error] [pid 39555] [client 4.217.220.52:0] script '/domains/ferguson.interport/ccou.php' not found or unable to stat
[Sat Jan 31 02:53:45.429183 2026] [php:error] [pid 39547] [client 20.223.168.28:0] script '/domains/viamonte3/xmlrpc.php' not found or unable to stat
[Sat Jan 31 02:53:45.486542 2026] [php:error] [pid 39555] [client 4.217.220.52:0] script '/domains/ferguson.interport/as.php' not found or unable to stat
[Sat Jan 31 02:53:45.501106 2026] [php:error] [pid 39547] [client 20.223.168.28:0] script '/domains/viamonte3/xp.php' not found or unable to stat
[Sat Jan 31 02:53:45.646540 2026] [php:error] [pid 39547] [client 20.223.168.28:0] script '/domains/viamonte3/zcoqCGrnVix.php' not found or unable to stat
[Sat Jan 31 02:53:45.672862 2026] [php:error] [pid 39555] [client 4.217.220.52:0] script '/domains/ferguson.interport/autoload_classmap.php' not found or unable to stat
[Sat Jan 31 02:53:45.718663 2026] [php:error] [pid 39547] [client 20.223.168.28:0] script '/domains/viamonte3/1.php' not found or unable to stat
[Sat Jan 31 02:53:45.886681 2026] [php:error] [pid 39547] [client 20.223.168.28:0] script '/domains/viamonte3/mcs.php' not found or unable to stat
[Sat Jan 31 02:53:46.007133 2026] [php:error] [pid 39547] [client 20.223.168.28:0] script '/domains/viamonte3/shell20211022.php' not found or unable to stat
[Sat Jan 31 02:53:46.031928 2026] [php:error] [pid 39555] [client 4.217.220.52:0] script '/domains/ferguson.interport/ar.php' not found or unable to stat
[Sat Jan 31 02:53:46.079529 2026] [php:error] [pid 39547] [client 20.223.168.28:0] script '/domains/viamonte3/sidwsi.php' not found or unable to stat
[Sat Jan 31 02:53:46.581141 2026] [php:error] [pid 39547] [client 20.223.168.28:0] script '/domains/viamonte3/rx.php' not found or unable to stat
[Sat Jan 31 02:53:46.653119 2026] [php:error] [pid 39547] [client 20.223.168.28:0] script '/domains/viamonte3/about.PHP' not found or unable to stat
[Sat Jan 31 02:53:46.733892 2026] [php:error] [pid 39547] [client 20.223.168.28:0] script '/domains/viamonte3/st.php' not found or unable to stat
[Sat Jan 31 02:53:47.038069 2026] [php:error] [pid 39547] [client 20.223.168.28:0] script '/domains/viamonte3/lock.php' not found or unable to stat
[Sat Jan 31 02:53:47.364627 2026] [php:error] [pid 39551] [client 20.223.168.28:0] script '/domains/viamonte3/wp-cache.php' not found or unable to stat
[Sat Jan 31 02:53:47.512465 2026] [php:error] [pid 39551] [client 20.223.168.28:0] script '/domains/viamonte3/wp-mail.php' not found or unable to stat
[Sat Jan 31 02:53:47.687544 2026] [php:error] [pid 39551] [client 20.223.168.28:0] script '/domains/viamonte3/admin.php' not found or unable to stat
[Sat Jan 31 02:53:47.763961 2026] [php:error] [pid 39551] [client 20.223.168.28:0] script '/domains/viamonte3/about.php' not found or unable to stat
[Sat Jan 31 02:53:47.963608 2026] [php:error] [pid 39551] [client 20.223.168.28:0] script '/domains/viamonte3/cloud.php' not found or unable to stat
[Sat Jan 31 02:53:48.040738 2026] [php:error] [pid 39551] [client 20.223.168.28:0] script '/domains/viamonte3/alfanew.php' not found or unable to stat
[Sat Jan 31 02:53:48.111104 2026] [php:error] [pid 39551] [client 20.223.168.28:0] script '/domains/viamonte3/edit.php' not found or unable to stat
[Sat Jan 31 02:53:48.214366 2026] [php:error] [pid 39551] [client 20.223.168.28:0] script '/domains/viamonte3/shell.php' not found or unable to stat
[Sat Jan 31 02:54:06.280239 2026] [php:error] [pid 39561] [client 34.12.55.206:0] script '/domains/hdickens.enteract/kmnj.php' not found or unable to stat
[Sat Jan 31 02:54:19.937174 2026] [php:error] [pid 39567] [client 94.158.20.129:0] script '/domains/miles.interport/smtp.php' not found or unable to stat
[Sat Jan 31 02:54:20.343895 2026] [php:error] [pid 39567] [client 94.158.20.129:0] script '/domains/miles.interport/smtp_config.php' not found or unable to stat
[Sat Jan 31 02:54:22.636600 2026] [php:error] [pid 39567] [client 94.158.20.129:0] script '/domains/miles.interport/smtp-config.php' not found or unable to stat
[Sat Jan 31 02:54:24.109220 2026] [php:error] [pid 39567] [client 94.158.20.129:0] script '/domains/miles.interport/smtp-settings.php' not found or unable to stat
[Sat Jan 31 02:54:25.078615 2026] [php:error] [pid 39567] [client 94.158.20.129:0] script '/domains/miles.interport/mail.php' not found or unable to stat
[Sat Jan 31 02:54:29.720877 2026] [php:error] [pid 39567] [client 94.158.20.129:0] script '/domains/miles.interport/mail_config.php' not found or unable to stat
[Sat Jan 31 02:54:30.215648 2026] [php:error] [pid 39567] [client 94.158.20.129:0] script '/domains/miles.interport/mail-config.php' not found or unable to stat
[Sat Jan 31 02:54:31.405139 2026] [php:error] [pid 39567] [client 94.158.20.129:0] script '/domains/miles.interport/mail-settings.php' not found or unable to stat
[Sat Jan 31 02:54:32.344164 2026] [php:error] [pid 39567] [client 94.158.20.129:0] script '/domains/miles.interport/mailer.php' not found or unable to stat
[Sat Jan 31 02:55:22.557529 2026] [core:crit] [pid 39585] (13)Permission denied: [client 217.113.194.10:0] AH00529: /domains/dcarlone/test/web/.htaccess pcfg_openfile: unable to check htaccess file, ensure it is readable and that '/domains/dcarlone/test/web/' is executable
[Sat Jan 31 02:55:55.823441 2026] [php:error] [pid 39587] [client 216.24.210.82:0] script '/domains/covertcomic/xmlrpc.php' not found or unable to stat
[Sat Jan 31 02:55:56.055364 2026] [php:error] [pid 39586] [client 173.239.218.12:0] script '/domains/covertcomic/wp-login.php' not found or unable to stat
[Sat Jan 31 02:56:08.122409 2026] [php:error] [pid 39586] [client 141.98.11.169:0] script '/domains/acagolf1/wp-login.php' not found or unable to stat
[Sat Jan 31 02:56:08.344770 2026] [php:error] [pid 39582] [client 141.98.11.169:0] script '/domains/acagolf1/wp-login.php' not found or unable to stat, referer: https://www.facebook.com/
[Sat Jan 31 02:57:24.196659 2026] [php:error] [pid 39556] [client 20.78.152.240:0] script '/domains/davidbacker/about.php' not found or unable to stat
[Sat Jan 31 02:57:24.368360 2026] [php:error] [pid 39556] [client 20.78.152.240:0] script '/domains/davidbacker/admin.php' not found or unable to stat
[Sat Jan 31 02:57:24.720120 2026] [php:error] [pid 39556] [client 20.78.152.240:0] script '/domains/davidbacker/class-t.api.php' not found or unable to stat
[Sat Jan 31 02:57:24.905846 2026] [php:error] [pid 39556] [client 20.78.152.240:0] script '/domains/davidbacker/goods.php' not found or unable to stat
[Sat Jan 31 02:57:25.076741 2026] [php:error] [pid 39556] [client 20.78.152.240:0] script '/domains/davidbacker/ioxi-o.php' not found or unable to stat
[Sat Jan 31 02:57:25.253296 2026] [php:error] [pid 39556] [client 20.78.152.240:0] script '/domains/davidbacker/rip.php' not found or unable to stat
[Sat Jan 31 02:57:25.424757 2026] [php:error] [pid 39556] [client 20.78.152.240:0] script '/domains/davidbacker/adminfuns.php' not found or unable to stat
[Sat Jan 31 02:57:25.609432 2026] [php:error] [pid 39556] [client 20.78.152.240:0] script '/domains/davidbacker/file.php' not found or unable to stat
[Sat Jan 31 02:57:26.846482 2026] [php:error] [pid 39556] [client 20.78.152.240:0] script '/domains/davidbacker/wp-good.php' not found or unable to stat
[Sat Jan 31 02:57:31.237460 2026] [php:error] [pid 39562] [client 20.205.115.105:0] script '/domains/system_suspended/gettest.php' not found or unable to stat
[Sat Jan 31 02:57:31.443570 2026] [php:error] [pid 39562] [client 20.205.115.105:0] script '/domains/system_suspended/menu.php' not found or unable to stat
[Sat Jan 31 02:57:31.649774 2026] [php:error] [pid 39562] [client 20.205.115.105:0] script '/domains/system_suspended/bjfl.php' not found or unable to stat
[Sat Jan 31 02:57:31.854093 2026] [php:error] [pid 39562] [client 20.205.115.105:0] script '/domains/system_suspended/sko.php' not found or unable to stat
[Sat Jan 31 02:57:32.062573 2026] [php:error] [pid 39562] [client 20.205.115.105:0] script '/domains/system_suspended/obfuscate.php' not found or unable to stat
[Sat Jan 31 02:57:32.267307 2026] [php:error] [pid 39562] [client 20.205.115.105:0] script '/domains/system_suspended/img.php' not found or unable to stat
[Sat Jan 31 02:57:32.472299 2026] [php:error] [pid 39562] [client 20.205.115.105:0] script '/domains/system_suspended/co.php' not found or unable to stat
[Sat Jan 31 02:57:32.676405 2026] [php:error] [pid 39562] [client 20.205.115.105:0] script '/domains/system_suspended/iswfg.php' not found or unable to stat
[Sat Jan 31 02:57:32.880978 2026] [php:error] [pid 39562] [client 20.205.115.105:0] script '/domains/system_suspended/acxx.php' not found or unable to stat
[Sat Jan 31 02:57:33.085315 2026] [php:error] [pid 39562] [client 20.205.115.105:0] script '/domains/system_suspended/black.php' not found or unable to stat
[Sat Jan 31 02:57:33.290627 2026] [php:error] [pid 39562] [client 20.205.115.105:0] script '/domains/system_suspended/wikindex.php' not found or unable to stat
[Sat Jan 31 02:57:33.494548 2026] [php:error] [pid 39562] [client 20.205.115.105:0] script '/domains/system_suspended/tool.php' not found or unable to stat
[Sat Jan 31 02:57:33.699211 2026] [php:error] [pid 39562] [client 20.205.115.105:0] script '/domains/system_suspended/py.php' not found or unable to stat
[Sat Jan 31 02:57:33.903373 2026] [php:error] [pid 39562] [client 20.205.115.105:0] script '/domains/system_suspended/155.php' not found or unable to stat
[Sat Jan 31 02:57:34.107528 2026] [php:error] [pid 39562] [client 20.205.115.105:0] script '/domains/system_suspended/sym404.php' not found or unable to stat
[Sat Jan 31 02:57:34.311680 2026] [php:error] [pid 39562] [client 20.205.115.105:0] script '/domains/system_suspended/iko.php' not found or unable to stat
[Sat Jan 31 02:57:34.519339 2026] [php:error] [pid 39562] [client 20.205.115.105:0] script '/domains/system_suspended/wefile.php' not found or unable to stat
[Sat Jan 31 02:57:34.725183 2026] [php:error] [pid 39562] [client 20.205.115.105:0] script '/domains/system_suspended/gfd.php' not found or unable to stat
[Sat Jan 31 02:57:34.929415 2026] [php:error] [pid 39562] [client 20.205.115.105:0] script '/domains/system_suspended/bnm.php' not found or unable to stat
[Sat Jan 31 02:57:35.133799 2026] [php:error] [pid 39562] [client 20.205.115.105:0] script '/domains/system_suspended/edit-tags.php' not found or unable to stat
[Sat Jan 31 02:57:35.338574 2026] [php:error] [pid 39562] [client 20.205.115.105:0] script '/domains/system_suspended/vx.php' not found or unable to stat
[Sat Jan 31 02:57:35.542743 2026] [php:error] [pid 39562] [client 20.205.115.105:0] script '/domains/system_suspended/lkj.php' not found or unable to stat
[Sat Jan 31 02:57:35.746907 2026] [php:error] [pid 39562] [client 20.205.115.105:0] script '/domains/system_suspended/ioxi-o.php' not found or unable to stat
[Sat Jan 31 02:57:36.768525 2026] [php:error] [pid 39562] [client 20.205.115.105:0] script '/domains/system_suspended/readme.php' not found or unable to stat
[Sat Jan 31 02:57:37.190122 2026] [php:error] [pid 39562] [client 20.205.115.105:0] script '/domains/system_suspended/classwithtostring.php' not found or unable to stat
[Sat Jan 31 02:57:37.395156 2026] [php:error] [pid 39562] [client 20.205.115.105:0] script '/domains/system_suspended/1.php' not found or unable to stat
[Sat Jan 31 02:57:37.804620 2026] [php:error] [pid 39562] [client 20.205.115.105:0] script '/domains/system_suspended/alfa.php' not found or unable to stat
[Sat Jan 31 02:57:38.213058 2026] [php:error] [pid 39562] [client 20.205.115.105:0] script '/domains/system_suspended/atx.php' not found or unable to stat
[Sat Jan 31 02:57:38.418587 2026] [php:error] [pid 39562] [client 20.205.115.105:0] script '/domains/system_suspended/inputs.php' not found or unable to stat
[Sat Jan 31 02:57:38.826868 2026] [php:error] [pid 39562] [client 20.205.115.105:0] script '/domains/system_suspended/404.php' not found or unable to stat
[Sat Jan 31 02:57:39.031109 2026] [php:error] [pid 39562] [client 20.205.115.105:0] script '/domains/system_suspended/global.php' not found or unable to stat
[Sat Jan 31 02:57:39.235660 2026] [php:error] [pid 39562] [client 20.205.115.105:0] script '/domains/system_suspended/core.php' not found or unable to stat
[Sat Jan 31 02:57:39.440309 2026] [php:error] [pid 39562] [client 20.205.115.105:0] script '/domains/system_suspended/thoms.php' not found or unable to stat
[Sat Jan 31 02:57:39.644742 2026] [php:error] [pid 39562] [client 20.205.115.105:0] script '/domains/system_suspended/irc.js.php' not found or unable to stat
[Sat Jan 31 02:57:49.116057 2026] [php:error] [pid 39616] [client 20.78.152.240:0] script '/domains/tinatina/aa.php' not found or unable to stat
[Sat Jan 31 02:57:49.432544 2026] [php:error] [pid 39616] [client 20.78.152.240:0] script '/domains/tinatina/abcd.php' not found or unable to stat
[Sat Jan 31 02:57:49.630506 2026] [php:error] [pid 39616] [client 20.78.152.240:0] script '/domains/tinatina/admin.php' not found or unable to stat
[Sat Jan 31 02:57:49.816919 2026] [php:error] [pid 39616] [client 20.78.152.240:0] script '/domains/tinatina/buy.php' not found or unable to stat
[Sat Jan 31 02:57:50.299488 2026] [php:error] [pid 39616] [client 20.78.152.240:0] script '/domains/tinatina/edit.php' not found or unable to stat
[Sat Jan 31 02:57:50.471507 2026] [php:error] [pid 39616] [client 20.78.152.240:0] script '/domains/tinatina/file.php' not found or unable to stat
[Sat Jan 31 02:57:50.652965 2026] [php:error] [pid 39616] [client 20.78.152.240:0] script '/domains/tinatina/flower.php' not found or unable to stat
[Sat Jan 31 02:57:51.035217 2026] [php:error] [pid 39616] [client 20.78.152.240:0] script '/domains/tinatina/images/index.php' not found or unable to stat
[Sat Jan 31 02:57:51.355242 2026] [php:error] [pid 39616] [client 20.78.152.240:0] script '/domains/tinatina/info.php' not found or unable to stat
[Sat Jan 31 02:57:51.557169 2026] [php:error] [pid 39616] [client 20.78.152.240:0] script '/domains/tinatina/ioxi-o.php' not found or unable to stat
[Sat Jan 31 02:57:51.785966 2026] [php:error] [pid 39616] [client 20.78.152.240:0] script '/domains/tinatina/nc4.php' not found or unable to stat
[Sat Jan 31 02:57:51.967410 2026] [php:error] [pid 39616] [client 20.78.152.240:0] script '/domains/tinatina/xleet.php' not found or unable to stat
[Sat Jan 31 02:57:52.968447 2026] [php:error] [pid 39616] [client 20.78.152.240:0] script '/domains/tinatina/wp-good.php' not found or unable to stat
[Sat Jan 31 02:57:53.051029 2026] [core:crit] [pid 39610] (13)Permission denied: [client 217.113.194.10:0] AH00529: /domains/dcarlone/test/web/.htaccess pcfg_openfile: unable to check htaccess file, ensure it is readable and that '/domains/dcarlone/test/web/' is executable
[Sat Jan 31 02:57:53.508678 2026] [php:error] [pid 39616] [client 20.78.152.240:0] script '/domains/tinatina/xmrlpc.php' not found or unable to stat
[Sat Jan 31 02:57:53.850553 2026] [php:error] [pid 39616] [client 20.78.152.240:0] script '/domains/tinatina/about.php' not found or unable to stat
[Sat Jan 31 02:57:54.055679 2026] [php:error] [pid 39616] [client 20.78.152.240:0] script '/domains/tinatina/adminfuns.php' not found or unable to stat
[Sat Jan 31 02:57:54.260214 2026] [php:error] [pid 39616] [client 20.78.152.240:0] script '/domains/tinatina/alfa.php' not found or unable to stat
[Sat Jan 31 02:57:54.442257 2026] [php:error] [pid 39616] [client 20.78.152.240:0] script '/domains/tinatina/asasx.php' not found or unable to stat
[Sat Jan 31 02:57:54.634585 2026] [php:error] [pid 39616] [client 20.78.152.240:0] script '/domains/tinatina/autoload_classmap.php' not found or unable to stat
[Sat Jan 31 02:57:55.002908 2026] [php:error] [pid 39616] [client 20.78.152.240:0] script '/domains/tinatina/classwithtostring.php' not found or unable to stat
[Sat Jan 31 02:57:55.353533 2026] [php:error] [pid 39616] [client 20.78.152.240:0] script '/domains/tinatina/cong.php' not found or unable to stat
[Sat Jan 31 02:57:55.557388 2026] [php:error] [pid 39616] [client 20.78.152.240:0] script '/domains/tinatina/file2.php' not found or unable to stat
[Sat Jan 31 02:57:55.764899 2026] [php:error] [pid 39616] [client 20.78.152.240:0] script '/domains/tinatina/moon.php' not found or unable to stat
[Sat Jan 31 02:57:56.895843 2026] [php:error] [pid 39616] [client 20.78.152.240:0] script '/domains/tinatina/wp-cron.php' not found or unable to stat
[Sat Jan 31 02:58:15.325524 2026] [php:error] [pid 39610] [client 34.158.153.49:0] script '/domains/hdickens.enteract/kmnj.php' not found or unable to stat
[Sat Jan 31 02:59:46.124690 2026] [php:error] [pid 39628] [client 13.75.54.243:0] script '/domains/bels/about.php' not found or unable to stat
[Sat Jan 31 02:59:46.348505 2026] [php:error] [pid 39628] [client 13.75.54.243:0] script '/domains/bels/admin.php' not found or unable to stat
[Sat Jan 31 02:59:46.801118 2026] [php:error] [pid 39628] [client 13.75.54.243:0] script '/domains/bels/class-t.api.php' not found or unable to stat
[Sat Jan 31 02:59:47.014326 2026] [php:error] [pid 39628] [client 13.75.54.243:0] script '/domains/bels/goods.php' not found or unable to stat
[Sat Jan 31 02:59:47.226243 2026] [php:error] [pid 39628] [client 13.75.54.243:0] script '/domains/bels/ioxi-o.php' not found or unable to stat
[Sat Jan 31 02:59:47.438375 2026] [php:error] [pid 39628] [client 13.75.54.243:0] script '/domains/bels/rip.php' not found or unable to stat
