[Sat Jan 31 06:55:06.550868 2026] [php:error] [pid 87833] [client 52.140.123.244:0] script '/domains/sjsachs/LV.php' not found or unable to stat
[Sat Jan 31 06:55:06.778988 2026] [php:error] [pid 87833] [client 52.140.123.244:0] script '/domains/sjsachs/Sanskrit.php' not found or unable to stat
[Sat Jan 31 06:55:07.217683 2026] [php:error] [pid 87833] [client 52.140.123.244:0] script '/domains/sjsachs/cgi-bin/class.api.php' not found or unable to stat
[Sat Jan 31 06:55:07.918098 2026] [php:error] [pid 87833] [client 52.140.123.244:0] script '/domains/sjsachs/contacts.php' not found or unable to stat
[Sat Jan 31 06:55:08.352193 2026] [php:error] [pid 87833] [client 52.140.123.244:0] script '/domains/sjsachs/dump.php' not found or unable to stat
[Sat Jan 31 06:55:08.566965 2026] [php:error] [pid 87833] [client 52.140.123.244:0] script '/domains/sjsachs/ext.php' not found or unable to stat
[Sat Jan 31 06:55:09.241958 2026] [php:error] [pid 87833] [client 52.140.123.244:0] script '/domains/sjsachs/gifclass.php' not found or unable to stat
[Sat Jan 31 06:55:09.459199 2026] [php:error] [pid 87833] [client 52.140.123.244:0] script '/domains/sjsachs/images/class.php' not found or unable to stat
[Sat Jan 31 06:55:09.684581 2026] [php:error] [pid 87833] [client 52.140.123.244:0] script '/domains/sjsachs/images/wp-aespa.php' not found or unable to stat
[Sat Jan 31 06:55:10.116595 2026] [php:error] [pid 87833] [client 52.140.123.244:0] script '/domains/sjsachs/l.php' not found or unable to stat
[Sat Jan 31 06:55:10.332066 2026] [php:error] [pid 87833] [client 52.140.123.244:0] script '/domains/sjsachs/litespeed.php' not found or unable to stat
[Sat Jan 31 06:55:10.546496 2026] [php:error] [pid 87833] [client 52.140.123.244:0] script '/domains/sjsachs/natural.php' not found or unable to stat
[Sat Jan 31 06:55:11.746181 2026] [php:error] [pid 87833] [client 52.140.123.244:0] script '/domains/sjsachs/sitemap.php' not found or unable to stat
[Sat Jan 31 06:55:13.312385 2026] [php:error] [pid 87833] [client 52.140.123.244:0] script '/domains/sjsachs/worm.PhP' not found or unable to stat
[Sat Jan 31 06:55:17.424823 2026] [php:error] [pid 87833] [client 52.140.123.244:0] script '/domains/sjsachs/wp-commentin.php' not found or unable to stat
[Sat Jan 31 06:55:17.650973 2026] [php:error] [pid 87833] [client 52.140.123.244:0] script '/domains/sjsachs/wp-content.php' not found or unable to stat
[Sat Jan 31 06:55:21.071386 2026] [php:error] [pid 87833] [client 52.140.123.244:0] script '/domains/sjsachs/wp-fmfile.php' not found or unable to stat
[Sat Jan 31 06:55:21.341592 2026] [php:error] [pid 87833] [client 52.140.123.244:0] script '/domains/sjsachs/wp-good.php' not found or unable to stat
[Sat Jan 31 06:55:27.555932 2026] [php:error] [pid 87833] [client 52.140.123.244:0] script '/domains/sjsachs/wp-themes.php' not found or unable to stat
[Sat Jan 31 06:55:27.775299 2026] [php:error] [pid 87833] [client 52.140.123.244:0] script '/domains/sjsachs/wp-user.php' not found or unable to stat
[Sat Jan 31 06:55:27.998287 2026] [php:error] [pid 87833] [client 52.140.123.244:0] script '/domains/sjsachs/wp_wlx.php' not found or unable to stat
[Sat Jan 31 06:55:28.242576 2026] [php:error] [pid 87833] [client 52.140.123.244:0] script '/domains/sjsachs/wpn.php' not found or unable to stat
[Sat Jan 31 06:55:35.088569 2026] [php:error] [pid 87841] [client 20.213.25.204:0] script '/domains/tennex/wp-trackback.php' not found or unable to stat
[Sat Jan 31 06:55:35.290967 2026] [php:error] [pid 87841] [client 20.213.25.204:0] script '/domains/tennex/about.php' not found or unable to stat
[Sat Jan 31 06:55:35.490689 2026] [php:error] [pid 87841] [client 20.213.25.204:0] script '/domains/tennex/file.php' not found or unable to stat
[Sat Jan 31 06:55:35.690509 2026] [php:error] [pid 87841] [client 20.213.25.204:0] script '/domains/tennex/wp-good.php' not found or unable to stat
[Sat Jan 31 06:55:35.897257 2026] [php:error] [pid 87841] [client 20.213.25.204:0] script '/domains/tennex/xmlrpc.php' not found or unable to stat
[Sat Jan 31 06:55:36.097497 2026] [php:error] [pid 87841] [client 20.213.25.204:0] script '/domains/tennex/goods.php' not found or unable to stat
[Sat Jan 31 06:55:36.312747 2026] [php:error] [pid 87841] [client 20.213.25.204:0] script '/domains/tennex/ioxi-o.php' not found or unable to stat
[Sat Jan 31 06:55:36.531142 2026] [php:error] [pid 87841] [client 20.213.25.204:0] script '/domains/tennex/class-t.api.php' not found or unable to stat
[Sat Jan 31 06:55:36.731085 2026] [php:error] [pid 87841] [client 20.213.25.204:0] script '/domains/tennex/admin.php' not found or unable to stat
[Sat Jan 31 06:55:36.942366 2026] [php:error] [pid 87841] [client 20.213.25.204:0] script '/domains/tennex/sf.php' not found or unable to stat
[Sat Jan 31 06:55:37.142248 2026] [php:error] [pid 87841] [client 20.213.25.204:0] script '/domains/tennex/rip.php' not found or unable to stat
[Sat Jan 31 06:55:37.348068 2026] [php:error] [pid 87841] [client 20.213.25.204:0] script '/domains/tennex/autoload_classmap.php' not found or unable to stat
[Sat Jan 31 06:55:37.547830 2026] [php:error] [pid 87841] [client 20.213.25.204:0] script '/domains/tennex/chosen.php' not found or unable to stat
[Sat Jan 31 06:55:37.747928 2026] [php:error] [pid 87841] [client 20.213.25.204:0] script '/domains/tennex/classwithtostring.php' not found or unable to stat
[Sat Jan 31 06:55:37.953220 2026] [php:error] [pid 87841] [client 20.213.25.204:0] script '/domains/tennex/defaults.php' not found or unable to stat
[Sat Jan 31 06:55:38.953238 2026] [php:error] [pid 87841] [client 20.213.25.204:0] script '/domains/tennex/info.php' not found or unable to stat
[Sat Jan 31 06:55:40.389050 2026] [php:error] [pid 87841] [client 20.213.25.204:0] script '/domains/tennex/adminfuns.php' not found or unable to stat
[Sat Jan 31 06:55:40.969548 2026] [php:error] [pid 87865] [client 194.180.49.39:0] script '/domains/system_suspended/wp-login.php' not found or unable to stat, referer: https://www.facebook.com/
[Sat Jan 31 06:55:41.455113 2026] [php:error] [pid 87833] [client 194.180.49.39:0] script '/domains/system_suspended/wp-login.php' not found or unable to stat
[Sat Jan 31 06:55:58.621719 2026] [php:error] [pid 87833] [client 20.78.152.240:0] script '/domains/mjbradley/0byte.php' not found or unable to stat
[Sat Jan 31 06:55:58.856170 2026] [php:error] [pid 87833] [client 20.78.152.240:0] script '/domains/mjbradley/LV.php' not found or unable to stat
[Sat Jan 31 06:55:59.204863 2026] [php:error] [pid 87833] [client 20.78.152.240:0] script '/domains/mjbradley/Sanskrit.php' not found or unable to stat
[Sat Jan 31 06:56:00.254482 2026] [php:error] [pid 87833] [client 20.78.152.240:0] script '/domains/mjbradley/contacts.php' not found or unable to stat
[Sat Jan 31 06:56:00.712206 2026] [php:error] [pid 87833] [client 20.78.152.240:0] script '/domains/mjbradley/dump.php' not found or unable to stat
[Sat Jan 31 06:56:00.920727 2026] [php:error] [pid 87833] [client 20.78.152.240:0] script '/domains/mjbradley/ext.php' not found or unable to stat
[Sat Jan 31 06:56:01.461559 2026] [php:error] [pid 87833] [client 20.78.152.240:0] script '/domains/mjbradley/gifclass.php' not found or unable to stat
[Sat Jan 31 06:56:01.667155 2026] [php:error] [pid 87833] [client 20.78.152.240:0] script '/domains/mjbradley/images/class.php' not found or unable to stat
[Sat Jan 31 06:56:01.896070 2026] [php:error] [pid 87833] [client 20.78.152.240:0] script '/domains/mjbradley/images/wp-aespa.php' not found or unable to stat
[Sat Jan 31 06:56:02.239502 2026] [php:error] [pid 87833] [client 20.78.152.240:0] script '/domains/mjbradley/l.php' not found or unable to stat
[Sat Jan 31 06:56:02.652871 2026] [php:error] [pid 87833] [client 20.78.152.240:0] script '/domains/mjbradley/litespeed.php' not found or unable to stat
[Sat Jan 31 06:56:03.015598 2026] [php:error] [pid 87833] [client 20.78.152.240:0] script '/domains/mjbradley/natural.php' not found or unable to stat
[Sat Jan 31 06:56:04.194347 2026] [php:error] [pid 87833] [client 20.78.152.240:0] script '/domains/mjbradley/sitemap.php' not found or unable to stat
[Sat Jan 31 06:56:05.857032 2026] [php:error] [pid 87833] [client 20.78.152.240:0] script '/domains/mjbradley/worm.PhP' not found or unable to stat
[Sat Jan 31 06:56:12.051824 2026] [php:error] [pid 87833] [client 20.78.152.240:0] script '/domains/mjbradley/wp-commentin.php' not found or unable to stat
[Sat Jan 31 06:56:12.219329 2026] [php:error] [pid 87833] [client 20.78.152.240:0] script '/domains/mjbradley/wp-content.php' not found or unable to stat
[Sat Jan 31 06:56:16.525315 2026] [php:error] [pid 87833] [client 20.78.152.240:0] script '/domains/mjbradley/wp-fmfile.php' not found or unable to stat
[Sat Jan 31 06:56:17.088036 2026] [php:error] [pid 87833] [client 20.78.152.240:0] script '/domains/mjbradley/wp-good.php' not found or unable to stat
[Sat Jan 31 06:56:25.071185 2026] [php:error] [pid 87833] [client 20.78.152.240:0] script '/domains/mjbradley/wp-themes.php' not found or unable to stat
[Sat Jan 31 06:56:25.358566 2026] [php:error] [pid 87833] [client 20.78.152.240:0] script '/domains/mjbradley/wp-user.php' not found or unable to stat
[Sat Jan 31 06:56:25.740971 2026] [php:error] [pid 87833] [client 20.78.152.240:0] script '/domains/mjbradley/wp_wlx.php' not found or unable to stat
[Sat Jan 31 06:56:25.909542 2026] [php:error] [pid 87833] [client 20.78.152.240:0] script '/domains/mjbradley/wpn.php' not found or unable to stat
[Sat Jan 31 06:56:28.357304 2026] [php:error] [pid 87868] [client 20.78.152.240:0] script '/domains/davidbacker/0byte.php' not found or unable to stat
[Sat Jan 31 06:56:28.531886 2026] [php:error] [pid 87868] [client 20.78.152.240:0] script '/domains/davidbacker/LV.php' not found or unable to stat
[Sat Jan 31 06:56:28.701127 2026] [php:error] [pid 87868] [client 20.78.152.240:0] script '/domains/davidbacker/Sanskrit.php' not found or unable to stat
[Sat Jan 31 06:56:29.556961 2026] [php:error] [pid 87868] [client 20.78.152.240:0] script '/domains/davidbacker/contacts.php' not found or unable to stat
[Sat Jan 31 06:56:29.728778 2026] [php:error] [pid 87868] [client 20.78.152.240:0] script '/domains/davidbacker/css/css.php' not found or unable to stat
[Sat Jan 31 06:56:29.902357 2026] [php:error] [pid 87868] [client 20.78.152.240:0] script '/domains/davidbacker/dump.php' not found or unable to stat
[Sat Jan 31 06:56:30.076049 2026] [php:error] [pid 87868] [client 20.78.152.240:0] script '/domains/davidbacker/ext.php' not found or unable to stat
[Sat Jan 31 06:56:30.605062 2026] [php:error] [pid 87868] [client 20.78.152.240:0] script '/domains/davidbacker/gifclass.php' not found or unable to stat
[Sat Jan 31 06:56:30.782130 2026] [php:error] [pid 87868] [client 20.78.152.240:0] script '/domains/davidbacker/images/class.php' not found or unable to stat
[Sat Jan 31 06:56:30.951880 2026] [php:error] [pid 87868] [client 20.78.152.240:0] script '/domains/davidbacker/images/wp-aespa.php' not found or unable to stat
[Sat Jan 31 06:56:31.292186 2026] [php:error] [pid 87868] [client 20.78.152.240:0] script '/domains/davidbacker/l.php' not found or unable to stat
[Sat Jan 31 06:56:31.463360 2026] [php:error] [pid 87868] [client 20.78.152.240:0] script '/domains/davidbacker/litespeed.php' not found or unable to stat
[Sat Jan 31 06:56:31.633457 2026] [php:error] [pid 87868] [client 20.78.152.240:0] script '/domains/davidbacker/natural.php' not found or unable to stat
[Sat Jan 31 06:56:32.498946 2026] [php:error] [pid 87868] [client 20.78.152.240:0] script '/domains/davidbacker/sitemap.php' not found or unable to stat
[Sat Jan 31 06:56:33.704957 2026] [php:error] [pid 87868] [client 20.78.152.240:0] script '/domains/davidbacker/worm.PhP' not found or unable to stat
[Sat Jan 31 06:56:36.861594 2026] [php:error] [pid 87868] [client 20.78.152.240:0] script '/domains/davidbacker/wp-commentin.php' not found or unable to stat
[Sat Jan 31 06:56:37.031430 2026] [php:error] [pid 87868] [client 20.78.152.240:0] script '/domains/davidbacker/wp-content.php' not found or unable to stat
[Sat Jan 31 06:56:39.457814 2026] [php:error] [pid 87868] [client 20.78.152.240:0] script '/domains/davidbacker/wp-fmfile.php' not found or unable to stat
[Sat Jan 31 06:56:39.659852 2026] [php:error] [pid 87868] [client 20.78.152.240:0] script '/domains/davidbacker/wp-good.php' not found or unable to stat
[Sat Jan 31 06:56:44.391840 2026] [php:error] [pid 87868] [client 20.78.152.240:0] script '/domains/davidbacker/wp-themes.php' not found or unable to stat
[Sat Jan 31 06:56:44.572312 2026] [php:error] [pid 87868] [client 20.78.152.240:0] script '/domains/davidbacker/wp-user.php' not found or unable to stat
[Sat Jan 31 06:56:44.744043 2026] [php:error] [pid 87868] [client 20.78.152.240:0] script '/domains/davidbacker/wp_wlx.php' not found or unable to stat
[Sat Jan 31 06:56:44.921405 2026] [php:error] [pid 87868] [client 20.78.152.240:0] script '/domains/davidbacker/wpn.php' not found or unable to stat
[Sat Jan 31 06:56:46.871669 2026] [php:error] [pid 87866] [client 37.60.141.252:0] script '/domains/performancepartsinc/wp-login.php' not found or unable to stat
[Sat Jan 31 06:57:19.524890 2026] [php:error] [pid 87872] [client 52.140.123.244:0] script '/domains/biehlweb/wp-trackback.php' not found or unable to stat
[Sat Jan 31 06:57:19.736201 2026] [php:error] [pid 87872] [client 52.140.123.244:0] script '/domains/biehlweb/about.php' not found or unable to stat
[Sat Jan 31 06:57:19.960035 2026] [php:error] [pid 87872] [client 52.140.123.244:0] script '/domains/biehlweb/file.php' not found or unable to stat
[Sat Jan 31 06:57:20.170967 2026] [php:error] [pid 87872] [client 52.140.123.244:0] script '/domains/biehlweb/wp-good.php' not found or unable to stat
[Sat Jan 31 06:57:20.382380 2026] [php:error] [pid 87872] [client 52.140.123.244:0] script '/domains/biehlweb/xmlrpc.php' not found or unable to stat
[Sat Jan 31 06:57:20.593397 2026] [php:error] [pid 87872] [client 52.140.123.244:0] script '/domains/biehlweb/goods.php' not found or unable to stat
[Sat Jan 31 06:57:20.804560 2026] [php:error] [pid 87872] [client 52.140.123.244:0] script '/domains/biehlweb/ioxi-o.php' not found or unable to stat
[Sat Jan 31 06:57:21.036630 2026] [php:error] [pid 87872] [client 52.140.123.244:0] script '/domains/biehlweb/class-t.api.php' not found or unable to stat
[Sat Jan 31 06:57:21.247831 2026] [php:error] [pid 87872] [client 52.140.123.244:0] script '/domains/biehlweb/admin.php' not found or unable to stat
[Sat Jan 31 06:57:21.458823 2026] [php:error] [pid 87872] [client 52.140.123.244:0] script '/domains/biehlweb/sf.php' not found or unable to stat
[Sat Jan 31 06:57:21.669951 2026] [php:error] [pid 87872] [client 52.140.123.244:0] script '/domains/biehlweb/rip.php' not found or unable to stat
[Sat Jan 31 06:57:21.881147 2026] [php:error] [pid 87872] [client 52.140.123.244:0] script '/domains/biehlweb/autoload_classmap.php' not found or unable to stat
[Sat Jan 31 06:57:22.101108 2026] [php:error] [pid 87872] [client 52.140.123.244:0] script '/domains/biehlweb/chosen.php' not found or unable to stat
[Sat Jan 31 06:57:22.313819 2026] [php:error] [pid 87872] [client 52.140.123.244:0] script '/domains/biehlweb/classwithtostring.php' not found or unable to stat
[Sat Jan 31 06:57:22.525707 2026] [php:error] [pid 87872] [client 52.140.123.244:0] script '/domains/biehlweb/defaults.php' not found or unable to stat
[Sat Jan 31 06:57:23.590188 2026] [php:error] [pid 87872] [client 52.140.123.244:0] script '/domains/biehlweb/info.php' not found or unable to stat
[Sat Jan 31 06:57:25.101571 2026] [php:error] [pid 87872] [client 52.140.123.244:0] script '/domains/biehlweb/adminfuns.php' not found or unable to stat
[Sat Jan 31 06:57:27.656464 2026] [php:error] [pid 87823] [client 74.248.24.238:0] script '/domains/system_default/re.php' not found or unable to stat
[Sat Jan 31 06:57:27.766977 2026] [php:error] [pid 87823] [client 74.248.24.238:0] script '/domains/system_default/ms-edit.php' not found or unable to stat
[Sat Jan 31 06:57:27.871145 2026] [php:error] [pid 87823] [client 74.248.24.238:0] script '/domains/system_default/w2025.php' not found or unable to stat
[Sat Jan 31 06:57:34.166700 2026] [php:error] [pid 87866] [client 20.214.137.92:0] script '/domains/davidbacker/wp-trackback.php' not found or unable to stat
[Sat Jan 31 06:57:34.355709 2026] [php:error] [pid 87866] [client 20.214.137.92:0] script '/domains/davidbacker/about.php' not found or unable to stat
[Sat Jan 31 06:57:34.539119 2026] [php:error] [pid 87866] [client 20.214.137.92:0] script '/domains/davidbacker/file.php' not found or unable to stat
[Sat Jan 31 06:57:34.730733 2026] [php:error] [pid 87866] [client 20.214.137.92:0] script '/domains/davidbacker/wp-good.php' not found or unable to stat
[Sat Jan 31 06:57:34.919469 2026] [php:error] [pid 87866] [client 20.214.137.92:0] script '/domains/davidbacker/xmlrpc.php' not found or unable to stat
[Sat Jan 31 06:57:35.109045 2026] [php:error] [pid 87866] [client 20.214.137.92:0] script '/domains/davidbacker/goods.php' not found or unable to stat
[Sat Jan 31 06:57:35.297683 2026] [php:error] [pid 87866] [client 20.214.137.92:0] script '/domains/davidbacker/ioxi-o.php' not found or unable to stat
[Sat Jan 31 06:57:35.482736 2026] [php:error] [pid 87866] [client 20.214.137.92:0] script '/domains/davidbacker/class-t.api.php' not found or unable to stat
[Sat Jan 31 06:57:35.677774 2026] [php:error] [pid 87866] [client 20.214.137.92:0] script '/domains/davidbacker/admin.php' not found or unable to stat
[Sat Jan 31 06:57:35.863758 2026] [php:error] [pid 87866] [client 20.214.137.92:0] script '/domains/davidbacker/sf.php' not found or unable to stat
[Sat Jan 31 06:57:36.050082 2026] [php:error] [pid 87866] [client 20.214.137.92:0] script '/domains/davidbacker/rip.php' not found or unable to stat
[Sat Jan 31 06:57:36.234159 2026] [php:error] [pid 87866] [client 20.214.137.92:0] script '/domains/davidbacker/autoload_classmap.php' not found or unable to stat
[Sat Jan 31 06:57:36.418092 2026] [php:error] [pid 87866] [client 20.214.137.92:0] script '/domains/davidbacker/chosen.php' not found or unable to stat
[Sat Jan 31 06:57:36.601372 2026] [php:error] [pid 87866] [client 20.214.137.92:0] script '/domains/davidbacker/classwithtostring.php' not found or unable to stat
[Sat Jan 31 06:57:36.786860 2026] [php:error] [pid 87866] [client 20.214.137.92:0] script '/domains/davidbacker/defaults.php' not found or unable to stat
[Sat Jan 31 06:57:37.731915 2026] [php:error] [pid 87866] [client 20.214.137.92:0] script '/domains/davidbacker/info.php' not found or unable to stat
[Sat Jan 31 06:57:39.028782 2026] [php:error] [pid 87866] [client 20.214.137.92:0] script '/domains/davidbacker/adminfuns.php' not found or unable to stat
[Sat Jan 31 06:57:43.378236 2026] [php:error] [pid 87823] [client 20.194.34.131:0] script '/domains/fayemoran/gettest.php' not found or unable to stat
[Sat Jan 31 06:57:43.560800 2026] [php:error] [pid 87823] [client 20.194.34.131:0] script '/domains/fayemoran/menu.php' not found or unable to stat
[Sat Jan 31 06:57:43.768357 2026] [php:error] [pid 87823] [client 20.194.34.131:0] script '/domains/fayemoran/bjfl.php' not found or unable to stat
[Sat Jan 31 06:57:43.963570 2026] [php:error] [pid 87823] [client 20.194.34.131:0] script '/domains/fayemoran/sko.php' not found or unable to stat
[Sat Jan 31 06:57:44.144378 2026] [php:error] [pid 87823] [client 20.194.34.131:0] script '/domains/fayemoran/obfuscate.php' not found or unable to stat
[Sat Jan 31 06:57:44.326478 2026] [php:error] [pid 87823] [client 20.194.34.131:0] script '/domains/fayemoran/img.php' not found or unable to stat
[Sat Jan 31 06:57:44.731149 2026] [php:error] [pid 87823] [client 20.194.34.131:0] script '/domains/fayemoran/co.php' not found or unable to stat
[Sat Jan 31 06:57:45.096572 2026] [php:error] [pid 87823] [client 20.194.34.131:0] script '/domains/fayemoran/iswfg.php' not found or unable to stat
[Sat Jan 31 06:57:45.297160 2026] [php:error] [pid 87823] [client 20.194.34.131:0] script '/domains/fayemoran/acxx.php' not found or unable to stat
[Sat Jan 31 06:57:45.477926 2026] [php:error] [pid 87823] [client 20.194.34.131:0] script '/domains/fayemoran/black.php' not found or unable to stat
[Sat Jan 31 06:57:45.962559 2026] [php:error] [pid 87823] [client 20.194.34.131:0] script '/domains/fayemoran/wikindex.php' not found or unable to stat
[Sat Jan 31 06:57:46.143176 2026] [php:error] [pid 87823] [client 20.194.34.131:0] script '/domains/fayemoran/tool.php' not found or unable to stat
[Sat Jan 31 06:57:46.342935 2026] [php:error] [pid 87823] [client 20.194.34.131:0] script '/domains/fayemoran/py.php' not found or unable to stat
[Sat Jan 31 06:57:46.529165 2026] [php:error] [pid 87823] [client 20.194.34.131:0] script '/domains/fayemoran/155.php' not found or unable to stat
[Sat Jan 31 06:57:46.732328 2026] [php:error] [pid 87823] [client 20.194.34.131:0] script '/domains/fayemoran/sym404.php' not found or unable to stat
[Sat Jan 31 06:57:46.914399 2026] [php:error] [pid 87823] [client 20.194.34.131:0] script '/domains/fayemoran/iko.php' not found or unable to stat
[Sat Jan 31 06:57:47.096104 2026] [php:error] [pid 87823] [client 20.194.34.131:0] script '/domains/fayemoran/wefile.php' not found or unable to stat
[Sat Jan 31 06:57:47.291625 2026] [php:error] [pid 87823] [client 20.194.34.131:0] script '/domains/fayemoran/gfd.php' not found or unable to stat
[Sat Jan 31 06:57:47.478748 2026] [php:error] [pid 87823] [client 20.194.34.131:0] script '/domains/fayemoran/bnm.php' not found or unable to stat
[Sat Jan 31 06:57:47.660297 2026] [php:error] [pid 87823] [client 20.194.34.131:0] script '/domains/fayemoran/edit-tags.php' not found or unable to stat
[Sat Jan 31 06:57:50.846929 2026] [php:error] [pid 87823] [client 20.194.34.131:0] script '/domains/fayemoran/vx.php' not found or unable to stat
[Sat Jan 31 06:57:51.136427 2026] [php:error] [pid 87823] [client 20.194.34.131:0] script '/domains/fayemoran/lkj.php' not found or unable to stat
[Sat Jan 31 06:57:51.386191 2026] [php:error] [pid 87823] [client 20.194.34.131:0] script '/domains/fayemoran/ioxi-o.php' not found or unable to stat
[Sat Jan 31 06:57:52.518473 2026] [php:error] [pid 87823] [client 20.194.34.131:0] script '/domains/fayemoran/readme.php' not found or unable to stat
[Sat Jan 31 06:57:52.888935 2026] [php:error] [pid 87823] [client 20.194.34.131:0] script '/domains/fayemoran/classwithtostring.php' not found or unable to stat
[Sat Jan 31 06:57:53.237321 2026] [php:error] [pid 87823] [client 20.194.34.131:0] script '/domains/fayemoran/1.php' not found or unable to stat
[Sat Jan 31 06:57:54.001256 2026] [php:error] [pid 87823] [client 20.194.34.131:0] script '/domains/fayemoran/alfa.php' not found or unable to stat
[Sat Jan 31 06:57:54.473808 2026] [php:error] [pid 87823] [client 20.194.34.131:0] script '/domains/fayemoran/atx.php' not found or unable to stat
[Sat Jan 31 06:57:54.657944 2026] [php:error] [pid 87823] [client 20.194.34.131:0] script '/domains/fayemoran/inputs.php' not found or unable to stat
[Sat Jan 31 06:57:55.019698 2026] [php:error] [pid 87823] [client 20.194.34.131:0] script '/domains/fayemoran/404.php' not found or unable to stat
[Sat Jan 31 06:57:55.201552 2026] [php:error] [pid 87823] [client 20.194.34.131:0] script '/domains/fayemoran/global.php' not found or unable to stat
[Sat Jan 31 06:57:55.397905 2026] [php:error] [pid 87823] [client 20.194.34.131:0] script '/domains/fayemoran/core.php' not found or unable to stat
[Sat Jan 31 06:57:55.578715 2026] [php:error] [pid 87823] [client 20.194.34.131:0] script '/domains/fayemoran/thoms.php' not found or unable to stat
[Sat Jan 31 06:57:55.759241 2026] [php:error] [pid 87823] [client 20.194.34.131:0] script '/domains/fayemoran/irc.js.php' not found or unable to stat
[Sat Jan 31 06:57:56.251366 2026] [php:error] [pid 87872] [client 20.203.132.68:0] script '/domains/nmksgroupweb/rip.php' not found or unable to stat
[Sat Jan 31 06:58:13.427826 2026] [php:error] [pid 87823] [client 13.75.54.243:0] script '/domains/system_cancel/about.php' not found or unable to stat
[Sat Jan 31 06:58:14.069421 2026] [php:error] [pid 87823] [client 13.75.54.243:0] script '/domains/system_cancel/xmlrpc.php' not found or unable to stat
[Sat Jan 31 06:58:14.491711 2026] [php:error] [pid 87823] [client 13.75.54.243:0] script '/domains/system_cancel/ioxi-o.php' not found or unable to stat
[Sat Jan 31 06:58:14.699170 2026] [php:error] [pid 87823] [client 13.75.54.243:0] script '/domains/system_cancel/class-t.api.php' not found or unable to stat
[Sat Jan 31 06:58:14.923259 2026] [php:error] [pid 87823] [client 13.75.54.243:0] script '/domains/system_cancel/admin.php' not found or unable to stat
[Sat Jan 31 06:58:15.360347 2026] [php:error] [pid 87823] [client 13.75.54.243:0] script '/domains/system_cancel/rip.php' not found or unable to stat
[Sat Jan 31 06:58:15.568439 2026] [php:error] [pid 87823] [client 13.75.54.243:0] script '/domains/system_cancel/autoload_classmap.php' not found or unable to stat
[Sat Jan 31 06:58:15.781399 2026] [php:error] [pid 87823] [client 13.75.54.243:0] script '/domains/system_cancel/chosen.php' not found or unable to stat
[Sat Jan 31 06:58:15.989172 2026] [php:error] [pid 87823] [client 13.75.54.243:0] script '/domains/system_cancel/classwithtostring.php' not found or unable to stat
[Sat Jan 31 06:58:16.196916 2026] [php:error] [pid 87823] [client 13.75.54.243:0] script '/domains/system_cancel/defaults.php' not found or unable to stat
[Sat Jan 31 06:58:17.237758 2026] [php:error] [pid 87823] [client 13.75.54.243:0] script '/domains/system_cancel/info.php' not found or unable to stat
[Sat Jan 31 06:58:18.721383 2026] [php:error] [pid 87823] [client 13.75.54.243:0] script '/domains/system_cancel/adminfuns.php' not found or unable to stat
[Sat Jan 31 06:58:34.711027 2026] [php:error] [pid 87883] [client 141.98.11.169:0] script '/domains/memanuel/wp-login.php' not found or unable to stat
[Sat Jan 31 06:58:34.994124 2026] [php:error] [pid 87823] [client 141.98.11.169:0] script '/domains/memanuel/wp-login.php' not found or unable to stat, referer: https://www.google.com/
[Sat Jan 31 06:58:58.682997 2026] [php:error] [pid 87885] [client 52.140.123.244:0] script '/domains/aatweb/wp-trackback.php' not found or unable to stat
[Sat Jan 31 06:58:58.906377 2026] [php:error] [pid 87885] [client 52.140.123.244:0] script '/domains/aatweb/about.php' not found or unable to stat
[Sat Jan 31 06:58:59.122164 2026] [php:error] [pid 87885] [client 52.140.123.244:0] script '/domains/aatweb/file.php' not found or unable to stat
[Sat Jan 31 06:58:59.337626 2026] [php:error] [pid 87885] [client 52.140.123.244:0] script '/domains/aatweb/wp-good.php' not found or unable to stat
[Sat Jan 31 06:58:59.552652 2026] [php:error] [pid 87885] [client 52.140.123.244:0] script '/domains/aatweb/xmlrpc.php' not found or unable to stat
[Sat Jan 31 06:58:59.767410 2026] [php:error] [pid 87885] [client 52.140.123.244:0] script '/domains/aatweb/goods.php' not found or unable to stat
[Sat Jan 31 06:58:59.985548 2026] [php:error] [pid 87885] [client 52.140.123.244:0] script '/domains/aatweb/ioxi-o.php' not found or unable to stat
[Sat Jan 31 06:59:00.201741 2026] [php:error] [pid 87885] [client 52.140.123.244:0] script '/domains/aatweb/class-t.api.php' not found or unable to stat
[Sat Jan 31 06:59:00.433798 2026] [php:error] [pid 87885] [client 52.140.123.244:0] script '/domains/aatweb/admin.php' not found or unable to stat
[Sat Jan 31 06:59:00.649619 2026] [php:error] [pid 87885] [client 52.140.123.244:0] script '/domains/aatweb/sf.php' not found or unable to stat
[Sat Jan 31 06:59:00.873306 2026] [php:error] [pid 87885] [client 52.140.123.244:0] script '/domains/aatweb/rip.php' not found or unable to stat
[Sat Jan 31 06:59:01.088507 2026] [php:error] [pid 87885] [client 52.140.123.244:0] script '/domains/aatweb/autoload_classmap.php' not found or unable to stat
[Sat Jan 31 06:59:01.303405 2026] [php:error] [pid 87885] [client 52.140.123.244:0] script '/domains/aatweb/chosen.php' not found or unable to stat
[Sat Jan 31 06:59:01.518100 2026] [php:error] [pid 87885] [client 52.140.123.244:0] script '/domains/aatweb/classwithtostring.php' not found or unable to stat
[Sat Jan 31 06:59:01.733187 2026] [php:error] [pid 87885] [client 52.140.123.244:0] script '/domains/aatweb/defaults.php' not found or unable to stat
[Sat Jan 31 06:59:02.827705 2026] [php:error] [pid 87885] [client 52.140.123.244:0] script '/domains/aatweb/info.php' not found or unable to stat
[Sat Jan 31 06:59:04.373762 2026] [php:error] [pid 87885] [client 52.140.123.244:0] script '/domains/aatweb/adminfuns.php' not found or unable to stat
[Sat Jan 31 06:59:23.169262 2026] [php:error] [pid 87888] [client 104.211.72.80:0] script '/domains/apunderkofler/autoload_classmap.php' not found or unable to stat
[Sat Jan 31 06:59:24.086123 2026] [php:error] [pid 87888] [client 104.211.72.80:0] script '/domains/apunderkofler/post.php' not found or unable to stat
[Sat Jan 31 06:59:26.087062 2026] [php:error] [pid 87888] [client 104.211.72.80:0] script '/domains/apunderkofler/1.php' not found or unable to stat
[Sat Jan 31 06:59:26.328479 2026] [php:error] [pid 87888] [client 104.211.72.80:0] script '/domains/apunderkofler/flower.php' not found or unable to stat
[Sat Jan 31 06:59:28.181571 2026] [php:error] [pid 87888] [client 104.211.72.80:0] script '/domains/apunderkofler/admin.php' not found or unable to stat
[Sat Jan 31 06:59:29.553457 2026] [php:error] [pid 87888] [client 104.211.72.80:0] script '/domains/apunderkofler/file.php' not found or unable to stat
[Sat Jan 31 06:59:29.667312 2026] [php:error] [pid 87890] [client 74.248.24.238:0] script '/domains/system_default/baidu.php' not found or unable to stat
[Sat Jan 31 06:59:29.785678 2026] [php:error] [pid 87890] [client 74.248.24.238:0] script '/domains/system_default/eT.php' not found or unable to stat
[Sat Jan 31 06:59:29.893023 2026] [php:error] [pid 87890] [client 74.248.24.238:0] script '/domains/system_default/an9.php' not found or unable to stat
[Sat Jan 31 06:59:29.994362 2026] [php:error] [pid 87890] [client 74.248.24.238:0] script '/domains/system_default/iwivi.php' not found or unable to stat
[Sat Jan 31 06:59:30.103163 2026] [php:error] [pid 87890] [client 74.248.24.238:0] script '/domains/system_default/155.php' not found or unable to stat
[Sat Jan 31 06:59:30.335167 2026] [php:error] [pid 87888] [client 104.211.72.80:0] script '/domains/apunderkofler/meta.php' not found or unable to stat
[Sat Jan 31 06:59:30.428617 2026] [php:error] [pid 87890] [client 74.248.24.238:0] script '/domains/system_default/bf.php' not found or unable to stat
[Sat Jan 31 06:59:30.529980 2026] [php:error] [pid 87890] [client 74.248.24.238:0] script '/domains/system_default/nw.php' not found or unable to stat
[Sat Jan 31 06:59:30.551138 2026] [php:error] [pid 87888] [client 104.211.72.80:0] script '/domains/apunderkofler/index.php' not found or unable to stat
[Sat Jan 31 06:59:30.631250 2026] [php:error] [pid 87890] [client 74.248.24.238:0] script '/domains/system_default/2026.php' not found or unable to stat
[Sat Jan 31 06:59:30.769258 2026] [php:error] [pid 87888] [client 104.211.72.80:0] script '/domains/apunderkofler/abcd.php' not found or unable to stat
[Sat Jan 31 06:59:30.779848 2026] [php:error] [pid 87890] [client 74.248.24.238:0] script '/domains/system_default/Jcrop.php' not found or unable to stat
[Sat Jan 31 06:59:30.894343 2026] [php:error] [pid 87890] [client 74.248.24.238:0] script '/domains/system_default/xfile25.php' not found or unable to stat
[Sat Jan 31 06:59:30.995498 2026] [php:error] [pid 87890] [client 74.248.24.238:0] script '/domains/system_default/ok.php' not found or unable to stat
[Sat Jan 31 06:59:31.097171 2026] [php:error] [pid 87890] [client 74.248.24.238:0] script '/domains/system_default/tourpa.php' not found or unable to stat
[Sat Jan 31 06:59:31.213380 2026] [php:error] [pid 87890] [client 74.248.24.238:0] script '/domains/system_default/il.php' not found or unable to stat
[Sat Jan 31 06:59:31.331220 2026] [php:error] [pid 87890] [client 74.248.24.238:0] script '/domains/system_default/muzu.php' not found or unable to stat
[Sat Jan 31 06:59:31.432694 2026] [php:error] [pid 87890] [client 74.248.24.238:0] script '/domains/system_default/sd.php' not found or unable to stat
[Sat Jan 31 06:59:31.542826 2026] [php:error] [pid 87890] [client 74.248.24.238:0] script '/domains/system_default/fi.php' not found or unable to stat
[Sat Jan 31 06:59:31.646217 2026] [php:error] [pid 87890] [client 74.248.24.238:0] script '/domains/system_default/zfe.php' not found or unable to stat
[Sat Jan 31 06:59:31.851191 2026] [php:error] [pid 87890] [client 74.248.24.238:0] script '/domains/system_default/jsond.php' not found or unable to stat
[Sat Jan 31 06:59:32.014774 2026] [php:error] [pid 87890] [client 74.248.24.238:0] script '/domains/system_default/aa2.php' not found or unable to stat
[Sat Jan 31 06:59:32.060436 2026] [php:error] [pid 87888] [client 104.211.72.80:0] script '/domains/apunderkofler/about.php' not found or unable to stat
[Sat Jan 31 06:59:32.116305 2026] [php:error] [pid 87890] [client 74.248.24.238:0] script '/domains/system_default/reze.php' not found or unable to stat
[Sat Jan 31 06:59:32.343399 2026] [php:error] [pid 87890] [client 74.248.24.238:0] script '/domains/system_default/ph33w.php' not found or unable to stat
[Sat Jan 31 06:59:32.454205 2026] [php:error] [pid 87890] [client 74.248.24.238:0] script '/domains/system_default/styll.php' not found or unable to stat
[Sat Jan 31 06:59:32.584133 2026] [php:error] [pid 87890] [client 74.248.24.238:0] script '/domains/system_default/it.php' not found or unable to stat
[Sat Jan 31 06:59:32.685494 2026] [php:error] [pid 87890] [client 74.248.24.238:0] script '/domains/system_default/wwx.php' not found or unable to stat
[Sat Jan 31 06:59:32.903730 2026] [php:error] [pid 87890] [client 74.248.24.238:0] script '/domains/system_default/x7.php' not found or unable to stat
[Sat Jan 31 06:59:33.025261 2026] [php:error] [pid 87890] [client 74.248.24.238:0] script '/domains/system_default/1a.php' not found or unable to stat
[Sat Jan 31 06:59:33.236223 2026] [php:error] [pid 87890] [client 74.248.24.238:0] script '/domains/system_default/thebe.php' not found or unable to stat
[Sat Jan 31 06:59:33.337611 2026] [php:error] [pid 87890] [client 74.248.24.238:0] script '/domains/system_default/ddd.php' not found or unable to stat
[Sat Jan 31 06:59:33.439634 2026] [php:error] [pid 87890] [client 74.248.24.238:0] script '/domains/system_default/ccs.php' not found or unable to stat
[Sat Jan 31 06:59:33.542724 2026] [php:error] [pid 87890] [client 74.248.24.238:0] script '/domains/system_default/sad5.php' not found or unable to stat
[Sat Jan 31 06:59:33.645716 2026] [php:error] [pid 87890] [client 74.248.24.238:0] script '/domains/system_default/xvde.php' not found or unable to stat
[Sat Jan 31 06:59:33.853957 2026] [php:error] [pid 87890] [client 74.248.24.238:0] script '/domains/system_default/f355.php' not found or unable to stat
[Sat Jan 31 06:59:33.972584 2026] [php:error] [pid 87888] [client 104.211.72.80:0] script '/domains/apunderkofler/randkeyword.php' not found or unable to stat
[Sat Jan 31 06:59:33.981389 2026] [php:error] [pid 87890] [client 74.248.24.238:0] script '/domains/system_default/bgymj.php' not found or unable to stat
[Sat Jan 31 06:59:34.091168 2026] [php:error] [pid 87890] [client 74.248.24.238:0] script '/domains/system_default/wp-mt.php' not found or unable to stat
[Sat Jan 31 06:59:34.195140 2026] [php:error] [pid 87890] [client 74.248.24.238:0] script '/domains/system_default/lala.php' not found or unable to stat
[Sat Jan 31 06:59:34.374119 2026] [php:error] [pid 87890] [client 74.248.24.238:0] script '/domains/system_default/8xyz.php' not found or unable to stat
[Sat Jan 31 06:59:34.569017 2026] [php:error] [pid 87890] [client 74.248.24.238:0] script '/domains/system_default/la.php' not found or unable to stat
[Sat Jan 31 06:59:34.682201 2026] [php:error] [pid 87890] [client 74.248.24.238:0] script '/domains/system_default/ioxi.php' not found or unable to stat
[Sat Jan 31 06:59:34.783671 2026] [php:error] [pid 87890] [client 74.248.24.238:0] script '/domains/system_default/xpwer1.php' not found or unable to stat
[Sat Jan 31 06:59:34.983955 2026] [php:error] [pid 87890] [client 74.248.24.238:0] script '/domains/system_default/about.php' not found or unable to stat
[Sat Jan 31 06:59:35.097359 2026] [php:error] [pid 87888] [client 104.211.72.80:0] script '/domains/apunderkofler/goods.php' not found or unable to stat
[Sat Jan 31 06:59:35.191136 2026] [php:error] [pid 87890] [client 74.248.24.238:0] script '/domains/system_default/la.php' not found or unable to stat
[Sat Jan 31 06:59:35.317596 2026] [php:error] [pid 87888] [client 104.211.72.80:0] script '/domains/apunderkofler/hehe.php' not found or unable to stat
[Sat Jan 31 06:59:35.453511 2026] [php:error] [pid 87890] [client 74.248.24.238:0] script '/domains/system_default/admin.php' not found or unable to stat
[Sat Jan 31 06:59:35.545537 2026] [php:error] [pid 87888] [client 104.211.72.80:0] script '/domains/apunderkofler/user.php' not found or unable to stat
[Sat Jan 31 06:59:35.895143 2026] [php:error] [pid 87890] [client 74.248.24.238:0] script '/domains/system_default/info.php' not found or unable to stat
[Sat Jan 31 06:59:35.996793 2026] [php:error] [pid 87890] [client 74.248.24.238:0] script '/domains/system_default/about.php' not found or unable to stat
[Sat Jan 31 06:59:36.200309 2026] [php:error] [pid 87890] [client 74.248.24.238:0] script '/domains/system_default/ss1.php' not found or unable to stat
[Sat Jan 31 06:59:36.463296 2026] [php:error] [pid 87890] [client 74.248.24.238:0] script '/domains/system_default/goods.php' not found or unable to stat
[Sat Jan 31 06:59:36.565113 2026] [php:error] [pid 87890] [client 74.248.24.238:0] script '/domains/system_default/222.php' not found or unable to stat
[Sat Jan 31 06:59:36.669227 2026] [php:error] [pid 87890] [client 74.248.24.238:0] script '/domains/system_default/abcd.php' not found or unable to stat
[Sat Jan 31 06:59:37.037094 2026] [php:error] [pid 87888] [client 104.211.72.80:0] script '/domains/apunderkofler/wp-2019.php' not found or unable to stat
[Sat Jan 31 06:59:37.242300 2026] [php:error] [pid 87890] [client 74.248.24.238:0] script '/domains/system_default/adminfuns.php' not found or unable to stat
[Sat Jan 31 06:59:37.431982 2026] [php:error] [pid 87890] [client 74.248.24.238:0] script '/domains/system_default/ioxi-o.php' not found or unable to stat
[Sat Jan 31 06:59:37.656611 2026] [php:error] [pid 87890] [client 74.248.24.238:0] script '/domains/system_default/goat.php' not found or unable to stat
[Sat Jan 31 06:59:37.859840 2026] [php:error] [pid 87890] [client 74.248.24.238:0] script '/domains/system_default/xx.php' not found or unable to stat
[Sat Jan 31 06:59:38.201962 2026] [php:error] [pid 87890] [client 74.248.24.238:0] script '/domains/system_default/f5.php' not found or unable to stat
[Sat Jan 31 06:59:38.306157 2026] [php:error] [pid 87890] [client 74.248.24.238:0] script '/domains/system_default/doc.php' not found or unable to stat
[Sat Jan 31 06:59:38.407411 2026] [php:error] [pid 87890] [client 74.248.24.238:0] script '/domains/system_default/xtride.php' not found or unable to stat
[Sat Jan 31 06:59:38.592255 2026] [php:error] [pid 87890] [client 74.248.24.238:0] script '/domains/system_default/flower.php' not found or unable to stat
[Sat Jan 31 06:59:38.694061 2026] [php:error] [pid 87890] [client 74.248.24.238:0] script '/domains/system_default/f6.php' not found or unable to stat
[Sat Jan 31 06:59:38.795782 2026] [php:error] [pid 87890] [client 74.248.24.238:0] script '/domains/system_default/edit.php' not found or unable to stat
[Sat Jan 31 06:59:38.897463 2026] [php:error] [pid 87890] [client 74.248.24.238:0] script '/domains/system_default/aa.php' not found or unable to stat
[Sat Jan 31 06:59:39.021575 2026] [php:error] [pid 87890] [client 74.248.24.238:0] script '/domains/system_default/ext.php' not found or unable to stat
[Sat Jan 31 06:59:39.334412 2026] [php:error] [pid 87890] [client 74.248.24.238:0] script '/domains/system_default/av.php' not found or unable to stat
[Sat Jan 31 06:59:39.423142 2026] [php:error] [pid 87888] [client 104.211.72.80:0] script '/domains/apunderkofler/chosen.php' not found or unable to stat
[Sat Jan 31 06:59:39.567078 2026] [php:error] [pid 87890] [client 74.248.24.238:0] script '/domains/system_default/wsd.php' not found or unable to stat
[Sat Jan 31 06:59:39.722030 2026] [php:error] [pid 87890] [client 74.248.24.238:0] script '/domains/system_default/jane.php' not found or unable to stat
[Sat Jan 31 06:59:39.897157 2026] [php:error] [pid 87890] [client 74.248.24.238:0] script '/domains/system_default/classwithtostring.php' not found or unable to stat
[Sat Jan 31 06:59:40.101963 2026] [php:error] [pid 87890] [client 74.248.24.238:0] script '/domains/system_default/css.php' not found or unable to stat
[Sat Jan 31 06:59:40.251074 2026] [php:error] [pid 87890] [client 74.248.24.238:0] script '/domains/system_default/alfa.php' not found or unable to stat
[Sat Jan 31 06:59:40.353091 2026] [php:error] [pid 87890] [client 74.248.24.238:0] script '/domains/system_default/wen.php' not found or unable to stat
[Sat Jan 31 06:59:40.464880 2026] [php:error] [pid 87890] [client 74.248.24.238:0] script '/domains/system_default/x.php' not found or unable to stat
[Sat Jan 31 06:59:40.641836 2026] [php:error] [pid 87890] [client 74.248.24.238:0] script '/domains/system_default/xxxx.php' not found or unable to stat
[Sat Jan 31 06:59:40.753402 2026] [php:error] [pid 87890] [client 74.248.24.238:0] script '/domains/system_default/class.php' not found or unable to stat
[Sat Jan 31 06:59:41.058123 2026] [php:error] [pid 87888] [client 104.211.72.80:0] script '/domains/apunderkofler/functions.php' not found or unable to stat
[Sat Jan 31 06:59:41.101334 2026] [php:error] [pid 87890] [client 74.248.24.238:0] script '/domains/system_default/gec.php' not found or unable to stat
[Sat Jan 31 06:59:41.206145 2026] [php:error] [pid 87890] [client 74.248.24.238:0] script '/domains/system_default/f35.php' not found or unable to stat
[Sat Jan 31 06:59:41.271362 2026] [php:error] [pid 87888] [client 104.211.72.80:0] script '/domains/apunderkofler/cron.php' not found or unable to stat
[Sat Jan 31 06:59:41.423434 2026] [php:error] [pid 87890] [client 74.248.24.238:0] script '/domains/system_default/pp.php' not found or unable to stat
[Sat Jan 31 06:59:41.754629 2026] [php:error] [pid 87890] [client 74.248.24.238:0] script '/domains/system_default/lock360.php' not found or unable to stat
[Sat Jan 31 06:59:41.976672 2026] [php:error] [pid 87890] [client 74.248.24.238:0] script '/domains/system_default/as.php' not found or unable to stat
[Sat Jan 31 06:59:42.077904 2026] [php:error] [pid 87890] [client 74.248.24.238:0] script '/domains/system_default/class-t.api.php' not found or unable to stat
[Sat Jan 31 06:59:42.204251 2026] [php:error] [pid 87890] [client 74.248.24.238:0] script '/domains/system_default/bipas.php' not found or unable to stat
[Sat Jan 31 06:59:42.306434 2026] [php:error] [pid 87888] [client 104.211.72.80:0] script '/domains/apunderkofler/edit.php' not found or unable to stat
[Sat Jan 31 06:59:42.315601 2026] [php:error] [pid 87890] [client 74.248.24.238:0] script '/domains/system_default/shoyo.php' not found or unable to stat
[Sat Jan 31 06:59:42.474824 2026] [php:error] [pid 87890] [client 74.248.24.238:0] script '/domains/system_default/admin.php' not found or unable to stat
[Sat Jan 31 06:59:42.576345 2026] [php:error] [pid 87890] [client 74.248.24.238:0] script '/domains/system_default/ar.php' not found or unable to stat
[Sat Jan 31 06:59:43.011158 2026] [php:error] [pid 87883] [client 74.248.24.238:0] script '/domains/system_default/blurbs18.php' not found or unable to stat
[Sat Jan 31 06:59:43.130488 2026] [php:error] [pid 87883] [client 74.248.24.238:0] script '/domains/system_default/radio.php' not found or unable to stat
[Sat Jan 31 06:59:43.231947 2026] [php:error] [pid 87883] [client 74.248.24.238:0] script '/domains/system_default/wp-good.php' not found or unable to stat
[Sat Jan 31 06:59:43.358743 2026] [php:error] [pid 87883] [client 74.248.24.238:0] script '/domains/system_default/bless14.php' not found or unable to stat
[Sat Jan 31 06:59:43.446947 2026] [php:error] [pid 87888] [client 104.211.72.80:0] script '/domains/apunderkofler/gecko-new.php' not found or unable to stat
[Sat Jan 31 06:59:43.468709 2026] [php:error] [pid 87883] [client 74.248.24.238:0] script '/domains/system_default/ol.php' not found or unable to stat
[Sat Jan 31 06:59:44.348080 2026] [php:error] [pid 87883] [client 74.248.24.238:0] script '/domains/system_default/init.php' not found or unable to stat
[Sat Jan 31 06:59:44.581295 2026] [php:error] [pid 87883] [client 74.248.24.238:0] script '/domains/system_default/about.php' not found or unable to stat
[Sat Jan 31 06:59:44.684867 2026] [php:error] [pid 87883] [client 74.248.24.238:0] script '/domains/system_default/k.php' not found or unable to stat
[Sat Jan 31 06:59:44.785716 2026] [php:error] [pid 87883] [client 74.248.24.238:0] script '/domains/system_default/bless.php' not found or unable to stat
[Sat Jan 31 06:59:44.902009 2026] [php:error] [pid 87883] [client 74.248.24.238:0] script '/domains/system_default/X7x.php' not found or unable to stat
[Sat Jan 31 06:59:44.967653 2026] [php:error] [pid 87888] [client 104.211.72.80:0] script '/domains/apunderkofler/cookie.php' not found or unable to stat
[Sat Jan 31 06:59:45.012540 2026] [php:error] [pid 87883] [client 74.248.24.238:0] script '/domains/system_default/class20.php' not found or unable to stat
[Sat Jan 31 06:59:45.116363 2026] [php:error] [pid 87883] [client 74.248.24.238:0] script '/domains/system_default/lock360.php' not found or unable to stat
[Sat Jan 31 06:59:45.215440 2026] [php:error] [pid 87888] [client 104.211.72.80:0] script '/domains/apunderkofler/xleet.php' not found or unable to stat
[Sat Jan 31 06:59:45.370204 2026] [php:error] [pid 87883] [client 74.248.24.238:0] script '/domains/system_default/themes.php' not found or unable to stat
[Sat Jan 31 06:59:45.467810 2026] [php:error] [pid 87888] [client 104.211.72.80:0] script '/domains/apunderkofler/spip.php' not found or unable to stat
[Sat Jan 31 06:59:45.554953 2026] [php:error] [pid 87883] [client 74.248.24.238:0] script '/domains/system_default/gifclass4.php' not found or unable to stat
[Sat Jan 31 06:59:45.656501 2026] [php:error] [pid 87883] [client 74.248.24.238:0] script '/domains/system_default/xvent.php' not found or unable to stat
[Sat Jan 31 06:59:45.847690 2026] [php:error] [pid 87883] [client 74.248.24.238:0] script '/domains/system_default/class19.php' not found or unable to stat
[Sat Jan 31 06:59:46.019837 2026] [php:error] [pid 87883] [client 74.248.24.238:0] script '/domains/system_default/166.php' not found or unable to stat
[Sat Jan 31 06:59:46.092876 2026] [php:error] [pid 87888] [client 104.211.72.80:0] script '/domains/apunderkofler/22.php' not found or unable to stat
[Sat Jan 31 06:59:46.235612 2026] [php:error] [pid 87883] [client 74.248.24.238:0] script '/domains/system_default/bypass.php' not found or unable to stat
[Sat Jan 31 06:59:46.327965 2026] [php:error] [pid 87888] [client 104.211.72.80:0] script '/domains/apunderkofler/room.php' not found or unable to stat
[Sat Jan 31 06:59:46.345473 2026] [php:error] [pid 87883] [client 74.248.24.238:0] script '/domains/system_default/plss3.php' not found or unable to stat
[Sat Jan 31 06:59:46.447077 2026] [php:error] [pid 87883] [client 74.248.24.238:0] script '/domains/system_default/t.php' not found or unable to stat
[Sat Jan 31 06:59:46.548030 2026] [php:error] [pid 87883] [client 74.248.24.238:0] script '/domains/system_default/xfile25.php' not found or unable to stat
[Sat Jan 31 06:59:46.649068 2026] [php:error] [pid 87888] [client 104.211.72.80:0] script '/domains/apunderkofler/disagreed.php' not found or unable to stat
[Sat Jan 31 06:59:46.769448 2026] [php:error] [pid 87883] [client 74.248.24.238:0] script '/domains/system_default/geck.php' not found or unable to stat
[Sat Jan 31 06:59:46.870412 2026] [php:error] [pid 87883] [client 74.248.24.238:0] script '/domains/system_default/wp-update.php' not found or unable to stat
[Sat Jan 31 06:59:46.923722 2026] [php:error] [pid 87888] [client 104.211.72.80:0] script '/domains/apunderkofler/text.php' not found or unable to stat
[Sat Jan 31 06:59:47.140002 2026] [php:error] [pid 87888] [client 104.211.72.80:0] script '/domains/apunderkofler/alfa-rex.php' not found or unable to stat
[Sat Jan 31 06:59:47.381901 2026] [php:error] [pid 87883] [client 74.248.24.238:0] script '/domains/system_default/admins.php' not found or unable to stat
[Sat Jan 31 06:59:47.483149 2026] [php:error] [pid 87883] [client 74.248.24.238:0] script '/domains/system_default/wp-configs.php' not found or unable to stat
[Sat Jan 31 06:59:47.584477 2026] [php:error] [pid 87883] [client 74.248.24.238:0] script '/domains/system_default/temp.php' not found or unable to stat
[Sat Jan 31 06:59:47.623647 2026] [php:error] [pid 87888] [client 104.211.72.80:0] script '/domains/apunderkofler/feeds.php' not found or unable to stat
[Sat Jan 31 06:59:47.742118 2026] [php:error] [pid 87883] [client 74.248.24.238:0] script '/domains/system_default/wp.php' not found or unable to stat
[Sat Jan 31 06:59:47.897552 2026] [php:error] [pid 87883] [client 74.248.24.238:0] script '/domains/system_default/main.php' not found or unable to stat
[Sat Jan 31 06:59:48.042590 2026] [php:error] [pid 87883] [client 74.248.24.238:0] script '/domains/system_default/a1.php' not found or unable to stat
