[Sat Jan 31 04:43:27.704260 2026] [php:error] [pid 58333] [client 20.89.56.154:0] script '/domains/system_default/menu.php' not found or unable to stat
[Sat Jan 31 04:43:27.861854 2026] [php:error] [pid 58333] [client 20.89.56.154:0] script '/domains/system_default/bjfl.php' not found or unable to stat
[Sat Jan 31 04:43:28.019106 2026] [php:error] [pid 58333] [client 20.89.56.154:0] script '/domains/system_default/sko.php' not found or unable to stat
[Sat Jan 31 04:43:28.176443 2026] [php:error] [pid 58333] [client 20.89.56.154:0] script '/domains/system_default/obfuscate.php' not found or unable to stat
[Sat Jan 31 04:43:28.334300 2026] [php:error] [pid 58333] [client 20.89.56.154:0] script '/domains/system_default/img.php' not found or unable to stat
[Sat Jan 31 04:43:28.491802 2026] [php:error] [pid 58333] [client 20.89.56.154:0] script '/domains/system_default/co.php' not found or unable to stat
[Sat Jan 31 04:43:28.649313 2026] [php:error] [pid 58333] [client 20.89.56.154:0] script '/domains/system_default/iswfg.php' not found or unable to stat
[Sat Jan 31 04:43:28.806911 2026] [php:error] [pid 58333] [client 20.89.56.154:0] script '/domains/system_default/acxx.php' not found or unable to stat
[Sat Jan 31 04:43:28.965060 2026] [php:error] [pid 58333] [client 20.89.56.154:0] script '/domains/system_default/black.php' not found or unable to stat
[Sat Jan 31 04:43:29.123025 2026] [php:error] [pid 58333] [client 20.89.56.154:0] script '/domains/system_default/wikindex.php' not found or unable to stat
[Sat Jan 31 04:43:29.280799 2026] [php:error] [pid 58333] [client 20.89.56.154:0] script '/domains/system_default/tool.php' not found or unable to stat
[Sat Jan 31 04:43:29.438021 2026] [php:error] [pid 58333] [client 20.89.56.154:0] script '/domains/system_default/py.php' not found or unable to stat
[Sat Jan 31 04:43:29.595593 2026] [php:error] [pid 58333] [client 20.89.56.154:0] script '/domains/system_default/155.php' not found or unable to stat
[Sat Jan 31 04:43:29.753537 2026] [php:error] [pid 58333] [client 20.89.56.154:0] script '/domains/system_default/sym404.php' not found or unable to stat
[Sat Jan 31 04:43:29.911300 2026] [php:error] [pid 58333] [client 20.89.56.154:0] script '/domains/system_default/iko.php' not found or unable to stat
[Sat Jan 31 04:43:30.068987 2026] [php:error] [pid 58333] [client 20.89.56.154:0] script '/domains/system_default/wefile.php' not found or unable to stat
[Sat Jan 31 04:43:30.226356 2026] [php:error] [pid 58333] [client 20.89.56.154:0] script '/domains/system_default/gfd.php' not found or unable to stat
[Sat Jan 31 04:43:30.383902 2026] [php:error] [pid 58333] [client 20.89.56.154:0] script '/domains/system_default/bnm.php' not found or unable to stat
[Sat Jan 31 04:43:30.541212 2026] [php:error] [pid 58333] [client 20.89.56.154:0] script '/domains/system_default/edit-tags.php' not found or unable to stat
[Sat Jan 31 04:43:30.699662 2026] [php:error] [pid 58333] [client 20.89.56.154:0] script '/domains/system_default/vx.php' not found or unable to stat
[Sat Jan 31 04:43:30.857565 2026] [php:error] [pid 58333] [client 20.89.56.154:0] script '/domains/system_default/lkj.php' not found or unable to stat
[Sat Jan 31 04:43:31.015393 2026] [php:error] [pid 58333] [client 20.89.56.154:0] script '/domains/system_default/ioxi-o.php' not found or unable to stat
[Sat Jan 31 04:43:31.802745 2026] [php:error] [pid 58333] [client 20.89.56.154:0] script '/domains/system_default/readme.php' not found or unable to stat
[Sat Jan 31 04:43:32.120669 2026] [php:error] [pid 58333] [client 20.89.56.154:0] script '/domains/system_default/classwithtostring.php' not found or unable to stat
[Sat Jan 31 04:43:32.278396 2026] [php:error] [pid 58333] [client 20.89.56.154:0] script '/domains/system_default/1.php' not found or unable to stat
[Sat Jan 31 04:43:32.598632 2026] [php:error] [pid 58333] [client 20.89.56.154:0] script '/domains/system_default/alfa.php' not found or unable to stat
[Sat Jan 31 04:43:32.913463 2026] [php:error] [pid 58333] [client 20.89.56.154:0] script '/domains/system_default/atx.php' not found or unable to stat
[Sat Jan 31 04:43:33.070847 2026] [php:error] [pid 58333] [client 20.89.56.154:0] script '/domains/system_default/inputs.php' not found or unable to stat
[Sat Jan 31 04:43:33.385557 2026] [php:error] [pid 58333] [client 20.89.56.154:0] script '/domains/system_default/404.php' not found or unable to stat
[Sat Jan 31 04:43:33.542910 2026] [php:error] [pid 58333] [client 20.89.56.154:0] script '/domains/system_default/global.php' not found or unable to stat
[Sat Jan 31 04:43:33.700451 2026] [php:error] [pid 58333] [client 20.89.56.154:0] script '/domains/system_default/core.php' not found or unable to stat
[Sat Jan 31 04:43:33.857951 2026] [php:error] [pid 58333] [client 20.89.56.154:0] script '/domains/system_default/thoms.php' not found or unable to stat
[Sat Jan 31 04:43:34.015570 2026] [php:error] [pid 58333] [client 20.89.56.154:0] script '/domains/system_default/irc.js.php' not found or unable to stat
[Sat Jan 31 04:43:41.557752 2026] [php:error] [pid 58331] [client 155.118.74.169:0] script '/domains/gohover/admin.php' not found or unable to stat, referer: http://www.gohover.com//admin.php
[Sat Jan 31 04:44:02.397891 2026] [php:error] [pid 58349] [client 207.166.174.154:0] script '/domains/hdickens.enteract/kmnj.php' not found or unable to stat
[Sat Jan 31 04:45:02.450817 2026] [php:error] [pid 58349] [client 113.52.133.204:0] script '/domains/mschmid/add.php' not found or unable to stat
[Sat Jan 31 04:45:10.444367 2026] [php:error] [pid 63990] [client 141.98.11.169:0] script '/domains/system_suspended/wp-login.php' not found or unable to stat, referer: https://wordpress.org/
[Sat Jan 31 04:45:10.673131 2026] [php:error] [pid 63991] [client 141.98.11.169:0] script '/domains/system_suspended/wp-login.php' not found or unable to stat
[Sat Jan 31 04:45:12.727350 2026] [php:error] [pid 58348] [client 52.140.123.244:0] script '/domains/thewalshgroup/0byte.php' not found or unable to stat
[Sat Jan 31 04:45:12.944088 2026] [php:error] [pid 58348] [client 52.140.123.244:0] script '/domains/thewalshgroup/LV.php' not found or unable to stat
[Sat Jan 31 04:45:13.158316 2026] [php:error] [pid 58348] [client 52.140.123.244:0] script '/domains/thewalshgroup/Sanskrit.php' not found or unable to stat
[Sat Jan 31 04:45:14.226967 2026] [php:error] [pid 58348] [client 52.140.123.244:0] script '/domains/thewalshgroup/contacts.php' not found or unable to stat
[Sat Jan 31 04:45:14.669141 2026] [php:error] [pid 58348] [client 52.140.123.244:0] script '/domains/thewalshgroup/dump.php' not found or unable to stat
[Sat Jan 31 04:45:14.882301 2026] [php:error] [pid 58348] [client 52.140.123.244:0] script '/domains/thewalshgroup/ext.php' not found or unable to stat
[Sat Jan 31 04:45:15.525568 2026] [php:error] [pid 58348] [client 52.140.123.244:0] script '/domains/thewalshgroup/gifclass.php' not found or unable to stat
[Sat Jan 31 04:45:15.740497 2026] [php:error] [pid 58348] [client 52.140.123.244:0] script '/domains/thewalshgroup/images/class.php' not found or unable to stat
[Sat Jan 31 04:45:15.953478 2026] [php:error] [pid 58348] [client 52.140.123.244:0] script '/domains/thewalshgroup/images/wp-aespa.php' not found or unable to stat
[Sat Jan 31 04:45:16.384522 2026] [php:error] [pid 58348] [client 52.140.123.244:0] script '/domains/thewalshgroup/l.php' not found or unable to stat
[Sat Jan 31 04:45:16.597554 2026] [php:error] [pid 58348] [client 52.140.123.244:0] script '/domains/thewalshgroup/litespeed.php' not found or unable to stat
[Sat Jan 31 04:45:16.811574 2026] [php:error] [pid 58348] [client 52.140.123.244:0] script '/domains/thewalshgroup/natural.php' not found or unable to stat
[Sat Jan 31 04:45:17.888151 2026] [php:error] [pid 58348] [client 52.140.123.244:0] script '/domains/thewalshgroup/sitemap.php' not found or unable to stat
[Sat Jan 31 04:45:19.385540 2026] [php:error] [pid 58348] [client 52.140.123.244:0] script '/domains/thewalshgroup/worm.PhP' not found or unable to stat
[Sat Jan 31 04:45:23.259958 2026] [php:error] [pid 58348] [client 52.140.123.244:0] script '/domains/thewalshgroup/wp-commentin.php' not found or unable to stat
[Sat Jan 31 04:45:23.478828 2026] [php:error] [pid 58348] [client 52.140.123.244:0] script '/domains/thewalshgroup/wp-content.php' not found or unable to stat
[Sat Jan 31 04:45:26.480054 2026] [php:error] [pid 58348] [client 52.140.123.244:0] script '/domains/thewalshgroup/wp-fmfile.php' not found or unable to stat
[Sat Jan 31 04:45:26.694271 2026] [php:error] [pid 58348] [client 52.140.123.244:0] script '/domains/thewalshgroup/wp-good.php' not found or unable to stat
[Sat Jan 31 04:45:32.492994 2026] [php:error] [pid 58348] [client 52.140.123.244:0] script '/domains/thewalshgroup/wp-themes.php' not found or unable to stat
[Sat Jan 31 04:45:32.706195 2026] [php:error] [pid 58348] [client 52.140.123.244:0] script '/domains/thewalshgroup/wp-user.php' not found or unable to stat
[Sat Jan 31 04:45:32.919312 2026] [php:error] [pid 58348] [client 52.140.123.244:0] script '/domains/thewalshgroup/wp_wlx.php' not found or unable to stat
[Sat Jan 31 04:45:33.133827 2026] [php:error] [pid 58348] [client 52.140.123.244:0] script '/domains/thewalshgroup/wpn.php' not found or unable to stat
[Sat Jan 31 04:45:40.092503 2026] [php:error] [pid 58339] [client 20.213.25.204:0] script '/domains/redpeninc/wp-trackback.php' not found or unable to stat
[Sat Jan 31 04:45:40.298747 2026] [php:error] [pid 58339] [client 20.213.25.204:0] script '/domains/redpeninc/about.php' not found or unable to stat
[Sat Jan 31 04:45:40.499182 2026] [php:error] [pid 58339] [client 20.213.25.204:0] script '/domains/redpeninc/file.php' not found or unable to stat
[Sat Jan 31 04:45:40.697002 2026] [php:error] [pid 58339] [client 20.213.25.204:0] script '/domains/redpeninc/wp-good.php' not found or unable to stat
[Sat Jan 31 04:45:40.899013 2026] [php:error] [pid 58339] [client 20.213.25.204:0] script '/domains/redpeninc/xmlrpc.php' not found or unable to stat
[Sat Jan 31 04:45:41.096527 2026] [php:error] [pid 58339] [client 20.213.25.204:0] script '/domains/redpeninc/goods.php' not found or unable to stat
[Sat Jan 31 04:45:41.294320 2026] [php:error] [pid 58339] [client 20.213.25.204:0] script '/domains/redpeninc/ioxi-o.php' not found or unable to stat
[Sat Jan 31 04:45:41.497922 2026] [php:error] [pid 58339] [client 20.213.25.204:0] script '/domains/redpeninc/class-t.api.php' not found or unable to stat
[Sat Jan 31 04:45:41.696081 2026] [php:error] [pid 58339] [client 20.213.25.204:0] script '/domains/redpeninc/admin.php' not found or unable to stat
[Sat Jan 31 04:45:41.893978 2026] [php:error] [pid 58339] [client 20.213.25.204:0] script '/domains/redpeninc/sf.php' not found or unable to stat
[Sat Jan 31 04:45:42.098419 2026] [php:error] [pid 58339] [client 20.213.25.204:0] script '/domains/redpeninc/rip.php' not found or unable to stat
[Sat Jan 31 04:45:42.169620 2026] [php:error] [pid 58348] [client 74.248.24.238:0] script '/domains/conceptlabs1/re.php' not found or unable to stat
[Sat Jan 31 04:45:42.302970 2026] [php:error] [pid 58339] [client 20.213.25.204:0] script '/domains/redpeninc/autoload_classmap.php' not found or unable to stat
[Sat Jan 31 04:45:42.410482 2026] [php:error] [pid 58348] [client 74.248.24.238:0] script '/domains/conceptlabs1/ms-edit.php' not found or unable to stat
[Sat Jan 31 04:45:42.500497 2026] [php:error] [pid 58339] [client 20.213.25.204:0] script '/domains/redpeninc/chosen.php' not found or unable to stat
[Sat Jan 31 04:45:42.509491 2026] [php:error] [pid 58348] [client 74.248.24.238:0] script '/domains/conceptlabs1/w2025.php' not found or unable to stat
[Sat Jan 31 04:45:42.698984 2026] [php:error] [pid 58339] [client 20.213.25.204:0] script '/domains/redpeninc/classwithtostring.php' not found or unable to stat
[Sat Jan 31 04:45:42.897185 2026] [php:error] [pid 58339] [client 20.213.25.204:0] script '/domains/redpeninc/defaults.php' not found or unable to stat
[Sat Jan 31 04:45:43.898029 2026] [php:error] [pid 58339] [client 20.213.25.204:0] script '/domains/redpeninc/info.php' not found or unable to stat
[Sat Jan 31 04:45:45.285700 2026] [php:error] [pid 58339] [client 20.213.25.204:0] script '/domains/redpeninc/adminfuns.php' not found or unable to stat
[Sat Jan 31 04:46:03.154651 2026] [php:error] [pid 63996] [client 13.75.54.243:0] script '/domains/fdcarter/0byte.php' not found or unable to stat
[Sat Jan 31 04:46:03.365896 2026] [php:error] [pid 63996] [client 13.75.54.243:0] script '/domains/fdcarter/LV.php' not found or unable to stat
[Sat Jan 31 04:46:03.572807 2026] [php:error] [pid 63996] [client 13.75.54.243:0] script '/domains/fdcarter/Sanskrit.php' not found or unable to stat
[Sat Jan 31 04:46:04.629795 2026] [php:error] [pid 63996] [client 13.75.54.243:0] script '/domains/fdcarter/contacts.php' not found or unable to stat
[Sat Jan 31 04:46:05.049912 2026] [php:error] [pid 63996] [client 13.75.54.243:0] script '/domains/fdcarter/dump.php' not found or unable to stat
[Sat Jan 31 04:46:05.260393 2026] [php:error] [pid 63996] [client 13.75.54.243:0] script '/domains/fdcarter/ext.php' not found or unable to stat
[Sat Jan 31 04:46:05.880938 2026] [php:error] [pid 63996] [client 13.75.54.243:0] script '/domains/fdcarter/gifclass.php' not found or unable to stat
[Sat Jan 31 04:46:06.089154 2026] [php:error] [pid 63996] [client 13.75.54.243:0] script '/domains/fdcarter/images/class.php' not found or unable to stat
[Sat Jan 31 04:46:06.296051 2026] [php:error] [pid 63996] [client 13.75.54.243:0] script '/domains/fdcarter/images/wp-aespa.php' not found or unable to stat
[Sat Jan 31 04:46:06.715234 2026] [php:error] [pid 63996] [client 13.75.54.243:0] script '/domains/fdcarter/l.php' not found or unable to stat
[Sat Jan 31 04:46:06.922101 2026] [php:error] [pid 63996] [client 13.75.54.243:0] script '/domains/fdcarter/litespeed.php' not found or unable to stat
[Sat Jan 31 04:46:07.128993 2026] [php:error] [pid 63996] [client 13.75.54.243:0] script '/domains/fdcarter/natural.php' not found or unable to stat
[Sat Jan 31 04:46:08.175301 2026] [php:error] [pid 63996] [client 13.75.54.243:0] script '/domains/fdcarter/sitemap.php' not found or unable to stat
[Sat Jan 31 04:46:09.644421 2026] [php:error] [pid 63996] [client 13.75.54.243:0] script '/domains/fdcarter/worm.PhP' not found or unable to stat
[Sat Jan 31 04:46:13.392647 2026] [php:error] [pid 63996] [client 13.75.54.243:0] script '/domains/fdcarter/wp-commentin.php' not found or unable to stat
[Sat Jan 31 04:46:13.601479 2026] [php:error] [pid 63996] [client 13.75.54.243:0] script '/domains/fdcarter/wp-content.php' not found or unable to stat
[Sat Jan 31 04:46:16.511100 2026] [php:error] [pid 63996] [client 13.75.54.243:0] script '/domains/fdcarter/wp-fmfile.php' not found or unable to stat
[Sat Jan 31 04:46:16.717949 2026] [php:error] [pid 63996] [client 13.75.54.243:0] script '/domains/fdcarter/wp-good.php' not found or unable to stat
[Sat Jan 31 04:46:22.336360 2026] [php:error] [pid 63996] [client 13.75.54.243:0] script '/domains/fdcarter/wp-themes.php' not found or unable to stat
[Sat Jan 31 04:46:22.543573 2026] [php:error] [pid 63996] [client 13.75.54.243:0] script '/domains/fdcarter/wp-user.php' not found or unable to stat
[Sat Jan 31 04:46:22.750590 2026] [php:error] [pid 63996] [client 13.75.54.243:0] script '/domains/fdcarter/wp_wlx.php' not found or unable to stat
[Sat Jan 31 04:46:22.957471 2026] [php:error] [pid 63996] [client 13.75.54.243:0] script '/domains/fdcarter/wpn.php' not found or unable to stat
[Sat Jan 31 04:46:24.916135 2026] [php:error] [pid 58339] [client 20.223.150.246:0] script '/domains/biehlweb/re.php' not found or unable to stat
[Sat Jan 31 04:46:24.990722 2026] [php:error] [pid 58339] [client 20.223.150.246:0] script '/domains/biehlweb/ms-edit.php' not found or unable to stat
[Sat Jan 31 04:46:25.066652 2026] [php:error] [pid 58339] [client 20.223.150.246:0] script '/domains/biehlweb/w2025.php' not found or unable to stat
[Sat Jan 31 04:46:59.844132 2026] [php:error] [pid 63997] [client 172.81.130.114:0] script '/domains/gk3c/wp-login.php' not found or unable to stat
[Sat Jan 31 04:46:59.990114 2026] [php:error] [pid 64004] [client 172.81.130.114:0] script '/domains/gk3c/wp-login.php' not found or unable to stat, referer: https://www.facebook.com/
[Sat Jan 31 04:47:27.320295 2026] [php:error] [pid 64009] [client 20.211.164.12:0] script '/domains/nostrada/0byte.php' not found or unable to stat
[Sat Jan 31 04:47:27.516688 2026] [php:error] [pid 64009] [client 20.211.164.12:0] script '/domains/nostrada/LV.php' not found or unable to stat
[Sat Jan 31 04:47:27.711959 2026] [php:error] [pid 64009] [client 20.211.164.12:0] script '/domains/nostrada/Sanskrit.php' not found or unable to stat
[Sat Jan 31 04:47:28.102714 2026] [php:error] [pid 64009] [client 20.211.164.12:0] script '/domains/nostrada/cgi-bin/class.api.php' not found or unable to stat
[Sat Jan 31 04:47:28.688659 2026] [php:error] [pid 64009] [client 20.211.164.12:0] script '/domains/nostrada/contacts.php' not found or unable to stat
[Sat Jan 31 04:47:29.079908 2026] [php:error] [pid 64009] [client 20.211.164.12:0] script '/domains/nostrada/dump.php' not found or unable to stat
[Sat Jan 31 04:47:29.276355 2026] [php:error] [pid 64009] [client 20.211.164.12:0] script '/domains/nostrada/ext.php' not found or unable to stat
[Sat Jan 31 04:47:29.867039 2026] [php:error] [pid 64009] [client 20.211.164.12:0] script '/domains/nostrada/gifclass.php' not found or unable to stat
[Sat Jan 31 04:47:30.062353 2026] [php:error] [pid 64009] [client 20.211.164.12:0] script '/domains/nostrada/images/class.php' not found or unable to stat
[Sat Jan 31 04:47:30.258034 2026] [php:error] [pid 64009] [client 20.211.164.12:0] script '/domains/nostrada/images/wp-aespa.php' not found or unable to stat
[Sat Jan 31 04:47:30.649209 2026] [php:error] [pid 64009] [client 20.211.164.12:0] script '/domains/nostrada/l.php' not found or unable to stat
[Sat Jan 31 04:47:30.845888 2026] [php:error] [pid 64009] [client 20.211.164.12:0] script '/domains/nostrada/litespeed.php' not found or unable to stat
[Sat Jan 31 04:47:31.043929 2026] [php:error] [pid 64009] [client 20.211.164.12:0] script '/domains/nostrada/natural.php' not found or unable to stat
[Sat Jan 31 04:47:32.025927 2026] [php:error] [pid 64009] [client 20.211.164.12:0] script '/domains/nostrada/sitemap.php' not found or unable to stat
[Sat Jan 31 04:47:33.398807 2026] [php:error] [pid 64009] [client 20.211.164.12:0] script '/domains/nostrada/worm.PhP' not found or unable to stat
[Sat Jan 31 04:47:36.935360 2026] [php:error] [pid 64009] [client 20.211.164.12:0] script '/domains/nostrada/wp-commentin.php' not found or unable to stat
[Sat Jan 31 04:47:37.130924 2026] [php:error] [pid 64009] [client 20.211.164.12:0] script '/domains/nostrada/wp-content.php' not found or unable to stat
[Sat Jan 31 04:47:39.866707 2026] [php:error] [pid 64009] [client 20.211.164.12:0] script '/domains/nostrada/wp-fmfile.php' not found or unable to stat
[Sat Jan 31 04:47:40.062143 2026] [php:error] [pid 64009] [client 20.211.164.12:0] script '/domains/nostrada/wp-good.php' not found or unable to stat
[Sat Jan 31 04:47:45.336985 2026] [php:error] [pid 64009] [client 20.211.164.12:0] script '/domains/nostrada/wp-themes.php' not found or unable to stat
[Sat Jan 31 04:47:45.532383 2026] [php:error] [pid 64009] [client 20.211.164.12:0] script '/domains/nostrada/wp-user.php' not found or unable to stat
[Sat Jan 31 04:47:45.727973 2026] [php:error] [pid 64009] [client 20.211.164.12:0] script '/domains/nostrada/wp_wlx.php' not found or unable to stat
[Sat Jan 31 04:47:45.923356 2026] [php:error] [pid 64009] [client 20.211.164.12:0] script '/domains/nostrada/wpn.php' not found or unable to stat
[Sat Jan 31 04:47:52.230531 2026] [php:error] [pid 64008] [client 20.100.196.146:0] script '/domains/system_suspended/rip.php' not found or unable to stat
[Sat Jan 31 04:48:12.246773 2026] [php:error] [pid 64026] [client 20.78.152.240:0] script '/domains/tamara1/wp-trackback.php' not found or unable to stat
[Sat Jan 31 04:48:12.428259 2026] [php:error] [pid 64026] [client 20.78.152.240:0] script '/domains/tamara1/about.php' not found or unable to stat
[Sat Jan 31 04:48:12.599779 2026] [php:error] [pid 64026] [client 20.78.152.240:0] script '/domains/tamara1/file.php' not found or unable to stat
[Sat Jan 31 04:48:12.782129 2026] [php:error] [pid 64026] [client 20.78.152.240:0] script '/domains/tamara1/wp-good.php' not found or unable to stat
[Sat Jan 31 04:48:12.953582 2026] [php:error] [pid 64026] [client 20.78.152.240:0] script '/domains/tamara1/xmlrpc.php' not found or unable to stat
[Sat Jan 31 04:48:13.136064 2026] [php:error] [pid 64026] [client 20.78.152.240:0] script '/domains/tamara1/goods.php' not found or unable to stat
[Sat Jan 31 04:48:13.308419 2026] [php:error] [pid 64026] [client 20.78.152.240:0] script '/domains/tamara1/ioxi-o.php' not found or unable to stat
[Sat Jan 31 04:48:13.479653 2026] [php:error] [pid 64026] [client 20.78.152.240:0] script '/domains/tamara1/class-t.api.php' not found or unable to stat
[Sat Jan 31 04:48:13.650832 2026] [php:error] [pid 64026] [client 20.78.152.240:0] script '/domains/tamara1/admin.php' not found or unable to stat
[Sat Jan 31 04:48:13.826460 2026] [php:error] [pid 64026] [client 20.78.152.240:0] script '/domains/tamara1/sf.php' not found or unable to stat
[Sat Jan 31 04:48:13.997183 2026] [php:error] [pid 64026] [client 20.78.152.240:0] script '/domains/tamara1/rip.php' not found or unable to stat
[Sat Jan 31 04:48:14.174600 2026] [php:error] [pid 64026] [client 20.78.152.240:0] script '/domains/tamara1/autoload_classmap.php' not found or unable to stat
[Sat Jan 31 04:48:14.345876 2026] [php:error] [pid 64026] [client 20.78.152.240:0] script '/domains/tamara1/chosen.php' not found or unable to stat
[Sat Jan 31 04:48:14.522242 2026] [php:error] [pid 64026] [client 20.78.152.240:0] script '/domains/tamara1/classwithtostring.php' not found or unable to stat
[Sat Jan 31 04:48:14.692949 2026] [php:error] [pid 64026] [client 20.78.152.240:0] script '/domains/tamara1/defaults.php' not found or unable to stat
[Sat Jan 31 04:48:15.559643 2026] [php:error] [pid 64026] [client 20.78.152.240:0] script '/domains/tamara1/info.php' not found or unable to stat
[Sat Jan 31 04:48:16.779184 2026] [php:error] [pid 64026] [client 20.78.152.240:0] script '/domains/tamara1/adminfuns.php' not found or unable to stat
[Sat Jan 31 04:48:22.677585 2026] [php:error] [pid 64025] [client 74.248.24.238:0] script '/domains/navarrospring/re.php' not found or unable to stat
[Sat Jan 31 04:48:22.791821 2026] [php:error] [pid 64025] [client 74.248.24.238:0] script '/domains/navarrospring/ms-edit.php' not found or unable to stat
[Sat Jan 31 04:48:22.895678 2026] [php:error] [pid 64025] [client 74.248.24.238:0] script '/domains/navarrospring/w2025.php' not found or unable to stat
[Sat Jan 31 04:48:27.463305 2026] [php:error] [pid 64029] [client 45.148.10.143:0] script '/domains/resourceandeventweb/phpinfo.php' not found or unable to stat
[Sat Jan 31 04:48:40.642830 2026] [php:error] [pid 64010] [client 45.148.10.143:0] script '/domains/resourceandeventweb/_phpinfo.php' not found or unable to stat
sendmail: invalid recipient `#'
[Sat Jan 31 04:50:39.810134 2026] [php:error] [pid 64056] [client 145.239.10.137:0] script '/domains/conceptlabs1/edit-css.php' not found or unable to stat, referer: http://conceptlabs.com/edit-css.php
[Sat Jan 31 04:50:47.194416 2026] [php:error] [pid 64061] [client 20.46.176.183:0] script '/domains/amisol/wp-trackback.php' not found or unable to stat
[Sat Jan 31 04:50:47.368786 2026] [php:error] [pid 64061] [client 20.46.176.183:0] script '/domains/amisol/about.php' not found or unable to stat
[Sat Jan 31 04:50:47.527587 2026] [php:error] [pid 64061] [client 20.46.176.183:0] script '/domains/amisol/file.php' not found or unable to stat
[Sat Jan 31 04:50:47.702677 2026] [php:error] [pid 64061] [client 20.46.176.183:0] script '/domains/amisol/wp-good.php' not found or unable to stat
[Sat Jan 31 04:50:47.862236 2026] [php:error] [pid 64061] [client 20.46.176.183:0] script '/domains/amisol/xmlrpc.php' not found or unable to stat
[Sat Jan 31 04:50:48.022238 2026] [php:error] [pid 64061] [client 20.46.176.183:0] script '/domains/amisol/goods.php' not found or unable to stat
[Sat Jan 31 04:50:48.193335 2026] [php:error] [pid 64061] [client 20.46.176.183:0] script '/domains/amisol/ioxi-o.php' not found or unable to stat
[Sat Jan 31 04:50:48.352617 2026] [php:error] [pid 64061] [client 20.46.176.183:0] script '/domains/amisol/class-t.api.php' not found or unable to stat
[Sat Jan 31 04:50:48.524472 2026] [php:error] [pid 64061] [client 20.46.176.183:0] script '/domains/amisol/admin.php' not found or unable to stat
[Sat Jan 31 04:50:48.686606 2026] [php:error] [pid 64061] [client 20.46.176.183:0] script '/domains/amisol/sf.php' not found or unable to stat
[Sat Jan 31 04:50:48.845845 2026] [php:error] [pid 64061] [client 20.46.176.183:0] script '/domains/amisol/rip.php' not found or unable to stat
[Sat Jan 31 04:50:49.013406 2026] [php:error] [pid 64061] [client 20.46.176.183:0] script '/domains/amisol/autoload_classmap.php' not found or unable to stat
[Sat Jan 31 04:50:49.173253 2026] [php:error] [pid 64061] [client 20.46.176.183:0] script '/domains/amisol/chosen.php' not found or unable to stat
[Sat Jan 31 04:50:49.332560 2026] [php:error] [pid 64061] [client 20.46.176.183:0] script '/domains/amisol/classwithtostring.php' not found or unable to stat
[Sat Jan 31 04:50:49.491205 2026] [php:error] [pid 64061] [client 20.46.176.183:0] script '/domains/amisol/defaults.php' not found or unable to stat
[Sat Jan 31 04:50:50.301329 2026] [php:error] [pid 64061] [client 20.46.176.183:0] script '/domains/amisol/info.php' not found or unable to stat
[Sat Jan 31 04:50:51.413285 2026] [php:error] [pid 64061] [client 20.46.176.183:0] script '/domains/amisol/adminfuns.php' not found or unable to stat
[Sat Jan 31 04:50:52.382926 2026] [php:error] [pid 64057] [client 38.148.248.140:0] script '/domains/awciii/1234.php' not found or unable to stat
[Sat Jan 31 04:51:42.722900 2026] [php:error] [pid 64029] [client 45.148.10.143:0] script '/domains/resourceandeventweb/wp-config.php.bak' not found or unable to stat
[Sat Jan 31 04:51:43.385954 2026] [php:error] [pid 64029] [client 45.148.10.143:0] script '/domains/resourceandeventweb/info.php' not found or unable to stat
[Sat Jan 31 04:51:47.116208 2026] [php:error] [pid 64071] [client 45.148.10.143:0] script '/domains/resourceandeventweb/server_info.php' not found or unable to stat
[Sat Jan 31 04:51:47.552137 2026] [php:error] [pid 64071] [client 45.148.10.143:0] script '/domains/resourceandeventweb/app_dev.php' not found or unable to stat
[Sat Jan 31 04:51:48.024406 2026] [php:error] [pid 64071] [client 45.148.10.143:0] script '/domains/resourceandeventweb/test.php' not found or unable to stat
[Sat Jan 31 04:51:48.576272 2026] [access_compat:error] [pid 64071] [client 45.148.10.143:0] AH01797: client denied by server configuration: /domains/resourceandeventweb/server-info
[Sat Jan 31 04:51:49.349098 2026] [php:error] [pid 64071] [client 45.148.10.143:0] script '/domains/resourceandeventweb/server-info.php' not found or unable to stat
[Sat Jan 31 04:52:44.190549 2026] [php:error] [pid 64070] [client 104.211.72.80:0] script '/domains/mjbradley/autoload_classmap.php' not found or unable to stat
[Sat Jan 31 04:52:44.421371 2026] [php:error] [pid 64070] [client 104.211.72.80:0] script '/domains/mjbradley/post.php' not found or unable to stat
[Sat Jan 31 04:52:45.712796 2026] [php:error] [pid 64070] [client 104.211.72.80:0] script '/domains/mjbradley/1.php' not found or unable to stat
[Sat Jan 31 04:52:45.945998 2026] [php:error] [pid 64070] [client 104.211.72.80:0] script '/domains/mjbradley/flower.php' not found or unable to stat
[Sat Jan 31 04:52:46.174528 2026] [php:error] [pid 64070] [client 104.211.72.80:0] script '/domains/mjbradley/admin.php' not found or unable to stat
[Sat Jan 31 04:52:46.399172 2026] [php:error] [pid 64070] [client 104.211.72.80:0] script '/domains/mjbradley/file.php' not found or unable to stat
[Sat Jan 31 04:52:47.527086 2026] [php:error] [pid 64070] [client 104.211.72.80:0] script '/domains/mjbradley/meta.php' not found or unable to stat
[Sat Jan 31 04:52:47.785564 2026] [php:error] [pid 64070] [client 104.211.72.80:0] script '/domains/mjbradley/index.php' not found or unable to stat
[Sat Jan 31 04:52:48.008686 2026] [php:error] [pid 64070] [client 104.211.72.80:0] script '/domains/mjbradley/abcd.php' not found or unable to stat
[Sat Jan 31 04:52:48.250993 2026] [php:error] [pid 64070] [client 104.211.72.80:0] script '/domains/mjbradley/about.php' not found or unable to stat
[Sat Jan 31 04:52:48.884625 2026] [php:error] [pid 64070] [client 104.211.72.80:0] script '/domains/mjbradley/randkeyword.php' not found or unable to stat
[Sat Jan 31 04:52:49.142369 2026] [php:error] [pid 64070] [client 104.211.72.80:0] script '/domains/mjbradley/goods.php' not found or unable to stat
[Sat Jan 31 04:52:49.354758 2026] [php:error] [pid 64070] [client 104.211.72.80:0] script '/domains/mjbradley/hehe.php' not found or unable to stat
[Sat Jan 31 04:52:50.128427 2026] [php:error] [pid 64070] [client 104.211.72.80:0] script '/domains/mjbradley/user.php' not found or unable to stat
[Sat Jan 31 04:52:50.572822 2026] [php:error] [pid 64070] [client 104.211.72.80:0] script '/domains/mjbradley/wp-2019.php' not found or unable to stat
[Sat Jan 31 04:52:51.354469 2026] [php:error] [pid 64070] [client 104.211.72.80:0] script '/domains/mjbradley/chosen.php' not found or unable to stat
[Sat Jan 31 04:52:51.604194 2026] [php:error] [pid 64070] [client 104.211.72.80:0] script '/domains/mjbradley/functions.php' not found or unable to stat
[Sat Jan 31 04:52:52.386277 2026] [php:error] [pid 64070] [client 104.211.72.80:0] script '/domains/mjbradley/cron.php' not found or unable to stat
[Sat Jan 31 04:52:52.948836 2026] [php:error] [pid 64070] [client 104.211.72.80:0] script '/domains/mjbradley/edit.php' not found or unable to stat
[Sat Jan 31 04:52:53.228662 2026] [php:error] [pid 64070] [client 104.211.72.80:0] script '/domains/mjbradley/gecko-new.php' not found or unable to stat
[Sat Jan 31 04:52:53.444382 2026] [php:error] [pid 64070] [client 104.211.72.80:0] script '/domains/mjbradley/cookie.php' not found or unable to stat
[Sat Jan 31 04:52:54.694071 2026] [php:error] [pid 64070] [client 104.211.72.80:0] script '/domains/mjbradley/xleet.php' not found or unable to stat
[Sat Jan 31 04:52:54.909001 2026] [php:error] [pid 64070] [client 104.211.72.80:0] script '/domains/mjbradley/spip.php' not found or unable to stat
[Sat Jan 31 04:52:55.139681 2026] [php:error] [pid 64070] [client 104.211.72.80:0] script '/domains/mjbradley/22.php' not found or unable to stat
[Sat Jan 31 04:52:55.370421 2026] [php:error] [pid 64070] [client 104.211.72.80:0] script '/domains/mjbradley/room.php' not found or unable to stat
[Sat Jan 31 04:52:55.585577 2026] [php:error] [pid 64070] [client 104.211.72.80:0] script '/domains/mjbradley/disagreed.php' not found or unable to stat
[Sat Jan 31 04:52:56.836446 2026] [php:error] [pid 64070] [client 104.211.72.80:0] script '/domains/mjbradley/text.php' not found or unable to stat
[Sat Jan 31 04:52:57.074018 2026] [php:error] [pid 64070] [client 104.211.72.80:0] script '/domains/mjbradley/alfa-rex.php' not found or unable to stat
[Sat Jan 31 04:52:58.009138 2026] [php:error] [pid 64070] [client 104.211.72.80:0] script '/domains/mjbradley/feeds.php' not found or unable to stat
[Sat Jan 31 04:52:58.239176 2026] [php:error] [pid 64070] [client 104.211.72.80:0] script '/domains/mjbradley/radio.php' not found or unable to stat
[Sat Jan 31 04:52:58.488839 2026] [php:error] [pid 64070] [client 104.211.72.80:0] script '/domains/mjbradley/dropdown.php' not found or unable to stat
[Sat Jan 31 04:52:58.706345 2026] [php:error] [pid 64070] [client 104.211.72.80:0] script '/domains/mjbradley/defaults.php' not found or unable to stat
[Sat Jan 31 04:52:59.118943 2026] [php:error] [pid 64070] [client 104.211.72.80:0] script '/domains/mjbradley/system.php' not found or unable to stat
[Sat Jan 31 04:52:59.417323 2026] [php:error] [pid 64081] [client 4.147.187.31:0] script '/domains/assetenhance/neshe.php' not found or unable to stat
[Sat Jan 31 04:52:59.424261 2026] [php:error] [pid 64070] [client 104.211.72.80:0] script '/domains/mjbradley/xmlrpc.php' not found or unable to stat
[Sat Jan 31 04:53:00.647499 2026] [php:error] [pid 64081] [client 4.147.187.31:0] script '/domains/assetenhance/wp-site.php' not found or unable to stat
[Sat Jan 31 04:53:00.930051 2026] [php:error] [pid 64070] [client 104.211.72.80:0] script '/domains/mjbradley/colors.php' not found or unable to stat
[Sat Jan 31 04:53:01.658234 2026] [php:error] [pid 64070] [client 104.211.72.80:0] script '/domains/mjbradley/updates.php' not found or unable to stat
[Sat Jan 31 04:53:01.835649 2026] [php:error] [pid 64081] [client 4.147.187.31:0] script '/domains/assetenhance/environment.php' not found or unable to stat
[Sat Jan 31 04:53:01.872599 2026] [php:error] [pid 64070] [client 104.211.72.80:0] script '/domains/mjbradley/alfa-rex1.php' not found or unable to stat
[Sat Jan 31 04:53:02.158650 2026] [php:error] [pid 64070] [client 104.211.72.80:0] script '/domains/mjbradley/wp-index.php' not found or unable to stat
[Sat Jan 31 04:53:02.464608 2026] [php:error] [pid 64081] [client 4.147.187.31:0] script '/domains/assetenhance/lala.php' not found or unable to stat
[Sat Jan 31 04:53:02.731304 2026] [php:error] [pid 64070] [client 104.211.72.80:0] script '/domains/mjbradley/wp-admin.php' not found or unable to stat
[Sat Jan 31 04:53:03.429774 2026] [php:error] [pid 64081] [client 4.147.187.31:0] script '/domains/assetenhance/menu.php' not found or unable to stat
[Sat Jan 31 04:53:03.769657 2026] [php:error] [pid 64070] [client 104.211.72.80:0] script '/domains/mjbradley/alfa.php' not found or unable to stat
[Sat Jan 31 04:53:04.325547 2026] [php:error] [pid 64081] [client 4.147.187.31:0] script '/domains/assetenhance/tmpls.php' not found or unable to stat
[Sat Jan 31 04:53:05.055656 2026] [php:error] [pid 64081] [client 4.147.187.31:0] script '/domains/assetenhance/item.php' not found or unable to stat
[Sat Jan 31 04:53:05.376138 2026] [php:error] [pid 64070] [client 104.211.72.80:0] script '/domains/mjbradley/locale.php' not found or unable to stat
[Sat Jan 31 04:53:05.982331 2026] [php:error] [pid 64081] [client 4.147.187.31:0] script '/domains/assetenhance/test1.php' not found or unable to stat
[Sat Jan 31 04:53:06.127843 2026] [php:error] [pid 64070] [client 104.211.72.80:0] script '/domains/mjbradley/wxo.php' not found or unable to stat
[Sat Jan 31 04:53:06.796814 2026] [php:error] [pid 64081] [client 4.147.187.31:0] script '/domains/assetenhance/wp-themes.php' not found or unable to stat
[Sat Jan 31 04:53:07.358406 2026] [php:error] [pid 64070] [client 104.211.72.80:0] script '/domains/mjbradley/colour.php' not found or unable to stat
[Sat Jan 31 04:53:07.578063 2026] [php:error] [pid 64070] [client 104.211.72.80:0] script '/domains/mjbradley/files.php' not found or unable to stat
[Sat Jan 31 04:53:08.171723 2026] [php:error] [pid 64081] [client 4.147.187.31:0] script '/domains/assetenhance/indeex.php' not found or unable to stat
[Sat Jan 31 04:53:08.685466 2026] [php:error] [pid 64070] [client 104.211.72.80:0] script '/domains/mjbradley/install.php' not found or unable to stat
[Sat Jan 31 04:53:09.512169 2026] [php:error] [pid 64081] [client 4.147.187.31:0] script '/domains/assetenhance/503.php' not found or unable to stat
[Sat Jan 31 04:53:09.682919 2026] [php:error] [pid 64070] [client 104.211.72.80:0] script '/domains/mjbradley/wp-contentt.php' not found or unable to stat
[Sat Jan 31 04:53:10.502250 2026] [php:error] [pid 64081] [client 4.147.187.31:0] script '/domains/assetenhance/html.php' not found or unable to stat
[Sat Jan 31 04:53:10.730507 2026] [php:error] [pid 64070] [client 104.211.72.80:0] script '/domains/mjbradley/config.php' not found or unable to stat
[Sat Jan 31 04:53:10.965118 2026] [php:error] [pid 64070] [client 104.211.72.80:0] script '/domains/mjbradley/theme.php' not found or unable to stat
[Sat Jan 31 04:53:11.180365 2026] [php:error] [pid 64081] [client 4.147.187.31:0] script '/domains/assetenhance/custom-background.php' not found or unable to stat
[Sat Jan 31 04:53:12.037142 2026] [php:error] [pid 64081] [client 4.147.187.31:0] script '/domains/assetenhance/xmrlpc.php' not found or unable to stat
[Sat Jan 31 04:53:12.129873 2026] [php:error] [pid 64070] [client 104.211.72.80:0] script '/domains/mjbradley/block-bindings.php' not found or unable to stat
[Sat Jan 31 04:53:12.833780 2026] [php:error] [pid 64070] [client 104.211.72.80:0] script '/domains/mjbradley/class_api.php' not found or unable to stat
[Sat Jan 31 04:53:13.031734 2026] [php:error] [pid 64081] [client 4.147.187.31:0] script '/domains/assetenhance/img.php' not found or unable to stat
[Sat Jan 31 04:53:13.604731 2026] [php:error] [pid 64070] [client 104.211.72.80:0] script '/domains/mjbradley/inputs.php' not found or unable to stat
[Sat Jan 31 04:53:14.360140 2026] [php:error] [pid 64070] [client 104.211.72.80:0] script '/domains/mjbradley/root.php' not found or unable to stat
[Sat Jan 31 04:53:14.431316 2026] [php:error] [pid 64081] [client 4.147.187.31:0] script '/domains/assetenhance/cwclass.php' not found or unable to stat
[Sat Jan 31 04:53:14.597136 2026] [php:error] [pid 64070] [client 104.211.72.80:0] script '/domains/mjbradley/menu.php' not found or unable to stat
[Sat Jan 31 04:53:15.242430 2026] [php:error] [pid 64081] [client 4.147.187.31:0] script '/domains/assetenhance/0x.php' not found or unable to stat
[Sat Jan 31 04:53:15.589779 2026] [php:error] [pid 64070] [client 104.211.72.80:0] script '/domains/mjbradley/plugin.php' not found or unable to stat
[Sat Jan 31 04:53:15.598867 2026] [php:error] [pid 64080] [client 20.214.137.92:0] script '/domains/trodine/wp-trackback.php' not found or unable to stat
[Sat Jan 31 04:53:15.780479 2026] [php:error] [pid 64080] [client 20.214.137.92:0] script '/domains/trodine/about.php' not found or unable to stat
[Sat Jan 31 04:53:15.915141 2026] [php:error] [pid 64081] [client 4.147.187.31:0] script '/domains/assetenhance/a2.php' not found or unable to stat
[Sat Jan 31 04:53:15.962806 2026] [php:error] [pid 64080] [client 20.214.137.92:0] script '/domains/trodine/file.php' not found or unable to stat
[Sat Jan 31 04:53:16.147932 2026] [php:error] [pid 64080] [client 20.214.137.92:0] script '/domains/trodine/wp-good.php' not found or unable to stat
[Sat Jan 31 04:53:16.346758 2026] [php:error] [pid 64080] [client 20.214.137.92:0] script '/domains/trodine/xmlrpc.php' not found or unable to stat
[Sat Jan 31 04:53:16.352814 2026] [php:error] [pid 64070] [client 104.211.72.80:0] script '/domains/mjbradley/cloud.php' not found or unable to stat
[Sat Jan 31 04:53:16.533026 2026] [php:error] [pid 64080] [client 20.214.137.92:0] script '/domains/trodine/goods.php' not found or unable to stat
[Sat Jan 31 04:53:16.612202 2026] [php:error] [pid 64070] [client 104.211.72.80:0] script '/domains/mjbradley/configs.php' not found or unable to stat
[Sat Jan 31 04:53:16.718682 2026] [php:error] [pid 64080] [client 20.214.137.92:0] script '/domains/trodine/ioxi-o.php' not found or unable to stat
[Sat Jan 31 04:53:16.804506 2026] [php:error] [pid 64081] [client 4.147.187.31:0] script '/domains/assetenhance/m.php' not found or unable to stat
[Sat Jan 31 04:53:16.833022 2026] [php:error] [pid 64070] [client 104.211.72.80:0] script '/domains/mjbradley/wp-configs.php' not found or unable to stat
[Sat Jan 31 04:53:16.904607 2026] [php:error] [pid 64080] [client 20.214.137.92:0] script '/domains/trodine/class-t.api.php' not found or unable to stat
[Sat Jan 31 04:53:17.054648 2026] [php:error] [pid 64070] [client 104.211.72.80:0] script '/domains/mjbradley/update.php' not found or unable to stat
[Sat Jan 31 04:53:17.087117 2026] [php:error] [pid 64080] [client 20.214.137.92:0] script '/domains/trodine/admin.php' not found or unable to stat
[Sat Jan 31 04:53:17.275864 2026] [php:error] [pid 64080] [client 20.214.137.92:0] script '/domains/trodine/sf.php' not found or unable to stat
[Sat Jan 31 04:53:17.458902 2026] [php:error] [pid 64080] [client 20.214.137.92:0] script '/domains/trodine/rip.php' not found or unable to stat
[Sat Jan 31 04:53:17.657685 2026] [php:error] [pid 64080] [client 20.214.137.92:0] script '/domains/trodine/autoload_classmap.php' not found or unable to stat
[Sat Jan 31 04:53:17.778820 2026] [php:error] [pid 64081] [client 4.147.187.31:0] script '/domains/assetenhance/oo.php' not found or unable to stat
[Sat Jan 31 04:53:17.839732 2026] [php:error] [pid 64080] [client 20.214.137.92:0] script '/domains/trodine/chosen.php' not found or unable to stat
[Sat Jan 31 04:53:18.029389 2026] [php:error] [pid 64080] [client 20.214.137.92:0] script '/domains/trodine/classwithtostring.php' not found or unable to stat
[Sat Jan 31 04:53:18.081249 2026] [php:error] [pid 64070] [client 104.211.72.80:0] script '/domains/mjbradley/2.php' not found or unable to stat
[Sat Jan 31 04:53:18.212167 2026] [php:error] [pid 64080] [client 20.214.137.92:0] script '/domains/trodine/defaults.php' not found or unable to stat
[Sat Jan 31 04:53:18.320305 2026] [php:error] [pid 64070] [client 104.211.72.80:0] script '/domains/mjbradley/input.php' not found or unable to stat
[Sat Jan 31 04:53:18.587791 2026] [php:error] [pid 64081] [client 4.147.187.31:0] script '/domains/assetenhance/1.php' not found or unable to stat
[Sat Jan 31 04:53:19.189843 2026] [php:error] [pid 64080] [client 20.214.137.92:0] script '/domains/trodine/info.php' not found or unable to stat
[Sat Jan 31 04:53:19.507084 2026] [php:error] [pid 64070] [client 104.211.72.80:0] script '/domains/mjbradley/aaa.php' not found or unable to stat
[Sat Jan 31 04:53:20.220067 2026] [php:error] [pid 64081] [client 4.147.187.31:0] script '/domains/assetenhance/az.php' not found or unable to stat
[Sat Jan 31 04:53:20.526271 2026] [php:error] [pid 64080] [client 20.214.137.92:0] script '/domains/trodine/adminfuns.php' not found or unable to stat
[Sat Jan 31 04:53:21.188635 2026] [php:error] [pid 64081] [client 4.147.187.31:0] script '/domains/assetenhance/x.php' not found or unable to stat
[Sat Jan 31 04:53:22.089526 2026] [php:error] [pid 64081] [client 4.147.187.31:0] script '/domains/assetenhance/gg.php' not found or unable to stat
[Sat Jan 31 04:53:22.877347 2026] [php:error] [pid 64081] [client 4.147.187.31:0] script '/domains/assetenhance/server.php' not found or unable to stat
[Sat Jan 31 04:53:23.624185 2026] [php:error] [pid 64081] [client 4.147.187.31:0] script '/domains/assetenhance/class19.php' not found or unable to stat
[Sat Jan 31 04:53:24.632929 2026] [php:error] [pid 64081] [client 4.147.187.31:0] script '/domains/assetenhance/yanz.php' not found or unable to stat
[Sat Jan 31 04:53:26.443194 2026] [php:error] [pid 64088] [client 20.211.164.12:0] script '/domains/system_suspended/wp-trackback.php' not found or unable to stat
[Sat Jan 31 04:53:26.649670 2026] [php:error] [pid 64088] [client 20.211.164.12:0] script '/domains/system_suspended/about.php' not found or unable to stat
[Sat Jan 31 04:53:26.848191 2026] [php:error] [pid 64088] [client 20.211.164.12:0] script '/domains/system_suspended/file.php' not found or unable to stat
[Sat Jan 31 04:53:27.056226 2026] [php:error] [pid 64088] [client 20.211.164.12:0] script '/domains/system_suspended/wp-good.php' not found or unable to stat
[Sat Jan 31 04:53:27.258863 2026] [php:error] [pid 64088] [client 20.211.164.12:0] script '/domains/system_suspended/xmlrpc.php' not found or unable to stat
[Sat Jan 31 04:53:27.457538 2026] [php:error] [pid 64088] [client 20.211.164.12:0] script '/domains/system_suspended/goods.php' not found or unable to stat
[Sat Jan 31 04:53:27.662075 2026] [php:error] [pid 64088] [client 20.211.164.12:0] script '/domains/system_suspended/ioxi-o.php' not found or unable to stat
[Sat Jan 31 04:53:27.828942 2026] [php:error] [pid 64081] [client 4.147.187.31:0] script '/domains/assetenhance/class.php' not found or unable to stat
[Sat Jan 31 04:53:27.859947 2026] [php:error] [pid 64088] [client 20.211.164.12:0] script '/domains/system_suspended/class-t.api.php' not found or unable to stat
[Sat Jan 31 04:53:28.060849 2026] [php:error] [pid 64088] [client 20.211.164.12:0] script '/domains/system_suspended/admin.php' not found or unable to stat
[Sat Jan 31 04:53:28.261152 2026] [php:error] [pid 64088] [client 20.211.164.12:0] script '/domains/system_suspended/sf.php' not found or unable to stat
[Sat Jan 31 04:53:28.460461 2026] [php:error] [pid 64088] [client 20.211.164.12:0] script '/domains/system_suspended/rip.php' not found or unable to stat
[Sat Jan 31 04:53:28.473104 2026] [php:error] [pid 64081] [client 4.147.187.31:0] script '/domains/assetenhance/elp.php' not found or unable to stat
[Sat Jan 31 04:53:28.658594 2026] [php:error] [pid 64088] [client 20.211.164.12:0] script '/domains/system_suspended/autoload_classmap.php' not found or unable to stat
[Sat Jan 31 04:53:28.862035 2026] [php:error] [pid 64088] [client 20.211.164.12:0] script '/domains/system_suspended/chosen.php' not found or unable to stat
[Sat Jan 31 04:53:29.064537 2026] [php:error] [pid 64088] [client 20.211.164.12:0] script '/domains/system_suspended/classwithtostring.php' not found or unable to stat
[Sat Jan 31 04:53:29.262203 2026] [php:error] [pid 64081] [client 4.147.187.31:0] script '/domains/assetenhance/sx.php' not found or unable to stat
[Sat Jan 31 04:53:29.263149 2026] [php:error] [pid 64088] [client 20.211.164.12:0] script '/domains/system_suspended/defaults.php' not found or unable to stat
[Sat Jan 31 04:53:30.283178 2026] [php:error] [pid 64088] [client 20.211.164.12:0] script '/domains/system_suspended/info.php' not found or unable to stat
[Sat Jan 31 04:53:31.055082 2026] [php:error] [pid 64081] [client 4.147.187.31:0] script '/domains/assetenhance/dropdown.php' not found or unable to stat
[Sat Jan 31 04:53:31.747589 2026] [php:error] [pid 64088] [client 20.211.164.12:0] script '/domains/system_suspended/adminfuns.php' not found or unable to stat
[Sat Jan 31 04:53:33.679838 2026] [php:error] [pid 64081] [client 4.147.187.31:0] script '/domains/assetenhance/priv.php' not found or unable to stat
[Sat Jan 31 04:53:34.489188 2026] [php:error] [pid 64081] [client 4.147.187.31:0] script '/domains/assetenhance/function.php' not found or unable to stat
[Sat Jan 31 04:53:36.323326 2026] [php:error] [pid 64081] [client 4.147.187.31:0] script '/domains/assetenhance/wp-load.php' not found or unable to stat
[Sat Jan 31 04:53:37.104204 2026] [php:error] [pid 64081] [client 4.147.187.31:0] script '/domains/assetenhance/wsd.php' not found or unable to stat
[Sat Jan 31 04:53:37.941529 2026] [php:error] [pid 64081] [client 4.147.187.31:0] script '/domains/assetenhance/editor.php' not found or unable to stat
[Sat Jan 31 04:53:40.465687 2026] [php:error] [pid 64081] [client 4.147.187.31:0] script '/domains/assetenhance/cong.php' not found or unable to stat
[Sat Jan 31 04:53:42.349255 2026] [php:error] [pid 64081] [client 4.147.187.31:0] script '/domains/assetenhance/inputs.php' not found or unable to stat
[Sat Jan 31 04:53:44.717647 2026] [php:error] [pid 64073] [client 20.214.137.92:0] script '/domains/homesbyaudrey1/0byte.php' not found or unable to stat
[Sat Jan 31 04:53:44.900587 2026] [php:error] [pid 64073] [client 20.214.137.92:0] script '/domains/homesbyaudrey1/LV.php' not found or unable to stat
[Sat Jan 31 04:53:45.082871 2026] [php:error] [pid 64073] [client 20.214.137.92:0] script '/domains/homesbyaudrey1/Sanskrit.php' not found or unable to stat
[Sat Jan 31 04:53:45.254996 2026] [php:error] [pid 64081] [client 4.147.187.31:0] script '/domains/assetenhance/files.php' not found or unable to stat
[Sat Jan 31 04:53:45.993079 2026] [php:error] [pid 64073] [client 20.214.137.92:0] script '/domains/homesbyaudrey1/contacts.php' not found or unable to stat
[Sat Jan 31 04:53:46.049825 2026] [php:error] [pid 64081] [client 4.147.187.31:0] script '/domains/assetenhance/zwso.php' not found or unable to stat
[Sat Jan 31 04:53:46.361305 2026] [php:error] [pid 64073] [client 20.214.137.92:0] script '/domains/homesbyaudrey1/dump.php' not found or unable to stat
[Sat Jan 31 04:53:46.547365 2026] [php:error] [pid 64073] [client 20.214.137.92:0] script '/domains/homesbyaudrey1/ext.php' not found or unable to stat
[Sat Jan 31 04:53:47.094803 2026] [php:error] [pid 64073] [client 20.214.137.92:0] script '/domains/homesbyaudrey1/gifclass.php' not found or unable to stat
[Sat Jan 31 04:53:47.493249 2026] [php:error] [pid 64081] [client 4.147.187.31:0] script '/domains/assetenhance/backup.php' not found or unable to stat
[Sat Jan 31 04:53:47.777539 2026] [php:error] [pid 64070] [client 74.248.24.238:0] script '/domains/larrysr/thebe.php' not found or unable to stat
[Sat Jan 31 04:53:47.827629 2026] [php:error] [pid 64073] [client 20.214.137.92:0] script '/domains/homesbyaudrey1/l.php' not found or unable to stat
[Sat Jan 31 04:53:47.881205 2026] [php:error] [pid 64070] [client 74.248.24.238:0] script '/domains/larrysr/ol.php' not found or unable to stat
[Sat Jan 31 04:53:48.011716 2026] [php:error] [pid 64073] [client 20.214.137.92:0] script '/domains/homesbyaudrey1/litespeed.php' not found or unable to stat
[Sat Jan 31 04:53:48.052689 2026] [php:error] [pid 64070] [client 74.248.24.238:0] script '/domains/larrysr/sanity.php' not found or unable to stat
[Sat Jan 31 04:53:48.156809 2026] [php:error] [pid 64070] [client 74.248.24.238:0] script '/domains/larrysr/anj.php' not found or unable to stat
