[Sat Jan 31 06:26:57.833276 2026] [php:error] [pid 81932] [client 62.60.130.210:0] script '/domains/icrse/wp-login.php' not found or unable to stat
[Sat Jan 31 06:27:01.695460 2026] [php:error] [pid 81933] [client 62.60.130.210:0] script '/domains/samscars/wp-login.php' not found or unable to stat, referer: https://twitter.com/
[Sat Jan 31 06:27:02.525126 2026] [php:error] [pid 81930] [client 62.60.130.210:0] script '/domains/samscars/wp-login.php' not found or unable to stat, referer: https://www.reddit.com/
[Sat Jan 31 06:27:06.891065 2026] [php:error] [pid 81927] [client 20.203.132.68:0] script '/domains/thewalshgroup/re.php' not found or unable to stat
[Sat Jan 31 06:27:06.985430 2026] [php:error] [pid 81927] [client 20.203.132.68:0] script '/domains/thewalshgroup/ms-edit.php' not found or unable to stat
[Sat Jan 31 06:27:07.079451 2026] [php:error] [pid 81927] [client 20.203.132.68:0] script '/domains/thewalshgroup/w2025.php' not found or unable to stat
[Sat Jan 31 06:28:00.357173 2026] [php:error] [pid 81932] [client 52.140.123.244:0] script '/domains/machinadynamica/0byte.php' not found or unable to stat
[Sat Jan 31 06:28:00.566709 2026] [php:error] [pid 81932] [client 52.140.123.244:0] script '/domains/machinadynamica/LV.php' not found or unable to stat
[Sat Jan 31 06:28:00.775578 2026] [php:error] [pid 81932] [client 52.140.123.244:0] script '/domains/machinadynamica/Sanskrit.php' not found or unable to stat
[Sat Jan 31 06:28:01.829468 2026] [php:error] [pid 81932] [client 52.140.123.244:0] script '/domains/machinadynamica/contacts.php' not found or unable to stat
[Sat Jan 31 06:28:02.254979 2026] [php:error] [pid 81932] [client 52.140.123.244:0] script '/domains/machinadynamica/dump.php' not found or unable to stat
[Sat Jan 31 06:28:02.464953 2026] [php:error] [pid 81932] [client 52.140.123.244:0] script '/domains/machinadynamica/ext.php' not found or unable to stat
[Sat Jan 31 06:28:03.118776 2026] [php:error] [pid 81932] [client 52.140.123.244:0] script '/domains/machinadynamica/gifclass.php' not found or unable to stat
[Sat Jan 31 06:28:03.329120 2026] [php:error] [pid 81932] [client 52.140.123.244:0] script '/domains/machinadynamica/images/class.php' not found or unable to stat
[Sat Jan 31 06:28:03.538131 2026] [php:error] [pid 81932] [client 52.140.123.244:0] script '/domains/machinadynamica/images/wp-aespa.php' not found or unable to stat
[Sat Jan 31 06:28:03.965988 2026] [php:error] [pid 81932] [client 52.140.123.244:0] script '/domains/machinadynamica/l.php' not found or unable to stat
[Sat Jan 31 06:28:04.174568 2026] [php:error] [pid 81932] [client 52.140.123.244:0] script '/domains/machinadynamica/litespeed.php' not found or unable to stat
[Sat Jan 31 06:28:04.387662 2026] [php:error] [pid 81932] [client 52.140.123.244:0] script '/domains/machinadynamica/natural.php' not found or unable to stat
[Sat Jan 31 06:28:05.493092 2026] [php:error] [pid 81932] [client 52.140.123.244:0] script '/domains/machinadynamica/sitemap.php' not found or unable to stat
[Sat Jan 31 06:28:06.995686 2026] [php:error] [pid 81932] [client 52.140.123.244:0] script '/domains/machinadynamica/worm.PhP' not found or unable to stat
[Sat Jan 31 06:28:10.791438 2026] [php:error] [pid 81932] [client 52.140.123.244:0] script '/domains/machinadynamica/wp-commentin.php' not found or unable to stat
[Sat Jan 31 06:28:11.000112 2026] [php:error] [pid 81932] [client 52.140.123.244:0] script '/domains/machinadynamica/wp-content.php' not found or unable to stat
[Sat Jan 31 06:28:13.961061 2026] [php:error] [pid 81932] [client 52.140.123.244:0] script '/domains/machinadynamica/wp-fmfile.php' not found or unable to stat
[Sat Jan 31 06:28:14.170092 2026] [php:error] [pid 81932] [client 52.140.123.244:0] script '/domains/machinadynamica/wp-good.php' not found or unable to stat
[Sat Jan 31 06:28:15.282998 2026] [php:error] [pid 81935] [client 112.121.183.166:0] script '/domains/machinadynamica/index.php' not found or unable to stat
[Sat Jan 31 06:28:19.909169 2026] [php:error] [pid 81932] [client 52.140.123.244:0] script '/domains/machinadynamica/wp-themes.php' not found or unable to stat
[Sat Jan 31 06:28:20.119136 2026] [php:error] [pid 81932] [client 52.140.123.244:0] script '/domains/machinadynamica/wp-user.php' not found or unable to stat
[Sat Jan 31 06:28:20.329150 2026] [php:error] [pid 81932] [client 52.140.123.244:0] script '/domains/machinadynamica/wp_wlx.php' not found or unable to stat
[Sat Jan 31 06:28:20.546501 2026] [php:error] [pid 81932] [client 52.140.123.244:0] script '/domains/machinadynamica/wpn.php' not found or unable to stat
[Sat Jan 31 06:28:27.969784 2026] [php:error] [pid 81934] [client 13.75.54.243:0] script '/domains/domilici/wp-trackback.php' not found or unable to stat
[Sat Jan 31 06:28:28.177087 2026] [php:error] [pid 81934] [client 13.75.54.243:0] script '/domains/domilici/about.php' not found or unable to stat
[Sat Jan 31 06:28:28.397230 2026] [php:error] [pid 81934] [client 13.75.54.243:0] script '/domains/domilici/file.php' not found or unable to stat
[Sat Jan 31 06:28:28.605628 2026] [php:error] [pid 81934] [client 13.75.54.243:0] script '/domains/domilici/wp-good.php' not found or unable to stat
[Sat Jan 31 06:28:28.828295 2026] [php:error] [pid 81934] [client 13.75.54.243:0] script '/domains/domilici/xmlrpc.php' not found or unable to stat
[Sat Jan 31 06:28:29.035301 2026] [php:error] [pid 81934] [client 13.75.54.243:0] script '/domains/domilici/goods.php' not found or unable to stat
[Sat Jan 31 06:28:29.242058 2026] [php:error] [pid 81934] [client 13.75.54.243:0] script '/domains/domilici/ioxi-o.php' not found or unable to stat
[Sat Jan 31 06:28:29.407070 2026] [php:error] [pid 81938] [client 20.193.64.83:0] script '/domains/rfisher.dnai/aa.php' not found or unable to stat
[Sat Jan 31 06:28:29.448912 2026] [php:error] [pid 81934] [client 13.75.54.243:0] script '/domains/domilici/class-t.api.php' not found or unable to stat
[Sat Jan 31 06:28:29.674160 2026] [php:error] [pid 81934] [client 13.75.54.243:0] script '/domains/domilici/admin.php' not found or unable to stat
[Sat Jan 31 06:28:29.884287 2026] [php:error] [pid 81934] [client 13.75.54.243:0] script '/domains/domilici/sf.php' not found or unable to stat
[Sat Jan 31 06:28:30.098114 2026] [php:error] [pid 81934] [client 13.75.54.243:0] script '/domains/domilici/rip.php' not found or unable to stat
[Sat Jan 31 06:28:30.318093 2026] [php:error] [pid 81934] [client 13.75.54.243:0] script '/domains/domilici/autoload_classmap.php' not found or unable to stat
[Sat Jan 31 06:28:30.457776 2026] [php:error] [pid 81938] [client 20.193.64.83:0] script '/domains/rfisher.dnai/abcd.php' not found or unable to stat
[Sat Jan 31 06:28:30.540617 2026] [php:error] [pid 81934] [client 13.75.54.243:0] script '/domains/domilici/chosen.php' not found or unable to stat
[Sat Jan 31 06:28:30.768273 2026] [php:error] [pid 81934] [client 13.75.54.243:0] script '/domains/domilici/classwithtostring.php' not found or unable to stat
[Sat Jan 31 06:28:30.995145 2026] [php:error] [pid 81934] [client 13.75.54.243:0] script '/domains/domilici/defaults.php' not found or unable to stat
[Sat Jan 31 06:28:31.425642 2026] [php:error] [pid 81938] [client 20.193.64.83:0] script '/domains/rfisher.dnai/admin.php' not found or unable to stat
[Sat Jan 31 06:28:32.031619 2026] [php:error] [pid 81934] [client 13.75.54.243:0] script '/domains/domilici/info.php' not found or unable to stat
[Sat Jan 31 06:28:32.326641 2026] [php:error] [pid 81938] [client 20.193.64.83:0] script '/domains/rfisher.dnai/buy.php' not found or unable to stat
[Sat Jan 31 06:28:33.512742 2026] [php:error] [pid 81934] [client 13.75.54.243:0] script '/domains/domilici/adminfuns.php' not found or unable to stat
[Sat Jan 31 06:28:33.916249 2026] [php:error] [pid 81938] [client 20.193.64.83:0] script '/domains/rfisher.dnai/edit.php' not found or unable to stat
[Sat Jan 31 06:28:34.793438 2026] [php:error] [pid 81938] [client 20.193.64.83:0] script '/domains/rfisher.dnai/file.php' not found or unable to stat
[Sat Jan 31 06:28:35.779811 2026] [php:error] [pid 81938] [client 20.193.64.83:0] script '/domains/rfisher.dnai/flower.php' not found or unable to stat
[Sat Jan 31 06:28:36.704281 2026] [php:error] [pid 81938] [client 20.193.64.83:0] script '/domains/rfisher.dnai/images/index.php' not found or unable to stat
[Sat Jan 31 06:28:37.772032 2026] [php:error] [pid 81938] [client 20.193.64.83:0] script '/domains/rfisher.dnai/info.php' not found or unable to stat
[Sat Jan 31 06:28:38.807224 2026] [php:error] [pid 81938] [client 20.193.64.83:0] script '/domains/rfisher.dnai/ioxi-o.php' not found or unable to stat
[Sat Jan 31 06:28:40.139980 2026] [php:error] [pid 81941] [client 197.213.249.173:0] script '/domains/nlyfoods/wp-login.php' not found or unable to stat
[Sat Jan 31 06:28:40.275966 2026] [php:error] [pid 81938] [client 20.193.64.83:0] script '/domains/rfisher.dnai/nc4.php' not found or unable to stat
[Sat Jan 31 06:28:40.885566 2026] [php:error] [pid 81940] [client 62.60.130.210:0] script '/domains/nlyfoods/wp-login.php' not found or unable to stat
[Sat Jan 31 06:28:41.240280 2026] [php:error] [pid 81938] [client 20.193.64.83:0] script '/domains/rfisher.dnai/xleet.php' not found or unable to stat
[Sat Jan 31 06:28:44.498573 2026] [php:error] [pid 81942] [client 62.60.130.210:0] script '/domains/conservation1/wp-login.php' not found or unable to stat, referer: https://www.facebook.com/
[Sat Jan 31 06:28:45.412484 2026] [php:error] [pid 81938] [client 20.193.64.83:0] script '/domains/rfisher.dnai/wp-good.php' not found or unable to stat
[Sat Jan 31 06:28:45.482530 2026] [php:error] [pid 81941] [client 62.60.130.210:0] script '/domains/conservation1/wp-login.php' not found or unable to stat
[Sat Jan 31 06:28:48.003001 2026] [php:error] [pid 81938] [client 20.193.64.83:0] script '/domains/rfisher.dnai/xmrlpc.php' not found or unable to stat
[Sat Jan 31 06:28:48.879962 2026] [php:error] [pid 81938] [client 20.193.64.83:0] script '/domains/rfisher.dnai/about.php' not found or unable to stat
[Sat Jan 31 06:28:49.635910 2026] [php:error] [pid 81938] [client 20.193.64.83:0] script '/domains/rfisher.dnai/adminfuns.php' not found or unable to stat
[Sat Jan 31 06:28:50.309861 2026] [php:error] [pid 81938] [client 20.193.64.83:0] script '/domains/rfisher.dnai/alfa.php' not found or unable to stat
[Sat Jan 31 06:28:50.974101 2026] [php:error] [pid 81938] [client 20.193.64.83:0] script '/domains/rfisher.dnai/asasx.php' not found or unable to stat
[Sat Jan 31 06:28:51.741563 2026] [php:error] [pid 81938] [client 20.193.64.83:0] script '/domains/rfisher.dnai/autoload_classmap.php' not found or unable to stat
[Sat Jan 31 06:28:52.544803 2026] [php:error] [pid 81938] [client 20.193.64.83:0] script '/domains/rfisher.dnai/classwithtostring.php' not found or unable to stat
[Sat Jan 31 06:28:53.356788 2026] [php:error] [pid 81938] [client 20.193.64.83:0] script '/domains/rfisher.dnai/cong.php' not found or unable to stat
[Sat Jan 31 06:28:54.028822 2026] [php:error] [pid 81938] [client 20.193.64.83:0] script '/domains/rfisher.dnai/file2.php' not found or unable to stat
[Sat Jan 31 06:28:54.701980 2026] [php:error] [pid 81938] [client 20.193.64.83:0] script '/domains/rfisher.dnai/moon.php' not found or unable to stat
[Sat Jan 31 06:29:00.423721 2026] [php:error] [pid 81938] [client 20.193.64.83:0] script '/domains/rfisher.dnai/wp-cron.php' not found or unable to stat
[Sat Jan 31 06:29:06.990709 2026] [php:error] [pid 81939] [client 20.100.196.146:0] script '/domains/telacomp/re.php' not found or unable to stat
[Sat Jan 31 06:29:07.090123 2026] [php:error] [pid 81939] [client 20.100.196.146:0] script '/domains/telacomp/ms-edit.php' not found or unable to stat
[Sat Jan 31 06:29:07.186671 2026] [php:error] [pid 81939] [client 20.100.196.146:0] script '/domains/telacomp/w2025.php' not found or unable to stat
[Sat Jan 31 06:29:17.833751 2026] [php:error] [pid 81932] [client 20.100.196.146:0] script '/domains/gk3c/re.php' not found or unable to stat
[Sat Jan 31 06:29:17.935729 2026] [php:error] [pid 81932] [client 20.100.196.146:0] script '/domains/gk3c/ms-edit.php' not found or unable to stat
[Sat Jan 31 06:29:18.029963 2026] [php:error] [pid 81932] [client 20.100.196.146:0] script '/domains/gk3c/w2025.php' not found or unable to stat
[Sat Jan 31 06:29:20.457110 2026] [php:error] [pid 81934] [client 20.240.47.47:0] script '/domains/piltdweb1/re.php' not found or unable to stat
[Sat Jan 31 06:29:20.552614 2026] [php:error] [pid 81934] [client 20.240.47.47:0] script '/domains/piltdweb1/ms-edit.php' not found or unable to stat
[Sat Jan 31 06:29:20.654358 2026] [php:error] [pid 81934] [client 20.240.47.47:0] script '/domains/piltdweb1/w2025.php' not found or unable to stat
[Sat Jan 31 06:29:28.622612 2026] [php:error] [pid 81939] [client 20.203.132.68:0] script '/domains/carynm/re.php' not found or unable to stat
[Sat Jan 31 06:29:28.719309 2026] [php:error] [pid 81939] [client 20.203.132.68:0] script '/domains/carynm/ms-edit.php' not found or unable to stat
[Sat Jan 31 06:29:28.814464 2026] [php:error] [pid 81939] [client 20.203.132.68:0] script '/domains/carynm/w2025.php' not found or unable to stat
[Sat Jan 31 06:29:29.079071 2026] [php:error] [pid 81942] [client 20.211.1.249:0] script '/domains/trodine/autoload_classmap.php' not found or unable to stat
[Sat Jan 31 06:29:30.446923 2026] [php:error] [pid 81942] [client 20.211.1.249:0] script '/domains/trodine/post.php' not found or unable to stat
[Sat Jan 31 06:29:30.648760 2026] [php:error] [pid 81942] [client 20.211.1.249:0] script '/domains/trodine/1.php' not found or unable to stat
[Sat Jan 31 06:29:30.907280 2026] [php:error] [pid 81942] [client 20.211.1.249:0] script '/domains/trodine/flower.php' not found or unable to stat
[Sat Jan 31 06:29:31.117276 2026] [php:error] [pid 81942] [client 20.211.1.249:0] script '/domains/trodine/admin.php' not found or unable to stat
[Sat Jan 31 06:29:32.470136 2026] [php:error] [pid 81942] [client 20.211.1.249:0] script '/domains/trodine/file.php' not found or unable to stat
[Sat Jan 31 06:29:33.806699 2026] [php:error] [pid 81942] [client 20.211.1.249:0] script '/domains/trodine/meta.php' not found or unable to stat
[Sat Jan 31 06:29:34.040982 2026] [php:error] [pid 81942] [client 20.211.1.249:0] script '/domains/trodine/index.php' not found or unable to stat
[Sat Jan 31 06:29:35.380763 2026] [php:error] [pid 81942] [client 20.211.1.249:0] script '/domains/trodine/abcd.php' not found or unable to stat
[Sat Jan 31 06:29:36.835193 2026] [php:error] [pid 81942] [client 20.211.1.249:0] script '/domains/trodine/about.php' not found or unable to stat
[Sat Jan 31 06:29:37.844648 2026] [php:error] [pid 81942] [client 20.211.1.249:0] script '/domains/trodine/randkeyword.php' not found or unable to stat
[Sat Jan 31 06:29:38.046184 2026] [php:error] [pid 81942] [client 20.211.1.249:0] script '/domains/trodine/goods.php' not found or unable to stat
[Sat Jan 31 06:29:39.068656 2026] [php:error] [pid 81942] [client 20.211.1.249:0] script '/domains/trodine/hehe.php' not found or unable to stat
[Sat Jan 31 06:29:39.801495 2026] [php:error] [pid 81942] [client 20.211.1.249:0] script '/domains/trodine/user.php' not found or unable to stat
[Sat Jan 31 06:29:40.869937 2026] [php:error] [pid 81942] [client 20.211.1.249:0] script '/domains/trodine/wp-2019.php' not found or unable to stat
[Sat Jan 31 06:29:41.212298 2026] [php:error] [pid 81942] [client 20.211.1.249:0] script '/domains/trodine/chosen.php' not found or unable to stat
[Sat Jan 31 06:29:41.563878 2026] [php:error] [pid 81934] [client 20.211.164.12:0] script '/domains/performancepartsinc/0byte.php' not found or unable to stat
[Sat Jan 31 06:29:41.763702 2026] [php:error] [pid 81934] [client 20.211.164.12:0] script '/domains/performancepartsinc/LV.php' not found or unable to stat
[Sat Jan 31 06:29:41.964231 2026] [php:error] [pid 81934] [client 20.211.164.12:0] script '/domains/performancepartsinc/Sanskrit.php' not found or unable to stat
[Sat Jan 31 06:29:42.062946 2026] [php:error] [pid 81942] [client 20.211.1.249:0] script '/domains/trodine/functions.php' not found or unable to stat
[Sat Jan 31 06:29:42.357952 2026] [php:error] [pid 81942] [client 20.211.1.249:0] script '/domains/trodine/cron.php' not found or unable to stat
[Sat Jan 31 06:29:42.557605 2026] [php:error] [pid 81942] [client 20.211.1.249:0] script '/domains/trodine/edit.php' not found or unable to stat
[Sat Jan 31 06:29:42.764153 2026] [php:error] [pid 81942] [client 20.211.1.249:0] script '/domains/trodine/gecko-new.php' not found or unable to stat
[Sat Jan 31 06:29:42.969519 2026] [php:error] [pid 81934] [client 20.211.164.12:0] script '/domains/performancepartsinc/contacts.php' not found or unable to stat
[Sat Jan 31 06:29:43.195172 2026] [php:error] [pid 81942] [client 20.211.1.249:0] script '/domains/trodine/cookie.php' not found or unable to stat
[Sat Jan 31 06:29:43.378333 2026] [php:error] [pid 81934] [client 20.211.164.12:0] script '/domains/performancepartsinc/dump.php' not found or unable to stat
[Sat Jan 31 06:29:43.450808 2026] [php:error] [pid 81942] [client 20.211.1.249:0] script '/domains/trodine/xleet.php' not found or unable to stat
[Sat Jan 31 06:29:43.577893 2026] [php:error] [pid 81934] [client 20.211.164.12:0] script '/domains/performancepartsinc/ext.php' not found or unable to stat
[Sat Jan 31 06:29:44.188109 2026] [php:error] [pid 81934] [client 20.211.164.12:0] script '/domains/performancepartsinc/gifclass.php' not found or unable to stat
[Sat Jan 31 06:29:44.266472 2026] [php:error] [pid 81942] [client 20.211.1.249:0] script '/domains/trodine/spip.php' not found or unable to stat
[Sat Jan 31 06:29:44.388653 2026] [php:error] [pid 81934] [client 20.211.164.12:0] script '/domains/performancepartsinc/images/class.php' not found or unable to stat
[Sat Jan 31 06:29:44.483981 2026] [php:error] [pid 81942] [client 20.211.1.249:0] script '/domains/trodine/22.php' not found or unable to stat
[Sat Jan 31 06:29:44.587960 2026] [php:error] [pid 81934] [client 20.211.164.12:0] script '/domains/performancepartsinc/images/wp-aespa.php' not found or unable to stat
[Sat Jan 31 06:29:44.963721 2026] [php:error] [pid 81942] [client 20.211.1.249:0] script '/domains/trodine/room.php' not found or unable to stat
[Sat Jan 31 06:29:44.987591 2026] [php:error] [pid 81934] [client 20.211.164.12:0] script '/domains/performancepartsinc/l.php' not found or unable to stat
[Sat Jan 31 06:29:45.186798 2026] [php:error] [pid 81934] [client 20.211.164.12:0] script '/domains/performancepartsinc/litespeed.php' not found or unable to stat
[Sat Jan 31 06:29:45.387666 2026] [php:error] [pid 81934] [client 20.211.164.12:0] script '/domains/performancepartsinc/natural.php' not found or unable to stat
[Sat Jan 31 06:29:46.021172 2026] [php:error] [pid 81942] [client 20.211.1.249:0] script '/domains/trodine/disagreed.php' not found or unable to stat
[Sat Jan 31 06:29:46.390694 2026] [php:error] [pid 81934] [client 20.211.164.12:0] script '/domains/performancepartsinc/sitemap.php' not found or unable to stat
[Sat Jan 31 06:29:46.894086 2026] [php:error] [pid 81942] [client 20.211.1.249:0] script '/domains/trodine/text.php' not found or unable to stat
[Sat Jan 31 06:29:47.440949 2026] [php:error] [pid 81942] [client 20.211.1.249:0] script '/domains/trodine/alfa-rex.php' not found or unable to stat
[Sat Jan 31 06:29:47.786346 2026] [php:error] [pid 81934] [client 20.211.164.12:0] script '/domains/performancepartsinc/worm.PhP' not found or unable to stat
[Sat Jan 31 06:29:48.970804 2026] [php:error] [pid 81942] [client 20.211.1.249:0] script '/domains/trodine/feeds.php' not found or unable to stat
[Sat Jan 31 06:29:49.261599 2026] [php:error] [pid 81942] [client 20.211.1.249:0] script '/domains/trodine/radio.php' not found or unable to stat
[Sat Jan 31 06:29:49.462368 2026] [php:error] [pid 81942] [client 20.211.1.249:0] script '/domains/trodine/dropdown.php' not found or unable to stat
[Sat Jan 31 06:29:50.029474 2026] [php:error] [pid 81942] [client 20.211.1.249:0] script '/domains/trodine/defaults.php' not found or unable to stat
[Sat Jan 31 06:29:50.234326 2026] [php:error] [pid 81942] [client 20.211.1.249:0] script '/domains/trodine/system.php' not found or unable to stat
[Sat Jan 31 06:29:50.463312 2026] [php:error] [pid 81942] [client 20.211.1.249:0] script '/domains/trodine/xmlrpc.php' not found or unable to stat
[Sat Jan 31 06:29:51.378659 2026] [php:error] [pid 81934] [client 20.211.164.12:0] script '/domains/performancepartsinc/wp-commentin.php' not found or unable to stat
[Sat Jan 31 06:29:51.575070 2026] [php:error] [pid 81934] [client 20.211.164.12:0] script '/domains/performancepartsinc/wp-content.php' not found or unable to stat
[Sat Jan 31 06:29:52.168131 2026] [php:error] [pid 81942] [client 20.211.1.249:0] script '/domains/trodine/colors.php' not found or unable to stat
[Sat Jan 31 06:29:53.541590 2026] [php:error] [pid 81942] [client 20.211.1.249:0] script '/domains/trodine/updates.php' not found or unable to stat
[Sat Jan 31 06:29:54.328174 2026] [php:error] [pid 81934] [client 20.211.164.12:0] script '/domains/performancepartsinc/wp-fmfile.php' not found or unable to stat
[Sat Jan 31 06:29:54.528196 2026] [php:error] [pid 81934] [client 20.211.164.12:0] script '/domains/performancepartsinc/wp-good.php' not found or unable to stat
[Sat Jan 31 06:29:55.005454 2026] [php:error] [pid 81942] [client 20.211.1.249:0] script '/domains/trodine/alfa-rex1.php' not found or unable to stat
[Sat Jan 31 06:29:55.717300 2026] [php:error] [pid 81942] [client 20.211.1.249:0] script '/domains/trodine/wp-index.php' not found or unable to stat
[Sat Jan 31 06:29:56.846026 2026] [php:error] [pid 81942] [client 20.211.1.249:0] script '/domains/trodine/wp-admin.php' not found or unable to stat
[Sat Jan 31 06:29:57.069752 2026] [php:error] [pid 81942] [client 20.211.1.249:0] script '/domains/trodine/alfa.php' not found or unable to stat
[Sat Jan 31 06:29:58.173725 2026] [php:error] [pid 81942] [client 20.211.1.249:0] script '/domains/trodine/locale.php' not found or unable to stat
[Sat Jan 31 06:29:58.408321 2026] [php:error] [pid 81942] [client 20.211.1.249:0] script '/domains/trodine/wxo.php' not found or unable to stat
[Sat Jan 31 06:29:58.628204 2026] [php:error] [pid 81942] [client 20.211.1.249:0] script '/domains/trodine/colour.php' not found or unable to stat
[Sat Jan 31 06:29:59.589799 2026] [php:error] [pid 81942] [client 20.211.1.249:0] script '/domains/trodine/files.php' not found or unable to stat
[Sat Jan 31 06:29:59.859941 2026] [php:error] [pid 81934] [client 20.211.164.12:0] script '/domains/performancepartsinc/wp-themes.php' not found or unable to stat
[Sat Jan 31 06:30:00.057581 2026] [php:error] [pid 81942] [client 20.211.1.249:0] script '/domains/trodine/install.php' not found or unable to stat
[Sat Jan 31 06:30:00.064629 2026] [php:error] [pid 81934] [client 20.211.164.12:0] script '/domains/performancepartsinc/wp-user.php' not found or unable to stat
[Sat Jan 31 06:30:00.261561 2026] [php:error] [pid 81934] [client 20.211.164.12:0] script '/domains/performancepartsinc/wp_wlx.php' not found or unable to stat
[Sat Jan 31 06:30:00.459022 2026] [php:error] [pid 81934] [client 20.211.164.12:0] script '/domains/performancepartsinc/wpn.php' not found or unable to stat
[Sat Jan 31 06:30:01.385274 2026] [php:error] [pid 81942] [client 20.211.1.249:0] script '/domains/trodine/wp-contentt.php' not found or unable to stat
[Sat Jan 31 06:30:02.987907 2026] [php:error] [pid 81942] [client 20.211.1.249:0] script '/domains/trodine/config.php' not found or unable to stat
[Sat Jan 31 06:30:03.923741 2026] [php:error] [pid 81942] [client 20.211.1.249:0] script '/domains/trodine/theme.php' not found or unable to stat
[Sat Jan 31 06:30:04.773751 2026] [php:error] [pid 81942] [client 20.211.1.249:0] script '/domains/trodine/block-bindings.php' not found or unable to stat
[Sat Jan 31 06:30:04.973356 2026] [php:error] [pid 81942] [client 20.211.1.249:0] script '/domains/trodine/class_api.php' not found or unable to stat
[Sat Jan 31 06:30:05.186269 2026] [php:error] [pid 81942] [client 20.211.1.249:0] script '/domains/trodine/inputs.php' not found or unable to stat
[Sat Jan 31 06:30:05.388141 2026] [php:error] [pid 81942] [client 20.211.1.249:0] script '/domains/trodine/root.php' not found or unable to stat
[Sat Jan 31 06:30:06.220133 2026] [php:error] [pid 81942] [client 20.211.1.249:0] script '/domains/trodine/menu.php' not found or unable to stat
[Sat Jan 31 06:30:06.435038 2026] [php:error] [pid 81942] [client 20.211.1.249:0] script '/domains/trodine/plugin.php' not found or unable to stat
[Sat Jan 31 06:30:06.669791 2026] [php:error] [pid 81942] [client 20.211.1.249:0] script '/domains/trodine/cloud.php' not found or unable to stat
[Sat Jan 31 06:30:06.883458 2026] [php:error] [pid 81942] [client 20.211.1.249:0] script '/domains/trodine/configs.php' not found or unable to stat
[Sat Jan 31 06:30:07.141398 2026] [php:error] [pid 81942] [client 20.211.1.249:0] script '/domains/trodine/wp-configs.php' not found or unable to stat
[Sat Jan 31 06:30:08.274398 2026] [php:error] [pid 81942] [client 20.211.1.249:0] script '/domains/trodine/update.php' not found or unable to stat
[Sat Jan 31 06:30:09.456225 2026] [php:error] [pid 81942] [client 20.211.1.249:0] script '/domains/trodine/2.php' not found or unable to stat
[Sat Jan 31 06:30:09.670727 2026] [php:error] [pid 81942] [client 20.211.1.249:0] script '/domains/trodine/input.php' not found or unable to stat
[Sat Jan 31 06:30:09.894233 2026] [php:error] [pid 81942] [client 20.211.1.249:0] script '/domains/trodine/aaa.php' not found or unable to stat
[Sat Jan 31 06:30:29.219288 2026] [php:error] [pid 81949] [client 62.60.130.210:0] script '/domains/larrysr/wp-login.php' not found or unable to stat, referer: https://www.google.com/
[Sat Jan 31 06:30:30.258830 2026] [php:error] [pid 81934] [client 62.60.130.210:0] script '/domains/larrysr/wp-login.php' not found or unable to stat, referer: https://www.reddit.com/
[Sat Jan 31 06:31:22.476402 2026] [php:error] [pid 81942] [client 172.213.25.189:0] script '/domains/rainho/re.php' not found or unable to stat
[Sat Jan 31 06:31:22.567946 2026] [php:error] [pid 81942] [client 172.213.25.189:0] script '/domains/rainho/ms-edit.php' not found or unable to stat
[Sat Jan 31 06:31:22.658219 2026] [php:error] [pid 81942] [client 172.213.25.189:0] script '/domains/rainho/w2025.php' not found or unable to stat
[Sat Jan 31 06:31:27.847532 2026] [php:error] [pid 81956] [client 74.248.24.238:0] script '/domains/pookie.dnai/rip.php' not found or unable to stat
[Sat Jan 31 06:31:41.282923 2026] [php:error] [pid 81961] [client 188.74.83.105:0] script '/domains/micra/wp-login.php' not found or unable to stat, referer: https://www.facebook.com/
[Sat Jan 31 06:31:42.307992 2026] [php:error] [pid 81953] [client 62.60.130.210:0] script '/domains/micra/wp-login.php' not found or unable to stat
[Sat Jan 31 06:31:44.954026 2026] [php:error] [pid 81956] [client 206.48.122.132:0] script '/domains/pbuilder/wp-login.php' not found or unable to stat, referer: https://twitter.com/
[Sat Jan 31 06:31:46.112454 2026] [php:error] [pid 81961] [client 62.60.130.210:0] script '/domains/pbuilder/wp-login.php' not found or unable to stat, referer: https://www.bing.com/
[Sat Jan 31 06:31:49.024897 2026] [php:error] [pid 81954] [client 222.187.106.139:0] script '/domains/performancepartsinc/wp-login.php' not found or unable to stat
[Sat Jan 31 06:31:49.982658 2026] [php:error] [pid 81953] [client 62.60.130.210:0] script '/domains/performancepartsinc/wp-login.php' not found or unable to stat
[Sat Jan 31 06:31:53.044196 2026] [php:error] [pid 81953] [client 62.60.130.210:0] script '/domains/highlandlabs/wp-login.php' not found or unable to stat, referer: https://www.google.com/
[Sat Jan 31 06:31:53.960020 2026] [php:error] [pid 81965] [client 62.60.130.210:0] script '/domains/highlandlabs/wp-login.php' not found or unable to stat
[Sat Jan 31 06:31:55.294931 2026] [php:error] [pid 81967] [client 45.148.10.244:0] script '/domains/tennex/phpinfo.php' not found or unable to stat
[Sat Jan 31 06:32:00.909707 2026] [php:error] [pid 81971] [client 45.148.10.244:0] script '/domains/tennex/_phpinfo.php' not found or unable to stat
[Sat Jan 31 06:32:05.831197 2026] [php:error] [pid 81966] [client 172.213.25.189:0] script '/domains/koenig.interport/re.php' not found or unable to stat
[Sat Jan 31 06:32:05.922018 2026] [php:error] [pid 81966] [client 172.213.25.189:0] script '/domains/koenig.interport/ms-edit.php' not found or unable to stat
[Sat Jan 31 06:32:06.012714 2026] [php:error] [pid 81966] [client 172.213.25.189:0] script '/domains/koenig.interport/w2025.php' not found or unable to stat
[Sat Jan 31 06:32:14.320483 2026] [php:error] [pid 81968] [client 45.148.10.244:0] script '/domains/tennex/wp-config.php.bak' not found or unable to stat
[Sat Jan 31 06:32:14.471519 2026] [php:error] [pid 81968] [client 45.148.10.244:0] script '/domains/tennex/info.php' not found or unable to stat
[Sat Jan 31 06:32:15.794929 2026] [php:error] [pid 81970] [client 45.148.10.244:0] script '/domains/tennex/server_info.php' not found or unable to stat
[Sat Jan 31 06:32:15.958600 2026] [php:error] [pid 81970] [client 45.148.10.244:0] script '/domains/tennex/app_dev.php' not found or unable to stat
[Sat Jan 31 06:32:16.182886 2026] [php:error] [pid 81970] [client 45.148.10.244:0] script '/domains/tennex/test.php' not found or unable to stat
[Sat Jan 31 06:32:16.387890 2026] [access_compat:error] [pid 81970] [client 45.148.10.244:0] AH01797: client denied by server configuration: /domains/tennex/server-info
[Sat Jan 31 06:32:16.543823 2026] [php:error] [pid 81970] [client 45.148.10.244:0] script '/domains/tennex/server-info.php' not found or unable to stat
[Sat Jan 31 06:32:19.435776 2026] [php:error] [pid 81953] [client 13.75.54.243:0] script '/domains/pmglobal/0byte.php' not found or unable to stat
[Sat Jan 31 06:32:19.649629 2026] [php:error] [pid 81953] [client 13.75.54.243:0] script '/domains/pmglobal/LV.php' not found or unable to stat
[Sat Jan 31 06:32:19.861297 2026] [php:error] [pid 81953] [client 13.75.54.243:0] script '/domains/pmglobal/Sanskrit.php' not found or unable to stat
[Sat Jan 31 06:32:20.933392 2026] [php:error] [pid 81953] [client 13.75.54.243:0] script '/domains/pmglobal/contacts.php' not found or unable to stat
[Sat Jan 31 06:32:21.360494 2026] [php:error] [pid 81953] [client 13.75.54.243:0] script '/domains/pmglobal/dump.php' not found or unable to stat
[Sat Jan 31 06:32:21.572687 2026] [php:error] [pid 81953] [client 13.75.54.243:0] script '/domains/pmglobal/ext.php' not found or unable to stat
[Sat Jan 31 06:32:22.216167 2026] [php:error] [pid 81953] [client 13.75.54.243:0] script '/domains/pmglobal/gifclass.php' not found or unable to stat
[Sat Jan 31 06:32:22.429669 2026] [php:error] [pid 81953] [client 13.75.54.243:0] script '/domains/pmglobal/images/class.php' not found or unable to stat
[Sat Jan 31 06:32:22.643986 2026] [php:error] [pid 81953] [client 13.75.54.243:0] script '/domains/pmglobal/images/wp-aespa.php' not found or unable to stat
[Sat Jan 31 06:32:23.068463 2026] [php:error] [pid 81953] [client 13.75.54.243:0] script '/domains/pmglobal/l.php' not found or unable to stat
[Sat Jan 31 06:32:23.280001 2026] [php:error] [pid 81953] [client 13.75.54.243:0] script '/domains/pmglobal/litespeed.php' not found or unable to stat
[Sat Jan 31 06:32:23.494267 2026] [php:error] [pid 81953] [client 13.75.54.243:0] script '/domains/pmglobal/natural.php' not found or unable to stat
[Sat Jan 31 06:32:24.578279 2026] [php:error] [pid 81953] [client 13.75.54.243:0] script '/domains/pmglobal/sitemap.php' not found or unable to stat
[Sat Jan 31 06:32:26.064998 2026] [php:error] [pid 81953] [client 13.75.54.243:0] script '/domains/pmglobal/worm.PhP' not found or unable to stat
[Sat Jan 31 06:32:29.899982 2026] [php:error] [pid 81953] [client 13.75.54.243:0] script '/domains/pmglobal/wp-commentin.php' not found or unable to stat
[Sat Jan 31 06:32:30.111588 2026] [php:error] [pid 81953] [client 13.75.54.243:0] script '/domains/pmglobal/wp-content.php' not found or unable to stat
[Sat Jan 31 06:32:33.110600 2026] [php:error] [pid 81953] [client 13.75.54.243:0] script '/domains/pmglobal/wp-fmfile.php' not found or unable to stat
[Sat Jan 31 06:32:33.324278 2026] [php:error] [pid 81953] [client 13.75.54.243:0] script '/domains/pmglobal/wp-good.php' not found or unable to stat
[Sat Jan 31 06:32:39.149331 2026] [php:error] [pid 81953] [client 13.75.54.243:0] script '/domains/pmglobal/wp-themes.php' not found or unable to stat
[Sat Jan 31 06:32:39.361853 2026] [php:error] [pid 81953] [client 13.75.54.243:0] script '/domains/pmglobal/wp-user.php' not found or unable to stat
[Sat Jan 31 06:32:39.574793 2026] [php:error] [pid 81953] [client 13.75.54.243:0] script '/domains/pmglobal/wp_wlx.php' not found or unable to stat
[Sat Jan 31 06:32:39.787883 2026] [php:error] [pid 81953] [client 13.75.54.243:0] script '/domains/pmglobal/wpn.php' not found or unable to stat
[Sat Jan 31 06:33:02.889745 2026] [php:error] [pid 81989] [client 20.203.132.68:0] script '/domains/tbarnhil/re.php' not found or unable to stat
[Sat Jan 31 06:33:02.985340 2026] [php:error] [pid 81989] [client 20.203.132.68:0] script '/domains/tbarnhil/ms-edit.php' not found or unable to stat
[Sat Jan 31 06:33:03.082667 2026] [php:error] [pid 81989] [client 20.203.132.68:0] script '/domains/tbarnhil/w2025.php' not found or unable to stat
[Sat Jan 31 06:33:37.185645 2026] [php:error] [pid 82000] [client 62.60.130.210:0] script '/domains/system_suspended/wp-login.php' not found or unable to stat
[Sat Jan 31 06:33:38.352134 2026] [php:error] [pid 81999] [client 62.60.130.210:0] script '/domains/system_suspended/wp-login.php' not found or unable to stat, referer: https://twitter.com/
[Sat Jan 31 06:33:54.938113 2026] [php:error] [pid 82001] [client 20.199.113.235:0] script '/domains/system_default/rip.php' not found or unable to stat
[Sat Jan 31 06:34:00.061906 2026] [php:error] [pid 82000] [client 112.121.183.166:0] script '/domains/mschmid/index.php' not found or unable to stat
[Sat Jan 31 06:34:13.599246 2026] [php:error] [pid 81999] [client 20.78.152.240:0] script '/domains/system_default/0byte.php' not found or unable to stat
[Sat Jan 31 06:34:13.771179 2026] [php:error] [pid 81999] [client 20.78.152.240:0] script '/domains/system_default/LV.php' not found or unable to stat
[Sat Jan 31 06:34:13.940411 2026] [php:error] [pid 81999] [client 20.78.152.240:0] script '/domains/system_default/Sanskrit.php' not found or unable to stat
[Sat Jan 31 06:34:14.776212 2026] [php:error] [pid 81999] [client 20.78.152.240:0] script '/domains/system_default/contacts.php' not found or unable to stat
[Sat Jan 31 06:34:15.109354 2026] [php:error] [pid 81999] [client 20.78.152.240:0] script '/domains/system_default/dump.php' not found or unable to stat
[Sat Jan 31 06:34:15.275477 2026] [php:error] [pid 81999] [client 20.78.152.240:0] script '/domains/system_default/ext.php' not found or unable to stat
[Sat Jan 31 06:34:15.776485 2026] [php:error] [pid 81999] [client 20.78.152.240:0] script '/domains/system_default/gifclass.php' not found or unable to stat
[Sat Jan 31 06:34:16.444692 2026] [php:error] [pid 81999] [client 20.78.152.240:0] script '/domains/system_default/l.php' not found or unable to stat
[Sat Jan 31 06:34:16.612864 2026] [php:error] [pid 81999] [client 20.78.152.240:0] script '/domains/system_default/litespeed.php' not found or unable to stat
[Sat Jan 31 06:34:16.782095 2026] [php:error] [pid 81999] [client 20.78.152.240:0] script '/domains/system_default/natural.php' not found or unable to stat
[Sat Jan 31 06:34:17.617014 2026] [php:error] [pid 81999] [client 20.78.152.240:0] script '/domains/system_default/sitemap.php' not found or unable to stat
[Sat Jan 31 06:34:18.787236 2026] [php:error] [pid 81999] [client 20.78.152.240:0] script '/domains/system_default/worm.PhP' not found or unable to stat
[Sat Jan 31 06:34:19.749381 2026] [php:error] [pid 82003] [client 20.213.25.204:0] script '/domains/csiniaws/wp-trackback.php' not found or unable to stat
[Sat Jan 31 06:34:19.956717 2026] [php:error] [pid 82003] [client 20.213.25.204:0] script '/domains/csiniaws/about.php' not found or unable to stat
[Sat Jan 31 06:34:20.156813 2026] [php:error] [pid 82003] [client 20.213.25.204:0] script '/domains/csiniaws/file.php' not found or unable to stat
[Sat Jan 31 06:34:20.356874 2026] [php:error] [pid 82003] [client 20.213.25.204:0] script '/domains/csiniaws/wp-good.php' not found or unable to stat
[Sat Jan 31 06:34:20.563368 2026] [php:error] [pid 82003] [client 20.213.25.204:0] script '/domains/csiniaws/xmlrpc.php' not found or unable to stat
[Sat Jan 31 06:34:20.769912 2026] [php:error] [pid 82003] [client 20.213.25.204:0] script '/domains/csiniaws/goods.php' not found or unable to stat
[Sat Jan 31 06:34:20.971963 2026] [php:error] [pid 82003] [client 20.213.25.204:0] script '/domains/csiniaws/ioxi-o.php' not found or unable to stat
[Sat Jan 31 06:34:21.172067 2026] [php:error] [pid 82003] [client 20.213.25.204:0] script '/domains/csiniaws/class-t.api.php' not found or unable to stat
[Sat Jan 31 06:34:21.371972 2026] [php:error] [pid 82003] [client 20.213.25.204:0] script '/domains/csiniaws/admin.php' not found or unable to stat
[Sat Jan 31 06:34:21.573389 2026] [php:error] [pid 82003] [client 20.213.25.204:0] script '/domains/csiniaws/sf.php' not found or unable to stat
[Sat Jan 31 06:34:21.774704 2026] [php:error] [pid 82003] [client 20.213.25.204:0] script '/domains/csiniaws/rip.php' not found or unable to stat
[Sat Jan 31 06:34:21.815271 2026] [php:error] [pid 81999] [client 20.78.152.240:0] script '/domains/system_default/wp-commentin.php' not found or unable to stat
[Sat Jan 31 06:34:21.981601 2026] [php:error] [pid 81999] [client 20.78.152.240:0] script '/domains/system_default/wp-content.php' not found or unable to stat
[Sat Jan 31 06:34:21.982857 2026] [php:error] [pid 82003] [client 20.213.25.204:0] script '/domains/csiniaws/autoload_classmap.php' not found or unable to stat
[Sat Jan 31 06:34:22.182993 2026] [php:error] [pid 82003] [client 20.213.25.204:0] script '/domains/csiniaws/chosen.php' not found or unable to stat
[Sat Jan 31 06:34:22.389683 2026] [php:error] [pid 82003] [client 20.213.25.204:0] script '/domains/csiniaws/classwithtostring.php' not found or unable to stat
[Sat Jan 31 06:34:22.591686 2026] [php:error] [pid 82003] [client 20.213.25.204:0] script '/domains/csiniaws/defaults.php' not found or unable to stat
[Sat Jan 31 06:34:23.603065 2026] [php:error] [pid 82003] [client 20.213.25.204:0] script '/domains/csiniaws/info.php' not found or unable to stat
[Sat Jan 31 06:34:24.338023 2026] [php:error] [pid 81999] [client 20.78.152.240:0] script '/domains/system_default/wp-fmfile.php' not found or unable to stat
[Sat Jan 31 06:34:24.509704 2026] [php:error] [pid 81999] [client 20.78.152.240:0] script '/domains/system_default/wp-good.php' not found or unable to stat
[Sat Jan 31 06:34:25.041181 2026] [php:error] [pid 82003] [client 20.213.25.204:0] script '/domains/csiniaws/adminfuns.php' not found or unable to stat
[Sat Jan 31 06:34:29.037675 2026] [php:error] [pid 81999] [client 20.78.152.240:0] script '/domains/system_default/wp-themes.php' not found or unable to stat
[Sat Jan 31 06:34:29.203878 2026] [php:error] [pid 81999] [client 20.78.152.240:0] script '/domains/system_default/wp-user.php' not found or unable to stat
[Sat Jan 31 06:34:29.369863 2026] [php:error] [pid 81999] [client 20.78.152.240:0] script '/domains/system_default/wp_wlx.php' not found or unable to stat
[Sat Jan 31 06:34:29.540360 2026] [php:error] [pid 81999] [client 20.78.152.240:0] script '/domains/system_default/wpn.php' not found or unable to stat
[Sat Jan 31 06:34:58.140449 2026] [core:crit] [pid 81999] (13)Permission denied: [client 114.119.156.3:0] AH00529: /domains/dcarlone/test/web/.htaccess pcfg_openfile: unable to check htaccess file, ensure it is readable and that '/domains/dcarlone/test/web/' is executable, referer: http://www.carloneassociates.com/test/web/i.php/casual-dating-portale-test/
[Sat Jan 31 06:35:02.149739 2026] [php:error] [pid 82003] [client 20.78.152.240:0] script '/domains/fbardin/wp-trackback.php' not found or unable to stat
[Sat Jan 31 06:35:02.315427 2026] [php:error] [pid 82003] [client 20.78.152.240:0] script '/domains/fbardin/about.php' not found or unable to stat
[Sat Jan 31 06:35:02.492150 2026] [php:error] [pid 82003] [client 20.78.152.240:0] script '/domains/fbardin/file.php' not found or unable to stat
[Sat Jan 31 06:35:02.657898 2026] [php:error] [pid 82003] [client 20.78.152.240:0] script '/domains/fbardin/wp-good.php' not found or unable to stat
[Sat Jan 31 06:35:02.824385 2026] [php:error] [pid 82003] [client 20.78.152.240:0] script '/domains/fbardin/xmlrpc.php' not found or unable to stat
[Sat Jan 31 06:35:02.994782 2026] [php:error] [pid 82003] [client 20.78.152.240:0] script '/domains/fbardin/goods.php' not found or unable to stat
[Sat Jan 31 06:35:03.161099 2026] [php:error] [pid 82003] [client 20.78.152.240:0] script '/domains/fbardin/ioxi-o.php' not found or unable to stat
[Sat Jan 31 06:35:03.328045 2026] [php:error] [pid 82003] [client 20.78.152.240:0] script '/domains/fbardin/class-t.api.php' not found or unable to stat
[Sat Jan 31 06:35:03.503224 2026] [php:error] [pid 82003] [client 20.78.152.240:0] script '/domains/fbardin/admin.php' not found or unable to stat
[Sat Jan 31 06:35:03.669323 2026] [php:error] [pid 82003] [client 20.78.152.240:0] script '/domains/fbardin/sf.php' not found or unable to stat
[Sat Jan 31 06:35:03.852503 2026] [php:error] [pid 82003] [client 20.78.152.240:0] script '/domains/fbardin/rip.php' not found or unable to stat
[Sat Jan 31 06:35:04.018053 2026] [php:error] [pid 82003] [client 20.78.152.240:0] script '/domains/fbardin/autoload_classmap.php' not found or unable to stat
[Sat Jan 31 06:35:04.183852 2026] [php:error] [pid 82003] [client 20.78.152.240:0] script '/domains/fbardin/chosen.php' not found or unable to stat
[Sat Jan 31 06:35:04.367023 2026] [php:error] [pid 82003] [client 20.78.152.240:0] script '/domains/fbardin/classwithtostring.php' not found or unable to stat
[Sat Jan 31 06:35:04.532395 2026] [php:error] [pid 82003] [client 20.78.152.240:0] script '/domains/fbardin/defaults.php' not found or unable to stat
[Sat Jan 31 06:35:05.373111 2026] [php:error] [pid 82003] [client 20.78.152.240:0] script '/domains/fbardin/info.php' not found or unable to stat
[Sat Jan 31 06:35:06.577723 2026] [php:error] [pid 82003] [client 20.78.152.240:0] script '/domains/fbardin/adminfuns.php' not found or unable to stat
[Sat Jan 31 06:35:14.120447 2026] [php:error] [pid 81964] [client 182.96.164.74:0] script '/domains/fayemoran/login8.php' not found or unable to stat, referer: http://www.fmoran.com/login8.php
[Sat Jan 31 06:35:14.381966 2026] [php:error] [pid 82005] [client 182.96.52.140:0] script '/domains/fayemoran/7.php' not found or unable to stat, referer: http://www.fmoran.com/7.php
[Sat Jan 31 06:36:10.172242 2026] [php:error] [pid 82004] [client 158.158.35.58:0] script '/domains/system_suspended/re.php' not found or unable to stat
[Sat Jan 31 06:36:10.257996 2026] [php:error] [pid 82004] [client 158.158.35.58:0] script '/domains/system_suspended/ms-edit.php' not found or unable to stat
[Sat Jan 31 06:36:10.343693 2026] [php:error] [pid 82004] [client 158.158.35.58:0] script '/domains/system_suspended/w2025.php' not found or unable to stat
[Sat Jan 31 06:36:32.537278 2026] [php:error] [pid 82016] [client 20.223.150.246:0] script '/domains/nmksgroupweb/re.php' not found or unable to stat
[Sat Jan 31 06:36:32.608409 2026] [php:error] [pid 82016] [client 20.223.150.246:0] script '/domains/nmksgroupweb/ms-edit.php' not found or unable to stat
[Sat Jan 31 06:36:32.678707 2026] [php:error] [pid 82016] [client 20.223.150.246:0] script '/domains/nmksgroupweb/w2025.php' not found or unable to stat
[Sat Jan 31 06:36:55.793482 2026] [php:error] [pid 82004] [client 62.60.130.210:0] script '/domains/smartny/wp-login.php' not found or unable to stat, referer: https://www.google.com/
[Sat Jan 31 06:36:58.280108 2026] [php:error] [pid 82004] [client 62.60.130.210:0] script '/domains/smartny/wp-login.php' not found or unable to stat
[Sat Jan 31 06:37:03.563841 2026] [php:error] [pid 82016] [client 62.60.130.210:0] script '/domains/awciii/wp-login.php' not found or unable to stat, referer: https://www.google.com/
[Sat Jan 31 06:37:04.494223 2026] [php:error] [pid 82020] [client 62.60.130.210:0] script '/domains/awciii/wp-login.php' not found or unable to stat
[Sat Jan 31 06:37:08.519396 2026] [php:error] [pid 82004] [client 62.60.130.210:0] script '/domains/astrosfm/wp-login.php' not found or unable to stat
[Sat Jan 31 06:37:09.575766 2026] [php:error] [pid 82019] [client 62.60.130.210:0] script '/domains/astrosfm/wp-login.php' not found or unable to stat
[Sat Jan 31 06:37:12.816072 2026] [php:error] [pid 82020] [client 62.60.130.210:0] script '/domains/navarrospring/wp-login.php' not found or unable to stat
[Sat Jan 31 06:37:13.768330 2026] [php:error] [pid 82005] [client 62.60.130.210:0] script '/domains/navarrospring/wp-login.php' not found or unable to stat
[Sat Jan 31 06:37:26.193711 2026] [php:error] [pid 82005] [client 62.60.130.210:0] script '/domains/king1969/wp-login.php' not found or unable to stat, referer: https://www.google.co.uk/search?q=wordpress
[Sat Jan 31 06:37:27.260161 2026] [php:error] [pid 82025] [client 62.60.130.210:0] script '/domains/king1969/wp-login.php' not found or unable to stat, referer: https://twitter.com/
[Sat Jan 31 06:37:30.615526 2026] [php:error] [pid 82019] [client 62.60.130.210:0] script '/domains/dcoffman/wp-login.php' not found or unable to stat, referer: https://twitter.com/
[Sat Jan 31 06:37:31.557772 2026] [php:error] [pid 82026] [client 62.60.130.210:0] script '/domains/dcoffman/wp-login.php' not found or unable to stat, referer: https://twitter.com/
[Sat Jan 31 06:38:43.213876 2026] [php:error] [pid 82019] [client 62.60.130.210:0] script '/domains/quintet/wp-login.php' not found or unable to stat, referer: https://www.google.jp/search?q=wordpress
[Sat Jan 31 06:38:44.027812 2026] [php:error] [pid 82020] [client 62.60.130.210:0] script '/domains/quintet/wp-login.php' not found or unable to stat, referer: https://www.linkedin.com/
[Sat Jan 31 06:38:47.820617 2026] [php:error] [pid 82019] [client 62.60.130.210:0] script '/domains/nostrada/wp-login.php' not found or unable to stat
[Sat Jan 31 06:38:48.737460 2026] [php:error] [pid 82030] [client 62.60.130.210:0] script '/domains/nostrada/wp-login.php' not found or unable to stat
[Sat Jan 31 06:38:49.481562 2026] [php:error] [pid 82029] [client 20.223.150.246:0] script '/domains/hpveweb/rip.php' not found or unable to stat
[Sat Jan 31 06:38:51.927225 2026] [php:error] [pid 82026] [client 62.60.130.210:0] script '/domains/amisol/wp-login.php' not found or unable to stat, referer: https://wordpress.org/
[Sat Jan 31 06:38:52.758881 2026] [php:error] [pid 82025] [client 62.60.130.210:0] script '/domains/amisol/wp-login.php' not found or unable to stat
[Sat Jan 31 06:39:41.275048 2026] [php:error] [pid 82030] [client 4.193.194.148:0] script '/domains/brenties/wp-trackback.php' not found or unable to stat
[Sat Jan 31 06:39:41.498739 2026] [php:error] [pid 82030] [client 4.193.194.148:0] script '/domains/brenties/about.php' not found or unable to stat
[Sat Jan 31 06:39:41.722473 2026] [php:error] [pid 82030] [client 4.193.194.148:0] script '/domains/brenties/file.php' not found or unable to stat
[Sat Jan 31 06:39:41.946339 2026] [php:error] [pid 82030] [client 4.193.194.148:0] script '/domains/brenties/wp-good.php' not found or unable to stat
[Sat Jan 31 06:39:42.170946 2026] [php:error] [pid 82030] [client 4.193.194.148:0] script '/domains/brenties/xmlrpc.php' not found or unable to stat
[Sat Jan 31 06:39:42.395739 2026] [php:error] [pid 82030] [client 4.193.194.148:0] script '/domains/brenties/goods.php' not found or unable to stat
[Sat Jan 31 06:39:42.620789 2026] [php:error] [pid 82030] [client 4.193.194.148:0] script '/domains/brenties/ioxi-o.php' not found or unable to stat
[Sat Jan 31 06:39:42.844421 2026] [php:error] [pid 82030] [client 4.193.194.148:0] script '/domains/brenties/class-t.api.php' not found or unable to stat
[Sat Jan 31 06:39:43.067704 2026] [php:error] [pid 82030] [client 4.193.194.148:0] script '/domains/brenties/admin.php' not found or unable to stat
[Sat Jan 31 06:39:43.302292 2026] [php:error] [pid 82030] [client 4.193.194.148:0] script '/domains/brenties/sf.php' not found or unable to stat
[Sat Jan 31 06:39:43.525762 2026] [php:error] [pid 82030] [client 4.193.194.148:0] script '/domains/brenties/rip.php' not found or unable to stat
[Sat Jan 31 06:39:43.749382 2026] [php:error] [pid 82030] [client 4.193.194.148:0] script '/domains/brenties/autoload_classmap.php' not found or unable to stat
[Sat Jan 31 06:39:43.972919 2026] [php:error] [pid 82030] [client 4.193.194.148:0] script '/domains/brenties/chosen.php' not found or unable to stat
[Sat Jan 31 06:39:44.196477 2026] [php:error] [pid 82030] [client 4.193.194.148:0] script '/domains/brenties/classwithtostring.php' not found or unable to stat
[Sat Jan 31 06:39:44.421298 2026] [php:error] [pid 82030] [client 4.193.194.148:0] script '/domains/brenties/defaults.php' not found or unable to stat
[Sat Jan 31 06:39:45.542683 2026] [php:error] [pid 82030] [client 4.193.194.148:0] script '/domains/brenties/info.php' not found or unable to stat
[Sat Jan 31 06:39:47.119514 2026] [php:error] [pid 82030] [client 4.193.194.148:0] script '/domains/brenties/adminfuns.php' not found or unable to stat
