[Thu Jan 29 06:23:48.953660 2026] [php:error] [pid 99944] [client 34.96.162.62:0] script '/domains/windsorweb/mydb.php' not found or unable to stat
[Thu Jan 29 06:24:28.468395 2026] [php:error] [pid 99956] [client 35.247.243.254:0] script '/domains/windsorweb/adminer-5.1.0-en.php' not found or unable to stat
[Thu Jan 29 06:24:52.236653 2026] [php:error] [pid 99945] [client 35.247.243.243:0] script '/domains/windsorweb/adminer-5.0.2-en.php' not found or unable to stat
[Thu Jan 29 06:25:27.774388 2026] [php:error] [pid 99961] [client 34.96.162.51:0] script '/domains/windsorweb/adminer-5.0.2-en.php' not found or unable to stat
[Thu Jan 29 06:25:28.599410 2026] [php:error] [pid 99961] [client 35.247.243.255:0] script '/domains/schellin/adminer-5.4.0-mysql-en.php' not found or unable to stat
[Thu Jan 29 06:25:41.376653 2026] [php:error] [pid 99954] [client 34.96.162.55:0] script '/domains/windsorweb/Adminer.php' not found or unable to stat
[Thu Jan 29 06:25:44.084428 2026] [php:error] [pid 99965] [client 34.96.162.51:0] script '/domains/windsorweb/adminer-5.4.1-en.php' not found or unable to stat
[Thu Jan 29 06:26:03.364115 2026] [php:error] [pid 99968] [client 34.96.162.63:0] script '/domains/windsorweb/adminer-5.4.0-mysql.php' not found or unable to stat
[Thu Jan 29 06:26:06.482029 2026] [php:error] [pid 99969] [client 20.78.169.245:0] script '/domains/system_suspended/wp-trackback.php' not found or unable to stat
[Thu Jan 29 06:26:06.653223 2026] [php:error] [pid 99969] [client 20.78.169.245:0] script '/domains/system_suspended/about.php' not found or unable to stat
[Thu Jan 29 06:26:06.836214 2026] [php:error] [pid 99969] [client 20.78.169.245:0] script '/domains/system_suspended/term.php' not found or unable to stat
[Thu Jan 29 06:26:07.007259 2026] [php:error] [pid 99969] [client 20.78.169.245:0] script '/domains/system_suspended/wp-good.php' not found or unable to stat
[Thu Jan 29 06:26:07.181935 2026] [php:error] [pid 99969] [client 20.78.169.245:0] script '/domains/system_suspended/xmlrpc.php' not found or unable to stat
[Thu Jan 29 06:26:07.351990 2026] [php:error] [pid 99969] [client 20.78.169.245:0] script '/domains/system_suspended/goods.php' not found or unable to stat
[Thu Jan 29 06:26:07.523175 2026] [php:error] [pid 99969] [client 20.78.169.245:0] script '/domains/system_suspended/ioxi-o.php' not found or unable to stat
[Thu Jan 29 06:26:07.693334 2026] [php:error] [pid 99969] [client 20.78.169.245:0] script '/domains/system_suspended/class-t.api.php' not found or unable to stat
[Thu Jan 29 06:26:07.873055 2026] [php:error] [pid 99969] [client 20.78.169.245:0] script '/domains/system_suspended/admin.php' not found or unable to stat
[Thu Jan 29 06:26:09.091704 2026] [php:error] [pid 99969] [client 20.78.169.245:0] script '/domains/system_suspended/adminfuns.php' not found or unable to stat
[Thu Jan 29 06:26:09.827448 2026] [php:error] [pid 99961] [client 34.96.162.61:0] script '/domains/schellin/adminer-5.4.0-en.php' not found or unable to stat
[Thu Jan 29 06:26:17.536342 2026] [php:error] [pid 99954] [client 34.96.162.48:0] script '/domains/windsorweb/db.php' not found or unable to stat
[Thu Jan 29 06:26:17.713239 2026] [php:error] [pid 99956] [client 34.96.162.58:0] script '/domains/windsorweb/adminer-5.4.0-mysql.php' not found or unable to stat
[Thu Jan 29 06:26:34.686718 2026] [php:error] [pid 99975] [client 34.96.162.54:0] script '/domains/windsorweb/adminer-5.0.6-mysql-en.php' not found or unable to stat
[Thu Jan 29 06:26:38.233554 2026] [php:error] [pid 99968] [client 35.247.243.245:0] script '/domains/windsorweb/phpminiadmin.php' not found or unable to stat
[Thu Jan 29 06:27:08.663039 2026] [php:error] [pid 99973] [client 20.205.97.28:0] script '/domains/biehlweb/wp-trackback.php' not found or unable to stat
[Thu Jan 29 06:27:08.874319 2026] [php:error] [pid 99973] [client 20.205.97.28:0] script '/domains/biehlweb/about.php' not found or unable to stat
[Thu Jan 29 06:27:09.092819 2026] [php:error] [pid 99973] [client 20.205.97.28:0] script '/domains/biehlweb/term.php' not found or unable to stat
[Thu Jan 29 06:27:09.307378 2026] [php:error] [pid 99973] [client 20.205.97.28:0] script '/domains/biehlweb/wp-good.php' not found or unable to stat
[Thu Jan 29 06:27:09.517426 2026] [php:error] [pid 99973] [client 20.205.97.28:0] script '/domains/biehlweb/xmlrpc.php' not found or unable to stat
[Thu Jan 29 06:27:09.727477 2026] [php:error] [pid 99973] [client 20.205.97.28:0] script '/domains/biehlweb/goods.php' not found or unable to stat
[Thu Jan 29 06:27:09.944106 2026] [php:error] [pid 99973] [client 20.205.97.28:0] script '/domains/biehlweb/ioxi-o.php' not found or unable to stat
[Thu Jan 29 06:27:10.154326 2026] [php:error] [pid 99973] [client 20.205.97.28:0] script '/domains/biehlweb/class-t.api.php' not found or unable to stat
[Thu Jan 29 06:27:10.365016 2026] [php:error] [pid 99973] [client 20.205.97.28:0] script '/domains/biehlweb/admin.php' not found or unable to stat
[Thu Jan 29 06:27:11.843442 2026] [php:error] [pid 99973] [client 20.205.97.28:0] script '/domains/biehlweb/adminfuns.php' not found or unable to stat
[Thu Jan 29 06:27:25.058061 2026] [php:error] [pid 99983] [client 35.247.243.245:0] script '/domains/windsorweb/adminer.php' not found or unable to stat
[Thu Jan 29 06:27:29.175996 2026] [php:error] [pid 99987] [client 52.230.35.34:0] script '/domains/smartny/wp-trackback.php' not found or unable to stat
[Thu Jan 29 06:27:29.400135 2026] [php:error] [pid 99987] [client 52.230.35.34:0] script '/domains/smartny/about.php' not found or unable to stat
[Thu Jan 29 06:27:29.623086 2026] [php:error] [pid 99987] [client 52.230.35.34:0] script '/domains/smartny/term.php' not found or unable to stat
[Thu Jan 29 06:27:29.858551 2026] [php:error] [pid 99987] [client 52.230.35.34:0] script '/domains/smartny/wp-good.php' not found or unable to stat
[Thu Jan 29 06:27:29.867574 2026] [php:error] [pid 99980] [client 34.96.162.53:0] script '/domains/windsorweb/adminer-5.1.0-mysql-en.php' not found or unable to stat
[Thu Jan 29 06:27:30.082334 2026] [php:error] [pid 99987] [client 52.230.35.34:0] script '/domains/smartny/xmlrpc.php' not found or unable to stat
[Thu Jan 29 06:27:30.305899 2026] [php:error] [pid 99987] [client 52.230.35.34:0] script '/domains/smartny/goods.php' not found or unable to stat
[Thu Jan 29 06:27:30.529770 2026] [php:error] [pid 99987] [client 52.230.35.34:0] script '/domains/smartny/ioxi-o.php' not found or unable to stat
[Thu Jan 29 06:27:30.752985 2026] [php:error] [pid 99987] [client 52.230.35.34:0] script '/domains/smartny/class-t.api.php' not found or unable to stat
[Thu Jan 29 06:27:30.977471 2026] [php:error] [pid 99987] [client 52.230.35.34:0] script '/domains/smartny/admin.php' not found or unable to stat
[Thu Jan 29 06:27:32.549634 2026] [php:error] [pid 99987] [client 52.230.35.34:0] script '/domains/smartny/adminfuns.php' not found or unable to stat
[Thu Jan 29 06:27:37.258604 2026] [php:error] [pid 99984] [client 20.213.25.204:0] script '/domains/testregisgroup/wp-trackback.php' not found or unable to stat
[Thu Jan 29 06:27:37.459044 2026] [php:error] [pid 99984] [client 20.213.25.204:0] script '/domains/testregisgroup/about.php' not found or unable to stat
[Thu Jan 29 06:27:37.666354 2026] [php:error] [pid 99984] [client 20.213.25.204:0] script '/domains/testregisgroup/term.php' not found or unable to stat
[Thu Jan 29 06:27:37.867094 2026] [php:error] [pid 99984] [client 20.213.25.204:0] script '/domains/testregisgroup/wp-good.php' not found or unable to stat
[Thu Jan 29 06:27:38.067448 2026] [php:error] [pid 99984] [client 20.213.25.204:0] script '/domains/testregisgroup/xmlrpc.php' not found or unable to stat
[Thu Jan 29 06:27:38.268584 2026] [php:error] [pid 99984] [client 20.213.25.204:0] script '/domains/testregisgroup/goods.php' not found or unable to stat
[Thu Jan 29 06:27:38.471106 2026] [php:error] [pid 99984] [client 20.213.25.204:0] script '/domains/testregisgroup/ioxi-o.php' not found or unable to stat
[Thu Jan 29 06:27:38.672805 2026] [php:error] [pid 99984] [client 20.213.25.204:0] script '/domains/testregisgroup/class-t.api.php' not found or unable to stat
[Thu Jan 29 06:27:38.873603 2026] [php:error] [pid 99984] [client 20.213.25.204:0] script '/domains/testregisgroup/admin.php' not found or unable to stat
[Thu Jan 29 06:27:40.289984 2026] [php:error] [pid 99984] [client 20.213.25.204:0] script '/domains/testregisgroup/adminfuns.php' not found or unable to stat
[Thu Jan 29 06:27:41.503702 2026] [php:error] [pid 99973] [client 35.247.243.253:0] script '/domains/windsorweb/adminer-5.4.0.php' not found or unable to stat
[Thu Jan 29 06:27:58.677519 2026] [php:error] [pid 99990] [client 40.69.66.178:0] script '/domains/davidbacker/rip.php' not found or unable to stat
[Thu Jan 29 06:28:03.812529 2026] [php:error] [pid 99989] [client 34.96.162.62:0] script '/domains/windsorweb/adminer-5.1.0-mysql.php' not found or unable to stat
[Thu Jan 29 06:28:09.145514 2026] [php:error] [pid 99984] [client 34.96.162.54:0] script '/domains/windsorweb/adminer-5.0.6-mysql.php' not found or unable to stat
[Thu Jan 29 06:28:09.839936 2026] [php:error] [pid 99984] [client 35.247.243.243:0] script '/domains/windsorweb/adminer-5.1.0-en.php' not found or unable to stat
[Thu Jan 29 06:28:20.256064 2026] [php:error] [pid 99990] [client 34.96.162.58:0] script '/domains/windsorweb/adminer-5.1.0-mysql.php' not found or unable to stat
[Thu Jan 29 06:28:25.008706 2026] [php:error] [pid 99986] [client 45.148.10.244:0] script '/domains/system_default/phpinfo.php' not found or unable to stat
[Thu Jan 29 06:28:26.163859 2026] [php:error] [pid 99995] [client 34.96.162.49:0] script '/domains/schellin/adminer-5.0.0-mysql.php' not found or unable to stat
[Thu Jan 29 06:28:27.553891 2026] [php:error] [pid 99996] [client 45.148.10.244:0] script '/domains/system_default/_phpinfo.php' not found or unable to stat
[Thu Jan 29 06:28:41.428348 2026] [php:error] [pid 19] [client 45.148.10.244:0] script '/domains/system_default/wp-config.php.bak' not found or unable to stat
[Thu Jan 29 06:28:41.557961 2026] [php:error] [pid 19] [client 45.148.10.244:0] script '/domains/system_default/info.php' not found or unable to stat
[Thu Jan 29 06:28:42.902552 2026] [php:error] [pid 23] [client 45.148.10.244:0] script '/domains/system_default/server_info.php' not found or unable to stat
[Thu Jan 29 06:28:43.055646 2026] [php:error] [pid 23] [client 45.148.10.244:0] script '/domains/system_default/app_dev.php' not found or unable to stat
[Thu Jan 29 06:28:43.195556 2026] [php:error] [pid 23] [client 45.148.10.244:0] script '/domains/system_default/test.php' not found or unable to stat
[Thu Jan 29 06:28:43.352069 2026] [access_compat:error] [pid 23] [client 45.148.10.244:0] AH01797: client denied by server configuration: /domains/system_default/server-info
[Thu Jan 29 06:28:43.506603 2026] [php:error] [pid 23] [client 45.148.10.244:0] script '/domains/system_default/server-info.php' not found or unable to stat
[Thu Jan 29 06:28:55.045411 2026] [php:error] [pid 23] [client 35.247.243.246:0] script '/domains/windsorweb/adminer-5.3.0-mysql.php' not found or unable to stat
[Thu Jan 29 06:28:57.093886 2026] [php:error] [pid 99997] [client 141.98.11.23:0] script '/domains/davidbacker/wp-login.php' not found or unable to stat, referer: https://t.co/
[Thu Jan 29 06:28:58.691131 2026] [php:error] [pid 25] [client 141.98.11.23:0] script '/domains/davidbacker/wp-login.php' not found or unable to stat
[Thu Jan 29 06:28:59.178696 2026] [php:error] [pid 99997] [client 35.247.243.249:0] script '/domains/windsorweb/adminer-5.1.0-en.php' not found or unable to stat
[Thu Jan 29 06:29:08.851298 2026] [php:error] [pid 26] [client 34.96.162.48:0] script '/domains/windsorweb/adminer-4.7.5.php' not found or unable to stat
[Thu Jan 29 06:29:12.151688 2026] [php:error] [pid 26] [client 34.96.162.50:0] script '/domains/windsorweb/adminer-4.6.2.php' not found or unable to stat
[Thu Jan 29 06:29:28.094031 2026] [php:error] [pid 99984] [client 35.247.243.245:0] script '/domains/windsorweb/adminer-4.7.5.php' not found or unable to stat
[Thu Jan 29 06:29:51.415975 2026] [php:error] [pid 32] [client 34.96.162.49:0] script '/domains/windsorweb/adminer-5.4.1-en.php' not found or unable to stat
[Thu Jan 29 06:30:15.427783 2026] [php:error] [pid 28] [client 35.247.243.253:0] script '/domains/schellin/adminer-5.0.2-en.php' not found or unable to stat
[Thu Jan 29 06:30:42.103892 2026] [php:error] [pid 32] [client 34.96.162.48:0] script '/domains/windsorweb/adminer-5.2.1-en.php' not found or unable to stat
[Thu Jan 29 06:30:45.420310 2026] [php:error] [pid 52] [client 34.96.162.50:0] script '/domains/windsorweb/adminer-5.2.1-en.php' not found or unable to stat
[Thu Jan 29 06:30:54.203190 2026] [php:error] [pid 52] [client 34.96.162.52:0] script '/domains/windsorweb/adminer-4.4.0.php' not found or unable to stat
[Thu Jan 29 06:30:54.544266 2026] [php:error] [pid 32] [client 34.96.162.52:0] script '/domains/windsorweb/adminer-4.4.0.php' not found or unable to stat
[Thu Jan 29 06:30:58.014526 2026] [php:error] [pid 32] [client 34.96.162.50:0] script '/domains/windsorweb/adminer-5.4.1-mysql.php' not found or unable to stat
[Thu Jan 29 06:31:01.340100 2026] [php:error] [pid 52] [client 34.96.162.57:0] script '/domains/windsorweb/adminer-5.3.0-mysql-en.php' not found or unable to stat
[Thu Jan 29 06:31:07.982480 2026] [php:error] [pid 37] [client 34.96.162.56:0] script '/domains/schellin/__adm.php' not found or unable to stat
[Thu Jan 29 06:31:19.036603 2026] [php:error] [pid 61] [client 35.247.243.246:0] script '/domains/windsorweb/adminer-5.4.0.php' not found or unable to stat
[Thu Jan 29 06:31:19.609036 2026] [php:error] [pid 32] [client 145.239.10.137:0] script '/domains/system_default/dddd.php' not found or unable to stat, referer: http://tupafilms.com/dddd.php
[Thu Jan 29 06:31:20.977293 2026] [php:error] [pid 61] [client 35.247.243.244:0] script '/domains/windsorweb/adminer-5.0.6-en.php' not found or unable to stat
[Thu Jan 29 06:31:23.822422 2026] [php:error] [pid 66] [client 34.96.162.61:0] script '/domains/schellin/adminer-5.2.0-mysql.php' not found or unable to stat
[Thu Jan 29 06:31:27.919463 2026] [php:error] [pid 68] [client 34.96.162.57:0] script '/domains/windsorweb/adminer-5.0.0.php' not found or unable to stat
[Thu Jan 29 06:31:38.311327 2026] [php:error] [pid 61] [client 35.247.243.242:0] script '/domains/windsorweb/adminer-5.0.0-mysql-en.php' not found or unable to stat
[Thu Jan 29 06:31:56.811988 2026] [php:error] [pid 52] [client 34.96.162.53:0] script '/domains/windsorweb/adminer-4.7.1.php' not found or unable to stat
[Thu Jan 29 06:32:04.101679 2026] [php:error] [pid 61] [client 34.96.162.57:0] script '/domains/windsorweb/adminer-5.1.1-mysql.php' not found or unable to stat
[Thu Jan 29 06:32:04.816795 2026] [php:error] [pid 64] [client 35.247.243.241:0] script '/domains/windsorweb/adminer-4.4.0.php' not found or unable to stat
[Thu Jan 29 06:32:09.482966 2026] [php:error] [pid 64] [client 35.247.243.252:0] script '/domains/windsorweb/adminer-4.1.0.php' not found or unable to stat
[Thu Jan 29 06:32:38.059449 2026] [php:error] [pid 64] [client 216.24.213.171:0] script '/domains/afglcweb/wp-login.php' not found or unable to stat
[Thu Jan 29 06:32:38.562636 2026] [php:error] [pid 52] [client 34.96.162.60:0] script '/domains/windsorweb/adminer-5.2.1-en.php' not found or unable to stat
[Thu Jan 29 06:32:46.708768 2026] [php:error] [pid 71] [client 136.158.56.216:0] script '/domains/icrse/xmlrpc.php' not found or unable to stat
[Thu Jan 29 06:32:47.014174 2026] [php:error] [pid 64] [client 34.96.162.63:0] script '/domains/schellin/adminer-5.0.4.php' not found or unable to stat
[Thu Jan 29 06:32:58.176173 2026] [php:error] [pid 71] [client 35.247.243.242:0] script '/domains/windsorweb/adminer-5.0.6-mysql.php' not found or unable to stat
[Thu Jan 29 06:33:04.854301 2026] [php:error] [pid 52] [client 35.247.243.244:0] script '/domains/windsorweb/adminer-4.8.1-mysql-en.php' not found or unable to stat
[Thu Jan 29 06:33:19.048506 2026] [php:error] [pid 71] [client 35.247.243.252:0] script '/domains/windsorweb/adminer-5.1.0-mysql-en.php' not found or unable to stat
[Thu Jan 29 06:33:20.074509 2026] [php:error] [pid 52] [client 35.247.243.243:0] script '/domains/windsorweb/adminer-4.7.1.php' not found or unable to stat
[Thu Jan 29 06:33:48.527538 2026] [php:error] [pid 61] [client 35.247.243.241:0] script '/domains/windsorweb/adminer-5.3.0.php' not found or unable to stat
[Thu Jan 29 06:33:54.021513 2026] [php:error] [pid 72] [client 62.60.130.228:0] script '/domains/ltemple/wp-login.php' not found or unable to stat, referer: https://duckduckgo.com/
[Thu Jan 29 06:33:54.242590 2026] [php:error] [pid 81] [client 62.60.130.228:0] script '/domains/ltemple/wp-login.php' not found or unable to stat
[Thu Jan 29 06:33:54.676137 2026] [php:error] [pid 61] [client 35.247.243.245:0] script '/domains/windsorweb/adminer-5.0.0.php' not found or unable to stat
[Thu Jan 29 06:34:11.187622 2026] [php:error] [pid 86] [client 34.96.162.51:0] script '/domains/windsorweb/adminer-5.2.0-en.php' not found or unable to stat
[Thu Jan 29 06:34:11.425531 2026] [php:error] [pid 72] [client 35.247.243.250:0] script '/domains/windsorweb/mydb.php' not found or unable to stat
[Thu Jan 29 06:34:20.118399 2026] [php:error] [pid 86] [client 34.96.162.62:0] script '/domains/windsorweb/adminer-5.0.0-mysql.php' not found or unable to stat
[Thu Jan 29 06:34:20.119651 2026] [php:error] [pid 83] [client 34.96.162.52:0] script '/domains/windsorweb/adminer-5.0.3.php' not found or unable to stat
[Thu Jan 29 06:34:26.394523 2026] [php:error] [pid 81] [client 34.96.162.60:0] script '/domains/windsorweb/adminer-5.3.0.php' not found or unable to stat
[Thu Jan 29 06:34:54.370938 2026] [php:error] [pid 87] [client 34.96.162.50:0] script '/domains/windsorweb/adminer-5.2.0-mysql-en.php' not found or unable to stat
[Thu Jan 29 06:34:57.512028 2026] [php:error] [pid 87] [client 35.247.243.246:0] script '/domains/windsorweb/adminer-4.7.0.php' not found or unable to stat
[Thu Jan 29 06:35:02.201658 2026] [php:error] [pid 83] [client 35.247.243.253:0] script '/domains/windsorweb/adminer-4.1.0.php' not found or unable to stat
[Thu Jan 29 06:35:11.384489 2026] [php:error] [pid 86] [client 35.247.243.240:0] script '/domains/schellin/adminer-5.1.1-mysql.php' not found or unable to stat
[Thu Jan 29 06:35:13.472557 2026] [php:error] [pid 80] [client 34.90.81.35:0] script '/domains/hdickens.enteract/kmnj.php' not found or unable to stat
[Thu Jan 29 06:35:50.481453 2026] [php:error] [pid 95] [client 35.247.243.250:0] script '/domains/windsorweb/adminer-5.1.0-en.php' not found or unable to stat
[Thu Jan 29 06:35:59.746961 2026] [php:error] [pid 87] [client 34.96.162.51:0] script '/domains/schellin/adminer-4.2.0.php' not found or unable to stat
[Thu Jan 29 06:36:01.183671 2026] [php:error] [pid 86] [client 35.247.243.247:0] script '/domains/windsorweb/adminer-4.3.0.php' not found or unable to stat
[Thu Jan 29 06:36:11.447880 2026] [php:error] [pid 98] [client 34.96.162.59:0] script '/domains/windsorweb/adminer-4.6.0.php' not found or unable to stat
[Thu Jan 29 06:36:18.189260 2026] [php:error] [pid 101] [client 34.96.162.56:0] script '/domains/windsorweb/adminer-5.0.3-mysql.php' not found or unable to stat
[Thu Jan 29 06:36:24.704073 2026] [php:error] [pid 104] [client 35.247.243.244:0] script '/domains/windsorweb/adminer-5.4.0.php' not found or unable to stat
[Thu Jan 29 06:36:25.233387 2026] [php:error] [pid 95] [client 34.96.162.62:0] script '/domains/windsorweb/adminer-5.0.5.php' not found or unable to stat
[Thu Jan 29 06:36:25.485055 2026] [php:error] [pid 86] [client 35.247.243.247:0] script '/domains/windsorweb/adminer-5.0.6-mysql.php' not found or unable to stat
[Thu Jan 29 06:36:34.588751 2026] [php:error] [pid 99] [client 34.96.162.63:0] script '/domains/windsorweb/adminer-5.4.0-mysql.php' not found or unable to stat
[Thu Jan 29 06:36:40.090538 2026] [php:error] [pid 101] [client 34.96.162.63:0] script '/domains/windsorweb/adminer.php' not found or unable to stat
[Thu Jan 29 06:36:58.424853 2026] [php:error] [pid 104] [client 35.247.243.248:0] script '/domains/windsorweb/adminer-5.0.6-mysql-en.php' not found or unable to stat
[Thu Jan 29 06:37:01.067161 2026] [php:error] [pid 95] [client 35.247.243.249:0] script '/domains/windsorweb/adminer-4.4.0.php' not found or unable to stat
[Thu Jan 29 06:37:23.190513 2026] [php:error] [pid 107] [client 35.247.243.251:0] script '/domains/windsorweb/mydb.php' not found or unable to stat
[Thu Jan 29 06:37:42.896479 2026] [php:error] [pid 111] [client 35.247.243.252:0] script '/domains/windsorweb/adminer-5.2.1-mysql-en.php' not found or unable to stat
[Thu Jan 29 06:37:54.261160 2026] [php:error] [pid 117] [client 34.96.162.50:0] script '/domains/windsorweb/adminer-5.2.1.php' not found or unable to stat
[Thu Jan 29 06:37:56.411100 2026] [php:error] [pid 111] [client 34.96.162.62:0] script '/domains/windsorweb/adminer-5.4.1-en.php' not found or unable to stat
[Thu Jan 29 06:38:05.390284 2026] [php:error] [pid 98] [client 35.247.243.248:0] script '/domains/windsorweb/adminer-5.3.0-mysql.php' not found or unable to stat
[Thu Jan 29 06:38:06.973066 2026] [php:error] [pid 120] [client 34.96.162.53:0] script '/domains/schellin/adminer-5.2.0.php' not found or unable to stat
[Thu Jan 29 06:38:09.554867 2026] [php:error] [pid 119] [client 216.244.66.232:0] script '/domains/hdickens.enteract/kmnj.php' not found or unable to stat
[Thu Jan 29 06:38:13.368807 2026] [php:error] [pid 113] [client 34.96.162.55:0] script '/domains/windsorweb/__adm.php' not found or unable to stat
[Thu Jan 29 06:38:13.389337 2026] [php:error] [pid 121] [client 35.247.243.253:0] script '/domains/windsorweb/_adminer.php' not found or unable to stat
[Thu Jan 29 06:38:24.351660 2026] [php:error] [pid 123] [client 35.247.243.247:0] script '/domains/windsorweb/__adm.php' not found or unable to stat
[Thu Jan 29 06:38:35.152874 2026] [php:error] [pid 107] [client 35.247.243.251:0] script '/domains/windsorweb/adminer-4.6.1.php' not found or unable to stat
[Thu Jan 29 06:38:46.580391 2026] [php:error] [pid 126] [client 35.247.243.252:0] script '/domains/windsorweb/adminer-4.1.0.php' not found or unable to stat
[Thu Jan 29 06:38:48.802046 2026] [php:error] [pid 140] [client 52.230.35.34:0] script '/domains/jrp.interport/wp-trackback.php' not found or unable to stat
[Thu Jan 29 06:38:49.031413 2026] [php:error] [pid 140] [client 52.230.35.34:0] script '/domains/jrp.interport/about.php' not found or unable to stat
[Thu Jan 29 06:38:49.251839 2026] [php:error] [pid 140] [client 52.230.35.34:0] script '/domains/jrp.interport/term.php' not found or unable to stat
[Thu Jan 29 06:38:49.471542 2026] [php:error] [pid 140] [client 52.230.35.34:0] script '/domains/jrp.interport/wp-good.php' not found or unable to stat
[Thu Jan 29 06:38:49.691751 2026] [php:error] [pid 140] [client 52.230.35.34:0] script '/domains/jrp.interport/xmlrpc.php' not found or unable to stat
[Thu Jan 29 06:38:49.911642 2026] [php:error] [pid 140] [client 52.230.35.34:0] script '/domains/jrp.interport/goods.php' not found or unable to stat
[Thu Jan 29 06:38:50.139297 2026] [php:error] [pid 140] [client 52.230.35.34:0] script '/domains/jrp.interport/ioxi-o.php' not found or unable to stat
[Thu Jan 29 06:38:50.359515 2026] [php:error] [pid 140] [client 52.230.35.34:0] script '/domains/jrp.interport/class-t.api.php' not found or unable to stat
[Thu Jan 29 06:38:50.579958 2026] [php:error] [pid 140] [client 52.230.35.34:0] script '/domains/jrp.interport/admin.php' not found or unable to stat
[Thu Jan 29 06:38:52.138870 2026] [php:error] [pid 140] [client 52.230.35.34:0] script '/domains/jrp.interport/adminfuns.php' not found or unable to stat
[Thu Jan 29 06:38:53.025610 2026] [php:error] [pid 139] [client 20.219.8.79:0] script '/domains/piltdweb1/wp-trackback.php' not found or unable to stat
[Thu Jan 29 06:38:53.270473 2026] [php:error] [pid 139] [client 20.219.8.79:0] script '/domains/piltdweb1/about.php' not found or unable to stat
[Thu Jan 29 06:38:53.517245 2026] [php:error] [pid 139] [client 20.219.8.79:0] script '/domains/piltdweb1/term.php' not found or unable to stat
[Thu Jan 29 06:38:53.757304 2026] [php:error] [pid 139] [client 20.219.8.79:0] script '/domains/piltdweb1/wp-good.php' not found or unable to stat
[Thu Jan 29 06:38:53.998411 2026] [php:error] [pid 139] [client 20.219.8.79:0] script '/domains/piltdweb1/xmlrpc.php' not found or unable to stat
[Thu Jan 29 06:38:54.244902 2026] [php:error] [pid 139] [client 20.219.8.79:0] script '/domains/piltdweb1/goods.php' not found or unable to stat
[Thu Jan 29 06:38:54.485217 2026] [php:error] [pid 139] [client 20.219.8.79:0] script '/domains/piltdweb1/ioxi-o.php' not found or unable to stat
[Thu Jan 29 06:38:54.725841 2026] [php:error] [pid 139] [client 20.219.8.79:0] script '/domains/piltdweb1/class-t.api.php' not found or unable to stat
[Thu Jan 29 06:38:54.975148 2026] [php:error] [pid 139] [client 20.219.8.79:0] script '/domains/piltdweb1/admin.php' not found or unable to stat
[Thu Jan 29 06:38:56.679682 2026] [php:error] [pid 139] [client 20.219.8.79:0] script '/domains/piltdweb1/adminfuns.php' not found or unable to stat
[Thu Jan 29 06:39:02.110395 2026] [php:error] [pid 140] [client 34.96.162.52:0] script '/domains/windsorweb/adminer-5.0.1.php' not found or unable to stat
[Thu Jan 29 06:39:09.313945 2026] [php:error] [pid 145] [client 35.247.243.253:0] script '/domains/windsorweb/adminer-5.4.0-mysql-en.php' not found or unable to stat
[Thu Jan 29 06:39:16.712184 2026] [php:error] [pid 140] [client 35.247.243.253:0] script '/domains/windsorweb/_adminer.php' not found or unable to stat
[Thu Jan 29 06:39:21.519046 2026] [php:error] [pid 138] [client 34.96.162.51:0] script '/domains/windsorweb/adminer-4.8.1-mysql.php' not found or unable to stat
[Thu Jan 29 06:39:23.864515 2026] [php:error] [pid 146] [client 34.96.162.49:0] script '/domains/windsorweb/adminer-4.7.5.php' not found or unable to stat
[Thu Jan 29 06:39:30.010520 2026] [php:error] [pid 127] [client 35.247.243.240:0] script '/domains/windsorweb/adminer-4.8.1.php' not found or unable to stat
[Thu Jan 29 06:39:51.862900 2026] [php:error] [pid 138] [client 35.247.243.250:0] script '/domains/windsorweb/adminer-4.6.2.php' not found or unable to stat
[Thu Jan 29 06:39:57.814261 2026] [php:error] [pid 153] [client 35.247.243.245:0] script '/domains/windsorweb/adminer-5.0.0.php' not found or unable to stat
[Thu Jan 29 06:39:57.909825 2026] [php:error] [pid 107] [client 34.96.162.48:0] script '/domains/windsorweb/adminer-5.0.6-mysql.php' not found or unable to stat
[Thu Jan 29 06:40:13.210082 2026] [core:crit] [pid 160] (13)Permission denied: [client 144.76.32.120:0] AH00529: /domains/performancepartsinc/graphics/psd/.htaccess pcfg_openfile: unable to check htaccess file, ensure it is readable and that '/domains/performancepartsinc/graphics/psd/' is executable
[Thu Jan 29 06:40:15.842470 2026] [php:error] [pid 172] [client 35.247.243.246:0] script '/domains/windsorweb/adminer-4.8.1-en.php' not found or unable to stat
[Thu Jan 29 06:40:23.483261 2026] [php:error] [pid 160] [client 35.247.243.242:0] script '/domains/schellin/adminer-5.2.1.php' not found or unable to stat
[Thu Jan 29 06:40:38.279959 2026] [php:error] [pid 176] [client 35.247.243.255:0] script '/domains/windsorweb/adminer-5.4.1.php' not found or unable to stat
[Thu Jan 29 06:40:50.229054 2026] [php:error] [pid 173] [client 35.247.243.244:0] script '/domains/windsorweb/adminer-4.1.0.php' not found or unable to stat
[Thu Jan 29 06:40:57.142061 2026] [php:error] [pid 166] [client 95.134.63.157:0] script '/domains/afglcweb/wp-login.php' not found or unable to stat
[Thu Jan 29 06:41:00.685425 2026] [php:error] [pid 174] [client 40.115.138.186:0] script '/domains/smartny/aa.php' not found or unable to stat
[Thu Jan 29 06:41:01.699944 2026] [php:error] [pid 174] [client 40.115.138.186:0] script '/domains/smartny/abcd.php' not found or unable to stat
[Thu Jan 29 06:41:03.114373 2026] [php:error] [pid 174] [client 40.115.138.186:0] script '/domains/smartny/admin.php' not found or unable to stat
[Thu Jan 29 06:41:03.856549 2026] [php:error] [pid 174] [client 40.115.138.186:0] script '/domains/smartny/buy.php' not found or unable to stat
[Thu Jan 29 06:41:05.483207 2026] [php:error] [pid 174] [client 40.115.138.186:0] script '/domains/smartny/edit.php' not found or unable to stat
[Thu Jan 29 06:41:06.870524 2026] [php:error] [pid 174] [client 40.115.138.186:0] script '/domains/smartny/file.php' not found or unable to stat
[Thu Jan 29 06:41:07.696067 2026] [php:error] [pid 174] [client 40.115.138.186:0] script '/domains/smartny/flower.php' not found or unable to stat
[Thu Jan 29 06:41:09.332200 2026] [php:error] [pid 174] [client 40.115.138.186:0] script '/domains/smartny/info.php' not found or unable to stat
[Thu Jan 29 06:41:10.063192 2026] [php:error] [pid 177] [client 34.96.162.49:0] script '/domains/windsorweb/adminer-5.2.1.php' not found or unable to stat
[Thu Jan 29 06:41:10.148228 2026] [php:error] [pid 174] [client 40.115.138.186:0] script '/domains/smartny/ioxi-o.php' not found or unable to stat
[Thu Jan 29 06:41:10.914301 2026] [php:error] [pid 174] [client 40.115.138.186:0] script '/domains/smartny/nc4.php' not found or unable to stat
[Thu Jan 29 06:41:11.829080 2026] [php:error] [pid 174] [client 40.115.138.186:0] script '/domains/smartny/xleet.php' not found or unable to stat
[Thu Jan 29 06:41:14.954549 2026] [php:error] [pid 174] [client 40.115.138.186:0] script '/domains/smartny/wp-good.php' not found or unable to stat
[Thu Jan 29 06:41:17.175724 2026] [php:error] [pid 174] [client 40.115.138.186:0] script '/domains/smartny/xmrlpc.php' not found or unable to stat
[Thu Jan 29 06:41:17.364550 2026] [php:error] [pid 174] [client 40.115.138.186:0] script '/domains/smartny/about.php' not found or unable to stat
[Thu Jan 29 06:41:18.262696 2026] [php:error] [pid 174] [client 40.115.138.186:0] script '/domains/smartny/adminfuns.php' not found or unable to stat
[Thu Jan 29 06:41:18.428026 2026] [php:error] [pid 174] [client 40.115.138.186:0] script '/domains/smartny/alfa.php' not found or unable to stat
[Thu Jan 29 06:41:19.545317 2026] [php:error] [pid 174] [client 40.115.138.186:0] script '/domains/smartny/asasx.php' not found or unable to stat
[Thu Jan 29 06:41:20.309184 2026] [php:error] [pid 174] [client 40.115.138.186:0] script '/domains/smartny/autoload_classmap.php' not found or unable to stat
[Thu Jan 29 06:41:21.374567 2026] [php:error] [pid 174] [client 40.115.138.186:0] script '/domains/smartny/classwithtostring.php' not found or unable to stat
[Thu Jan 29 06:41:22.287545 2026] [php:error] [pid 174] [client 40.115.138.186:0] script '/domains/smartny/cong.php' not found or unable to stat
[Thu Jan 29 06:41:23.121176 2026] [php:error] [pid 174] [client 40.115.138.186:0] script '/domains/smartny/file2.php' not found or unable to stat
[Thu Jan 29 06:41:23.255661 2026] [php:error] [pid 183] [client 35.247.243.240:0] script '/domains/windsorweb/adminer-5.0.0.php' not found or unable to stat
[Thu Jan 29 06:41:24.422348 2026] [php:error] [pid 174] [client 40.115.138.186:0] script '/domains/smartny/moon.php' not found or unable to stat
[Thu Jan 29 06:41:29.522941 2026] [php:error] [pid 174] [client 40.115.138.186:0] script '/domains/smartny/wp-cron.php' not found or unable to stat
[Thu Jan 29 06:41:32.216963 2026] [php:error] [pid 175] [client 34.96.162.49:0] script '/domains/windsorweb/adminer-5.0.0-mysql-en.php' not found or unable to stat
[Thu Jan 29 06:41:34.332677 2026] [core:crit] [pid 183] (13)Permission denied: [client 114.119.154.39:0] AH00529: /domains/dcarlone/test/web/.htaccess pcfg_openfile: unable to check htaccess file, ensure it is readable and that '/domains/dcarlone/test/web/' is executable, referer: http://www.carloneassociates.com/test/web/i.php/gay-phone-hookups/
[Thu Jan 29 06:41:41.829696 2026] [php:error] [pid 181] [client 35.247.243.244:0] script '/domains/windsorweb/adminer-5.0.0-mysql.php' not found or unable to stat
[Thu Jan 29 06:41:42.598699 2026] [php:error] [pid 175] [client 34.96.162.60:0] script '/domains/windsorweb/adminer-5.0.1-mysql.php' not found or unable to stat
[Thu Jan 29 06:41:43.209445 2026] [php:error] [pid 184] [client 34.32.253.99:0] script '/domains/hdickens.enteract/kmnj.php' not found or unable to stat
[Thu Jan 29 06:41:56.167697 2026] [php:error] [pid 188] [client 34.96.162.58:0] script '/domains/schellin/SQL.php' not found or unable to stat
[Thu Jan 29 06:42:01.561871 2026] [php:error] [pid 190] [client 34.96.162.48:0] script '/domains/windsorweb/adminer-5.2.0-mysql-en.php' not found or unable to stat
[Thu Jan 29 06:42:13.658606 2026] [php:error] [pid 175] [client 35.247.243.255:0] script '/domains/schellin/adminer-4.8.1.php' not found or unable to stat
[Thu Jan 29 06:42:14.705608 2026] [php:error] [pid 175] [client 2a02:121e:7501::1:1:0] script '/domains/ecernstelectric/wp-login.php' not found or unable to stat, referer: https://t.co/
[Thu Jan 29 06:42:14.864094 2026] [php:error] [pid 189] [client 35.247.243.241:0] script '/domains/windsorweb/adminer-5.3.0.php' not found or unable to stat
[Thu Jan 29 06:42:22.717140 2026] [php:error] [pid 180] [client 35.247.243.241:0] script '/domains/windsorweb/adminer-5.4.0.php' not found or unable to stat
[Thu Jan 29 06:42:31.996228 2026] [php:error] [pid 189] [client 35.247.243.250:0] script '/domains/windsorweb/adminer-4.6.2.php' not found or unable to stat
[Thu Jan 29 06:42:54.767553 2026] [php:error] [pid 203] [client 35.247.243.244:0] script '/domains/windsorweb/_adminer.php' not found or unable to stat
[Thu Jan 29 06:42:56.318500 2026] [php:error] [pid 208] [client 35.247.243.244:0] script '/domains/windsorweb/adminer-5.0.5-mysql.php' not found or unable to stat
[Thu Jan 29 06:43:02.774996 2026] [php:error] [pid 197] [client 34.96.162.61:0] script '/domains/windsorweb/adminer.php' not found or unable to stat
[Thu Jan 29 06:43:19.190552 2026] [php:error] [pid 188] [client 34.96.162.57:0] script '/domains/windsorweb/adminer-5.0.6-mysql.php' not found or unable to stat
[Thu Jan 29 06:43:23.173200 2026] [php:error] [pid 198] [client 35.247.243.248:0] script '/domains/windsorweb/adminer-5.3.0-mysql-en.php' not found or unable to stat
sendmail: invalid recipient `#'
[Thu Jan 29 06:43:31.851925 2026] [php:error] [pid 201] [client 34.96.162.50:0] script '/domains/windsorweb/adminer-5.0.5.php' not found or unable to stat
[Thu Jan 29 06:43:32.638599 2026] [php:error] [pid 197] [client 34.96.162.62:0] script '/domains/windsorweb/adminer-4.7.0.php' not found or unable to stat
[Thu Jan 29 06:44:10.084132 2026] [php:error] [pid 5886] [client 40.115.138.121:0] script '/domains/windsorweb/wp-trackback.php' not found or unable to stat
[Thu Jan 29 06:44:10.254193 2026] [php:error] [pid 5886] [client 40.115.138.121:0] script '/domains/windsorweb/about.php' not found or unable to stat
[Thu Jan 29 06:44:10.429197 2026] [php:error] [pid 5886] [client 40.115.138.121:0] script '/domains/windsorweb/term.php' not found or unable to stat
[Thu Jan 29 06:44:10.599278 2026] [php:error] [pid 5886] [client 40.115.138.121:0] script '/domains/windsorweb/wp-good.php' not found or unable to stat
[Thu Jan 29 06:44:10.776896 2026] [php:error] [pid 5886] [client 40.115.138.121:0] script '/domains/windsorweb/xmlrpc.php' not found or unable to stat
[Thu Jan 29 06:44:10.947077 2026] [php:error] [pid 5886] [client 40.115.138.121:0] script '/domains/windsorweb/goods.php' not found or unable to stat
[Thu Jan 29 06:44:11.118722 2026] [php:error] [pid 5886] [client 40.115.138.121:0] script '/domains/windsorweb/ioxi-o.php' not found or unable to stat
[Thu Jan 29 06:44:11.289246 2026] [php:error] [pid 5886] [client 40.115.138.121:0] script '/domains/windsorweb/class-t.api.php' not found or unable to stat
[Thu Jan 29 06:44:11.459332 2026] [php:error] [pid 5886] [client 40.115.138.121:0] script '/domains/windsorweb/admin.php' not found or unable to stat
[Thu Jan 29 06:44:12.512597 2026] [php:error] [pid 197] [client 35.247.243.242:0] script '/domains/windsorweb/adminer-5.0.4-mysql-en.php' not found or unable to stat
[Thu Jan 29 06:44:12.563360 2026] [php:error] [pid 206] [client 34.96.162.58:0] script '/domains/windsorweb/adminer-5.0.2-mysql-en.php' not found or unable to stat
[Thu Jan 29 06:44:12.668753 2026] [php:error] [pid 5886] [client 40.115.138.121:0] script '/domains/windsorweb/adminfuns.php' not found or unable to stat
[Thu Jan 29 06:44:13.456956 2026] [php:error] [pid 197] [client 34.96.162.60:0] script '/domains/schellin/adminer-5.4.1-mysql-en.php' not found or unable to stat
[Thu Jan 29 06:44:17.023944 2026] [php:error] [pid 222] [client 40.115.138.121:0] script '/domains/system_default/wp-trackback.php' not found or unable to stat
[Thu Jan 29 06:44:17.199069 2026] [php:error] [pid 222] [client 40.115.138.121:0] script '/domains/system_default/about.php' not found or unable to stat
[Thu Jan 29 06:44:17.361499 2026] [php:error] [pid 5880] [client 34.96.162.56:0] script '/domains/windsorweb/adminer-4.8.1-en.php' not found or unable to stat
[Thu Jan 29 06:44:17.363354 2026] [php:error] [pid 222] [client 40.115.138.121:0] script '/domains/system_default/term.php' not found or unable to stat
[Thu Jan 29 06:44:17.528544 2026] [php:error] [pid 222] [client 40.115.138.121:0] script '/domains/system_default/wp-good.php' not found or unable to stat
[Thu Jan 29 06:44:17.695449 2026] [php:error] [pid 222] [client 40.115.138.121:0] script '/domains/system_default/xmlrpc.php' not found or unable to stat
[Thu Jan 29 06:44:17.859972 2026] [php:error] [pid 222] [client 40.115.138.121:0] script '/domains/system_default/goods.php' not found or unable to stat
[Thu Jan 29 06:44:18.024434 2026] [php:error] [pid 222] [client 40.115.138.121:0] script '/domains/system_default/ioxi-o.php' not found or unable to stat
[Thu Jan 29 06:44:18.188623 2026] [php:error] [pid 222] [client 40.115.138.121:0] script '/domains/system_default/class-t.api.php' not found or unable to stat
[Thu Jan 29 06:44:18.356732 2026] [php:error] [pid 222] [client 40.115.138.121:0] script '/domains/system_default/admin.php' not found or unable to stat
[Thu Jan 29 06:44:19.516773 2026] [php:error] [pid 222] [client 40.115.138.121:0] script '/domains/system_default/adminfuns.php' not found or unable to stat
[Thu Jan 29 06:44:32.995578 2026] [php:error] [pid 206] [client 34.96.162.53:0] script '/domains/windsorweb/adminer-5.0.3.php' not found or unable to stat
[Thu Jan 29 06:44:36.486635 2026] [php:error] [pid 217] [client 35.247.243.247:0] script '/domains/windsorweb/adminer-4.7.3.php' not found or unable to stat
[Thu Jan 29 06:44:39.825137 2026] [php:error] [pid 206] [client 52.230.35.34:0] script '/domains/micra/wp-trackback.php' not found or unable to stat
[Thu Jan 29 06:44:40.045592 2026] [php:error] [pid 206] [client 52.230.35.34:0] script '/domains/micra/about.php' not found or unable to stat
[Thu Jan 29 06:44:40.266101 2026] [php:error] [pid 206] [client 52.230.35.34:0] script '/domains/micra/term.php' not found or unable to stat
[Thu Jan 29 06:44:40.486902 2026] [php:error] [pid 206] [client 52.230.35.34:0] script '/domains/micra/wp-good.php' not found or unable to stat
[Thu Jan 29 06:44:40.707501 2026] [php:error] [pid 206] [client 52.230.35.34:0] script '/domains/micra/xmlrpc.php' not found or unable to stat
[Thu Jan 29 06:44:40.933867 2026] [php:error] [pid 206] [client 52.230.35.34:0] script '/domains/micra/goods.php' not found or unable to stat
[Thu Jan 29 06:44:41.155614 2026] [php:error] [pid 206] [client 52.230.35.34:0] script '/domains/micra/ioxi-o.php' not found or unable to stat
[Thu Jan 29 06:44:41.376320 2026] [php:error] [pid 206] [client 52.230.35.34:0] script '/domains/micra/class-t.api.php' not found or unable to stat
[Thu Jan 29 06:44:41.596833 2026] [php:error] [pid 206] [client 52.230.35.34:0] script '/domains/micra/admin.php' not found or unable to stat
[Thu Jan 29 06:44:42.720992 2026] [php:error] [pid 5891] [client 34.96.162.60:0] script '/domains/windsorweb/adminer-5.3.0-mysql.php' not found or unable to stat
[Thu Jan 29 06:44:43.156425 2026] [php:error] [pid 206] [client 52.230.35.34:0] script '/domains/micra/adminfuns.php' not found or unable to stat
[Thu Jan 29 06:44:57.687806 2026] [php:error] [pid 217] [client 34.96.162.60:0] script '/domains/schellin/adminer-4.1.0.php' not found or unable to stat
[Thu Jan 29 06:45:01.074920 2026] [php:error] [pid 197] [client 52.164.187.143:0] script '/domains/system_default/webdb.php' not found or unable to stat
[Thu Jan 29 06:45:01.149493 2026] [php:error] [pid 197] [client 52.164.187.143:0] script '/domains/system_default/rip.php' not found or unable to stat
[Thu Jan 29 06:45:01.237683 2026] [php:error] [pid 197] [client 52.164.187.143:0] script '/domains/system_default/bnn_.php' not found or unable to stat
[Thu Jan 29 06:45:01.313318 2026] [php:error] [pid 197] [client 52.164.187.143:0] script '/domains/system_default/35.php' not found or unable to stat
[Thu Jan 29 06:45:01.388206 2026] [php:error] [pid 197] [client 52.164.187.143:0] script '/domains/system_default/sidfile.php' not found or unable to stat
[Thu Jan 29 06:45:01.463391 2026] [php:error] [pid 197] [client 52.164.187.143:0] script '/domains/system_default/rum.php' not found or unable to stat
[Thu Jan 29 06:45:01.538279 2026] [php:error] [pid 197] [client 52.164.187.143:0] script '/domains/system_default/classwithtostring.php' not found or unable to stat
[Thu Jan 29 06:45:01.613672 2026] [php:error] [pid 197] [client 52.164.187.143:0] script '/domains/system_default/php8.php' not found or unable to stat
[Thu Jan 29 06:45:01.688607 2026] [php:error] [pid 197] [client 52.164.187.143:0] script '/domains/system_default/wp-aoisuki.php' not found or unable to stat
[Thu Jan 29 06:45:01.763499 2026] [php:error] [pid 197] [client 52.164.187.143:0] script '/domains/system_default/naritai.php' not found or unable to stat
[Thu Jan 29 06:45:01.857703 2026] [php:error] [pid 197] [client 52.164.187.143:0] script '/domains/system_default/w2025.php' not found or unable to stat
[Thu Jan 29 06:45:01.932889 2026] [php:error] [pid 197] [client 52.164.187.143:0] script '/domains/system_default/app.php' not found or unable to stat
[Thu Jan 29 06:45:02.020818 2026] [php:error] [pid 197] [client 52.164.187.143:0] script '/domains/system_default/lib.php' not found or unable to stat
[Thu Jan 29 06:45:02.095678 2026] [php:error] [pid 197] [client 52.164.187.143:0] script '/domains/system_default/geaitasa.php' not found or unable to stat
[Thu Jan 29 06:45:02.170927 2026] [php:error] [pid 197] [client 52.164.187.143:0] script '/domains/system_default/class-cc.php' not found or unable to stat
[Thu Jan 29 06:45:02.245594 2026] [php:error] [pid 197] [client 52.164.187.143:0] script '/domains/system_default/reze.php' not found or unable to stat
[Thu Jan 29 06:45:02.320360 2026] [php:error] [pid 197] [client 52.164.187.143:0] script '/domains/system_default/11092null.php' not found or unable to stat
[Thu Jan 29 06:45:02.395125 2026] [php:error] [pid 197] [client 52.164.187.143:0] script '/domains/system_default/ioxi-o2.php' not found or unable to stat
[Thu Jan 29 06:45:02.470218 2026] [php:error] [pid 197] [client 52.164.187.143:0] script '/domains/system_default/166.php' not found or unable to stat
[Thu Jan 29 06:45:02.545123 2026] [php:error] [pid 197] [client 52.164.187.143:0] script '/domains/system_default/by.php' not found or unable to stat
[Thu Jan 29 06:45:02.620149 2026] [php:error] [pid 197] [client 52.164.187.143:0] script '/domains/system_default/zz8.php' not found or unable to stat
[Thu Jan 29 06:45:02.694914 2026] [php:error] [pid 197] [client 52.164.187.143:0] script '/domains/system_default/s1.php' not found or unable to stat
[Thu Jan 29 06:45:02.769695 2026] [php:error] [pid 197] [client 52.164.187.143:0] script '/domains/system_default/ah21.php' not found or unable to stat
[Thu Jan 29 06:45:02.844338 2026] [php:error] [pid 197] [client 52.164.187.143:0] script '/domains/system_default/ah22.php' not found or unable to stat
[Thu Jan 29 06:45:02.919320 2026] [php:error] [pid 197] [client 52.164.187.143:0] script '/domains/system_default/ws38.php' not found or unable to stat
[Thu Jan 29 06:45:03.069715 2026] [php:error] [pid 197] [client 52.164.187.143:0] script '/domains/system_default/uploaxa1.php' not found or unable to stat
[Thu Jan 29 06:45:03.144806 2026] [php:error] [pid 197] [client 52.164.187.143:0] script '/domains/system_default/wp-su.php' not found or unable to stat
[Thu Jan 29 06:45:03.219264 2026] [php:error] [pid 197] [client 52.164.187.143:0] script '/domains/system_default/rzzaq.php' not found or unable to stat
[Thu Jan 29 06:45:03.293939 2026] [php:error] [pid 197] [client 52.164.187.143:0] script '/domains/system_default/abtpn.php' not found or unable to stat
[Thu Jan 29 06:45:03.368968 2026] [php:error] [pid 197] [client 52.164.187.143:0] script '/domains/system_default/my1.php' not found or unable to stat
[Thu Jan 29 06:45:03.444116 2026] [php:error] [pid 197] [client 52.164.187.143:0] script '/domains/system_default/taktak.php' not found or unable to stat
[Thu Jan 29 06:45:03.523602 2026] [php:error] [pid 197] [client 52.164.187.143:0] script '/domains/system_default/sfcl.php' not found or unable to stat
[Thu Jan 29 06:45:03.599029 2026] [php:error] [pid 197] [client 52.164.187.143:0] script '/domains/system_default/ypukprhr.php' not found or unable to stat
[Thu Jan 29 06:45:03.673730 2026] [php:error] [pid 197] [client 52.164.187.143:0] script '/domains/system_default/tcnyz.php' not found or unable to stat
[Thu Jan 29 06:45:11.518911 2026] [core:crit] [pid 5889] (13)Permission denied: [client 216.244.66.241:0] AH00529: /domains/dcarlone/test/web/.htaccess pcfg_openfile: unable to check htaccess file, ensure it is readable and that '/domains/dcarlone/test/web/' is executable
[Thu Jan 29 06:45:21.423963 2026] [php:error] [pid 197] [client 35.247.243.241:0] script '/domains/windsorweb/__adm.php' not found or unable to stat
[Thu Jan 29 06:45:38.577638 2026] [php:error] [pid 5912] [client 20.219.155.42:0] script '/domains/conceptlabs1/autoload_classmap.php' not found or unable to stat
[Thu Jan 29 06:45:38.786336 2026] [php:error] [pid 5912] [client 20.219.155.42:0] script '/domains/conceptlabs1/alfa.php' not found or unable to stat
[Thu Jan 29 06:45:39.203182 2026] [php:error] [pid 5912] [client 20.219.155.42:0] script '/domains/conceptlabs1/luxe.php' not found or unable to stat
[Thu Jan 29 06:45:39.636708 2026] [php:error] [pid 5912] [client 20.219.155.42:0] script '/domains/conceptlabs1/rezor.php' not found or unable to stat
[Thu Jan 29 06:45:39.866843 2026] [php:error] [pid 5912] [client 20.219.155.42:0] script '/domains/conceptlabs1/doc.php' not found or unable to stat
[Thu Jan 29 06:45:40.593482 2026] [php:error] [pid 5912] [client 20.219.155.42:0] script '/domains/conceptlabs1/install.php' not found or unable to stat
[Thu Jan 29 06:45:40.802161 2026] [php:error] [pid 5902] [client 35.247.243.240:0] script '/domains/windsorweb/adminer-5.4.0.php' not found or unable to stat
[Thu Jan 29 06:45:41.013973 2026] [php:error] [pid 5912] [client 20.219.155.42:0] script '/domains/conceptlabs1/sto.php' not found or unable to stat
[Thu Jan 29 06:45:41.248104 2026] [php:error] [pid 5912] [client 20.219.155.42:0] script '/domains/conceptlabs1/x.php' not found or unable to stat
[Thu Jan 29 06:45:41.497174 2026] [php:error] [pid 5912] [client 20.219.155.42:0] script '/domains/conceptlabs1/test.php' not found or unable to stat
[Thu Jan 29 06:45:41.920955 2026] [php:error] [pid 5912] [client 20.219.155.42:0] script '/domains/conceptlabs1/n3.php' not found or unable to stat
[Thu Jan 29 06:45:42.585411 2026] [php:error] [pid 5912] [client 20.219.155.42:0] script '/domains/conceptlabs1/o.php' not found or unable to stat
[Thu Jan 29 06:45:43.276083 2026] [php:error] [pid 5912] [client 20.219.155.42:0] script '/domains/conceptlabs1/class-t.api.php' not found or unable to stat
[Thu Jan 29 06:45:43.692236 2026] [php:error] [pid 5912] [client 20.219.155.42:0] script '/domains/conceptlabs1/wp.php' not found or unable to stat
[Thu Jan 29 06:45:44.086873 2026] [php:error] [pid 5909] [client 34.96.162.60:0] script '/domains/windsorweb/adminer-5.1.1-mysql-en.php' not found or unable to stat
[Thu Jan 29 06:45:44.317951 2026] [php:error] [pid 5912] [client 20.219.155.42:0] script '/domains/conceptlabs1/h.php' not found or unable to stat
[Thu Jan 29 06:45:44.743720 2026] [php:error] [pid 5912] [client 20.219.155.42:0] script '/domains/conceptlabs1/wrt.php' not found or unable to stat
[Thu Jan 29 06:45:45.248851 2026] [php:error] [pid 5888] [client 34.96.162.57:0] script '/domains/windsorweb/adminer-5.0.6.php' not found or unable to stat
[Thu Jan 29 06:45:45.384996 2026] [php:error] [pid 5912] [client 20.219.155.42:0] script '/domains/conceptlabs1/images/c99.php' not found or unable to stat
[Thu Jan 29 06:45:45.870755 2026] [php:error] [pid 5912] [client 20.219.155.42:0] script '/domains/conceptlabs1/png.php' not found or unable to stat
[Thu Jan 29 06:45:46.561110 2026] [php:error] [pid 5912] [client 20.219.155.42:0] script '/domains/conceptlabs1/zwso.php' not found or unable to stat
[Thu Jan 29 06:45:47.601529 2026] [php:error] [pid 5912] [client 20.219.155.42:0] script '/domains/conceptlabs1/ton.php' not found or unable to stat
[Thu Jan 29 06:45:47.810144 2026] [php:error] [pid 5912] [client 20.219.155.42:0] script '/domains/conceptlabs1/wso.php' not found or unable to stat
[Thu Jan 29 06:45:48.401165 2026] [php:error] [pid 5912] [client 20.219.155.42:0] script '/domains/conceptlabs1/a2.php' not found or unable to stat
[Thu Jan 29 06:45:48.680409 2026] [php:error] [pid 5912] [client 20.219.155.42:0] script '/domains/conceptlabs1/shell.php' not found or unable to stat
