[Thu Jan 29 07:20:48.417576 2026] [php:error] [pid 11952] [client 34.96.162.60:0] script '/domains/windsorweb/adminer-5.0.4-mysql.php' not found or unable to stat
[Thu Jan 29 07:21:05.550045 2026] [php:error] [pid 11952] [client 35.247.243.250:0] script '/domains/windsorweb/adminer-5.0.6-mysql-en.php' not found or unable to stat
[Thu Jan 29 07:21:06.419891 2026] [php:error] [pid 11952] [client 20.78.169.245:0] script '/domains/wsmith.enteract/wp-trackback.php' not found or unable to stat
[Thu Jan 29 07:21:06.596773 2026] [php:error] [pid 11952] [client 20.78.169.245:0] script '/domains/wsmith.enteract/about.php' not found or unable to stat
[Thu Jan 29 07:21:06.773277 2026] [php:error] [pid 11952] [client 20.78.169.245:0] script '/domains/wsmith.enteract/term.php' not found or unable to stat
[Thu Jan 29 07:21:06.965882 2026] [php:error] [pid 11952] [client 20.78.169.245:0] script '/domains/wsmith.enteract/wp-good.php' not found or unable to stat
[Thu Jan 29 07:21:07.151077 2026] [php:error] [pid 11952] [client 20.78.169.245:0] script '/domains/wsmith.enteract/xmlrpc.php' not found or unable to stat
[Thu Jan 29 07:21:07.343221 2026] [php:error] [pid 11952] [client 20.78.169.245:0] script '/domains/wsmith.enteract/goods.php' not found or unable to stat
[Thu Jan 29 07:21:07.520129 2026] [php:error] [pid 11952] [client 20.78.169.245:0] script '/domains/wsmith.enteract/ioxi-o.php' not found or unable to stat
[Thu Jan 29 07:21:07.697001 2026] [php:error] [pid 11952] [client 20.78.169.245:0] script '/domains/wsmith.enteract/class-t.api.php' not found or unable to stat
[Thu Jan 29 07:21:07.873298 2026] [php:error] [pid 11952] [client 20.78.169.245:0] script '/domains/wsmith.enteract/admin.php' not found or unable to stat
[Thu Jan 29 07:21:09.110335 2026] [php:error] [pid 11952] [client 20.78.169.245:0] script '/domains/wsmith.enteract/adminfuns.php' not found or unable to stat
[Thu Jan 29 07:21:16.593522 2026] [php:error] [pid 11967] [client 35.247.243.250:0] script '/domains/windsorweb/adminer-4.2.1.php' not found or unable to stat
[Thu Jan 29 07:21:26.844955 2026] [php:error] [pid 11966] [client 34.96.162.62:0] script '/domains/windsorweb/adminer-db.php' not found or unable to stat
[Thu Jan 29 07:21:30.927859 2026] [php:error] [pid 11969] [client 35.247.243.254:0] script '/domains/windsorweb/adminer-5.0.2-mysql-en.php' not found or unable to stat
[Thu Jan 29 07:21:31.182355 2026] [php:error] [pid 11952] [client 52.231.70.117:0] script '/domains/fbardin/class.php' not found or unable to stat
[Thu Jan 29 07:21:31.365529 2026] [php:error] [pid 11952] [client 52.231.70.117:0] script '/domains/fbardin/bless5.php' not found or unable to stat
[Thu Jan 29 07:21:31.930489 2026] [php:error] [pid 11952] [client 52.231.70.117:0] script '/domains/fbardin/lock360.php' not found or unable to stat
[Thu Jan 29 07:21:32.801299 2026] [php:error] [pid 11952] [client 52.231.70.117:0] script '/domains/fbardin/ioxi-o1.php' not found or unable to stat
[Thu Jan 29 07:21:33.396837 2026] [php:error] [pid 11952] [client 52.231.70.117:0] script '/domains/fbardin/juuuu.php' not found or unable to stat
[Thu Jan 29 07:21:33.584660 2026] [php:error] [pid 11952] [client 52.231.70.117:0] script '/domains/fbardin/ha.php' not found or unable to stat
[Thu Jan 29 07:21:33.766834 2026] [php:error] [pid 11952] [client 52.231.70.117:0] script '/domains/fbardin/gg.php' not found or unable to stat
[Thu Jan 29 07:21:33.947795 2026] [php:error] [pid 11952] [client 52.231.70.117:0] script '/domains/fbardin/we2.php' not found or unable to stat
[Thu Jan 29 07:21:34.128180 2026] [php:error] [pid 11952] [client 52.231.70.117:0] script '/domains/fbardin/04.php' not found or unable to stat
[Thu Jan 29 07:21:34.343967 2026] [php:error] [pid 11952] [client 52.231.70.117:0] script '/domains/fbardin/333.php' not found or unable to stat
[Thu Jan 29 07:21:34.530395 2026] [php:error] [pid 11952] [client 52.231.70.117:0] script '/domains/fbardin/520.php' not found or unable to stat
[Thu Jan 29 07:21:34.711574 2026] [php:error] [pid 11952] [client 52.231.70.117:0] script '/domains/fbardin/ar.php' not found or unable to stat
[Thu Jan 29 07:21:34.891562 2026] [php:error] [pid 11952] [client 52.231.70.117:0] script '/domains/fbardin/x.php' not found or unable to stat
[Thu Jan 29 07:21:35.088119 2026] [php:error] [pid 11952] [client 52.231.70.117:0] script '/domains/fbardin/xx.php' not found or unable to stat
[Thu Jan 29 07:21:35.268425 2026] [php:error] [pid 11952] [client 52.231.70.117:0] script '/domains/fbardin/gifclass4.php' not found or unable to stat
[Thu Jan 29 07:21:35.450596 2026] [php:error] [pid 11952] [client 52.231.70.117:0] script '/domains/fbardin/2clas.php' not found or unable to stat
[Thu Jan 29 07:21:35.636628 2026] [php:error] [pid 11952] [client 52.231.70.117:0] script '/domains/fbardin/ave.php' not found or unable to stat
[Thu Jan 29 07:21:35.816771 2026] [php:error] [pid 11952] [client 52.231.70.117:0] script '/domains/fbardin/wrt.php' not found or unable to stat
[Thu Jan 29 07:21:36.007522 2026] [php:error] [pid 11952] [client 52.231.70.117:0] script '/domains/fbardin/bibil.php' not found or unable to stat
[Thu Jan 29 07:21:37.338261 2026] [php:error] [pid 11952] [client 52.231.70.117:0] script '/domains/fbardin/radio.php' not found or unable to stat
[Thu Jan 29 07:21:37.519038 2026] [php:error] [pid 11952] [client 52.231.70.117:0] script '/domains/fbardin/files.php' not found or unable to stat
[Thu Jan 29 07:21:37.711826 2026] [php:error] [pid 11952] [client 52.231.70.117:0] script '/domains/fbardin/file7.php' not found or unable to stat
[Thu Jan 29 07:21:37.896189 2026] [php:error] [pid 11952] [client 52.231.70.117:0] script '/domains/fbardin/gifclass.php' not found or unable to stat
[Thu Jan 29 07:21:38.257254 2026] [php:error] [pid 11952] [client 52.231.70.117:0] script '/domains/fbardin/nox.php' not found or unable to stat
[Thu Jan 29 07:21:38.453619 2026] [php:error] [pid 11952] [client 52.231.70.117:0] script '/domains/fbardin/file48.php' not found or unable to stat
[Thu Jan 29 07:21:38.634363 2026] [php:error] [pid 11952] [client 52.231.70.117:0] script '/domains/fbardin/info.php' not found or unable to stat
[Thu Jan 29 07:21:38.814400 2026] [php:error] [pid 11952] [client 52.231.70.117:0] script '/domains/fbardin/class9.php' not found or unable to stat
[Thu Jan 29 07:21:38.995155 2026] [php:error] [pid 11952] [client 52.231.70.117:0] script '/domains/fbardin/la.php' not found or unable to stat
[Thu Jan 29 07:21:39.640615 2026] [php:error] [pid 11952] [client 52.231.70.117:0] script '/domains/fbardin/bless11.php' not found or unable to stat
[Thu Jan 29 07:21:39.820891 2026] [php:error] [pid 11952] [client 52.231.70.117:0] script '/domains/fbardin/ccou.php' not found or unable to stat
[Thu Jan 29 07:21:40.015712 2026] [php:error] [pid 11952] [client 52.231.70.117:0] script '/domains/fbardin/ton.php' not found or unable to stat
[Thu Jan 29 07:21:40.840007 2026] [php:error] [pid 11952] [client 52.231.70.117:0] script '/domains/fbardin/403.php' not found or unable to stat
[Thu Jan 29 07:21:41.024812 2026] [php:error] [pid 11952] [client 52.231.70.117:0] script '/domains/fbardin/file9.php' not found or unable to stat
[Thu Jan 29 07:21:41.209389 2026] [php:error] [pid 11952] [client 52.231.70.117:0] script '/domains/fbardin/ac.php' not found or unable to stat
[Thu Jan 29 07:21:41.390885 2026] [php:error] [pid 11952] [client 52.231.70.117:0] script '/domains/fbardin/new4.php' not found or unable to stat
[Thu Jan 29 07:21:41.570825 2026] [php:error] [pid 11952] [client 52.231.70.117:0] script '/domains/fbardin/pop.php' not found or unable to stat
[Thu Jan 29 07:21:41.751231 2026] [php:error] [pid 11952] [client 52.231.70.117:0] script '/domains/fbardin/az.php' not found or unable to stat
[Thu Jan 29 07:21:42.271684 2026] [php:error] [pid 11968] [client 35.247.243.243:0] script '/domains/windsorweb/_adminer.php' not found or unable to stat
[Thu Jan 29 07:21:42.522627 2026] [php:error] [pid 11952] [client 52.231.70.117:0] script '/domains/fbardin/xaz.php' not found or unable to stat
[Thu Jan 29 07:21:42.731059 2026] [php:error] [pid 11952] [client 52.231.70.117:0] script '/domains/fbardin/up4.php' not found or unable to stat
[Thu Jan 29 07:21:42.911864 2026] [php:error] [pid 11952] [client 52.231.70.117:0] script '/domains/fbardin/1aa.php' not found or unable to stat
[Thu Jan 29 07:21:43.941997 2026] [php:error] [pid 11952] [client 52.231.70.117:0] script '/domains/fbardin/elp.php' not found or unable to stat
[Thu Jan 29 07:21:44.592175 2026] [php:error] [pid 11952] [client 52.231.70.117:0] script '/domains/fbardin/wtz.php' not found or unable to stat
[Thu Jan 29 07:21:45.580026 2026] [php:error] [pid 11952] [client 52.231.70.117:0] script '/domains/fbardin/galex.php' not found or unable to stat
[Thu Jan 29 07:21:45.763290 2026] [php:error] [pid 11952] [client 52.231.70.117:0] script '/domains/fbardin/xb.php' not found or unable to stat
[Thu Jan 29 07:21:45.948070 2026] [php:error] [pid 11952] [client 52.231.70.117:0] script '/domains/fbardin/ova.php' not found or unable to stat
[Thu Jan 29 07:21:46.150115 2026] [php:error] [pid 11952] [client 52.231.70.117:0] script '/domains/fbardin/vx.php' not found or unable to stat
[Thu Jan 29 07:21:46.330583 2026] [php:error] [pid 11952] [client 52.231.70.117:0] script '/domains/fbardin/rh.php' not found or unable to stat
[Thu Jan 29 07:21:48.534626 2026] [php:error] [pid 11969] [client 35.247.243.255:0] script '/domains/windsorweb/DB.php' not found or unable to stat
[Thu Jan 29 07:21:49.499213 2026] [php:error] [pid 11962] [client 34.96.162.56:0] script '/domains/windsorweb/adminer-5.0.6-en.php' not found or unable to stat
[Thu Jan 29 07:21:55.520088 2026] [php:error] [pid 11970] [client 34.96.162.55:0] script '/domains/windsorweb/adminer-5.0.1-mysql.php' not found or unable to stat
[Thu Jan 29 07:22:08.008203 2026] [php:error] [pid 11969] [client 35.247.243.248:0] script '/domains/windsorweb/adminer-4.7.5.php' not found or unable to stat
[Thu Jan 29 07:22:15.040509 2026] [php:error] [pid 11969] [client 34.90.6.68:0] script '/domains/hdickens.enteract/kmnj.php' not found or unable to stat
[Thu Jan 29 07:22:23.033683 2026] [php:error] [pid 11966] [client 34.96.162.51:0] script '/domains/windsorweb/adminer-4.6.0.php' not found or unable to stat
[Thu Jan 29 07:22:24.996426 2026] [php:error] [pid 11964] [client 34.6.225.107:0] script '/domains/hdickens.enteract/kmnj.php' not found or unable to stat
[Thu Jan 29 07:22:29.927930 2026] [php:error] [pid 11979] [client 35.247.243.251:0] script '/domains/windsorweb/db.php' not found or unable to stat
[Thu Jan 29 07:22:37.257166 2026] [php:error] [pid 11952] [client 34.96.162.55:0] script '/domains/schellin/mydb.php' not found or unable to stat
[Thu Jan 29 07:22:39.335452 2026] [php:error] [pid 11981] [client 35.247.243.250:0] script '/domains/windsorweb/DB.php' not found or unable to stat
[Thu Jan 29 07:22:39.862845 2026] [php:error] [pid 11981] [client 35.247.243.241:0] script '/domains/windsorweb/adminer-5.4.1-en.php' not found or unable to stat
[Thu Jan 29 07:22:40.583544 2026] [php:error] [pid 11978] [client 34.96.162.62:0] script '/domains/windsorweb/__adm.php' not found or unable to stat
[Thu Jan 29 07:22:49.710867 2026] [php:error] [pid 11952] [client 34.96.162.59:0] script '/domains/windsorweb/adminer-4.8.1-mysql.php' not found or unable to stat
[Thu Jan 29 07:22:51.374157 2026] [php:error] [pid 11984] [client 35.247.243.255:0] script '/domains/schellin/adminer-4.16.0.php' not found or unable to stat
[Thu Jan 29 07:22:55.929078 2026] [php:error] [pid 11984] [client 35.247.243.248:0] script '/domains/windsorweb/adminer-5.0.4.php' not found or unable to stat
[Thu Jan 29 07:23:01.076561 2026] [php:error] [pid 11964] [client 35.247.243.250:0] script '/domains/windsorweb/adminer-5.2.1-mysql-en.php' not found or unable to stat
[Thu Jan 29 07:23:01.077491 2026] [php:error] [pid 11952] [client 35.247.243.246:0] script '/domains/windsorweb/adminer-5.2.1-mysql.php' not found or unable to stat
[Thu Jan 29 07:23:03.639806 2026] [php:error] [pid 11982] [client 35.247.243.250:0] script '/domains/windsorweb/adminer-5.0.5-mysql.php' not found or unable to stat
[Thu Jan 29 07:23:13.734333 2026] [php:error] [pid 11982] [client 35.247.243.248:0] script '/domains/windsorweb/adminer-5.0.2-mysql-en.php' not found or unable to stat
[Thu Jan 29 07:23:16.020950 2026] [php:error] [pid 11983] [client 34.96.162.59:0] script '/domains/windsorweb/adminer-5.2.1-mysql-en.php' not found or unable to stat
[Thu Jan 29 07:23:23.017311 2026] [php:error] [pid 11992] [client 34.96.162.51:0] script '/domains/windsorweb/adminer-4.3.0.php' not found or unable to stat
[Thu Jan 29 07:23:36.824173 2026] [php:error] [pid 11993] [client 34.96.162.50:0] script '/domains/schellin/adminer-4.2.1.php' not found or unable to stat
[Thu Jan 29 07:23:41.463180 2026] [php:error] [pid 11992] [client 35.247.243.243:0] script '/domains/windsorweb/adminer-5.0.5.php' not found or unable to stat
[Thu Jan 29 07:23:47.743460 2026] [php:error] [pid 11998] [client 35.247.243.243:0] script '/domains/windsorweb/adminer-db.php' not found or unable to stat
[Thu Jan 29 07:23:50.387814 2026] [php:error] [pid 12000] [client 34.96.162.57:0] script '/domains/windsorweb/adminer-5.2.1.php' not found or unable to stat
[Thu Jan 29 07:23:51.497168 2026] [php:error] [pid 11992] [client 20.194.29.45:0] script '/domains/davidbacker/wp-trackback.php' not found or unable to stat
[Thu Jan 29 07:23:51.679742 2026] [php:error] [pid 11992] [client 20.194.29.45:0] script '/domains/davidbacker/about.php' not found or unable to stat
[Thu Jan 29 07:23:51.864492 2026] [php:error] [pid 11992] [client 20.194.29.45:0] script '/domains/davidbacker/term.php' not found or unable to stat
[Thu Jan 29 07:23:52.047080 2026] [php:error] [pid 11992] [client 20.194.29.45:0] script '/domains/davidbacker/wp-good.php' not found or unable to stat
[Thu Jan 29 07:23:52.229706 2026] [php:error] [pid 11992] [client 20.194.29.45:0] script '/domains/davidbacker/xmlrpc.php' not found or unable to stat
[Thu Jan 29 07:23:52.412022 2026] [php:error] [pid 11992] [client 20.194.29.45:0] script '/domains/davidbacker/goods.php' not found or unable to stat
[Thu Jan 29 07:23:52.596928 2026] [php:error] [pid 11992] [client 20.194.29.45:0] script '/domains/davidbacker/ioxi-o.php' not found or unable to stat
[Thu Jan 29 07:23:52.787365 2026] [php:error] [pid 11992] [client 20.194.29.45:0] script '/domains/davidbacker/class-t.api.php' not found or unable to stat
[Thu Jan 29 07:23:52.975471 2026] [php:error] [pid 11992] [client 20.194.29.45:0] script '/domains/davidbacker/admin.php' not found or unable to stat
[Thu Jan 29 07:23:54.285963 2026] [php:error] [pid 11992] [client 20.194.29.45:0] script '/domains/davidbacker/adminfuns.php' not found or unable to stat
[Thu Jan 29 07:24:11.506960 2026] [php:error] [pid 11982] [client 34.96.162.53:0] script '/domains/windsorweb/adminer-5.1.1-mysql.php' not found or unable to stat
[Thu Jan 29 07:24:15.287037 2026] [php:error] [pid 11992] [client 35.247.243.248:0] script '/domains/windsorweb/unzipper.php' not found or unable to stat
[Thu Jan 29 07:24:23.462034 2026] [php:error] [pid 12006] [client 35.247.243.243:0] script '/domains/schellin/adminer-5.3.0-en.php' not found or unable to stat
[Thu Jan 29 07:24:31.834532 2026] [php:error] [pid 12004] [client 34.96.162.53:0] script '/domains/schellin/adminer-4.7.2.php' not found or unable to stat
[Thu Jan 29 07:25:03.916181 2026] [php:error] [pid 12004] [client 34.96.162.63:0] script '/domains/windsorweb/adminer-5.0.3.php' not found or unable to stat
[Thu Jan 29 07:25:10.849843 2026] [php:error] [pid 12008] [client 35.247.243.244:0] script '/domains/windsorweb/db.php' not found or unable to stat
[Thu Jan 29 07:25:19.385817 2026] [php:error] [pid 12014] [client 35.247.243.247:0] script '/domains/windsorweb/adminer-5.1.1-mysql.php' not found or unable to stat
[Thu Jan 29 07:25:29.002119 2026] [php:error] [pid 12014] [client 40.115.138.121:0] script '/domains/aatweb/wp-trackback.php' not found or unable to stat
[Thu Jan 29 07:25:29.172003 2026] [php:error] [pid 12014] [client 40.115.138.121:0] script '/domains/aatweb/about.php' not found or unable to stat
[Thu Jan 29 07:25:29.345553 2026] [php:error] [pid 12014] [client 40.115.138.121:0] script '/domains/aatweb/term.php' not found or unable to stat
[Thu Jan 29 07:25:29.516008 2026] [php:error] [pid 12014] [client 40.115.138.121:0] script '/domains/aatweb/wp-good.php' not found or unable to stat
[Thu Jan 29 07:25:29.691780 2026] [php:error] [pid 12014] [client 40.115.138.121:0] script '/domains/aatweb/xmlrpc.php' not found or unable to stat
[Thu Jan 29 07:25:29.862375 2026] [php:error] [pid 12014] [client 40.115.138.121:0] script '/domains/aatweb/goods.php' not found or unable to stat
[Thu Jan 29 07:25:30.032436 2026] [php:error] [pid 12014] [client 40.115.138.121:0] script '/domains/aatweb/ioxi-o.php' not found or unable to stat
[Thu Jan 29 07:25:30.201709 2026] [php:error] [pid 12014] [client 40.115.138.121:0] script '/domains/aatweb/class-t.api.php' not found or unable to stat
[Thu Jan 29 07:25:30.372112 2026] [php:error] [pid 12014] [client 40.115.138.121:0] script '/domains/aatweb/admin.php' not found or unable to stat
[Thu Jan 29 07:25:30.651908 2026] [php:error] [pid 12016] [client 34.96.162.49:0] script '/domains/windsorweb/adminer-5.4.1.php' not found or unable to stat
[Thu Jan 29 07:25:31.574701 2026] [php:error] [pid 12014] [client 40.115.138.121:0] script '/domains/aatweb/adminfuns.php' not found or unable to stat
[Thu Jan 29 07:25:37.286471 2026] [php:error] [pid 12015] [client 145.239.10.137:0] script '/domains/system_suspended/ola.php' not found or unable to stat, referer: http://roemmelt.us/ola.php
[Thu Jan 29 07:25:46.186703 2026] [php:error] [pid 12014] [client 34.96.162.63:0] script '/domains/windsorweb/adminer-5.0.2-mysql-en.php' not found or unable to stat
[Thu Jan 29 07:25:47.199151 2026] [php:error] [pid 11986] [client 35.247.243.253:0] script '/domains/windsorweb/adminer-5.0.6.php' not found or unable to stat
[Thu Jan 29 07:26:00.074397 2026] [php:error] [pid 11986] [client 35.247.243.241:0] script '/domains/windsorweb/adminer-4.7.3.php' not found or unable to stat
[Thu Jan 29 07:26:02.034680 2026] [php:error] [pid 12015] [client 34.96.162.57:0] script '/domains/windsorweb/adminer-4.7.0.php' not found or unable to stat
[Thu Jan 29 07:26:07.579873 2026] [php:error] [pid 12009] [client 35.247.243.250:0] script '/domains/windsorweb/adminer-db.php' not found or unable to stat
[Thu Jan 29 07:26:07.904963 2026] [php:error] [pid 11986] [client 141.98.10.136:0] script '/domains/apunderkofler/wp-login.php' not found or unable to stat
[Thu Jan 29 07:26:09.599115 2026] [php:error] [pid 12015] [client 34.158.68.96:0] script '/domains/hdickens.enteract/kmnj.php' not found or unable to stat
[Thu Jan 29 07:26:14.364328 2026] [php:error] [pid 12023] [client 35.247.243.253:0] script '/domains/windsorweb/unzipper.php' not found or unable to stat
[Thu Jan 29 07:26:15.039827 2026] [php:error] [pid 12022] [client 35.247.243.242:0] script '/domains/windsorweb/adminer-5.1.0-mysql.php' not found or unable to stat
[Thu Jan 29 07:26:20.185587 2026] [php:error] [pid 12015] [client 141.98.10.136:0] script '/domains/apunderkofler/wp-login.php' not found or unable to stat, referer: https://wordpress.org/
[Thu Jan 29 07:26:23.105106 2026] [php:error] [pid 12019] [client 35.247.243.241:0] script '/domains/schellin/ADMINER.php' not found or unable to stat
[Thu Jan 29 07:26:29.961783 2026] [php:error] [pid 12020] [client 34.96.162.59:0] script '/domains/windsorweb/adminer-4.8.1-mysql.php' not found or unable to stat
[Thu Jan 29 07:26:50.175115 2026] [php:error] [pid 12022] [client 35.247.243.254:0] script '/domains/windsorweb/adminer-4.2.1.php' not found or unable to stat
[Thu Jan 29 07:26:50.244596 2026] [php:error] [pid 12020] [client 35.247.243.241:0] script '/domains/windsorweb/adminer-4.7.0.php' not found or unable to stat
[Thu Jan 29 07:26:50.382793 2026] [php:error] [pid 12022] [client 35.247.243.252:0] script '/domains/windsorweb/adminer-5.2.0-mysql-en.php' not found or unable to stat
[Thu Jan 29 07:26:57.511487 2026] [php:error] [pid 12020] [client 34.96.162.58:0] script '/domains/windsorweb/adminer-5.1.0-mysql.php' not found or unable to stat
[Thu Jan 29 07:27:04.923846 2026] [php:error] [pid 12020] [client 35.247.243.247:0] script '/domains/windsorweb/adminer-5.0.6.php' not found or unable to stat
[Thu Jan 29 07:27:06.653646 2026] [php:error] [pid 12025] [client 35.247.243.241:0] script '/domains/windsorweb/adminer-5.0.3-en.php' not found or unable to stat
[Thu Jan 29 07:27:12.742460 2026] [php:error] [pid 12028] [client 34.96.162.61:0] script '/domains/schellin/adminer-5.0.3.php' not found or unable to stat
[Thu Jan 29 07:27:15.635456 2026] [php:error] [pid 12024] [client 34.96.162.56:0] script '/domains/windsorweb/unzipper.php' not found or unable to stat
[Thu Jan 29 07:27:19.194299 2026] [php:error] [pid 12027] [client 34.96.162.56:0] script '/domains/windsorweb/adminer-5.0.6-mysql-en.php' not found or unable to stat
[Thu Jan 29 07:27:23.125245 2026] [php:error] [pid 12025] [client 35.247.243.241:0] script '/domains/windsorweb/adminer-4.6.2.php' not found or unable to stat
[Thu Jan 29 07:27:23.185492 2026] [php:error] [pid 12024] [client 34.96.162.54:0] script '/domains/windsorweb/DB.php' not found or unable to stat
[Thu Jan 29 07:27:25.456930 2026] [php:error] [pid 12020] [client 35.247.243.255:0] script '/domains/windsorweb/adminer-5.2.0-en.php' not found or unable to stat
[Thu Jan 29 07:27:33.875300 2026] [php:error] [pid 12026] [client 35.247.243.253:0] script '/domains/windsorweb/adminer-5.1.0-mysql.php' not found or unable to stat
[Thu Jan 29 07:27:34.900858 2026] [php:error] [pid 12026] [client 34.96.162.61:0] script '/domains/windsorweb/db.php' not found or unable to stat
[Thu Jan 29 07:27:39.475088 2026] [php:error] [pid 12031] [client 34.96.162.58:0] script '/domains/windsorweb/unzipper.php' not found or unable to stat
[Thu Jan 29 07:27:40.539224 2026] [php:error] [pid 12031] [client 35.247.243.245:0] script '/domains/windsorweb/adminer-5.0.4.php' not found or unable to stat
[Thu Jan 29 07:27:42.071638 2026] [php:error] [pid 12025] [client 141.98.10.136:0] script '/domains/markrose/wp-login.php' not found or unable to stat
[Thu Jan 29 07:27:45.939459 2026] [php:error] [pid 12027] [client 35.247.243.253:0] script '/domains/windsorweb/adminer-4.7.3.php' not found or unable to stat
[Thu Jan 29 07:27:46.418249 2026] [php:error] [pid 12030] [client 34.96.162.50:0] script '/domains/windsorweb/unzipper.php' not found or unable to stat
[Thu Jan 29 07:27:48.848625 2026] [php:error] [pid 12031] [client 34.96.162.59:0] script '/domains/windsorweb/adminer-5.1.1-mysql.php' not found or unable to stat
[Thu Jan 29 07:27:49.081777 2026] [php:error] [pid 12027] [client 35.247.243.254:0] script '/domains/windsorweb/adminer-5.0.4.php' not found or unable to stat
[Thu Jan 29 07:27:53.017697 2026] [php:error] [pid 12031] [client 141.98.10.136:0] script '/domains/markrose/wp-login.php' not found or unable to stat, referer: https://www.google.com/
[Thu Jan 29 07:27:53.315315 2026] [php:error] [pid 12025] [client 35.247.243.248:0] script '/domains/windsorweb/adminer-5.2.1-mysql-en.php' not found or unable to stat
[Thu Jan 29 07:27:57.621911 2026] [php:error] [pid 12030] [client 34.6.38.138:0] script '/domains/hdickens.enteract/kmnj.php' not found or unable to stat
[Thu Jan 29 07:28:05.253952 2026] [php:error] [pid 12032] [client 35.247.243.240:0] script '/domains/windsorweb/DB.php' not found or unable to stat
[Thu Jan 29 07:28:16.711941 2026] [php:error] [pid 12036] [client 35.247.243.250:0] script '/domains/windsorweb/adminer-5.0.2-en.php' not found or unable to stat
[Thu Jan 29 07:28:29.278214 2026] [php:error] [pid 12031] [client 52.230.35.34:0] script '/domains/system_default/wp-trackback.php' not found or unable to stat
[Thu Jan 29 07:28:29.507808 2026] [php:error] [pid 12031] [client 52.230.35.34:0] script '/domains/system_default/about.php' not found or unable to stat
[Thu Jan 29 07:28:29.747155 2026] [php:error] [pid 12031] [client 52.230.35.34:0] script '/domains/system_default/term.php' not found or unable to stat
[Thu Jan 29 07:28:29.983312 2026] [php:error] [pid 12031] [client 52.230.35.34:0] script '/domains/system_default/wp-good.php' not found or unable to stat
[Thu Jan 29 07:28:30.212027 2026] [php:error] [pid 12031] [client 52.230.35.34:0] script '/domains/system_default/xmlrpc.php' not found or unable to stat
[Thu Jan 29 07:28:30.440795 2026] [php:error] [pid 12031] [client 52.230.35.34:0] script '/domains/system_default/goods.php' not found or unable to stat
[Thu Jan 29 07:28:30.674340 2026] [php:error] [pid 12031] [client 52.230.35.34:0] script '/domains/system_default/ioxi-o.php' not found or unable to stat
[Thu Jan 29 07:28:30.903378 2026] [php:error] [pid 12031] [client 52.230.35.34:0] script '/domains/system_default/class-t.api.php' not found or unable to stat
[Thu Jan 29 07:28:31.132053 2026] [php:error] [pid 12031] [client 52.230.35.34:0] script '/domains/system_default/admin.php' not found or unable to stat
[Thu Jan 29 07:28:32.745279 2026] [php:error] [pid 12031] [client 52.230.35.34:0] script '/domains/system_default/adminfuns.php' not found or unable to stat
[Thu Jan 29 07:28:35.560542 2026] [php:error] [pid 12027] [client 34.96.162.54:0] script '/domains/windsorweb/adminer-4.3.0.php' not found or unable to stat
[Thu Jan 29 07:28:47.946134 2026] [php:error] [pid 12036] [client 35.247.243.242:0] script '/domains/windsorweb/adminer-5.4.0-mysql-en.php' not found or unable to stat
[Thu Jan 29 07:28:57.469881 2026] [php:error] [pid 12036] [client 34.96.162.54:0] script '/domains/windsorweb/adminer-5.4.0.php' not found or unable to stat
[Thu Jan 29 07:29:00.238535 2026] [php:error] [pid 12036] [client 34.96.162.50:0] script '/domains/windsorweb/mydb.php' not found or unable to stat
[Thu Jan 29 07:29:01.703451 2026] [php:error] [pid 12031] [client 52.230.35.34:0] script '/domains/system_default/wp-trackback.php' not found or unable to stat
[Thu Jan 29 07:29:01.942094 2026] [php:error] [pid 12031] [client 52.230.35.34:0] script '/domains/system_default/about.php' not found or unable to stat
[Thu Jan 29 07:29:02.165262 2026] [php:error] [pid 12031] [client 52.230.35.34:0] script '/domains/system_default/term.php' not found or unable to stat
[Thu Jan 29 07:29:02.386784 2026] [php:error] [pid 12031] [client 52.230.35.34:0] script '/domains/system_default/wp-good.php' not found or unable to stat
[Thu Jan 29 07:29:02.608290 2026] [php:error] [pid 12031] [client 52.230.35.34:0] script '/domains/system_default/xmlrpc.php' not found or unable to stat
[Thu Jan 29 07:29:02.833920 2026] [php:error] [pid 12031] [client 52.230.35.34:0] script '/domains/system_default/goods.php' not found or unable to stat
[Thu Jan 29 07:29:03.055238 2026] [php:error] [pid 12031] [client 52.230.35.34:0] script '/domains/system_default/ioxi-o.php' not found or unable to stat
[Thu Jan 29 07:29:03.287607 2026] [php:error] [pid 12031] [client 52.230.35.34:0] script '/domains/system_default/class-t.api.php' not found or unable to stat
[Thu Jan 29 07:29:03.512275 2026] [php:error] [pid 12031] [client 52.230.35.34:0] script '/domains/system_default/admin.php' not found or unable to stat
[Thu Jan 29 07:29:05.076731 2026] [php:error] [pid 12031] [client 52.230.35.34:0] script '/domains/system_default/adminfuns.php' not found or unable to stat
[Thu Jan 29 07:29:08.707799 2026] [php:error] [pid 12041] [client 35.247.243.250:0] script '/domains/windsorweb/adminer-5.0.5-mysql.php' not found or unable to stat
[Thu Jan 29 07:29:18.353941 2026] [php:error] [pid 12040] [client 35.247.243.248:0] script '/domains/windsorweb/adminer-4.7.5.php' not found or unable to stat
[Thu Jan 29 07:29:23.106909 2026] [php:error] [pid 12040] [client 4.213.174.69:0] script '/domains/system_suspended/class19.php' not found or unable to stat
[Thu Jan 29 07:29:23.362251 2026] [php:error] [pid 12040] [client 4.213.174.69:0] script '/domains/system_suspended/zwso.php' not found or unable to stat
[Thu Jan 29 07:29:23.639925 2026] [php:error] [pid 12040] [client 4.213.174.69:0] script '/domains/system_suspended/ficmdwty.php' not found or unable to stat
[Thu Jan 29 07:29:23.880328 2026] [php:error] [pid 12040] [client 4.213.174.69:0] script '/domains/system_suspended/xmrlpc.php' not found or unable to stat
[Thu Jan 29 07:29:24.134364 2026] [php:error] [pid 12040] [client 4.213.174.69:0] script '/domains/system_suspended/comfunctions.php' not found or unable to stat
[Thu Jan 29 07:29:24.404210 2026] [php:error] [pid 12040] [client 4.213.174.69:0] script '/domains/system_suspended/maintenance.php' not found or unable to stat
[Thu Jan 29 07:29:24.698863 2026] [php:error] [pid 12040] [client 4.213.174.69:0] script '/domains/system_suspended/indeex.php' not found or unable to stat
[Thu Jan 29 07:29:24.960274 2026] [php:error] [pid 12040] [client 4.213.174.69:0] script '/domains/system_suspended/wp-site.php' not found or unable to stat
[Thu Jan 29 07:29:25.237412 2026] [php:error] [pid 12040] [client 4.213.174.69:0] script '/domains/system_suspended/function.php' not found or unable to stat
[Thu Jan 29 07:29:25.531182 2026] [php:error] [pid 12040] [client 4.213.174.69:0] script '/domains/system_suspended/thfd.php' not found or unable to stat
[Thu Jan 29 07:29:25.804805 2026] [php:error] [pid 12040] [client 4.213.174.69:0] script '/domains/system_suspended/index4.php' not found or unable to stat
[Thu Jan 29 07:29:26.089854 2026] [php:error] [pid 12040] [client 4.213.174.69:0] script '/domains/system_suspended/backup.php' not found or unable to stat
[Thu Jan 29 07:29:26.330461 2026] [php:error] [pid 12040] [client 4.213.174.69:0] script '/domains/system_suspended/wp-admin-css.php' not found or unable to stat
[Thu Jan 29 07:29:26.594432 2026] [php:error] [pid 12040] [client 4.213.174.69:0] script '/domains/system_suspended/priv.php' not found or unable to stat
[Thu Jan 29 07:29:26.869540 2026] [php:error] [pid 12040] [client 4.213.174.69:0] script '/domains/system_suspended/yes.php' not found or unable to stat
[Thu Jan 29 07:29:27.134006 2026] [php:error] [pid 12040] [client 4.213.174.69:0] script '/domains/system_suspended/change_password.php' not found or unable to stat
[Thu Jan 29 07:29:27.376194 2026] [php:error] [pid 12040] [client 4.213.174.69:0] script '/domains/system_suspended/payout.php' not found or unable to stat
[Thu Jan 29 07:29:27.644048 2026] [php:error] [pid 12040] [client 4.213.174.69:0] script '/domains/system_suspended/wsanon.php' not found or unable to stat
[Thu Jan 29 07:29:27.907443 2026] [php:error] [pid 12040] [client 4.213.174.69:0] script '/domains/system_suspended/defense.php' not found or unable to stat
[Thu Jan 29 07:29:28.148156 2026] [php:error] [pid 12040] [client 4.213.174.69:0] script '/domains/system_suspended/sxo.php' not found or unable to stat
[Thu Jan 29 07:29:28.410088 2026] [php:error] [pid 12040] [client 4.213.174.69:0] script '/domains/system_suspended/local-phpinfo.php' not found or unable to stat
[Thu Jan 29 07:29:28.651685 2026] [php:error] [pid 12040] [client 4.213.174.69:0] script '/domains/system_suspended/wp-cc.php' not found or unable to stat
[Thu Jan 29 07:29:28.918652 2026] [php:error] [pid 12040] [client 4.213.174.69:0] script '/domains/system_suspended/wp-class.php' not found or unable to stat
[Thu Jan 29 07:29:30.083812 2026] [php:error] [pid 12042] [client 34.96.162.52:0] script '/domains/windsorweb/adminer-5.4.0.php' not found or unable to stat
[Thu Jan 29 07:29:31.243526 2026] [php:error] [pid 12040] [client 4.213.174.69:0] script '/domains/system_suspended/colors.php' not found or unable to stat
[Thu Jan 29 07:29:31.274380 2026] [php:error] [pid 12045] [client 145.239.10.137:0] script '/domains/system_suspended/g.php' not found or unable to stat, referer: http://roemmelt.us/g.php
[Thu Jan 29 07:29:31.739982 2026] [php:error] [pid 12040] [client 4.213.174.69:0] script '/domains/system_suspended/server.php' not found or unable to stat
[Thu Jan 29 07:29:31.771008 2026] [php:error] [pid 12045] [client 35.247.243.252:0] script '/domains/windsorweb/adminer-4.6.1.php' not found or unable to stat
[Thu Jan 29 07:29:32.052674 2026] [php:error] [pid 12040] [client 4.213.174.69:0] script '/domains/system_suspended/iR7SzrsOUEP.php' not found or unable to stat
[Thu Jan 29 07:29:32.316851 2026] [php:error] [pid 12040] [client 4.213.174.69:0] script '/domains/system_suspended/ini.php' not found or unable to stat
[Thu Jan 29 07:29:32.558553 2026] [php:error] [pid 12040] [client 4.213.174.69:0] script '/domains/system_suspended/inbox.php' not found or unable to stat
[Thu Jan 29 07:29:32.843054 2026] [php:error] [pid 12040] [client 4.213.174.69:0] script '/domains/system_suspended/wp-cdi.php' not found or unable to stat
[Thu Jan 29 07:29:33.098952 2026] [php:error] [pid 12040] [client 4.213.174.69:0] script '/domains/system_suspended/blue.php' not found or unable to stat
[Thu Jan 29 07:29:33.339433 2026] [php:error] [pid 12040] [client 4.213.174.69:0] script '/domains/system_suspended/alfa1.php' not found or unable to stat
[Thu Jan 29 07:29:33.583725 2026] [php:error] [pid 12040] [client 4.213.174.69:0] script '/domains/system_suspended/spip.php' not found or unable to stat
[Thu Jan 29 07:29:33.824545 2026] [php:error] [pid 12040] [client 4.213.174.69:0] script '/domains/system_suspended/input.php' not found or unable to stat
[Thu Jan 29 07:29:34.083818 2026] [php:error] [pid 12040] [client 4.213.174.69:0] script '/domains/system_suspended/index-ajax-response.php' not found or unable to stat
[Thu Jan 29 07:29:34.324641 2026] [php:error] [pid 12040] [client 4.213.174.69:0] script '/domains/system_suspended/csv.php' not found or unable to stat
[Thu Jan 29 07:29:34.565286 2026] [php:error] [pid 12040] [client 4.213.174.69:0] script '/domains/system_suspended/blkqvmih.php' not found or unable to stat
[Thu Jan 29 07:29:34.806061 2026] [php:error] [pid 12040] [client 4.213.174.69:0] script '/domains/system_suspended/yanz.php' not found or unable to stat
[Thu Jan 29 07:29:35.082604 2026] [php:error] [pid 12040] [client 4.213.174.69:0] script '/domains/system_suspended/session.php' not found or unable to stat
[Thu Jan 29 07:29:35.365469 2026] [php:error] [pid 12040] [client 4.213.174.69:0] script '/domains/system_suspended/class-wp-filesystemss.php' not found or unable to stat
[Thu Jan 29 07:29:35.656174 2026] [php:error] [pid 12040] [client 4.213.174.69:0] script '/domains/system_suspended/installer.php' not found or unable to stat
[Thu Jan 29 07:29:36.007089 2026] [php:error] [pid 12040] [client 4.213.174.69:0] script '/domains/system_suspended/link-add.php' not found or unable to stat
[Thu Jan 29 07:29:36.289833 2026] [php:error] [pid 12040] [client 4.213.174.69:0] script '/domains/system_suspended/audio.php' not found or unable to stat
[Thu Jan 29 07:29:36.547448 2026] [php:error] [pid 12040] [client 4.213.174.69:0] script '/domains/system_suspended/aksinet.php' not found or unable to stat
[Thu Jan 29 07:29:36.794123 2026] [php:error] [pid 12040] [client 4.213.174.69:0] script '/domains/system_suspended/register.php' not found or unable to stat
[Thu Jan 29 07:29:37.068947 2026] [php:error] [pid 12040] [client 4.213.174.69:0] script '/domains/system_suspended/4price3.php' not found or unable to stat
[Thu Jan 29 07:29:37.338561 2026] [php:error] [pid 12040] [client 4.213.174.69:0] script '/domains/system_suspended/lofmebwd.php' not found or unable to stat
[Thu Jan 29 07:29:37.668456 2026] [php:error] [pid 12040] [client 4.213.174.69:0] script '/domains/system_suspended/w8a6btny.php' not found or unable to stat
[Thu Jan 29 07:29:37.951356 2026] [php:error] [pid 12040] [client 4.213.174.69:0] script '/domains/system_suspended/uwntsctk.php' not found or unable to stat
[Thu Jan 29 07:29:38.221593 2026] [php:error] [pid 12040] [client 4.213.174.69:0] script '/domains/system_suspended/wboom.php' not found or unable to stat
[Thu Jan 29 07:29:38.530955 2026] [php:error] [pid 12040] [client 4.213.174.69:0] script '/domains/system_suspended/wsa.php' not found or unable to stat
[Thu Jan 29 07:29:38.840119 2026] [php:error] [pid 12040] [client 4.213.174.69:0] script '/domains/system_suspended/wp-fclass.php' not found or unable to stat
[Thu Jan 29 07:29:39.363353 2026] [php:error] [pid 12040] [client 4.213.174.69:0] script '/domains/system_suspended/exit.php' not found or unable to stat
[Thu Jan 29 07:29:39.632322 2026] [php:error] [pid 12040] [client 4.213.174.69:0] script '/domains/system_suspended/0.php' not found or unable to stat
[Thu Jan 29 07:29:39.896274 2026] [php:error] [pid 12040] [client 4.213.174.69:0] script '/domains/system_suspended/wp-scripts.php' not found or unable to stat
[Thu Jan 29 07:29:40.138098 2026] [php:error] [pid 12040] [client 4.213.174.69:0] script '/domains/system_suspended/reset.php' not found or unable to stat
[Thu Jan 29 07:29:40.382675 2026] [php:error] [pid 12040] [client 4.213.174.69:0] script '/domains/system_suspended/ova-tools.php' not found or unable to stat
[Thu Jan 29 07:29:40.637325 2026] [php:error] [pid 12040] [client 4.213.174.69:0] script '/domains/system_suspended/f35.php' not found or unable to stat
[Thu Jan 29 07:29:40.884256 2026] [php:error] [pid 12040] [client 4.213.174.69:0] script '/domains/system_suspended/OLD-UP-ova.php' not found or unable to stat
[Thu Jan 29 07:29:41.127387 2026] [php:error] [pid 12040] [client 4.213.174.69:0] script '/domains/system_suspended/log404.php' not found or unable to stat
[Thu Jan 29 07:29:41.368086 2026] [php:error] [pid 12040] [client 4.213.174.69:0] script '/domains/system_suspended/wp-2022.php' not found or unable to stat
[Thu Jan 29 07:29:41.655270 2026] [php:error] [pid 12040] [client 4.213.174.69:0] script '/domains/system_suspended/xlettt.php' not found or unable to stat
[Thu Jan 29 07:29:41.896021 2026] [php:error] [pid 12040] [client 4.213.174.69:0] script '/domains/system_suspended/post-new.php' not found or unable to stat
[Thu Jan 29 07:29:42.184271 2026] [php:error] [pid 12040] [client 4.213.174.69:0] script '/domains/system_suspended/CasperExV1.php' not found or unable to stat
[Thu Jan 29 07:29:42.433567 2026] [php:error] [pid 12040] [client 4.213.174.69:0] script '/domains/system_suspended/release.php' not found or unable to stat
[Thu Jan 29 07:29:42.728146 2026] [php:error] [pid 12040] [client 4.213.174.69:0] script '/domains/system_suspended/curl.php' not found or unable to stat
[Thu Jan 29 07:29:43.014047 2026] [php:error] [pid 12040] [client 4.213.174.69:0] script '/domains/system_suspended/fan.php' not found or unable to stat
[Thu Jan 29 07:29:43.272380 2026] [php:error] [pid 12040] [client 4.213.174.69:0] script '/domains/system_suspended/avbxfstf.php' not found or unable to stat
[Thu Jan 29 07:29:43.527959 2026] [php:error] [pid 12040] [client 4.213.174.69:0] script '/domains/system_suspended/browse.php' not found or unable to stat
[Thu Jan 29 07:29:43.768850 2026] [php:error] [pid 12040] [client 4.213.174.69:0] script '/domains/system_suspended/wp-commentin.php' not found or unable to stat
[Thu Jan 29 07:29:44.048784 2026] [php:error] [pid 12040] [client 4.213.174.69:0] script '/domains/system_suspended/backup_db.php' not found or unable to stat
[Thu Jan 29 07:29:44.311191 2026] [php:error] [pid 12040] [client 4.213.174.69:0] script '/domains/system_suspended/rzhfy.php' not found or unable to stat
[Thu Jan 29 07:29:44.562319 2026] [php:error] [pid 12040] [client 4.213.174.69:0] script '/domains/system_suspended/Casper.php' not found or unable to stat
[Thu Jan 29 07:29:44.805690 2026] [php:error] [pid 12040] [client 4.213.174.69:0] script '/domains/system_suspended/wp-load.php' not found or unable to stat
[Thu Jan 29 07:29:47.392194 2026] [php:error] [pid 12040] [client 4.213.174.69:0] script '/domains/system_suspended/w.php' not found or unable to stat
[Thu Jan 29 07:29:47.667536 2026] [php:error] [pid 12040] [client 4.213.174.69:0] script '/domains/system_suspended/yrfjzewo.php' not found or unable to stat
[Thu Jan 29 07:29:47.913097 2026] [php:error] [pid 12040] [client 4.213.174.69:0] script '/domains/system_suspended/botwdhur.php' not found or unable to stat
[Thu Jan 29 07:29:48.172284 2026] [php:error] [pid 12040] [client 4.213.174.69:0] script '/domains/system_suspended/.env.php' not found or unable to stat
[Thu Jan 29 07:29:48.378877 2026] [php:error] [pid 12042] [client 35.247.243.255:0] script '/domains/windsorweb/adminer-4.4.0.php' not found or unable to stat
[Thu Jan 29 07:29:48.455178 2026] [php:error] [pid 12040] [client 4.213.174.69:0] script '/domains/system_suspended/cw.php' not found or unable to stat
[Thu Jan 29 07:29:48.718101 2026] [php:error] [pid 12040] [client 4.213.174.69:0] script '/domains/system_suspended/disagrsod.php' not found or unable to stat
[Thu Jan 29 07:29:48.975699 2026] [php:error] [pid 12040] [client 4.213.174.69:0] script '/domains/system_suspended/sidebar.php' not found or unable to stat
[Thu Jan 29 07:29:49.229644 2026] [php:error] [pid 12040] [client 4.213.174.69:0] script '/domains/system_suspended/hanna1337.php' not found or unable to stat
[Thu Jan 29 07:29:53.910956 2026] [php:error] [pid 12040] [client 4.213.174.69:0] script '/domains/system_suspended/press-this.php' not found or unable to stat
[Thu Jan 29 07:29:54.169663 2026] [php:error] [pid 12040] [client 4.213.174.69:0] script '/domains/system_suspended/class_api.php' not found or unable to stat
[Thu Jan 29 07:29:54.410044 2026] [php:error] [pid 12040] [client 4.213.174.69:0] script '/domains/system_suspended/uph.php' not found or unable to stat
[Thu Jan 29 07:29:54.651415 2026] [php:error] [pid 12040] [client 4.213.174.69:0] script '/domains/system_suspended/jghkfuka.php' not found or unable to stat
[Thu Jan 29 07:29:54.897406 2026] [php:error] [pid 12040] [client 4.213.174.69:0] script '/domains/system_suspended/wp-sigunq.php' not found or unable to stat
[Thu Jan 29 07:29:55.181977 2026] [php:error] [pid 12040] [client 4.213.174.69:0] script '/domains/system_suspended/ms-admin.php' not found or unable to stat
[Thu Jan 29 07:29:55.422258 2026] [php:error] [pid 12040] [client 4.213.174.69:0] script '/domains/system_suspended/mdpjatct.php' not found or unable to stat
[Thu Jan 29 07:29:59.558878 2026] [php:error] [pid 12040] [client 4.213.174.69:0] script '/domains/system_suspended/leftDao.php' not found or unable to stat
[Thu Jan 29 07:29:59.582887 2026] [php:error] [pid 12049] [client 35.247.243.244:0] script '/domains/schellin/adminer-5.4.1.php' not found or unable to stat
[Thu Jan 29 07:30:00.047292 2026] [php:error] [pid 12040] [client 4.213.174.69:0] script '/domains/system_suspended/xxl.php' not found or unable to stat
[Thu Jan 29 07:30:00.287857 2026] [php:error] [pid 12040] [client 4.213.174.69:0] script '/domains/system_suspended/amigo.php' not found or unable to stat
[Thu Jan 29 07:30:00.530520 2026] [php:error] [pid 12040] [client 4.213.174.69:0] script '/domains/system_suspended/server-info.php' not found or unable to stat
[Thu Jan 29 07:30:00.808480 2026] [php:error] [pid 12040] [client 4.213.174.69:0] script '/domains/system_suspended/b.php' not found or unable to stat
[Thu Jan 29 07:30:01.061274 2026] [php:error] [pid 12040] [client 4.213.174.69:0] script '/domains/system_suspended/dropdown.php' not found or unable to stat
[Thu Jan 29 07:30:01.634184 2026] [php:error] [pid 12040] [client 4.213.174.69:0] script '/domains/system_suspended/okaoka.php' not found or unable to stat
[Thu Jan 29 07:30:01.883178 2026] [php:error] [pid 12040] [client 4.213.174.69:0] script '/domains/system_suspended/corn.php' not found or unable to stat
[Thu Jan 29 07:30:06.476166 2026] [php:error] [pid 12052] [client 34.96.162.58:0] script '/domains/windsorweb/adminer-5.4.0.php' not found or unable to stat
[Thu Jan 29 07:30:07.378635 2026] [php:error] [pid 12045] [client 4.213.174.69:0] script '/domains/system_suspended/php.php' not found or unable to stat
[Thu Jan 29 07:30:07.618633 2026] [php:error] [pid 12045] [client 4.213.174.69:0] script '/domains/system_suspended/editor.php' not found or unable to stat
[Thu Jan 29 07:30:07.857726 2026] [php:error] [pid 12045] [client 4.213.174.69:0] script '/domains/system_suspended/environment.php' not found or unable to stat
[Thu Jan 29 07:30:14.976980 2026] [php:error] [pid 12048] [client 35.247.243.248:0] script '/domains/windsorweb/adminer-5.0.1-mysql.php' not found or unable to stat
[Thu Jan 29 07:30:34.405153 2026] [php:error] [pid 12031] [client 216.24.210.46:0] script '/domains/ltemple/xmlrpc.php' not found or unable to stat
[Thu Jan 29 07:30:34.585908 2026] [php:error] [pid 12053] [client 216.24.210.86:0] script '/domains/ltemple/wp-login.php' not found or unable to stat
[Thu Jan 29 07:30:43.055922 2026] [php:error] [pid 12049] [client 35.247.243.248:0] script '/domains/windsorweb/adminer-5.0.5-mysql.php' not found or unable to stat
[Thu Jan 29 07:30:45.092294 2026] [php:error] [pid 12049] [client 35.247.243.244:0] script '/domains/windsorweb/adminer-5.4.1-mysql.php' not found or unable to stat
[Thu Jan 29 07:30:48.365400 2026] [php:error] [pid 12031] [client 34.96.162.48:0] script '/domains/schellin/adminer-5.3.0-mysql-en.php' not found or unable to stat
[Thu Jan 29 07:30:54.025637 2026] [php:error] [pid 12052] [client 35.247.243.254:0] script '/domains/windsorweb/adminer-5.2.0-en.php' not found or unable to stat
[Thu Jan 29 07:31:03.399135 2026] [php:error] [pid 12049] [client 34.96.162.60:0] script '/domains/schellin/db.php' not found or unable to stat
[Thu Jan 29 07:31:09.328964 2026] [php:error] [pid 12057] [client 35.247.243.248:0] script '/domains/windsorweb/adminer-4.7.3.php' not found or unable to stat
[Thu Jan 29 07:31:09.562579 2026] [php:error] [pid 12057] [client 34.96.162.48:0] script '/domains/windsorweb/adminer-5.4.1.php' not found or unable to stat
[Thu Jan 29 07:31:16.869555 2026] [php:error] [pid 12052] [client 35.247.243.248:0] script '/domains/windsorweb/adminer-5.4.0.php' not found or unable to stat
[Thu Jan 29 07:31:22.811551 2026] [php:error] [pid 12062] [client 34.96.162.55:0] script '/domains/windsorweb/adminer-5.4.1.php' not found or unable to stat
[Thu Jan 29 07:31:22.883315 2026] [php:error] [pid 12053] [client 35.247.243.240:0] script '/domains/windsorweb/adminer-5.0.1-mysql.php' not found or unable to stat
[Thu Jan 29 07:31:28.942082 2026] [php:error] [pid 12031] [client 34.96.162.54:0] script '/domains/windsorweb/adminer-5.0.3-en.php' not found or unable to stat
[Thu Jan 29 07:31:31.769149 2026] [php:error] [pid 12059] [client 40.69.66.178:0] script '/domains/ltemple/rip.php' not found or unable to stat
[Thu Jan 29 07:31:32.475323 2026] [php:error] [pid 12058] [client 34.96.162.49:0] script '/domains/schellin/adminer-5.0.6-en.php' not found or unable to stat
[Thu Jan 29 07:31:40.676005 2026] [php:error] [pid 12059] [client 34.96.162.54:0] script '/domains/schellin/adminer-4.8.1-en.php' not found or unable to stat
[Thu Jan 29 07:31:44.543781 2026] [php:error] [pid 12031] [client 34.96.162.56:0] script '/domains/windsorweb/adminer-5.4.0-mysql.php' not found or unable to stat
[Thu Jan 29 07:31:45.853137 2026] [php:error] [pid 12061] [client 34.96.162.51:0] script '/domains/windsorweb/adminer-5.4.0.php' not found or unable to stat
[Thu Jan 29 07:32:11.986906 2026] [php:error] [pid 12056] [client 34.13.217.188:0] script '/domains/hdickens.enteract/kmnj.php' not found or unable to stat
[Thu Jan 29 07:32:13.769889 2026] [php:error] [pid 12064] [client 34.96.162.52:0] script '/domains/windsorweb/adminer-5.3.0-mysql-en.php' not found or unable to stat
[Thu Jan 29 07:32:16.619254 2026] [php:error] [pid 12066] [client 35.247.243.249:0] script '/domains/windsorweb/adminer-5.2.0.php' not found or unable to stat
[Thu Jan 29 07:32:17.596718 2026] [php:error] [pid 12064] [client 34.96.162.58:0] script '/domains/windsorweb/adminer-5.2.0-mysql-en.php' not found or unable to stat
[Thu Jan 29 07:32:26.232775 2026] [php:error] [pid 12064] [client 34.12.27.238:0] script '/domains/hdickens.enteract/kmnj.php' not found or unable to stat
[Thu Jan 29 07:32:29.291225 2026] [php:error] [pid 12064] [client 35.247.243.248:0] script '/domains/windsorweb/adminer-5.0.0-mysql-en.php' not found or unable to stat
[Thu Jan 29 07:32:29.939806 2026] [php:error] [pid 12069] [client 34.96.162.53:0] script '/domains/windsorweb/adminer-5.0.6.php' not found or unable to stat
[Thu Jan 29 07:33:06.622168 2026] [php:error] [pid 12084] [client 35.247.243.251:0] script '/domains/windsorweb/adminer-5.3.0-mysql.php' not found or unable to stat
[Thu Jan 29 07:33:13.520921 2026] [php:error] [pid 12072] [client 35.247.243.240:0] script '/domains/windsorweb/adminer-5.4.1.php' not found or unable to stat
[Thu Jan 29 07:33:17.670927 2026] [php:error] [pid 12067] [client 35.247.243.253:0] script '/domains/windsorweb/adminer-5.0.6.php' not found or unable to stat
[Thu Jan 29 07:33:31.654920 2026] [php:error] [pid 12084] [client 35.247.243.248:0] script '/domains/windsorweb/_adminer.php' not found or unable to stat
[Thu Jan 29 07:33:37.438916 2026] [php:error] [pid 12074] [client 35.247.243.250:0] script '/domains/windsorweb/adminer-5.4.1-mysql.php' not found or unable to stat
[Thu Jan 29 07:33:48.773331 2026] [php:error] [pid 12084] [client 34.96.162.50:0] script '/domains/windsorweb/adminer-4.6.0.php' not found or unable to stat
[Thu Jan 29 07:33:52.176667 2026] [php:error] [pid 12073] [client 34.96.162.53:0] script '/domains/schellin/adminer-4.3.1.php' not found or unable to stat
[Thu Jan 29 07:33:56.897559 2026] [php:error] [pid 12089] [client 35.247.243.250:0] script '/domains/windsorweb/adminer-5.0.3-en.php' not found or unable to stat
[Thu Jan 29 07:34:01.368925 2026] [php:error] [pid 12061] [client 35.247.243.252:0] script '/domains/windsorweb/adminer-5.0.6-mysql-en.php' not found or unable to stat
