[Thu Jan 29 07:01:40.953833 2026] [php:error] [pid 6097] [client 40.115.138.121:0] script '/domains/system_cancel/term.php' not found or unable to stat
[Thu Jan 29 07:01:41.298845 2026] [php:error] [pid 6097] [client 40.115.138.121:0] script '/domains/system_cancel/xmlrpc.php' not found or unable to stat
[Thu Jan 29 07:01:41.644295 2026] [php:error] [pid 6097] [client 40.115.138.121:0] script '/domains/system_cancel/ioxi-o.php' not found or unable to stat
[Thu Jan 29 07:01:41.813380 2026] [php:error] [pid 6097] [client 40.115.138.121:0] script '/domains/system_cancel/class-t.api.php' not found or unable to stat
[Thu Jan 29 07:01:41.993393 2026] [php:error] [pid 6097] [client 40.115.138.121:0] script '/domains/system_cancel/admin.php' not found or unable to stat
[Thu Jan 29 07:01:43.220646 2026] [php:error] [pid 6097] [client 40.115.138.121:0] script '/domains/system_cancel/adminfuns.php' not found or unable to stat
[Thu Jan 29 07:01:46.586132 2026] [php:error] [pid 6123] [client 34.96.162.59:0] script '/domains/windsorweb/adminer-5.4.0.php' not found or unable to stat
[Thu Jan 29 07:01:55.943875 2026] [php:error] [pid 6097] [client 52.230.35.34:0] script '/domains/machinadynamica/wp-trackback.php' not found or unable to stat
[Thu Jan 29 07:01:56.174638 2026] [php:error] [pid 6097] [client 52.230.35.34:0] script '/domains/machinadynamica/about.php' not found or unable to stat
[Thu Jan 29 07:01:56.418981 2026] [php:error] [pid 6097] [client 52.230.35.34:0] script '/domains/machinadynamica/term.php' not found or unable to stat
[Thu Jan 29 07:01:56.655070 2026] [php:error] [pid 6097] [client 52.230.35.34:0] script '/domains/machinadynamica/wp-good.php' not found or unable to stat
[Thu Jan 29 07:01:56.890826 2026] [php:error] [pid 6097] [client 52.230.35.34:0] script '/domains/machinadynamica/xmlrpc.php' not found or unable to stat
[Thu Jan 29 07:01:57.122935 2026] [php:error] [pid 6097] [client 52.230.35.34:0] script '/domains/machinadynamica/goods.php' not found or unable to stat
[Thu Jan 29 07:01:57.367248 2026] [php:error] [pid 6097] [client 52.230.35.34:0] script '/domains/machinadynamica/ioxi-o.php' not found or unable to stat
[Thu Jan 29 07:01:57.598659 2026] [php:error] [pid 6097] [client 52.230.35.34:0] script '/domains/machinadynamica/class-t.api.php' not found or unable to stat
[Thu Jan 29 07:01:57.834453 2026] [php:error] [pid 6097] [client 52.230.35.34:0] script '/domains/machinadynamica/admin.php' not found or unable to stat
[Thu Jan 29 07:01:59.459769 2026] [php:error] [pid 6097] [client 52.230.35.34:0] script '/domains/machinadynamica/adminfuns.php' not found or unable to stat
[Thu Jan 29 07:02:04.070350 2026] [php:error] [pid 6120] [client 34.96.162.48:0] script '/domains/windsorweb/adminer-5.4.1-mysql.php' not found or unable to stat
[Thu Jan 29 07:02:06.349561 2026] [php:error] [pid 6120] [client 35.247.243.252:0] script '/domains/windsorweb/adminer-5.4.0.php' not found or unable to stat
[Thu Jan 29 07:02:38.262988 2026] [php:error] [pid 6121] [client 35.247.243.251:0] script '/domains/windsorweb/adminer-4.3.0.php' not found or unable to stat
[Thu Jan 29 07:02:47.951192 2026] [php:error] [pid 6121] [client 34.96.162.57:0] script '/domains/windsorweb/adminer-4.6.0.php' not found or unable to stat
[Thu Jan 29 07:02:57.099355 2026] [php:error] [pid 6132] [client 34.96.162.53:0] script '/domains/windsorweb/adminer-5.0.0-mysql-en.php' not found or unable to stat
[Thu Jan 29 07:02:58.291368 2026] [php:error] [pid 6128] [client 35.247.243.248:0] script '/domains/schellin/adminer-5.0.4-mysql-en.php' not found or unable to stat
[Thu Jan 29 07:03:00.327170 2026] [php:error] [pid 6130] [client 34.96.162.52:0] script '/domains/windsorweb/adminer-5.0.6-mysql-en.php' not found or unable to stat
[Thu Jan 29 07:03:07.391005 2026] [php:error] [pid 6128] [client 35.247.243.251:0] script '/domains/windsorweb/adminer-5.2.1-mysql-en.php' not found or unable to stat
[Thu Jan 29 07:03:13.225613 2026] [php:error] [pid 6130] [client 34.96.162.51:0] script '/domains/windsorweb/adminer-4.6.0.php' not found or unable to stat
[Thu Jan 29 07:03:17.345514 2026] [php:error] [pid 6130] [client 35.247.243.253:0] script '/domains/windsorweb/adminer-4.2.1.php' not found or unable to stat
[Thu Jan 29 07:03:34.676410 2026] [php:error] [pid 6146] [client 34.96.162.60:0] script '/domains/windsorweb/adminer-5.1.1-mysql-en.php' not found or unable to stat
[Thu Jan 29 07:03:44.922140 2026] [php:error] [pid 6153] [client 35.247.243.243:0] script '/domains/windsorweb/db.php' not found or unable to stat
[Thu Jan 29 07:03:48.312087 2026] [php:error] [pid 6147] [client 34.96.162.58:0] script '/domains/windsorweb/adminer-5.0.5.php' not found or unable to stat
[Thu Jan 29 07:03:56.381009 2026] [php:error] [pid 6152] [client 35.247.243.251:0] script '/domains/windsorweb/adminer-5.1.1-mysql-en.php' not found or unable to stat
[Thu Jan 29 07:03:56.404005 2026] [php:error] [pid 6153] [client 34.96.162.50:0] script '/domains/windsorweb/adminer-5.0.3.php' not found or unable to stat
[Thu Jan 29 07:03:58.828007 2026] [php:error] [pid 6137] [client 34.96.162.57:0] script '/domains/windsorweb/adminer-4.8.1-mysql-en.php' not found or unable to stat
[Thu Jan 29 07:03:59.375988 2026] [php:error] [pid 6152] [client 34.96.162.50:0] script '/domains/windsorweb/unzipper.php' not found or unable to stat
[Thu Jan 29 07:04:08.593053 2026] [php:error] [pid 6152] [client 35.247.243.250:0] script '/domains/windsorweb/adminer-5.1.1.php' not found or unable to stat
[Thu Jan 29 07:04:19.863355 2026] [php:error] [pid 6152] [client 35.247.243.245:0] script '/domains/windsorweb/adminer-4.6.1.php' not found or unable to stat
[Thu Jan 29 07:04:21.983712 2026] [php:error] [pid 6152] [client 35.247.243.243:0] script '/domains/windsorweb/adminer-5.4.1-en.php' not found or unable to stat
[Thu Jan 29 07:04:27.415976 2026] [php:error] [pid 6156] [client 35.247.243.244:0] script '/domains/windsorweb/adminer-5.0.3-mysql.php' not found or unable to stat
[Thu Jan 29 07:04:32.414814 2026] [php:error] [pid 6137] [client 34.96.162.48:0] script '/domains/windsorweb/adminer-4.2.5.php' not found or unable to stat
[Thu Jan 29 07:04:37.268035 2026] [php:error] [pid 6156] [client 34.96.162.61:0] script '/domains/windsorweb/adminer-db.php' not found or unable to stat
[Thu Jan 29 07:05:01.481464 2026] [php:error] [pid 6156] [client 35.247.243.246:0] script '/domains/windsorweb/SQL.php' not found or unable to stat
[Thu Jan 29 07:05:24.056985 2026] [php:error] [pid 6152] [client 34.96.162.59:0] script '/domains/windsorweb/adminer-4.2.1.php' not found or unable to stat
[Thu Jan 29 07:05:24.964077 2026] [php:error] [pid 6152] [client 34.96.162.50:0] script '/domains/schellin/adminer-4.6.1.php' not found or unable to stat
[Thu Jan 29 07:05:43.114684 2026] [php:error] [pid 6152] [client 35.247.243.252:0] script '/domains/windsorweb/adminer-5.0.0-mysql-en.php' not found or unable to stat
[Thu Jan 29 07:05:47.895140 2026] [php:error] [pid 6180] [client 34.96.162.60:0] script '/domains/windsorweb/adminer-5.0.2-mysql-en.php' not found or unable to stat
[Thu Jan 29 07:05:49.491337 2026] [php:error] [pid 6185] [client 35.247.243.241:0] script '/domains/windsorweb/adminer-4.6.0.php' not found or unable to stat
[Thu Jan 29 07:06:04.875590 2026] [php:error] [pid 6181] [client 34.96.162.62:0] script '/domains/windsorweb/adminer-5.0.5-mysql.php' not found or unable to stat
[Thu Jan 29 07:06:05.127626 2026] [php:error] [pid 6185] [client 35.247.243.241:0] script '/domains/windsorweb/adminer-db.php' not found or unable to stat
[Thu Jan 29 07:06:05.769223 2026] [php:error] [pid 6185] [client 35.247.243.246:0] script '/domains/windsorweb/adminer-5.4.0-mysql-en.php' not found or unable to stat
[Thu Jan 29 07:06:07.841092 2026] [php:error] [pid 6186] [client 34.96.162.50:0] script '/domains/windsorweb/adminer-5.1.1.php' not found or unable to stat
[Thu Jan 29 07:06:07.973296 2026] [php:error] [pid 6188] [client 35.247.243.249:0] script '/domains/windsorweb/adminer-4.8.1-mysql-en.php' not found or unable to stat
[Thu Jan 29 07:07:03.036081 2026] [php:error] [pid 6195] [client 34.96.162.49:0] script '/domains/schellin/adminer-5.1.0.php' not found or unable to stat
[Thu Jan 29 07:07:07.109121 2026] [php:error] [pid 6194] [client 34.96.162.63:0] script '/domains/windsorweb/adminer-5.4.1-en.php' not found or unable to stat
[Thu Jan 29 07:07:15.082235 2026] [php:error] [pid 6181] [client 35.247.243.246:0] script '/domains/windsorweb/adminer-4.2.1.php' not found or unable to stat
[Thu Jan 29 07:07:18.104752 2026] [php:error] [pid 6195] [client 34.96.162.57:0] script '/domains/windsorweb/adminer-5.2.0-en.php' not found or unable to stat
[Thu Jan 29 07:07:21.311790 2026] [php:error] [pid 6181] [client 35.247.243.242:0] script '/domains/windsorweb/adminer-4.6.0.php' not found or unable to stat
[Thu Jan 29 07:07:27.305878 2026] [php:error] [pid 6204] [client 34.96.162.56:0] script '/domains/windsorweb/adminer-4.7.3.php' not found or unable to stat
[Thu Jan 29 07:07:30.240812 2026] [php:error] [pid 6205] [client 34.96.162.50:0] script '/domains/windsorweb/adminer-5.0.4.php' not found or unable to stat
[Thu Jan 29 07:07:52.218689 2026] [php:error] [pid 6197] [client 45.66.209.155:0] script '/domains/piltdweb1/xmlrpc.php' not found or unable to stat
[Thu Jan 29 07:07:52.598477 2026] [php:error] [pid 6208] [client 45.66.209.155:0] script '/domains/piltdweb1/xmlrpc.php' not found or unable to stat
[Thu Jan 29 07:07:52.983326 2026] [php:error] [pid 6208] [client 45.66.209.155:0] script '/domains/piltdweb1/xmlrpc.php' not found or unable to stat
[Thu Jan 29 07:07:53.436308 2026] [php:error] [pid 6208] [client 45.66.209.155:0] script '/domains/piltdweb1/xmlrpc.php' not found or unable to stat
[Thu Jan 29 07:07:53.823893 2026] [php:error] [pid 6209] [client 45.66.209.155:0] script '/domains/piltdweb1/xmlrpc.php' not found or unable to stat
[Thu Jan 29 07:07:54.297014 2026] [php:error] [pid 6208] [client 45.66.209.155:0] script '/domains/piltdweb1/xmlrpc.php' not found or unable to stat
[Thu Jan 29 07:07:57.602901 2026] [php:error] [pid 6211] [client 34.96.162.53:0] script '/domains/schellin/adminer-4.8.1-mysql-en.php' not found or unable to stat
[Thu Jan 29 07:07:59.793872 2026] [php:error] [pid 6209] [client 34.96.162.49:0] script '/domains/windsorweb/adminer-4.2.1.php' not found or unable to stat
[Thu Jan 29 07:08:00.372174 2026] [php:error] [pid 6208] [client 88.218.47.17:0] script '/domains/piltdweb1/wp-login.php' not found or unable to stat
[Thu Jan 29 07:08:00.815230 2026] [php:error] [pid 6205] [client 88.218.47.17:0] script '/domains/piltdweb1/wp-login.php' not found or unable to stat
[Thu Jan 29 07:08:03.930167 2026] [php:error] [pid 6211] [client 52.230.35.34:0] script '/domains/performancepartsinc/wp-trackback.php' not found or unable to stat
[Thu Jan 29 07:08:04.152412 2026] [php:error] [pid 6211] [client 52.230.35.34:0] script '/domains/performancepartsinc/about.php' not found or unable to stat
[Thu Jan 29 07:08:04.373844 2026] [php:error] [pid 6211] [client 52.230.35.34:0] script '/domains/performancepartsinc/term.php' not found or unable to stat
[Thu Jan 29 07:08:04.556507 2026] [php:error] [pid 6197] [client 185.202.108.92:0] script '/domains/piltdweb1/xmlrpc.php' not found or unable to stat
[Thu Jan 29 07:08:04.594712 2026] [php:error] [pid 6211] [client 52.230.35.34:0] script '/domains/performancepartsinc/wp-good.php' not found or unable to stat
[Thu Jan 29 07:08:04.821593 2026] [php:error] [pid 6211] [client 52.230.35.34:0] script '/domains/performancepartsinc/xmlrpc.php' not found or unable to stat
[Thu Jan 29 07:08:04.986860 2026] [php:error] [pid 6207] [client 185.202.108.92:0] script '/domains/piltdweb1/xmlrpc.php' not found or unable to stat
[Thu Jan 29 07:08:05.048032 2026] [php:error] [pid 6211] [client 52.230.35.34:0] script '/domains/performancepartsinc/goods.php' not found or unable to stat
[Thu Jan 29 07:08:05.269187 2026] [php:error] [pid 6211] [client 52.230.35.34:0] script '/domains/performancepartsinc/ioxi-o.php' not found or unable to stat
[Thu Jan 29 07:08:05.413740 2026] [php:error] [pid 6197] [client 185.202.108.92:0] script '/domains/piltdweb1/xmlrpc.php' not found or unable to stat
[Thu Jan 29 07:08:05.501391 2026] [php:error] [pid 6211] [client 52.230.35.34:0] script '/domains/performancepartsinc/class-t.api.php' not found or unable to stat
[Thu Jan 29 07:08:05.731116 2026] [php:error] [pid 6211] [client 52.230.35.34:0] script '/domains/performancepartsinc/admin.php' not found or unable to stat
[Thu Jan 29 07:08:05.833257 2026] [php:error] [pid 6212] [client 185.202.108.92:0] script '/domains/piltdweb1/xmlrpc.php' not found or unable to stat
[Thu Jan 29 07:08:06.266021 2026] [php:error] [pid 6207] [client 185.202.108.92:0] script '/domains/piltdweb1/xmlrpc.php' not found or unable to stat
[Thu Jan 29 07:08:06.689409 2026] [php:error] [pid 6209] [client 35.247.243.253:0] script '/domains/windsorweb/adminer-4.7.1.php' not found or unable to stat
[Thu Jan 29 07:08:06.702258 2026] [php:error] [pid 6197] [client 185.202.108.92:0] script '/domains/piltdweb1/xmlrpc.php' not found or unable to stat
[Thu Jan 29 07:08:07.047434 2026] [php:error] [pid 6207] [client 20.213.25.204:0] script '/domains/pmglobal/wp-trackback.php' not found or unable to stat
[Thu Jan 29 07:08:07.141631 2026] [php:error] [pid 6209] [client 185.102.112.51:0] script '/domains/piltdweb1/wp-login.php' not found or unable to stat
[Thu Jan 29 07:08:07.252620 2026] [php:error] [pid 6207] [client 20.213.25.204:0] script '/domains/pmglobal/about.php' not found or unable to stat
[Thu Jan 29 07:08:07.287912 2026] [php:error] [pid 6211] [client 52.230.35.34:0] script '/domains/performancepartsinc/adminfuns.php' not found or unable to stat
[Thu Jan 29 07:08:07.457914 2026] [php:error] [pid 6207] [client 20.213.25.204:0] script '/domains/pmglobal/term.php' not found or unable to stat
[Thu Jan 29 07:08:07.523078 2026] [php:error] [pid 6197] [client 185.102.112.51:0] script '/domains/piltdweb1/wp-login.php' not found or unable to stat
[Thu Jan 29 07:08:07.665970 2026] [php:error] [pid 6207] [client 20.213.25.204:0] script '/domains/pmglobal/wp-good.php' not found or unable to stat
[Thu Jan 29 07:08:07.871424 2026] [php:error] [pid 6207] [client 20.213.25.204:0] script '/domains/pmglobal/xmlrpc.php' not found or unable to stat
[Thu Jan 29 07:08:08.076925 2026] [php:error] [pid 6207] [client 20.213.25.204:0] script '/domains/pmglobal/goods.php' not found or unable to stat
[Thu Jan 29 07:08:08.282200 2026] [php:error] [pid 6207] [client 20.213.25.204:0] script '/domains/pmglobal/ioxi-o.php' not found or unable to stat
[Thu Jan 29 07:08:08.487591 2026] [php:error] [pid 6207] [client 20.213.25.204:0] script '/domains/pmglobal/class-t.api.php' not found or unable to stat
[Thu Jan 29 07:08:08.693091 2026] [php:error] [pid 6207] [client 20.213.25.204:0] script '/domains/pmglobal/admin.php' not found or unable to stat
[Thu Jan 29 07:08:10.132162 2026] [php:error] [pid 6207] [client 20.213.25.204:0] script '/domains/pmglobal/adminfuns.php' not found or unable to stat
[Thu Jan 29 07:08:11.032269 2026] [php:error] [pid 6208] [client 35.247.243.250:0] script '/domains/windsorweb/adminer-4.3.0.php' not found or unable to stat
[Thu Jan 29 07:08:17.575120 2026] [php:error] [pid 6197] [client 120.239.70.116:0] script '/domains/rfisher.dnai/xmlrpc.php' not found or unable to stat
[Thu Jan 29 07:08:25.645843 2026] [php:error] [pid 6205] [client 35.247.243.240:0] script '/domains/windsorweb/adminer-5.0.2-mysql-en.php' not found or unable to stat
[Thu Jan 29 07:08:26.644196 2026] [php:error] [pid 6207] [client 35.247.243.240:0] script '/domains/windsorweb/adminer-5.0.2-mysql-en.php' not found or unable to stat
[Thu Jan 29 07:08:33.406697 2026] [php:error] [pid 6197] [client 34.96.162.58:0] script '/domains/windsorweb/adminer-5.0.6-mysql-en.php' not found or unable to stat
[Thu Jan 29 07:09:07.211110 2026] [php:error] [pid 6212] [client 35.247.243.244:0] script '/domains/windsorweb/sql.php' not found or unable to stat
[Thu Jan 29 07:09:10.095215 2026] [php:error] [pid 6197] [client 34.96.162.58:0] script '/domains/windsorweb/adminer-5.3.0.php' not found or unable to stat
[Thu Jan 29 07:09:17.489234 2026] [php:error] [pid 6197] [client 34.96.162.60:0] script '/domains/windsorweb/db.php' not found or unable to stat
[Thu Jan 29 07:09:44.276959 2026] [php:error] [pid 6217] [client 34.96.162.49:0] script '/domains/windsorweb/adminer-5.3.0.php' not found or unable to stat
[Thu Jan 29 07:09:44.578927 2026] [php:error] [pid 6217] [client 35.247.243.242:0] script '/domains/windsorweb/adminer-5.4.0-mysql-en.php' not found or unable to stat
[Thu Jan 29 07:09:49.867390 2026] [php:error] [pid 6217] [client 34.96.162.57:0] script '/domains/windsorweb/adminer-4.2.1.php' not found or unable to stat
[Thu Jan 29 07:09:50.456683 2026] [php:error] [pid 6228] [client 34.96.162.57:0] script '/domains/windsorweb/adminer-4.2.1.php' not found or unable to stat
[Thu Jan 29 07:09:53.731050 2026] [php:error] [pid 6228] [client 35.247.243.255:0] script '/domains/windsorweb/adminer-5.4.0.php' not found or unable to stat
[Thu Jan 29 07:09:58.782088 2026] [php:error] [pid 6213] [client 34.96.162.48:0] script '/domains/windsorweb/adminer-5.0.3-en.php' not found or unable to stat
[Thu Jan 29 07:10:05.725858 2026] [php:error] [pid 6213] [client 34.96.162.49:0] script '/domains/windsorweb/adminer-4.6.1.php' not found or unable to stat
[Thu Jan 29 07:10:09.385113 2026] [php:error] [pid 6225] [client 34.96.162.52:0] script '/domains/schellin/adminer-5.2.0-en.php' not found or unable to stat
[Thu Jan 29 07:10:13.558713 2026] [php:error] [pid 6225] [client 34.96.162.59:0] script '/domains/windsorweb/adminer-5.2.1.php' not found or unable to stat
[Thu Jan 29 07:10:17.223607 2026] [php:error] [pid 6225] [client 34.96.162.61:0] script '/domains/windsorweb/DB.php' not found or unable to stat
[Thu Jan 29 07:10:17.942817 2026] [php:error] [pid 6222] [client 34.96.162.61:0] script '/domains/windsorweb/adminer-5.1.1.php' not found or unable to stat
[Thu Jan 29 07:10:18.103062 2026] [php:error] [pid 6213] [client 35.247.243.240:0] script '/domains/windsorweb/__adm.php' not found or unable to stat
[Thu Jan 29 07:10:18.889929 2026] [php:error] [pid 6225] [client 34.96.162.60:0] script '/domains/windsorweb/adminer-5.0.1.php' not found or unable to stat
[Thu Jan 29 07:10:21.770065 2026] [php:error] [pid 6226] [client 34.96.162.49:0] script '/domains/windsorweb/adminer-4.3.0.php' not found or unable to stat
[Thu Jan 29 07:10:26.620547 2026] [php:error] [pid 6225] [client 34.96.162.57:0] script '/domains/windsorweb/adminer-5.1.1-mysql.php' not found or unable to stat
[Thu Jan 29 07:10:29.851629 2026] [php:error] [pid 6227] [client 34.96.162.59:0] script '/domains/windsorweb/adminer-4.8.1-mysql-en.php' not found or unable to stat
[Thu Jan 29 07:10:35.449011 2026] [php:error] [pid 6235] [client 35.247.243.253:0] script '/domains/windsorweb/adminer-5.0.5.php' not found or unable to stat
[Thu Jan 29 07:10:39.123991 2026] [php:error] [pid 6227] [client 35.247.243.241:0] script '/domains/windsorweb/adminer-5.4.0.php' not found or unable to stat
[Thu Jan 29 07:10:42.995062 2026] [php:error] [pid 6227] [client 35.247.243.250:0] script '/domains/schellin/adminer-5.0.6-mysql.php' not found or unable to stat
[Thu Jan 29 07:10:48.619114 2026] [php:error] [pid 6234] [client 35.247.243.240:0] script '/domains/windsorweb/adminer-5.0.5.php' not found or unable to stat
[Thu Jan 29 07:10:53.618515 2026] [php:error] [pid 6234] [client 34.96.162.51:0] script '/domains/windsorweb/adminer-5.0.4.php' not found or unable to stat
[Thu Jan 29 07:10:59.344569 2026] [php:error] [pid 6232] [client 34.96.162.55:0] script '/domains/windsorweb/adminer-5.0.3-mysql.php' not found or unable to stat
[Thu Jan 29 07:11:04.864149 2026] [php:error] [pid 6243] [client 34.96.162.52:0] script '/domains/windsorweb/adminer-4.8.1-mysql.php' not found or unable to stat
[Thu Jan 29 07:11:06.701577 2026] [php:error] [pid 6213] [client 34.96.162.50:0] script '/domains/schellin/adminer-5.0.3-mysql-en.php' not found or unable to stat
[Thu Jan 29 07:11:11.361850 2026] [php:error] [pid 6233] [client 143.14.6.165:0] script '/domains/hdickens.enteract/kmnj.php' not found or unable to stat
[Thu Jan 29 07:11:13.745259 2026] [php:error] [pid 6244] [client 143.14.6.88:0] script '/domains/hdickens.enteract/kmnj.php' not found or unable to stat
[Thu Jan 29 07:11:15.200714 2026] [php:error] [pid 6233] [client 143.14.6.116:0] script '/domains/hdickens.enteract/kmnj.php' not found or unable to stat
[Thu Jan 29 07:11:26.104250 2026] [php:error] [pid 6243] [client 35.247.243.249:0] script '/domains/windsorweb/adminer-5.0.6-en.php' not found or unable to stat
[Thu Jan 29 07:11:31.358414 2026] [php:error] [pid 6227] [client 34.96.162.52:0] script '/domains/windsorweb/adminer-5.0.6.php' not found or unable to stat
[Thu Jan 29 07:11:32.107307 2026] [php:error] [pid 6244] [client 35.247.243.242:0] script '/domains/windsorweb/adminer-4.7.0.php' not found or unable to stat
[Thu Jan 29 07:11:38.303948 2026] [php:error] [pid 6227] [client 34.96.162.53:0] script '/domains/windsorweb/adminer-5.0.3.php' not found or unable to stat
[Thu Jan 29 07:11:38.353171 2026] [php:error] [pid 6227] [client 35.247.243.244:0] script '/domains/windsorweb/DB.php' not found or unable to stat
[Thu Jan 29 07:11:45.284696 2026] [php:error] [pid 6227] [client 35.247.243.250:0] script '/domains/windsorweb/adminer-5.0.1-mysql.php' not found or unable to stat
[Thu Jan 29 07:11:48.087552 2026] [php:error] [pid 6247] [client 35.247.243.255:0] script '/domains/windsorweb/adminer-4.8.1-en.php' not found or unable to stat
[Thu Jan 29 07:11:50.156348 2026] [php:error] [pid 6246] [client 34.96.162.59:0] script '/domains/windsorweb/adminer-5.0.2-mysql-en.php' not found or unable to stat
[Thu Jan 29 07:12:02.220338 2026] [php:error] [pid 6246] [client 35.247.243.248:0] script '/domains/windsorweb/adminer-5.0.3-mysql.php' not found or unable to stat
[Thu Jan 29 07:12:02.404748 2026] [php:error] [pid 6213] [client 34.96.162.55:0] script '/domains/windsorweb/adminer-4.6.2.php' not found or unable to stat
[Thu Jan 29 07:12:02.406653 2026] [php:error] [pid 6243] [client 35.247.243.249:0] script '/domains/windsorweb/adminer-4.5.0.php' not found or unable to stat
[Thu Jan 29 07:12:02.415458 2026] [php:error] [pid 6243] [client 34.96.162.48:0] script '/domains/windsorweb/__adm.php' not found or unable to stat
[Thu Jan 29 07:12:05.672171 2026] [php:error] [pid 6213] [client 35.247.243.249:0] script '/domains/windsorweb/adminer-5.0.2-en.php' not found or unable to stat
[Thu Jan 29 07:12:05.946768 2026] [php:error] [pid 6243] [client 38.148.248.140:0] script '/domains/egmaweb/1234.php' not found or unable to stat
[Thu Jan 29 07:12:07.396210 2026] [php:error] [pid 6213] [client 162.243.34.145:0] script '/domains/system_default/upl.php' not found or unable to stat
[Thu Jan 29 07:12:07.467735 2026] [php:error] [pid 6244] [client 162.243.34.145:0] script '/domains/system_default/1.php' not found or unable to stat
[Thu Jan 29 07:12:07.503933 2026] [php:error] [pid 6233] [client 162.243.34.145:0] script '/domains/system_default/password.php' not found or unable to stat
[Thu Jan 29 07:12:10.928546 2026] [php:error] [pid 6243] [client 34.96.162.60:0] script '/domains/windsorweb/adminer-5.2.0-en.php' not found or unable to stat
[Thu Jan 29 07:12:18.295454 2026] [php:error] [pid 6233] [client 35.247.243.248:0] script '/domains/windsorweb/adminer-4.6.0.php' not found or unable to stat
[Thu Jan 29 07:12:18.354460 2026] [php:error] [pid 6244] [client 35.247.243.252:0] script '/domains/windsorweb/adminer-5.0.5.php' not found or unable to stat
[Thu Jan 29 07:12:25.526689 2026] [php:error] [pid 6246] [client 141.98.11.169:0] script '/domains/acagolf1/wp-login.php' not found or unable to stat
[Thu Jan 29 07:12:25.751239 2026] [php:error] [pid 6243] [client 141.98.11.169:0] script '/domains/acagolf1/wp-login.php' not found or unable to stat, referer: https://www.google.com/
[Thu Jan 29 07:12:31.970164 2026] [php:error] [pid 6248] [client 34.96.162.60:0] script '/domains/windsorweb/adminer-5.1.1.php' not found or unable to stat
[Thu Jan 29 07:12:31.975655 2026] [php:error] [pid 6233] [client 35.247.243.245:0] script '/domains/windsorweb/adminer-5.0.3.php' not found or unable to stat
[Thu Jan 29 07:12:33.182950 2026] [php:error] [pid 6248] [client 35.247.243.254:0] script '/domains/schellin/adminer-5.0.3-mysql-en.php' not found or unable to stat
[Thu Jan 29 07:12:36.625914 2026] [php:error] [pid 6248] [client 34.96.162.57:0] script '/domains/windsorweb/adminer-5.0.0-mysql-en.php' not found or unable to stat
[Thu Jan 29 07:12:42.287985 2026] [php:error] [pid 6250] [client 35.247.243.251:0] script '/domains/windsorweb/adminer-4.7.6.php' not found or unable to stat
[Thu Jan 29 07:12:42.884499 2026] [php:error] [pid 6250] [client 35.247.243.247:0] script '/domains/schellin/adminer-5.4.0.php' not found or unable to stat
[Thu Jan 29 07:12:46.316292 2026] [core:crit] [pid 6233] (13)Permission denied: [client 44.197.76.210:0] AH00529: /domains/dcarlone/test/web/.htaccess pcfg_openfile: unable to check htaccess file, ensure it is readable and that '/domains/dcarlone/test/web/' is executable
[Thu Jan 29 07:12:56.679517 2026] [php:error] [pid 6248] [client 34.96.162.49:0] script '/domains/schellin/phpminiadmin.php' not found or unable to stat
[Thu Jan 29 07:13:01.911278 2026] [php:error] [pid 6250] [client 20.194.29.45:0] script '/domains/biehlweb/wp-trackback.php' not found or unable to stat
[Thu Jan 29 07:13:02.100612 2026] [php:error] [pid 6250] [client 20.194.29.45:0] script '/domains/biehlweb/about.php' not found or unable to stat
[Thu Jan 29 07:13:02.290873 2026] [php:error] [pid 6250] [client 20.194.29.45:0] script '/domains/biehlweb/term.php' not found or unable to stat
[Thu Jan 29 07:13:02.481051 2026] [php:error] [pid 6250] [client 20.194.29.45:0] script '/domains/biehlweb/wp-good.php' not found or unable to stat
[Thu Jan 29 07:13:02.670998 2026] [php:error] [pid 6250] [client 20.194.29.45:0] script '/domains/biehlweb/xmlrpc.php' not found or unable to stat
[Thu Jan 29 07:13:02.860946 2026] [php:error] [pid 6250] [client 20.194.29.45:0] script '/domains/biehlweb/goods.php' not found or unable to stat
[Thu Jan 29 07:13:03.050565 2026] [php:error] [pid 6250] [client 20.194.29.45:0] script '/domains/biehlweb/ioxi-o.php' not found or unable to stat
[Thu Jan 29 07:13:03.240372 2026] [php:error] [pid 6250] [client 20.194.29.45:0] script '/domains/biehlweb/class-t.api.php' not found or unable to stat
[Thu Jan 29 07:13:03.430210 2026] [php:error] [pid 6250] [client 20.194.29.45:0] script '/domains/biehlweb/admin.php' not found or unable to stat
[Thu Jan 29 07:13:04.773304 2026] [php:error] [pid 6250] [client 20.194.29.45:0] script '/domains/biehlweb/adminfuns.php' not found or unable to stat
[Thu Jan 29 07:13:08.126916 2026] [php:error] [pid 6213] [client 35.247.243.250:0] script '/domains/windsorweb/adminer-4.6.0.php' not found or unable to stat
[Thu Jan 29 07:13:15.703375 2026] [php:error] [pid 6251] [client 35.247.243.246:0] script '/domains/windsorweb/adminer-4.6.1.php' not found or unable to stat
[Thu Jan 29 07:13:15.920156 2026] [php:error] [pid 6253] [client 34.96.162.49:0] script '/domains/windsorweb/adminer-5.2.0-en.php' not found or unable to stat
[Thu Jan 29 07:13:24.847909 2026] [php:error] [pid 6253] [client 35.247.243.241:0] script '/domains/windsorweb/adminer-5.0.3-en.php' not found or unable to stat
[Thu Jan 29 07:13:29.924691 2026] [php:error] [pid 6254] [client 35.247.243.248:0] script '/domains/windsorweb/adminer-5.0.2-mysql-en.php' not found or unable to stat
[Thu Jan 29 07:13:29.972606 2026] [php:error] [pid 6251] [client 35.247.243.246:0] script '/domains/windsorweb/adminer-4.3.0.php' not found or unable to stat
[Thu Jan 29 07:13:32.728240 2026] [php:error] [pid 6213] [client 35.247.243.246:0] script '/domains/windsorweb/adminer-5.0.4.php' not found or unable to stat
[Thu Jan 29 07:13:49.757944 2026] [php:error] [pid 6213] [client 35.247.243.246:0] script '/domains/windsorweb/adminer-5.1.1-mysql.php' not found or unable to stat
[Thu Jan 29 07:14:06.283091 2026] [php:error] [pid 6257] [client 35.247.243.250:0] script '/domains/schellin/adminer-4.3.0.php' not found or unable to stat
[Thu Jan 29 07:14:07.651042 2026] [php:error] [pid 6258] [client 34.96.162.49:0] script '/domains/windsorweb/adminer-5.4.1.php' not found or unable to stat
[Thu Jan 29 07:14:12.919078 2026] [php:error] [pid 11894] [client 35.247.243.249:0] script '/domains/windsorweb/adminer-4.4.0.php' not found or unable to stat
[Thu Jan 29 07:14:19.517814 2026] [php:error] [pid 6262] [client 35.247.243.245:0] script '/domains/windsorweb/adminer-5.0.2-mysql-en.php' not found or unable to stat
[Thu Jan 29 07:14:23.604452 2026] [php:error] [pid 6250] [client 35.247.243.251:0] script '/domains/windsorweb/unzipper.php' not found or unable to stat
[Thu Jan 29 07:14:51.023700 2026] [php:error] [pid 6258] [client 35.247.243.248:0] script '/domains/windsorweb/unzipper.php' not found or unable to stat
[Thu Jan 29 07:15:29.314356 2026] [php:error] [pid 11895] [client 35.247.243.244:0] script '/domains/windsorweb/adminer-5.0.6.php' not found or unable to stat
[Thu Jan 29 07:15:32.370899 2026] [core:crit] [pid 11904] (13)Permission denied: [client 114.119.156.181:0] AH00529: /domains/dcarlone/test/web/.htaccess pcfg_openfile: unable to check htaccess file, ensure it is readable and that '/domains/dcarlone/test/web/' is executable, referer: http://www.carloneassociates.com/test/web/i.php/what-is-bdsm-in-adult-dating/
[Thu Jan 29 07:15:44.094290 2026] [php:error] [pid 11897] [client 35.247.243.243:0] script '/domains/windsorweb/adminer-5.0.6-mysql-en.php' not found or unable to stat
[Thu Jan 29 07:15:50.865745 2026] [php:error] [pid 11907] [client 34.96.162.56:0] script '/domains/windsorweb/adminer-5.0.4.php' not found or unable to stat
[Thu Jan 29 07:16:16.146296 2026] [php:error] [pid 11902] [client 35.247.243.243:0] script '/domains/windsorweb/adminer-4.3.0.php' not found or unable to stat
[Thu Jan 29 07:16:36.546586 2026] [php:error] [pid 11920] [client 35.247.243.242:0] script '/domains/windsorweb/adminer-4.3.0.php' not found or unable to stat
[Thu Jan 29 07:16:36.854349 2026] [php:error] [pid 11921] [client 34.96.162.54:0] script '/domains/windsorweb/adminer-4.2.1.php' not found or unable to stat
[Thu Jan 29 07:16:40.478034 2026] [php:error] [pid 11907] [client 34.96.162.58:0] script '/domains/windsorweb/adminer-5.0.0-mysql.php' not found or unable to stat
[Thu Jan 29 07:16:44.076164 2026] [php:error] [pid 11919] [client 52.178.176.146:0] script '/domains/domilici/class19.php' not found or unable to stat
[Thu Jan 29 07:16:44.150697 2026] [php:error] [pid 11919] [client 52.178.176.146:0] script '/domains/domilici/zwso.php' not found or unable to stat
[Thu Jan 29 07:16:44.225710 2026] [php:error] [pid 11919] [client 52.178.176.146:0] script '/domains/domilici/ficmdwty.php' not found or unable to stat
[Thu Jan 29 07:16:44.300688 2026] [php:error] [pid 11919] [client 52.178.176.146:0] script '/domains/domilici/xmrlpc.php' not found or unable to stat
[Thu Jan 29 07:16:44.375427 2026] [php:error] [pid 11919] [client 52.178.176.146:0] script '/domains/domilici/comfunctions.php' not found or unable to stat
[Thu Jan 29 07:16:44.450874 2026] [php:error] [pid 11919] [client 52.178.176.146:0] script '/domains/domilici/maintenance.php' not found or unable to stat
[Thu Jan 29 07:16:44.525869 2026] [php:error] [pid 11919] [client 52.178.176.146:0] script '/domains/domilici/indeex.php' not found or unable to stat
[Thu Jan 29 07:16:44.600686 2026] [php:error] [pid 11919] [client 52.178.176.146:0] script '/domains/domilici/wp-site.php' not found or unable to stat
[Thu Jan 29 07:16:44.675851 2026] [php:error] [pid 11919] [client 52.178.176.146:0] script '/domains/domilici/function.php' not found or unable to stat
[Thu Jan 29 07:16:44.750289 2026] [php:error] [pid 11919] [client 52.178.176.146:0] script '/domains/domilici/thfd.php' not found or unable to stat
[Thu Jan 29 07:16:44.825546 2026] [php:error] [pid 11919] [client 52.178.176.146:0] script '/domains/domilici/index4.php' not found or unable to stat
[Thu Jan 29 07:16:44.900210 2026] [php:error] [pid 11919] [client 52.178.176.146:0] script '/domains/domilici/backup.php' not found or unable to stat
[Thu Jan 29 07:16:44.974742 2026] [php:error] [pid 11919] [client 52.178.176.146:0] script '/domains/domilici/wp-admin-css.php' not found or unable to stat
[Thu Jan 29 07:16:45.049289 2026] [php:error] [pid 11919] [client 52.178.176.146:0] script '/domains/domilici/priv.php' not found or unable to stat
[Thu Jan 29 07:16:45.123903 2026] [php:error] [pid 11919] [client 52.178.176.146:0] script '/domains/domilici/yes.php' not found or unable to stat
[Thu Jan 29 07:16:45.201732 2026] [php:error] [pid 11919] [client 52.178.176.146:0] script '/domains/domilici/change_password.php' not found or unable to stat
[Thu Jan 29 07:16:45.276343 2026] [php:error] [pid 11919] [client 52.178.176.146:0] script '/domains/domilici/payout.php' not found or unable to stat
[Thu Jan 29 07:16:45.350796 2026] [php:error] [pid 11919] [client 52.178.176.146:0] script '/domains/domilici/wsanon.php' not found or unable to stat
[Thu Jan 29 07:16:45.425773 2026] [php:error] [pid 11919] [client 52.178.176.146:0] script '/domains/domilici/defense.php' not found or unable to stat
[Thu Jan 29 07:16:45.500383 2026] [php:error] [pid 11919] [client 52.178.176.146:0] script '/domains/domilici/sxo.php' not found or unable to stat
[Thu Jan 29 07:16:45.582298 2026] [php:error] [pid 11919] [client 52.178.176.146:0] script '/domains/domilici/local-phpinfo.php' not found or unable to stat
[Thu Jan 29 07:16:45.657237 2026] [php:error] [pid 11919] [client 52.178.176.146:0] script '/domains/domilici/wp-cc.php' not found or unable to stat
[Thu Jan 29 07:16:45.732137 2026] [php:error] [pid 11919] [client 52.178.176.146:0] script '/domains/domilici/wp-class.php' not found or unable to stat
[Thu Jan 29 07:16:45.806570 2026] [php:error] [pid 11919] [client 52.178.176.146:0] script '/domains/domilici/colors.php' not found or unable to stat
[Thu Jan 29 07:16:45.956480 2026] [php:error] [pid 11919] [client 52.178.176.146:0] script '/domains/domilici/server.php' not found or unable to stat
[Thu Jan 29 07:16:46.031018 2026] [php:error] [pid 11919] [client 52.178.176.146:0] script '/domains/domilici/iR7SzrsOUEP.php' not found or unable to stat
[Thu Jan 29 07:16:46.106095 2026] [php:error] [pid 11919] [client 52.178.176.146:0] script '/domains/domilici/ini.php' not found or unable to stat
[Thu Jan 29 07:16:46.167797 2026] [php:error] [pid 11916] [client 34.96.162.53:0] script '/domains/windsorweb/adminer-5.0.2-mysql-en.php' not found or unable to stat
[Thu Jan 29 07:16:46.180712 2026] [php:error] [pid 11919] [client 52.178.176.146:0] script '/domains/domilici/inbox.php' not found or unable to stat
[Thu Jan 29 07:16:46.255098 2026] [php:error] [pid 11919] [client 52.178.176.146:0] script '/domains/domilici/wp-cdi.php' not found or unable to stat
[Thu Jan 29 07:16:46.329690 2026] [php:error] [pid 11919] [client 52.178.176.146:0] script '/domains/domilici/blue.php' not found or unable to stat
[Thu Jan 29 07:16:46.404469 2026] [php:error] [pid 11919] [client 52.178.176.146:0] script '/domains/domilici/alfa1.php' not found or unable to stat
[Thu Jan 29 07:16:46.479189 2026] [php:error] [pid 11919] [client 52.178.176.146:0] script '/domains/domilici/spip.php' not found or unable to stat
[Thu Jan 29 07:16:46.553961 2026] [php:error] [pid 11919] [client 52.178.176.146:0] script '/domains/domilici/input.php' not found or unable to stat
[Thu Jan 29 07:16:46.629232 2026] [php:error] [pid 11919] [client 52.178.176.146:0] script '/domains/domilici/index-ajax-response.php' not found or unable to stat
[Thu Jan 29 07:16:46.704279 2026] [php:error] [pid 11919] [client 52.178.176.146:0] script '/domains/domilici/csv.php' not found or unable to stat
[Thu Jan 29 07:16:46.723708 2026] [php:error] [pid 11916] [client 34.96.162.57:0] script '/domains/windsorweb/adminer-5.1.1-mysql-en.php' not found or unable to stat
[Thu Jan 29 07:16:46.778923 2026] [php:error] [pid 11919] [client 52.178.176.146:0] script '/domains/domilici/blkqvmih.php' not found or unable to stat
[Thu Jan 29 07:16:46.853672 2026] [php:error] [pid 11919] [client 52.178.176.146:0] script '/domains/domilici/yanz.php' not found or unable to stat
[Thu Jan 29 07:16:46.929161 2026] [php:error] [pid 11919] [client 52.178.176.146:0] script '/domains/domilici/session.php' not found or unable to stat
[Thu Jan 29 07:16:47.004679 2026] [php:error] [pid 11919] [client 52.178.176.146:0] script '/domains/domilici/class-wp-filesystemss.php' not found or unable to stat
[Thu Jan 29 07:16:47.079562 2026] [php:error] [pid 11919] [client 52.178.176.146:0] script '/domains/domilici/installer.php' not found or unable to stat
[Thu Jan 29 07:16:47.154567 2026] [php:error] [pid 11919] [client 52.178.176.146:0] script '/domains/domilici/link-add.php' not found or unable to stat
[Thu Jan 29 07:16:47.229168 2026] [php:error] [pid 11919] [client 52.178.176.146:0] script '/domains/domilici/audio.php' not found or unable to stat
[Thu Jan 29 07:16:47.324602 2026] [php:error] [pid 11919] [client 52.178.176.146:0] script '/domains/domilici/aksinet.php' not found or unable to stat
[Thu Jan 29 07:16:47.399472 2026] [php:error] [pid 11919] [client 52.178.176.146:0] script '/domains/domilici/register.php' not found or unable to stat
[Thu Jan 29 07:16:47.474178 2026] [php:error] [pid 11919] [client 52.178.176.146:0] script '/domains/domilici/4price3.php' not found or unable to stat
[Thu Jan 29 07:16:47.548705 2026] [php:error] [pid 11919] [client 52.178.176.146:0] script '/domains/domilici/lofmebwd.php' not found or unable to stat
[Thu Jan 29 07:16:47.623952 2026] [php:error] [pid 11919] [client 52.178.176.146:0] script '/domains/domilici/w8a6btny.php' not found or unable to stat
[Thu Jan 29 07:16:47.705860 2026] [php:error] [pid 11919] [client 52.178.176.146:0] script '/domains/domilici/uwntsctk.php' not found or unable to stat
[Thu Jan 29 07:16:47.780403 2026] [php:error] [pid 11919] [client 52.178.176.146:0] script '/domains/domilici/wboom.php' not found or unable to stat
[Thu Jan 29 07:16:47.855216 2026] [php:error] [pid 11919] [client 52.178.176.146:0] script '/domains/domilici/wsa.php' not found or unable to stat
[Thu Jan 29 07:16:47.930421 2026] [php:error] [pid 11919] [client 52.178.176.146:0] script '/domains/domilici/wp-fclass.php' not found or unable to stat
[Thu Jan 29 07:16:48.079851 2026] [php:error] [pid 11919] [client 52.178.176.146:0] script '/domains/domilici/exit.php' not found or unable to stat
[Thu Jan 29 07:16:48.154538 2026] [php:error] [pid 11919] [client 52.178.176.146:0] script '/domains/domilici/0.php' not found or unable to stat
[Thu Jan 29 07:16:48.229313 2026] [php:error] [pid 11919] [client 52.178.176.146:0] script '/domains/domilici/wp-scripts.php' not found or unable to stat
[Thu Jan 29 07:16:48.304027 2026] [php:error] [pid 11919] [client 52.178.176.146:0] script '/domains/domilici/reset.php' not found or unable to stat
[Thu Jan 29 07:16:48.378923 2026] [php:error] [pid 11919] [client 52.178.176.146:0] script '/domains/domilici/ova-tools.php' not found or unable to stat
[Thu Jan 29 07:16:48.455249 2026] [php:error] [pid 11919] [client 52.178.176.146:0] script '/domains/domilici/f35.php' not found or unable to stat
[Thu Jan 29 07:16:48.530215 2026] [php:error] [pid 11919] [client 52.178.176.146:0] script '/domains/domilici/OLD-UP-ova.php' not found or unable to stat
[Thu Jan 29 07:16:48.605311 2026] [php:error] [pid 11919] [client 52.178.176.146:0] script '/domains/domilici/log404.php' not found or unable to stat
[Thu Jan 29 07:16:48.680256 2026] [php:error] [pid 11919] [client 52.178.176.146:0] script '/domains/domilici/wp-2022.php' not found or unable to stat
[Thu Jan 29 07:16:48.754965 2026] [php:error] [pid 11919] [client 52.178.176.146:0] script '/domains/domilici/xlettt.php' not found or unable to stat
[Thu Jan 29 07:16:48.830061 2026] [php:error] [pid 11919] [client 52.178.176.146:0] script '/domains/domilici/post-new.php' not found or unable to stat
[Thu Jan 29 07:16:48.905619 2026] [php:error] [pid 11919] [client 52.178.176.146:0] script '/domains/domilici/CasperExV1.php' not found or unable to stat
[Thu Jan 29 07:16:48.980680 2026] [php:error] [pid 11919] [client 52.178.176.146:0] script '/domains/domilici/release.php' not found or unable to stat
[Thu Jan 29 07:16:49.055282 2026] [php:error] [pid 11919] [client 52.178.176.146:0] script '/domains/domilici/curl.php' not found or unable to stat
[Thu Jan 29 07:16:49.130350 2026] [php:error] [pid 11919] [client 52.178.176.146:0] script '/domains/domilici/fan.php' not found or unable to stat
[Thu Jan 29 07:16:49.205810 2026] [php:error] [pid 11919] [client 52.178.176.146:0] script '/domains/domilici/avbxfstf.php' not found or unable to stat
[Thu Jan 29 07:16:49.280618 2026] [php:error] [pid 11919] [client 52.178.176.146:0] script '/domains/domilici/browse.php' not found or unable to stat
[Thu Jan 29 07:16:49.355257 2026] [php:error] [pid 11919] [client 52.178.176.146:0] script '/domains/domilici/wp-commentin.php' not found or unable to stat
[Thu Jan 29 07:16:49.430212 2026] [php:error] [pid 11919] [client 52.178.176.146:0] script '/domains/domilici/backup_db.php' not found or unable to stat
[Thu Jan 29 07:16:49.505616 2026] [php:error] [pid 11919] [client 52.178.176.146:0] script '/domains/domilici/rzhfy.php' not found or unable to stat
[Thu Jan 29 07:16:49.580804 2026] [php:error] [pid 11919] [client 52.178.176.146:0] script '/domains/domilici/Casper.php' not found or unable to stat
[Thu Jan 29 07:16:49.655410 2026] [php:error] [pid 11919] [client 52.178.176.146:0] script '/domains/domilici/wp-load.php' not found or unable to stat
[Thu Jan 29 07:16:49.730072 2026] [php:error] [pid 11919] [client 52.178.176.146:0] script '/domains/domilici/w.php' not found or unable to stat
[Thu Jan 29 07:16:49.804464 2026] [php:error] [pid 11919] [client 52.178.176.146:0] script '/domains/domilici/yrfjzewo.php' not found or unable to stat
[Thu Jan 29 07:16:49.878967 2026] [php:error] [pid 11919] [client 52.178.176.146:0] script '/domains/domilici/botwdhur.php' not found or unable to stat
[Thu Jan 29 07:16:49.953447 2026] [php:error] [pid 11919] [client 52.178.176.146:0] script '/domains/domilici/.env.php' not found or unable to stat
[Thu Jan 29 07:16:50.027828 2026] [php:error] [pid 11919] [client 52.178.176.146:0] script '/domains/domilici/cw.php' not found or unable to stat
[Thu Jan 29 07:16:50.102474 2026] [php:error] [pid 11919] [client 52.178.176.146:0] script '/domains/domilici/disagrsod.php' not found or unable to stat
[Thu Jan 29 07:16:50.177272 2026] [php:error] [pid 11919] [client 52.178.176.146:0] script '/domains/domilici/sidebar.php' not found or unable to stat
[Thu Jan 29 07:16:50.251853 2026] [php:error] [pid 11919] [client 52.178.176.146:0] script '/domains/domilici/hanna1337.php' not found or unable to stat
[Thu Jan 29 07:16:50.326480 2026] [php:error] [pid 11919] [client 52.178.176.146:0] script '/domains/domilici/press-this.php' not found or unable to stat
[Thu Jan 29 07:16:50.401207 2026] [php:error] [pid 11919] [client 52.178.176.146:0] script '/domains/domilici/class_api.php' not found or unable to stat
[Thu Jan 29 07:16:50.475961 2026] [php:error] [pid 11919] [client 52.178.176.146:0] script '/domains/domilici/uph.php' not found or unable to stat
[Thu Jan 29 07:16:50.551401 2026] [php:error] [pid 11919] [client 52.178.176.146:0] script '/domains/domilici/jghkfuka.php' not found or unable to stat
[Thu Jan 29 07:16:50.626307 2026] [php:error] [pid 11919] [client 52.178.176.146:0] script '/domains/domilici/wp-sigunq.php' not found or unable to stat
[Thu Jan 29 07:16:50.700779 2026] [php:error] [pid 11919] [client 52.178.176.146:0] script '/domains/domilici/ms-admin.php' not found or unable to stat
[Thu Jan 29 07:16:50.775397 2026] [php:error] [pid 11919] [client 52.178.176.146:0] script '/domains/domilici/mdpjatct.php' not found or unable to stat
[Thu Jan 29 07:16:50.850399 2026] [php:error] [pid 11919] [client 52.178.176.146:0] script '/domains/domilici/leftDao.php' not found or unable to stat
[Thu Jan 29 07:16:51.001819 2026] [php:error] [pid 11919] [client 52.178.176.146:0] script '/domains/domilici/xxl.php' not found or unable to stat
[Thu Jan 29 07:16:51.076561 2026] [php:error] [pid 11919] [client 52.178.176.146:0] script '/domains/domilici/amigo.php' not found or unable to stat
[Thu Jan 29 07:16:51.151411 2026] [php:error] [pid 11919] [client 52.178.176.146:0] script '/domains/domilici/server-info.php' not found or unable to stat
[Thu Jan 29 07:16:51.226252 2026] [php:error] [pid 11919] [client 52.178.176.146:0] script '/domains/domilici/b.php' not found or unable to stat
[Thu Jan 29 07:16:51.316490 2026] [php:error] [pid 11919] [client 52.178.176.146:0] script '/domains/domilici/dropdown.php' not found or unable to stat
[Thu Jan 29 07:16:51.465793 2026] [php:error] [pid 11919] [client 52.178.176.146:0] script '/domains/domilici/okaoka.php' not found or unable to stat
[Thu Jan 29 07:16:51.540770 2026] [php:error] [pid 11919] [client 52.178.176.146:0] script '/domains/domilici/corn.php' not found or unable to stat
[Thu Jan 29 07:16:51.695863 2026] [php:error] [pid 11917] [client 52.178.176.146:0] script '/domains/domilici/php.php' not found or unable to stat
[Thu Jan 29 07:16:51.767494 2026] [php:error] [pid 11917] [client 52.178.176.146:0] script '/domains/domilici/editor.php' not found or unable to stat
[Thu Jan 29 07:16:51.839291 2026] [php:error] [pid 11917] [client 52.178.176.146:0] script '/domains/domilici/environment.php' not found or unable to stat
[Thu Jan 29 07:16:53.892633 2026] [php:error] [pid 11922] [client 35.247.243.246:0] script '/domains/windsorweb/adminer-db.php' not found or unable to stat
[Thu Jan 29 07:17:15.553956 2026] [php:error] [pid 11916] [client 35.247.243.249:0] script '/domains/windsorweb/adminer-5.0.6-en.php' not found or unable to stat
[Thu Jan 29 07:17:25.485866 2026] [php:error] [pid 11897] [client 34.96.162.63:0] script '/domains/windsorweb/adminer-5.0.5-mysql.php' not found or unable to stat
[Thu Jan 29 07:17:25.492627 2026] [php:error] [pid 11897] [client 35.247.243.248:0] script '/domains/windsorweb/adminer-5.0.5.php' not found or unable to stat
[Thu Jan 29 07:17:38.256160 2026] [php:error] [pid 11927] [client 34.96.162.56:0] script '/domains/windsorweb/mydb.php' not found or unable to stat
[Thu Jan 29 07:17:38.903909 2026] [php:error] [pid 11924] [client 34.96.162.56:0] script '/domains/windsorweb/mydb.php' not found or unable to stat
[Thu Jan 29 07:17:41.112328 2026] [php:error] [pid 11929] [client 34.96.162.58:0] script '/domains/windsorweb/adminer-5.1.0-mysql-en.php' not found or unable to stat
[Thu Jan 29 07:17:53.053288 2026] [php:error] [pid 11932] [client 35.247.243.250:0] script '/domains/windsorweb/adminer-5.4.1-mysql.php' not found or unable to stat
[Thu Jan 29 07:18:12.703473 2026] [php:error] [pid 11928] [client 34.96.162.49:0] script '/domains/windsorweb/adminer-5.4.1-en.php' not found or unable to stat
[Thu Jan 29 07:18:12.706616 2026] [php:error] [pid 11897] [client 34.96.162.54:0] script '/domains/windsorweb/adminer-5.2.1.php' not found or unable to stat
[Thu Jan 29 07:18:12.774621 2026] [php:error] [pid 11934] [client 35.247.243.243:0] script '/domains/windsorweb/adminer-5.0.0.php' not found or unable to stat
[Thu Jan 29 07:18:14.587547 2026] [php:error] [pid 11897] [client 35.247.243.244:0] script '/domains/schellin/adminer-4.6.0.php' not found or unable to stat
[Thu Jan 29 07:18:43.370323 2026] [php:error] [pid 11942] [client 34.96.162.61:0] script '/domains/windsorweb/adminer-5.0.4.php' not found or unable to stat
[Thu Jan 29 07:19:11.623785 2026] [php:error] [pid 11946] [client 34.96.162.53:0] script '/domains/windsorweb/adminer-5.2.0-mysql-en.php' not found or unable to stat
[Thu Jan 29 07:19:31.956606 2026] [php:error] [pid 11947] [client 35.247.243.250:0] script '/domains/schellin/adminer-5.1.0-en.php' not found or unable to stat
[Thu Jan 29 07:19:33.013147 2026] [php:error] [pid 11947] [client 35.247.243.249:0] script '/domains/windsorweb/mydb.php' not found or unable to stat
[Thu Jan 29 07:19:39.548386 2026] [php:error] [pid 11957] [client 34.96.162.49:0] script '/domains/windsorweb/adminer-5.0.0-mysql-en.php' not found or unable to stat
[Thu Jan 29 07:19:39.829360 2026] [php:error] [pid 11946] [client 35.247.243.242:0] script '/domains/schellin/adminer-5.0.3-mysql.php' not found or unable to stat
[Thu Jan 29 07:19:48.487952 2026] [php:error] [pid 11957] [client 35.247.243.252:0] script '/domains/windsorweb/adminer-5.2.0-en.php' not found or unable to stat
[Thu Jan 29 07:19:48.657600 2026] [php:error] [pid 11952] [client 35.247.243.240:0] script '/domains/windsorweb/adminer-5.0.6.php' not found or unable to stat
[Thu Jan 29 07:19:52.937351 2026] [php:error] [pid 11952] [client 35.247.243.250:0] script '/domains/windsorweb/adminer-5.0.3-mysql.php' not found or unable to stat
[Thu Jan 29 07:19:58.064740 2026] [php:error] [pid 11957] [client 35.247.243.248:0] script '/domains/windsorweb/unzipper.php' not found or unable to stat
[Thu Jan 29 07:20:13.019263 2026] [php:error] [pid 11957] [client 35.247.243.249:0] script '/domains/schellin/adminer-5.0.3-en.php' not found or unable to stat
[Thu Jan 29 07:20:20.357999 2026] [php:error] [pid 11948] [client 34.96.162.57:0] script '/domains/windsorweb/adminer-4.2.5.php' not found or unable to stat
[Thu Jan 29 07:20:39.130729 2026] [php:error] [pid 11961] [client 34.96.162.49:0] script '/domains/windsorweb/adminer-5.0.0-mysql.php' not found or unable to stat
