[Thu Jan 29 10:44:58.809218 2026] [php:error] [pid 54400] [client 20.194.29.45:0] script '/domains/dcarlone/admin.php' not found or unable to stat
[Thu Jan 29 10:44:58.999541 2026] [php:error] [pid 54400] [client 20.194.29.45:0] script '/domains/dcarlone/sf.php' not found or unable to stat
[Thu Jan 29 10:44:59.183340 2026] [php:error] [pid 54400] [client 20.194.29.45:0] script '/domains/dcarlone/rip.php' not found or unable to stat
[Thu Jan 29 10:44:59.366632 2026] [php:error] [pid 54400] [client 20.194.29.45:0] script '/domains/dcarlone/autoload_classmap.php' not found or unable to stat
[Thu Jan 29 10:44:59.549268 2026] [php:error] [pid 54400] [client 20.194.29.45:0] script '/domains/dcarlone/chosen.php' not found or unable to stat
[Thu Jan 29 10:44:59.732120 2026] [php:error] [pid 54400] [client 20.194.29.45:0] script '/domains/dcarlone/classwithtostring.php' not found or unable to stat
[Thu Jan 29 10:44:59.918386 2026] [php:error] [pid 54400] [client 20.194.29.45:0] script '/domains/dcarlone/defaults.php' not found or unable to stat
[Thu Jan 29 10:45:00.674793 2026] [php:error] [pid 54400] [client 20.194.29.45:0] script '/domains/dcarlone/info.php' not found or unable to stat
[Thu Jan 29 10:45:01.979791 2026] [php:error] [pid 54400] [client 20.194.29.45:0] script '/domains/dcarlone/adminfuns.php' not found or unable to stat
[Thu Jan 29 10:45:07.856012 2026] [php:error] [pid 54394] [client 34.96.162.58:0] script '/domains/tmandel/adminer-5.4.0-mysql-en.php' not found or unable to stat
[Thu Jan 29 10:45:42.894378 2026] [php:error] [pid 54414] [client 34.141.162.242:0] script '/domains/hdickens.enteract/kmnj.php' not found or unable to stat
[Thu Jan 29 10:45:43.110378 2026] [php:error] [pid 54406] [client 34.96.162.59:0] script '/domains/tmandel/adminer-4.7.3.php' not found or unable to stat
[Thu Jan 29 10:46:52.146167 2026] [php:error] [pid 54433] [client 20.193.64.83:0] script '/domains/biehlweb/aa.php' not found or unable to stat
[Thu Jan 29 10:46:52.364203 2026] [php:error] [pid 54433] [client 20.193.64.83:0] script '/domains/biehlweb/abcd.php' not found or unable to stat
[Thu Jan 29 10:46:52.806670 2026] [php:error] [pid 54433] [client 20.193.64.83:0] script '/domains/biehlweb/admin.php' not found or unable to stat
[Thu Jan 29 10:46:53.430272 2026] [php:error] [pid 54433] [client 20.193.64.83:0] script '/domains/biehlweb/buy.php' not found or unable to stat
[Thu Jan 29 10:46:54.485400 2026] [php:error] [pid 54433] [client 20.193.64.83:0] script '/domains/biehlweb/edit.php' not found or unable to stat
[Thu Jan 29 10:46:55.036370 2026] [php:error] [pid 54433] [client 20.193.64.83:0] script '/domains/biehlweb/file.php' not found or unable to stat
[Thu Jan 29 10:46:55.247265 2026] [php:error] [pid 54433] [client 20.193.64.83:0] script '/domains/biehlweb/flower.php' not found or unable to stat
[Thu Jan 29 10:46:55.498857 2026] [php:error] [pid 54433] [client 20.193.64.83:0] script '/domains/biehlweb/images/index.php' not found or unable to stat
[Thu Jan 29 10:46:55.711733 2026] [php:error] [pid 54433] [client 20.193.64.83:0] script '/domains/biehlweb/info.php' not found or unable to stat
[Thu Jan 29 10:46:56.434888 2026] [php:error] [pid 54433] [client 20.193.64.83:0] script '/domains/biehlweb/ioxi-o.php' not found or unable to stat
[Thu Jan 29 10:46:57.124194 2026] [php:error] [pid 54433] [client 20.193.64.83:0] script '/domains/biehlweb/nc4.php' not found or unable to stat
[Thu Jan 29 10:46:57.333634 2026] [php:error] [pid 54433] [client 20.193.64.83:0] script '/domains/biehlweb/xleet.php' not found or unable to stat
[Thu Jan 29 10:46:59.557349 2026] [php:error] [pid 54433] [client 20.193.64.83:0] script '/domains/biehlweb/wp-good.php' not found or unable to stat
[Thu Jan 29 10:47:01.500485 2026] [php:error] [pid 54433] [client 20.193.64.83:0] script '/domains/biehlweb/xmrlpc.php' not found or unable to stat
[Thu Jan 29 10:47:01.739418 2026] [php:error] [pid 54433] [client 20.193.64.83:0] script '/domains/biehlweb/about.php' not found or unable to stat
[Thu Jan 29 10:47:01.960939 2026] [php:error] [pid 54433] [client 20.193.64.83:0] script '/domains/biehlweb/adminfuns.php' not found or unable to stat
[Thu Jan 29 10:47:02.290471 2026] [php:error] [pid 54433] [client 20.193.64.83:0] script '/domains/biehlweb/alfa.php' not found or unable to stat
[Thu Jan 29 10:47:02.728313 2026] [php:error] [pid 54433] [client 20.193.64.83:0] script '/domains/biehlweb/asasx.php' not found or unable to stat
[Thu Jan 29 10:47:03.131402 2026] [php:error] [pid 54433] [client 20.193.64.83:0] script '/domains/biehlweb/autoload_classmap.php' not found or unable to stat
[Thu Jan 29 10:47:03.377213 2026] [php:error] [pid 54433] [client 20.193.64.83:0] script '/domains/biehlweb/classwithtostring.php' not found or unable to stat
[Thu Jan 29 10:47:04.300598 2026] [php:error] [pid 54433] [client 20.193.64.83:0] script '/domains/biehlweb/cong.php' not found or unable to stat
[Thu Jan 29 10:47:04.501915 2026] [php:error] [pid 54433] [client 20.193.64.83:0] script '/domains/biehlweb/file2.php' not found or unable to stat
[Thu Jan 29 10:47:04.763369 2026] [php:error] [pid 54433] [client 20.193.64.83:0] script '/domains/biehlweb/moon.php' not found or unable to stat
[Thu Jan 29 10:47:07.166933 2026] [php:error] [pid 54433] [client 20.193.64.83:0] script '/domains/biehlweb/wp-cron.php' not found or unable to stat
[Thu Jan 29 10:47:25.368961 2026] [php:error] [pid 54396] [client 20.193.64.14:0] script '/domains/egmaweb/class.php' not found or unable to stat
[Thu Jan 29 10:47:25.572170 2026] [php:error] [pid 54396] [client 20.193.64.14:0] script '/domains/egmaweb/bless5.php' not found or unable to stat
[Thu Jan 29 10:47:26.193732 2026] [php:error] [pid 54396] [client 20.193.64.14:0] script '/domains/egmaweb/lock360.php' not found or unable to stat
[Thu Jan 29 10:47:26.419250 2026] [php:error] [pid 54396] [client 20.193.64.14:0] script '/domains/egmaweb/ioxi-o1.php' not found or unable to stat
[Thu Jan 29 10:47:26.623149 2026] [php:error] [pid 54396] [client 20.193.64.14:0] script '/domains/egmaweb/juuuu.php' not found or unable to stat
[Thu Jan 29 10:47:26.825806 2026] [php:error] [pid 54396] [client 20.193.64.14:0] script '/domains/egmaweb/ha.php' not found or unable to stat
[Thu Jan 29 10:47:27.769714 2026] [php:error] [pid 54396] [client 20.193.64.14:0] script '/domains/egmaweb/gg.php' not found or unable to stat
[Thu Jan 29 10:47:27.976409 2026] [php:error] [pid 54396] [client 20.193.64.14:0] script '/domains/egmaweb/we2.php' not found or unable to stat
[Thu Jan 29 10:47:28.178303 2026] [php:error] [pid 54396] [client 20.193.64.14:0] script '/domains/egmaweb/04.php' not found or unable to stat
[Thu Jan 29 10:47:28.506819 2026] [php:error] [pid 54396] [client 20.193.64.14:0] script '/domains/egmaweb/333.php' not found or unable to stat
[Thu Jan 29 10:47:28.708765 2026] [php:error] [pid 54396] [client 20.193.64.14:0] script '/domains/egmaweb/520.php' not found or unable to stat
[Thu Jan 29 10:47:28.912238 2026] [php:error] [pid 54396] [client 20.193.64.14:0] script '/domains/egmaweb/ar.php' not found or unable to stat
[Thu Jan 29 10:47:29.114161 2026] [php:error] [pid 54396] [client 20.193.64.14:0] script '/domains/egmaweb/x.php' not found or unable to stat
[Thu Jan 29 10:47:29.317663 2026] [php:error] [pid 54396] [client 20.193.64.14:0] script '/domains/egmaweb/xx.php' not found or unable to stat
[Thu Jan 29 10:47:29.521308 2026] [php:error] [pid 54396] [client 20.193.64.14:0] script '/domains/egmaweb/gifclass4.php' not found or unable to stat
[Thu Jan 29 10:47:29.723437 2026] [php:error] [pid 54396] [client 20.193.64.14:0] script '/domains/egmaweb/2clas.php' not found or unable to stat
[Thu Jan 29 10:47:30.019449 2026] [php:error] [pid 54396] [client 20.193.64.14:0] script '/domains/egmaweb/ave.php' not found or unable to stat
[Thu Jan 29 10:47:30.221810 2026] [php:error] [pid 54396] [client 20.193.64.14:0] script '/domains/egmaweb/wrt.php' not found or unable to stat
[Thu Jan 29 10:47:30.443822 2026] [php:error] [pid 54396] [client 20.193.64.14:0] script '/domains/egmaweb/bibil.php' not found or unable to stat
[Thu Jan 29 10:47:30.646122 2026] [php:error] [pid 54396] [client 20.193.64.14:0] script '/domains/egmaweb/radio.php' not found or unable to stat
[Thu Jan 29 10:47:30.878522 2026] [php:error] [pid 54396] [client 20.193.64.14:0] script '/domains/egmaweb/files.php' not found or unable to stat
[Thu Jan 29 10:47:31.085114 2026] [php:error] [pid 54396] [client 20.193.64.14:0] script '/domains/egmaweb/file7.php' not found or unable to stat
[Thu Jan 29 10:47:31.293033 2026] [php:error] [pid 54396] [client 20.193.64.14:0] script '/domains/egmaweb/gifclass.php' not found or unable to stat
[Thu Jan 29 10:47:31.724049 2026] [php:error] [pid 54396] [client 20.193.64.14:0] script '/domains/egmaweb/nox.php' not found or unable to stat
[Thu Jan 29 10:47:31.928761 2026] [php:error] [pid 54396] [client 20.193.64.14:0] script '/domains/egmaweb/file48.php' not found or unable to stat
[Thu Jan 29 10:47:32.131724 2026] [php:error] [pid 54396] [client 20.193.64.14:0] script '/domains/egmaweb/info.php' not found or unable to stat
[Thu Jan 29 10:47:32.335626 2026] [php:error] [pid 54396] [client 20.193.64.14:0] script '/domains/egmaweb/class9.php' not found or unable to stat
[Thu Jan 29 10:47:32.569223 2026] [php:error] [pid 54396] [client 20.193.64.14:0] script '/domains/egmaweb/la.php' not found or unable to stat
[Thu Jan 29 10:47:32.800990 2026] [php:error] [pid 54396] [client 20.193.64.14:0] script '/domains/egmaweb/bless11.php' not found or unable to stat
[Thu Jan 29 10:47:33.534789 2026] [php:error] [pid 54396] [client 20.193.64.14:0] script '/domains/egmaweb/ccou.php' not found or unable to stat
[Thu Jan 29 10:47:33.738057 2026] [php:error] [pid 54396] [client 20.193.64.14:0] script '/domains/egmaweb/ton.php' not found or unable to stat
[Thu Jan 29 10:47:33.940478 2026] [php:error] [pid 54396] [client 20.193.64.14:0] script '/domains/egmaweb/403.php' not found or unable to stat
[Thu Jan 29 10:47:34.434326 2026] [php:error] [pid 54396] [client 20.193.64.14:0] script '/domains/egmaweb/file9.php' not found or unable to stat
[Thu Jan 29 10:47:34.649213 2026] [php:error] [pid 54396] [client 20.193.64.14:0] script '/domains/egmaweb/ac.php' not found or unable to stat
[Thu Jan 29 10:47:34.852407 2026] [php:error] [pid 54396] [client 20.193.64.14:0] script '/domains/egmaweb/new4.php' not found or unable to stat
[Thu Jan 29 10:47:35.090118 2026] [php:error] [pid 54396] [client 20.193.64.14:0] script '/domains/egmaweb/pop.php' not found or unable to stat
[Thu Jan 29 10:47:35.841837 2026] [php:error] [pid 54396] [client 20.193.64.14:0] script '/domains/egmaweb/az.php' not found or unable to stat
[Thu Jan 29 10:47:36.074385 2026] [php:error] [pid 54396] [client 20.193.64.14:0] script '/domains/egmaweb/xaz.php' not found or unable to stat
[Thu Jan 29 10:47:36.330420 2026] [php:error] [pid 54396] [client 20.193.64.14:0] script '/domains/egmaweb/up4.php' not found or unable to stat
[Thu Jan 29 10:47:36.579138 2026] [php:error] [pid 54396] [client 20.193.64.14:0] script '/domains/egmaweb/1aa.php' not found or unable to stat
[Thu Jan 29 10:47:36.780956 2026] [php:error] [pid 54396] [client 20.193.64.14:0] script '/domains/egmaweb/elp.php' not found or unable to stat
[Thu Jan 29 10:47:37.407359 2026] [php:error] [pid 54396] [client 20.193.64.14:0] script '/domains/egmaweb/wtz.php' not found or unable to stat
[Thu Jan 29 10:47:37.634704 2026] [php:error] [pid 54396] [client 20.193.64.14:0] script '/domains/egmaweb/galex.php' not found or unable to stat
[Thu Jan 29 10:47:37.837795 2026] [php:error] [pid 54396] [client 20.193.64.14:0] script '/domains/egmaweb/xb.php' not found or unable to stat
[Thu Jan 29 10:47:38.069135 2026] [php:error] [pid 54396] [client 20.193.64.14:0] script '/domains/egmaweb/ova.php' not found or unable to stat
[Thu Jan 29 10:47:38.271511 2026] [php:error] [pid 54396] [client 20.193.64.14:0] script '/domains/egmaweb/vx.php' not found or unable to stat
[Thu Jan 29 10:47:38.473919 2026] [php:error] [pid 54396] [client 20.193.64.14:0] script '/domains/egmaweb/rh.php' not found or unable to stat
[Thu Jan 29 10:48:00.647572 2026] [php:error] [pid 54440] [client 20.78.169.24:0] script '/domains/micra/aa.php' not found or unable to stat
[Thu Jan 29 10:48:00.830854 2026] [php:error] [pid 54440] [client 20.78.169.24:0] script '/domains/micra/abcd.php' not found or unable to stat
[Thu Jan 29 10:48:01.018910 2026] [php:error] [pid 54440] [client 20.78.169.24:0] script '/domains/micra/admin.php' not found or unable to stat
[Thu Jan 29 10:48:01.881321 2026] [php:error] [pid 54440] [client 20.78.169.24:0] script '/domains/micra/buy.php' not found or unable to stat
[Thu Jan 29 10:48:03.781332 2026] [php:error] [pid 54440] [client 20.78.169.24:0] script '/domains/micra/edit.php' not found or unable to stat
[Thu Jan 29 10:48:03.975980 2026] [php:error] [pid 54440] [client 20.78.169.24:0] script '/domains/micra/file.php' not found or unable to stat
[Thu Jan 29 10:48:04.195805 2026] [php:error] [pid 54440] [client 20.78.169.24:0] script '/domains/micra/flower.php' not found or unable to stat
[Thu Jan 29 10:48:04.382197 2026] [php:error] [pid 54440] [client 20.78.169.24:0] script '/domains/micra/images/index.php' not found or unable to stat
[Thu Jan 29 10:48:06.499869 2026] [php:error] [pid 54440] [client 20.78.169.24:0] script '/domains/micra/info.php' not found or unable to stat
[Thu Jan 29 10:48:08.773285 2026] [php:error] [pid 54440] [client 20.78.169.24:0] script '/domains/micra/ioxi-o.php' not found or unable to stat
[Thu Jan 29 10:48:11.122775 2026] [php:error] [pid 54440] [client 20.78.169.24:0] script '/domains/micra/nc4.php' not found or unable to stat
[Thu Jan 29 10:48:11.302232 2026] [php:error] [pid 54440] [client 20.78.169.24:0] script '/domains/micra/xleet.php' not found or unable to stat
[Thu Jan 29 10:48:20.660000 2026] [php:error] [pid 54440] [client 20.78.169.24:0] script '/domains/micra/wp-good.php' not found or unable to stat
[Thu Jan 29 10:48:23.684027 2026] [php:error] [pid 54440] [client 20.78.169.24:0] script '/domains/micra/xmrlpc.php' not found or unable to stat
[Thu Jan 29 10:48:24.561402 2026] [php:error] [pid 54440] [client 20.78.169.24:0] script '/domains/micra/about.php' not found or unable to stat
[Thu Jan 29 10:48:26.365259 2026] [php:error] [pid 54440] [client 20.78.169.24:0] script '/domains/micra/adminfuns.php' not found or unable to stat
[Thu Jan 29 10:48:26.589821 2026] [php:error] [pid 54440] [client 20.78.169.24:0] script '/domains/micra/alfa.php' not found or unable to stat
[Thu Jan 29 10:48:26.820524 2026] [php:error] [pid 54440] [client 20.78.169.24:0] script '/domains/micra/asasx.php' not found or unable to stat
[Thu Jan 29 10:48:29.282035 2026] [php:error] [pid 54440] [client 20.78.169.24:0] script '/domains/micra/autoload_classmap.php' not found or unable to stat
[Thu Jan 29 10:48:29.479332 2026] [php:error] [pid 54440] [client 20.78.169.24:0] script '/domains/micra/classwithtostring.php' not found or unable to stat
[Thu Jan 29 10:48:29.683270 2026] [php:error] [pid 54440] [client 20.78.169.24:0] script '/domains/micra/cong.php' not found or unable to stat
[Thu Jan 29 10:48:31.460830 2026] [php:error] [pid 54440] [client 20.78.169.24:0] script '/domains/micra/file2.php' not found or unable to stat
[Thu Jan 29 10:48:31.644908 2026] [php:error] [pid 54440] [client 20.78.169.24:0] script '/domains/micra/moon.php' not found or unable to stat
[Thu Jan 29 10:48:33.244863 2026] [php:error] [pid 54456] [client 40.115.138.186:0] script '/domains/apunderkofler/aa.php' not found or unable to stat
[Thu Jan 29 10:48:35.529681 2026] [php:error] [pid 54456] [client 40.115.138.186:0] script '/domains/apunderkofler/abcd.php' not found or unable to stat
[Thu Jan 29 10:48:38.289721 2026] [php:error] [pid 54456] [client 40.115.138.186:0] script '/domains/apunderkofler/admin.php' not found or unable to stat
[Thu Jan 29 10:48:40.557305 2026] [php:error] [pid 54440] [client 20.78.169.24:0] script '/domains/micra/wp-cron.php' not found or unable to stat
[Thu Jan 29 10:48:41.073441 2026] [php:error] [pid 54456] [client 40.115.138.186:0] script '/domains/apunderkofler/buy.php' not found or unable to stat
[Thu Jan 29 10:48:41.463864 2026] [php:error] [pid 54456] [client 40.115.138.186:0] script '/domains/apunderkofler/edit.php' not found or unable to stat
[Thu Jan 29 10:48:42.790569 2026] [php:error] [pid 54439] [client 44.250.237.64:0] script '/domains/hofficer1/connector.php' not found or unable to stat
[Thu Jan 29 10:48:44.092078 2026] [php:error] [pid 54456] [client 40.115.138.186:0] script '/domains/apunderkofler/file.php' not found or unable to stat
[Thu Jan 29 10:48:46.235502 2026] [php:error] [pid 54456] [client 40.115.138.186:0] script '/domains/apunderkofler/flower.php' not found or unable to stat
[Thu Jan 29 10:48:48.851038 2026] [php:error] [pid 54456] [client 40.115.138.186:0] script '/domains/apunderkofler/images/index.php' not found or unable to stat
[Thu Jan 29 10:48:49.194377 2026] [php:error] [pid 54459] [client 20.193.64.83:0] script '/domains/nlyfoods/aa.php' not found or unable to stat
[Thu Jan 29 10:48:50.968240 2026] [php:error] [pid 54459] [client 20.193.64.83:0] script '/domains/nlyfoods/abcd.php' not found or unable to stat
[Thu Jan 29 10:48:52.545146 2026] [php:error] [pid 54459] [client 20.193.64.83:0] script '/domains/nlyfoods/admin.php' not found or unable to stat
[Thu Jan 29 10:48:53.771349 2026] [php:error] [pid 54467] [client 40.115.138.186:0] script '/domains/apunderkofler/info.php' not found or unable to stat
[Thu Jan 29 10:48:54.504947 2026] [php:error] [pid 54459] [client 20.193.64.83:0] script '/domains/nlyfoods/buy.php' not found or unable to stat
[Thu Jan 29 10:48:56.316737 2026] [php:error] [pid 54467] [client 40.115.138.186:0] script '/domains/apunderkofler/ioxi-o.php' not found or unable to stat
[Thu Jan 29 10:48:58.517077 2026] [php:error] [pid 54467] [client 40.115.138.186:0] script '/domains/apunderkofler/nc4.php' not found or unable to stat
[Thu Jan 29 10:48:58.790940 2026] [php:error] [pid 54459] [client 20.193.64.83:0] script '/domains/nlyfoods/edit.php' not found or unable to stat
[Thu Jan 29 10:49:00.640537 2026] [php:error] [pid 54467] [client 40.115.138.186:0] script '/domains/apunderkofler/xleet.php' not found or unable to stat
[Thu Jan 29 10:49:00.707781 2026] [php:error] [pid 54459] [client 20.193.64.83:0] script '/domains/nlyfoods/file.php' not found or unable to stat
[Thu Jan 29 10:49:02.376325 2026] [php:error] [pid 54459] [client 20.193.64.83:0] script '/domains/nlyfoods/flower.php' not found or unable to stat
[Thu Jan 29 10:49:03.796863 2026] [php:error] [pid 54467] [client 40.115.138.186:0] script '/domains/apunderkofler/wp-good.php' not found or unable to stat
[Thu Jan 29 10:49:04.525580 2026] [php:error] [pid 54459] [client 20.193.64.83:0] script '/domains/nlyfoods/info.php' not found or unable to stat
[Thu Jan 29 10:49:04.742538 2026] [php:error] [pid 54459] [client 20.193.64.83:0] script '/domains/nlyfoods/ioxi-o.php' not found or unable to stat
[Thu Jan 29 10:49:04.975464 2026] [php:error] [pid 54459] [client 20.193.64.83:0] script '/domains/nlyfoods/nc4.php' not found or unable to stat
[Thu Jan 29 10:49:06.278957 2026] [php:error] [pid 54467] [client 40.115.138.186:0] script '/domains/apunderkofler/xmrlpc.php' not found or unable to stat
[Thu Jan 29 10:49:06.488684 2026] [php:error] [pid 54467] [client 40.115.138.186:0] script '/domains/apunderkofler/about.php' not found or unable to stat
[Thu Jan 29 10:49:06.659227 2026] [php:error] [pid 54467] [client 40.115.138.186:0] script '/domains/apunderkofler/adminfuns.php' not found or unable to stat
[Thu Jan 29 10:49:06.850156 2026] [php:error] [pid 54467] [client 40.115.138.186:0] script '/domains/apunderkofler/alfa.php' not found or unable to stat
[Thu Jan 29 10:49:06.917160 2026] [php:error] [pid 54459] [client 20.193.64.83:0] script '/domains/nlyfoods/xleet.php' not found or unable to stat
[Thu Jan 29 10:49:07.041816 2026] [php:error] [pid 54467] [client 40.115.138.186:0] script '/domains/apunderkofler/asasx.php' not found or unable to stat
[Thu Jan 29 10:49:09.221233 2026] [php:error] [pid 54467] [client 40.115.138.186:0] script '/domains/apunderkofler/autoload_classmap.php' not found or unable to stat
[Thu Jan 29 10:49:11.215212 2026] [php:error] [pid 54467] [client 40.115.138.186:0] script '/domains/apunderkofler/classwithtostring.php' not found or unable to stat
[Thu Jan 29 10:49:12.821881 2026] [php:error] [pid 54459] [client 20.193.64.83:0] script '/domains/nlyfoods/wp-good.php' not found or unable to stat
[Thu Jan 29 10:49:14.064369 2026] [php:error] [pid 54467] [client 40.115.138.186:0] script '/domains/apunderkofler/cong.php' not found or unable to stat
[Thu Jan 29 10:49:14.246514 2026] [php:error] [pid 54467] [client 40.115.138.186:0] script '/domains/apunderkofler/file2.php' not found or unable to stat
[Thu Jan 29 10:49:14.408785 2026] [php:error] [pid 54459] [client 20.193.64.83:0] script '/domains/nlyfoods/xmrlpc.php' not found or unable to stat
[Thu Jan 29 10:49:14.430844 2026] [php:error] [pid 54467] [client 40.115.138.186:0] script '/domains/apunderkofler/moon.php' not found or unable to stat
[Thu Jan 29 10:49:14.631911 2026] [php:error] [pid 54459] [client 20.193.64.83:0] script '/domains/nlyfoods/about.php' not found or unable to stat
[Thu Jan 29 10:49:15.503601 2026] [php:error] [pid 54459] [client 20.193.64.83:0] script '/domains/nlyfoods/adminfuns.php' not found or unable to stat
[Thu Jan 29 10:49:16.213640 2026] [php:error] [pid 54459] [client 20.193.64.83:0] script '/domains/nlyfoods/alfa.php' not found or unable to stat
[Thu Jan 29 10:49:16.944065 2026] [php:error] [pid 54459] [client 20.193.64.83:0] script '/domains/nlyfoods/asasx.php' not found or unable to stat
[Thu Jan 29 10:49:17.662770 2026] [php:error] [pid 54459] [client 20.193.64.83:0] script '/domains/nlyfoods/autoload_classmap.php' not found or unable to stat
[Thu Jan 29 10:49:18.518605 2026] [php:error] [pid 54459] [client 20.193.64.83:0] script '/domains/nlyfoods/classwithtostring.php' not found or unable to stat
[Thu Jan 29 10:49:20.652716 2026] [php:error] [pid 54459] [client 20.193.64.83:0] script '/domains/nlyfoods/cong.php' not found or unable to stat
[Thu Jan 29 10:49:20.910592 2026] [php:error] [pid 54459] [client 20.193.64.83:0] script '/domains/nlyfoods/file2.php' not found or unable to stat
[Thu Jan 29 10:49:21.140202 2026] [php:error] [pid 54459] [client 20.193.64.83:0] script '/domains/nlyfoods/moon.php' not found or unable to stat
[Thu Jan 29 10:49:22.237994 2026] [php:error] [pid 54467] [client 40.115.138.186:0] script '/domains/apunderkofler/wp-cron.php' not found or unable to stat
[Thu Jan 29 10:49:26.277538 2026] [php:error] [pid 54459] [client 20.193.64.83:0] script '/domains/nlyfoods/wp-cron.php' not found or unable to stat
[Thu Jan 29 10:49:32.268397 2026] [php:error] [pid 54468] [client 35.247.243.253:0] script '/domains/tmandel/adminer-5.0.6-en.php' not found or unable to stat
[Thu Jan 29 10:49:56.886058 2026] [php:error] [pid 54458] [client 34.96.162.55:0] script '/domains/tmandel/adminer-4.7.6.php' not found or unable to stat
[Thu Jan 29 10:50:22.294590 2026] [php:error] [pid 54459] [client 34.96.162.49:0] script '/domains/tmandel/adminer-5.0.1-mysql.php' not found or unable to stat
[Thu Jan 29 10:50:28.351164 2026] [php:error] [pid 54476] [client 35.247.243.241:0] script '/domains/tmandel/adminer-5.0.0.php' not found or unable to stat
[Thu Jan 29 10:50:49.098231 2026] [php:error] [pid 54484] [client 34.96.162.59:0] script '/domains/tmandel/adminer-4.7.2.php' not found or unable to stat
[Thu Jan 29 10:50:58.203657 2026] [php:error] [pid 54487] [client 34.96.162.56:0] script '/domains/tmandel/adminer-5.4.1.php' not found or unable to stat
[Thu Jan 29 10:51:01.077373 2026] [php:error] [pid 54476] [client 35.247.243.249:0] script '/domains/tmandel/adminer-4.8.1.php' not found or unable to stat
[Thu Jan 29 10:51:02.588631 2026] [include:error] [pid 54490] [client 18.232.12.157:0] AH01371: unknown directive "code" in parsed doc /domains/testregisgroup/index.shtml
[Thu Jan 29 10:51:02.588662 2026] [include:error] [pid 54490] [client 18.232.12.157:0] AH01371: unknown directive "#code" in parsed doc /domains/testregisgroup/index.shtml
[Thu Jan 29 10:51:02.588673 2026] [include:error] [pid 54490] [client 18.232.12.157:0] AH01371: unknown directive "code" in parsed doc /domains/testregisgroup/index.shtml
[Thu Jan 29 10:51:02.588680 2026] [include:error] [pid 54490] [client 18.232.12.157:0] AH01371: unknown directive "code" in parsed doc /domains/testregisgroup/index.shtml
[Thu Jan 29 10:51:07.186004 2026] [php:error] [pid 54483] [client 35.247.243.241:0] script '/domains/tmandel/adminer-4.7.5.php' not found or unable to stat
[Thu Jan 29 10:51:18.141934 2026] [php:error] [pid 54459] [client 34.96.162.55:0] script '/domains/tmandel/adminer-5.1.0-mysql.php' not found or unable to stat
[Thu Jan 29 10:51:28.400278 2026] [php:error] [pid 54485] [client 35.247.243.247:0] script '/domains/tmandel/adminer-5.4.1-en.php' not found or unable to stat
[Thu Jan 29 10:51:49.668824 2026] [php:error] [pid 54459] [client 35.247.243.254:0] script '/domains/tmandel/adminer-4.1.0.php' not found or unable to stat
[Thu Jan 29 10:52:48.637045 2026] [php:error] [pid 54512] [client 20.194.29.45:0] script '/domains/davidbacker/wp-trackback.php' not found or unable to stat
[Thu Jan 29 10:52:48.821696 2026] [php:error] [pid 54512] [client 20.194.29.45:0] script '/domains/davidbacker/about.php' not found or unable to stat
[Thu Jan 29 10:52:49.013202 2026] [php:error] [pid 54512] [client 20.194.29.45:0] script '/domains/davidbacker/file.php' not found or unable to stat
[Thu Jan 29 10:52:49.203397 2026] [php:error] [pid 54512] [client 20.194.29.45:0] script '/domains/davidbacker/term.php' not found or unable to stat
[Thu Jan 29 10:52:49.387578 2026] [php:error] [pid 54512] [client 20.194.29.45:0] script '/domains/davidbacker/wp-good.php' not found or unable to stat
[Thu Jan 29 10:52:49.575866 2026] [php:error] [pid 54512] [client 20.194.29.45:0] script '/domains/davidbacker/xmlrpc.php' not found or unable to stat
[Thu Jan 29 10:52:49.758266 2026] [php:error] [pid 54512] [client 20.194.29.45:0] script '/domains/davidbacker/goods.php' not found or unable to stat
[Thu Jan 29 10:52:49.939329 2026] [php:error] [pid 54512] [client 20.194.29.45:0] script '/domains/davidbacker/ioxi-o.php' not found or unable to stat
[Thu Jan 29 10:52:50.121181 2026] [php:error] [pid 54512] [client 20.194.29.45:0] script '/domains/davidbacker/class-t.api.php' not found or unable to stat
[Thu Jan 29 10:52:50.306309 2026] [php:error] [pid 54512] [client 20.194.29.45:0] script '/domains/davidbacker/admin.php' not found or unable to stat
[Thu Jan 29 10:52:50.494886 2026] [php:error] [pid 54512] [client 20.194.29.45:0] script '/domains/davidbacker/sf.php' not found or unable to stat
[Thu Jan 29 10:52:50.684631 2026] [php:error] [pid 54512] [client 20.194.29.45:0] script '/domains/davidbacker/rip.php' not found or unable to stat
[Thu Jan 29 10:52:52.002371 2026] [php:error] [pid 54512] [client 20.194.29.45:0] script '/domains/davidbacker/adminfuns.php' not found or unable to stat
[Thu Jan 29 10:53:23.883217 2026] [php:error] [pid 54521] [client 34.96.162.62:0] script '/domains/tmandel/adminer-4.7.7.php' not found or unable to stat
[Thu Jan 29 10:53:42.418774 2026] [php:error] [pid 54528] [client 34.96.162.61:0] script '/domains/tmandel/adminer-5.4.1.php' not found or unable to stat
[Thu Jan 29 10:53:52.995938 2026] [php:error] [pid 54537] [client 34.96.162.48:0] script '/domains/tmandel/adminer-5.0.6-mysql.php' not found or unable to stat
[Thu Jan 29 10:54:00.689021 2026] [php:error] [pid 54538] [client 34.96.162.49:0] script '/domains/tmandel/adminer-4.3.1.php' not found or unable to stat
[Thu Jan 29 10:54:03.873325 2026] [php:error] [pid 54522] [client 34.96.162.54:0] script '/domains/tmandel/mydb.php' not found or unable to stat
[Thu Jan 29 10:54:19.037758 2026] [php:error] [pid 54536] [client 34.96.162.57:0] script '/domains/tmandel/adminer-5.3.0-mysql.php' not found or unable to stat
[Thu Jan 29 10:54:22.613371 2026] [php:error] [pid 54541] [client 34.96.162.62:0] script '/domains/tmandel/adminer-4.6.3.php' not found or unable to stat
[Thu Jan 29 10:55:15.915114 2026] [php:error] [pid 54537] [client 34.96.162.63:0] script '/domains/tmandel/adminer-5.0.3-mysql-en.php' not found or unable to stat
[Thu Jan 29 10:55:58.333332 2026] [php:error] [pid 54568] [client 52.175.57.167:0] script '/domains/markrose/baidu.php' not found or unable to stat
[Thu Jan 29 10:55:58.546216 2026] [php:error] [pid 54568] [client 52.175.57.167:0] script '/domains/markrose/xfile25.php' not found or unable to stat
[Thu Jan 29 10:55:58.761559 2026] [php:error] [pid 54568] [client 52.175.57.167:0] script '/domains/markrose/zi-136.php' not found or unable to stat
[Thu Jan 29 10:55:58.974617 2026] [php:error] [pid 54568] [client 52.175.57.167:0] script '/domains/markrose/aurax.php' not found or unable to stat
[Thu Jan 29 10:55:59.189147 2026] [php:error] [pid 54568] [client 52.175.57.167:0] script '/domains/markrose/xmff.php' not found or unable to stat
[Thu Jan 29 10:55:59.417039 2026] [php:error] [pid 54568] [client 52.175.57.167:0] script '/domains/markrose/tourpa.php' not found or unable to stat
[Thu Jan 29 10:55:59.631343 2026] [php:error] [pid 54568] [client 52.175.57.167:0] script '/domains/markrose/zs.php' not found or unable to stat
[Thu Jan 29 10:55:59.844719 2026] [php:error] [pid 54568] [client 52.175.57.167:0] script '/domains/markrose/save.php' not found or unable to stat
[Thu Jan 29 10:56:00.058214 2026] [php:error] [pid 54568] [client 52.175.57.167:0] script '/domains/markrose/X5fCS.php' not found or unable to stat
[Thu Jan 29 10:56:00.358192 2026] [php:error] [pid 54568] [client 52.175.57.167:0] script '/domains/markrose/jsond.php' not found or unable to stat
[Thu Jan 29 10:56:00.571167 2026] [php:error] [pid 54568] [client 52.175.57.167:0] script '/domains/markrose/aa2.php' not found or unable to stat
[Thu Jan 29 10:56:00.789002 2026] [php:error] [pid 54568] [client 52.175.57.167:0] script '/domains/markrose/reze.php' not found or unable to stat
[Thu Jan 29 10:56:01.002311 2026] [php:error] [pid 54568] [client 52.175.57.167:0] script '/domains/markrose/ph33w.php' not found or unable to stat
[Thu Jan 29 10:56:01.215125 2026] [php:error] [pid 54568] [client 52.175.57.167:0] script '/domains/markrose/styll.php' not found or unable to stat
[Thu Jan 29 10:56:01.428665 2026] [php:error] [pid 54568] [client 52.175.57.167:0] script '/domains/markrose/it.php' not found or unable to stat
[Thu Jan 29 10:56:01.642363 2026] [php:error] [pid 54568] [client 52.175.57.167:0] script '/domains/markrose/wwx.php' not found or unable to stat
[Thu Jan 29 10:56:01.868537 2026] [php:error] [pid 54568] [client 52.175.57.167:0] script '/domains/markrose/x7.php' not found or unable to stat
[Thu Jan 29 10:56:02.119893 2026] [php:error] [pid 54568] [client 52.175.57.167:0] script '/domains/markrose/413.php' not found or unable to stat
[Thu Jan 29 10:56:02.339598 2026] [php:error] [pid 54568] [client 52.175.57.167:0] script '/domains/markrose/1a.php' not found or unable to stat
[Thu Jan 29 10:56:02.552439 2026] [php:error] [pid 54568] [client 52.175.57.167:0] script '/domains/markrose/z9v.php' not found or unable to stat
[Thu Jan 29 10:56:02.879536 2026] [php:error] [pid 54568] [client 52.175.57.167:0] script '/domains/markrose/thebe.php' not found or unable to stat
[Thu Jan 29 10:56:03.093324 2026] [php:error] [pid 54568] [client 52.175.57.167:0] script '/domains/markrose/ddd.php' not found or unable to stat
[Thu Jan 29 10:56:03.340460 2026] [php:error] [pid 54568] [client 52.175.57.167:0] script '/domains/markrose/ccs.php' not found or unable to stat
[Thu Jan 29 10:56:03.553258 2026] [php:error] [pid 54568] [client 52.175.57.167:0] script '/domains/markrose/sad5.php' not found or unable to stat
[Thu Jan 29 10:56:03.751673 2026] [php:error] [pid 54566] [client 193.203.9.156:0] script '/domains/system_suspended/wp-login.php' not found or unable to stat
[Thu Jan 29 10:56:04.016107 2026] [php:error] [pid 54568] [client 52.175.57.167:0] script '/domains/markrose/xvde.php' not found or unable to stat
[Thu Jan 29 10:56:04.562308 2026] [php:error] [pid 54568] [client 52.175.57.167:0] script '/domains/markrose/f355.php' not found or unable to stat
[Thu Jan 29 10:56:04.775205 2026] [php:error] [pid 54568] [client 52.175.57.167:0] script '/domains/markrose/bgymj.php' not found or unable to stat
[Thu Jan 29 10:56:04.987956 2026] [php:error] [pid 54568] [client 52.175.57.167:0] script '/domains/markrose/wp-mt.php' not found or unable to stat
[Thu Jan 29 10:56:05.202993 2026] [php:error] [pid 54568] [client 52.175.57.167:0] script '/domains/markrose/lala.php' not found or unable to stat
[Thu Jan 29 10:56:05.494098 2026] [php:error] [pid 54568] [client 52.175.57.167:0] script '/domains/markrose/3r.php' not found or unable to stat
[Thu Jan 29 10:56:05.870965 2026] [php:error] [pid 54568] [client 52.175.57.167:0] script '/domains/markrose/8xyz.php' not found or unable to stat
[Thu Jan 29 10:56:06.096806 2026] [php:error] [pid 54568] [client 52.175.57.167:0] script '/domains/markrose/la.php' not found or unable to stat
[Thu Jan 29 10:56:06.309603 2026] [php:error] [pid 54568] [client 52.175.57.167:0] script '/domains/markrose/ioxi.php' not found or unable to stat
[Thu Jan 29 10:56:06.522218 2026] [php:error] [pid 54568] [client 52.175.57.167:0] script '/domains/markrose/xpwer1.php' not found or unable to stat
[Thu Jan 29 10:56:06.751891 2026] [php:error] [pid 54568] [client 52.175.57.167:0] script '/domains/markrose/about.php' not found or unable to stat
[Thu Jan 29 10:56:07.347855 2026] [php:error] [pid 54568] [client 52.175.57.167:0] script '/domains/markrose/la.php' not found or unable to stat
[Thu Jan 29 10:56:07.779755 2026] [php:error] [pid 54568] [client 52.175.57.167:0] script '/domains/markrose/admin.php' not found or unable to stat
[Thu Jan 29 10:56:08.358842 2026] [php:error] [pid 54568] [client 52.175.57.167:0] script '/domains/markrose/info.php' not found or unable to stat
[Thu Jan 29 10:56:08.574736 2026] [php:error] [pid 54568] [client 52.175.57.167:0] script '/domains/markrose/about.php' not found or unable to stat
[Thu Jan 29 10:56:09.220589 2026] [php:error] [pid 54568] [client 52.175.57.167:0] script '/domains/markrose/ss1.php' not found or unable to stat
[Thu Jan 29 10:56:09.646812 2026] [php:error] [pid 54568] [client 52.175.57.167:0] script '/domains/markrose/goods.php' not found or unable to stat
[Thu Jan 29 10:56:09.927650 2026] [php:error] [pid 54568] [client 52.175.57.167:0] script '/domains/markrose/222.php' not found or unable to stat
[Thu Jan 29 10:56:10.142754 2026] [php:error] [pid 54568] [client 52.175.57.167:0] script '/domains/markrose/abcd.php' not found or unable to stat
[Thu Jan 29 10:56:10.656935 2026] [php:error] [pid 54568] [client 52.175.57.167:0] script '/domains/markrose/adminfuns.php' not found or unable to stat
[Thu Jan 29 10:56:10.891397 2026] [php:error] [pid 54568] [client 52.175.57.167:0] script '/domains/markrose/ioxi-o.php' not found or unable to stat
[Thu Jan 29 10:56:11.316889 2026] [php:error] [pid 54568] [client 52.175.57.167:0] script '/domains/markrose/goat.php' not found or unable to stat
[Thu Jan 29 10:56:11.864113 2026] [php:error] [pid 54568] [client 52.175.57.167:0] script '/domains/markrose/xx.php' not found or unable to stat
[Thu Jan 29 10:56:12.717025 2026] [php:error] [pid 54568] [client 52.175.57.167:0] script '/domains/markrose/f5.php' not found or unable to stat
[Thu Jan 29 10:56:12.930388 2026] [php:error] [pid 54568] [client 52.175.57.167:0] script '/domains/markrose/doc.php' not found or unable to stat
[Thu Jan 29 10:56:13.199416 2026] [php:error] [pid 54568] [client 52.175.57.167:0] script '/domains/markrose/xtride.php' not found or unable to stat
[Thu Jan 29 10:56:13.412592 2026] [php:error] [pid 54568] [client 52.175.57.167:0] script '/domains/markrose/flower.php' not found or unable to stat
[Thu Jan 29 10:56:13.625594 2026] [php:error] [pid 54568] [client 52.175.57.167:0] script '/domains/markrose/flower2.php' not found or unable to stat
[Thu Jan 29 10:56:13.841526 2026] [php:error] [pid 54568] [client 52.175.57.167:0] script '/domains/markrose/f6.php' not found or unable to stat
[Thu Jan 29 10:56:14.055321 2026] [php:error] [pid 54568] [client 52.175.57.167:0] script '/domains/markrose/edit.php' not found or unable to stat
[Thu Jan 29 10:56:14.268062 2026] [php:error] [pid 54568] [client 52.175.57.167:0] script '/domains/markrose/aa.php' not found or unable to stat
[Thu Jan 29 10:56:14.493665 2026] [php:error] [pid 54568] [client 52.175.57.167:0] script '/domains/markrose/ext.php' not found or unable to stat
[Thu Jan 29 10:56:15.153743 2026] [php:error] [pid 54568] [client 52.175.57.167:0] script '/domains/markrose/av.php' not found or unable to stat
[Thu Jan 29 10:56:15.579559 2026] [php:error] [pid 54568] [client 52.175.57.167:0] script '/domains/markrose/wsd.php' not found or unable to stat
[Thu Jan 29 10:56:15.796862 2026] [php:error] [pid 54568] [client 52.175.57.167:0] script '/domains/markrose/jane.php' not found or unable to stat
[Thu Jan 29 10:56:16.009847 2026] [php:error] [pid 54568] [client 52.175.57.167:0] script '/domains/markrose/classwithtostring.php' not found or unable to stat
[Thu Jan 29 10:56:16.461834 2026] [php:error] [pid 54568] [client 52.175.57.167:0] script '/domains/markrose/css.php' not found or unable to stat
[Thu Jan 29 10:56:16.814289 2026] [php:error] [pid 54568] [client 52.175.57.167:0] script '/domains/markrose/alfa.php' not found or unable to stat
[Thu Jan 29 10:56:17.032471 2026] [php:error] [pid 54568] [client 52.175.57.167:0] script '/domains/markrose/wen.php' not found or unable to stat
[Thu Jan 29 10:56:17.517564 2026] [php:error] [pid 54568] [client 52.175.57.167:0] script '/domains/markrose/x.php' not found or unable to stat
[Thu Jan 29 10:56:17.732968 2026] [php:error] [pid 54568] [client 52.175.57.167:0] script '/domains/markrose/xxxx.php' not found or unable to stat
[Thu Jan 29 10:56:17.949872 2026] [php:error] [pid 54568] [client 52.175.57.167:0] script '/domains/markrose/class.php' not found or unable to stat
[Thu Jan 29 10:56:18.494091 2026] [php:error] [pid 54568] [client 52.175.57.167:0] script '/domains/markrose/gec.php' not found or unable to stat
[Thu Jan 29 10:56:18.708700 2026] [php:error] [pid 54568] [client 52.175.57.167:0] script '/domains/markrose/f35.php' not found or unable to stat
[Thu Jan 29 10:56:19.138114 2026] [php:error] [pid 54568] [client 52.175.57.167:0] script '/domains/markrose/pp.php' not found or unable to stat
[Thu Jan 29 10:56:19.929055 2026] [php:error] [pid 54568] [client 52.175.57.167:0] script '/domains/markrose/lock360.php' not found or unable to stat
[Thu Jan 29 10:56:20.145272 2026] [php:error] [pid 54568] [client 52.175.57.167:0] script '/domains/markrose/as.php' not found or unable to stat
[Thu Jan 29 10:56:20.382326 2026] [php:error] [pid 54568] [client 52.175.57.167:0] script '/domains/markrose/class-t.api.php' not found or unable to stat
[Thu Jan 29 10:56:20.893326 2026] [php:error] [pid 54568] [client 52.175.57.167:0] script '/domains/markrose/bipas.php' not found or unable to stat
[Thu Jan 29 10:56:21.119059 2026] [php:error] [pid 54568] [client 52.175.57.167:0] script '/domains/markrose/shoyo.php' not found or unable to stat
[Thu Jan 29 10:56:21.495299 2026] [php:error] [pid 54568] [client 52.175.57.167:0] script '/domains/markrose/admin.php' not found or unable to stat
[Thu Jan 29 10:56:21.711454 2026] [php:error] [pid 54568] [client 52.175.57.167:0] script '/domains/markrose/ar.php' not found or unable to stat
[Thu Jan 29 10:56:21.938862 2026] [php:error] [pid 54568] [client 52.175.57.167:0] script '/domains/markrose/blurbs18.php' not found or unable to stat
[Thu Jan 29 10:56:22.163397 2026] [php:error] [pid 54568] [client 52.175.57.167:0] script '/domains/markrose/radio.php' not found or unable to stat
[Thu Jan 29 10:56:22.428477 2026] [php:error] [pid 54568] [client 52.175.57.167:0] script '/domains/markrose/wp-good.php' not found or unable to stat
[Thu Jan 29 10:56:22.651211 2026] [php:error] [pid 54568] [client 52.175.57.167:0] script '/domains/markrose/bless14.php' not found or unable to stat
[Thu Jan 29 10:56:22.868694 2026] [php:error] [pid 54568] [client 52.175.57.167:0] script '/domains/markrose/ol.php' not found or unable to stat
[Thu Jan 29 10:56:25.305093 2026] [php:error] [pid 54576] [client 52.175.57.167:0] script '/domains/markrose/init.php' not found or unable to stat
[Thu Jan 29 10:56:25.905056 2026] [php:error] [pid 54576] [client 52.175.57.167:0] script '/domains/markrose/about.php' not found or unable to stat
[Thu Jan 29 10:56:26.121451 2026] [php:error] [pid 54576] [client 52.175.57.167:0] script '/domains/markrose/k.php' not found or unable to stat
[Thu Jan 29 10:56:26.344295 2026] [php:error] [pid 54576] [client 52.175.57.167:0] script '/domains/markrose/bless.php' not found or unable to stat
[Thu Jan 29 10:56:26.594930 2026] [php:error] [pid 54576] [client 52.175.57.167:0] script '/domains/markrose/X7x.php' not found or unable to stat
[Thu Jan 29 10:56:26.894026 2026] [php:error] [pid 54576] [client 52.175.57.167:0] script '/domains/markrose/class20.php' not found or unable to stat
[Thu Jan 29 10:56:27.105068 2026] [php:error] [pid 54576] [client 52.175.57.167:0] script '/domains/markrose/lock360.php' not found or unable to stat
[Thu Jan 29 10:56:27.546057 2026] [php:error] [pid 54576] [client 52.175.57.167:0] script '/domains/markrose/themes.php' not found or unable to stat
[Thu Jan 29 10:56:27.880319 2026] [php:error] [pid 54576] [client 52.175.57.167:0] script '/domains/markrose/gifclass4.php' not found or unable to stat
[Thu Jan 29 10:56:28.092484 2026] [php:error] [pid 54576] [client 52.175.57.167:0] script '/domains/markrose/wag.php' not found or unable to stat
[Thu Jan 29 10:56:28.542644 2026] [php:error] [pid 54576] [client 52.175.57.167:0] script '/domains/markrose/xvent.php' not found or unable to stat
[Thu Jan 29 10:56:28.905168 2026] [php:error] [pid 54576] [client 52.175.57.167:0] script '/domains/markrose/wp-aaa.php' not found or unable to stat
[Thu Jan 29 10:56:29.252585 2026] [php:error] [pid 54576] [client 52.175.57.167:0] script '/domains/markrose/file21.php' not found or unable to stat
[Thu Jan 29 10:56:29.331338 2026] [php:error] [pid 54565] [client 20.89.251.180:0] script '/domains/gk3c/baidu.php' not found or unable to stat
[Thu Jan 29 10:56:29.586592 2026] [php:error] [pid 54576] [client 52.175.57.167:0] script '/domains/markrose/class19.php' not found or unable to stat
[Thu Jan 29 10:56:29.810061 2026] [php:error] [pid 54576] [client 52.175.57.167:0] script '/domains/markrose/166.php' not found or unable to stat
[Thu Jan 29 10:56:29.883364 2026] [php:error] [pid 54565] [client 20.89.251.180:0] script '/domains/gk3c/xfile25.php' not found or unable to stat
[Thu Jan 29 10:56:30.052800 2026] [php:error] [pid 54565] [client 20.89.251.180:0] script '/domains/gk3c/zi-136.php' not found or unable to stat
[Thu Jan 29 10:56:30.125387 2026] [php:error] [pid 54576] [client 52.175.57.167:0] script '/domains/markrose/bypass.php' not found or unable to stat
[Thu Jan 29 10:56:30.225034 2026] [php:error] [pid 54565] [client 20.89.251.180:0] script '/domains/gk3c/aurax.php' not found or unable to stat
[Thu Jan 29 10:56:30.339775 2026] [php:error] [pid 54576] [client 52.175.57.167:0] script '/domains/markrose/plss3.php' not found or unable to stat
[Thu Jan 29 10:56:30.490665 2026] [php:error] [pid 54565] [client 20.89.251.180:0] script '/domains/gk3c/xmff.php' not found or unable to stat
[Thu Jan 29 10:56:30.571552 2026] [php:error] [pid 54576] [client 52.175.57.167:0] script '/domains/markrose/t.php' not found or unable to stat
[Thu Jan 29 10:56:30.660527 2026] [php:error] [pid 54565] [client 20.89.251.180:0] script '/domains/gk3c/tourpa.php' not found or unable to stat
[Thu Jan 29 10:56:30.830645 2026] [php:error] [pid 54565] [client 20.89.251.180:0] script '/domains/gk3c/zs.php' not found or unable to stat
[Thu Jan 29 10:56:30.886247 2026] [php:error] [pid 54576] [client 52.175.57.167:0] script '/domains/markrose/bp.php' not found or unable to stat
[Thu Jan 29 10:56:31.101688 2026] [php:error] [pid 54565] [client 20.89.251.180:0] script '/domains/gk3c/save.php' not found or unable to stat
[Thu Jan 29 10:56:31.281006 2026] [php:error] [pid 54565] [client 20.89.251.180:0] script '/domains/gk3c/X5fCS.php' not found or unable to stat
[Thu Jan 29 10:56:31.306456 2026] [php:error] [pid 54576] [client 52.175.57.167:0] script '/domains/markrose/geck.php' not found or unable to stat
[Thu Jan 29 10:56:31.453162 2026] [php:error] [pid 54565] [client 20.89.251.180:0] script '/domains/gk3c/jsond.php' not found or unable to stat
[Thu Jan 29 10:56:31.512921 2026] [php:error] [pid 54574] [client 35.247.243.254:0] script '/domains/tmandel/adminer-5.4.1-mysql.php' not found or unable to stat
[Thu Jan 29 10:56:31.540069 2026] [php:error] [pid 54576] [client 52.175.57.167:0] script '/domains/markrose/wp-update.php' not found or unable to stat
[Thu Jan 29 10:56:31.622516 2026] [php:error] [pid 54565] [client 20.89.251.180:0] script '/domains/gk3c/aa2.php' not found or unable to stat
[Thu Jan 29 10:56:31.792083 2026] [php:error] [pid 54565] [client 20.89.251.180:0] script '/domains/gk3c/reze.php' not found or unable to stat
[Thu Jan 29 10:56:31.821011 2026] [php:error] [pid 54576] [client 52.175.57.167:0] script '/domains/markrose/a.php' not found or unable to stat
[Thu Jan 29 10:56:31.977470 2026] [php:error] [pid 54565] [client 20.89.251.180:0] script '/domains/gk3c/ph33w.php' not found or unable to stat
[Thu Jan 29 10:56:32.044035 2026] [php:error] [pid 54576] [client 52.175.57.167:0] script '/domains/markrose/admins.php' not found or unable to stat
[Thu Jan 29 10:56:32.146794 2026] [php:error] [pid 54565] [client 20.89.251.180:0] script '/domains/gk3c/styll.php' not found or unable to stat
[Thu Jan 29 10:56:32.254032 2026] [php:error] [pid 54576] [client 52.175.57.167:0] script '/domains/markrose/wp-configs.php' not found or unable to stat
[Thu Jan 29 10:56:32.316478 2026] [php:error] [pid 54565] [client 20.89.251.180:0] script '/domains/gk3c/it.php' not found or unable to stat
[Thu Jan 29 10:56:32.486199 2026] [php:error] [pid 54565] [client 20.89.251.180:0] script '/domains/gk3c/wwx.php' not found or unable to stat
[Thu Jan 29 10:56:32.622908 2026] [php:error] [pid 54576] [client 52.175.57.167:0] script '/domains/markrose/temp.php' not found or unable to stat
[Thu Jan 29 10:56:32.655628 2026] [php:error] [pid 54565] [client 20.89.251.180:0] script '/domains/gk3c/x7.php' not found or unable to stat
[Thu Jan 29 10:56:32.868405 2026] [php:error] [pid 54565] [client 20.89.251.180:0] script '/domains/gk3c/413.php' not found or unable to stat
[Thu Jan 29 10:56:32.975042 2026] [php:error] [pid 54576] [client 52.175.57.167:0] script '/domains/markrose/wp.php' not found or unable to stat
[Thu Jan 29 10:56:33.059214 2026] [php:error] [pid 54565] [client 20.89.251.180:0] script '/domains/gk3c/1a.php' not found or unable to stat
[Thu Jan 29 10:56:33.190902 2026] [php:error] [pid 54576] [client 52.175.57.167:0] script '/domains/markrose/main.php' not found or unable to stat
[Thu Jan 29 10:56:33.231475 2026] [php:error] [pid 54565] [client 20.89.251.180:0] script '/domains/gk3c/z9v.php' not found or unable to stat
[Thu Jan 29 10:56:33.401068 2026] [php:error] [pid 54565] [client 20.89.251.180:0] script '/domains/gk3c/thebe.php' not found or unable to stat
[Thu Jan 29 10:56:33.424412 2026] [php:error] [pid 54576] [client 52.175.57.167:0] script '/domains/markrose/a1.php' not found or unable to stat
[Thu Jan 29 10:56:33.572958 2026] [php:error] [pid 54565] [client 20.89.251.180:0] script '/domains/gk3c/ddd.php' not found or unable to stat
[Thu Jan 29 10:56:33.751283 2026] [php:error] [pid 54565] [client 20.89.251.180:0] script '/domains/gk3c/ccs.php' not found or unable to stat
[Thu Jan 29 10:56:33.803499 2026] [php:error] [pid 54576] [client 52.175.57.167:0] script '/domains/markrose/class.1.php' not found or unable to stat
[Thu Jan 29 10:56:33.922484 2026] [php:error] [pid 54565] [client 20.89.251.180:0] script '/domains/gk3c/sad5.php' not found or unable to stat
[Thu Jan 29 10:56:34.021376 2026] [php:error] [pid 54576] [client 52.175.57.167:0] script '/domains/markrose/lala.php' not found or unable to stat
[Thu Jan 29 10:56:34.092577 2026] [php:error] [pid 54565] [client 20.89.251.180:0] script '/domains/gk3c/xvde.php' not found or unable to stat
[Thu Jan 29 10:56:34.321606 2026] [php:error] [pid 54576] [client 52.175.57.167:0] script '/domains/markrose/tox.php' not found or unable to stat
[Thu Jan 29 10:56:34.445027 2026] [php:error] [pid 54565] [client 20.89.251.180:0] script '/domains/gk3c/f355.php' not found or unable to stat
[Thu Jan 29 10:56:34.532367 2026] [php:error] [pid 54576] [client 52.175.57.167:0] script '/domains/markrose/gg.php' not found or unable to stat
[Thu Jan 29 10:56:34.748166 2026] [php:error] [pid 54576] [client 52.175.57.167:0] script '/domains/markrose/aaa.php' not found or unable to stat
[Thu Jan 29 10:56:34.985089 2026] [php:error] [pid 54565] [client 20.89.251.180:0] script '/domains/gk3c/bgymj.php' not found or unable to stat
[Thu Jan 29 10:56:35.017438 2026] [php:error] [pid 54576] [client 52.175.57.167:0] script '/domains/markrose/a2.php' not found or unable to stat
[Thu Jan 29 10:56:35.202066 2026] [php:error] [pid 54565] [client 20.89.251.180:0] script '/domains/gk3c/wp-mt.php' not found or unable to stat
[Thu Jan 29 10:56:35.372570 2026] [php:error] [pid 54565] [client 20.89.251.180:0] script '/domains/gk3c/lala.php' not found or unable to stat
