[Thu Jan 29 07:34:09.525935 2026] [php:error] [pid 12087] [client 20.205.97.28:0] script '/domains/nostrada/wp-trackback.php' not found or unable to stat
[Thu Jan 29 07:34:09.737651 2026] [php:error] [pid 12087] [client 20.205.97.28:0] script '/domains/nostrada/about.php' not found or unable to stat
[Thu Jan 29 07:34:09.953072 2026] [php:error] [pid 12087] [client 20.205.97.28:0] script '/domains/nostrada/term.php' not found or unable to stat
[Thu Jan 29 07:34:10.165767 2026] [php:error] [pid 12087] [client 20.205.97.28:0] script '/domains/nostrada/wp-good.php' not found or unable to stat
[Thu Jan 29 07:34:10.377464 2026] [php:error] [pid 12087] [client 20.205.97.28:0] script '/domains/nostrada/xmlrpc.php' not found or unable to stat
[Thu Jan 29 07:34:10.589999 2026] [php:error] [pid 12087] [client 20.205.97.28:0] script '/domains/nostrada/goods.php' not found or unable to stat
[Thu Jan 29 07:34:10.801744 2026] [php:error] [pid 12087] [client 20.205.97.28:0] script '/domains/nostrada/ioxi-o.php' not found or unable to stat
[Thu Jan 29 07:34:11.023706 2026] [php:error] [pid 12087] [client 20.205.97.28:0] script '/domains/nostrada/class-t.api.php' not found or unable to stat
[Thu Jan 29 07:34:11.244671 2026] [php:error] [pid 12087] [client 20.205.97.28:0] script '/domains/nostrada/admin.php' not found or unable to stat
[Thu Jan 29 07:34:12.740757 2026] [php:error] [pid 12087] [client 20.205.97.28:0] script '/domains/nostrada/adminfuns.php' not found or unable to stat
[Thu Jan 29 07:34:15.581950 2026] [php:error] [pid 12090] [client 34.96.162.48:0] script '/domains/windsorweb/adminer-5.2.1-mysql-en.php' not found or unable to stat
[Thu Jan 29 07:34:15.583557 2026] [php:error] [pid 12073] [client 34.96.162.50:0] script '/domains/windsorweb/adminer-5.2.1-mysql-en.php' not found or unable to stat
[Thu Jan 29 07:34:27.910140 2026] [php:error] [pid 12084] [client 35.247.243.243:0] script '/domains/windsorweb/adminer-5.1.1-mysql.php' not found or unable to stat
[Thu Jan 29 07:34:39.818739 2026] [php:error] [pid 12091] [client 35.247.243.255:0] script '/domains/windsorweb/adminer-5.4.0-mysql-en.php' not found or unable to stat
[Thu Jan 29 07:34:51.026062 2026] [php:error] [pid 12087] [client 34.96.162.59:0] script '/domains/windsorweb/adminer-5.4.1-en.php' not found or unable to stat
[Thu Jan 29 07:35:14.547776 2026] [php:error] [pid 12106] [client 35.247.243.251:0] script '/domains/windsorweb/adminer-4.8.1-en.php' not found or unable to stat
[Thu Jan 29 07:35:22.980318 2026] [php:error] [pid 12105] [client 34.96.162.61:0] script '/domains/windsorweb/adminer-5.0.3.php' not found or unable to stat
[Thu Jan 29 07:35:24.730694 2026] [php:error] [pid 12109] [client 34.96.162.62:0] script '/domains/windsorweb/adminer-5.0.0-mysql.php' not found or unable to stat
[Thu Jan 29 07:35:29.776038 2026] [php:error] [pid 12114] [client 34.96.162.54:0] script '/domains/windsorweb/adminer-4.6.1.php' not found or unable to stat
[Thu Jan 29 07:35:38.073845 2026] [core:crit] [pid 12100] (13)Permission denied: [client 216.244.66.241:0] AH00529: /domains/dcarlone/test/web/.htaccess pcfg_openfile: unable to check htaccess file, ensure it is readable and that '/domains/dcarlone/test/web/' is executable
[Thu Jan 29 07:35:39.880804 2026] [php:error] [pid 12110] [client 34.96.162.63:0] script '/domains/windsorweb/adminer-5.4.0-mysql.php' not found or unable to stat
[Thu Jan 29 07:35:40.212285 2026] [php:error] [pid 12100] [client 185.89.43.204:0] script '/domains/system_suspended/wp-login.php' not found or unable to stat
[Thu Jan 29 07:35:45.008179 2026] [php:error] [pid 12099] [client 35.247.243.245:0] script '/domains/windsorweb/adminer-5.1.1.php' not found or unable to stat
[Thu Jan 29 07:35:52.496391 2026] [php:error] [pid 12096] [client 34.96.162.57:0] script '/domains/windsorweb/adminer-5.3.0.php' not found or unable to stat
[Thu Jan 29 07:36:13.466170 2026] [php:error] [pid 12123] [client 34.96.162.62:0] script '/domains/windsorweb/_adminer.php' not found or unable to stat
[Thu Jan 29 07:36:35.689579 2026] [php:error] [pid 12113] [client 20.205.97.28:0] script '/domains/system_default/wp-trackback.php' not found or unable to stat
[Thu Jan 29 07:36:35.903180 2026] [php:error] [pid 12113] [client 20.205.97.28:0] script '/domains/system_default/about.php' not found or unable to stat
[Thu Jan 29 07:36:36.121917 2026] [php:error] [pid 12113] [client 20.205.97.28:0] script '/domains/system_default/term.php' not found or unable to stat
[Thu Jan 29 07:36:36.334161 2026] [php:error] [pid 12113] [client 20.205.97.28:0] script '/domains/system_default/wp-good.php' not found or unable to stat
[Thu Jan 29 07:36:36.363486 2026] [php:error] [pid 12099] [client 34.96.162.56:0] script '/domains/windsorweb/adminer-5.0.0-mysql.php' not found or unable to stat
[Thu Jan 29 07:36:36.545791 2026] [php:error] [pid 12113] [client 20.205.97.28:0] script '/domains/system_default/xmlrpc.php' not found or unable to stat
[Thu Jan 29 07:36:36.759351 2026] [php:error] [pid 12113] [client 20.205.97.28:0] script '/domains/system_default/goods.php' not found or unable to stat
[Thu Jan 29 07:36:36.975821 2026] [php:error] [pid 12113] [client 20.205.97.28:0] script '/domains/system_default/ioxi-o.php' not found or unable to stat
[Thu Jan 29 07:36:37.200914 2026] [php:error] [pid 12113] [client 20.205.97.28:0] script '/domains/system_default/class-t.api.php' not found or unable to stat
[Thu Jan 29 07:36:37.423405 2026] [php:error] [pid 12113] [client 20.205.97.28:0] script '/domains/system_default/admin.php' not found or unable to stat
[Thu Jan 29 07:36:37.427128 2026] [php:error] [pid 12130] [client 145.239.10.137:0] script '/domains/tbarnhil/safari.php' not found or unable to stat, referer: http://valuecalc.com/safari.php
[Thu Jan 29 07:36:37.846384 2026] [php:error] [pid 12123] [client 34.96.162.50:0] script '/domains/windsorweb/adminer-5.1.1-mysql.php' not found or unable to stat
[Thu Jan 29 07:36:38.924035 2026] [php:error] [pid 12113] [client 20.205.97.28:0] script '/domains/system_default/adminfuns.php' not found or unable to stat
[Thu Jan 29 07:36:42.567971 2026] [php:error] [pid 12131] [client 35.247.243.249:0] script '/domains/windsorweb/adminer-5.0.1.php' not found or unable to stat
[Thu Jan 29 07:36:44.148189 2026] [php:error] [pid 12132] [client 34.96.162.62:0] script '/domains/windsorweb/adminer-4.5.0.php' not found or unable to stat
[Thu Jan 29 07:36:46.247051 2026] [php:error] [pid 12133] [client 34.96.162.55:0] script '/domains/windsorweb/DB.php' not found or unable to stat
[Thu Jan 29 07:36:49.792729 2026] [php:error] [pid 12096] [client 66.249.66.193:0] script '/domains/hdickens.enteract/kmnj.php' not found or unable to stat
[Thu Jan 29 07:36:51.384507 2026] [php:error] [pid 12123] [client 34.96.162.57:0] script '/domains/windsorweb/adminer-5.2.1-mysql-en.php' not found or unable to stat
[Thu Jan 29 07:36:51.384563 2026] [php:error] [pid 12130] [client 35.247.243.255:0] script '/domains/windsorweb/adminer-5.2.1.php' not found or unable to stat
[Thu Jan 29 07:37:00.308064 2026] [php:error] [pid 12113] [client 35.247.243.247:0] script '/domains/windsorweb/adminer-5.1.1-mysql.php' not found or unable to stat
[Thu Jan 29 07:37:05.012126 2026] [php:error] [pid 12131] [client 35.247.243.255:0] script '/domains/windsorweb/adminer-5.1.1-mysql.php' not found or unable to stat
[Thu Jan 29 07:37:06.563204 2026] [php:error] [pid 12125] [client 34.96.162.56:0] script '/domains/windsorweb/adminer-5.1.0-mysql-en.php' not found or unable to stat
[Thu Jan 29 07:37:19.582172 2026] [php:error] [pid 12096] [client 35.247.243.245:0] script '/domains/windsorweb/adminer-5.0.3.php' not found or unable to stat
[Thu Jan 29 07:37:22.335737 2026] [php:error] [pid 12096] [client 34.96.162.50:0] script '/domains/windsorweb/adminer-5.0.6-en.php' not found or unable to stat
[Thu Jan 29 07:37:31.727238 2026] [php:error] [pid 12131] [client 35.247.243.249:0] script '/domains/windsorweb/adminer-5.4.1.php' not found or unable to stat
[Thu Jan 29 07:37:36.975876 2026] [php:error] [pid 12134] [client 20.213.25.204:0] script '/domains/mjbradley/wp-trackback.php' not found or unable to stat
[Thu Jan 29 07:37:37.186520 2026] [php:error] [pid 12134] [client 20.213.25.204:0] script '/domains/mjbradley/about.php' not found or unable to stat
[Thu Jan 29 07:37:37.386483 2026] [php:error] [pid 12134] [client 20.213.25.204:0] script '/domains/mjbradley/term.php' not found or unable to stat
[Thu Jan 29 07:37:37.597917 2026] [php:error] [pid 12134] [client 20.213.25.204:0] script '/domains/mjbradley/wp-good.php' not found or unable to stat
[Thu Jan 29 07:37:37.797809 2026] [php:error] [pid 12134] [client 20.213.25.204:0] script '/domains/mjbradley/xmlrpc.php' not found or unable to stat
[Thu Jan 29 07:37:38.009555 2026] [php:error] [pid 12134] [client 20.213.25.204:0] script '/domains/mjbradley/goods.php' not found or unable to stat
[Thu Jan 29 07:37:38.209597 2026] [php:error] [pid 12134] [client 20.213.25.204:0] script '/domains/mjbradley/ioxi-o.php' not found or unable to stat
[Thu Jan 29 07:37:38.417450 2026] [php:error] [pid 12134] [client 20.213.25.204:0] script '/domains/mjbradley/class-t.api.php' not found or unable to stat
[Thu Jan 29 07:37:38.617268 2026] [php:error] [pid 12134] [client 20.213.25.204:0] script '/domains/mjbradley/admin.php' not found or unable to stat
[Thu Jan 29 07:37:40.038531 2026] [php:error] [pid 12134] [client 20.213.25.204:0] script '/domains/mjbradley/adminfuns.php' not found or unable to stat
[Thu Jan 29 07:37:48.699392 2026] [php:error] [pid 12139] [client 34.96.162.63:0] script '/domains/windsorweb/adminer-5.1.0-mysql-en.php' not found or unable to stat
[Thu Jan 29 07:37:52.287959 2026] [php:error] [pid 12096] [client 34.96.162.53:0] script '/domains/windsorweb/adminer-5.4.1-en.php' not found or unable to stat
[Thu Jan 29 07:37:53.731902 2026] [php:error] [pid 12136] [client 34.96.162.63:0] script '/domains/windsorweb/adminer-5.0.4.php' not found or unable to stat
[Thu Jan 29 07:37:56.768303 2026] [php:error] [pid 12140] [client 35.247.243.252:0] script '/domains/windsorweb/adminer-5.0.3-en.php' not found or unable to stat
[Thu Jan 29 07:38:03.210492 2026] [php:error] [pid 12125] [client 35.247.243.249:0] script '/domains/windsorweb/adminer-5.0.6-mysql-en.php' not found or unable to stat
[Thu Jan 29 07:38:09.705634 2026] [php:error] [pid 12131] [client 34.96.162.50:0] script '/domains/windsorweb/adminer-5.0.0-mysql-en.php' not found or unable to stat
[Thu Jan 29 07:38:12.877029 2026] [php:error] [pid 12136] [client 34.96.162.55:0] script '/domains/windsorweb/adminer-5.1.1-mysql.php' not found or unable to stat
[Thu Jan 29 07:38:13.721754 2026] [php:error] [pid 12138] [client 35.247.243.246:0] script '/domains/windsorweb/adminer-5.4.0-mysql-en.php' not found or unable to stat
[Thu Jan 29 07:38:19.883971 2026] [php:error] [pid 12136] [client 34.96.162.56:0] script '/domains/windsorweb/adminer-5.0.1.php' not found or unable to stat
[Thu Jan 29 07:38:21.846243 2026] [php:error] [pid 12138] [client 34.96.162.58:0] script '/domains/windsorweb/mydb.php' not found or unable to stat
[Thu Jan 29 07:38:24.607683 2026] [php:error] [pid 12136] [client 34.96.162.52:0] script '/domains/windsorweb/adminer-4.8.1-en.php' not found or unable to stat
[Thu Jan 29 07:38:25.221564 2026] [php:error] [pid 12136] [client 34.96.162.55:0] script '/domains/windsorweb/adminer-4.7.1.php' not found or unable to stat
[Thu Jan 29 07:38:38.407603 2026] [php:error] [pid 12143] [client 20.212.62.230:0] script '/domains/telacomp/class.php' not found or unable to stat
[Thu Jan 29 07:38:38.631405 2026] [php:error] [pid 12143] [client 20.212.62.230:0] script '/domains/telacomp/bless5.php' not found or unable to stat
[Thu Jan 29 07:38:39.702793 2026] [php:error] [pid 12143] [client 20.212.62.230:0] script '/domains/telacomp/lock360.php' not found or unable to stat
[Thu Jan 29 07:38:39.921992 2026] [php:error] [pid 12143] [client 20.212.62.230:0] script '/domains/telacomp/ioxi-o1.php' not found or unable to stat
[Thu Jan 29 07:38:40.146661 2026] [php:error] [pid 12143] [client 20.212.62.230:0] script '/domains/telacomp/juuuu.php' not found or unable to stat
[Thu Jan 29 07:38:40.369602 2026] [php:error] [pid 12143] [client 20.212.62.230:0] script '/domains/telacomp/ha.php' not found or unable to stat
[Thu Jan 29 07:38:40.589159 2026] [php:error] [pid 12143] [client 20.212.62.230:0] script '/domains/telacomp/gg.php' not found or unable to stat
[Thu Jan 29 07:38:40.812347 2026] [php:error] [pid 12143] [client 20.212.62.230:0] script '/domains/telacomp/we2.php' not found or unable to stat
[Thu Jan 29 07:38:41.054773 2026] [php:error] [pid 12143] [client 20.212.62.230:0] script '/domains/telacomp/04.php' not found or unable to stat
[Thu Jan 29 07:38:41.274480 2026] [php:error] [pid 12143] [client 20.212.62.230:0] script '/domains/telacomp/333.php' not found or unable to stat
[Thu Jan 29 07:38:41.507113 2026] [php:error] [pid 12143] [client 20.212.62.230:0] script '/domains/telacomp/520.php' not found or unable to stat
[Thu Jan 29 07:38:41.727396 2026] [php:error] [pid 12143] [client 20.212.62.230:0] script '/domains/telacomp/ar.php' not found or unable to stat
[Thu Jan 29 07:38:41.947036 2026] [php:error] [pid 12143] [client 20.212.62.230:0] script '/domains/telacomp/x.php' not found or unable to stat
[Thu Jan 29 07:38:42.175155 2026] [php:error] [pid 12143] [client 20.212.62.230:0] script '/domains/telacomp/xx.php' not found or unable to stat
[Thu Jan 29 07:38:42.393981 2026] [php:error] [pid 12143] [client 20.212.62.230:0] script '/domains/telacomp/gifclass4.php' not found or unable to stat
[Thu Jan 29 07:38:42.612845 2026] [php:error] [pid 12143] [client 20.212.62.230:0] script '/domains/telacomp/2clas.php' not found or unable to stat
[Thu Jan 29 07:38:42.855458 2026] [php:error] [pid 12143] [client 20.212.62.230:0] script '/domains/telacomp/ave.php' not found or unable to stat
[Thu Jan 29 07:38:43.392244 2026] [php:error] [pid 12145] [client 52.230.35.34:0] script '/domains/icrse/wp-trackback.php' not found or unable to stat
[Thu Jan 29 07:38:43.538933 2026] [php:error] [pid 12143] [client 20.212.62.230:0] script '/domains/telacomp/wrt.php' not found or unable to stat
[Thu Jan 29 07:38:43.625026 2026] [php:error] [pid 12145] [client 52.230.35.34:0] script '/domains/icrse/about.php' not found or unable to stat
[Thu Jan 29 07:38:43.785057 2026] [php:error] [pid 12143] [client 20.212.62.230:0] script '/domains/telacomp/bibil.php' not found or unable to stat
[Thu Jan 29 07:38:43.845498 2026] [php:error] [pid 12145] [client 52.230.35.34:0] script '/domains/icrse/term.php' not found or unable to stat
[Thu Jan 29 07:38:44.005879 2026] [php:error] [pid 12143] [client 20.212.62.230:0] script '/domains/telacomp/radio.php' not found or unable to stat
[Thu Jan 29 07:38:44.068477 2026] [php:error] [pid 12145] [client 52.230.35.34:0] script '/domains/icrse/wp-good.php' not found or unable to stat
[Thu Jan 29 07:38:44.229971 2026] [php:error] [pid 12143] [client 20.212.62.230:0] script '/domains/telacomp/files.php' not found or unable to stat
[Thu Jan 29 07:38:44.288983 2026] [php:error] [pid 12145] [client 52.230.35.34:0] script '/domains/icrse/xmlrpc.php' not found or unable to stat
[Thu Jan 29 07:38:44.449993 2026] [php:error] [pid 12143] [client 20.212.62.230:0] script '/domains/telacomp/file7.php' not found or unable to stat
[Thu Jan 29 07:38:44.509214 2026] [php:error] [pid 12145] [client 52.230.35.34:0] script '/domains/icrse/goods.php' not found or unable to stat
[Thu Jan 29 07:38:44.668693 2026] [php:error] [pid 12143] [client 20.212.62.230:0] script '/domains/telacomp/gifclass.php' not found or unable to stat
[Thu Jan 29 07:38:44.737175 2026] [php:error] [pid 12145] [client 52.230.35.34:0] script '/domains/icrse/ioxi-o.php' not found or unable to stat
[Thu Jan 29 07:38:44.958032 2026] [php:error] [pid 12145] [client 52.230.35.34:0] script '/domains/icrse/class-t.api.php' not found or unable to stat
[Thu Jan 29 07:38:45.111097 2026] [php:error] [pid 12143] [client 20.212.62.230:0] script '/domains/telacomp/nox.php' not found or unable to stat
[Thu Jan 29 07:38:45.180952 2026] [php:error] [pid 12145] [client 52.230.35.34:0] script '/domains/icrse/admin.php' not found or unable to stat
[Thu Jan 29 07:38:45.342307 2026] [php:error] [pid 12143] [client 20.212.62.230:0] script '/domains/telacomp/file48.php' not found or unable to stat
[Thu Jan 29 07:38:45.589309 2026] [php:error] [pid 12143] [client 20.212.62.230:0] script '/domains/telacomp/info.php' not found or unable to stat
[Thu Jan 29 07:38:45.812046 2026] [php:error] [pid 12143] [client 20.212.62.230:0] script '/domains/telacomp/class9.php' not found or unable to stat
[Thu Jan 29 07:38:46.034083 2026] [php:error] [pid 12143] [client 20.212.62.230:0] script '/domains/telacomp/la.php' not found or unable to stat
[Thu Jan 29 07:38:46.253722 2026] [php:error] [pid 12143] [client 20.212.62.230:0] script '/domains/telacomp/bless11.php' not found or unable to stat
[Thu Jan 29 07:38:46.480385 2026] [php:error] [pid 12143] [client 20.212.62.230:0] script '/domains/telacomp/ccou.php' not found or unable to stat
[Thu Jan 29 07:38:46.727299 2026] [php:error] [pid 12145] [client 52.230.35.34:0] script '/domains/icrse/adminfuns.php' not found or unable to stat
[Thu Jan 29 07:38:47.276035 2026] [php:error] [pid 12143] [client 20.212.62.230:0] script '/domains/telacomp/ton.php' not found or unable to stat
[Thu Jan 29 07:38:47.494911 2026] [php:error] [pid 12143] [client 20.212.62.230:0] script '/domains/telacomp/403.php' not found or unable to stat
[Thu Jan 29 07:38:47.714384 2026] [php:error] [pid 12143] [client 20.212.62.230:0] script '/domains/telacomp/file9.php' not found or unable to stat
[Thu Jan 29 07:38:47.938355 2026] [php:error] [pid 12143] [client 20.212.62.230:0] script '/domains/telacomp/ac.php' not found or unable to stat
[Thu Jan 29 07:38:48.161252 2026] [php:error] [pid 12143] [client 20.212.62.230:0] script '/domains/telacomp/new4.php' not found or unable to stat
[Thu Jan 29 07:38:48.404662 2026] [php:error] [pid 12143] [client 20.212.62.230:0] script '/domains/telacomp/pop.php' not found or unable to stat
[Thu Jan 29 07:38:48.743476 2026] [php:error] [pid 12143] [client 20.212.62.230:0] script '/domains/telacomp/az.php' not found or unable to stat
[Thu Jan 29 07:38:48.964285 2026] [php:error] [pid 12143] [client 20.212.62.230:0] script '/domains/telacomp/xaz.php' not found or unable to stat
[Thu Jan 29 07:38:49.204333 2026] [php:error] [pid 12143] [client 20.212.62.230:0] script '/domains/telacomp/up4.php' not found or unable to stat
[Thu Jan 29 07:38:49.426440 2026] [php:error] [pid 12143] [client 20.212.62.230:0] script '/domains/telacomp/1aa.php' not found or unable to stat
[Thu Jan 29 07:38:49.646771 2026] [php:error] [pid 12143] [client 20.212.62.230:0] script '/domains/telacomp/elp.php' not found or unable to stat
[Thu Jan 29 07:38:49.866122 2026] [php:error] [pid 12143] [client 20.212.62.230:0] script '/domains/telacomp/wtz.php' not found or unable to stat
[Thu Jan 29 07:38:50.084834 2026] [php:error] [pid 12143] [client 20.212.62.230:0] script '/domains/telacomp/galex.php' not found or unable to stat
[Thu Jan 29 07:38:50.311319 2026] [php:error] [pid 12143] [client 20.212.62.230:0] script '/domains/telacomp/xb.php' not found or unable to stat
[Thu Jan 29 07:38:50.530150 2026] [php:error] [pid 12143] [client 20.212.62.230:0] script '/domains/telacomp/ova.php' not found or unable to stat
[Thu Jan 29 07:38:50.749203 2026] [php:error] [pid 12143] [client 20.212.62.230:0] script '/domains/telacomp/vx.php' not found or unable to stat
[Thu Jan 29 07:38:50.968795 2026] [php:error] [pid 12143] [client 20.212.62.230:0] script '/domains/telacomp/rh.php' not found or unable to stat
[Thu Jan 29 07:39:02.816046 2026] [php:error] [pid 12142] [client 35.247.243.255:0] script '/domains/windsorweb/adminer-5.4.0-mysql-en.php' not found or unable to stat
[Thu Jan 29 07:39:02.978859 2026] [php:error] [pid 12146] [client 34.96.162.60:0] script '/domains/windsorweb/adminer-5.0.6-en.php' not found or unable to stat
[Thu Jan 29 07:39:09.445065 2026] [php:error] [pid 12138] [client 35.247.243.249:0] script '/domains/windsorweb/unzipper.php' not found or unable to stat
[Thu Jan 29 07:39:17.021757 2026] [php:error] [pid 12143] [client 35.247.243.246:0] script '/domains/windsorweb/adminer-5.1.1-mysql.php' not found or unable to stat
[Thu Jan 29 07:39:17.782901 2026] [php:error] [pid 12125] [client 35.247.243.255:0] script '/domains/windsorweb/adminer-5.0.3-mysql.php' not found or unable to stat
[Thu Jan 29 07:39:20.700355 2026] [php:error] [pid 12149] [client 35.247.243.246:0] script '/domains/windsorweb/adminer-4.8.1-mysql.php' not found or unable to stat
[Thu Jan 29 07:39:49.329787 2026] [php:error] [pid 12144] [client 34.96.162.59:0] script '/domains/windsorweb/adminer-5.2.1.php' not found or unable to stat
[Thu Jan 29 07:40:03.573965 2026] [php:error] [pid 12151] [client 35.247.243.254:0] script '/domains/windsorweb/DB.php' not found or unable to stat
[Thu Jan 29 07:40:04.490308 2026] [php:error] [pid 12143] [client 35.247.243.253:0] script '/domains/windsorweb/adminer-5.0.3-en.php' not found or unable to stat
[Thu Jan 29 07:40:13.176478 2026] [php:error] [pid 12136] [client 35.247.243.252:0] script '/domains/windsorweb/adminer-5.2.0-mysql-en.php' not found or unable to stat
[Thu Jan 29 07:40:26.175190 2026] [php:error] [pid 12145] [client 20.78.169.245:0] script '/domains/sjsachs/wp-trackback.php' not found or unable to stat
[Thu Jan 29 07:40:26.350046 2026] [php:error] [pid 12145] [client 20.78.169.245:0] script '/domains/sjsachs/about.php' not found or unable to stat
[Thu Jan 29 07:40:26.537774 2026] [php:error] [pid 12145] [client 20.78.169.245:0] script '/domains/sjsachs/term.php' not found or unable to stat
[Thu Jan 29 07:40:26.711053 2026] [php:error] [pid 12145] [client 20.78.169.245:0] script '/domains/sjsachs/wp-good.php' not found or unable to stat
[Thu Jan 29 07:40:26.884337 2026] [php:error] [pid 12145] [client 20.78.169.245:0] script '/domains/sjsachs/xmlrpc.php' not found or unable to stat
[Thu Jan 29 07:40:27.057370 2026] [php:error] [pid 12145] [client 20.78.169.245:0] script '/domains/sjsachs/goods.php' not found or unable to stat
[Thu Jan 29 07:40:27.230951 2026] [php:error] [pid 12145] [client 20.78.169.245:0] script '/domains/sjsachs/ioxi-o.php' not found or unable to stat
[Thu Jan 29 07:40:27.404162 2026] [php:error] [pid 12145] [client 20.78.169.245:0] script '/domains/sjsachs/class-t.api.php' not found or unable to stat
[Thu Jan 29 07:40:27.578996 2026] [php:error] [pid 12145] [client 20.78.169.245:0] script '/domains/sjsachs/admin.php' not found or unable to stat
[Thu Jan 29 07:40:28.799691 2026] [php:error] [pid 12145] [client 20.78.169.245:0] script '/domains/sjsachs/adminfuns.php' not found or unable to stat
[Thu Jan 29 07:40:36.349546 2026] [php:error] [pid 12172] [client 35.247.243.244:0] script '/domains/windsorweb/adminer-4.7.1.php' not found or unable to stat
[Thu Jan 29 07:40:50.679513 2026] [php:error] [pid 12167] [client 34.96.162.49:0] script '/domains/windsorweb/adminer-4.3.0.php' not found or unable to stat
[Thu Jan 29 07:41:10.268094 2026] [php:error] [pid 12144] [client 35.247.243.243:0] script '/domains/windsorweb/adminer-5.0.6-en.php' not found or unable to stat
[Thu Jan 29 07:41:22.984853 2026] [php:error] [pid 12176] [client 35.247.243.248:0] script '/domains/windsorweb/adminer-4.7.5.php' not found or unable to stat
[Thu Jan 29 07:41:24.721102 2026] [php:error] [pid 12182] [client 35.247.243.240:0] script '/domains/windsorweb/adminer-4.8.1-mysql-en.php' not found or unable to stat
[Thu Jan 29 07:41:41.762223 2026] [php:error] [pid 12145] [client 35.247.243.249:0] script '/domains/windsorweb/adminer-4.6.1.php' not found or unable to stat
[Thu Jan 29 07:41:52.782543 2026] [php:error] [pid 12183] [client 35.247.243.252:0] script '/domains/windsorweb/adminer-4.7.5.php' not found or unable to stat
[Thu Jan 29 07:42:03.660817 2026] [php:error] [pid 12184] [client 181.214.173.145:0] script '/domains/afglcweb/wp-login.php' not found or unable to stat
[Thu Jan 29 07:42:08.184503 2026] [php:error] [pid 12183] [client 34.96.162.60:0] script '/domains/windsorweb/adminer-5.4.1.php' not found or unable to stat
[Thu Jan 29 07:42:10.263094 2026] [php:error] [pid 12184] [client 34.96.162.52:0] script '/domains/windsorweb/adminer-5.2.0.php' not found or unable to stat
[Thu Jan 29 07:42:22.565213 2026] [php:error] [pid 12185] [client 141.98.10.136:0] script '/domains/awciii/wp-login.php' not found or unable to stat, referer: https://t.co/
[Thu Jan 29 07:42:25.950609 2026] [php:error] [pid 12181] [client 34.96.162.63:0] script '/domains/windsorweb/adminer-5.2.1.php' not found or unable to stat
[Thu Jan 29 07:42:31.807046 2026] [php:error] [pid 12185] [client 35.247.243.251:0] script '/domains/windsorweb/adminer-4.8.1-en.php' not found or unable to stat
[Thu Jan 29 07:42:34.238411 2026] [php:error] [pid 12145] [client 141.98.10.136:0] script '/domains/awciii/wp-login.php' not found or unable to stat, referer: https://wordpress.org/
[Thu Jan 29 07:42:34.370085 2026] [php:error] [pid 12185] [client 35.247.243.244:0] script '/domains/windsorweb/adminer-5.0.2-en.php' not found or unable to stat
[Thu Jan 29 07:42:48.521365 2026] [php:error] [pid 12186] [client 34.96.162.50:0] script '/domains/windsorweb/adminer-5.4.1-mysql.php' not found or unable to stat
[Thu Jan 29 07:42:53.040185 2026] [php:error] [pid 12181] [client 52.230.35.34:0] script '/domains/schellin/wp-trackback.php' not found or unable to stat
[Thu Jan 29 07:42:53.263863 2026] [php:error] [pid 12181] [client 52.230.35.34:0] script '/domains/schellin/about.php' not found or unable to stat
[Thu Jan 29 07:42:53.487126 2026] [php:error] [pid 12181] [client 52.230.35.34:0] script '/domains/schellin/term.php' not found or unable to stat
[Thu Jan 29 07:42:53.714597 2026] [php:error] [pid 12181] [client 52.230.35.34:0] script '/domains/schellin/wp-good.php' not found or unable to stat
[Thu Jan 29 07:42:53.940716 2026] [php:error] [pid 12181] [client 52.230.35.34:0] script '/domains/schellin/xmlrpc.php' not found or unable to stat
[Thu Jan 29 07:42:54.163794 2026] [php:error] [pid 12181] [client 52.230.35.34:0] script '/domains/schellin/goods.php' not found or unable to stat
[Thu Jan 29 07:42:54.387596 2026] [php:error] [pid 12181] [client 52.230.35.34:0] script '/domains/schellin/ioxi-o.php' not found or unable to stat
[Thu Jan 29 07:42:54.607746 2026] [php:error] [pid 12181] [client 52.230.35.34:0] script '/domains/schellin/class-t.api.php' not found or unable to stat
[Thu Jan 29 07:42:54.829334 2026] [php:error] [pid 12181] [client 52.230.35.34:0] script '/domains/schellin/admin.php' not found or unable to stat
[Thu Jan 29 07:42:56.378268 2026] [php:error] [pid 12181] [client 52.230.35.34:0] script '/domains/schellin/adminfuns.php' not found or unable to stat
[Thu Jan 29 07:43:47.128543 2026] [php:error] [pid 12194] [client 35.247.243.252:0] script '/domains/windsorweb/adminer-5.0.1-mysql.php' not found or unable to stat
[Thu Jan 29 07:43:54.404316 2026] [php:error] [pid 12199] [client 35.247.243.245:0] script '/domains/windsorweb/adminer-4.7.0.php' not found or unable to stat
[Thu Jan 29 07:44:02.142959 2026] [php:error] [pid 12196] [client 20.213.25.137:0] script '/domains/frog.interport1/ver.php' not found or unable to stat
[Thu Jan 29 07:44:02.342522 2026] [php:error] [pid 12196] [client 20.213.25.137:0] script '/domains/frog.interport1/ultra.php' not found or unable to stat
[Thu Jan 29 07:44:02.544110 2026] [php:error] [pid 12196] [client 20.213.25.137:0] script '/domains/frog.interport1/pro.php' not found or unable to stat
[Thu Jan 29 07:44:02.744118 2026] [php:error] [pid 12196] [client 20.213.25.137:0] script '/domains/frog.interport1/wp-good.php' not found or unable to stat
[Thu Jan 29 07:44:02.943998 2026] [php:error] [pid 12196] [client 20.213.25.137:0] script '/domains/frog.interport1/e.php' not found or unable to stat
[Thu Jan 29 07:44:03.146304 2026] [php:error] [pid 12196] [client 20.213.25.137:0] script '/domains/frog.interport1/data.php' not found or unable to stat
[Thu Jan 29 07:44:03.351999 2026] [php:error] [pid 12196] [client 20.213.25.137:0] script '/domains/frog.interport1/abcd.php' not found or unable to stat
[Thu Jan 29 07:44:03.551500 2026] [php:error] [pid 12196] [client 20.213.25.137:0] script '/domains/frog.interport1/z.php' not found or unable to stat
[Thu Jan 29 07:44:03.751255 2026] [php:error] [pid 12196] [client 20.213.25.137:0] script '/domains/frog.interport1/css.php' not found or unable to stat
[Thu Jan 29 07:44:03.952665 2026] [php:error] [pid 12196] [client 20.213.25.137:0] script '/domains/frog.interport1/image.php' not found or unable to stat
[Thu Jan 29 07:44:04.156849 2026] [php:error] [pid 12196] [client 20.213.25.137:0] script '/domains/frog.interport1/file22.php' not found or unable to stat
[Thu Jan 29 07:44:04.399926 2026] [php:error] [pid 12196] [client 20.213.25.137:0] script '/domains/frog.interport1/check.php' not found or unable to stat
[Thu Jan 29 07:44:04.599599 2026] [php:error] [pid 12196] [client 20.213.25.137:0] script '/domains/frog.interport1/wp-header-json.php' not found or unable to stat
[Thu Jan 29 07:44:04.809653 2026] [php:error] [pid 12196] [client 20.213.25.137:0] script '/domains/frog.interport1/fm.php' not found or unable to stat
[Thu Jan 29 07:44:05.012515 2026] [php:error] [pid 12196] [client 20.213.25.137:0] script '/domains/frog.interport1/1.php' not found or unable to stat
[Thu Jan 29 07:44:05.254075 2026] [php:error] [pid 12196] [client 20.213.25.137:0] script '/domains/frog.interport1/ws.php' not found or unable to stat
[Thu Jan 29 07:44:05.460924 2026] [php:error] [pid 12196] [client 20.213.25.137:0] script '/domains/frog.interport1/xxxx.php' not found or unable to stat
[Thu Jan 29 07:44:05.667335 2026] [php:error] [pid 12196] [client 20.213.25.137:0] script '/domains/frog.interport1/wp-configs.php' not found or unable to stat
[Thu Jan 29 07:44:05.872366 2026] [php:error] [pid 12196] [client 20.213.25.137:0] script '/domains/frog.interport1/xmlrpc.php' not found or unable to stat
[Thu Jan 29 07:44:06.123204 2026] [php:error] [pid 12196] [client 20.213.25.137:0] script '/domains/frog.interport1/file56.php' not found or unable to stat
[Thu Jan 29 07:44:06.327217 2026] [php:error] [pid 12196] [client 20.213.25.137:0] script '/domains/frog.interport1/990.php' not found or unable to stat
[Thu Jan 29 07:44:06.528667 2026] [php:error] [pid 12196] [client 20.213.25.137:0] script '/domains/frog.interport1/error.php' not found or unable to stat
[Thu Jan 29 07:44:06.742317 2026] [php:error] [pid 12196] [client 20.213.25.137:0] script '/domains/frog.interport1/p.php' not found or unable to stat
[Thu Jan 29 07:44:06.958467 2026] [php:error] [pid 12196] [client 20.213.25.137:0] script '/domains/frog.interport1/s1.php' not found or unable to stat
[Thu Jan 29 07:44:07.157991 2026] [php:error] [pid 12196] [client 20.213.25.137:0] script '/domains/frog.interport1/k.php' not found or unable to stat
[Thu Jan 29 07:44:07.361764 2026] [php:error] [pid 12196] [client 20.213.25.137:0] script '/domains/frog.interport1/as.php' not found or unable to stat
[Thu Jan 29 07:44:07.563211 2026] [php:error] [pid 12196] [client 20.213.25.137:0] script '/domains/frog.interport1/xa.php' not found or unable to stat
[Thu Jan 29 07:44:07.763148 2026] [php:error] [pid 12196] [client 20.213.25.137:0] script '/domains/frog.interport1/bypass.php' not found or unable to stat
[Thu Jan 29 07:44:07.964191 2026] [php:error] [pid 12196] [client 20.213.25.137:0] script '/domains/frog.interport1/about.php' not found or unable to stat
[Thu Jan 29 07:44:08.185915 2026] [php:error] [pid 12196] [client 20.213.25.137:0] script '/domains/frog.interport1/re.php' not found or unable to stat
[Thu Jan 29 07:44:08.385754 2026] [php:error] [pid 12196] [client 20.213.25.137:0] script '/domains/frog.interport1/m.php' not found or unable to stat
[Thu Jan 29 07:44:08.592754 2026] [php:error] [pid 12196] [client 20.213.25.137:0] script '/domains/frog.interport1/ad.php' not found or unable to stat
[Thu Jan 29 07:44:08.794004 2026] [php:error] [pid 12196] [client 20.213.25.137:0] script '/domains/frog.interport1/222.php' not found or unable to stat
[Thu Jan 29 07:44:08.997605 2026] [php:error] [pid 12196] [client 20.213.25.137:0] script '/domains/frog.interport1/buy.php' not found or unable to stat
[Thu Jan 29 07:44:09.202151 2026] [php:error] [pid 12196] [client 20.213.25.137:0] script '/domains/frog.interport1/file.php' not found or unable to stat
[Thu Jan 29 07:44:09.401666 2026] [php:error] [pid 12196] [client 20.213.25.137:0] script '/domains/frog.interport1/999.php' not found or unable to stat
[Thu Jan 29 07:44:09.602516 2026] [php:error] [pid 12196] [client 20.213.25.137:0] script '/domains/frog.interport1/chosen.php' not found or unable to stat
[Thu Jan 29 07:44:09.804551 2026] [php:error] [pid 12196] [client 20.213.25.137:0] script '/domains/frog.interport1/ahax.php' not found or unable to stat
[Thu Jan 29 07:44:10.011490 2026] [php:error] [pid 12196] [client 20.213.25.137:0] script '/domains/frog.interport1/f35.php' not found or unable to stat
[Thu Jan 29 07:44:10.212734 2026] [php:error] [pid 12196] [client 20.213.25.137:0] script '/domains/frog.interport1/themes.php' not found or unable to stat
[Thu Jan 29 07:44:10.414417 2026] [php:error] [pid 12196] [client 20.213.25.137:0] script '/domains/frog.interport1/footer.php' not found or unable to stat
[Thu Jan 29 07:44:10.618661 2026] [php:error] [pid 12196] [client 20.213.25.137:0] script '/domains/frog.interport1/ma.php' not found or unable to stat
[Thu Jan 29 07:44:10.826625 2026] [php:error] [pid 12196] [client 20.213.25.137:0] script '/domains/frog.interport1/amax.php' not found or unable to stat
[Thu Jan 29 07:44:11.034598 2026] [php:error] [pid 12196] [client 20.213.25.137:0] script '/domains/frog.interport1/admin.php' not found or unable to stat
[Thu Jan 29 07:44:11.244872 2026] [php:error] [pid 12196] [client 20.213.25.137:0] script '/domains/frog.interport1/bless.php' not found or unable to stat
[Thu Jan 29 07:44:11.656068 2026] [php:error] [pid 12196] [client 20.213.25.137:0] script '/domains/frog.interport1/admin.php' not found or unable to stat
[Thu Jan 29 07:44:11.864406 2026] [php:error] [pid 12196] [client 20.213.25.137:0] script '/domains/frog.interport1/bless.php' not found or unable to stat
[Thu Jan 29 07:44:28.601054 2026] [php:error] [pid 14806] [client 14.241.96.71:0] script '/domains/mjbradley/xmlrpc.php' not found or unable to stat
[Thu Jan 29 07:44:29.486084 2026] [php:error] [pid 12199] [client 141.98.10.136:0] script '/domains/fayemoran/wp-login.php' not found or unable to stat, referer: https://t.co/
[Thu Jan 29 07:44:42.073012 2026] [php:error] [pid 12189] [client 141.98.10.136:0] script '/domains/fayemoran/wp-login.php' not found or unable to stat, referer: https://wordpress.org/
[Thu Jan 29 07:45:13.605551 2026] [php:error] [pid 12199] [client 35.247.243.254:0] script '/domains/schellin/adminer-5.0.3-mysql.php' not found or unable to stat
[Thu Jan 29 07:45:24.395313 2026] [php:error] [pid 17866] [client 156.239.214.212:0] script '/domains/conceptlabs1/wp-login.php' not found or unable to stat
[Thu Jan 29 07:45:24.943348 2026] [php:error] [pid 17867] [client 156.242.51.7:0] script '/domains/conceptlabs1/wp-login.php' not found or unable to stat
[Thu Jan 29 07:45:25.359368 2026] [php:error] [pid 17867] [client 154.199.69.214:0] script '/domains/conceptlabs1/wp-login.php' not found or unable to stat
[Thu Jan 29 07:45:38.751512 2026] [php:error] [pid 17873] [client 34.123.239.96:0] script '/domains/oneylaw/xmlrpc.php' not found or unable to stat
[Thu Jan 29 07:45:54.993436 2026] [php:error] [pid 17881] [client 34.96.162.52:0] script '/domains/schellin/adminer-5.0.4-en.php' not found or unable to stat
[Thu Jan 29 07:46:00.173883 2026] [core:crit] [pid 17859] (13)Permission denied: [client 114.119.133.69:0] AH00529: /domains/performancepartsinc/graphics/psd/.htaccess pcfg_openfile: unable to check htaccess file, ensure it is readable and that '/domains/performancepartsinc/graphics/psd/' is executable
[Thu Jan 29 07:46:19.462404 2026] [php:error] [pid 17878] [client 141.98.10.136:0] script '/domains/mjbradley/wp-login.php' not found or unable to stat, referer: https://www.google.com/search?q=wordpress
[Thu Jan 29 07:46:29.665973 2026] [php:error] [pid 17880] [client 145.239.10.137:0] script '/domains/tbarnhil/b1.php' not found or unable to stat, referer: http://valuecalc.com/b1.php
[Thu Jan 29 07:46:31.341072 2026] [php:error] [pid 17884] [client 141.98.10.136:0] script '/domains/mjbradley/wp-login.php' not found or unable to stat
[Thu Jan 29 07:46:34.078742 2026] [php:error] [pid 17880] [client 34.91.226.114:0] script '/domains/hdickens.enteract/kmnj.php' not found or unable to stat
[Thu Jan 29 07:46:51.221687 2026] [php:error] [pid 17862] [client 20.194.29.45:0] script '/domains/smartny/wp-trackback.php' not found or unable to stat
[Thu Jan 29 07:46:51.404483 2026] [php:error] [pid 17862] [client 20.194.29.45:0] script '/domains/smartny/about.php' not found or unable to stat
[Thu Jan 29 07:46:51.593882 2026] [php:error] [pid 17862] [client 20.194.29.45:0] script '/domains/smartny/term.php' not found or unable to stat
[Thu Jan 29 07:46:51.774794 2026] [php:error] [pid 17862] [client 20.194.29.45:0] script '/domains/smartny/wp-good.php' not found or unable to stat
[Thu Jan 29 07:46:51.954755 2026] [php:error] [pid 17862] [client 20.194.29.45:0] script '/domains/smartny/xmlrpc.php' not found or unable to stat
[Thu Jan 29 07:46:52.135626 2026] [php:error] [pid 17862] [client 20.194.29.45:0] script '/domains/smartny/goods.php' not found or unable to stat
[Thu Jan 29 07:46:52.315681 2026] [php:error] [pid 17862] [client 20.194.29.45:0] script '/domains/smartny/ioxi-o.php' not found or unable to stat
[Thu Jan 29 07:46:52.503231 2026] [php:error] [pid 17862] [client 20.194.29.45:0] script '/domains/smartny/class-t.api.php' not found or unable to stat
[Thu Jan 29 07:46:52.684374 2026] [php:error] [pid 17862] [client 20.194.29.45:0] script '/domains/smartny/admin.php' not found or unable to stat
[Thu Jan 29 07:46:53.987646 2026] [php:error] [pid 17862] [client 20.194.29.45:0] script '/domains/smartny/adminfuns.php' not found or unable to stat
[Thu Jan 29 07:47:20.015998 2026] [php:error] [pid 17884] [client 35.247.243.250:0] script '/domains/schellin/adminer-5.4.0-mysql.php' not found or unable to stat
[Thu Jan 29 07:47:24.920922 2026] [php:error] [pid 17894] [client 34.96.162.49:0] script '/domains/schellin/adminer-5.0.3.php' not found or unable to stat
[Thu Jan 29 07:47:45.918351 2026] [php:error] [pid 17884] [client 35.247.243.251:0] script '/domains/schellin/adminer-4.7.5.php' not found or unable to stat
[Thu Jan 29 07:47:50.680129 2026] [php:error] [pid 17893] [client 145.239.10.137:0] script '/domains/vangoghagainweb/safari.php' not found or unable to stat, referer: http://vangoghagain.com/safari.php
[Thu Jan 29 07:48:37.879600 2026] [php:error] [pid 17866] [client 34.96.162.59:0] script '/domains/schellin/adminer-4.2.5.php' not found or unable to stat
[Thu Jan 29 07:48:45.911287 2026] [php:error] [pid 17927] [client 34.67.71.96:0] script '/domains/efusion1/xmlrpc.php' not found or unable to stat
[Thu Jan 29 07:49:03.665791 2026] [php:error] [pid 17909] [client 34.96.162.61:0] script '/domains/schellin/adminer-5.0.5-mysql.php' not found or unable to stat
[Thu Jan 29 07:49:10.030989 2026] [php:error] [pid 17893] [client 141.98.10.136:0] script '/domains/windsorweb/wp-login.php' not found or unable to stat
[Thu Jan 29 07:49:21.589038 2026] [php:error] [pid 17928] [client 141.98.10.136:0] script '/domains/windsorweb/wp-login.php' not found or unable to stat, referer: https://t.co/
[Thu Jan 29 07:49:28.269246 2026] [core:crit] [pid 17939] (13)Permission denied: [client 114.119.156.181:0] AH00529: /domains/dcarlone/test/web/.htaccess pcfg_openfile: unable to check htaccess file, ensure it is readable and that '/domains/dcarlone/test/web/' is executable, referer: http://www.carloneassociates.com/test/web/i.php/real-college-hookup-stories/
[Thu Jan 29 07:49:36.904025 2026] [php:error] [pid 17943] [client 34.96.162.56:0] script '/domains/schellin/adminer-4.4.0.php' not found or unable to stat
[Thu Jan 29 07:49:43.274487 2026] [php:error] [pid 17937] [client 145.239.10.137:0] script '/domains/tbarnhil/m44.php' not found or unable to stat, referer: http://valuecalc.com/m44.php
[Thu Jan 29 07:49:43.496440 2026] [php:error] [pid 17915] [client 145.239.10.137:0] script '/domains/tbarnhil/2.php' not found or unable to stat, referer: http://valuecalc.com/2.php
[Thu Jan 29 07:49:44.001538 2026] [php:error] [pid 17893] [client 141.98.10.136:0] script '/domains/brenties/wp-login.php' not found or unable to stat, referer: https://duckduckgo.com/
[Thu Jan 29 07:49:53.947362 2026] [php:error] [pid 17945] [client 141.98.10.136:0] script '/domains/brenties/wp-login.php' not found or unable to stat, referer: https://www.google.com/search?q=wordpress
[Thu Jan 29 07:49:58.090968 2026] [php:error] [pid 17950] [client 34.67.71.96:0] script '/domains/system_default/xmlrpc.php' not found or unable to stat
[Thu Jan 29 07:50:21.825698 2026] [php:error] [pid 17949] [client 34.96.162.59:0] script '/domains/schellin/adminer-5.4.1-en.php' not found or unable to stat
[Thu Jan 29 07:50:37.411201 2026] [php:error] [pid 17946] [client 45.132.186.230:0] script '/domains/system_default/xmlrpc.php' not found or unable to stat
[Thu Jan 29 07:50:38.030274 2026] [php:error] [pid 17945] [client 45.132.186.230:0] script '/domains/system_default/xmlrpc.php' not found or unable to stat
[Thu Jan 29 07:50:38.574872 2026] [php:error] [pid 17946] [client 45.132.186.230:0] script '/domains/system_default/xmlrpc.php' not found or unable to stat
[Thu Jan 29 07:50:39.024449 2026] [php:error] [pid 17945] [client 45.132.186.230:0] script '/domains/system_default/xmlrpc.php' not found or unable to stat
[Thu Jan 29 07:50:39.528067 2026] [php:error] [pid 17933] [client 45.132.186.230:0] script '/domains/system_default/xmlrpc.php' not found or unable to stat
[Thu Jan 29 07:50:39.917766 2026] [php:error] [pid 17941] [client 45.132.186.230:0] script '/domains/system_default/xmlrpc.php' not found or unable to stat
[Thu Jan 29 07:50:40.414507 2026] [php:error] [pid 17945] [client 130.49.114.189:0] script '/domains/system_default/wp-login.php' not found or unable to stat
[Thu Jan 29 07:50:40.847181 2026] [php:error] [pid 17946] [client 130.49.114.189:0] script '/domains/system_default/wp-login.php' not found or unable to stat
[Thu Jan 29 07:50:45.061193 2026] [php:error] [pid 17941] [client 120.29.78.1:0] script '/domains/bburke/xmlrpc.php' not found or unable to stat
[Thu Jan 29 07:50:49.714756 2026] [php:error] [pid 17949] [client 141.98.11.169:0] script '/domains/rnachum/wp-login.php' not found or unable to stat
[Thu Jan 29 07:50:50.556196 2026] [php:error] [pid 17956] [client 141.98.11.169:0] script '/domains/rnachum/wp-login.php' not found or unable to stat, referer: https://wordpress.org/
[Thu Jan 29 07:50:50.783515 2026] [php:error] [pid 17949] [client 45.132.187.145:0] script '/domains/system_default/xmlrpc.php' not found or unable to stat
[Thu Jan 29 07:50:51.156454 2026] [php:error] [pid 17956] [client 45.132.187.145:0] script '/domains/system_default/xmlrpc.php' not found or unable to stat
[Thu Jan 29 07:50:51.584234 2026] [php:error] [pid 17957] [client 45.132.187.145:0] script '/domains/system_default/xmlrpc.php' not found or unable to stat
[Thu Jan 29 07:50:51.968260 2026] [php:error] [pid 17958] [client 45.132.187.145:0] script '/domains/system_default/xmlrpc.php' not found or unable to stat
[Thu Jan 29 07:50:52.342759 2026] [php:error] [pid 17957] [client 45.132.187.145:0] script '/domains/system_default/xmlrpc.php' not found or unable to stat
[Thu Jan 29 07:50:52.719763 2026] [php:error] [pid 17958] [client 45.132.187.145:0] script '/domains/system_default/xmlrpc.php' not found or unable to stat
[Thu Jan 29 07:50:53.121592 2026] [php:error] [pid 17941] [client 5.181.171.22:0] script '/domains/system_default/wp-login.php' not found or unable to stat
[Thu Jan 29 07:50:53.503955 2026] [php:error] [pid 17957] [client 5.181.171.22:0] script '/domains/system_default/wp-login.php' not found or unable to stat
[Thu Jan 29 07:52:51.953661 2026] [php:error] [pid 17982] [client 141.98.10.136:0] script '/domains/sjsachs/wp-login.php' not found or unable to stat
[Thu Jan 29 07:52:54.386878 2026] [php:error] [pid 17981] [client 104.208.113.220:0] script '/domains/csiniaws/aa.php' not found or unable to stat
[Thu Jan 29 07:52:55.167110 2026] [php:error] [pid 17981] [client 104.208.113.220:0] script '/domains/csiniaws/abcd.php' not found or unable to stat
[Thu Jan 29 07:52:55.974981 2026] [php:error] [pid 17981] [client 104.208.113.220:0] script '/domains/csiniaws/admin.php' not found or unable to stat
[Thu Jan 29 07:52:56.736930 2026] [php:error] [pid 17981] [client 104.208.113.220:0] script '/domains/csiniaws/buy.php' not found or unable to stat
[Thu Jan 29 07:52:58.584537 2026] [php:error] [pid 17981] [client 104.208.113.220:0] script '/domains/csiniaws/edit.php' not found or unable to stat
[Thu Jan 29 07:52:59.319799 2026] [php:error] [pid 17981] [client 104.208.113.220:0] script '/domains/csiniaws/file.php' not found or unable to stat
[Thu Jan 29 07:52:59.341210 2026] [php:error] [pid 17958] [client 34.123.239.96:0] script '/domains/rnachum/xmlrpc.php' not found or unable to stat
[Thu Jan 29 07:53:00.124542 2026] [php:error] [pid 17981] [client 104.208.113.220:0] script '/domains/csiniaws/flower.php' not found or unable to stat
[Thu Jan 29 07:53:00.915373 2026] [php:error] [pid 17981] [client 104.208.113.220:0] script '/domains/csiniaws/images/index.php' not found or unable to stat
[Thu Jan 29 07:53:01.790642 2026] [php:error] [pid 17981] [client 104.208.113.220:0] script '/domains/csiniaws/info.php' not found or unable to stat
[Thu Jan 29 07:53:02.545298 2026] [php:error] [pid 17981] [client 104.208.113.220:0] script '/domains/csiniaws/ioxi-o.php' not found or unable to stat
[Thu Jan 29 07:53:03.269066 2026] [php:error] [pid 17981] [client 104.208.113.220:0] script '/domains/csiniaws/nc4.php' not found or unable to stat
[Thu Jan 29 07:53:03.979495 2026] [php:error] [pid 17981] [client 104.208.113.220:0] script '/domains/csiniaws/xleet.php' not found or unable to stat
[Thu Jan 29 07:53:06.860106 2026] [php:error] [pid 17981] [client 104.208.113.220:0] script '/domains/csiniaws/wp-good.php' not found or unable to stat
[Thu Jan 29 07:53:09.554890 2026] [php:error] [pid 17981] [client 104.208.113.220:0] script '/domains/csiniaws/xmrlpc.php' not found or unable to stat
[Thu Jan 29 07:53:10.275189 2026] [php:error] [pid 17981] [client 104.208.113.220:0] script '/domains/csiniaws/about.php' not found or unable to stat
[Thu Jan 29 07:53:10.980591 2026] [php:error] [pid 17981] [client 104.208.113.220:0] script '/domains/csiniaws/adminfuns.php' not found or unable to stat
[Thu Jan 29 07:53:11.660433 2026] [php:error] [pid 17981] [client 104.208.113.220:0] script '/domains/csiniaws/alfa.php' not found or unable to stat
[Thu Jan 29 07:53:12.348071 2026] [php:error] [pid 17981] [client 104.208.113.220:0] script '/domains/csiniaws/asasx.php' not found or unable to stat
[Thu Jan 29 07:53:13.530116 2026] [php:error] [pid 17973] [client 141.98.10.136:0] script '/domains/sjsachs/wp-login.php' not found or unable to stat, referer: https://www.facebook.com/
[Thu Jan 29 07:53:13.865409 2026] [php:error] [pid 17981] [client 104.208.113.220:0] script '/domains/csiniaws/autoload_classmap.php' not found or unable to stat
[Thu Jan 29 07:53:14.095957 2026] [php:error] [pid 17981] [client 104.208.113.220:0] script '/domains/csiniaws/classwithtostring.php' not found or unable to stat
[Thu Jan 29 07:53:15.847950 2026] [php:error] [pid 17981] [client 104.208.113.220:0] script '/domains/csiniaws/cong.php' not found or unable to stat
[Thu Jan 29 07:53:16.070346 2026] [php:error] [pid 17981] [client 104.208.113.220:0] script '/domains/csiniaws/file2.php' not found or unable to stat
[Thu Jan 29 07:53:16.857810 2026] [php:error] [pid 17980] [client 145.239.10.137:0] script '/domains/bburke/ola.php' not found or unable to stat, referer: http://town.needham.ma.us/ola.php
[Thu Jan 29 07:53:17.514262 2026] [php:error] [pid 17981] [client 104.208.113.220:0] script '/domains/csiniaws/moon.php' not found or unable to stat
[Thu Jan 29 07:53:21.926501 2026] [php:error] [pid 17981] [client 104.208.113.220:0] script '/domains/csiniaws/wp-cron.php' not found or unable to stat
[Thu Jan 29 07:53:35.027190 2026] [php:error] [pid 17996] [client 34.7.61.149:0] script '/domains/hdickens.enteract/kmnj.php' not found or unable to stat
[Thu Jan 29 07:53:35.212516 2026] [php:error] [pid 17999] [client 35.247.243.249:0] script '/domains/schellin/adminer-4.8.1-mysql.php' not found or unable to stat
[Thu Jan 29 07:53:49.140624 2026] [php:error] [pid 17995] [client 20.205.97.28:0] script '/domains/hungariantasteweb/wp-trackback.php' not found or unable to stat
[Thu Jan 29 07:53:49.359794 2026] [php:error] [pid 17995] [client 20.205.97.28:0] script '/domains/hungariantasteweb/about.php' not found or unable to stat
[Thu Jan 29 07:53:49.572103 2026] [php:error] [pid 17995] [client 20.205.97.28:0] script '/domains/hungariantasteweb/term.php' not found or unable to stat
[Thu Jan 29 07:53:49.782658 2026] [php:error] [pid 17995] [client 20.205.97.28:0] script '/domains/hungariantasteweb/wp-good.php' not found or unable to stat
[Thu Jan 29 07:53:49.995694 2026] [php:error] [pid 17995] [client 20.205.97.28:0] script '/domains/hungariantasteweb/xmlrpc.php' not found or unable to stat
