[Thu Jan 29 10:56:35.542366 2026] [php:error] [pid 54565] [client 20.89.251.180:0] script '/domains/gk3c/3r.php' not found or unable to stat
[Thu Jan 29 10:56:35.713920 2026] [php:error] [pid 54565] [client 20.89.251.180:0] script '/domains/gk3c/8xyz.php' not found or unable to stat
[Thu Jan 29 10:56:35.954961 2026] [php:error] [pid 54565] [client 20.89.251.180:0] script '/domains/gk3c/la.php' not found or unable to stat
[Thu Jan 29 10:56:36.129174 2026] [php:error] [pid 54565] [client 20.89.251.180:0] script '/domains/gk3c/ioxi.php' not found or unable to stat
[Thu Jan 29 10:56:36.297257 2026] [php:error] [pid 54576] [client 52.175.57.167:0] script '/domains/markrose/to.php' not found or unable to stat
[Thu Jan 29 10:56:36.298579 2026] [php:error] [pid 54565] [client 20.89.251.180:0] script '/domains/gk3c/xpwer1.php' not found or unable to stat
[Thu Jan 29 10:56:36.469051 2026] [php:error] [pid 54565] [client 20.89.251.180:0] script '/domains/gk3c/about.php' not found or unable to stat
[Thu Jan 29 10:56:36.519894 2026] [php:error] [pid 54576] [client 52.175.57.167:0] script '/domains/markrose/class-admin.php' not found or unable to stat
[Thu Jan 29 10:56:36.732061 2026] [php:error] [pid 54576] [client 52.175.57.167:0] script '/domains/markrose/nyan.php' not found or unable to stat
[Thu Jan 29 10:56:36.932142 2026] [php:error] [pid 54565] [client 20.89.251.180:0] script '/domains/gk3c/la.php' not found or unable to stat
[Thu Jan 29 10:56:37.293889 2026] [php:error] [pid 54565] [client 20.89.251.180:0] script '/domains/gk3c/admin.php' not found or unable to stat
[Thu Jan 29 10:56:38.041011 2026] [php:error] [pid 54565] [client 20.89.251.180:0] script '/domains/gk3c/info.php' not found or unable to stat
[Thu Jan 29 10:56:38.299521 2026] [php:error] [pid 54565] [client 20.89.251.180:0] script '/domains/gk3c/about.php' not found or unable to stat
[Thu Jan 29 10:56:38.922695 2026] [php:error] [pid 54565] [client 20.89.251.180:0] script '/domains/gk3c/ss1.php' not found or unable to stat
[Thu Jan 29 10:56:39.376028 2026] [php:error] [pid 54565] [client 20.89.251.180:0] script '/domains/gk3c/goods.php' not found or unable to stat
[Thu Jan 29 10:56:39.548183 2026] [php:error] [pid 54565] [client 20.89.251.180:0] script '/domains/gk3c/222.php' not found or unable to stat
[Thu Jan 29 10:56:39.777289 2026] [php:error] [pid 54565] [client 20.89.251.180:0] script '/domains/gk3c/abcd.php' not found or unable to stat
[Thu Jan 29 10:56:40.117469 2026] [php:error] [pid 54565] [client 20.89.251.180:0] script '/domains/gk3c/adminfuns.php' not found or unable to stat
[Thu Jan 29 10:56:40.303403 2026] [php:error] [pid 54565] [client 20.89.251.180:0] script '/domains/gk3c/ioxi-o.php' not found or unable to stat
[Thu Jan 29 10:56:40.660702 2026] [php:error] [pid 54565] [client 20.89.251.180:0] script '/domains/gk3c/goat.php' not found or unable to stat
[Thu Jan 29 10:56:41.005877 2026] [php:error] [pid 54565] [client 20.89.251.180:0] script '/domains/gk3c/xx.php' not found or unable to stat
[Thu Jan 29 10:56:41.540838 2026] [php:error] [pid 54565] [client 20.89.251.180:0] script '/domains/gk3c/f5.php' not found or unable to stat
[Thu Jan 29 10:56:41.767567 2026] [php:error] [pid 54565] [client 20.89.251.180:0] script '/domains/gk3c/doc.php' not found or unable to stat
[Thu Jan 29 10:56:42.054036 2026] [php:error] [pid 54565] [client 20.89.251.180:0] script '/domains/gk3c/xtride.php' not found or unable to stat
[Thu Jan 29 10:56:42.348538 2026] [php:error] [pid 54565] [client 20.89.251.180:0] script '/domains/gk3c/flower.php' not found or unable to stat
[Thu Jan 29 10:56:42.518818 2026] [php:error] [pid 54565] [client 20.89.251.180:0] script '/domains/gk3c/flower2.php' not found or unable to stat
[Thu Jan 29 10:56:42.692924 2026] [php:error] [pid 54565] [client 20.89.251.180:0] script '/domains/gk3c/f6.php' not found or unable to stat
[Thu Jan 29 10:56:42.880686 2026] [php:error] [pid 54565] [client 20.89.251.180:0] script '/domains/gk3c/edit.php' not found or unable to stat
[Thu Jan 29 10:56:43.051048 2026] [php:error] [pid 54565] [client 20.89.251.180:0] script '/domains/gk3c/aa.php' not found or unable to stat
[Thu Jan 29 10:56:43.220803 2026] [php:error] [pid 54565] [client 20.89.251.180:0] script '/domains/gk3c/ext.php' not found or unable to stat
[Thu Jan 29 10:56:43.755477 2026] [php:error] [pid 54565] [client 20.89.251.180:0] script '/domains/gk3c/av.php' not found or unable to stat
[Thu Jan 29 10:56:44.130782 2026] [php:error] [pid 54565] [client 20.89.251.180:0] script '/domains/gk3c/wsd.php' not found or unable to stat
[Thu Jan 29 10:56:44.300192 2026] [php:error] [pid 54565] [client 20.89.251.180:0] script '/domains/gk3c/jane.php' not found or unable to stat
[Thu Jan 29 10:56:45.118381 2026] [php:error] [pid 54565] [client 20.89.251.180:0] script '/domains/gk3c/classwithtostring.php' not found or unable to stat
[Thu Jan 29 10:56:45.570123 2026] [php:error] [pid 54565] [client 20.89.251.180:0] script '/domains/gk3c/css.php' not found or unable to stat
[Thu Jan 29 10:56:45.740431 2026] [php:error] [pid 54565] [client 20.89.251.180:0] script '/domains/gk3c/alfa.php' not found or unable to stat
[Thu Jan 29 10:56:45.910437 2026] [php:error] [pid 54565] [client 20.89.251.180:0] script '/domains/gk3c/wen.php' not found or unable to stat
[Thu Jan 29 10:56:46.103851 2026] [php:error] [pid 54565] [client 20.89.251.180:0] script '/domains/gk3c/x.php' not found or unable to stat
[Thu Jan 29 10:56:46.273236 2026] [php:error] [pid 54565] [client 20.89.251.180:0] script '/domains/gk3c/xxxx.php' not found or unable to stat
[Thu Jan 29 10:56:46.520448 2026] [php:error] [pid 54565] [client 20.89.251.180:0] script '/domains/gk3c/class.php' not found or unable to stat
[Thu Jan 29 10:56:46.969992 2026] [php:error] [pid 54565] [client 20.89.251.180:0] script '/domains/gk3c/gec.php' not found or unable to stat
[Thu Jan 29 10:56:47.155520 2026] [php:error] [pid 54565] [client 20.89.251.180:0] script '/domains/gk3c/f35.php' not found or unable to stat
[Thu Jan 29 10:56:47.513660 2026] [php:error] [pid 54565] [client 20.89.251.180:0] script '/domains/gk3c/pp.php' not found or unable to stat
[Thu Jan 29 10:56:48.086484 2026] [php:error] [pid 54565] [client 20.89.251.180:0] script '/domains/gk3c/lock360.php' not found or unable to stat
[Thu Jan 29 10:56:48.321824 2026] [php:error] [pid 54565] [client 20.89.251.180:0] script '/domains/gk3c/as.php' not found or unable to stat
[Thu Jan 29 10:56:48.493677 2026] [php:error] [pid 54565] [client 20.89.251.180:0] script '/domains/gk3c/class-t.api.php' not found or unable to stat
[Thu Jan 29 10:56:48.699978 2026] [php:error] [pid 54565] [client 20.89.251.180:0] script '/domains/gk3c/bipas.php' not found or unable to stat
[Thu Jan 29 10:56:48.937158 2026] [php:error] [pid 54565] [client 20.89.251.180:0] script '/domains/gk3c/shoyo.php' not found or unable to stat
[Thu Jan 29 10:56:49.347615 2026] [php:error] [pid 54565] [client 20.89.251.180:0] script '/domains/gk3c/admin.php' not found or unable to stat
[Thu Jan 29 10:56:49.517378 2026] [php:error] [pid 54565] [client 20.89.251.180:0] script '/domains/gk3c/ar.php' not found or unable to stat
[Thu Jan 29 10:56:49.691379 2026] [php:error] [pid 54565] [client 20.89.251.180:0] script '/domains/gk3c/blurbs18.php' not found or unable to stat
[Thu Jan 29 10:56:49.900567 2026] [php:error] [pid 54565] [client 20.89.251.180:0] script '/domains/gk3c/radio.php' not found or unable to stat
[Thu Jan 29 10:56:50.073939 2026] [php:error] [pid 54565] [client 20.89.251.180:0] script '/domains/gk3c/wp-good.php' not found or unable to stat
[Thu Jan 29 10:56:50.243448 2026] [php:error] [pid 54565] [client 20.89.251.180:0] script '/domains/gk3c/bless14.php' not found or unable to stat
[Thu Jan 29 10:56:50.497363 2026] [php:error] [pid 54565] [client 20.89.251.180:0] script '/domains/gk3c/ol.php' not found or unable to stat
[Thu Jan 29 10:56:53.276757 2026] [php:error] [pid 54569] [client 20.89.251.180:0] script '/domains/gk3c/init.php' not found or unable to stat
[Thu Jan 29 10:56:53.646238 2026] [php:error] [pid 54569] [client 20.89.251.180:0] script '/domains/gk3c/about.php' not found or unable to stat
[Thu Jan 29 10:56:53.838814 2026] [php:error] [pid 54569] [client 20.89.251.180:0] script '/domains/gk3c/k.php' not found or unable to stat
[Thu Jan 29 10:56:54.009108 2026] [php:error] [pid 54569] [client 20.89.251.180:0] script '/domains/gk3c/bless.php' not found or unable to stat
[Thu Jan 29 10:56:54.199916 2026] [php:error] [pid 54569] [client 20.89.251.180:0] script '/domains/gk3c/X7x.php' not found or unable to stat
[Thu Jan 29 10:56:54.371584 2026] [php:error] [pid 54569] [client 20.89.251.180:0] script '/domains/gk3c/class20.php' not found or unable to stat
[Thu Jan 29 10:56:54.541571 2026] [php:error] [pid 54569] [client 20.89.251.180:0] script '/domains/gk3c/lock360.php' not found or unable to stat
[Thu Jan 29 10:56:55.046381 2026] [php:error] [pid 54569] [client 20.89.251.180:0] script '/domains/gk3c/themes.php' not found or unable to stat
[Thu Jan 29 10:56:55.217126 2026] [php:error] [pid 54569] [client 20.89.251.180:0] script '/domains/gk3c/gifclass4.php' not found or unable to stat
[Thu Jan 29 10:56:55.551992 2026] [php:error] [pid 54569] [client 20.89.251.180:0] script '/domains/gk3c/wag.php' not found or unable to stat
[Thu Jan 29 10:56:55.866067 2026] [php:error] [pid 54569] [client 20.89.251.180:0] script '/domains/gk3c/xvent.php' not found or unable to stat
[Thu Jan 29 10:56:56.052817 2026] [php:error] [pid 54569] [client 20.89.251.180:0] script '/domains/gk3c/wp-aaa.php' not found or unable to stat
[Thu Jan 29 10:56:56.226446 2026] [php:error] [pid 54569] [client 20.89.251.180:0] script '/domains/gk3c/file21.php' not found or unable to stat
[Thu Jan 29 10:56:56.397328 2026] [php:error] [pid 54569] [client 20.89.251.180:0] script '/domains/gk3c/class19.php' not found or unable to stat
[Thu Jan 29 10:56:56.639642 2026] [php:error] [pid 54569] [client 20.89.251.180:0] script '/domains/gk3c/166.php' not found or unable to stat
[Thu Jan 29 10:56:56.810144 2026] [php:error] [pid 54569] [client 20.89.251.180:0] script '/domains/gk3c/bypass.php' not found or unable to stat
[Thu Jan 29 10:56:56.980446 2026] [php:error] [pid 54569] [client 20.89.251.180:0] script '/domains/gk3c/plss3.php' not found or unable to stat
[Thu Jan 29 10:56:57.184506 2026] [php:error] [pid 54569] [client 20.89.251.180:0] script '/domains/gk3c/t.php' not found or unable to stat
[Thu Jan 29 10:56:57.354651 2026] [php:error] [pid 54569] [client 20.89.251.180:0] script '/domains/gk3c/bp.php' not found or unable to stat
[Thu Jan 29 10:56:57.751090 2026] [php:error] [pid 54569] [client 20.89.251.180:0] script '/domains/gk3c/geck.php' not found or unable to stat
[Thu Jan 29 10:56:57.921352 2026] [php:error] [pid 54569] [client 20.89.251.180:0] script '/domains/gk3c/wp-update.php' not found or unable to stat
[Thu Jan 29 10:56:58.092203 2026] [php:error] [pid 54569] [client 20.89.251.180:0] script '/domains/gk3c/a.php' not found or unable to stat
[Thu Jan 29 10:56:58.736417 2026] [php:error] [pid 54569] [client 20.89.251.180:0] script '/domains/gk3c/admins.php' not found or unable to stat
[Thu Jan 29 10:56:58.929772 2026] [php:error] [pid 54569] [client 20.89.251.180:0] script '/domains/gk3c/wp-configs.php' not found or unable to stat
[Thu Jan 29 10:56:59.099936 2026] [php:error] [pid 54569] [client 20.89.251.180:0] script '/domains/gk3c/temp.php' not found or unable to stat
[Thu Jan 29 10:56:59.270205 2026] [php:error] [pid 54569] [client 20.89.251.180:0] script '/domains/gk3c/wp.php' not found or unable to stat
[Thu Jan 29 10:56:59.441794 2026] [php:error] [pid 54569] [client 20.89.251.180:0] script '/domains/gk3c/main.php' not found or unable to stat
[Thu Jan 29 10:56:59.612162 2026] [php:error] [pid 54569] [client 20.89.251.180:0] script '/domains/gk3c/a1.php' not found or unable to stat
[Thu Jan 29 10:56:59.801943 2026] [php:error] [pid 54569] [client 20.89.251.180:0] script '/domains/gk3c/class.1.php' not found or unable to stat
[Thu Jan 29 10:56:59.977643 2026] [php:error] [pid 54569] [client 20.89.251.180:0] script '/domains/gk3c/lala.php' not found or unable to stat
[Thu Jan 29 10:57:00.254095 2026] [php:error] [pid 54569] [client 20.89.251.180:0] script '/domains/gk3c/tox.php' not found or unable to stat
[Thu Jan 29 10:57:00.432895 2026] [php:error] [pid 54569] [client 20.89.251.180:0] script '/domains/gk3c/gg.php' not found or unable to stat
[Thu Jan 29 10:57:00.603394 2026] [php:error] [pid 54569] [client 20.89.251.180:0] script '/domains/gk3c/aaa.php' not found or unable to stat
[Thu Jan 29 10:57:00.773616 2026] [php:error] [pid 54569] [client 20.89.251.180:0] script '/domains/gk3c/a2.php' not found or unable to stat
[Thu Jan 29 10:57:02.263469 2026] [php:error] [pid 54569] [client 20.89.251.180:0] script '/domains/gk3c/to.php' not found or unable to stat
[Thu Jan 29 10:57:02.578564 2026] [php:error] [pid 54569] [client 20.89.251.180:0] script '/domains/gk3c/class-admin.php' not found or unable to stat
[Thu Jan 29 10:57:02.892523 2026] [php:error] [pid 54584] [client 34.32.193.192:0] script '/domains/hdickens.enteract/kmnj.php' not found or unable to stat
[Thu Jan 29 10:57:02.921855 2026] [php:error] [pid 54569] [client 20.89.251.180:0] script '/domains/gk3c/nyan.php' not found or unable to stat
[Thu Jan 29 10:57:22.252933 2026] [php:error] [pid 54593] [client 40.69.66.178:0] script '/domains/rfisher.dnai/rip.php' not found or unable to stat
[Thu Jan 29 10:57:47.569131 2026] [php:error] [pid 54586] [client 35.247.243.251:0] script '/domains/tmandel/adminer-5.1.0-mysql-en.php' not found or unable to stat
[Thu Jan 29 10:58:44.536186 2026] [php:error] [pid 54592] [client 34.96.162.55:0] script '/domains/tmandel/adminer-4.2.5.php' not found or unable to stat
[Thu Jan 29 10:59:14.597747 2026] [php:error] [pid 54614] [client 34.96.162.50:0] script '/domains/tmandel/adminer-5.0.4-mysql.php' not found or unable to stat
[Thu Jan 29 10:59:22.814002 2026] [php:error] [pid 54612] [client 145.239.10.137:0] script '/domains/mjbradley/xx.php' not found or unable to stat, referer: http://bradleyfloors.com/xx.php
[Thu Jan 29 10:59:36.821760 2026] [php:error] [pid 54597] [client 34.96.162.56:0] script '/domains/tmandel/adminer-5.2.1.php' not found or unable to stat
[Thu Jan 29 10:59:43.197459 2026] [php:error] [pid 54597] [client 35.247.243.249:0] script '/domains/tmandel/adminer-5.0.4-en.php' not found or unable to stat
[Thu Jan 29 10:59:52.487958 2026] [php:error] [pid 54587] [client 34.96.162.49:0] script '/domains/tmandel/adminer.php' not found or unable to stat
[Thu Jan 29 11:00:54.304334 2026] [php:error] [pid 54637] [client 34.96.162.52:0] script '/domains/tmandel/adminer-5.0.0-en.php' not found or unable to stat
[Thu Jan 29 11:01:00.342946 2026] [php:error] [pid 54642] [client 213.3.45.54:0] script '/domains/highlandlabs/wp-login.php' not found or unable to stat, referer: https://www.google.com/
[Thu Jan 29 11:01:29.294199 2026] [php:error] [pid 54647] [client 141.98.10.136:0] script '/domains/oneylaw/wp-login.php' not found or unable to stat, referer: https://www.facebook.com/
[Thu Jan 29 11:01:32.102863 2026] [php:error] [pid 54643] [client 34.96.162.56:0] script '/domains/tmandel/adminer-5.2.1.php' not found or unable to stat
[Thu Jan 29 11:01:35.248013 2026] [php:error] [pid 54642] [client 35.247.243.244:0] script '/domains/tmandel/adminer-4.6.2.php' not found or unable to stat
[Thu Jan 29 11:01:44.326102 2026] [php:error] [pid 54615] [client 141.98.10.136:0] script '/domains/oneylaw/wp-login.php' not found or unable to stat, referer: https://www.google.com/search?q=wordpress
[Thu Jan 29 11:01:50.816565 2026] [php:error] [pid 54648] [client 34.141.192.189:0] script '/domains/hdickens.enteract/kmnj.php' not found or unable to stat
[Thu Jan 29 11:01:50.979631 2026] [php:error] [pid 54652] [client 35.247.243.241:0] script '/domains/tmandel/unzipper.php' not found or unable to stat
[Thu Jan 29 11:02:15.796224 2026] [php:error] [pid 54654] [client 141.98.10.136:0] script '/domains/emsco1/wp-login.php' not found or unable to stat
[Thu Jan 29 11:02:31.094462 2026] [php:error] [pid 54658] [client 141.98.10.136:0] script '/domains/emsco1/wp-login.php' not found or unable to stat, referer: https://t.co/
[Thu Jan 29 11:02:36.725035 2026] [php:error] [pid 54664] [client 35.204.174.157:0] script '/domains/hdickens.enteract/kmnj.php' not found or unable to stat
[Thu Jan 29 11:02:48.929953 2026] [php:error] [pid 54652] [client 34.96.162.51:0] script '/domains/tmandel/adminer-5.3.0-mysql.php' not found or unable to stat
[Thu Jan 29 11:02:59.180986 2026] [php:error] [pid 54668] [client 35.247.243.246:0] script '/domains/tmandel/adminer-5.0.4.php' not found or unable to stat
[Thu Jan 29 11:03:01.968753 2026] [php:error] [pid 54662] [client 35.247.243.255:0] script '/domains/tmandel/adminer-5.4.0.php' not found or unable to stat
[Thu Jan 29 11:03:04.862939 2026] [php:error] [pid 54665] [client 34.96.162.58:0] script '/domains/tmandel/adminer-5.0.3-en.php' not found or unable to stat
[Thu Jan 29 11:03:06.456250 2026] [php:error] [pid 54662] [client 141.98.10.136:0] script '/domains/pbuilder/wp-login.php' not found or unable to stat, referer: https://www.bing.com/
[Thu Jan 29 11:03:12.748022 2026] [php:error] [pid 54668] [client 34.96.162.58:0] script '/domains/tmandel/adminer-4.6.2.php' not found or unable to stat
[Thu Jan 29 11:03:20.104908 2026] [php:error] [pid 54657] [client 141.98.10.136:0] script '/domains/pbuilder/wp-login.php' not found or unable to stat, referer: https://wordpress.org/
[Thu Jan 29 11:03:25.096312 2026] [php:error] [pid 54674] [client 13.74.146.113:0] script '/domains/jaspen/rip.php' not found or unable to stat
[Thu Jan 29 11:03:43.163412 2026] [php:error] [pid 54665] [client 20.213.25.204:0] script '/domains/lover/wp-trackback.php' not found or unable to stat
[Thu Jan 29 11:03:43.366623 2026] [php:error] [pid 54665] [client 20.213.25.204:0] script '/domains/lover/about.php' not found or unable to stat
[Thu Jan 29 11:03:43.573505 2026] [php:error] [pid 54665] [client 20.213.25.204:0] script '/domains/lover/file.php' not found or unable to stat
[Thu Jan 29 11:03:43.774640 2026] [php:error] [pid 54665] [client 20.213.25.204:0] script '/domains/lover/term.php' not found or unable to stat
[Thu Jan 29 11:03:43.987531 2026] [php:error] [pid 54665] [client 20.213.25.204:0] script '/domains/lover/wp-good.php' not found or unable to stat
[Thu Jan 29 11:03:44.188412 2026] [php:error] [pid 54665] [client 20.213.25.204:0] script '/domains/lover/xmlrpc.php' not found or unable to stat
[Thu Jan 29 11:03:44.397692 2026] [php:error] [pid 54665] [client 20.213.25.204:0] script '/domains/lover/goods.php' not found or unable to stat
[Thu Jan 29 11:03:44.602699 2026] [php:error] [pid 54665] [client 20.213.25.204:0] script '/domains/lover/ioxi-o.php' not found or unable to stat
[Thu Jan 29 11:03:44.808798 2026] [php:error] [pid 54665] [client 20.213.25.204:0] script '/domains/lover/class-t.api.php' not found or unable to stat
[Thu Jan 29 11:03:45.009103 2026] [php:error] [pid 54665] [client 20.213.25.204:0] script '/domains/lover/admin.php' not found or unable to stat
[Thu Jan 29 11:03:45.219167 2026] [php:error] [pid 54665] [client 20.213.25.204:0] script '/domains/lover/sf.php' not found or unable to stat
[Thu Jan 29 11:03:45.419599 2026] [php:error] [pid 54665] [client 20.213.25.204:0] script '/domains/lover/rip.php' not found or unable to stat
[Thu Jan 29 11:03:45.664291 2026] [php:error] [pid 54677] [client 34.96.162.61:0] script '/domains/tmandel/mydb.php' not found or unable to stat
[Thu Jan 29 11:03:46.864215 2026] [php:error] [pid 54665] [client 20.213.25.204:0] script '/domains/lover/adminfuns.php' not found or unable to stat
[Thu Jan 29 11:03:47.941408 2026] [php:error] [pid 54657] [client 20.213.25.204:0] script '/domains/magicjim/wp-trackback.php' not found or unable to stat
[Thu Jan 29 11:03:48.142260 2026] [php:error] [pid 54657] [client 20.213.25.204:0] script '/domains/magicjim/about.php' not found or unable to stat
[Thu Jan 29 11:03:48.347028 2026] [php:error] [pid 54657] [client 20.213.25.204:0] script '/domains/magicjim/file.php' not found or unable to stat
[Thu Jan 29 11:03:48.547535 2026] [php:error] [pid 54657] [client 20.213.25.204:0] script '/domains/magicjim/term.php' not found or unable to stat
[Thu Jan 29 11:03:48.614129 2026] [php:error] [pid 54670] [client 34.96.162.53:0] script '/domains/tmandel/adminer-4.3.0.php' not found or unable to stat
[Thu Jan 29 11:03:48.752467 2026] [php:error] [pid 54657] [client 20.213.25.204:0] script '/domains/magicjim/wp-good.php' not found or unable to stat
[Thu Jan 29 11:03:48.959137 2026] [php:error] [pid 54657] [client 20.213.25.204:0] script '/domains/magicjim/xmlrpc.php' not found or unable to stat
[Thu Jan 29 11:03:49.163491 2026] [php:error] [pid 54657] [client 20.213.25.204:0] script '/domains/magicjim/goods.php' not found or unable to stat
[Thu Jan 29 11:03:49.364281 2026] [php:error] [pid 54657] [client 20.213.25.204:0] script '/domains/magicjim/ioxi-o.php' not found or unable to stat
[Thu Jan 29 11:03:49.565939 2026] [php:error] [pid 54657] [client 20.213.25.204:0] script '/domains/magicjim/class-t.api.php' not found or unable to stat
[Thu Jan 29 11:03:49.773353 2026] [php:error] [pid 54657] [client 20.213.25.204:0] script '/domains/magicjim/admin.php' not found or unable to stat
[Thu Jan 29 11:03:49.974771 2026] [php:error] [pid 54657] [client 20.213.25.204:0] script '/domains/magicjim/sf.php' not found or unable to stat
[Thu Jan 29 11:03:51.400722 2026] [php:error] [pid 54657] [client 20.213.25.204:0] script '/domains/magicjim/adminfuns.php' not found or unable to stat
[Thu Jan 29 11:04:07.841305 2026] [php:error] [pid 54679] [client 141.98.10.136:0] script '/domains/koenig.interport/wp-login.php' not found or unable to stat, referer: https://duckduckgo.com/
[Thu Jan 29 11:04:13.680787 2026] [php:error] [pid 54665] [client 35.247.243.250:0] script '/domains/tmandel/adminer-4.7.1.php' not found or unable to stat
[Thu Jan 29 11:04:14.620912 2026] [php:error] [pid 54681] [client 145.239.10.137:0] script '/domains/astweb/vx.php' not found or unable to stat, referer: http://astcoltd.com/vx.php
[Thu Jan 29 11:04:15.532739 2026] [php:error] [pid 54665] [client 145.239.10.137:0] script '/domains/astweb/edit-css.php' not found or unable to stat, referer: http://astcoltd.com/edit-css.php
[Thu Jan 29 11:04:31.294062 2026] [php:error] [pid 54684] [client 141.98.10.136:0] script '/domains/koenig.interport/wp-login.php' not found or unable to stat
[Thu Jan 29 11:04:41.440954 2026] [php:error] [pid 54665] [client 35.247.243.246:0] script '/domains/tmandel/ADMINER.php' not found or unable to stat
[Thu Jan 29 11:05:03.956082 2026] [php:error] [pid 54684] [client 141.98.10.136:0] script '/domains/system_default/wp-login.php' not found or unable to stat
[Thu Jan 29 11:05:04.163823 2026] [authz_core:error] [pid 54677] [client 45.230.66.123:0] AH01630: client denied by server configuration: /boaform
[Thu Jan 29 11:05:18.587648 2026] [php:error] [pid 54695] [client 141.98.10.136:0] script '/domains/system_default/wp-login.php' not found or unable to stat
[Thu Jan 29 11:05:54.780674 2026] [php:error] [pid 54688] [client 141.98.10.136:0] script '/domains/hpveweb/wp-login.php' not found or unable to stat
[Thu Jan 29 11:06:10.081086 2026] [php:error] [pid 54703] [client 141.98.10.136:0] script '/domains/hpveweb/wp-login.php' not found or unable to stat, referer: https://www.google.com/
[Thu Jan 29 11:07:06.929053 2026] [php:error] [pid 54712] [client 35.247.243.249:0] script '/domains/tmandel/adminer-5.0.3.php' not found or unable to stat
[Thu Jan 29 11:07:34.772954 2026] [php:error] [pid 54714] [client 34.96.162.57:0] script '/domains/tmandel/adminer-5.0.3-en.php' not found or unable to stat
[Thu Jan 29 11:07:43.737467 2026] [php:error] [pid 54712] [client 62.164.177.252:0] script '/domains/fryer/xmlrpc.php' not found or unable to stat
[Thu Jan 29 11:07:46.645474 2026] [php:error] [pid 54688] [client 141.98.10.136:0] script '/domains/hand-hammerweb/wp-login.php' not found or unable to stat
[Thu Jan 29 11:07:59.910082 2026] [php:error] [pid 54712] [client 141.98.10.136:0] script '/domains/hand-hammerweb/wp-login.php' not found or unable to stat, referer: https://wordpress.org/
[Thu Jan 29 11:08:27.312695 2026] [php:error] [pid 54726] [client 141.98.10.136:0] script '/domains/carynm/wp-login.php' not found or unable to stat, referer: https://www.google.com/search?q=wordpress
[Thu Jan 29 11:08:46.234830 2026] [php:error] [pid 54732] [client 35.247.243.241:0] script '/domains/tmandel/adminer-5.0.6-mysql.php' not found or unable to stat
[Thu Jan 29 11:08:53.164674 2026] [php:error] [pid 54731] [client 141.98.10.136:0] script '/domains/carynm/wp-login.php' not found or unable to stat
[Thu Jan 29 11:09:24.952258 2026] [php:error] [pid 54728] [client 141.98.10.136:0] script '/domains/testregisgroup/wp-login.php' not found or unable to stat, referer: https://duckduckgo.com/
[Thu Jan 29 11:09:41.366774 2026] [php:error] [pid 54753] [client 141.98.10.136:0] script '/domains/testregisgroup/wp-login.php' not found or unable to stat
[Thu Jan 29 11:09:44.143670 2026] [php:error] [pid 54756] [client 35.247.243.241:0] script '/domains/tmandel/adminer-4.8.1-mysql-en.php' not found or unable to stat
[Thu Jan 29 11:10:03.262800 2026] [php:error] [pid 54753] [client 141.98.10.136:0] script '/domains/bels/wp-login.php' not found or unable to stat
[Thu Jan 29 11:10:13.581534 2026] [php:error] [pid 54753] [client 141.98.10.136:0] script '/domains/bels/wp-login.php' not found or unable to stat, referer: https://wordpress.org/
[Thu Jan 29 11:10:32.679325 2026] [php:error] [pid 54768] [client 35.247.243.250:0] script '/domains/tmandel/adminer-5.2.1-mysql.php' not found or unable to stat
[Thu Jan 29 11:10:34.126322 2026] [php:error] [pid 54776] [client 34.96.162.55:0] script '/domains/tmandel/adminer.php' not found or unable to stat
[Thu Jan 29 11:10:41.614168 2026] [php:error] [pid 54766] [client 141.98.10.136:0] script '/domains/thewalshgroup/wp-login.php' not found or unable to stat
[Thu Jan 29 11:10:53.790700 2026] [php:error] [pid 54755] [client 141.98.10.136:0] script '/domains/thewalshgroup/wp-login.php' not found or unable to stat
[Thu Jan 29 11:11:01.586254 2026] [php:error] [pid 54775] [client 112.202.113.224:0] script '/domains/apunderkofler/xmlrpc.php' not found or unable to stat
[Thu Jan 29 11:11:11.909911 2026] [php:error] [pid 54792] [client 35.247.243.244:0] script '/domains/tmandel/adminer-5.0.3-mysql.php' not found or unable to stat
[Thu Jan 29 11:11:17.152777 2026] [php:error] [pid 54782] [client 20.205.58.245:0] script '/domains/hofficer1/class.php' not found or unable to stat
[Thu Jan 29 11:11:17.363245 2026] [php:error] [pid 54782] [client 20.205.58.245:0] script '/domains/hofficer1/bless5.php' not found or unable to stat
[Thu Jan 29 11:11:18.020847 2026] [php:error] [pid 54782] [client 20.205.58.245:0] script '/domains/hofficer1/lock360.php' not found or unable to stat
[Thu Jan 29 11:11:18.536472 2026] [php:error] [pid 54782] [client 20.205.58.245:0] script '/domains/hofficer1/ioxi-o1.php' not found or unable to stat
[Thu Jan 29 11:11:18.637382 2026] [php:error] [pid 54778] [client 141.98.10.136:0] script '/domains/ltemple/wp-login.php' not found or unable to stat, referer: https://www.bing.com/
[Thu Jan 29 11:11:18.745719 2026] [php:error] [pid 54782] [client 20.205.58.245:0] script '/domains/hofficer1/juuuu.php' not found or unable to stat
[Thu Jan 29 11:11:18.958784 2026] [php:error] [pid 54782] [client 20.205.58.245:0] script '/domains/hofficer1/ha.php' not found or unable to stat
[Thu Jan 29 11:11:19.168247 2026] [php:error] [pid 54782] [client 20.205.58.245:0] script '/domains/hofficer1/gg.php' not found or unable to stat
[Thu Jan 29 11:11:19.380257 2026] [php:error] [pid 54782] [client 20.205.58.245:0] script '/domains/hofficer1/we2.php' not found or unable to stat
[Thu Jan 29 11:11:19.589498 2026] [php:error] [pid 54782] [client 20.205.58.245:0] script '/domains/hofficer1/04.php' not found or unable to stat
[Thu Jan 29 11:11:19.799119 2026] [php:error] [pid 54782] [client 20.205.58.245:0] script '/domains/hofficer1/333.php' not found or unable to stat
[Thu Jan 29 11:11:20.024251 2026] [php:error] [pid 54782] [client 20.205.58.245:0] script '/domains/hofficer1/520.php' not found or unable to stat
[Thu Jan 29 11:11:20.234344 2026] [php:error] [pid 54782] [client 20.205.58.245:0] script '/domains/hofficer1/ar.php' not found or unable to stat
[Thu Jan 29 11:11:20.487808 2026] [php:error] [pid 54782] [client 20.205.58.245:0] script '/domains/hofficer1/x.php' not found or unable to stat
[Thu Jan 29 11:11:20.709942 2026] [php:error] [pid 54782] [client 20.205.58.245:0] script '/domains/hofficer1/xx.php' not found or unable to stat
[Thu Jan 29 11:11:20.934618 2026] [php:error] [pid 54782] [client 20.205.58.245:0] script '/domains/hofficer1/gifclass4.php' not found or unable to stat
[Thu Jan 29 11:11:21.164147 2026] [php:error] [pid 54782] [client 20.205.58.245:0] script '/domains/hofficer1/2clas.php' not found or unable to stat
[Thu Jan 29 11:11:21.395106 2026] [php:error] [pid 54782] [client 20.205.58.245:0] script '/domains/hofficer1/ave.php' not found or unable to stat
[Thu Jan 29 11:11:21.605884 2026] [php:error] [pid 54782] [client 20.205.58.245:0] script '/domains/hofficer1/wrt.php' not found or unable to stat
[Thu Jan 29 11:11:21.831893 2026] [php:error] [pid 54782] [client 20.205.58.245:0] script '/domains/hofficer1/bibil.php' not found or unable to stat
[Thu Jan 29 11:11:22.042162 2026] [php:error] [pid 54782] [client 20.205.58.245:0] script '/domains/hofficer1/radio.php' not found or unable to stat
[Thu Jan 29 11:11:22.251587 2026] [php:error] [pid 54782] [client 20.205.58.245:0] script '/domains/hofficer1/files.php' not found or unable to stat
[Thu Jan 29 11:11:22.461520 2026] [php:error] [pid 54782] [client 20.205.58.245:0] script '/domains/hofficer1/file7.php' not found or unable to stat
[Thu Jan 29 11:11:24.234389 2026] [php:error] [pid 54793] [client 35.247.243.243:0] script '/domains/tmandel/adminer-5.0.1.php' not found or unable to stat
[Thu Jan 29 11:11:25.640960 2026] [php:error] [pid 54782] [client 20.205.58.245:0] script '/domains/hofficer1/gifclass.php' not found or unable to stat
[Thu Jan 29 11:11:26.357858 2026] [php:error] [pid 54782] [client 20.205.58.245:0] script '/domains/hofficer1/nox.php' not found or unable to stat
[Thu Jan 29 11:11:26.568591 2026] [php:error] [pid 54782] [client 20.205.58.245:0] script '/domains/hofficer1/file48.php' not found or unable to stat
[Thu Jan 29 11:11:26.778047 2026] [php:error] [pid 54782] [client 20.205.58.245:0] script '/domains/hofficer1/info.php' not found or unable to stat
[Thu Jan 29 11:11:26.987578 2026] [php:error] [pid 54782] [client 20.205.58.245:0] script '/domains/hofficer1/class9.php' not found or unable to stat
[Thu Jan 29 11:11:27.228144 2026] [php:error] [pid 54782] [client 20.205.58.245:0] script '/domains/hofficer1/la.php' not found or unable to stat
[Thu Jan 29 11:11:27.438101 2026] [php:error] [pid 54782] [client 20.205.58.245:0] script '/domains/hofficer1/bless11.php' not found or unable to stat
[Thu Jan 29 11:11:27.647580 2026] [php:error] [pid 54782] [client 20.205.58.245:0] script '/domains/hofficer1/ccou.php' not found or unable to stat
[Thu Jan 29 11:11:27.856973 2026] [php:error] [pid 54782] [client 20.205.58.245:0] script '/domains/hofficer1/ton.php' not found or unable to stat
[Thu Jan 29 11:11:28.066198 2026] [php:error] [pid 54782] [client 20.205.58.245:0] script '/domains/hofficer1/403.php' not found or unable to stat
[Thu Jan 29 11:11:28.280648 2026] [php:error] [pid 54782] [client 20.205.58.245:0] script '/domains/hofficer1/file9.php' not found or unable to stat
[Thu Jan 29 11:11:28.573784 2026] [php:error] [pid 54782] [client 20.205.58.245:0] script '/domains/hofficer1/ac.php' not found or unable to stat
[Thu Jan 29 11:11:28.786670 2026] [php:error] [pid 54782] [client 20.205.58.245:0] script '/domains/hofficer1/new4.php' not found or unable to stat
[Thu Jan 29 11:11:28.996080 2026] [php:error] [pid 54782] [client 20.205.58.245:0] script '/domains/hofficer1/pop.php' not found or unable to stat
[Thu Jan 29 11:11:29.205409 2026] [php:error] [pid 54782] [client 20.205.58.245:0] script '/domains/hofficer1/az.php' not found or unable to stat
[Thu Jan 29 11:11:29.415078 2026] [php:error] [pid 54782] [client 20.205.58.245:0] script '/domains/hofficer1/xaz.php' not found or unable to stat
[Thu Jan 29 11:11:29.629823 2026] [php:error] [pid 54782] [client 20.205.58.245:0] script '/domains/hofficer1/up4.php' not found or unable to stat
[Thu Jan 29 11:11:31.157038 2026] [php:error] [pid 54782] [client 20.205.58.245:0] script '/domains/hofficer1/1aa.php' not found or unable to stat
[Thu Jan 29 11:11:31.366546 2026] [php:error] [pid 54782] [client 20.205.58.245:0] script '/domains/hofficer1/elp.php' not found or unable to stat
[Thu Jan 29 11:11:31.581848 2026] [php:error] [pid 54782] [client 20.205.58.245:0] script '/domains/hofficer1/wtz.php' not found or unable to stat
[Thu Jan 29 11:11:31.791509 2026] [php:error] [pid 54782] [client 20.205.58.245:0] script '/domains/hofficer1/galex.php' not found or unable to stat
[Thu Jan 29 11:11:33.112379 2026] [php:error] [pid 54782] [client 20.205.58.245:0] script '/domains/hofficer1/xb.php' not found or unable to stat
[Thu Jan 29 11:11:33.518369 2026] [php:error] [pid 54755] [client 20.205.115.105:0] script '/domains/metrolighting/irc.js.php' not found or unable to stat
[Thu Jan 29 11:11:33.727020 2026] [php:error] [pid 54755] [client 20.205.115.105:0] script '/domains/metrolighting/ot_finance.php' not found or unable to stat
[Thu Jan 29 11:11:33.935716 2026] [php:error] [pid 54755] [client 20.205.115.105:0] script '/domains/metrolighting/param.php' not found or unable to stat
[Thu Jan 29 11:11:34.148245 2026] [php:error] [pid 54755] [client 20.205.115.105:0] script '/domains/metrolighting/round_robin.php' not found or unable to stat
[Thu Jan 29 11:11:34.356608 2026] [php:error] [pid 54755] [client 20.205.115.105:0] script '/domains/metrolighting/sung.php' not found or unable to stat
[Thu Jan 29 11:11:34.470717 2026] [php:error] [pid 54782] [client 20.205.58.245:0] script '/domains/hofficer1/ova.php' not found or unable to stat
[Thu Jan 29 11:11:34.565212 2026] [php:error] [pid 54755] [client 20.205.115.105:0] script '/domains/metrolighting/pom.php' not found or unable to stat
[Thu Jan 29 11:11:34.775337 2026] [php:error] [pid 54755] [client 20.205.115.105:0] script '/domains/metrolighting/6r9.php' not found or unable to stat
[Thu Jan 29 11:11:34.984340 2026] [php:error] [pid 54755] [client 20.205.115.105:0] script '/domains/metrolighting/erf.php' not found or unable to stat
[Thu Jan 29 11:11:35.192660 2026] [php:error] [pid 54755] [client 20.205.115.105:0] script '/domains/metrolighting/ert.php' not found or unable to stat
[Thu Jan 29 11:11:35.262428 2026] [php:error] [pid 54782] [client 20.205.58.245:0] script '/domains/hofficer1/vx.php' not found or unable to stat
[Thu Jan 29 11:11:35.401104 2026] [php:error] [pid 54755] [client 20.205.115.105:0] script '/domains/metrolighting/gf6.php' not found or unable to stat
[Thu Jan 29 11:11:35.472025 2026] [php:error] [pid 54782] [client 20.205.58.245:0] script '/domains/hofficer1/rh.php' not found or unable to stat
[Thu Jan 29 11:11:35.609564 2026] [php:error] [pid 54755] [client 20.205.115.105:0] script '/domains/metrolighting/ghds4.php' not found or unable to stat
[Thu Jan 29 11:11:35.818293 2026] [php:error] [pid 54755] [client 20.205.115.105:0] script '/domains/metrolighting/xv.php' not found or unable to stat
[Thu Jan 29 11:11:36.027118 2026] [php:error] [pid 54755] [client 20.205.115.105:0] script '/domains/metrolighting/core.php' not found or unable to stat
[Thu Jan 29 11:11:36.236131 2026] [php:error] [pid 54755] [client 20.205.115.105:0] script '/domains/metrolighting/footer.php' not found or unable to stat
[Thu Jan 29 11:11:36.445225 2026] [php:error] [pid 54755] [client 20.205.115.105:0] script '/domains/metrolighting/global.php' not found or unable to stat
[Thu Jan 29 11:11:36.653753 2026] [php:error] [pid 54755] [client 20.205.115.105:0] script '/domains/metrolighting/init.php' not found or unable to stat
[Thu Jan 29 11:11:36.872176 2026] [php:error] [pid 54755] [client 20.205.115.105:0] script '/domains/metrolighting/pass.php' not found or unable to stat
[Thu Jan 29 11:11:37.080680 2026] [php:error] [pid 54755] [client 20.205.115.105:0] script '/domains/metrolighting/ws37.php' not found or unable to stat
[Thu Jan 29 11:11:37.289104 2026] [php:error] [pid 54755] [client 20.205.115.105:0] script '/domains/metrolighting/flex.php' not found or unable to stat
[Thu Jan 29 11:11:37.497717 2026] [php:error] [pid 54755] [client 20.205.115.105:0] script '/domains/metrolighting/yupepsuz.php' not found or unable to stat
[Thu Jan 29 11:11:37.707069 2026] [php:error] [pid 54755] [client 20.205.115.105:0] script '/domains/metrolighting/xncxcemb.php' not found or unable to stat
[Thu Jan 29 11:11:37.915400 2026] [php:error] [pid 54755] [client 20.205.115.105:0] script '/domains/metrolighting/efof9j.php' not found or unable to stat
[Thu Jan 29 11:11:38.123912 2026] [php:error] [pid 54755] [client 20.205.115.105:0] script '/domains/metrolighting/h02ugyh.php' not found or unable to stat
[Thu Jan 29 11:11:38.332259 2026] [php:error] [pid 54755] [client 20.205.115.105:0] script '/domains/metrolighting/sql.php' not found or unable to stat
[Thu Jan 29 11:11:38.540754 2026] [php:error] [pid 54755] [client 20.205.115.105:0] script '/domains/metrolighting/groupon.php' not found or unable to stat
[Thu Jan 29 11:11:38.749220 2026] [php:error] [pid 54755] [client 20.205.115.105:0] script '/domains/metrolighting/thoms.php' not found or unable to stat
[Thu Jan 29 11:11:38.957697 2026] [php:error] [pid 54755] [client 20.205.115.105:0] script '/domains/metrolighting/24.php' not found or unable to stat
[Thu Jan 29 11:11:39.166063 2026] [php:error] [pid 54755] [client 20.205.115.105:0] script '/domains/metrolighting/sf.php' not found or unable to stat
[Thu Jan 29 11:11:39.376458 2026] [php:error] [pid 54755] [client 20.205.115.105:0] script '/domains/metrolighting/adywi.php' not found or unable to stat
[Thu Jan 29 11:11:39.585413 2026] [php:error] [pid 54755] [client 20.205.115.105:0] script '/domains/metrolighting/ahhir.php' not found or unable to stat
[Thu Jan 29 11:11:39.793924 2026] [php:error] [pid 54755] [client 20.205.115.105:0] script '/domains/metrolighting/batqc.php' not found or unable to stat
[Thu Jan 29 11:11:40.003037 2026] [php:error] [pid 54755] [client 20.205.115.105:0] script '/domains/metrolighting/cllla.php' not found or unable to stat
[Thu Jan 29 11:11:40.211886 2026] [php:error] [pid 54755] [client 20.205.115.105:0] script '/domains/metrolighting/ceiif.php' not found or unable to stat
[Thu Jan 29 11:11:40.420552 2026] [php:error] [pid 54755] [client 20.205.115.105:0] script '/domains/metrolighting/bbtlj.php' not found or unable to stat
[Thu Jan 29 11:11:40.629469 2026] [php:error] [pid 54755] [client 20.205.115.105:0] script '/domains/metrolighting/ayucf.php' not found or unable to stat
[Thu Jan 29 11:11:40.837827 2026] [php:error] [pid 54755] [client 20.205.115.105:0] script '/domains/metrolighting/LtfWsaBI.php' not found or unable to stat
[Thu Jan 29 11:11:40.912835 2026] [php:error] [pid 54797] [client 4.194.131.131:0] script '/domains/pmglobal/images/test.php' not found or unable to stat
[Thu Jan 29 11:11:41.047466 2026] [php:error] [pid 54755] [client 20.205.115.105:0] script '/domains/metrolighting/davaa.php' not found or unable to stat
[Thu Jan 29 11:11:41.255774 2026] [php:error] [pid 54755] [client 20.205.115.105:0] script '/domains/metrolighting/ddxpd.php' not found or unable to stat
[Thu Jan 29 11:11:41.464309 2026] [php:error] [pid 54755] [client 20.205.115.105:0] script '/domains/metrolighting/fazemrx1949_r70WpvGk.php' not found or unable to stat
[Thu Jan 29 11:11:41.673363 2026] [php:error] [pid 54755] [client 20.205.115.105:0] script '/domains/metrolighting/fazemrx1949_si3K5Ztj.php' not found or unable to stat
[Thu Jan 29 11:11:41.881791 2026] [php:error] [pid 54755] [client 20.205.115.105:0] script '/domains/metrolighting/fcmuw.php' not found or unable to stat
[Thu Jan 29 11:11:42.090353 2026] [php:error] [pid 54755] [client 20.205.115.105:0] script '/domains/metrolighting/hrpxu.php' not found or unable to stat
[Thu Jan 29 11:11:42.298805 2026] [php:error] [pid 54755] [client 20.205.115.105:0] script '/domains/metrolighting/hlvkr.php' not found or unable to stat
[Thu Jan 29 11:11:42.507358 2026] [php:error] [pid 54755] [client 20.205.115.105:0] script '/domains/metrolighting/NSTECFM_EGiMgNHA.php' not found or unable to stat
[Thu Jan 29 11:11:42.715909 2026] [php:error] [pid 54755] [client 20.205.115.105:0] script '/domains/metrolighting/hqlrh.php' not found or unable to stat
[Thu Jan 29 11:11:42.924554 2026] [php:error] [pid 54755] [client 20.205.115.105:0] script '/domains/metrolighting/gboah.php' not found or unable to stat
[Thu Jan 29 11:11:43.133623 2026] [php:error] [pid 54755] [client 20.205.115.105:0] script '/domains/metrolighting/mjuej.php' not found or unable to stat
[Thu Jan 29 11:11:43.342095 2026] [php:error] [pid 54755] [client 20.205.115.105:0] script '/domains/metrolighting/fwyhk.php' not found or unable to stat
[Thu Jan 29 11:11:43.550617 2026] [php:error] [pid 54755] [client 20.205.115.105:0] script '/domains/metrolighting/fk_ouOPqGUH.php' not found or unable to stat
[Thu Jan 29 11:11:43.759478 2026] [php:error] [pid 54755] [client 20.205.115.105:0] script '/domains/metrolighting/fk_LNYcVN6L.php' not found or unable to stat
[Thu Jan 29 11:11:43.968165 2026] [php:error] [pid 54755] [client 20.205.115.105:0] script '/domains/metrolighting/dkibq.php' not found or unable to stat
[Thu Jan 29 11:11:44.118191 2026] [php:error] [pid 54797] [client 4.194.131.131:0] script '/domains/pmglobal/jlvhys97.php' not found or unable to stat
[Thu Jan 29 11:11:44.176627 2026] [php:error] [pid 54755] [client 20.205.115.105:0] script '/domains/metrolighting/lnxny.php' not found or unable to stat
[Thu Jan 29 11:11:44.385044 2026] [php:error] [pid 54755] [client 20.205.115.105:0] script '/domains/metrolighting/rtx.php' not found or unable to stat
[Thu Jan 29 11:11:44.593389 2026] [php:error] [pid 54755] [client 20.205.115.105:0] script '/domains/metrolighting/NSTECFM_ZwJm41en.php' not found or unable to stat
[Thu Jan 29 11:11:44.805001 2026] [php:error] [pid 54755] [client 20.205.115.105:0] script '/domains/metrolighting/test2.php' not found or unable to stat
[Thu Jan 29 11:11:44.805493 2026] [php:error] [pid 54797] [client 4.194.131.131:0] script '/domains/pmglobal/gw9hpuea.php' not found or unable to stat
[Thu Jan 29 11:11:45.013697 2026] [php:error] [pid 54755] [client 20.205.115.105:0] script '/domains/metrolighting/nxzzg.php' not found or unable to stat
[Thu Jan 29 11:11:45.222192 2026] [php:error] [pid 54755] [client 20.205.115.105:0] script '/domains/metrolighting/pexhk.php' not found or unable to stat
[Thu Jan 29 11:11:45.431042 2026] [php:error] [pid 54755] [client 20.205.115.105:0] script '/domains/metrolighting/riqkb.php' not found or unable to stat
[Thu Jan 29 11:11:45.639912 2026] [php:error] [pid 54755] [client 20.205.115.105:0] script '/domains/metrolighting/ioxi-o.php' not found or unable to stat
[Thu Jan 29 11:11:45.682718 2026] [php:error] [pid 54797] [client 4.194.131.131:0] script '/domains/pmglobal/5undryfb.php' not found or unable to stat
[Thu Jan 29 11:11:45.848568 2026] [php:error] [pid 54755] [client 20.205.115.105:0] script '/domains/metrolighting/admin-ajax.php' not found or unable to stat
[Thu Jan 29 11:11:46.057059 2026] [php:error] [pid 54755] [client 20.205.115.105:0] script '/domains/metrolighting/dt-tyfe.php' not found or unable to stat
[Thu Jan 29 11:11:46.265755 2026] [php:error] [pid 54755] [client 20.205.115.105:0] script '/domains/metrolighting/1CvDQHLqzpS.php' not found or unable to stat
[Thu Jan 29 11:11:46.474743 2026] [php:error] [pid 54755] [client 20.205.115.105:0] script '/domains/metrolighting/1fz1wpuw.php' not found or unable to stat
[Thu Jan 29 11:11:46.683198 2026] [php:error] [pid 54755] [client 20.205.115.105:0] script '/domains/metrolighting/9d07n16i.php' not found or unable to stat
[Thu Jan 29 11:11:46.891718 2026] [php:error] [pid 54755] [client 20.205.115.105:0] script '/domains/metrolighting/abkwuawi.php' not found or unable to stat
[Thu Jan 29 11:11:47.100429 2026] [php:error] [pid 54755] [client 20.205.115.105:0] script '/domains/metrolighting/adhvbkhd.php' not found or unable to stat
[Thu Jan 29 11:11:47.308853 2026] [php:error] [pid 54755] [client 20.205.115.105:0] script '/domains/metrolighting/akccwqvz.php' not found or unable to stat
[Thu Jan 29 11:11:47.518871 2026] [php:error] [pid 54755] [client 20.205.115.105:0] script '/domains/metrolighting/amrwlicu.php' not found or unable to stat
[Thu Jan 29 11:11:47.659400 2026] [php:error] [pid 54795] [client 4.194.131.131:0] script '/domains/pmglobal/sidwso.php' not found or unable to stat
[Thu Jan 29 11:11:47.727738 2026] [php:error] [pid 54755] [client 20.205.115.105:0] script '/domains/metrolighting/amxvzldq.php' not found or unable to stat
[Thu Jan 29 11:11:47.936237 2026] [php:error] [pid 54755] [client 20.205.115.105:0] script '/domains/metrolighting/aowhomhm.php' not found or unable to stat
[Thu Jan 29 11:11:48.144745 2026] [php:error] [pid 54755] [client 20.205.115.105:0] script '/domains/metrolighting/aplbdqgt.php' not found or unable to stat
[Thu Jan 29 11:11:48.353232 2026] [php:error] [pid 54755] [client 20.205.115.105:0] script '/domains/metrolighting/arbewhiv.php' not found or unable to stat
[Thu Jan 29 11:11:48.561488 2026] [php:error] [pid 54755] [client 20.205.115.105:0] script '/domains/metrolighting/aukhqxez.php' not found or unable to stat
[Thu Jan 29 11:11:48.769700 2026] [php:error] [pid 54755] [client 20.205.115.105:0] script '/domains/metrolighting/avmrijme.php' not found or unable to stat
[Thu Jan 29 11:11:48.978094 2026] [php:error] [pid 54755] [client 20.205.115.105:0] script '/domains/metrolighting/ztdio.php' not found or unable to stat
[Thu Jan 29 11:11:49.187306 2026] [php:error] [pid 54755] [client 20.205.115.105:0] script '/domains/metrolighting/avucvdsx.php' not found or unable to stat
[Thu Jan 29 11:11:49.396243 2026] [php:error] [pid 54755] [client 20.205.115.105:0] script '/domains/metrolighting/axrdatup.php' not found or unable to stat
[Thu Jan 29 11:11:49.431083 2026] [php:error] [pid 54795] [client 4.194.131.131:0] script '/domains/pmglobal/LA.php' not found or unable to stat
[Thu Jan 29 11:11:49.604948 2026] [php:error] [pid 54755] [client 20.205.115.105:0] script '/domains/metrolighting/azmbofdr.php' not found or unable to stat
[Thu Jan 29 11:11:49.813373 2026] [php:error] [pid 54755] [client 20.205.115.105:0] script '/domains/metrolighting/bckqnnom.php' not found or unable to stat
[Thu Jan 29 11:11:49.869638 2026] [php:error] [pid 54795] [client 4.194.131.131:0] script '/domains/pmglobal/media-new.php' not found or unable to stat
[Thu Jan 29 11:11:50.021611 2026] [php:error] [pid 54755] [client 20.205.115.105:0] script '/domains/metrolighting/biizlxjk.php' not found or unable to stat
[Thu Jan 29 11:11:50.099249 2026] [php:error] [pid 54795] [client 4.194.131.131:0] script '/domains/pmglobal/gallery_upload.php' not found or unable to stat
[Thu Jan 29 11:11:50.230014 2026] [php:error] [pid 54755] [client 20.205.115.105:0] script '/domains/metrolighting/bpaarmmj.php' not found or unable to stat
[Thu Jan 29 11:11:50.439215 2026] [php:error] [pid 54755] [client 20.205.115.105:0] script '/domains/metrolighting/bpcbsvzo.php' not found or unable to stat
[Thu Jan 29 11:11:50.559924 2026] [php:error] [pid 54795] [client 4.194.131.131:0] script '/domains/pmglobal/alfa1.php' not found or unable to stat
[Thu Jan 29 11:11:50.648353 2026] [php:error] [pid 54755] [client 20.205.115.105:0] script '/domains/metrolighting/bubgtfai.php' not found or unable to stat
[Thu Jan 29 11:11:50.656487 2026] [php:error] [pid 54798] [client 34.96.162.55:0] script '/domains/tmandel/adminer-db.php' not found or unable to stat
[Thu Jan 29 11:11:50.780874 2026] [php:error] [pid 54795] [client 4.194.131.131:0] script '/domains/pmglobal/meta.php' not found or unable to stat
[Thu Jan 29 11:11:50.856894 2026] [php:error] [pid 54755] [client 20.205.115.105:0] script '/domains/metrolighting/bwsmxcqu.php' not found or unable to stat
[Thu Jan 29 11:11:51.065716 2026] [php:error] [pid 54755] [client 20.205.115.105:0] script '/domains/metrolighting/cbfnppqc.php' not found or unable to stat
[Thu Jan 29 11:11:51.274771 2026] [php:error] [pid 54755] [client 20.205.115.105:0] script '/domains/metrolighting/cfacwcbm.php' not found or unable to stat
[Thu Jan 29 11:11:51.450785 2026] [php:error] [pid 54795] [client 4.194.131.131:0] script '/domains/pmglobal/acp.php' not found or unable to stat
[Thu Jan 29 11:11:51.483845 2026] [php:error] [pid 54755] [client 20.205.115.105:0] script '/domains/metrolighting/chctttwc.php' not found or unable to stat
[Thu Jan 29 11:11:51.670438 2026] [php:error] [pid 54795] [client 4.194.131.131:0] script '/domains/pmglobal/13.php' not found or unable to stat
[Thu Jan 29 11:11:51.692222 2026] [php:error] [pid 54755] [client 20.205.115.105:0] script '/domains/metrolighting/chkwxsya.php' not found or unable to stat
[Thu Jan 29 11:11:51.900524 2026] [php:error] [pid 54755] [client 20.205.115.105:0] script '/domains/metrolighting/cndrgzkx.php' not found or unable to stat
[Thu Jan 29 11:11:52.110035 2026] [php:error] [pid 54755] [client 20.205.115.105:0] script '/domains/metrolighting/cmztsmfx.php' not found or unable to stat
