[Thu Jan 29 06:45:49.118193 2026] [php:error] [pid 5912] [client 20.219.155.42:0] script '/domains/conceptlabs1/sxo.php' not found or unable to stat
[Thu Jan 29 06:45:49.486605 2026] [php:error] [pid 5912] [client 20.219.155.42:0] script '/domains/conceptlabs1/admin.php' not found or unable to stat
[Thu Jan 29 06:45:50.313437 2026] [php:error] [pid 5912] [client 20.219.155.42:0] script '/domains/conceptlabs1/mans.php' not found or unable to stat
[Thu Jan 29 06:45:50.377782 2026] [php:error] [pid 5905] [client 34.96.162.60:0] script '/domains/windsorweb/adminer-5.2.0.php' not found or unable to stat
[Thu Jan 29 06:45:50.521420 2026] [php:error] [pid 5912] [client 20.219.155.42:0] script '/domains/conceptlabs1/dropdown.php' not found or unable to stat
[Thu Jan 29 06:45:51.081290 2026] [php:error] [pid 5900] [client 34.96.162.60:0] script '/domains/windsorweb/adminer-5.2.1-en.php' not found or unable to stat
[Thu Jan 29 06:45:51.088872 2026] [php:error] [pid 5912] [client 20.219.155.42:0] script '/domains/conceptlabs1/ze.php' not found or unable to stat
[Thu Jan 29 06:45:51.296951 2026] [php:error] [pid 5912] [client 20.219.155.42:0] script '/domains/conceptlabs1/geck.php' not found or unable to stat
[Thu Jan 29 06:45:51.507259 2026] [php:error] [pid 5912] [client 20.219.155.42:0] script '/domains/conceptlabs1/menu.php' not found or unable to stat
[Thu Jan 29 06:45:52.157875 2026] [php:error] [pid 5912] [client 20.219.155.42:0] script '/domains/conceptlabs1/flower.php' not found or unable to stat
[Thu Jan 29 06:45:52.369772 2026] [php:error] [pid 5912] [client 20.219.155.42:0] script '/domains/conceptlabs1/ftp.php' not found or unable to stat
[Thu Jan 29 06:45:52.578981 2026] [php:error] [pid 5912] [client 20.219.155.42:0] script '/domains/conceptlabs1/mds.php' not found or unable to stat
[Thu Jan 29 06:45:52.797769 2026] [php:error] [pid 5912] [client 20.219.155.42:0] script '/domains/conceptlabs1/ahax.php' not found or unable to stat
[Thu Jan 29 06:45:53.239360 2026] [php:error] [pid 5912] [client 20.219.155.42:0] script '/domains/conceptlabs1/cool.php' not found or unable to stat
[Thu Jan 29 06:45:53.582686 2026] [php:error] [pid 5912] [client 20.219.155.42:0] script '/domains/conceptlabs1/gm.php' not found or unable to stat
[Thu Jan 29 06:45:53.923887 2026] [php:error] [pid 5912] [client 20.219.155.42:0] script '/domains/conceptlabs1/simple.php' not found or unable to stat
[Thu Jan 29 06:45:54.154367 2026] [php:error] [pid 5912] [client 20.219.155.42:0] script '/domains/conceptlabs1/elp.php' not found or unable to stat
[Thu Jan 29 06:45:54.362268 2026] [php:error] [pid 5912] [client 20.219.155.42:0] script '/domains/conceptlabs1/bolt.php' not found or unable to stat
[Thu Jan 29 06:45:54.778584 2026] [php:error] [pid 5912] [client 20.219.155.42:0] script '/domains/conceptlabs1/inputs.php' not found or unable to stat
[Thu Jan 29 06:45:55.231725 2026] [php:error] [pid 5912] [client 20.219.155.42:0] script '/domains/conceptlabs1/system.php' not found or unable to stat
[Thu Jan 29 06:45:56.182434 2026] [php:error] [pid 5912] [client 20.219.155.42:0] script '/domains/conceptlabs1/an.php' not found or unable to stat
[Thu Jan 29 06:45:56.393378 2026] [php:error] [pid 5912] [client 20.219.155.42:0] script '/domains/conceptlabs1/w.php' not found or unable to stat
[Thu Jan 29 06:45:57.422004 2026] [php:error] [pid 5912] [client 20.219.155.42:0] script '/domains/conceptlabs1/gmo.php' not found or unable to stat
[Thu Jan 29 06:45:57.749458 2026] [php:error] [pid 5912] [client 20.219.155.42:0] script '/domains/conceptlabs1/gib.php' not found or unable to stat
[Thu Jan 29 06:45:57.957876 2026] [php:error] [pid 5912] [client 20.219.155.42:0] script '/domains/conceptlabs1/wp-miiss.php.php' not found or unable to stat
[Thu Jan 29 06:45:59.780853 2026] [php:error] [pid 5912] [client 20.219.155.42:0] script '/domains/conceptlabs1/moon.php' not found or unable to stat
[Thu Jan 29 06:45:59.989391 2026] [php:error] [pid 5912] [client 20.219.155.42:0] script '/domains/conceptlabs1/filesss.php' not found or unable to stat
[Thu Jan 29 06:46:00.197296 2026] [php:error] [pid 5912] [client 20.219.155.42:0] script '/domains/conceptlabs1/hey.php' not found or unable to stat
[Thu Jan 29 06:46:00.908621 2026] [php:error] [pid 5912] [client 20.219.155.42:0] script '/domains/conceptlabs1/1337.php' not found or unable to stat
[Thu Jan 29 06:46:01.135573 2026] [php:error] [pid 5912] [client 20.219.155.42:0] script '/domains/conceptlabs1/buy.php' not found or unable to stat
[Thu Jan 29 06:46:01.579938 2026] [php:error] [pid 5912] [client 20.219.155.42:0] script '/domains/conceptlabs1/m.php' not found or unable to stat
[Thu Jan 29 06:46:01.791944 2026] [php:error] [pid 5912] [client 20.219.155.42:0] script '/domains/conceptlabs1/wp-is.php' not found or unable to stat
[Thu Jan 29 06:46:02.004339 2026] [php:error] [pid 5912] [client 20.219.155.42:0] script '/domains/conceptlabs1/jmfi2.php' not found or unable to stat
[Thu Jan 29 06:46:02.424429 2026] [php:error] [pid 5912] [client 20.219.155.42:0] script '/domains/conceptlabs1/bnn_.php' not found or unable to stat
[Thu Jan 29 06:46:02.928194 2026] [php:error] [pid 5912] [client 20.219.155.42:0] script '/domains/conceptlabs1/hzz.php' not found or unable to stat
[Thu Jan 29 06:46:03.136326 2026] [php:error] [pid 5912] [client 20.219.155.42:0] script '/domains/conceptlabs1/shell20211028.php' not found or unable to stat
[Thu Jan 29 06:46:03.359342 2026] [php:error] [pid 5912] [client 20.219.155.42:0] script '/domains/conceptlabs1/content.php' not found or unable to stat
[Thu Jan 29 06:46:03.786276 2026] [php:error] [pid 5912] [client 20.219.155.42:0] script '/domains/conceptlabs1/ps.php' not found or unable to stat
[Thu Jan 29 06:46:04.619828 2026] [php:error] [pid 5912] [client 20.219.155.42:0] script '/domains/conceptlabs1/cache.php' not found or unable to stat
[Thu Jan 29 06:46:04.998074 2026] [php:error] [pid 5912] [client 20.219.155.42:0] script '/domains/conceptlabs1/ss.php' not found or unable to stat
[Thu Jan 29 06:46:05.224469 2026] [php:error] [pid 5912] [client 20.219.155.42:0] script '/domains/conceptlabs1/p.php' not found or unable to stat
[Thu Jan 29 06:46:08.371052 2026] [php:error] [pid 5900] [client 20.219.155.42:0] script '/domains/conceptlabs1/user.php' not found or unable to stat
[Thu Jan 29 06:46:09.387908 2026] [php:error] [pid 5900] [client 20.219.155.42:0] script '/domains/conceptlabs1/wp.php' not found or unable to stat
[Thu Jan 29 06:46:09.601183 2026] [php:error] [pid 5900] [client 20.219.155.42:0] script '/domains/conceptlabs1/rip.php' not found or unable to stat
[Thu Jan 29 06:46:09.810500 2026] [php:error] [pid 5900] [client 20.219.155.42:0] script '/domains/conceptlabs1/wp4.php' not found or unable to stat
[Thu Jan 29 06:46:10.020914 2026] [php:error] [pid 5900] [client 20.219.155.42:0] script '/domains/conceptlabs1/403.php' not found or unable to stat
[Thu Jan 29 06:46:10.555481 2026] [php:error] [pid 5900] [client 20.219.155.42:0] script '/domains/conceptlabs1/asd67.php' not found or unable to stat
[Thu Jan 29 06:46:10.985158 2026] [php:error] [pid 5900] [client 20.219.155.42:0] script '/domains/conceptlabs1/oivcl.php' not found or unable to stat
[Thu Jan 29 06:46:11.198186 2026] [php:error] [pid 5900] [client 20.219.155.42:0] script '/domains/conceptlabs1/about.php' not found or unable to stat
[Thu Jan 29 06:46:11.654141 2026] [php:error] [pid 5900] [client 20.219.155.42:0] script '/domains/conceptlabs1/v2.php' not found or unable to stat
[Thu Jan 29 06:46:12.983982 2026] [php:error] [pid 5900] [client 20.219.155.42:0] script '/domains/conceptlabs1/dr.php' not found or unable to stat
[Thu Jan 29 06:46:13.735629 2026] [php:error] [pid 5900] [client 20.219.155.42:0] script '/domains/conceptlabs1/raw.php' not found or unable to stat
[Thu Jan 29 06:46:14.414259 2026] [php:error] [pid 5900] [client 20.219.155.42:0] script '/domains/conceptlabs1/ioxi-o2.php' not found or unable to stat
[Thu Jan 29 06:46:14.624770 2026] [php:error] [pid 5900] [client 20.219.155.42:0] script '/domains/conceptlabs1/dropdown.php' not found or unable to stat
[Thu Jan 29 06:46:14.834483 2026] [php:error] [pid 5900] [client 20.219.155.42:0] script '/domains/conceptlabs1/dlu.php' not found or unable to stat
[Thu Jan 29 06:46:15.276543 2026] [php:error] [pid 5900] [client 20.219.155.42:0] script '/domains/conceptlabs1/db.php' not found or unable to stat
[Thu Jan 29 06:46:15.490918 2026] [php:error] [pid 5900] [client 20.219.155.42:0] script '/domains/conceptlabs1/packed.php' not found or unable to stat
[Thu Jan 29 06:46:15.547129 2026] [php:error] [pid 5912] [client 35.247.243.240:0] script '/domains/windsorweb/_adminer.php' not found or unable to stat
[Thu Jan 29 06:46:15.959254 2026] [php:error] [pid 5900] [client 20.219.155.42:0] script '/domains/conceptlabs1/wp-configs.php' not found or unable to stat
[Thu Jan 29 06:46:16.443157 2026] [php:error] [pid 5900] [client 20.219.155.42:0] script '/domains/conceptlabs1/404.php' not found or unable to stat
[Thu Jan 29 06:46:16.661406 2026] [php:error] [pid 5900] [client 20.219.155.42:0] script '/domains/conceptlabs1/des.php' not found or unable to stat
[Thu Jan 29 06:46:16.684773 2026] [php:error] [pid 5912] [client 35.247.243.242:0] script '/domains/windsorweb/adminer-5.4.1.php' not found or unable to stat
[Thu Jan 29 06:46:17.228945 2026] [php:error] [pid 5900] [client 20.219.155.42:0] script '/domains/conceptlabs1/lufix.php' not found or unable to stat
[Thu Jan 29 06:46:24.807040 2026] [php:error] [pid 5914] [client 34.96.162.53:0] script '/domains/schellin/adminer-5.1.0-mysql-en.php' not found or unable to stat
[Thu Jan 29 06:46:29.743452 2026] [php:error] [pid 5913] [client 35.247.243.254:0] script '/domains/windsorweb/adminer-5.4.0-mysql-en.php' not found or unable to stat
[Thu Jan 29 06:46:30.051231 2026] [php:error] [pid 5900] [client 35.247.243.248:0] script '/domains/schellin/adminer-5.0.1-mysql.php' not found or unable to stat
[Thu Jan 29 06:46:47.993472 2026] [php:error] [pid 5904] [client 34.96.162.56:0] script '/domains/windsorweb/DB.php' not found or unable to stat
[Thu Jan 29 06:47:04.877643 2026] [php:error] [pid 5904] [client 173.239.218.12:0] script '/domains/ltemple/xmlrpc.php' not found or unable to stat
[Thu Jan 29 06:47:05.122540 2026] [php:error] [pid 5900] [client 173.239.218.9:0] script '/domains/ltemple/wp-login.php' not found or unable to stat
[Thu Jan 29 06:47:06.057102 2026] [php:error] [pid 5902] [client 34.96.162.55:0] script '/domains/schellin/_adminer.php' not found or unable to stat
[Thu Jan 29 06:47:20.004077 2026] [php:error] [pid 5914] [client 34.96.162.52:0] script '/domains/windsorweb/adminer-5.0.1.php' not found or unable to stat
[Thu Jan 29 06:47:31.972963 2026] [php:error] [pid 5914] [client 35.247.243.254:0] script '/domains/schellin/adminer-5.0.1-mysql-en.php' not found or unable to stat
[Thu Jan 29 06:47:40.131399 2026] [php:error] [pid 5902] [client 35.247.243.241:0] script '/domains/windsorweb/adminer-5.1.1.php' not found or unable to stat
[Thu Jan 29 06:47:54.175752 2026] [php:error] [pid 5917] [client 34.96.162.53:0] script '/domains/windsorweb/adminer-5.0.3-en.php' not found or unable to stat
[Thu Jan 29 06:48:03.296424 2026] [php:error] [pid 5917] [client 35.247.243.241:0] script '/domains/windsorweb/adminer-5.1.1-mysql-en.php' not found or unable to stat
[Thu Jan 29 06:48:25.949917 2026] [php:error] [pid 5914] [client 34.96.162.60:0] script '/domains/windsorweb/adminer-5.0.3-en.php' not found or unable to stat
[Thu Jan 29 06:48:36.028830 2026] [php:error] [pid 5917] [client 35.247.243.242:0] script '/domains/windsorweb/adminer-5.0.3-en.php' not found or unable to stat
[Thu Jan 29 06:48:49.141922 2026] [php:error] [pid 5931] [client 34.96.162.58:0] script '/domains/windsorweb/adminer-5.0.6-mysql-en.php' not found or unable to stat
[Thu Jan 29 06:48:54.623037 2026] [php:error] [pid 5927] [client 35.247.243.253:0] script '/domains/windsorweb/adminer-5.0.4.php' not found or unable to stat
[Thu Jan 29 06:49:09.105340 2026] [php:error] [pid 5928] [client 34.96.162.62:0] script '/domains/windsorweb/__adm.php' not found or unable to stat
[Thu Jan 29 06:49:24.356561 2026] [php:error] [pid 5933] [client 34.96.162.53:0] script '/domains/windsorweb/adminer-4.2.1.php' not found or unable to stat
[Thu Jan 29 06:49:30.779376 2026] [php:error] [pid 5930] [client 35.247.243.253:0] script '/domains/windsorweb/adminer-4.7.0.php' not found or unable to stat
[Thu Jan 29 06:49:42.274240 2026] [php:error] [pid 5928] [client 34.96.162.58:0] script '/domains/schellin/adminer-5.0.1-en.php' not found or unable to stat
[Thu Jan 29 06:49:55.901272 2026] [php:error] [pid 5928] [client 35.247.243.242:0] script '/domains/windsorweb/adminer-5.1.1-mysql-en.php' not found or unable to stat
[Thu Jan 29 06:49:56.025827 2026] [php:error] [pid 5940] [client 35.247.243.241:0] script '/domains/windsorweb/adminer-5.0.5-mysql.php' not found or unable to stat
[Thu Jan 29 06:49:56.777665 2026] [php:error] [pid 5928] [client 35.247.243.247:0] script '/domains/windsorweb/adminer-5.2.1.php' not found or unable to stat
[Thu Jan 29 06:49:58.848751 2026] [php:error] [pid 5930] [client 35.247.243.250:0] script '/domains/windsorweb/adminer-5.0.1-mysql.php' not found or unable to stat
[Thu Jan 29 06:50:14.746441 2026] [php:error] [pid 5940] [client 35.247.243.249:0] script '/domains/schellin/adminer-5.2.1-mysql-en.php' not found or unable to stat
[Thu Jan 29 06:50:15.599008 2026] [php:error] [pid 5930] [client 20.78.169.245:0] script '/domains/tennex/wp-trackback.php' not found or unable to stat
[Thu Jan 29 06:50:15.784132 2026] [php:error] [pid 5930] [client 20.78.169.245:0] script '/domains/tennex/about.php' not found or unable to stat
[Thu Jan 29 06:50:15.959476 2026] [php:error] [pid 5930] [client 20.78.169.245:0] script '/domains/tennex/term.php' not found or unable to stat
[Thu Jan 29 06:50:16.134644 2026] [php:error] [pid 5930] [client 20.78.169.245:0] script '/domains/tennex/wp-good.php' not found or unable to stat
[Thu Jan 29 06:50:16.309575 2026] [php:error] [pid 5930] [client 20.78.169.245:0] script '/domains/tennex/xmlrpc.php' not found or unable to stat
[Thu Jan 29 06:50:16.485770 2026] [php:error] [pid 5930] [client 20.78.169.245:0] script '/domains/tennex/goods.php' not found or unable to stat
[Thu Jan 29 06:50:16.678192 2026] [php:error] [pid 5930] [client 20.78.169.245:0] script '/domains/tennex/ioxi-o.php' not found or unable to stat
[Thu Jan 29 06:50:16.860462 2026] [php:error] [pid 5930] [client 20.78.169.245:0] script '/domains/tennex/class-t.api.php' not found or unable to stat
[Thu Jan 29 06:50:17.037765 2026] [php:error] [pid 5930] [client 20.78.169.245:0] script '/domains/tennex/admin.php' not found or unable to stat
[Thu Jan 29 06:50:18.285711 2026] [php:error] [pid 5930] [client 20.78.169.245:0] script '/domains/tennex/adminfuns.php' not found or unable to stat
[Thu Jan 29 06:50:29.268218 2026] [php:error] [pid 5928] [client 35.247.243.253:0] script '/domains/windsorweb/adminer-4.7.3.php' not found or unable to stat
[Thu Jan 29 06:50:30.457939 2026] [php:error] [pid 5937] [client 34.96.162.51:0] script '/domains/schellin/adminer.php' not found or unable to stat
[Thu Jan 29 06:50:38.586035 2026] [php:error] [pid 5937] [client 35.247.243.255:0] script '/domains/windsorweb/adminer-4.8.1-mysql-en.php' not found or unable to stat
[Thu Jan 29 06:50:44.276219 2026] [php:error] [pid 5928] [client 34.96.162.58:0] script '/domains/windsorweb/adminer-4.7.1.php' not found or unable to stat
[Thu Jan 29 06:50:56.871863 2026] [php:error] [pid 5947] [client 34.96.162.59:0] script '/domains/windsorweb/adminer-4.7.1.php' not found or unable to stat
[Thu Jan 29 06:51:20.970712 2026] [php:error] [pid 5954] [client 35.247.243.243:0] script '/domains/windsorweb/adminer-5.2.0-en.php' not found or unable to stat
[Thu Jan 29 06:51:59.312084 2026] [php:error] [pid 5952] [client 34.96.162.49:0] script '/domains/windsorweb/db.php' not found or unable to stat
[Thu Jan 29 06:52:05.102146 2026] [php:error] [pid 5949] [client 34.96.162.63:0] script '/domains/windsorweb/adminer-5.2.0-en.php' not found or unable to stat
[Thu Jan 29 06:52:11.646733 2026] [php:error] [pid 5952] [client 34.96.162.55:0] script '/domains/windsorweb/adminer-4.8.1.php' not found or unable to stat
[Thu Jan 29 06:52:13.122587 2026] [php:error] [pid 5959] [client 93.177.118.99:0] script '/domains/system_default/xmlrpc.php' not found or unable to stat
[Thu Jan 29 06:52:15.222152 2026] [php:error] [pid 5962] [client 93.177.118.99:0] script '/domains/system_default/xmlrpc.php' not found or unable to stat
[Thu Jan 29 06:52:15.605409 2026] [php:error] [pid 5964] [client 93.177.118.99:0] script '/domains/system_default/xmlrpc.php' not found or unable to stat
[Thu Jan 29 06:52:15.989598 2026] [php:error] [pid 5964] [client 93.177.118.99:0] script '/domains/system_default/xmlrpc.php' not found or unable to stat
[Thu Jan 29 06:52:16.368144 2026] [php:error] [pid 5964] [client 93.177.118.99:0] script '/domains/system_default/xmlrpc.php' not found or unable to stat
[Thu Jan 29 06:52:16.748963 2026] [php:error] [pid 5966] [client 93.177.118.99:0] script '/domains/system_default/xmlrpc.php' not found or unable to stat
[Thu Jan 29 06:52:17.298126 2026] [php:error] [pid 5969] [client 185.89.43.30:0] script '/domains/system_default/wp-login.php' not found or unable to stat
[Thu Jan 29 06:52:18.485009 2026] [php:error] [pid 5965] [client 185.89.43.30:0] script '/domains/system_default/wp-login.php' not found or unable to stat
[Thu Jan 29 06:52:23.940162 2026] [php:error] [pid 5970] [client 178.20.213.60:0] script '/domains/system_default/xmlrpc.php' not found or unable to stat
[Thu Jan 29 06:52:24.380119 2026] [php:error] [pid 5959] [client 178.20.213.60:0] script '/domains/system_default/xmlrpc.php' not found or unable to stat
[Thu Jan 29 06:52:26.846528 2026] [php:error] [pid 5966] [client 178.20.213.60:0] script '/domains/system_default/xmlrpc.php' not found or unable to stat
[Thu Jan 29 06:52:27.325179 2026] [php:error] [pid 5959] [client 178.20.213.60:0] script '/domains/system_default/xmlrpc.php' not found or unable to stat
[Thu Jan 29 06:52:27.762905 2026] [php:error] [pid 5972] [client 178.20.213.60:0] script '/domains/system_default/xmlrpc.php' not found or unable to stat
[Thu Jan 29 06:52:28.202042 2026] [php:error] [pid 5949] [client 178.20.213.60:0] script '/domains/system_default/xmlrpc.php' not found or unable to stat
[Thu Jan 29 06:52:28.906503 2026] [php:error] [pid 5943] [client 155.212.109.225:0] script '/domains/system_default/wp-login.php' not found or unable to stat
[Thu Jan 29 06:52:29.350857 2026] [php:error] [pid 5966] [client 155.212.109.225:0] script '/domains/system_default/wp-login.php' not found or unable to stat
[Thu Jan 29 06:52:35.041939 2026] [php:error] [pid 5963] [client 34.96.162.62:0] script '/domains/windsorweb/adminer-5.4.1.php' not found or unable to stat
[Thu Jan 29 06:52:41.366255 2026] [php:error] [pid 5977] [client 35.247.243.240:0] script '/domains/windsorweb/adminer.php' not found or unable to stat
[Thu Jan 29 06:52:56.668808 2026] [php:error] [pid 5981] [client 34.96.162.49:0] script '/domains/windsorweb/adminer-4.2.1.php' not found or unable to stat
[Thu Jan 29 06:53:04.651560 2026] [php:error] [pid 5974] [client 35.247.243.251:0] script '/domains/windsorweb/adminer-5.0.5.php' not found or unable to stat
[Thu Jan 29 06:53:17.499174 2026] [php:error] [pid 5991] [client 35.247.243.254:0] script '/domains/windsorweb/adminer-5.1.0-mysql-en.php' not found or unable to stat
[Thu Jan 29 06:53:17.650585 2026] [php:error] [pid 5986] [client 34.141.192.189:0] script '/domains/hdickens.enteract/kmnj.php' not found or unable to stat
[Thu Jan 29 06:53:26.178704 2026] [php:error] [pid 5995] [client 35.247.243.243:0] script '/domains/windsorweb/adminer-5.4.0.php' not found or unable to stat
[Thu Jan 29 06:53:26.180827 2026] [php:error] [pid 5993] [client 35.247.243.246:0] script '/domains/windsorweb/adminer-5.0.2-mysql-en.php' not found or unable to stat
[Thu Jan 29 06:53:34.625464 2026] [php:error] [pid 5990] [client 34.96.162.52:0] script '/domains/windsorweb/adminer-5.0.3.php' not found or unable to stat
[Thu Jan 29 06:53:44.221352 2026] [php:error] [pid 5993] [client 35.247.243.254:0] script '/domains/windsorweb/adminer-5.0.3.php' not found or unable to stat
[Thu Jan 29 06:53:49.577748 2026] [php:error] [pid 5995] [client 34.96.162.51:0] script '/domains/windsorweb/adminer-db.php' not found or unable to stat
[Thu Jan 29 06:53:50.893722 2026] [php:error] [pid 5985] [client 34.96.162.59:0] script '/domains/windsorweb/adminer-5.0.3-mysql.php' not found or unable to stat
[Thu Jan 29 06:53:52.888385 2026] [php:error] [pid 5996] [client 20.205.97.28:0] script '/domains/system_suspended/wp-trackback.php' not found or unable to stat
[Thu Jan 29 06:53:53.094910 2026] [php:error] [pid 5996] [client 20.205.97.28:0] script '/domains/system_suspended/about.php' not found or unable to stat
[Thu Jan 29 06:53:53.301878 2026] [php:error] [pid 5996] [client 20.205.97.28:0] script '/domains/system_suspended/term.php' not found or unable to stat
[Thu Jan 29 06:53:53.523086 2026] [php:error] [pid 5996] [client 20.205.97.28:0] script '/domains/system_suspended/wp-good.php' not found or unable to stat
[Thu Jan 29 06:53:53.733683 2026] [php:error] [pid 5996] [client 20.205.97.28:0] script '/domains/system_suspended/xmlrpc.php' not found or unable to stat
[Thu Jan 29 06:53:53.940891 2026] [php:error] [pid 5996] [client 20.205.97.28:0] script '/domains/system_suspended/goods.php' not found or unable to stat
[Thu Jan 29 06:53:54.150555 2026] [php:error] [pid 5996] [client 20.205.97.28:0] script '/domains/system_suspended/ioxi-o.php' not found or unable to stat
[Thu Jan 29 06:53:54.357178 2026] [php:error] [pid 5996] [client 20.205.97.28:0] script '/domains/system_suspended/class-t.api.php' not found or unable to stat
[Thu Jan 29 06:53:54.563997 2026] [php:error] [pid 5996] [client 20.205.97.28:0] script '/domains/system_suspended/admin.php' not found or unable to stat
[Thu Jan 29 06:53:56.068483 2026] [php:error] [pid 5996] [client 20.205.97.28:0] script '/domains/system_suspended/adminfuns.php' not found or unable to stat
[Thu Jan 29 06:54:04.257897 2026] [php:error] [pid 5985] [client 34.96.162.55:0] script '/domains/windsorweb/adminer-5.4.1-mysql.php' not found or unable to stat
[Thu Jan 29 06:54:41.688739 2026] [php:error] [pid 5990] [client 35.247.243.247:0] script '/domains/windsorweb/adminer-5.1.0-en.php' not found or unable to stat
[Thu Jan 29 06:54:46.526946 2026] [php:error] [pid 6003] [client 34.96.162.59:0] script '/domains/schellin/Adminer.php' not found or unable to stat
[Thu Jan 29 06:54:55.913117 2026] [php:error] [pid 6003] [client 34.12.151.42:0] script '/domains/hdickens.enteract/kmnj.php' not found or unable to stat
[Thu Jan 29 06:55:19.658841 2026] [php:error] [pid 6014] [client 34.96.162.48:0] script '/domains/windsorweb/adminer-5.4.1-mysql.php' not found or unable to stat
[Thu Jan 29 06:55:20.239799 2026] [php:error] [pid 6003] [client 34.96.162.49:0] script '/domains/windsorweb/adminer-5.2.0-mysql-en.php' not found or unable to stat
[Thu Jan 29 06:55:36.405854 2026] [php:error] [pid 6016] [client 52.231.70.117:0] script '/domains/quintet/class.php' not found or unable to stat
[Thu Jan 29 06:55:36.636897 2026] [php:error] [pid 6016] [client 52.231.70.117:0] script '/domains/quintet/bless5.php' not found or unable to stat
[Thu Jan 29 06:55:37.209427 2026] [php:error] [pid 6016] [client 52.231.70.117:0] script '/domains/quintet/lock360.php' not found or unable to stat
[Thu Jan 29 06:55:37.396482 2026] [php:error] [pid 6016] [client 52.231.70.117:0] script '/domains/quintet/ioxi-o1.php' not found or unable to stat
[Thu Jan 29 06:55:37.602562 2026] [php:error] [pid 6016] [client 52.231.70.117:0] script '/domains/quintet/juuuu.php' not found or unable to stat
[Thu Jan 29 06:55:37.790545 2026] [php:error] [pid 6016] [client 52.231.70.117:0] script '/domains/quintet/ha.php' not found or unable to stat
[Thu Jan 29 06:55:37.977409 2026] [php:error] [pid 6016] [client 52.231.70.117:0] script '/domains/quintet/gg.php' not found or unable to stat
[Thu Jan 29 06:55:38.163820 2026] [php:error] [pid 6016] [client 52.231.70.117:0] script '/domains/quintet/we2.php' not found or unable to stat
[Thu Jan 29 06:55:38.371353 2026] [php:error] [pid 6016] [client 52.231.70.117:0] script '/domains/quintet/04.php' not found or unable to stat
[Thu Jan 29 06:55:38.560238 2026] [php:error] [pid 6016] [client 52.231.70.117:0] script '/domains/quintet/333.php' not found or unable to stat
[Thu Jan 29 06:55:38.770870 2026] [php:error] [pid 6016] [client 52.231.70.117:0] script '/domains/quintet/520.php' not found or unable to stat
[Thu Jan 29 06:55:39.423183 2026] [php:error] [pid 6016] [client 52.231.70.117:0] script '/domains/quintet/ar.php' not found or unable to stat
[Thu Jan 29 06:55:39.610525 2026] [php:error] [pid 6016] [client 52.231.70.117:0] script '/domains/quintet/x.php' not found or unable to stat
[Thu Jan 29 06:55:39.797390 2026] [php:error] [pid 6016] [client 52.231.70.117:0] script '/domains/quintet/xx.php' not found or unable to stat
[Thu Jan 29 06:55:39.983559 2026] [php:error] [pid 6016] [client 52.231.70.117:0] script '/domains/quintet/gifclass4.php' not found or unable to stat
[Thu Jan 29 06:55:40.170212 2026] [php:error] [pid 6016] [client 52.231.70.117:0] script '/domains/quintet/2clas.php' not found or unable to stat
[Thu Jan 29 06:55:40.356566 2026] [php:error] [pid 6016] [client 52.231.70.117:0] script '/domains/quintet/ave.php' not found or unable to stat
[Thu Jan 29 06:55:40.543609 2026] [php:error] [pid 6016] [client 52.231.70.117:0] script '/domains/quintet/wrt.php' not found or unable to stat
[Thu Jan 29 06:55:40.740414 2026] [php:error] [pid 6016] [client 52.231.70.117:0] script '/domains/quintet/bibil.php' not found or unable to stat
[Thu Jan 29 06:55:40.926835 2026] [php:error] [pid 6016] [client 52.231.70.117:0] script '/domains/quintet/radio.php' not found or unable to stat
[Thu Jan 29 06:55:41.113263 2026] [php:error] [pid 6016] [client 52.231.70.117:0] script '/domains/quintet/files.php' not found or unable to stat
[Thu Jan 29 06:55:41.300467 2026] [php:error] [pid 6016] [client 52.231.70.117:0] script '/domains/quintet/file7.php' not found or unable to stat
[Thu Jan 29 06:55:41.488707 2026] [php:error] [pid 6016] [client 52.231.70.117:0] script '/domains/quintet/gifclass.php' not found or unable to stat
[Thu Jan 29 06:55:41.864061 2026] [php:error] [pid 6016] [client 52.231.70.117:0] script '/domains/quintet/nox.php' not found or unable to stat
[Thu Jan 29 06:55:42.058239 2026] [php:error] [pid 6016] [client 52.231.70.117:0] script '/domains/quintet/file48.php' not found or unable to stat
[Thu Jan 29 06:55:42.245535 2026] [php:error] [pid 6016] [client 52.231.70.117:0] script '/domains/quintet/info.php' not found or unable to stat
[Thu Jan 29 06:55:42.470313 2026] [php:error] [pid 6025] [client 35.247.243.246:0] script '/domains/windsorweb/adminer.php' not found or unable to stat
[Thu Jan 29 06:55:43.007567 2026] [php:error] [pid 6016] [client 52.231.70.117:0] script '/domains/quintet/class9.php' not found or unable to stat
[Thu Jan 29 06:55:43.194177 2026] [php:error] [pid 6016] [client 52.231.70.117:0] script '/domains/quintet/la.php' not found or unable to stat
[Thu Jan 29 06:55:44.018066 2026] [php:error] [pid 6016] [client 52.231.70.117:0] script '/domains/quintet/bless11.php' not found or unable to stat
[Thu Jan 29 06:55:44.205540 2026] [php:error] [pid 6016] [client 52.231.70.117:0] script '/domains/quintet/ccou.php' not found or unable to stat
[Thu Jan 29 06:55:44.401847 2026] [php:error] [pid 6016] [client 52.231.70.117:0] script '/domains/quintet/ton.php' not found or unable to stat
[Thu Jan 29 06:55:44.588741 2026] [php:error] [pid 6016] [client 52.231.70.117:0] script '/domains/quintet/403.php' not found or unable to stat
[Thu Jan 29 06:55:44.774943 2026] [php:error] [pid 6016] [client 52.231.70.117:0] script '/domains/quintet/file9.php' not found or unable to stat
[Thu Jan 29 06:55:44.961397 2026] [php:error] [pid 6016] [client 52.231.70.117:0] script '/domains/quintet/ac.php' not found or unable to stat
[Thu Jan 29 06:55:45.147882 2026] [php:error] [pid 6016] [client 52.231.70.117:0] script '/domains/quintet/new4.php' not found or unable to stat
[Thu Jan 29 06:55:45.349123 2026] [php:error] [pid 6016] [client 52.231.70.117:0] script '/domains/quintet/pop.php' not found or unable to stat
[Thu Jan 29 06:55:45.536057 2026] [php:error] [pid 6016] [client 52.231.70.117:0] script '/domains/quintet/az.php' not found or unable to stat
[Thu Jan 29 06:55:45.726641 2026] [php:error] [pid 6016] [client 52.231.70.117:0] script '/domains/quintet/xaz.php' not found or unable to stat
[Thu Jan 29 06:55:45.913703 2026] [php:error] [pid 6016] [client 52.231.70.117:0] script '/domains/quintet/up4.php' not found or unable to stat
[Thu Jan 29 06:55:46.099907 2026] [php:error] [pid 6016] [client 52.231.70.117:0] script '/domains/quintet/1aa.php' not found or unable to stat
[Thu Jan 29 06:55:46.593747 2026] [php:error] [pid 6016] [client 52.231.70.117:0] script '/domains/quintet/elp.php' not found or unable to stat
[Thu Jan 29 06:55:46.780892 2026] [php:error] [pid 6016] [client 52.231.70.117:0] script '/domains/quintet/wtz.php' not found or unable to stat
[Thu Jan 29 06:55:46.967449 2026] [php:error] [pid 6016] [client 52.231.70.117:0] script '/domains/quintet/galex.php' not found or unable to stat
[Thu Jan 29 06:55:47.154084 2026] [php:error] [pid 6016] [client 52.231.70.117:0] script '/domains/quintet/xb.php' not found or unable to stat
[Thu Jan 29 06:55:47.340472 2026] [php:error] [pid 6016] [client 52.231.70.117:0] script '/domains/quintet/ova.php' not found or unable to stat
[Thu Jan 29 06:55:47.544165 2026] [php:error] [pid 6016] [client 52.231.70.117:0] script '/domains/quintet/vx.php' not found or unable to stat
[Thu Jan 29 06:55:47.766985 2026] [php:error] [pid 6016] [client 52.231.70.117:0] script '/domains/quintet/rh.php' not found or unable to stat
[Thu Jan 29 06:55:47.812079 2026] [php:error] [pid 5993] [client 35.247.243.254:0] script '/domains/windsorweb/adminer-5.0.5-mysql.php' not found or unable to stat
[Thu Jan 29 06:55:51.184890 2026] [php:error] [pid 5993] [client 35.247.243.246:0] script '/domains/windsorweb/adminer-4.5.0.php' not found or unable to stat
[Thu Jan 29 06:55:51.418128 2026] [php:error] [pid 6021] [client 35.247.243.247:0] script '/domains/schellin/adminer-4.8.1.php' not found or unable to stat
[Thu Jan 29 06:55:51.707559 2026] [php:error] [pid 5985] [client 35.247.243.247:0] script '/domains/windsorweb/adminer-5.0.3-mysql.php' not found or unable to stat
[Thu Jan 29 06:55:52.925475 2026] [php:error] [pid 5993] [client 35.247.243.251:0] script '/domains/windsorweb/adminer-5.3.0-mysql-en.php' not found or unable to stat
[Thu Jan 29 06:56:04.845407 2026] [php:error] [pid 6034] [client 35.247.243.251:0] script '/domains/windsorweb/adminer-5.0.6.php' not found or unable to stat
[Thu Jan 29 06:56:07.071597 2026] [php:error] [pid 5993] [client 35.247.243.248:0] script '/domains/windsorweb/adminer-5.4.0.php' not found or unable to stat
[Thu Jan 29 06:56:21.117854 2026] [php:error] [pid 6027] [client 35.247.243.241:0] script '/domains/windsorweb/adminer-4.6.1.php' not found or unable to stat
[Thu Jan 29 06:56:24.971856 2026] [php:error] [pid 6027] [client 34.96.162.55:0] script '/domains/windsorweb/adminer-4.7.3.php' not found or unable to stat
[Thu Jan 29 06:56:44.680877 2026] [php:error] [pid 6027] [client 35.247.243.244:0] script '/domains/windsorweb/adminer-5.0.1-mysql.php' not found or unable to stat
[Thu Jan 29 06:56:45.353532 2026] [php:error] [pid 6023] [client 35.247.243.245:0] script '/domains/windsorweb/adminer-5.0.3.php' not found or unable to stat
[Thu Jan 29 06:56:57.282623 2026] [php:error] [pid 6031] [client 35.247.243.255:0] script '/domains/schellin/adminer-5.2.1-en.php' not found or unable to stat
[Thu Jan 29 06:57:07.659422 2026] [php:error] [pid 6046] [client 35.247.243.245:0] script '/domains/windsorweb/adminer-5.0.6-en.php' not found or unable to stat
[Thu Jan 29 06:57:24.150864 2026] [php:error] [pid 6031] [client 35.247.243.247:0] script '/domains/windsorweb/adminer-5.2.0-mysql-en.php' not found or unable to stat
[Thu Jan 29 06:57:24.243546 2026] [php:error] [pid 6041] [client 35.247.243.245:0] script '/domains/windsorweb/adminer-5.0.0-mysql.php' not found or unable to stat
[Thu Jan 29 06:57:24.826004 2026] [php:error] [pid 6040] [client 34.96.162.51:0] script '/domains/windsorweb/mydb.php' not found or unable to stat
[Thu Jan 29 06:57:27.275897 2026] [php:error] [pid 6031] [client 35.247.243.243:0] script '/domains/windsorweb/adminer-5.0.4.php' not found or unable to stat
[Thu Jan 29 06:57:30.416238 2026] [php:error] [pid 6031] [client 35.247.243.250:0] script '/domains/windsorweb/adminer-4.7.5.php' not found or unable to stat
[Thu Jan 29 06:57:31.410425 2026] [php:error] [pid 6040] [client 34.96.162.48:0] script '/domains/windsorweb/adminer-5.1.0-mysql.php' not found or unable to stat
[Thu Jan 29 06:57:34.892192 2026] [php:error] [pid 6031] [client 98.159.37.181:0] script '/domains/rainho/wp-login.php' not found or unable to stat
[Thu Jan 29 06:57:41.926366 2026] [php:error] [pid 6031] [client 34.96.162.53:0] script '/domains/windsorweb/adminer-5.1.1.php' not found or unable to stat
[Thu Jan 29 06:57:55.244168 2026] [php:error] [pid 6061] [client 34.96.162.58:0] script '/domains/windsorweb/adminer-4.7.0.php' not found or unable to stat
[Thu Jan 29 06:57:55.254425 2026] [php:error] [pid 6065] [client 34.96.162.57:0] script '/domains/windsorweb/adminer-4.8.1-mysql-en.php' not found or unable to stat
[Thu Jan 29 06:57:56.290635 2026] [php:error] [pid 6066] [client 34.96.162.58:0] script '/domains/windsorweb/adminer-4.7.0.php' not found or unable to stat
[Thu Jan 29 06:58:03.985893 2026] [php:error] [pid 6052] [client 35.247.243.252:0] script '/domains/windsorweb/adminer-5.0.6.php' not found or unable to stat
[Thu Jan 29 06:58:30.760096 2026] [php:error] [pid 6088] [client 35.247.243.246:0] script '/domains/windsorweb/adminer-4.8.1-mysql.php' not found or unable to stat
[Thu Jan 29 06:58:33.286438 2026] [php:error] [pid 6041] [client 34.96.162.54:0] script '/domains/windsorweb/adminer-4.6.2.php' not found or unable to stat
[Thu Jan 29 06:58:34.803057 2026] [php:error] [pid 6085] [client 34.96.162.59:0] script '/domains/windsorweb/mydb.php' not found or unable to stat
[Thu Jan 29 06:58:50.367556 2026] [php:error] [pid 6084] [client 35.247.243.241:0] script '/domains/windsorweb/adminer-5.3.0-mysql.php' not found or unable to stat
[Thu Jan 29 06:59:12.323725 2026] [php:error] [pid 6092] [client 34.96.162.50:0] script '/domains/windsorweb/adminer-4.8.1-mysql.php' not found or unable to stat
[Thu Jan 29 06:59:18.185092 2026] [php:error] [pid 6049] [client 34.96.162.59:0] script '/domains/windsorweb/adminer-5.3.0.php' not found or unable to stat
[Thu Jan 29 06:59:24.156216 2026] [php:error] [pid 6093] [client 35.247.243.246:0] script '/domains/windsorweb/DB.php' not found or unable to stat
[Thu Jan 29 06:59:33.851581 2026] [php:error] [pid 6096] [client 34.96.162.58:0] script '/domains/windsorweb/adminer-5.4.0.php' not found or unable to stat
[Thu Jan 29 06:59:35.351692 2026] [php:error] [pid 6084] [client 34.96.162.48:0] script '/domains/windsorweb/adminer-5.2.1-mysql-en.php' not found or unable to stat
[Thu Jan 29 06:59:50.284269 2026] [php:error] [pid 6094] [client 35.247.243.244:0] script '/domains/windsorweb/adminer-5.0.1.php' not found or unable to stat
[Thu Jan 29 06:59:58.360146 2026] [php:error] [pid 6098] [client 34.96.162.52:0] script '/domains/schellin/adminer-4.7.6.php' not found or unable to stat
[Thu Jan 29 07:00:13.118801 2026] [php:error] [pid 6084] [client 34.96.162.56:0] script '/domains/windsorweb/DB.php' not found or unable to stat
[Thu Jan 29 07:00:14.679458 2026] [php:error] [pid 6110] [client 34.96.162.58:0] script '/domains/windsorweb/adminer-4.8.1-mysql-en.php' not found or unable to stat
[Thu Jan 29 07:00:20.722000 2026] [php:error] [pid 6094] [client 35.247.243.248:0] script '/domains/windsorweb/adminer-db.php' not found or unable to stat
[Thu Jan 29 07:00:32.083368 2026] [php:error] [pid 6097] [client 34.96.162.60:0] script '/domains/windsorweb/adminer-4.8.1-mysql.php' not found or unable to stat
[Thu Jan 29 07:00:45.019670 2026] [php:error] [pid 6098] [client 35.247.243.254:0] script '/domains/windsorweb/adminer-5.0.6-en.php' not found or unable to stat
[Thu Jan 29 07:00:47.586141 2026] [php:error] [pid 6098] [client 4.194.107.19:0] script '/domains/brigadeweb/autoload_classmap.php' not found or unable to stat
[Thu Jan 29 07:00:47.808828 2026] [php:error] [pid 6098] [client 4.194.107.19:0] script '/domains/brigadeweb/alfa.php' not found or unable to stat
[Thu Jan 29 07:00:48.251763 2026] [php:error] [pid 6098] [client 4.194.107.19:0] script '/domains/brigadeweb/luxe.php' not found or unable to stat
[Thu Jan 29 07:00:48.807175 2026] [php:error] [pid 6098] [client 4.194.107.19:0] script '/domains/brigadeweb/rezor.php' not found or unable to stat
[Thu Jan 29 07:00:49.102162 2026] [php:error] [pid 6098] [client 4.194.107.19:0] script '/domains/brigadeweb/doc.php' not found or unable to stat
[Thu Jan 29 07:00:49.876163 2026] [php:error] [pid 6098] [client 4.194.107.19:0] script '/domains/brigadeweb/install.php' not found or unable to stat
[Thu Jan 29 07:00:50.327669 2026] [php:error] [pid 6098] [client 4.194.107.19:0] script '/domains/brigadeweb/sto.php' not found or unable to stat
[Thu Jan 29 07:00:50.577203 2026] [php:error] [pid 6097] [client 35.247.243.252:0] script '/domains/windsorweb/adminer-5.0.3.php' not found or unable to stat
[Thu Jan 29 07:00:50.619500 2026] [php:error] [pid 6098] [client 4.194.107.19:0] script '/domains/brigadeweb/x.php' not found or unable to stat
[Thu Jan 29 07:00:50.926321 2026] [php:error] [pid 6098] [client 4.194.107.19:0] script '/domains/brigadeweb/test.php' not found or unable to stat
[Thu Jan 29 07:00:51.423587 2026] [php:error] [pid 6098] [client 4.194.107.19:0] script '/domains/brigadeweb/n3.php' not found or unable to stat
[Thu Jan 29 07:00:51.862070 2026] [php:error] [pid 6098] [client 4.194.107.19:0] script '/domains/brigadeweb/o.php' not found or unable to stat
[Thu Jan 29 07:00:52.318477 2026] [php:error] [pid 6098] [client 4.194.107.19:0] script '/domains/brigadeweb/class-t.api.php' not found or unable to stat
[Thu Jan 29 07:00:52.781838 2026] [php:error] [pid 6098] [client 4.194.107.19:0] script '/domains/brigadeweb/wp.php' not found or unable to stat
[Thu Jan 29 07:00:53.450001 2026] [php:error] [pid 6098] [client 4.194.107.19:0] script '/domains/brigadeweb/h.php' not found or unable to stat
[Thu Jan 29 07:00:53.922495 2026] [php:error] [pid 6098] [client 4.194.107.19:0] script '/domains/brigadeweb/wrt.php' not found or unable to stat
[Thu Jan 29 07:00:54.606549 2026] [php:error] [pid 6098] [client 4.194.107.19:0] script '/domains/brigadeweb/images/c99.php' not found or unable to stat
[Thu Jan 29 07:00:54.888233 2026] [php:error] [pid 6098] [client 4.194.107.19:0] script '/domains/brigadeweb/png.php' not found or unable to stat
[Thu Jan 29 07:00:55.333147 2026] [php:error] [pid 6098] [client 4.194.107.19:0] script '/domains/brigadeweb/zwso.php' not found or unable to stat
[Thu Jan 29 07:00:56.226382 2026] [php:error] [pid 6098] [client 4.194.107.19:0] script '/domains/brigadeweb/ton.php' not found or unable to stat
[Thu Jan 29 07:00:56.451231 2026] [php:error] [pid 6098] [client 4.194.107.19:0] script '/domains/brigadeweb/wso.php' not found or unable to stat
[Thu Jan 29 07:00:56.914062 2026] [php:error] [pid 6098] [client 4.194.107.19:0] script '/domains/brigadeweb/a2.php' not found or unable to stat
[Thu Jan 29 07:00:57.156392 2026] [php:error] [pid 6098] [client 4.194.107.19:0] script '/domains/brigadeweb/shell.php' not found or unable to stat
[Thu Jan 29 07:00:57.637716 2026] [php:error] [pid 6098] [client 4.194.107.19:0] script '/domains/brigadeweb/sxo.php' not found or unable to stat
[Thu Jan 29 07:00:57.890400 2026] [php:error] [pid 6098] [client 4.194.107.19:0] script '/domains/brigadeweb/admin.php' not found or unable to stat
[Thu Jan 29 07:00:58.561575 2026] [php:error] [pid 6098] [client 4.194.107.19:0] script '/domains/brigadeweb/mans.php' not found or unable to stat
[Thu Jan 29 07:00:58.780500 2026] [php:error] [pid 6098] [client 4.194.107.19:0] script '/domains/brigadeweb/dropdown.php' not found or unable to stat
[Thu Jan 29 07:00:59.218596 2026] [php:error] [pid 6098] [client 4.194.107.19:0] script '/domains/brigadeweb/ze.php' not found or unable to stat
[Thu Jan 29 07:00:59.376393 2026] [php:error] [pid 6115] [client 35.247.243.250:0] script '/domains/windsorweb/adminer-4.7.3.php' not found or unable to stat
[Thu Jan 29 07:00:59.491762 2026] [php:error] [pid 6098] [client 4.194.107.19:0] script '/domains/brigadeweb/geck.php' not found or unable to stat
[Thu Jan 29 07:00:59.717010 2026] [php:error] [pid 6098] [client 4.194.107.19:0] script '/domains/brigadeweb/menu.php' not found or unable to stat
[Thu Jan 29 07:01:00.373663 2026] [php:error] [pid 6098] [client 4.194.107.19:0] script '/domains/brigadeweb/flower.php' not found or unable to stat
[Thu Jan 29 07:01:00.593262 2026] [php:error] [pid 6098] [client 4.194.107.19:0] script '/domains/brigadeweb/ftp.php' not found or unable to stat
[Thu Jan 29 07:01:00.825597 2026] [php:error] [pid 6098] [client 4.194.107.19:0] script '/domains/brigadeweb/mds.php' not found or unable to stat
[Thu Jan 29 07:01:01.057478 2026] [php:error] [pid 6098] [client 4.194.107.19:0] script '/domains/brigadeweb/ahax.php' not found or unable to stat
[Thu Jan 29 07:01:01.495239 2026] [php:error] [pid 6098] [client 4.194.107.19:0] script '/domains/brigadeweb/cool.php' not found or unable to stat
[Thu Jan 29 07:01:01.644291 2026] [php:error] [pid 6115] [client 35.247.243.240:0] script '/domains/windsorweb/adminer-4.8.1-en.php' not found or unable to stat
[Thu Jan 29 07:01:01.715176 2026] [php:error] [pid 6098] [client 4.194.107.19:0] script '/domains/brigadeweb/gm.php' not found or unable to stat
[Thu Jan 29 07:01:01.953447 2026] [php:error] [pid 6098] [client 4.194.107.19:0] script '/domains/brigadeweb/simple.php' not found or unable to stat
[Thu Jan 29 07:01:02.173148 2026] [php:error] [pid 6098] [client 4.194.107.19:0] script '/domains/brigadeweb/elp.php' not found or unable to stat
[Thu Jan 29 07:01:02.392737 2026] [php:error] [pid 6098] [client 4.194.107.19:0] script '/domains/brigadeweb/bolt.php' not found or unable to stat
[Thu Jan 29 07:01:02.831473 2026] [php:error] [pid 6098] [client 4.194.107.19:0] script '/domains/brigadeweb/inputs.php' not found or unable to stat
[Thu Jan 29 07:01:03.270232 2026] [php:error] [pid 6098] [client 4.194.107.19:0] script '/domains/brigadeweb/system.php' not found or unable to stat
[Thu Jan 29 07:01:04.183365 2026] [php:error] [pid 6098] [client 4.194.107.19:0] script '/domains/brigadeweb/an.php' not found or unable to stat
[Thu Jan 29 07:01:04.402099 2026] [php:error] [pid 6098] [client 4.194.107.19:0] script '/domains/brigadeweb/w.php' not found or unable to stat
[Thu Jan 29 07:01:04.658180 2026] [php:error] [pid 6098] [client 4.194.107.19:0] script '/domains/brigadeweb/gmo.php' not found or unable to stat
[Thu Jan 29 07:01:04.877492 2026] [php:error] [pid 6098] [client 4.194.107.19:0] script '/domains/brigadeweb/gib.php' not found or unable to stat
[Thu Jan 29 07:01:05.096885 2026] [php:error] [pid 6098] [client 4.194.107.19:0] script '/domains/brigadeweb/wp-miiss.php.php' not found or unable to stat
[Thu Jan 29 07:01:05.662680 2026] [php:error] [pid 6098] [client 4.194.107.19:0] script '/domains/brigadeweb/moon.php' not found or unable to stat
[Thu Jan 29 07:01:05.881977 2026] [php:error] [pid 6098] [client 4.194.107.19:0] script '/domains/brigadeweb/filesss.php' not found or unable to stat
[Thu Jan 29 07:01:06.142518 2026] [php:error] [pid 6098] [client 4.194.107.19:0] script '/domains/brigadeweb/hey.php' not found or unable to stat
[Thu Jan 29 07:01:06.670683 2026] [php:error] [pid 6098] [client 4.194.107.19:0] script '/domains/brigadeweb/1337.php' not found or unable to stat
[Thu Jan 29 07:01:06.890416 2026] [php:error] [pid 6098] [client 4.194.107.19:0] script '/domains/brigadeweb/buy.php' not found or unable to stat
[Thu Jan 29 07:01:07.337039 2026] [php:error] [pid 6098] [client 4.194.107.19:0] script '/domains/brigadeweb/m.php' not found or unable to stat
[Thu Jan 29 07:01:07.556321 2026] [php:error] [pid 6098] [client 4.194.107.19:0] script '/domains/brigadeweb/wp-is.php' not found or unable to stat
[Thu Jan 29 07:01:07.795018 2026] [php:error] [pid 6098] [client 4.194.107.19:0] script '/domains/brigadeweb/jmfi2.php' not found or unable to stat
[Thu Jan 29 07:01:08.234724 2026] [php:error] [pid 6098] [client 4.194.107.19:0] script '/domains/brigadeweb/bnn_.php' not found or unable to stat
[Thu Jan 29 07:01:08.674424 2026] [php:error] [pid 6098] [client 4.194.107.19:0] script '/domains/brigadeweb/hzz.php' not found or unable to stat
[Thu Jan 29 07:01:08.897934 2026] [php:error] [pid 6098] [client 4.194.107.19:0] script '/domains/brigadeweb/shell20211028.php' not found or unable to stat
[Thu Jan 29 07:01:09.119329 2026] [php:error] [pid 6098] [client 4.194.107.19:0] script '/domains/brigadeweb/content.php' not found or unable to stat
[Thu Jan 29 07:01:09.557349 2026] [php:error] [pid 6098] [client 4.194.107.19:0] script '/domains/brigadeweb/ps.php' not found or unable to stat
[Thu Jan 29 07:01:10.296802 2026] [php:error] [pid 6098] [client 4.194.107.19:0] script '/domains/brigadeweb/cache.php' not found or unable to stat
[Thu Jan 29 07:01:10.525916 2026] [php:error] [pid 6098] [client 4.194.107.19:0] script '/domains/brigadeweb/ss.php' not found or unable to stat
[Thu Jan 29 07:01:10.761499 2026] [php:error] [pid 6098] [client 4.194.107.19:0] script '/domains/brigadeweb/p.php' not found or unable to stat
[Thu Jan 29 07:01:11.009170 2026] [php:error] [pid 6118] [client 35.247.243.240:0] script '/domains/windsorweb/db.php' not found or unable to stat
[Thu Jan 29 07:01:11.641211 2026] [php:error] [pid 6097] [client 4.194.107.19:0] script '/domains/brigadeweb/user.php' not found or unable to stat
[Thu Jan 29 07:01:12.335337 2026] [php:error] [pid 6097] [client 4.194.107.19:0] script '/domains/brigadeweb/wp.php' not found or unable to stat
[Thu Jan 29 07:01:12.556462 2026] [php:error] [pid 6097] [client 4.194.107.19:0] script '/domains/brigadeweb/rip.php' not found or unable to stat
[Thu Jan 29 07:01:12.778738 2026] [php:error] [pid 6097] [client 4.194.107.19:0] script '/domains/brigadeweb/wp4.php' not found or unable to stat
[Thu Jan 29 07:01:12.999957 2026] [php:error] [pid 6097] [client 4.194.107.19:0] script '/domains/brigadeweb/403.php' not found or unable to stat
[Thu Jan 29 07:01:13.475157 2026] [php:error] [pid 6097] [client 4.194.107.19:0] script '/domains/brigadeweb/asd67.php' not found or unable to stat
[Thu Jan 29 07:01:13.930573 2026] [php:error] [pid 6097] [client 4.194.107.19:0] script '/domains/brigadeweb/oivcl.php' not found or unable to stat
[Thu Jan 29 07:01:14.152185 2026] [php:error] [pid 6097] [client 4.194.107.19:0] script '/domains/brigadeweb/about.php' not found or unable to stat
[Thu Jan 29 07:01:14.621515 2026] [php:error] [pid 6097] [client 4.194.107.19:0] script '/domains/brigadeweb/v2.php' not found or unable to stat
[Thu Jan 29 07:01:15.544557 2026] [php:error] [pid 6097] [client 4.194.107.19:0] script '/domains/brigadeweb/dr.php' not found or unable to stat
[Thu Jan 29 07:01:15.796037 2026] [php:error] [pid 6097] [client 4.194.107.19:0] script '/domains/brigadeweb/raw.php' not found or unable to stat
[Thu Jan 29 07:01:16.459844 2026] [php:error] [pid 6097] [client 4.194.107.19:0] script '/domains/brigadeweb/ioxi-o2.php' not found or unable to stat
[Thu Jan 29 07:01:16.687788 2026] [php:error] [pid 6097] [client 4.194.107.19:0] script '/domains/brigadeweb/dropdown.php' not found or unable to stat
[Thu Jan 29 07:01:16.950778 2026] [php:error] [pid 6097] [client 4.194.107.19:0] script '/domains/brigadeweb/dlu.php' not found or unable to stat
[Thu Jan 29 07:01:17.414096 2026] [php:error] [pid 6097] [client 4.194.107.19:0] script '/domains/brigadeweb/db.php' not found or unable to stat
[Thu Jan 29 07:01:17.635567 2026] [php:error] [pid 6097] [client 4.194.107.19:0] script '/domains/brigadeweb/packed.php' not found or unable to stat
[Thu Jan 29 07:01:17.858664 2026] [php:error] [pid 6097] [client 4.194.107.19:0] script '/domains/brigadeweb/wp-configs.php' not found or unable to stat
[Thu Jan 29 07:01:17.935775 2026] [php:error] [pid 6114] [client 34.96.162.57:0] script '/domains/windsorweb/adminer-db.php' not found or unable to stat
[Thu Jan 29 07:01:18.094808 2026] [php:error] [pid 6097] [client 4.194.107.19:0] script '/domains/brigadeweb/404.php' not found or unable to stat
[Thu Jan 29 07:01:18.318591 2026] [php:error] [pid 6097] [client 4.194.107.19:0] script '/domains/brigadeweb/des.php' not found or unable to stat
[Thu Jan 29 07:01:18.761755 2026] [php:error] [pid 6097] [client 4.194.107.19:0] script '/domains/brigadeweb/lufix.php' not found or unable to stat
[Thu Jan 29 07:01:26.650941 2026] [php:error] [pid 6118] [client 34.96.162.51:0] script '/domains/windsorweb/adminer-4.6.0.php' not found or unable to stat
sendmail: invalid recipient `#'
[Thu Jan 29 07:01:39.067447 2026] [php:error] [pid 6114] [client 35.247.243.255:0] script '/domains/windsorweb/db.php' not found or unable to stat
[Thu Jan 29 07:01:40.778104 2026] [php:error] [pid 6097] [client 40.115.138.121:0] script '/domains/system_cancel/about.php' not found or unable to stat
