[Thu Jan 29 08:31:57.494195 2026] [php:error] [pid 24175] [client 4.241.216.217:0] script '/domains/hdickens.enteract/index4.php' not found or unable to stat
[Thu Jan 29 08:31:57.657121 2026] [php:error] [pid 24175] [client 4.241.216.217:0] script '/domains/hdickens.enteract/backup.php' not found or unable to stat
[Thu Jan 29 08:31:57.684714 2026] [php:error] [pid 24179] [client 4.188.251.0:0] script '/domains/dcoffman/wsa.php' not found or unable to stat
[Thu Jan 29 08:31:57.819866 2026] [php:error] [pid 24175] [client 4.241.216.217:0] script '/domains/hdickens.enteract/wp-admin-css.php' not found or unable to stat
[Thu Jan 29 08:31:57.887946 2026] [php:error] [pid 24179] [client 4.188.251.0:0] script '/domains/dcoffman/wp-fclass.php' not found or unable to stat
[Thu Jan 29 08:31:57.993735 2026] [php:error] [pid 24175] [client 4.241.216.217:0] script '/domains/hdickens.enteract/priv.php' not found or unable to stat
[Thu Jan 29 08:31:58.172475 2026] [php:error] [pid 24175] [client 4.241.216.217:0] script '/domains/hdickens.enteract/yes.php' not found or unable to stat
[Thu Jan 29 08:31:58.295695 2026] [php:error] [pid 24179] [client 4.188.251.0:0] script '/domains/dcoffman/exit.php' not found or unable to stat
[Thu Jan 29 08:31:58.341458 2026] [php:error] [pid 24175] [client 4.241.216.217:0] script '/domains/hdickens.enteract/change_password.php' not found or unable to stat
[Thu Jan 29 08:31:58.504483 2026] [php:error] [pid 24179] [client 4.188.251.0:0] script '/domains/dcoffman/0.php' not found or unable to stat
[Thu Jan 29 08:31:58.504978 2026] [php:error] [pid 24175] [client 4.241.216.217:0] script '/domains/hdickens.enteract/payout.php' not found or unable to stat
[Thu Jan 29 08:31:58.668007 2026] [php:error] [pid 24175] [client 4.241.216.217:0] script '/domains/hdickens.enteract/wsanon.php' not found or unable to stat
[Thu Jan 29 08:31:58.707505 2026] [php:error] [pid 24179] [client 4.188.251.0:0] script '/domains/dcoffman/wp-scripts.php' not found or unable to stat
[Thu Jan 29 08:31:58.830899 2026] [php:error] [pid 24175] [client 4.241.216.217:0] script '/domains/hdickens.enteract/defense.php' not found or unable to stat
[Thu Jan 29 08:31:58.915213 2026] [php:error] [pid 24179] [client 4.188.251.0:0] script '/domains/dcoffman/reset.php' not found or unable to stat
[Thu Jan 29 08:31:58.993712 2026] [php:error] [pid 24175] [client 4.241.216.217:0] script '/domains/hdickens.enteract/sxo.php' not found or unable to stat
[Thu Jan 29 08:31:59.117977 2026] [php:error] [pid 24179] [client 4.188.251.0:0] script '/domains/dcoffman/ova-tools.php' not found or unable to stat
[Thu Jan 29 08:31:59.156387 2026] [php:error] [pid 24175] [client 4.241.216.217:0] script '/domains/hdickens.enteract/local-phpinfo.php' not found or unable to stat
[Thu Jan 29 08:31:59.323793 2026] [php:error] [pid 24179] [client 4.188.251.0:0] script '/domains/dcoffman/f35.php' not found or unable to stat
[Thu Jan 29 08:31:59.331697 2026] [php:error] [pid 24175] [client 4.241.216.217:0] script '/domains/hdickens.enteract/wp-cc.php' not found or unable to stat
[Thu Jan 29 08:31:59.514915 2026] [php:error] [pid 24175] [client 4.241.216.217:0] script '/domains/hdickens.enteract/wp-class.php' not found or unable to stat
[Thu Jan 29 08:31:59.526792 2026] [php:error] [pid 24179] [client 4.188.251.0:0] script '/domains/dcoffman/OLD-UP-ova.php' not found or unable to stat
[Thu Jan 29 08:31:59.678309 2026] [php:error] [pid 24175] [client 4.241.216.217:0] script '/domains/hdickens.enteract/colors.php' not found or unable to stat
[Thu Jan 29 08:31:59.733485 2026] [php:error] [pid 24179] [client 4.188.251.0:0] script '/domains/dcoffman/log404.php' not found or unable to stat
[Thu Jan 29 08:31:59.936319 2026] [php:error] [pid 24179] [client 4.188.251.0:0] script '/domains/dcoffman/wp-2022.php' not found or unable to stat
[Thu Jan 29 08:32:00.008653 2026] [php:error] [pid 24175] [client 4.241.216.217:0] script '/domains/hdickens.enteract/server.php' not found or unable to stat
[Thu Jan 29 08:32:00.139243 2026] [php:error] [pid 24179] [client 4.188.251.0:0] script '/domains/dcoffman/xlettt.php' not found or unable to stat
[Thu Jan 29 08:32:00.192947 2026] [php:error] [pid 24175] [client 4.241.216.217:0] script '/domains/hdickens.enteract/iR7SzrsOUEP.php' not found or unable to stat
[Thu Jan 29 08:32:00.342281 2026] [php:error] [pid 24179] [client 4.188.251.0:0] script '/domains/dcoffman/post-new.php' not found or unable to stat
[Thu Jan 29 08:32:00.381481 2026] [php:error] [pid 24175] [client 4.241.216.217:0] script '/domains/hdickens.enteract/ini.php' not found or unable to stat
[Thu Jan 29 08:32:00.544958 2026] [php:error] [pid 24179] [client 4.188.251.0:0] script '/domains/dcoffman/CasperExV1.php' not found or unable to stat
[Thu Jan 29 08:32:00.747971 2026] [php:error] [pid 24179] [client 4.188.251.0:0] script '/domains/dcoffman/release.php' not found or unable to stat
[Thu Jan 29 08:32:00.951146 2026] [php:error] [pid 24179] [client 4.188.251.0:0] script '/domains/dcoffman/curl.php' not found or unable to stat
[Thu Jan 29 08:32:01.166389 2026] [php:error] [pid 24179] [client 4.188.251.0:0] script '/domains/dcoffman/fan.php' not found or unable to stat
[Thu Jan 29 08:32:01.374738 2026] [php:error] [pid 24179] [client 4.188.251.0:0] script '/domains/dcoffman/avbxfstf.php' not found or unable to stat
[Thu Jan 29 08:32:01.400313 2026] [php:error] [pid 24175] [client 4.241.216.217:0] script '/domains/hdickens.enteract/inbox.php' not found or unable to stat
[Thu Jan 29 08:32:01.577846 2026] [php:error] [pid 24179] [client 4.188.251.0:0] script '/domains/dcoffman/browse.php' not found or unable to stat
[Thu Jan 29 08:32:01.781243 2026] [php:error] [pid 24179] [client 4.188.251.0:0] script '/domains/dcoffman/wp-commentin.php' not found or unable to stat
[Thu Jan 29 08:32:01.984456 2026] [php:error] [pid 24179] [client 4.188.251.0:0] script '/domains/dcoffman/backup_db.php' not found or unable to stat
[Thu Jan 29 08:32:01.991168 2026] [php:error] [pid 24186] [client 35.247.243.241:0] script '/domains/bburke/adminer-4.3.0.php' not found or unable to stat
[Thu Jan 29 08:32:02.054624 2026] [php:error] [pid 24175] [client 4.241.216.217:0] script '/domains/hdickens.enteract/wp-cdi.php' not found or unable to stat
[Thu Jan 29 08:32:02.187623 2026] [php:error] [pid 24179] [client 4.188.251.0:0] script '/domains/dcoffman/rzhfy.php' not found or unable to stat
[Thu Jan 29 08:32:02.217390 2026] [php:error] [pid 24175] [client 4.241.216.217:0] script '/domains/hdickens.enteract/blue.php' not found or unable to stat
[Thu Jan 29 08:32:02.380389 2026] [php:error] [pid 24175] [client 4.241.216.217:0] script '/domains/hdickens.enteract/alfa1.php' not found or unable to stat
[Thu Jan 29 08:32:02.390467 2026] [php:error] [pid 24179] [client 4.188.251.0:0] script '/domains/dcoffman/Casper.php' not found or unable to stat
[Thu Jan 29 08:32:02.543657 2026] [php:error] [pid 24175] [client 4.241.216.217:0] script '/domains/hdickens.enteract/spip.php' not found or unable to stat
[Thu Jan 29 08:32:02.593415 2026] [php:error] [pid 24179] [client 4.188.251.0:0] script '/domains/dcoffman/wp-load.php' not found or unable to stat
[Thu Jan 29 08:32:02.706390 2026] [php:error] [pid 24175] [client 4.241.216.217:0] script '/domains/hdickens.enteract/input.php' not found or unable to stat
[Thu Jan 29 08:32:02.796563 2026] [php:error] [pid 24179] [client 4.188.251.0:0] script '/domains/dcoffman/w.php' not found or unable to stat
[Thu Jan 29 08:32:02.999751 2026] [php:error] [pid 24179] [client 4.188.251.0:0] script '/domains/dcoffman/yrfjzewo.php' not found or unable to stat
[Thu Jan 29 08:32:03.014586 2026] [php:error] [pid 24175] [client 4.241.216.217:0] script '/domains/hdickens.enteract/index-ajax-response.php' not found or unable to stat
[Thu Jan 29 08:32:03.178328 2026] [php:error] [pid 24175] [client 4.241.216.217:0] script '/domains/hdickens.enteract/csv.php' not found or unable to stat
[Thu Jan 29 08:32:03.202649 2026] [php:error] [pid 24179] [client 4.188.251.0:0] script '/domains/dcoffman/botwdhur.php' not found or unable to stat
[Thu Jan 29 08:32:03.345234 2026] [php:error] [pid 24175] [client 4.241.216.217:0] script '/domains/hdickens.enteract/blkqvmih.php' not found or unable to stat
[Thu Jan 29 08:32:03.405590 2026] [php:error] [pid 24179] [client 4.188.251.0:0] script '/domains/dcoffman/.env.php' not found or unable to stat
[Thu Jan 29 08:32:03.507953 2026] [php:error] [pid 24175] [client 4.241.216.217:0] script '/domains/hdickens.enteract/yanz.php' not found or unable to stat
[Thu Jan 29 08:32:03.608655 2026] [php:error] [pid 24179] [client 4.188.251.0:0] script '/domains/dcoffman/cw.php' not found or unable to stat
[Thu Jan 29 08:32:03.704804 2026] [php:error] [pid 24175] [client 4.241.216.217:0] script '/domains/hdickens.enteract/session.php' not found or unable to stat
[Thu Jan 29 08:32:03.812025 2026] [php:error] [pid 24179] [client 4.188.251.0:0] script '/domains/dcoffman/disagrsod.php' not found or unable to stat
[Thu Jan 29 08:32:03.868129 2026] [php:error] [pid 24175] [client 4.241.216.217:0] script '/domains/hdickens.enteract/class-wp-filesystemss.php' not found or unable to stat
[Thu Jan 29 08:32:04.015703 2026] [php:error] [pid 24179] [client 4.188.251.0:0] script '/domains/dcoffman/sidebar.php' not found or unable to stat
[Thu Jan 29 08:32:04.036318 2026] [php:error] [pid 24175] [client 4.241.216.217:0] script '/domains/hdickens.enteract/installer.php' not found or unable to stat
[Thu Jan 29 08:32:04.199668 2026] [php:error] [pid 24175] [client 4.241.216.217:0] script '/domains/hdickens.enteract/link-add.php' not found or unable to stat
[Thu Jan 29 08:32:04.218870 2026] [php:error] [pid 24179] [client 4.188.251.0:0] script '/domains/dcoffman/hanna1337.php' not found or unable to stat
[Thu Jan 29 08:32:04.430201 2026] [php:error] [pid 24179] [client 4.188.251.0:0] script '/domains/dcoffman/press-this.php' not found or unable to stat
[Thu Jan 29 08:32:04.633747 2026] [php:error] [pid 24179] [client 4.188.251.0:0] script '/domains/dcoffman/class_api.php' not found or unable to stat
[Thu Jan 29 08:32:04.836500 2026] [php:error] [pid 24179] [client 4.188.251.0:0] script '/domains/dcoffman/uph.php' not found or unable to stat
[Thu Jan 29 08:32:05.039420 2026] [php:error] [pid 24179] [client 4.188.251.0:0] script '/domains/dcoffman/jghkfuka.php' not found or unable to stat
[Thu Jan 29 08:32:05.242393 2026] [php:error] [pid 24179] [client 4.188.251.0:0] script '/domains/dcoffman/wp-sigunq.php' not found or unable to stat
[Thu Jan 29 08:32:05.445062 2026] [php:error] [pid 24179] [client 4.188.251.0:0] script '/domains/dcoffman/ms-admin.php' not found or unable to stat
[Thu Jan 29 08:32:05.648997 2026] [php:error] [pid 24179] [client 4.188.251.0:0] script '/domains/dcoffman/mdpjatct.php' not found or unable to stat
[Thu Jan 29 08:32:05.852001 2026] [php:error] [pid 24179] [client 4.188.251.0:0] script '/domains/dcoffman/leftDao.php' not found or unable to stat
[Thu Jan 29 08:32:06.262219 2026] [php:error] [pid 24179] [client 4.188.251.0:0] script '/domains/dcoffman/xxl.php' not found or unable to stat
[Thu Jan 29 08:32:06.347646 2026] [php:error] [pid 24175] [client 4.241.216.217:0] script '/domains/hdickens.enteract/audio.php' not found or unable to stat
[Thu Jan 29 08:32:06.465032 2026] [php:error] [pid 24179] [client 4.188.251.0:0] script '/domains/dcoffman/amigo.php' not found or unable to stat
[Thu Jan 29 08:32:06.510730 2026] [php:error] [pid 24175] [client 4.241.216.217:0] script '/domains/hdickens.enteract/aksinet.php' not found or unable to stat
[Thu Jan 29 08:32:06.668038 2026] [php:error] [pid 24179] [client 4.188.251.0:0] script '/domains/dcoffman/server-info.php' not found or unable to stat
[Thu Jan 29 08:32:06.673288 2026] [php:error] [pid 24175] [client 4.241.216.217:0] script '/domains/hdickens.enteract/register.php' not found or unable to stat
[Thu Jan 29 08:32:06.871391 2026] [php:error] [pid 24179] [client 4.188.251.0:0] script '/domains/dcoffman/b.php' not found or unable to stat
[Thu Jan 29 08:32:07.075224 2026] [php:error] [pid 24179] [client 4.188.251.0:0] script '/domains/dcoffman/dropdown.php' not found or unable to stat
[Thu Jan 29 08:32:07.257977 2026] [php:error] [pid 24175] [client 4.241.216.217:0] script '/domains/hdickens.enteract/4price3.php' not found or unable to stat
[Thu Jan 29 08:32:07.425700 2026] [php:error] [pid 24175] [client 4.241.216.217:0] script '/domains/hdickens.enteract/lofmebwd.php' not found or unable to stat
[Thu Jan 29 08:32:07.484122 2026] [php:error] [pid 24179] [client 4.188.251.0:0] script '/domains/dcoffman/okaoka.php' not found or unable to stat
[Thu Jan 29 08:32:07.687286 2026] [php:error] [pid 24179] [client 4.188.251.0:0] script '/domains/dcoffman/corn.php' not found or unable to stat
[Thu Jan 29 08:32:07.844275 2026] [php:error] [pid 24175] [client 4.241.216.217:0] script '/domains/hdickens.enteract/w8a6btny.php' not found or unable to stat
[Thu Jan 29 08:32:08.007499 2026] [php:error] [pid 24175] [client 4.241.216.217:0] script '/domains/hdickens.enteract/uwntsctk.php' not found or unable to stat
[Thu Jan 29 08:32:08.123973 2026] [php:error] [pid 24170] [client 4.188.251.0:0] script '/domains/dcoffman/php.php' not found or unable to stat
[Thu Jan 29 08:32:08.176020 2026] [php:error] [pid 24175] [client 4.241.216.217:0] script '/domains/hdickens.enteract/wboom.php' not found or unable to stat
[Thu Jan 29 08:32:08.363200 2026] [php:error] [pid 24170] [client 4.188.251.0:0] script '/domains/dcoffman/editor.php' not found or unable to stat
[Thu Jan 29 08:32:08.595647 2026] [php:error] [pid 24170] [client 4.188.251.0:0] script '/domains/dcoffman/environment.php' not found or unable to stat
[Thu Jan 29 08:32:08.884502 2026] [php:error] [pid 24175] [client 4.241.216.217:0] script '/domains/hdickens.enteract/wsa.php' not found or unable to stat
[Thu Jan 29 08:32:09.048597 2026] [php:error] [pid 24175] [client 4.241.216.217:0] script '/domains/hdickens.enteract/wp-fclass.php' not found or unable to stat
[Thu Jan 29 08:32:09.925001 2026] [php:error] [pid 24175] [client 4.241.216.217:0] script '/domains/hdickens.enteract/exit.php' not found or unable to stat
[Thu Jan 29 08:32:10.088198 2026] [php:error] [pid 24175] [client 4.241.216.217:0] script '/domains/hdickens.enteract/0.php' not found or unable to stat
[Thu Jan 29 08:32:10.251355 2026] [php:error] [pid 24175] [client 4.241.216.217:0] script '/domains/hdickens.enteract/wp-scripts.php' not found or unable to stat
[Thu Jan 29 08:32:10.418360 2026] [php:error] [pid 24175] [client 4.241.216.217:0] script '/domains/hdickens.enteract/reset.php' not found or unable to stat
[Thu Jan 29 08:32:10.581318 2026] [php:error] [pid 24175] [client 4.241.216.217:0] script '/domains/hdickens.enteract/ova-tools.php' not found or unable to stat
[Thu Jan 29 08:32:10.745658 2026] [php:error] [pid 24175] [client 4.241.216.217:0] script '/domains/hdickens.enteract/f35.php' not found or unable to stat
[Thu Jan 29 08:32:10.938876 2026] [php:error] [pid 24175] [client 4.241.216.217:0] script '/domains/hdickens.enteract/OLD-UP-ova.php' not found or unable to stat
[Thu Jan 29 08:32:11.102389 2026] [php:error] [pid 24175] [client 4.241.216.217:0] script '/domains/hdickens.enteract/log404.php' not found or unable to stat
[Thu Jan 29 08:32:11.265260 2026] [php:error] [pid 24175] [client 4.241.216.217:0] script '/domains/hdickens.enteract/wp-2022.php' not found or unable to stat
[Thu Jan 29 08:32:11.428349 2026] [php:error] [pid 24175] [client 4.241.216.217:0] script '/domains/hdickens.enteract/xlettt.php' not found or unable to stat
[Thu Jan 29 08:32:11.591649 2026] [php:error] [pid 24175] [client 4.241.216.217:0] script '/domains/hdickens.enteract/post-new.php' not found or unable to stat
[Thu Jan 29 08:32:11.754674 2026] [php:error] [pid 24175] [client 4.241.216.217:0] script '/domains/hdickens.enteract/CasperExV1.php' not found or unable to stat
[Thu Jan 29 08:32:11.917512 2026] [php:error] [pid 24175] [client 4.241.216.217:0] script '/domains/hdickens.enteract/release.php' not found or unable to stat
[Thu Jan 29 08:32:12.081103 2026] [php:error] [pid 24175] [client 4.241.216.217:0] script '/domains/hdickens.enteract/curl.php' not found or unable to stat
[Thu Jan 29 08:32:12.244687 2026] [php:error] [pid 24175] [client 4.241.216.217:0] script '/domains/hdickens.enteract/fan.php' not found or unable to stat
[Thu Jan 29 08:32:12.407817 2026] [php:error] [pid 24175] [client 4.241.216.217:0] script '/domains/hdickens.enteract/avbxfstf.php' not found or unable to stat
[Thu Jan 29 08:32:12.570561 2026] [php:error] [pid 24175] [client 4.241.216.217:0] script '/domains/hdickens.enteract/browse.php' not found or unable to stat
[Thu Jan 29 08:32:12.769405 2026] [php:error] [pid 24175] [client 4.241.216.217:0] script '/domains/hdickens.enteract/wp-commentin.php' not found or unable to stat
[Thu Jan 29 08:32:13.294241 2026] [php:error] [pid 24175] [client 4.241.216.217:0] script '/domains/hdickens.enteract/backup_db.php' not found or unable to stat
[Thu Jan 29 08:32:13.457371 2026] [php:error] [pid 24175] [client 4.241.216.217:0] script '/domains/hdickens.enteract/rzhfy.php' not found or unable to stat
[Thu Jan 29 08:32:13.641224 2026] [php:error] [pid 24175] [client 4.241.216.217:0] script '/domains/hdickens.enteract/Casper.php' not found or unable to stat
[Thu Jan 29 08:32:13.834367 2026] [php:error] [pid 24175] [client 4.241.216.217:0] script '/domains/hdickens.enteract/wp-load.php' not found or unable to stat
[Thu Jan 29 08:32:14.763523 2026] [php:error] [pid 24175] [client 4.241.216.217:0] script '/domains/hdickens.enteract/w.php' not found or unable to stat
[Thu Jan 29 08:32:14.926194 2026] [php:error] [pid 24175] [client 4.241.216.217:0] script '/domains/hdickens.enteract/yrfjzewo.php' not found or unable to stat
[Thu Jan 29 08:32:15.089684 2026] [php:error] [pid 24175] [client 4.241.216.217:0] script '/domains/hdickens.enteract/botwdhur.php' not found or unable to stat
[Thu Jan 29 08:32:15.273583 2026] [php:error] [pid 24175] [client 4.241.216.217:0] script '/domains/hdickens.enteract/.env.php' not found or unable to stat
[Thu Jan 29 08:32:15.462325 2026] [php:error] [pid 24175] [client 4.241.216.217:0] script '/domains/hdickens.enteract/cw.php' not found or unable to stat
[Thu Jan 29 08:32:15.631922 2026] [php:error] [pid 24175] [client 4.241.216.217:0] script '/domains/hdickens.enteract/disagrsod.php' not found or unable to stat
[Thu Jan 29 08:32:15.816466 2026] [php:error] [pid 24175] [client 4.241.216.217:0] script '/domains/hdickens.enteract/sidebar.php' not found or unable to stat
[Thu Jan 29 08:32:16.000046 2026] [php:error] [pid 24175] [client 4.241.216.217:0] script '/domains/hdickens.enteract/hanna1337.php' not found or unable to stat
[Thu Jan 29 08:32:16.164369 2026] [php:error] [pid 24175] [client 4.241.216.217:0] script '/domains/hdickens.enteract/press-this.php' not found or unable to stat
[Thu Jan 29 08:32:16.328137 2026] [php:error] [pid 24175] [client 4.241.216.217:0] script '/domains/hdickens.enteract/class_api.php' not found or unable to stat
[Thu Jan 29 08:32:16.492785 2026] [php:error] [pid 24175] [client 4.241.216.217:0] script '/domains/hdickens.enteract/uph.php' not found or unable to stat
[Thu Jan 29 08:32:16.667583 2026] [php:error] [pid 24175] [client 4.241.216.217:0] script '/domains/hdickens.enteract/jghkfuka.php' not found or unable to stat
[Thu Jan 29 08:32:16.835208 2026] [php:error] [pid 24175] [client 4.241.216.217:0] script '/domains/hdickens.enteract/wp-sigunq.php' not found or unable to stat
[Thu Jan 29 08:32:17.323960 2026] [php:error] [pid 24175] [client 4.241.216.217:0] script '/domains/hdickens.enteract/ms-admin.php' not found or unable to stat
[Thu Jan 29 08:32:17.489639 2026] [php:error] [pid 24175] [client 4.241.216.217:0] script '/domains/hdickens.enteract/mdpjatct.php' not found or unable to stat
[Thu Jan 29 08:32:17.657091 2026] [php:error] [pid 24175] [client 4.241.216.217:0] script '/domains/hdickens.enteract/leftDao.php' not found or unable to stat
[Thu Jan 29 08:32:18.045574 2026] [php:error] [pid 24175] [client 4.241.216.217:0] script '/domains/hdickens.enteract/xxl.php' not found or unable to stat
[Thu Jan 29 08:32:18.504805 2026] [php:error] [pid 24175] [client 4.241.216.217:0] script '/domains/hdickens.enteract/amigo.php' not found or unable to stat
[Thu Jan 29 08:32:18.668524 2026] [php:error] [pid 24175] [client 4.241.216.217:0] script '/domains/hdickens.enteract/server-info.php' not found or unable to stat
[Thu Jan 29 08:32:18.831653 2026] [php:error] [pid 24175] [client 4.241.216.217:0] script '/domains/hdickens.enteract/b.php' not found or unable to stat
[Thu Jan 29 08:32:18.994848 2026] [php:error] [pid 24175] [client 4.241.216.217:0] script '/domains/hdickens.enteract/dropdown.php' not found or unable to stat
[Thu Jan 29 08:32:19.338401 2026] [php:error] [pid 24175] [client 4.241.216.217:0] script '/domains/hdickens.enteract/okaoka.php' not found or unable to stat
[Thu Jan 29 08:32:19.501169 2026] [php:error] [pid 24175] [client 4.241.216.217:0] script '/domains/hdickens.enteract/corn.php' not found or unable to stat
[Thu Jan 29 08:32:21.090930 2026] [php:error] [pid 24184] [client 4.241.216.217:0] script '/domains/hdickens.enteract/php.php' not found or unable to stat
[Thu Jan 29 08:32:21.699401 2026] [php:error] [pid 24184] [client 4.241.216.217:0] script '/domains/hdickens.enteract/editor.php' not found or unable to stat
[Thu Jan 29 08:32:21.864268 2026] [php:error] [pid 24184] [client 4.241.216.217:0] script '/domains/hdickens.enteract/environment.php' not found or unable to stat
[Thu Jan 29 08:32:31.351387 2026] [php:error] [pid 24184] [client 141.98.10.136:0] script '/domains/msintl/wp-login.php' not found or unable to stat, referer: https://www.google.com/
[Thu Jan 29 08:32:36.604985 2026] [php:error] [pid 24188] [client 195.178.110.109:0] script '/domains/ferguson.interport/phpinfo.php' not found or unable to stat
[Thu Jan 29 08:32:38.348757 2026] [php:error] [pid 24171] [client 195.178.110.109:0] script '/domains/ferguson.interport/_phpinfo.php' not found or unable to stat
[Thu Jan 29 08:32:43.905172 2026] [php:error] [pid 24189] [client 20.89.56.154:0] script '/domains/mjbradley/class19.php' not found or unable to stat
[Thu Jan 29 08:32:44.070088 2026] [php:error] [pid 24189] [client 20.89.56.154:0] script '/domains/mjbradley/zwso.php' not found or unable to stat
[Thu Jan 29 08:32:44.236945 2026] [php:error] [pid 24189] [client 20.89.56.154:0] script '/domains/mjbradley/ficmdwty.php' not found or unable to stat
[Thu Jan 29 08:32:44.402757 2026] [php:error] [pid 24189] [client 20.89.56.154:0] script '/domains/mjbradley/xmrlpc.php' not found or unable to stat
[Thu Jan 29 08:32:44.568040 2026] [php:error] [pid 24189] [client 20.89.56.154:0] script '/domains/mjbradley/comfunctions.php' not found or unable to stat
[Thu Jan 29 08:32:44.733516 2026] [php:error] [pid 24189] [client 20.89.56.154:0] script '/domains/mjbradley/maintenance.php' not found or unable to stat
[Thu Jan 29 08:32:44.900665 2026] [php:error] [pid 24189] [client 20.89.56.154:0] script '/domains/mjbradley/indeex.php' not found or unable to stat
[Thu Jan 29 08:32:45.065775 2026] [php:error] [pid 24189] [client 20.89.56.154:0] script '/domains/mjbradley/wp-site.php' not found or unable to stat
[Thu Jan 29 08:32:45.231294 2026] [php:error] [pid 24189] [client 20.89.56.154:0] script '/domains/mjbradley/function.php' not found or unable to stat
[Thu Jan 29 08:32:45.396362 2026] [php:error] [pid 24189] [client 20.89.56.154:0] script '/domains/mjbradley/thfd.php' not found or unable to stat
[Thu Jan 29 08:32:45.561278 2026] [php:error] [pid 24189] [client 20.89.56.154:0] script '/domains/mjbradley/index4.php' not found or unable to stat
[Thu Jan 29 08:32:45.636644 2026] [php:error] [pid 24193] [client 195.178.110.109:0] script '/domains/ferguson.interport/wp-config.php.bak' not found or unable to stat
[Thu Jan 29 08:32:45.726641 2026] [php:error] [pid 24189] [client 20.89.56.154:0] script '/domains/mjbradley/backup.php' not found or unable to stat
[Thu Jan 29 08:32:45.768114 2026] [php:error] [pid 24193] [client 195.178.110.109:0] script '/domains/ferguson.interport/info.php' not found or unable to stat
[Thu Jan 29 08:32:45.891809 2026] [php:error] [pid 24189] [client 20.89.56.154:0] script '/domains/mjbradley/wp-admin-css.php' not found or unable to stat
[Thu Jan 29 08:32:46.057268 2026] [php:error] [pid 24189] [client 20.89.56.154:0] script '/domains/mjbradley/priv.php' not found or unable to stat
[Thu Jan 29 08:32:46.222209 2026] [php:error] [pid 24189] [client 20.89.56.154:0] script '/domains/mjbradley/yes.php' not found or unable to stat
[Thu Jan 29 08:32:46.389084 2026] [php:error] [pid 24189] [client 20.89.56.154:0] script '/domains/mjbradley/change_password.php' not found or unable to stat
[Thu Jan 29 08:32:46.554440 2026] [php:error] [pid 24189] [client 20.89.56.154:0] script '/domains/mjbradley/payout.php' not found or unable to stat
[Thu Jan 29 08:32:46.719480 2026] [php:error] [pid 24189] [client 20.89.56.154:0] script '/domains/mjbradley/wsanon.php' not found or unable to stat
[Thu Jan 29 08:32:46.884721 2026] [php:error] [pid 24189] [client 20.89.56.154:0] script '/domains/mjbradley/defense.php' not found or unable to stat
[Thu Jan 29 08:32:47.054616 2026] [php:error] [pid 24189] [client 20.89.56.154:0] script '/domains/mjbradley/sxo.php' not found or unable to stat
[Thu Jan 29 08:32:47.192952 2026] [php:error] [pid 24194] [client 195.178.110.109:0] script '/domains/ferguson.interport/server_info.php' not found or unable to stat
[Thu Jan 29 08:32:47.220210 2026] [php:error] [pid 24189] [client 20.89.56.154:0] script '/domains/mjbradley/local-phpinfo.php' not found or unable to stat
[Thu Jan 29 08:32:47.327136 2026] [php:error] [pid 24194] [client 195.178.110.109:0] script '/domains/ferguson.interport/app_dev.php' not found or unable to stat
[Thu Jan 29 08:32:47.400087 2026] [php:error] [pid 24189] [client 20.89.56.154:0] script '/domains/mjbradley/wp-cc.php' not found or unable to stat
[Thu Jan 29 08:32:47.481455 2026] [php:error] [pid 24194] [client 195.178.110.109:0] script '/domains/ferguson.interport/test.php' not found or unable to stat
[Thu Jan 29 08:32:47.569139 2026] [php:error] [pid 24184] [client 141.98.10.136:0] script '/domains/msintl/wp-login.php' not found or unable to stat
[Thu Jan 29 08:32:47.569589 2026] [php:error] [pid 24189] [client 20.89.56.154:0] script '/domains/mjbradley/wp-class.php' not found or unable to stat
[Thu Jan 29 08:32:47.663949 2026] [access_compat:error] [pid 24194] [client 195.178.110.109:0] AH01797: client denied by server configuration: /domains/ferguson.interport/server-info
[Thu Jan 29 08:32:47.737501 2026] [php:error] [pid 24189] [client 20.89.56.154:0] script '/domains/mjbradley/colors.php' not found or unable to stat
[Thu Jan 29 08:32:47.765106 2026] [php:error] [pid 24194] [client 195.178.110.109:0] script '/domains/ferguson.interport/server-info.php' not found or unable to stat
[Thu Jan 29 08:32:48.067661 2026] [php:error] [pid 24189] [client 20.89.56.154:0] script '/domains/mjbradley/server.php' not found or unable to stat
[Thu Jan 29 08:32:48.232845 2026] [php:error] [pid 24189] [client 20.89.56.154:0] script '/domains/mjbradley/iR7SzrsOUEP.php' not found or unable to stat
[Thu Jan 29 08:32:48.398343 2026] [php:error] [pid 24189] [client 20.89.56.154:0] script '/domains/mjbradley/ini.php' not found or unable to stat
[Thu Jan 29 08:32:48.563289 2026] [php:error] [pid 24189] [client 20.89.56.154:0] script '/domains/mjbradley/inbox.php' not found or unable to stat
[Thu Jan 29 08:32:48.728396 2026] [php:error] [pid 24189] [client 20.89.56.154:0] script '/domains/mjbradley/wp-cdi.php' not found or unable to stat
[Thu Jan 29 08:32:48.893489 2026] [php:error] [pid 24189] [client 20.89.56.154:0] script '/domains/mjbradley/blue.php' not found or unable to stat
[Thu Jan 29 08:32:49.058402 2026] [php:error] [pid 24189] [client 20.89.56.154:0] script '/domains/mjbradley/alfa1.php' not found or unable to stat
[Thu Jan 29 08:32:49.223337 2026] [php:error] [pid 24189] [client 20.89.56.154:0] script '/domains/mjbradley/spip.php' not found or unable to stat
[Thu Jan 29 08:32:49.389016 2026] [php:error] [pid 24189] [client 20.89.56.154:0] script '/domains/mjbradley/input.php' not found or unable to stat
[Thu Jan 29 08:32:49.555596 2026] [php:error] [pid 24189] [client 20.89.56.154:0] script '/domains/mjbradley/index-ajax-response.php' not found or unable to stat
[Thu Jan 29 08:32:49.720639 2026] [php:error] [pid 24189] [client 20.89.56.154:0] script '/domains/mjbradley/csv.php' not found or unable to stat
[Thu Jan 29 08:32:49.890232 2026] [php:error] [pid 24189] [client 20.89.56.154:0] script '/domains/mjbradley/blkqvmih.php' not found or unable to stat
[Thu Jan 29 08:32:50.055247 2026] [php:error] [pid 24189] [client 20.89.56.154:0] script '/domains/mjbradley/yanz.php' not found or unable to stat
[Thu Jan 29 08:32:50.220441 2026] [php:error] [pid 24189] [client 20.89.56.154:0] script '/domains/mjbradley/session.php' not found or unable to stat
[Thu Jan 29 08:32:50.385477 2026] [php:error] [pid 24189] [client 20.89.56.154:0] script '/domains/mjbradley/class-wp-filesystemss.php' not found or unable to stat
[Thu Jan 29 08:32:50.550353 2026] [php:error] [pid 24189] [client 20.89.56.154:0] script '/domains/mjbradley/installer.php' not found or unable to stat
[Thu Jan 29 08:32:50.715403 2026] [php:error] [pid 24189] [client 20.89.56.154:0] script '/domains/mjbradley/link-add.php' not found or unable to stat
[Thu Jan 29 08:32:50.880425 2026] [php:error] [pid 24189] [client 20.89.56.154:0] script '/domains/mjbradley/audio.php' not found or unable to stat
[Thu Jan 29 08:32:51.045607 2026] [php:error] [pid 24189] [client 20.89.56.154:0] script '/domains/mjbradley/aksinet.php' not found or unable to stat
[Thu Jan 29 08:32:51.210473 2026] [php:error] [pid 24189] [client 20.89.56.154:0] script '/domains/mjbradley/register.php' not found or unable to stat
[Thu Jan 29 08:32:51.380894 2026] [php:error] [pid 24189] [client 20.89.56.154:0] script '/domains/mjbradley/4price3.php' not found or unable to stat
[Thu Jan 29 08:32:51.545935 2026] [php:error] [pid 24189] [client 20.89.56.154:0] script '/domains/mjbradley/lofmebwd.php' not found or unable to stat
[Thu Jan 29 08:32:51.711056 2026] [php:error] [pid 24189] [client 20.89.56.154:0] script '/domains/mjbradley/w8a6btny.php' not found or unable to stat
[Thu Jan 29 08:32:51.876526 2026] [php:error] [pid 24189] [client 20.89.56.154:0] script '/domains/mjbradley/uwntsctk.php' not found or unable to stat
[Thu Jan 29 08:32:52.042754 2026] [php:error] [pid 24189] [client 20.89.56.154:0] script '/domains/mjbradley/wboom.php' not found or unable to stat
[Thu Jan 29 08:32:52.207843 2026] [php:error] [pid 24189] [client 20.89.56.154:0] script '/domains/mjbradley/wsa.php' not found or unable to stat
[Thu Jan 29 08:32:52.374967 2026] [php:error] [pid 24189] [client 20.89.56.154:0] script '/domains/mjbradley/wp-fclass.php' not found or unable to stat
[Thu Jan 29 08:32:52.705570 2026] [php:error] [pid 24189] [client 20.89.56.154:0] script '/domains/mjbradley/exit.php' not found or unable to stat
[Thu Jan 29 08:32:52.870731 2026] [php:error] [pid 24189] [client 20.89.56.154:0] script '/domains/mjbradley/0.php' not found or unable to stat
[Thu Jan 29 08:32:53.035816 2026] [php:error] [pid 24189] [client 20.89.56.154:0] script '/domains/mjbradley/wp-scripts.php' not found or unable to stat
[Thu Jan 29 08:32:53.203674 2026] [php:error] [pid 24189] [client 20.89.56.154:0] script '/domains/mjbradley/reset.php' not found or unable to stat
[Thu Jan 29 08:32:53.374625 2026] [php:error] [pid 24189] [client 20.89.56.154:0] script '/domains/mjbradley/ova-tools.php' not found or unable to stat
[Thu Jan 29 08:32:53.539580 2026] [php:error] [pid 24189] [client 20.89.56.154:0] script '/domains/mjbradley/f35.php' not found or unable to stat
[Thu Jan 29 08:32:53.704641 2026] [php:error] [pid 24189] [client 20.89.56.154:0] script '/domains/mjbradley/OLD-UP-ova.php' not found or unable to stat
[Thu Jan 29 08:32:53.869744 2026] [php:error] [pid 24189] [client 20.89.56.154:0] script '/domains/mjbradley/log404.php' not found or unable to stat
[Thu Jan 29 08:32:54.035470 2026] [php:error] [pid 24189] [client 20.89.56.154:0] script '/domains/mjbradley/wp-2022.php' not found or unable to stat
[Thu Jan 29 08:32:54.200626 2026] [php:error] [pid 24189] [client 20.89.56.154:0] script '/domains/mjbradley/xlettt.php' not found or unable to stat
[Thu Jan 29 08:32:54.367030 2026] [php:error] [pid 24189] [client 20.89.56.154:0] script '/domains/mjbradley/post-new.php' not found or unable to stat
[Thu Jan 29 08:32:54.532268 2026] [php:error] [pid 24189] [client 20.89.56.154:0] script '/domains/mjbradley/CasperExV1.php' not found or unable to stat
[Thu Jan 29 08:32:54.697068 2026] [php:error] [pid 24189] [client 20.89.56.154:0] script '/domains/mjbradley/release.php' not found or unable to stat
[Thu Jan 29 08:32:54.861828 2026] [php:error] [pid 24189] [client 20.89.56.154:0] script '/domains/mjbradley/curl.php' not found or unable to stat
[Thu Jan 29 08:32:55.035231 2026] [php:error] [pid 24189] [client 20.89.56.154:0] script '/domains/mjbradley/fan.php' not found or unable to stat
[Thu Jan 29 08:32:55.201584 2026] [php:error] [pid 24189] [client 20.89.56.154:0] script '/domains/mjbradley/avbxfstf.php' not found or unable to stat
[Thu Jan 29 08:32:55.366405 2026] [php:error] [pid 24189] [client 20.89.56.154:0] script '/domains/mjbradley/browse.php' not found or unable to stat
[Thu Jan 29 08:32:55.531308 2026] [php:error] [pid 24189] [client 20.89.56.154:0] script '/domains/mjbradley/wp-commentin.php' not found or unable to stat
[Thu Jan 29 08:32:55.696624 2026] [php:error] [pid 24189] [client 20.89.56.154:0] script '/domains/mjbradley/backup_db.php' not found or unable to stat
[Thu Jan 29 08:32:55.861527 2026] [php:error] [pid 24189] [client 20.89.56.154:0] script '/domains/mjbradley/rzhfy.php' not found or unable to stat
[Thu Jan 29 08:32:56.034875 2026] [php:error] [pid 24189] [client 20.89.56.154:0] script '/domains/mjbradley/Casper.php' not found or unable to stat
[Thu Jan 29 08:32:56.202339 2026] [php:error] [pid 24189] [client 20.89.56.154:0] script '/domains/mjbradley/wp-load.php' not found or unable to stat
[Thu Jan 29 08:32:56.367407 2026] [php:error] [pid 24189] [client 20.89.56.154:0] script '/domains/mjbradley/w.php' not found or unable to stat
[Thu Jan 29 08:32:56.532300 2026] [php:error] [pid 24189] [client 20.89.56.154:0] script '/domains/mjbradley/yrfjzewo.php' not found or unable to stat
[Thu Jan 29 08:32:56.697195 2026] [php:error] [pid 24189] [client 20.89.56.154:0] script '/domains/mjbradley/botwdhur.php' not found or unable to stat
[Thu Jan 29 08:32:56.862317 2026] [php:error] [pid 24189] [client 20.89.56.154:0] script '/domains/mjbradley/.env.php' not found or unable to stat
[Thu Jan 29 08:32:57.027765 2026] [php:error] [pid 24189] [client 20.89.56.154:0] script '/domains/mjbradley/cw.php' not found or unable to stat
[Thu Jan 29 08:32:57.192698 2026] [php:error] [pid 24189] [client 20.89.56.154:0] script '/domains/mjbradley/disagrsod.php' not found or unable to stat
[Thu Jan 29 08:32:57.358434 2026] [php:error] [pid 24189] [client 20.89.56.154:0] script '/domains/mjbradley/sidebar.php' not found or unable to stat
[Thu Jan 29 08:32:57.523356 2026] [php:error] [pid 24189] [client 20.89.56.154:0] script '/domains/mjbradley/hanna1337.php' not found or unable to stat
[Thu Jan 29 08:32:57.688752 2026] [php:error] [pid 24189] [client 20.89.56.154:0] script '/domains/mjbradley/press-this.php' not found or unable to stat
[Thu Jan 29 08:32:57.853983 2026] [php:error] [pid 24189] [client 20.89.56.154:0] script '/domains/mjbradley/class_api.php' not found or unable to stat
[Thu Jan 29 08:32:58.018865 2026] [php:error] [pid 24189] [client 20.89.56.154:0] script '/domains/mjbradley/uph.php' not found or unable to stat
[Thu Jan 29 08:32:58.183783 2026] [php:error] [pid 24189] [client 20.89.56.154:0] script '/domains/mjbradley/jghkfuka.php' not found or unable to stat
[Thu Jan 29 08:32:58.350824 2026] [php:error] [pid 24189] [client 20.89.56.154:0] script '/domains/mjbradley/wp-sigunq.php' not found or unable to stat
[Thu Jan 29 08:32:58.516055 2026] [php:error] [pid 24189] [client 20.89.56.154:0] script '/domains/mjbradley/ms-admin.php' not found or unable to stat
[Thu Jan 29 08:32:58.683877 2026] [php:error] [pid 24189] [client 20.89.56.154:0] script '/domains/mjbradley/mdpjatct.php' not found or unable to stat
[Thu Jan 29 08:32:58.848826 2026] [php:error] [pid 24189] [client 20.89.56.154:0] script '/domains/mjbradley/leftDao.php' not found or unable to stat
[Thu Jan 29 08:32:59.179597 2026] [php:error] [pid 24189] [client 20.89.56.154:0] script '/domains/mjbradley/xxl.php' not found or unable to stat
[Thu Jan 29 08:32:59.344974 2026] [php:error] [pid 24189] [client 20.89.56.154:0] script '/domains/mjbradley/amigo.php' not found or unable to stat
[Thu Jan 29 08:32:59.510375 2026] [php:error] [pid 24189] [client 20.89.56.154:0] script '/domains/mjbradley/server-info.php' not found or unable to stat
[Thu Jan 29 08:32:59.675335 2026] [php:error] [pid 24189] [client 20.89.56.154:0] script '/domains/mjbradley/b.php' not found or unable to stat
[Thu Jan 29 08:32:59.840444 2026] [php:error] [pid 24189] [client 20.89.56.154:0] script '/domains/mjbradley/dropdown.php' not found or unable to stat
[Thu Jan 29 08:33:00.174222 2026] [php:error] [pid 24189] [client 20.89.56.154:0] script '/domains/mjbradley/okaoka.php' not found or unable to stat
[Thu Jan 29 08:33:00.339389 2026] [php:error] [pid 24189] [client 20.89.56.154:0] script '/domains/mjbradley/corn.php' not found or unable to stat
[Thu Jan 29 08:33:00.931733 2026] [php:error] [pid 24189] [client 20.89.56.154:0] script '/domains/mjbradley/php.php' not found or unable to stat
[Thu Jan 29 08:33:01.089027 2026] [php:error] [pid 24189] [client 20.89.56.154:0] script '/domains/mjbradley/editor.php' not found or unable to stat
[Thu Jan 29 08:33:01.246652 2026] [php:error] [pid 24189] [client 20.89.56.154:0] script '/domains/mjbradley/environment.php' not found or unable to stat
[Thu Jan 29 08:34:25.021200 2026] [php:error] [pid 24215] [client 141.98.10.136:0] script '/domains/nostrada/wp-login.php' not found or unable to stat
[Thu Jan 29 08:34:42.678744 2026] [php:error] [pid 24223] [client 141.98.10.136:0] script '/domains/nostrada/wp-login.php' not found or unable to stat
[Thu Jan 29 08:36:55.075933 2026] [php:error] [pid 24237] [client 141.98.10.136:0] script '/domains/smartny/wp-login.php' not found or unable to stat, referer: https://www.facebook.com/
[Thu Jan 29 08:37:21.762586 2026] [php:error] [pid 24245] [client 213.3.45.54:0] script '/domains/tinatina/wp-login.php' not found or unable to stat
[Thu Jan 29 08:37:30.252963 2026] [php:error] [pid 24234] [client 141.98.10.136:0] script '/domains/smartny/wp-login.php' not found or unable to stat, referer: https://www.facebook.com/
[Thu Jan 29 08:37:36.662640 2026] [php:error] [pid 24245] [client 45.140.205.35:0] script '/domains/peterbmiller/wp-login.php' not found or unable to stat
[Thu Jan 29 08:37:56.224980 2026] [php:error] [pid 24251] [client 141.98.10.136:0] script '/domains/antiqueweb1/wp-login.php' not found or unable to stat
[Thu Jan 29 08:38:11.904137 2026] [php:error] [pid 24238] [client 141.98.10.136:0] script '/domains/antiqueweb1/wp-login.php' not found or unable to stat
[Thu Jan 29 08:39:45.598220 2026] [php:error] [pid 24278] [client 141.98.10.136:0] script '/domains/dcoffman/wp-login.php' not found or unable to stat
[Thu Jan 29 08:39:49.662851 2026] [php:error] [pid 24283] [client 34.6.93.215:0] script '/domains/hdickens.enteract/kmnj.php' not found or unable to stat
[Thu Jan 29 08:39:56.044841 2026] [php:error] [pid 24268] [client 141.98.10.136:0] script '/domains/dcoffman/wp-login.php' not found or unable to stat
[Thu Jan 29 08:40:04.298640 2026] [php:error] [pid 24276] [client 20.212.62.230:0] script '/domains/system_default/class.php' not found or unable to stat
[Thu Jan 29 08:40:04.531007 2026] [php:error] [pid 24276] [client 20.212.62.230:0] script '/domains/system_default/bless5.php' not found or unable to stat
[Thu Jan 29 08:40:05.224241 2026] [php:error] [pid 24276] [client 20.212.62.230:0] script '/domains/system_default/lock360.php' not found or unable to stat
[Thu Jan 29 08:40:05.443507 2026] [php:error] [pid 24276] [client 20.212.62.230:0] script '/domains/system_default/ioxi-o1.php' not found or unable to stat
[Thu Jan 29 08:40:05.662212 2026] [php:error] [pid 24276] [client 20.212.62.230:0] script '/domains/system_default/juuuu.php' not found or unable to stat
[Thu Jan 29 08:40:05.880774 2026] [php:error] [pid 24276] [client 20.212.62.230:0] script '/domains/system_default/ha.php' not found or unable to stat
[Thu Jan 29 08:40:06.102327 2026] [php:error] [pid 24276] [client 20.212.62.230:0] script '/domains/system_default/gg.php' not found or unable to stat
[Thu Jan 29 08:40:06.346583 2026] [php:error] [pid 24276] [client 20.212.62.230:0] script '/domains/system_default/we2.php' not found or unable to stat
[Thu Jan 29 08:40:06.565471 2026] [php:error] [pid 24276] [client 20.212.62.230:0] script '/domains/system_default/04.php' not found or unable to stat
[Thu Jan 29 08:40:06.787312 2026] [php:error] [pid 24276] [client 20.212.62.230:0] script '/domains/system_default/333.php' not found or unable to stat
[Thu Jan 29 08:40:07.813971 2026] [php:error] [pid 24276] [client 20.212.62.230:0] script '/domains/system_default/520.php' not found or unable to stat
[Thu Jan 29 08:40:08.034991 2026] [php:error] [pid 24276] [client 20.212.62.230:0] script '/domains/system_default/ar.php' not found or unable to stat
[Thu Jan 29 08:40:08.253788 2026] [php:error] [pid 24276] [client 20.212.62.230:0] script '/domains/system_default/x.php' not found or unable to stat
[Thu Jan 29 08:40:08.472813 2026] [php:error] [pid 24276] [client 20.212.62.230:0] script '/domains/system_default/xx.php' not found or unable to stat
[Thu Jan 29 08:40:08.692376 2026] [php:error] [pid 24276] [client 20.212.62.230:0] script '/domains/system_default/gifclass4.php' not found or unable to stat
[Thu Jan 29 08:40:08.926473 2026] [php:error] [pid 24276] [client 20.212.62.230:0] script '/domains/system_default/2clas.php' not found or unable to stat
[Thu Jan 29 08:40:09.183185 2026] [php:error] [pid 24276] [client 20.212.62.230:0] script '/domains/system_default/ave.php' not found or unable to stat
[Thu Jan 29 08:40:09.434182 2026] [php:error] [pid 24276] [client 20.212.62.230:0] script '/domains/system_default/wrt.php' not found or unable to stat
[Thu Jan 29 08:40:09.653508 2026] [php:error] [pid 24276] [client 20.212.62.230:0] script '/domains/system_default/bibil.php' not found or unable to stat
[Thu Jan 29 08:40:09.900713 2026] [php:error] [pid 24276] [client 20.212.62.230:0] script '/domains/system_default/radio.php' not found or unable to stat
[Thu Jan 29 08:40:10.122667 2026] [php:error] [pid 24276] [client 20.212.62.230:0] script '/domains/system_default/files.php' not found or unable to stat
[Thu Jan 29 08:40:10.341809 2026] [php:error] [pid 24276] [client 20.212.62.230:0] script '/domains/system_default/file7.php' not found or unable to stat
[Thu Jan 29 08:40:10.560528 2026] [php:error] [pid 24276] [client 20.212.62.230:0] script '/domains/system_default/gifclass.php' not found or unable to stat
[Thu Jan 29 08:40:11.014630 2026] [php:error] [pid 24276] [client 20.212.62.230:0] script '/domains/system_default/nox.php' not found or unable to stat
[Thu Jan 29 08:40:11.236172 2026] [php:error] [pid 24276] [client 20.212.62.230:0] script '/domains/system_default/file48.php' not found or unable to stat
[Thu Jan 29 08:40:11.470935 2026] [php:error] [pid 24276] [client 20.212.62.230:0] script '/domains/system_default/info.php' not found or unable to stat
[Thu Jan 29 08:40:11.690052 2026] [php:error] [pid 24276] [client 20.212.62.230:0] script '/domains/system_default/class9.php' not found or unable to stat
[Thu Jan 29 08:40:11.927782 2026] [php:error] [pid 24276] [client 20.212.62.230:0] script '/domains/system_default/la.php' not found or unable to stat
[Thu Jan 29 08:40:12.148397 2026] [php:error] [pid 24276] [client 20.212.62.230:0] script '/domains/system_default/bless11.php' not found or unable to stat
[Thu Jan 29 08:40:12.368386 2026] [php:error] [pid 24276] [client 20.212.62.230:0] script '/domains/system_default/ccou.php' not found or unable to stat
[Thu Jan 29 08:40:12.586994 2026] [php:error] [pid 24276] [client 20.212.62.230:0] script '/domains/system_default/ton.php' not found or unable to stat
[Thu Jan 29 08:40:12.805806 2026] [php:error] [pid 24276] [client 20.212.62.230:0] script '/domains/system_default/403.php' not found or unable to stat
[Thu Jan 29 08:40:13.025095 2026] [php:error] [pid 24276] [client 20.212.62.230:0] script '/domains/system_default/file9.php' not found or unable to stat
[Thu Jan 29 08:40:13.247089 2026] [php:error] [pid 24276] [client 20.212.62.230:0] script '/domains/system_default/ac.php' not found or unable to stat
[Thu Jan 29 08:40:13.660727 2026] [php:error] [pid 24276] [client 20.212.62.230:0] script '/domains/system_default/new4.php' not found or unable to stat
[Thu Jan 29 08:40:13.879986 2026] [php:error] [pid 24276] [client 20.212.62.230:0] script '/domains/system_default/pop.php' not found or unable to stat
[Thu Jan 29 08:40:14.098663 2026] [php:error] [pid 24276] [client 20.212.62.230:0] script '/domains/system_default/az.php' not found or unable to stat
[Thu Jan 29 08:40:15.164026 2026] [php:error] [pid 24276] [client 20.212.62.230:0] script '/domains/system_default/xaz.php' not found or unable to stat
[Thu Jan 29 08:40:15.385428 2026] [php:error] [pid 24276] [client 20.212.62.230:0] script '/domains/system_default/up4.php' not found or unable to stat
[Thu Jan 29 08:40:16.486156 2026] [php:error] [pid 24276] [client 20.212.62.230:0] script '/domains/system_default/1aa.php' not found or unable to stat
[Thu Jan 29 08:40:16.705096 2026] [php:error] [pid 24276] [client 20.212.62.230:0] script '/domains/system_default/elp.php' not found or unable to stat
[Thu Jan 29 08:40:17.504416 2026] [php:error] [pid 24276] [client 20.212.62.230:0] script '/domains/system_default/wtz.php' not found or unable to stat
[Thu Jan 29 08:40:17.802234 2026] [php:error] [pid 24276] [client 20.212.62.230:0] script '/domains/system_default/galex.php' not found or unable to stat
[Thu Jan 29 08:40:18.218373 2026] [php:error] [pid 24276] [client 20.212.62.230:0] script '/domains/system_default/xb.php' not found or unable to stat
[Thu Jan 29 08:40:18.441551 2026] [php:error] [pid 24276] [client 20.212.62.230:0] script '/domains/system_default/ova.php' not found or unable to stat
[Thu Jan 29 08:40:18.695809 2026] [php:error] [pid 24276] [client 20.212.62.230:0] script '/domains/system_default/vx.php' not found or unable to stat
[Thu Jan 29 08:40:18.918089 2026] [php:error] [pid 24276] [client 20.212.62.230:0] script '/domains/system_default/rh.php' not found or unable to stat
[Thu Jan 29 08:40:19.423057 2026] [php:error] [pid 24289] [client 141.98.11.23:0] script '/domains/egmaweb/wp-login.php' not found or unable to stat, referer: https://duckduckgo.com/
[Thu Jan 29 08:40:20.240903 2026] [php:error] [pid 24278] [client 141.98.11.23:0] script '/domains/egmaweb/wp-login.php' not found or unable to stat, referer: https://duckduckgo.com/
[Thu Jan 29 08:40:26.739284 2026] [php:error] [pid 24259] [client 145.239.10.137:0] script '/domains/druckrey/b1.php' not found or unable to stat, referer: http://venge.com/b1.php
[Thu Jan 29 08:40:30.116449 2026] [php:error] [pid 24276] [client 141.98.10.136:0] script '/domains/conceptlabs1/wp-login.php' not found or unable to stat, referer: https://www.bing.com/
[Thu Jan 29 08:40:47.271744 2026] [php:error] [pid 24276] [client 141.98.10.136:0] script '/domains/conceptlabs1/wp-login.php' not found or unable to stat, referer: https://www.facebook.com/
[Thu Jan 29 08:41:17.750322 2026] [php:error] [pid 24278] [client 20.194.29.45:0] script '/domains/highlandlabs/wp-trackback.php' not found or unable to stat
[Thu Jan 29 08:41:17.933882 2026] [php:error] [pid 24278] [client 20.194.29.45:0] script '/domains/highlandlabs/about.php' not found or unable to stat
[Thu Jan 29 08:41:18.120816 2026] [php:error] [pid 24278] [client 20.194.29.45:0] script '/domains/highlandlabs/term.php' not found or unable to stat
[Thu Jan 29 08:41:18.310367 2026] [php:error] [pid 24278] [client 20.194.29.45:0] script '/domains/highlandlabs/wp-good.php' not found or unable to stat
[Thu Jan 29 08:41:18.491269 2026] [php:error] [pid 24278] [client 20.194.29.45:0] script '/domains/highlandlabs/xmlrpc.php' not found or unable to stat
[Thu Jan 29 08:41:18.670843 2026] [php:error] [pid 24278] [client 20.194.29.45:0] script '/domains/highlandlabs/goods.php' not found or unable to stat
[Thu Jan 29 08:41:18.850482 2026] [php:error] [pid 24278] [client 20.194.29.45:0] script '/domains/highlandlabs/ioxi-o.php' not found or unable to stat
[Thu Jan 29 08:41:19.031416 2026] [php:error] [pid 24278] [client 20.194.29.45:0] script '/domains/highlandlabs/class-t.api.php' not found or unable to stat
[Thu Jan 29 08:41:20.483206 2026] [php:error] [pid 24278] [client 20.194.29.45:0] script '/domains/highlandlabs/adminfuns.php' not found or unable to stat
[Thu Jan 29 08:41:21.536280 2026] [php:error] [pid 24296] [client 141.98.10.136:0] script '/domains/ceonlinenews/wp-login.php' not found or unable to stat
[Thu Jan 29 08:41:35.641272 2026] [php:error] [pid 24308] [client 141.98.10.136:0] script '/domains/ceonlinenews/wp-login.php' not found or unable to stat, referer: https://www.facebook.com/
