[Thu Jan 29 11:45:01.093129 2026] [php:error] [pid 60995] [client 40.65.177.112:0] script '/domains/astweb/fan.php' not found or unable to stat
[Thu Jan 29 11:45:01.323907 2026] [php:error] [pid 60995] [client 40.65.177.112:0] script '/domains/astweb/avbxfstf.php' not found or unable to stat
[Thu Jan 29 11:45:01.556422 2026] [php:error] [pid 60995] [client 40.65.177.112:0] script '/domains/astweb/browse.php' not found or unable to stat
[Thu Jan 29 11:45:01.789730 2026] [php:error] [pid 60995] [client 40.65.177.112:0] script '/domains/astweb/wp-commentin.php' not found or unable to stat
[Thu Jan 29 11:45:02.465484 2026] [php:error] [pid 60995] [client 40.65.177.112:0] script '/domains/astweb/backup_db.php' not found or unable to stat
[Thu Jan 29 11:45:03.164214 2026] [php:error] [pid 60995] [client 40.65.177.112:0] script '/domains/astweb/rzhfy.php' not found or unable to stat
[Thu Jan 29 11:45:03.395452 2026] [php:error] [pid 60995] [client 40.65.177.112:0] script '/domains/astweb/Casper.php' not found or unable to stat
[Thu Jan 29 11:45:03.626693 2026] [php:error] [pid 60995] [client 40.65.177.112:0] script '/domains/astweb/wp-load.php' not found or unable to stat
[Thu Jan 29 11:45:03.860323 2026] [php:error] [pid 60995] [client 40.65.177.112:0] script '/domains/astweb/w.php' not found or unable to stat
[Thu Jan 29 11:45:04.090948 2026] [php:error] [pid 60995] [client 40.65.177.112:0] script '/domains/astweb/yrfjzewo.php' not found or unable to stat
[Thu Jan 29 11:45:04.173997 2026] [php:error] [pid 66653] [client 35.247.243.251:0] script '/domains/tmandel/adminer-4.6.1.php' not found or unable to stat
[Thu Jan 29 11:45:04.565433 2026] [php:error] [pid 60995] [client 40.65.177.112:0] script '/domains/astweb/botwdhur.php' not found or unable to stat
[Thu Jan 29 11:45:04.826696 2026] [php:error] [pid 60995] [client 40.65.177.112:0] script '/domains/astweb/.env.php' not found or unable to stat
[Thu Jan 29 11:45:05.057064 2026] [php:error] [pid 60995] [client 40.65.177.112:0] script '/domains/astweb/cw.php' not found or unable to stat
[Thu Jan 29 11:45:05.287814 2026] [php:error] [pid 60995] [client 40.65.177.112:0] script '/domains/astweb/disagrsod.php' not found or unable to stat
[Thu Jan 29 11:45:05.519469 2026] [php:error] [pid 60995] [client 40.65.177.112:0] script '/domains/astweb/sidebar.php' not found or unable to stat
[Thu Jan 29 11:45:05.758082 2026] [php:error] [pid 60995] [client 40.65.177.112:0] script '/domains/astweb/hanna1337.php' not found or unable to stat
[Thu Jan 29 11:45:05.988251 2026] [php:error] [pid 60995] [client 40.65.177.112:0] script '/domains/astweb/press-this.php' not found or unable to stat
[Thu Jan 29 11:45:06.461086 2026] [php:error] [pid 60995] [client 40.65.177.112:0] script '/domains/astweb/class_api.php' not found or unable to stat
[Thu Jan 29 11:45:06.702062 2026] [php:error] [pid 60995] [client 40.65.177.112:0] script '/domains/astweb/uph.php' not found or unable to stat
[Thu Jan 29 11:45:06.935333 2026] [php:error] [pid 60995] [client 40.65.177.112:0] script '/domains/astweb/jghkfuka.php' not found or unable to stat
[Thu Jan 29 11:45:07.165936 2026] [php:error] [pid 60995] [client 40.65.177.112:0] script '/domains/astweb/wp-sigunq.php' not found or unable to stat
[Thu Jan 29 11:45:07.241837 2026] [php:error] [pid 66653] [client 34.96.162.52:0] script '/domains/tmandel/adminer-5.3.0-mysql-en.php' not found or unable to stat
[Thu Jan 29 11:45:07.430291 2026] [php:error] [pid 60995] [client 40.65.177.112:0] script '/domains/astweb/ms-admin.php' not found or unable to stat
[Thu Jan 29 11:45:07.676039 2026] [php:error] [pid 60995] [client 40.65.177.112:0] script '/domains/astweb/mdpjatct.php' not found or unable to stat
[Thu Jan 29 11:45:07.928787 2026] [php:error] [pid 60995] [client 40.65.177.112:0] script '/domains/astweb/leftDao.php' not found or unable to stat
[Thu Jan 29 11:45:08.389631 2026] [php:error] [pid 60995] [client 40.65.177.112:0] script '/domains/astweb/xxl.php' not found or unable to stat
[Thu Jan 29 11:45:08.621607 2026] [php:error] [pid 60995] [client 40.65.177.112:0] script '/domains/astweb/amigo.php' not found or unable to stat
[Thu Jan 29 11:45:08.863706 2026] [php:error] [pid 60995] [client 40.65.177.112:0] script '/domains/astweb/server-info.php' not found or unable to stat
[Thu Jan 29 11:45:09.102990 2026] [php:error] [pid 60995] [client 40.65.177.112:0] script '/domains/astweb/b.php' not found or unable to stat
[Thu Jan 29 11:45:09.333505 2026] [php:error] [pid 60995] [client 40.65.177.112:0] script '/domains/astweb/dropdown.php' not found or unable to stat
[Thu Jan 29 11:45:09.806670 2026] [php:error] [pid 60995] [client 40.65.177.112:0] script '/domains/astweb/okaoka.php' not found or unable to stat
[Thu Jan 29 11:45:10.038537 2026] [php:error] [pid 60995] [client 40.65.177.112:0] script '/domains/astweb/corn.php' not found or unable to stat
[Thu Jan 29 11:45:11.556274 2026] [php:error] [pid 66667] [client 40.65.177.112:0] script '/domains/astweb/php.php' not found or unable to stat
[Thu Jan 29 11:45:12.049919 2026] [php:error] [pid 66667] [client 40.65.177.112:0] script '/domains/astweb/editor.php' not found or unable to stat
[Thu Jan 29 11:45:12.626523 2026] [php:error] [pid 66667] [client 40.65.177.112:0] script '/domains/astweb/environment.php' not found or unable to stat
[Thu Jan 29 11:45:57.751308 2026] [php:error] [pid 66629] [client 141.98.11.169:0] script '/domains/system_suspended/wp-login.php' not found or unable to stat
[Thu Jan 29 11:45:57.978176 2026] [php:error] [pid 66669] [client 141.98.11.169:0] script '/domains/system_suspended/wp-login.php' not found or unable to stat, referer: https://wordpress.org/
[Thu Jan 29 11:46:20.042027 2026] [php:error] [pid 66681] [client 35.247.243.248:0] script '/domains/tmandel/adminer-5.0.3-mysql.php' not found or unable to stat
[Thu Jan 29 11:46:24.508077 2026] [core:error] [pid 66682] [client 222.89.169.98:0] AH10244: invalid URI path (/cgi-bin/.%2e/.%2e/.%2e/.%2e/.%2e/.%2e/.%2e/.%2e/.%2e/.%2e/bin/sh)
[Thu Jan 29 11:46:25.362251 2026] [core:error] [pid 66681] [client 222.89.169.98:0] AH10244: invalid URI path (/cgi-bin/%%32%65%%32%65/%%32%65%%32%65/%%32%65%%32%65/%%32%65%%32%65/%%32%65%%32%65/%%32%65%%32%65/%%32%65%%32%65/bin/sh)
[Thu Jan 29 11:46:33.417180 2026] [php:error] [pid 66688] [client 35.247.243.245:0] script '/domains/tmandel/adminer-4.5.0.php' not found or unable to stat
[Thu Jan 29 11:46:38.764625 2026] [php:error] [pid 66689] [client 34.96.162.58:0] script '/domains/tmandel/sql.php' not found or unable to stat
[Thu Jan 29 11:46:48.284648 2026] [php:error] [pid 66682] [client 222.89.169.98:0] script '/domains/system_default/index.php' not found or unable to stat
[Thu Jan 29 11:46:48.396472 2026] [php:error] [pid 66685] [client 34.13.211.251:0] script '/domains/hdickens.enteract/kmnj.php' not found or unable to stat
[Thu Jan 29 11:46:48.845374 2026] [php:error] [pid 66682] [client 222.89.169.98:0] script '/domains/system_default/index.php' not found or unable to stat
[Thu Jan 29 11:46:48.923465 2026] [php:error] [pid 66687] [client 45.157.54.58:0] script '/domains/markrose/xmlrpc.php' not found or unable to stat
[Thu Jan 29 11:46:49.177974 2026] [php:error] [pid 66682] [client 222.89.169.98:0] script '/domains/system_default/index.php' not found or unable to stat
[Thu Jan 29 11:46:50.815844 2026] [php:error] [pid 66678] [client 34.7.34.80:0] script '/domains/hdickens.enteract/kmnj.php' not found or unable to stat
[Thu Jan 29 11:46:55.207705 2026] [php:error] [pid 66674] [client 52.169.124.184:0] script '/domains/dcoffman/rip.php' not found or unable to stat
[Thu Jan 29 11:47:02.844625 2026] [php:error] [pid 66677] [client 35.247.243.240:0] script '/domains/tmandel/adminer-5.0.3-mysql-en.php' not found or unable to stat
[Thu Jan 29 11:47:39.962649 2026] [php:error] [pid 66696] [client 34.96.162.50:0] script '/domains/tmandel/adminer-5.4.0.php' not found or unable to stat
[Thu Jan 29 11:47:57.137722 2026] [php:error] [pid 66706] [client 35.247.243.245:0] script '/domains/tmandel/adminer-5.0.3.php' not found or unable to stat
[Thu Jan 29 11:47:57.602076 2026] [php:error] [pid 66684] [client 35.247.243.253:0] script '/domains/tmandel/ADMINER.php' not found or unable to stat
[Thu Jan 29 11:48:01.180508 2026] [php:error] [pid 66701] [client 38.148.248.140:0] script '/domains/markrose/1234.php' not found or unable to stat
[Thu Jan 29 11:48:12.157370 2026] [php:error] [pid 66708] [client 34.96.162.58:0] script '/domains/tmandel/adminer-5.0.4-mysql-en.php' not found or unable to stat
[Thu Jan 29 11:48:15.810481 2026] [php:error] [pid 66711] [client 35.247.243.251:0] script '/domains/tmandel/adminer-5.0.5-mysql-en.php' not found or unable to stat
[Thu Jan 29 11:48:18.245935 2026] [php:error] [pid 66710] [client 35.247.243.247:0] script '/domains/tmandel/adminer-5.0.0-mysql-en.php' not found or unable to stat
[Thu Jan 29 11:48:31.816929 2026] [php:error] [pid 66722] [client 34.96.162.49:0] script '/domains/tmandel/adminer-5.0.5-en.php' not found or unable to stat
[Thu Jan 29 11:48:49.056997 2026] [php:error] [pid 66688] [client 35.247.243.254:0] script '/domains/tmandel/adminer-5.0.3-mysql.php' not found or unable to stat
[Thu Jan 29 11:48:58.779819 2026] [php:error] [pid 66708] [client 34.96.162.49:0] script '/domains/tmandel/adminer-5.0.2.php' not found or unable to stat
[Thu Jan 29 11:49:05.624161 2026] [php:error] [pid 66688] [client 104.208.113.220:0] script '/domains/aatweb/aa.php' not found or unable to stat
[Thu Jan 29 11:49:05.840392 2026] [php:error] [pid 66688] [client 104.208.113.220:0] script '/domains/aatweb/abcd.php' not found or unable to stat
[Thu Jan 29 11:49:07.920885 2026] [php:error] [pid 66688] [client 104.208.113.220:0] script '/domains/aatweb/admin.php' not found or unable to stat
[Thu Jan 29 11:49:08.148393 2026] [php:error] [pid 66688] [client 104.208.113.220:0] script '/domains/aatweb/buy.php' not found or unable to stat
[Thu Jan 29 11:49:10.801077 2026] [php:error] [pid 66688] [client 104.208.113.220:0] script '/domains/aatweb/edit.php' not found or unable to stat
[Thu Jan 29 11:49:11.035934 2026] [php:error] [pid 66688] [client 104.208.113.220:0] script '/domains/aatweb/file.php' not found or unable to stat
[Thu Jan 29 11:49:13.274752 2026] [php:error] [pid 66688] [client 104.208.113.220:0] script '/domains/aatweb/flower.php' not found or unable to stat
[Thu Jan 29 11:49:13.514292 2026] [php:error] [pid 66688] [client 104.208.113.220:0] script '/domains/aatweb/images/index.php' not found or unable to stat
[Thu Jan 29 11:49:15.864860 2026] [php:error] [pid 66688] [client 104.208.113.220:0] script '/domains/aatweb/info.php' not found or unable to stat
[Thu Jan 29 11:49:16.086015 2026] [php:error] [pid 66688] [client 104.208.113.220:0] script '/domains/aatweb/ioxi-o.php' not found or unable to stat
[Thu Jan 29 11:49:16.323637 2026] [php:error] [pid 66688] [client 104.208.113.220:0] script '/domains/aatweb/nc4.php' not found or unable to stat
[Thu Jan 29 11:49:16.541656 2026] [php:error] [pid 66688] [client 104.208.113.220:0] script '/domains/aatweb/xleet.php' not found or unable to stat
[Thu Jan 29 11:49:20.674708 2026] [php:error] [pid 66688] [client 104.208.113.220:0] script '/domains/aatweb/wp-good.php' not found or unable to stat
[Thu Jan 29 11:49:23.084584 2026] [php:error] [pid 66688] [client 104.208.113.220:0] script '/domains/aatweb/xmrlpc.php' not found or unable to stat
[Thu Jan 29 11:49:23.910994 2026] [php:error] [pid 66688] [client 104.208.113.220:0] script '/domains/aatweb/about.php' not found or unable to stat
[Thu Jan 29 11:49:24.718185 2026] [php:error] [pid 66688] [client 104.208.113.220:0] script '/domains/aatweb/adminfuns.php' not found or unable to stat
[Thu Jan 29 11:49:25.722187 2026] [php:error] [pid 66688] [client 104.208.113.220:0] script '/domains/aatweb/alfa.php' not found or unable to stat
[Thu Jan 29 11:49:25.946482 2026] [php:error] [pid 66688] [client 104.208.113.220:0] script '/domains/aatweb/asasx.php' not found or unable to stat
[Thu Jan 29 11:49:26.809481 2026] [php:error] [pid 66688] [client 104.208.113.220:0] script '/domains/aatweb/autoload_classmap.php' not found or unable to stat
[Thu Jan 29 11:49:27.986750 2026] [php:error] [pid 66688] [client 104.208.113.220:0] script '/domains/aatweb/classwithtostring.php' not found or unable to stat
[Thu Jan 29 11:49:28.887004 2026] [php:error] [pid 66688] [client 104.208.113.220:0] script '/domains/aatweb/cong.php' not found or unable to stat
[Thu Jan 29 11:49:30.277240 2026] [php:error] [pid 66688] [client 104.208.113.220:0] script '/domains/aatweb/file2.php' not found or unable to stat
[Thu Jan 29 11:49:30.501683 2026] [php:error] [pid 66688] [client 104.208.113.220:0] script '/domains/aatweb/moon.php' not found or unable to stat
[Thu Jan 29 11:49:31.780722 2026] [php:error] [pid 66731] [client 170.168.173.105:0] script '/domains/proinc/wp-login.php' not found or unable to stat
[Thu Jan 29 11:49:34.467916 2026] [php:error] [pid 66731] [client 35.247.243.254:0] script '/domains/tmandel/adminer-5.1.0-mysql-en.php' not found or unable to stat
[Thu Jan 29 11:49:35.540800 2026] [php:error] [pid 66688] [client 104.208.113.220:0] script '/domains/aatweb/wp-cron.php' not found or unable to stat
[Thu Jan 29 11:49:53.876863 2026] [php:error] [pid 66747] [client 20.205.97.28:0] script '/domains/brigadeweb/wp-trackback.php' not found or unable to stat
[Thu Jan 29 11:49:54.088017 2026] [php:error] [pid 66747] [client 20.205.97.28:0] script '/domains/brigadeweb/about.php' not found or unable to stat
[Thu Jan 29 11:49:54.295635 2026] [php:error] [pid 66747] [client 20.205.97.28:0] script '/domains/brigadeweb/file.php' not found or unable to stat
[Thu Jan 29 11:49:54.503305 2026] [php:error] [pid 66747] [client 20.205.97.28:0] script '/domains/brigadeweb/term.php' not found or unable to stat
[Thu Jan 29 11:49:54.710687 2026] [php:error] [pid 66747] [client 20.205.97.28:0] script '/domains/brigadeweb/wp-good.php' not found or unable to stat
[Thu Jan 29 11:49:54.918226 2026] [php:error] [pid 66747] [client 20.205.97.28:0] script '/domains/brigadeweb/xmlrpc.php' not found or unable to stat
[Thu Jan 29 11:49:55.140147 2026] [php:error] [pid 66747] [client 20.205.97.28:0] script '/domains/brigadeweb/goods.php' not found or unable to stat
[Thu Jan 29 11:49:55.360586 2026] [php:error] [pid 66747] [client 20.205.97.28:0] script '/domains/brigadeweb/ioxi-o.php' not found or unable to stat
[Thu Jan 29 11:49:55.581384 2026] [php:error] [pid 66747] [client 20.205.97.28:0] script '/domains/brigadeweb/class-t.api.php' not found or unable to stat
[Thu Jan 29 11:49:55.798001 2026] [php:error] [pid 66747] [client 20.205.97.28:0] script '/domains/brigadeweb/admin.php' not found or unable to stat
[Thu Jan 29 11:49:56.005415 2026] [php:error] [pid 66747] [client 20.205.97.28:0] script '/domains/brigadeweb/sf.php' not found or unable to stat
[Thu Jan 29 11:49:56.216508 2026] [php:error] [pid 66747] [client 20.205.97.28:0] script '/domains/brigadeweb/rip.php' not found or unable to stat
[Thu Jan 29 11:49:56.432486 2026] [php:error] [pid 66747] [client 20.205.97.28:0] script '/domains/brigadeweb/autoload_classmap.php' not found or unable to stat
[Thu Jan 29 11:49:56.639768 2026] [php:error] [pid 66747] [client 20.205.97.28:0] script '/domains/brigadeweb/chosen.php' not found or unable to stat
[Thu Jan 29 11:49:56.847283 2026] [php:error] [pid 66747] [client 20.205.97.28:0] script '/domains/brigadeweb/classwithtostring.php' not found or unable to stat
[Thu Jan 29 11:49:57.058061 2026] [php:error] [pid 66747] [client 20.205.97.28:0] script '/domains/brigadeweb/defaults.php' not found or unable to stat
[Thu Jan 29 11:49:58.141399 2026] [php:error] [pid 66747] [client 20.205.97.28:0] script '/domains/brigadeweb/info.php' not found or unable to stat
[Thu Jan 29 11:49:59.612007 2026] [php:error] [pid 66747] [client 20.205.97.28:0] script '/domains/brigadeweb/adminfuns.php' not found or unable to stat
[Thu Jan 29 11:50:02.408224 2026] [php:error] [pid 66752] [client 34.96.162.59:0] script '/domains/tmandel/adminer-5.2.0-mysql.php' not found or unable to stat
[Thu Jan 29 11:50:08.100744 2026] [php:error] [pid 66743] [client 35.247.243.245:0] script '/domains/tmandel/adminer-5.0.1-mysql-en.php' not found or unable to stat
[Thu Jan 29 11:50:18.213467 2026] [php:error] [pid 66755] [client 20.78.145.22:0] script '/domains/system_default/ver.php' not found or unable to stat
[Thu Jan 29 11:50:18.389130 2026] [php:error] [pid 66755] [client 20.78.145.22:0] script '/domains/system_default/ultra.php' not found or unable to stat
[Thu Jan 29 11:50:18.936528 2026] [php:error] [pid 66755] [client 20.78.145.22:0] script '/domains/system_default/pro.php' not found or unable to stat
[Thu Jan 29 11:50:19.115961 2026] [php:error] [pid 66755] [client 20.78.145.22:0] script '/domains/system_default/wp-good.php' not found or unable to stat
[Thu Jan 29 11:50:19.281342 2026] [php:error] [pid 66755] [client 20.78.145.22:0] script '/domains/system_default/e.php' not found or unable to stat
[Thu Jan 29 11:50:19.445937 2026] [php:error] [pid 66755] [client 20.78.145.22:0] script '/domains/system_default/data.php' not found or unable to stat
[Thu Jan 29 11:50:19.611253 2026] [php:error] [pid 66755] [client 20.78.145.22:0] script '/domains/system_default/abcd.php' not found or unable to stat
[Thu Jan 29 11:50:19.896092 2026] [php:error] [pid 66755] [client 20.78.145.22:0] script '/domains/system_default/z.php' not found or unable to stat
[Thu Jan 29 11:50:20.073459 2026] [php:error] [pid 66755] [client 20.78.145.22:0] script '/domains/system_default/css.php' not found or unable to stat
[Thu Jan 29 11:50:20.238091 2026] [php:error] [pid 66755] [client 20.78.145.22:0] script '/domains/system_default/image.php' not found or unable to stat
[Thu Jan 29 11:50:20.403379 2026] [php:error] [pid 66755] [client 20.78.145.22:0] script '/domains/system_default/file22.php' not found or unable to stat
[Thu Jan 29 11:50:20.569775 2026] [php:error] [pid 66755] [client 20.78.145.22:0] script '/domains/system_default/check.php' not found or unable to stat
[Thu Jan 29 11:50:20.758296 2026] [php:error] [pid 66755] [client 20.78.145.22:0] script '/domains/system_default/wp-header-json.php' not found or unable to stat
[Thu Jan 29 11:50:20.922732 2026] [php:error] [pid 66755] [client 20.78.145.22:0] script '/domains/system_default/fm.php' not found or unable to stat
[Thu Jan 29 11:50:21.399653 2026] [php:error] [pid 66755] [client 20.78.145.22:0] script '/domains/system_default/1.php' not found or unable to stat
[Thu Jan 29 11:50:21.566484 2026] [php:error] [pid 66755] [client 20.78.145.22:0] script '/domains/system_default/ws.php' not found or unable to stat
[Thu Jan 29 11:50:21.731059 2026] [php:error] [pid 66755] [client 20.78.145.22:0] script '/domains/system_default/xxxx.php' not found or unable to stat
[Thu Jan 29 11:50:21.895645 2026] [php:error] [pid 66755] [client 20.78.145.22:0] script '/domains/system_default/wp-configs.php' not found or unable to stat
[Thu Jan 29 11:50:22.060313 2026] [php:error] [pid 66755] [client 20.78.145.22:0] script '/domains/system_default/xmlrpc.php' not found or unable to stat
[Thu Jan 29 11:50:23.744136 2026] [php:error] [pid 66755] [client 20.78.145.22:0] script '/domains/system_default/file56.php' not found or unable to stat
[Thu Jan 29 11:50:23.909067 2026] [php:error] [pid 66755] [client 20.78.145.22:0] script '/domains/system_default/990.php' not found or unable to stat
[Thu Jan 29 11:50:24.278343 2026] [php:error] [pid 66755] [client 20.78.145.22:0] script '/domains/system_default/error.php' not found or unable to stat
[Thu Jan 29 11:50:24.592699 2026] [php:error] [pid 66755] [client 20.78.145.22:0] script '/domains/system_default/p.php' not found or unable to stat
[Thu Jan 29 11:50:24.758137 2026] [php:error] [pid 66755] [client 20.78.145.22:0] script '/domains/system_default/s1.php' not found or unable to stat
[Thu Jan 29 11:50:25.066009 2026] [php:error] [pid 66755] [client 20.78.145.22:0] script '/domains/system_default/k.php' not found or unable to stat
[Thu Jan 29 11:50:25.231941 2026] [php:error] [pid 66755] [client 20.78.145.22:0] script '/domains/system_default/as.php' not found or unable to stat
[Thu Jan 29 11:50:25.405978 2026] [php:error] [pid 66755] [client 20.78.145.22:0] script '/domains/system_default/xa.php' not found or unable to stat
[Thu Jan 29 11:50:25.577921 2026] [php:error] [pid 66755] [client 20.78.145.22:0] script '/domains/system_default/bypass.php' not found or unable to stat
[Thu Jan 29 11:50:25.757840 2026] [php:error] [pid 66755] [client 20.78.145.22:0] script '/domains/system_default/about.php' not found or unable to stat
[Thu Jan 29 11:50:25.938683 2026] [php:error] [pid 66755] [client 20.78.145.22:0] script '/domains/system_default/re.php' not found or unable to stat
[Thu Jan 29 11:50:26.104194 2026] [php:error] [pid 66755] [client 20.78.145.22:0] script '/domains/system_default/m.php' not found or unable to stat
[Thu Jan 29 11:50:26.465992 2026] [php:error] [pid 66755] [client 20.78.145.22:0] script '/domains/system_default/ad.php' not found or unable to stat
[Thu Jan 29 11:50:26.633242 2026] [php:error] [pid 66755] [client 20.78.145.22:0] script '/domains/system_default/222.php' not found or unable to stat
[Thu Jan 29 11:50:27.084992 2026] [php:error] [pid 66755] [client 20.78.145.22:0] script '/domains/system_default/buy.php' not found or unable to stat
[Thu Jan 29 11:50:27.254790 2026] [php:error] [pid 66755] [client 20.78.145.22:0] script '/domains/system_default/file.php' not found or unable to stat
[Thu Jan 29 11:50:27.419550 2026] [php:error] [pid 66755] [client 20.78.145.22:0] script '/domains/system_default/999.php' not found or unable to stat
[Thu Jan 29 11:50:27.602613 2026] [php:error] [pid 66755] [client 20.78.145.22:0] script '/domains/system_default/chosen.php' not found or unable to stat
[Thu Jan 29 11:50:27.904780 2026] [php:error] [pid 66755] [client 20.78.145.22:0] script '/domains/system_default/ahax.php' not found or unable to stat
[Thu Jan 29 11:50:28.069450 2026] [php:error] [pid 66755] [client 20.78.145.22:0] script '/domains/system_default/f35.php' not found or unable to stat
[Thu Jan 29 11:50:28.233747 2026] [php:error] [pid 66755] [client 20.78.145.22:0] script '/domains/system_default/themes.php' not found or unable to stat
[Thu Jan 29 11:50:28.706867 2026] [php:error] [pid 66755] [client 20.78.145.22:0] script '/domains/system_default/footer.php' not found or unable to stat
[Thu Jan 29 11:50:28.871961 2026] [php:error] [pid 66755] [client 20.78.145.22:0] script '/domains/system_default/ma.php' not found or unable to stat
[Thu Jan 29 11:50:29.040843 2026] [php:error] [pid 66755] [client 20.78.145.22:0] script '/domains/system_default/amax.php' not found or unable to stat
[Thu Jan 29 11:50:29.415392 2026] [php:error] [pid 66755] [client 20.78.145.22:0] script '/domains/system_default/admin.php' not found or unable to stat
[Thu Jan 29 11:50:29.599556 2026] [php:error] [pid 66755] [client 20.78.145.22:0] script '/domains/system_default/bless.php' not found or unable to stat
[Thu Jan 29 11:50:30.252822 2026] [php:error] [pid 66755] [client 20.78.145.22:0] script '/domains/system_default/admin.php' not found or unable to stat
[Thu Jan 29 11:50:30.417248 2026] [php:error] [pid 66755] [client 20.78.145.22:0] script '/domains/system_default/bless.php' not found or unable to stat
[Thu Jan 29 11:50:52.770350 2026] [core:crit] [pid 66761] (13)Permission denied: [client 114.119.154.39:0] AH00529: /domains/dcarlone/test/web/.htaccess pcfg_openfile: unable to check htaccess file, ensure it is readable and that '/domains/dcarlone/test/web/' is executable, referer: http://www.carloneassociates.com/test/web/i.php/robert-hooke-biografia-corta-yahoo-dating/
[Thu Jan 29 11:51:26.993033 2026] [php:error] [pid 66761] [client 20.194.29.45:0] script '/domains/ecernstelectric/wp-trackback.php' not found or unable to stat
[Thu Jan 29 11:51:27.201602 2026] [php:error] [pid 66761] [client 20.194.29.45:0] script '/domains/ecernstelectric/about.php' not found or unable to stat
[Thu Jan 29 11:51:27.416760 2026] [php:error] [pid 66761] [client 20.194.29.45:0] script '/domains/ecernstelectric/file.php' not found or unable to stat
[Thu Jan 29 11:51:27.635076 2026] [php:error] [pid 66761] [client 20.194.29.45:0] script '/domains/ecernstelectric/term.php' not found or unable to stat
[Thu Jan 29 11:51:27.853834 2026] [php:error] [pid 66761] [client 20.194.29.45:0] script '/domains/ecernstelectric/wp-good.php' not found or unable to stat
[Thu Jan 29 11:51:28.059518 2026] [php:error] [pid 66761] [client 20.194.29.45:0] script '/domains/ecernstelectric/xmlrpc.php' not found or unable to stat
[Thu Jan 29 11:51:28.276425 2026] [php:error] [pid 66761] [client 20.194.29.45:0] script '/domains/ecernstelectric/goods.php' not found or unable to stat
[Thu Jan 29 11:51:28.485415 2026] [php:error] [pid 66761] [client 20.194.29.45:0] script '/domains/ecernstelectric/ioxi-o.php' not found or unable to stat
[Thu Jan 29 11:51:28.702158 2026] [php:error] [pid 66761] [client 20.194.29.45:0] script '/domains/ecernstelectric/class-t.api.php' not found or unable to stat
[Thu Jan 29 11:51:28.928891 2026] [php:error] [pid 66761] [client 20.194.29.45:0] script '/domains/ecernstelectric/admin.php' not found or unable to stat
[Thu Jan 29 11:51:29.134269 2026] [php:error] [pid 66761] [client 20.194.29.45:0] script '/domains/ecernstelectric/sf.php' not found or unable to stat
[Thu Jan 29 11:51:29.340463 2026] [php:error] [pid 66761] [client 20.194.29.45:0] script '/domains/ecernstelectric/rip.php' not found or unable to stat
[Thu Jan 29 11:51:29.551760 2026] [php:error] [pid 66761] [client 20.194.29.45:0] script '/domains/ecernstelectric/autoload_classmap.php' not found or unable to stat
[Thu Jan 29 11:51:29.765313 2026] [php:error] [pid 66761] [client 20.194.29.45:0] script '/domains/ecernstelectric/chosen.php' not found or unable to stat
[Thu Jan 29 11:51:29.978775 2026] [php:error] [pid 66761] [client 20.194.29.45:0] script '/domains/ecernstelectric/classwithtostring.php' not found or unable to stat
[Thu Jan 29 11:51:30.192111 2026] [php:error] [pid 66761] [client 20.194.29.45:0] script '/domains/ecernstelectric/defaults.php' not found or unable to stat
[Thu Jan 29 11:51:31.257672 2026] [php:error] [pid 66761] [client 20.194.29.45:0] script '/domains/ecernstelectric/info.php' not found or unable to stat
[Thu Jan 29 11:51:32.733691 2026] [php:error] [pid 66761] [client 20.194.29.45:0] script '/domains/ecernstelectric/adminfuns.php' not found or unable to stat
[Thu Jan 29 11:51:33.984899 2026] [php:error] [pid 66772] [client 34.96.162.59:0] script '/domains/tmandel/adminer-5.4.1-mysql-en.php' not found or unable to stat
[Thu Jan 29 11:51:37.032918 2026] [php:error] [pid 66772] [client 34.96.162.50:0] script '/domains/tmandel/adminer-5.0.5-mysql-en.php' not found or unable to stat
[Thu Jan 29 11:52:02.416451 2026] [php:error] [pid 66774] [client 38.148.248.140:0] script '/domains/markrose/1234.php' not found or unable to stat
[Thu Jan 29 11:52:03.249766 2026] [php:error] [pid 66765] [client 216.244.66.232:0] script '/domains/hdickens.enteract/kmnj.php' not found or unable to stat
[Thu Jan 29 11:52:09.896189 2026] [php:error] [pid 66773] [client 35.247.243.242:0] script '/domains/tmandel/adminer-5.0.0-en.php' not found or unable to stat
[Thu Jan 29 11:52:16.942802 2026] [php:error] [pid 66772] [client 34.96.162.59:0] script '/domains/tmandel/db.php' not found or unable to stat
[Thu Jan 29 11:52:30.553822 2026] [php:error] [pid 66776] [client 34.96.162.58:0] script '/domains/tmandel/adminer-5.4.0-mysql.php' not found or unable to stat
[Thu Jan 29 11:52:43.730784 2026] [php:error] [pid 66787] [client 35.247.243.249:0] script '/domains/tmandel/adminer-5.3.0-en.php' not found or unable to stat
[Thu Jan 29 11:52:46.014425 2026] [php:error] [pid 66787] [client 34.96.162.53:0] script '/domains/tmandel/adminer-4.7.1.php' not found or unable to stat
[Thu Jan 29 11:53:10.604437 2026] [php:error] [pid 66790] [client 34.96.162.59:0] script '/domains/tmandel/adminer-5.0.5-en.php' not found or unable to stat
[Thu Jan 29 11:53:46.677259 2026] [php:error] [pid 66793] [client 37.77.150.123:0] script '/domains/homesbyaudrey1/wp-login.php' not found or unable to stat, referer: http://www.homesbyaudrey.com/wp-login.php
[Thu Jan 29 11:53:46.695346 2026] [php:error] [pid 66797] [client 37.77.150.123:0] script '/domains/homesbyaudrey1/wp-login.php' not found or unable to stat, referer: http://www.homesbyaudrey.com/wp-login.php
[Thu Jan 29 11:53:50.036736 2026] [php:error] [pid 66797] [client 37.77.150.123:0] script '/domains/homesbyaudrey1/xmlrpc.php' not found or unable to stat, referer: http://www.homesbyaudrey.com/xmlrpc.php
[Thu Jan 29 11:53:50.052997 2026] [php:error] [pid 66790] [client 37.77.150.123:0] script '/domains/homesbyaudrey1/xmlrpc.php' not found or unable to stat, referer: http://www.homesbyaudrey.com/xmlrpc.php
[Thu Jan 29 11:53:58.208021 2026] [php:error] [pid 66799] [client 35.247.243.249:0] script '/domains/tmandel/adminer-5.0.3.php' not found or unable to stat
[Thu Jan 29 11:54:00.610875 2026] [php:error] [pid 66790] [client 35.247.243.253:0] script '/domains/tmandel/adminer-5.4.1-mysql.php' not found or unable to stat
[Thu Jan 29 11:54:01.532713 2026] [php:error] [pid 66779] [client 143.105.147.41:0] script '/domains/wsmith.enteract/wp-login.php' not found or unable to stat, referer: https://etc.com
[Thu Jan 29 11:54:02.097650 2026] [php:error] [pid 66779] [client 143.105.147.41:0] script '/domains/wsmith.enteract/wp-login.php' not found or unable to stat, referer: https://etc.com
[Thu Jan 29 11:54:02.737750 2026] [php:error] [pid 66779] [client 143.105.147.41:0] script '/domains/wsmith.enteract/wp-login.php' not found or unable to stat, referer: https://etc.com
[Thu Jan 29 11:54:03.401750 2026] [php:error] [pid 66779] [client 143.105.147.41:0] script '/domains/wsmith.enteract/wp-login.php' not found or unable to stat, referer: https://etc.com
[Thu Jan 29 11:54:03.921845 2026] [php:error] [pid 66779] [client 143.105.147.41:0] script '/domains/wsmith.enteract/wp-login.php' not found or unable to stat, referer: https://etc.com
[Thu Jan 29 11:54:04.594820 2026] [php:error] [pid 66779] [client 143.105.147.41:0] script '/domains/wsmith.enteract/wp-login.php' not found or unable to stat, referer: https://etc.com
[Thu Jan 29 11:54:38.662121 2026] [php:error] [pid 66811] [client 35.247.243.252:0] script '/domains/tmandel/adminer-5.0.0-mysql.php' not found or unable to stat
[Thu Jan 29 11:54:42.610473 2026] [php:error] [pid 66793] [client 34.96.162.61:0] script '/domains/tmandel/adminer-5.4.0.php' not found or unable to stat
[Thu Jan 29 11:55:04.041238 2026] [php:error] [pid 66807] [client 35.247.243.250:0] script '/domains/tmandel/adminer-5.0.4.php' not found or unable to stat
[Thu Jan 29 11:55:12.199934 2026] [php:error] [pid 66811] [client 34.96.162.58:0] script '/domains/tmandel/adminer-5.1.1-en.php' not found or unable to stat
[Thu Jan 29 11:55:21.143838 2026] [php:error] [pid 66816] [client 34.96.162.56:0] script '/domains/tmandel/adminer-5.0.3.php' not found or unable to stat
[Thu Jan 29 11:55:21.629291 2026] [php:error] [pid 66820] [client 37.77.150.123:0] script '/domains/homesbyaudrey1/wp-login.php' not found or unable to stat, referer: http://www.homesbyaudrey.com/wp-login.php
[Thu Jan 29 11:55:24.955501 2026] [php:error] [pid 66807] [client 37.77.150.123:0] script '/domains/homesbyaudrey1/xmlrpc.php' not found or unable to stat, referer: http://www.homesbyaudrey.com/xmlrpc.php
[Thu Jan 29 11:55:28.006103 2026] [php:error] [pid 66838] [client 35.247.243.254:0] script '/domains/tmandel/adminer-5.2.1-en.php' not found or unable to stat
[Thu Jan 29 11:55:41.220360 2026] [php:error] [pid 66847] [client 35.247.243.248:0] script '/domains/tmandel/adminer-5.4.0-en.php' not found or unable to stat
[Thu Jan 29 11:55:59.539660 2026] [php:error] [pid 66835] [client 35.247.243.255:0] script '/domains/tmandel/sql.php' not found or unable to stat
[Thu Jan 29 11:56:17.018242 2026] [php:error] [pid 66835] [client 34.96.162.52:0] script '/domains/tmandel/adminer-4.2.1.php' not found or unable to stat
[Thu Jan 29 11:56:23.461562 2026] [php:error] [pid 66851] [client 34.90.133.111:0] script '/domains/hdickens.enteract/kmnj.php' not found or unable to stat
[Thu Jan 29 11:56:34.237417 2026] [php:error] [pid 66856] [client 141.98.11.44:0] script '/domains/system_suspended/wp-login.php' not found or unable to stat, referer: https://twitter.com/
[Thu Jan 29 11:56:34.692820 2026] [php:error] [pid 66851] [client 86.87.213.10:0] script '/domains/system_suspended/wp-login.php' not found or unable to stat, referer: https://www.reddit.com/
[Thu Jan 29 11:56:43.468280 2026] [php:error] [pid 66842] [client 34.96.162.49:0] script '/domains/tmandel/adminer-5.1.0-en.php' not found or unable to stat
[Thu Jan 29 11:56:49.623542 2026] [php:error] [pid 66842] [client 34.96.162.57:0] script '/domains/tmandel/adminer-5.2.1-mysql.php' not found or unable to stat
[Thu Jan 29 11:57:06.516700 2026] [php:error] [pid 66850] [client 35.247.243.245:0] script '/domains/tmandel/adminer-5.2.0.php' not found or unable to stat
[Thu Jan 29 11:57:09.022216 2026] [php:error] [pid 66850] [client 35.247.243.243:0] script '/domains/tmandel/adminer-5.0.5.php' not found or unable to stat
[Thu Jan 29 11:57:34.599913 2026] [php:error] [pid 66854] [client 34.96.162.52:0] script '/domains/tmandel/adminer-5.4.1-mysql-en.php' not found or unable to stat
[Thu Jan 29 11:57:36.851324 2026] [php:error] [pid 66842] [client 34.96.162.59:0] script '/domains/tmandel/adminer-5.1.1-en.php' not found or unable to stat
[Thu Jan 29 11:57:37.036317 2026] [php:error] [pid 66851] [client 145.239.10.137:0] script '/domains/brigadeweb/xx.php' not found or unable to stat, referer: http://brigaderecords.com/xx.php
[Thu Jan 29 11:57:58.412687 2026] [php:error] [pid 66850] [client 52.230.35.34:0] script '/domains/system_default/wp-trackback.php' not found or unable to stat
[Thu Jan 29 11:57:58.637333 2026] [php:error] [pid 66850] [client 52.230.35.34:0] script '/domains/system_default/about.php' not found or unable to stat
[Thu Jan 29 11:57:58.862910 2026] [php:error] [pid 66850] [client 52.230.35.34:0] script '/domains/system_default/file.php' not found or unable to stat
[Thu Jan 29 11:57:59.102213 2026] [php:error] [pid 66850] [client 52.230.35.34:0] script '/domains/system_default/term.php' not found or unable to stat
[Thu Jan 29 11:57:59.326908 2026] [php:error] [pid 66850] [client 52.230.35.34:0] script '/domains/system_default/wp-good.php' not found or unable to stat
[Thu Jan 29 11:57:59.552102 2026] [php:error] [pid 66850] [client 52.230.35.34:0] script '/domains/system_default/xmlrpc.php' not found or unable to stat
[Thu Jan 29 11:57:59.776993 2026] [php:error] [pid 66850] [client 52.230.35.34:0] script '/domains/system_default/goods.php' not found or unable to stat
[Thu Jan 29 11:58:00.001645 2026] [php:error] [pid 66850] [client 52.230.35.34:0] script '/domains/system_default/ioxi-o.php' not found or unable to stat
[Thu Jan 29 11:58:00.229199 2026] [php:error] [pid 66850] [client 52.230.35.34:0] script '/domains/system_default/class-t.api.php' not found or unable to stat
[Thu Jan 29 11:58:00.453805 2026] [php:error] [pid 66850] [client 52.230.35.34:0] script '/domains/system_default/admin.php' not found or unable to stat
[Thu Jan 29 11:58:00.682833 2026] [php:error] [pid 66850] [client 52.230.35.34:0] script '/domains/system_default/sf.php' not found or unable to stat
[Thu Jan 29 11:58:00.907780 2026] [php:error] [pid 66850] [client 52.230.35.34:0] script '/domains/system_default/rip.php' not found or unable to stat
[Thu Jan 29 11:58:01.133462 2026] [php:error] [pid 66850] [client 52.230.35.34:0] script '/domains/system_default/autoload_classmap.php' not found or unable to stat
[Thu Jan 29 11:58:01.365449 2026] [php:error] [pid 66850] [client 52.230.35.34:0] script '/domains/system_default/chosen.php' not found or unable to stat
[Thu Jan 29 11:58:01.590190 2026] [php:error] [pid 66850] [client 52.230.35.34:0] script '/domains/system_default/classwithtostring.php' not found or unable to stat
[Thu Jan 29 11:58:01.815075 2026] [php:error] [pid 66850] [client 52.230.35.34:0] script '/domains/system_default/defaults.php' not found or unable to stat
[Thu Jan 29 11:58:02.955086 2026] [php:error] [pid 66850] [client 52.230.35.34:0] script '/domains/system_default/info.php' not found or unable to stat
[Thu Jan 29 11:58:04.542906 2026] [php:error] [pid 66850] [client 52.230.35.34:0] script '/domains/system_default/adminfuns.php' not found or unable to stat
[Thu Jan 29 11:59:05.527193 2026] [php:error] [pid 66851] [client 20.219.1.210:0] script '/domains/system_suspended/rip.php' not found or unable to stat
[Thu Jan 29 12:00:45.208682 2026] [php:error] [pid 66899] [client 145.239.10.137:0] script '/domains/viamonte3/dddd.php' not found or unable to stat, referer: http://viamontedesign.com/dddd.php
[Thu Jan 29 12:00:47.122539 2026] [php:error] [pid 66899] [client 4.217.180.34:0] script '/domains/ceonlinenews/class19.php' not found or unable to stat
[Thu Jan 29 12:00:47.302065 2026] [php:error] [pid 66899] [client 4.217.180.34:0] script '/domains/ceonlinenews/zwso.php' not found or unable to stat
[Thu Jan 29 12:00:47.482097 2026] [php:error] [pid 66899] [client 4.217.180.34:0] script '/domains/ceonlinenews/ficmdwty.php' not found or unable to stat
[Thu Jan 29 12:00:47.661905 2026] [php:error] [pid 66899] [client 4.217.180.34:0] script '/domains/ceonlinenews/xmrlpc.php' not found or unable to stat
[Thu Jan 29 12:00:47.843433 2026] [php:error] [pid 66899] [client 4.217.180.34:0] script '/domains/ceonlinenews/comfunctions.php' not found or unable to stat
[Thu Jan 29 12:00:48.024158 2026] [php:error] [pid 66899] [client 4.217.180.34:0] script '/domains/ceonlinenews/maintenance.php' not found or unable to stat
[Thu Jan 29 12:00:48.209291 2026] [php:error] [pid 66899] [client 4.217.180.34:0] script '/domains/ceonlinenews/indeex.php' not found or unable to stat
[Thu Jan 29 12:00:48.395955 2026] [php:error] [pid 66899] [client 4.217.180.34:0] script '/domains/ceonlinenews/wp-site.php' not found or unable to stat
[Thu Jan 29 12:00:48.576066 2026] [php:error] [pid 66899] [client 4.217.180.34:0] script '/domains/ceonlinenews/function.php' not found or unable to stat
[Thu Jan 29 12:00:48.755778 2026] [php:error] [pid 66899] [client 4.217.180.34:0] script '/domains/ceonlinenews/thfd.php' not found or unable to stat
[Thu Jan 29 12:00:48.936136 2026] [php:error] [pid 66899] [client 4.217.180.34:0] script '/domains/ceonlinenews/index4.php' not found or unable to stat
[Thu Jan 29 12:00:49.115968 2026] [php:error] [pid 66899] [client 4.217.180.34:0] script '/domains/ceonlinenews/backup.php' not found or unable to stat
[Thu Jan 29 12:00:49.295576 2026] [php:error] [pid 66899] [client 4.217.180.34:0] script '/domains/ceonlinenews/wp-admin-css.php' not found or unable to stat
[Thu Jan 29 12:00:49.475450 2026] [php:error] [pid 66899] [client 4.217.180.34:0] script '/domains/ceonlinenews/priv.php' not found or unable to stat
[Thu Jan 29 12:00:49.690219 2026] [php:error] [pid 66899] [client 4.217.180.34:0] script '/domains/ceonlinenews/yes.php' not found or unable to stat
[Thu Jan 29 12:00:49.870638 2026] [php:error] [pid 66899] [client 4.217.180.34:0] script '/domains/ceonlinenews/change_password.php' not found or unable to stat
[Thu Jan 29 12:00:50.057550 2026] [php:error] [pid 66899] [client 4.217.180.34:0] script '/domains/ceonlinenews/payout.php' not found or unable to stat
[Thu Jan 29 12:00:50.246786 2026] [php:error] [pid 66899] [client 4.217.180.34:0] script '/domains/ceonlinenews/wsanon.php' not found or unable to stat
[Thu Jan 29 12:00:50.427356 2026] [php:error] [pid 66899] [client 4.217.180.34:0] script '/domains/ceonlinenews/defense.php' not found or unable to stat
[Thu Jan 29 12:00:50.606661 2026] [php:error] [pid 66899] [client 4.217.180.34:0] script '/domains/ceonlinenews/sxo.php' not found or unable to stat
[Thu Jan 29 12:00:50.785958 2026] [php:error] [pid 66899] [client 4.217.180.34:0] script '/domains/ceonlinenews/local-phpinfo.php' not found or unable to stat
[Thu Jan 29 12:00:50.965734 2026] [php:error] [pid 66899] [client 4.217.180.34:0] script '/domains/ceonlinenews/wp-cc.php' not found or unable to stat
[Thu Jan 29 12:00:51.155607 2026] [php:error] [pid 66899] [client 4.217.180.34:0] script '/domains/ceonlinenews/wp-class.php' not found or unable to stat
[Thu Jan 29 12:00:51.335904 2026] [php:error] [pid 66899] [client 4.217.180.34:0] script '/domains/ceonlinenews/colors.php' not found or unable to stat
[Thu Jan 29 12:00:51.694898 2026] [php:error] [pid 66899] [client 4.217.180.34:0] script '/domains/ceonlinenews/server.php' not found or unable to stat
[Thu Jan 29 12:00:51.874355 2026] [php:error] [pid 66899] [client 4.217.180.34:0] script '/domains/ceonlinenews/iR7SzrsOUEP.php' not found or unable to stat
[Thu Jan 29 12:00:52.053861 2026] [php:error] [pid 66899] [client 4.217.180.34:0] script '/domains/ceonlinenews/ini.php' not found or unable to stat
[Thu Jan 29 12:00:52.233445 2026] [php:error] [pid 66899] [client 4.217.180.34:0] script '/domains/ceonlinenews/inbox.php' not found or unable to stat
[Thu Jan 29 12:00:52.414502 2026] [php:error] [pid 66899] [client 4.217.180.34:0] script '/domains/ceonlinenews/wp-cdi.php' not found or unable to stat
[Thu Jan 29 12:00:52.594161 2026] [php:error] [pid 66899] [client 4.217.180.34:0] script '/domains/ceonlinenews/blue.php' not found or unable to stat
[Thu Jan 29 12:00:52.775049 2026] [php:error] [pid 66899] [client 4.217.180.34:0] script '/domains/ceonlinenews/alfa1.php' not found or unable to stat
[Thu Jan 29 12:00:52.955036 2026] [php:error] [pid 66899] [client 4.217.180.34:0] script '/domains/ceonlinenews/spip.php' not found or unable to stat
[Thu Jan 29 12:00:53.135015 2026] [php:error] [pid 66899] [client 4.217.180.34:0] script '/domains/ceonlinenews/input.php' not found or unable to stat
[Thu Jan 29 12:00:53.314555 2026] [php:error] [pid 66899] [client 4.217.180.34:0] script '/domains/ceonlinenews/index-ajax-response.php' not found or unable to stat
[Thu Jan 29 12:00:53.494357 2026] [php:error] [pid 66899] [client 4.217.180.34:0] script '/domains/ceonlinenews/csv.php' not found or unable to stat
[Thu Jan 29 12:00:53.673856 2026] [php:error] [pid 66899] [client 4.217.180.34:0] script '/domains/ceonlinenews/blkqvmih.php' not found or unable to stat
[Thu Jan 29 12:00:53.853809 2026] [php:error] [pid 66899] [client 4.217.180.34:0] script '/domains/ceonlinenews/yanz.php' not found or unable to stat
[Thu Jan 29 12:00:54.033264 2026] [php:error] [pid 66899] [client 4.217.180.34:0] script '/domains/ceonlinenews/session.php' not found or unable to stat
[Thu Jan 29 12:00:54.212888 2026] [php:error] [pid 66899] [client 4.217.180.34:0] script '/domains/ceonlinenews/class-wp-filesystemss.php' not found or unable to stat
[Thu Jan 29 12:00:54.392372 2026] [php:error] [pid 66899] [client 4.217.180.34:0] script '/domains/ceonlinenews/installer.php' not found or unable to stat
[Thu Jan 29 12:00:54.572282 2026] [php:error] [pid 66899] [client 4.217.180.34:0] script '/domains/ceonlinenews/link-add.php' not found or unable to stat
[Thu Jan 29 12:00:54.751713 2026] [php:error] [pid 66899] [client 4.217.180.34:0] script '/domains/ceonlinenews/audio.php' not found or unable to stat
[Thu Jan 29 12:00:54.931973 2026] [php:error] [pid 66899] [client 4.217.180.34:0] script '/domains/ceonlinenews/aksinet.php' not found or unable to stat
[Thu Jan 29 12:00:55.112143 2026] [php:error] [pid 66899] [client 4.217.180.34:0] script '/domains/ceonlinenews/register.php' not found or unable to stat
[Thu Jan 29 12:00:55.292770 2026] [php:error] [pid 66899] [client 4.217.180.34:0] script '/domains/ceonlinenews/4price3.php' not found or unable to stat
[Thu Jan 29 12:00:55.430041 2026] [php:error] [pid 66946] [client 20.205.115.105:0] script '/domains/apunderkofler/irc.js.php' not found or unable to stat
[Thu Jan 29 12:00:55.481387 2026] [php:error] [pid 66899] [client 4.217.180.34:0] script '/domains/ceonlinenews/lofmebwd.php' not found or unable to stat
[Thu Jan 29 12:00:55.639903 2026] [php:error] [pid 66946] [client 20.205.115.105:0] script '/domains/apunderkofler/ot_finance.php' not found or unable to stat
[Thu Jan 29 12:00:55.661186 2026] [php:error] [pid 66899] [client 4.217.180.34:0] script '/domains/ceonlinenews/w8a6btny.php' not found or unable to stat
[Thu Jan 29 12:00:55.844794 2026] [php:error] [pid 66899] [client 4.217.180.34:0] script '/domains/ceonlinenews/uwntsctk.php' not found or unable to stat
[Thu Jan 29 12:00:55.850178 2026] [php:error] [pid 66946] [client 20.205.115.105:0] script '/domains/apunderkofler/param.php' not found or unable to stat
[Thu Jan 29 12:00:56.024447 2026] [php:error] [pid 66899] [client 4.217.180.34:0] script '/domains/ceonlinenews/wboom.php' not found or unable to stat
[Thu Jan 29 12:00:56.059907 2026] [php:error] [pid 66946] [client 20.205.115.105:0] script '/domains/apunderkofler/round_robin.php' not found or unable to stat
[Thu Jan 29 12:00:56.203928 2026] [php:error] [pid 66899] [client 4.217.180.34:0] script '/domains/ceonlinenews/wsa.php' not found or unable to stat
[Thu Jan 29 12:00:56.270951 2026] [php:error] [pid 66946] [client 20.205.115.105:0] script '/domains/apunderkofler/sung.php' not found or unable to stat
[Thu Jan 29 12:00:56.394945 2026] [php:error] [pid 66899] [client 4.217.180.34:0] script '/domains/ceonlinenews/wp-fclass.php' not found or unable to stat
[Thu Jan 29 12:00:56.488152 2026] [php:error] [pid 66946] [client 20.205.115.105:0] script '/domains/apunderkofler/pom.php' not found or unable to stat
[Thu Jan 29 12:00:56.698530 2026] [php:error] [pid 66946] [client 20.205.115.105:0] script '/domains/apunderkofler/6r9.php' not found or unable to stat
[Thu Jan 29 12:00:56.756426 2026] [php:error] [pid 66899] [client 4.217.180.34:0] script '/domains/ceonlinenews/exit.php' not found or unable to stat
[Thu Jan 29 12:00:56.909102 2026] [php:error] [pid 66946] [client 20.205.115.105:0] script '/domains/apunderkofler/erf.php' not found or unable to stat
[Thu Jan 29 12:00:56.935838 2026] [php:error] [pid 66899] [client 4.217.180.34:0] script '/domains/ceonlinenews/0.php' not found or unable to stat
[Thu Jan 29 12:00:57.117146 2026] [php:error] [pid 66899] [client 4.217.180.34:0] script '/domains/ceonlinenews/wp-scripts.php' not found or unable to stat
[Thu Jan 29 12:00:57.118791 2026] [php:error] [pid 66946] [client 20.205.115.105:0] script '/domains/apunderkofler/ert.php' not found or unable to stat
[Thu Jan 29 12:00:57.296525 2026] [php:error] [pid 66899] [client 4.217.180.34:0] script '/domains/ceonlinenews/reset.php' not found or unable to stat
[Thu Jan 29 12:00:57.328688 2026] [php:error] [pid 66946] [client 20.205.115.105:0] script '/domains/apunderkofler/gf6.php' not found or unable to stat
[Thu Jan 29 12:00:57.476285 2026] [php:error] [pid 66899] [client 4.217.180.34:0] script '/domains/ceonlinenews/ova-tools.php' not found or unable to stat
[Thu Jan 29 12:00:57.538753 2026] [php:error] [pid 66946] [client 20.205.115.105:0] script '/domains/apunderkofler/ghds4.php' not found or unable to stat
[Thu Jan 29 12:00:57.655616 2026] [php:error] [pid 66899] [client 4.217.180.34:0] script '/domains/ceonlinenews/f35.php' not found or unable to stat
[Thu Jan 29 12:00:57.756289 2026] [php:error] [pid 66946] [client 20.205.115.105:0] script '/domains/apunderkofler/xv.php' not found or unable to stat
[Thu Jan 29 12:00:57.835019 2026] [php:error] [pid 66899] [client 4.217.180.34:0] script '/domains/ceonlinenews/OLD-UP-ova.php' not found or unable to stat
[Thu Jan 29 12:00:57.966405 2026] [php:error] [pid 66946] [client 20.205.115.105:0] script '/domains/apunderkofler/core.php' not found or unable to stat
[Thu Jan 29 12:00:58.014774 2026] [php:error] [pid 66899] [client 4.217.180.34:0] script '/domains/ceonlinenews/log404.php' not found or unable to stat
[Thu Jan 29 12:00:58.177501 2026] [php:error] [pid 66946] [client 20.205.115.105:0] script '/domains/apunderkofler/footer.php' not found or unable to stat
[Thu Jan 29 12:00:58.194621 2026] [php:error] [pid 66899] [client 4.217.180.34:0] script '/domains/ceonlinenews/wp-2022.php' not found or unable to stat
[Thu Jan 29 12:00:58.374463 2026] [php:error] [pid 66899] [client 4.217.180.34:0] script '/domains/ceonlinenews/xlettt.php' not found or unable to stat
[Thu Jan 29 12:00:58.387411 2026] [php:error] [pid 66946] [client 20.205.115.105:0] script '/domains/apunderkofler/global.php' not found or unable to stat
[Thu Jan 29 12:00:58.554020 2026] [php:error] [pid 66899] [client 4.217.180.34:0] script '/domains/ceonlinenews/post-new.php' not found or unable to stat
[Thu Jan 29 12:00:58.597189 2026] [php:error] [pid 66946] [client 20.205.115.105:0] script '/domains/apunderkofler/init.php' not found or unable to stat
[Thu Jan 29 12:00:58.734569 2026] [php:error] [pid 66899] [client 4.217.180.34:0] script '/domains/ceonlinenews/CasperExV1.php' not found or unable to stat
[Thu Jan 29 12:00:58.806904 2026] [php:error] [pid 66946] [client 20.205.115.105:0] script '/domains/apunderkofler/pass.php' not found or unable to stat
[Thu Jan 29 12:00:58.915441 2026] [php:error] [pid 66899] [client 4.217.180.34:0] script '/domains/ceonlinenews/release.php' not found or unable to stat
[Thu Jan 29 12:00:59.017123 2026] [php:error] [pid 66946] [client 20.205.115.105:0] script '/domains/apunderkofler/ws37.php' not found or unable to stat
[Thu Jan 29 12:00:59.094908 2026] [php:error] [pid 66899] [client 4.217.180.34:0] script '/domains/ceonlinenews/curl.php' not found or unable to stat
[Thu Jan 29 12:00:59.228894 2026] [php:error] [pid 66946] [client 20.205.115.105:0] script '/domains/apunderkofler/flex.php' not found or unable to stat
