[Sat Jan 24 03:29:04.665182 2026] [php:error] [pid 11893] [client 4.194.24.19:0] script '/domains/system_suspended/rtx.php' not found or unable to stat
[Sat Jan 24 03:29:04.691526 2026] [php:error] [pid 11906] [client 20.70.170.217:0] script '/domains/smartny/xmlrpc.php' not found or unable to stat
[Sat Jan 24 03:29:04.898126 2026] [php:error] [pid 11906] [client 20.70.170.217:0] script '/domains/smartny/alfa.php' not found or unable to stat
[Sat Jan 24 03:29:05.115109 2026] [php:error] [pid 11906] [client 20.70.170.217:0] script '/domains/smartny/as.php' not found or unable to stat
[Sat Jan 24 03:29:05.516424 2026] [php:error] [pid 11906] [client 20.70.170.217:0] script '/domains/smartny/class-t.api.php' not found or unable to stat
[Sat Jan 24 03:29:05.714849 2026] [php:error] [pid 11906] [client 20.70.170.217:0] script '/domains/smartny/indoxploit.php' not found or unable to stat
[Sat Jan 24 03:29:05.914347 2026] [php:error] [pid 11906] [client 20.70.170.217:0] script '/domains/smartny/shell.php' not found or unable to stat
[Sat Jan 24 03:29:05.992552 2026] [php:error] [pid 11893] [client 4.194.24.19:0] script '/domains/system_suspended/atomlib.php' not found or unable to stat
[Sat Jan 24 03:29:06.114176 2026] [php:error] [pid 11906] [client 20.70.170.217:0] script '/domains/smartny/system.php' not found or unable to stat
[Sat Jan 24 03:29:06.213329 2026] [php:error] [pid 11893] [client 4.194.24.19:0] script '/domains/system_suspended/info.php' not found or unable to stat
[Sat Jan 24 03:29:06.311978 2026] [php:error] [pid 11906] [client 20.70.170.217:0] script '/domains/smartny/wp-admin.php' not found or unable to stat
[Sat Jan 24 03:29:06.434088 2026] [php:error] [pid 11893] [client 4.194.24.19:0] script '/domains/system_suspended/lock360.php' not found or unable to stat
[Sat Jan 24 03:29:06.875713 2026] [php:error] [pid 11893] [client 4.194.24.19:0] script '/domains/system_suspended/vx.php' not found or unable to stat
[Sat Jan 24 03:29:07.507696 2026] [php:error] [pid 11906] [client 20.70.170.217:0] script '/domains/smartny/wp-block.php' not found or unable to stat
[Sat Jan 24 03:29:07.537610 2026] [php:error] [pid 11893] [client 4.194.24.19:0] script '/domains/system_suspended/wp-content.php' not found or unable to stat
[Sat Jan 24 03:29:08.119684 2026] [php:error] [pid 11906] [client 20.70.170.217:0] script '/domains/smartny/wp-good.php' not found or unable to stat
[Sat Jan 24 03:29:09.096295 2026] [php:error] [pid 11893] [client 4.194.24.19:0] script '/domains/system_suspended/adminfuns.php' not found or unable to stat
[Sat Jan 24 03:29:09.316972 2026] [php:error] [pid 11893] [client 4.194.24.19:0] script '/domains/system_suspended/ahax.php' not found or unable to stat
[Sat Jan 24 03:29:09.537614 2026] [php:error] [pid 11893] [client 4.194.24.19:0] script '/domains/system_suspended/autoload_classmap.php' not found or unable to stat
[Sat Jan 24 03:29:09.954188 2026] [php:error] [pid 11906] [client 20.70.170.217:0] script '/domains/smartny/01.php' not found or unable to stat
[Sat Jan 24 03:29:09.985331 2026] [php:error] [pid 11893] [client 4.194.24.19:0] script '/domains/system_suspended/file.php' not found or unable to stat
[Sat Jan 24 03:29:10.152461 2026] [php:error] [pid 11906] [client 20.70.170.217:0] script '/domains/smartny/222.php' not found or unable to stat
[Sat Jan 24 03:29:10.206320 2026] [php:error] [pid 11893] [client 4.194.24.19:0] script '/domains/system_suspended/file5.php' not found or unable to stat
[Sat Jan 24 03:29:10.366129 2026] [php:error] [pid 11906] [client 20.70.170.217:0] script '/domains/smartny/403.php' not found or unable to stat
[Sat Jan 24 03:29:10.563957 2026] [php:error] [pid 11906] [client 20.70.170.217:0] script '/domains/smartny/404.php' not found or unable to stat
[Sat Jan 24 03:29:11.164744 2026] [php:error] [pid 11901] [client 20.70.170.217:0] script '/domains/smartny/Q.php' not found or unable to stat
[Sat Jan 24 03:29:11.369024 2026] [php:error] [pid 11901] [client 20.70.170.217:0] script '/domains/smartny/WSO.php' not found or unable to stat
[Sat Jan 24 03:29:11.567283 2026] [php:error] [pid 11901] [client 20.70.170.217:0] script '/domains/smartny/abc.php' not found or unable to stat
[Sat Jan 24 03:29:11.765368 2026] [php:error] [pid 11901] [client 20.70.170.217:0] script '/domains/smartny/abcd.php' not found or unable to stat
[Sat Jan 24 03:29:12.198332 2026] [php:error] [pid 11893] [client 4.194.24.19:0] script '/domains/system_suspended/xmlrpc.php' not found or unable to stat
[Sat Jan 24 03:29:12.420605 2026] [php:error] [pid 11893] [client 4.194.24.19:0] script '/domains/system_suspended/alfa.php' not found or unable to stat
[Sat Jan 24 03:29:12.642614 2026] [php:error] [pid 11893] [client 4.194.24.19:0] script '/domains/system_suspended/as.php' not found or unable to stat
[Sat Jan 24 03:29:12.966096 2026] [php:error] [pid 11901] [client 20.70.170.217:0] script '/domains/smartny/auth.php' not found or unable to stat
[Sat Jan 24 03:29:13.085698 2026] [php:error] [pid 11893] [client 4.194.24.19:0] script '/domains/system_suspended/class-t.api.php' not found or unable to stat
[Sat Jan 24 03:29:13.167354 2026] [php:error] [pid 11901] [client 20.70.170.217:0] script '/domains/smartny/byp.php' not found or unable to stat
[Sat Jan 24 03:29:13.312811 2026] [php:error] [pid 11893] [client 4.194.24.19:0] script '/domains/system_suspended/indoxploit.php' not found or unable to stat
[Sat Jan 24 03:29:13.369908 2026] [php:error] [pid 11901] [client 20.70.170.217:0] script '/domains/smartny/c.php' not found or unable to stat
[Sat Jan 24 03:29:13.538759 2026] [php:error] [pid 11893] [client 4.194.24.19:0] script '/domains/system_suspended/shell.php' not found or unable to stat
[Sat Jan 24 03:29:13.567448 2026] [php:error] [pid 11901] [client 20.70.170.217:0] script '/domains/smartny/ca4.php' not found or unable to stat
[Sat Jan 24 03:29:13.761923 2026] [php:error] [pid 11893] [client 4.194.24.19:0] script '/domains/system_suspended/system.php' not found or unable to stat
[Sat Jan 24 03:29:13.982931 2026] [php:error] [pid 11893] [client 4.194.24.19:0] script '/domains/system_suspended/wp-admin.php' not found or unable to stat
[Sat Jan 24 03:29:14.167334 2026] [php:error] [pid 11901] [client 20.70.170.217:0] script '/domains/smartny/config.php' not found or unable to stat
[Sat Jan 24 03:29:14.382324 2026] [php:error] [pid 11901] [client 20.70.170.217:0] script '/domains/smartny/connector.php' not found or unable to stat
[Sat Jan 24 03:29:14.581289 2026] [php:error] [pid 11901] [client 20.70.170.217:0] script '/domains/smartny/content.php' not found or unable to stat
[Sat Jan 24 03:29:15.009786 2026] [php:error] [pid 11901] [client 20.70.170.217:0] script '/domains/smartny/favicon.php' not found or unable to stat
[Sat Jan 24 03:29:15.207359 2026] [php:error] [pid 11901] [client 20.70.170.217:0] script '/domains/smartny/file56.php' not found or unable to stat
[Sat Jan 24 03:29:15.309060 2026] [php:error] [pid 11893] [client 4.194.24.19:0] script '/domains/system_suspended/wp-block.php' not found or unable to stat
[Sat Jan 24 03:29:15.427238 2026] [php:error] [pid 11901] [client 20.70.170.217:0] script '/domains/smartny/flower.php' not found or unable to stat
[Sat Jan 24 03:29:15.637351 2026] [php:error] [pid 11901] [client 20.70.170.217:0] script '/domains/smartny/fw.php' not found or unable to stat
[Sat Jan 24 03:29:15.835629 2026] [php:error] [pid 11901] [client 20.70.170.217:0] script '/domains/smartny/gecko-new.php' not found or unable to stat
[Sat Jan 24 03:29:15.975031 2026] [php:error] [pid 11893] [client 4.194.24.19:0] script '/domains/system_suspended/wp-good.php' not found or unable to stat
[Sat Jan 24 03:29:17.970690 2026] [php:error] [pid 11893] [client 4.194.24.19:0] script '/domains/system_suspended/01.php' not found or unable to stat
[Sat Jan 24 03:29:18.191619 2026] [php:error] [pid 11893] [client 4.194.24.19:0] script '/domains/system_suspended/222.php' not found or unable to stat
[Sat Jan 24 03:29:18.413166 2026] [php:error] [pid 11893] [client 4.194.24.19:0] script '/domains/system_suspended/403.php' not found or unable to stat
[Sat Jan 24 03:29:18.634327 2026] [php:error] [pid 11893] [client 4.194.24.19:0] script '/domains/system_suspended/404.php' not found or unable to stat
[Sat Jan 24 03:29:19.297984 2026] [php:error] [pid 11908] [client 4.194.24.19:0] script '/domains/system_suspended/Q.php' not found or unable to stat
[Sat Jan 24 03:29:19.519424 2026] [php:error] [pid 11908] [client 4.194.24.19:0] script '/domains/system_suspended/WSO.php' not found or unable to stat
[Sat Jan 24 03:29:19.740870 2026] [php:error] [pid 11908] [client 4.194.24.19:0] script '/domains/system_suspended/abc.php' not found or unable to stat
[Sat Jan 24 03:29:19.962116 2026] [php:error] [pid 11908] [client 4.194.24.19:0] script '/domains/system_suspended/abcd.php' not found or unable to stat
[Sat Jan 24 03:29:21.293136 2026] [php:error] [pid 11908] [client 4.194.24.19:0] script '/domains/system_suspended/auth.php' not found or unable to stat
[Sat Jan 24 03:29:21.514271 2026] [php:error] [pid 11908] [client 4.194.24.19:0] script '/domains/system_suspended/byp.php' not found or unable to stat
[Sat Jan 24 03:29:21.735212 2026] [php:error] [pid 11908] [client 4.194.24.19:0] script '/domains/system_suspended/c.php' not found or unable to stat
[Sat Jan 24 03:29:21.957997 2026] [php:error] [pid 11908] [client 4.194.24.19:0] script '/domains/system_suspended/ca4.php' not found or unable to stat
[Sat Jan 24 03:29:22.621302 2026] [php:error] [pid 11908] [client 4.194.24.19:0] script '/domains/system_suspended/config.php' not found or unable to stat
[Sat Jan 24 03:29:22.842512 2026] [php:error] [pid 11908] [client 4.194.24.19:0] script '/domains/system_suspended/connector.php' not found or unable to stat
[Sat Jan 24 03:29:23.063848 2026] [php:error] [pid 11908] [client 4.194.24.19:0] script '/domains/system_suspended/content.php' not found or unable to stat
[Sat Jan 24 03:29:23.505953 2026] [php:error] [pid 11908] [client 4.194.24.19:0] script '/domains/system_suspended/favicon.php' not found or unable to stat
[Sat Jan 24 03:29:23.727464 2026] [php:error] [pid 11908] [client 4.194.24.19:0] script '/domains/system_suspended/file56.php' not found or unable to stat
[Sat Jan 24 03:29:23.948949 2026] [php:error] [pid 11908] [client 4.194.24.19:0] script '/domains/system_suspended/flower.php' not found or unable to stat
[Sat Jan 24 03:29:24.170730 2026] [php:error] [pid 11908] [client 4.194.24.19:0] script '/domains/system_suspended/fw.php' not found or unable to stat
[Sat Jan 24 03:29:24.393437 2026] [php:error] [pid 11908] [client 4.194.24.19:0] script '/domains/system_suspended/gecko-new.php' not found or unable to stat
[Sat Jan 24 03:30:58.986375 2026] [php:error] [pid 11911] [client 145.239.10.137:0] script '/domains/pmglobal/x.php' not found or unable to stat, referer: http://pmglobalinfra.com/x.php
[Sat Jan 24 03:31:17.589167 2026] [php:error] [pid 11928] [client 145.239.10.137:0] script '/domains/pmifit/x.php' not found or unable to stat, referer: http://pmifit.com/x.php
[Sat Jan 24 03:31:54.851257 2026] [core:crit] [pid 11920] (13)Permission denied: [client 216.244.66.247:0] AH00529: /domains/performancepartsinc/graphics/psd/.htaccess pcfg_openfile: unable to check htaccess file, ensure it is readable and that '/domains/performancepartsinc/graphics/psd/' is executable
[Sat Jan 24 03:32:05.731870 2026] [php:error] [pid 11920] [client 78.153.140.179:0] script '/domains/system_default/app_dev.php' not found or unable to stat
[Sat Jan 24 03:34:09.063892 2026] [php:error] [pid 12000] [client 20.24.209.153:0] script '/domains/biehlweb/admin.php' not found or unable to stat
[Sat Jan 24 03:34:09.275445 2026] [php:error] [pid 12000] [client 20.24.209.153:0] script '/domains/biehlweb/manager.php' not found or unable to stat
[Sat Jan 24 03:34:10.122009 2026] [php:error] [pid 12000] [client 20.24.209.153:0] script '/domains/biehlweb/goods.php' not found or unable to stat
[Sat Jan 24 03:34:10.356861 2026] [php:error] [pid 12000] [client 20.24.209.153:0] script '/domains/biehlweb/chosen.php' not found or unable to stat
[Sat Jan 24 03:34:10.780482 2026] [php:error] [pid 12000] [client 20.24.209.153:0] script '/domains/biehlweb/about.php' not found or unable to stat
[Sat Jan 24 03:34:10.993916 2026] [php:error] [pid 12000] [client 20.24.209.153:0] script '/domains/biehlweb/deepseek_d.php' not found or unable to stat
[Sat Jan 24 03:34:11.205399 2026] [php:error] [pid 12000] [client 20.24.209.153:0] script '/domains/biehlweb/elp.php' not found or unable to stat
[Sat Jan 24 03:34:11.417909 2026] [php:error] [pid 12000] [client 20.24.209.153:0] script '/domains/biehlweb/bless.php' not found or unable to stat
[Sat Jan 24 03:34:11.638488 2026] [php:error] [pid 12000] [client 20.24.209.153:0] script '/domains/biehlweb/edit.php' not found or unable to stat
[Sat Jan 24 03:34:11.850238 2026] [php:error] [pid 12000] [client 20.24.209.153:0] script '/domains/biehlweb/simple.php' not found or unable to stat
[Sat Jan 24 03:34:12.492464 2026] [php:error] [pid 12000] [client 20.24.209.153:0] script '/domains/biehlweb/ioxi-o.php' not found or unable to stat
[Sat Jan 24 03:34:12.919471 2026] [php:error] [pid 12000] [client 20.24.209.153:0] script '/domains/biehlweb/test.php' not found or unable to stat
[Sat Jan 24 03:34:13.556086 2026] [php:error] [pid 12000] [client 20.24.209.153:0] script '/domains/biehlweb/classwithtostring.php' not found or unable to stat
[Sat Jan 24 03:34:14.205191 2026] [php:error] [pid 12000] [client 20.24.209.153:0] script '/domains/biehlweb/2.php' not found or unable to stat
[Sat Jan 24 03:34:14.425300 2026] [php:error] [pid 12000] [client 20.24.209.153:0] script '/domains/biehlweb/functions.php' not found or unable to stat
[Sat Jan 24 03:34:15.505374 2026] [php:error] [pid 12000] [client 20.24.209.153:0] script '/domains/biehlweb/aaa.php' not found or unable to stat
[Sat Jan 24 03:34:15.717749 2026] [php:error] [pid 12000] [client 20.24.209.153:0] script '/domains/biehlweb/inputs.php' not found or unable to stat
[Sat Jan 24 03:34:15.929287 2026] [php:error] [pid 12000] [client 20.24.209.153:0] script '/domains/biehlweb/log.php' not found or unable to stat
[Sat Jan 24 03:34:15.964811 2026] [php:error] [pid 11996] [client 87.121.84.30:0] script '/domains/pbuilder/wp-content.php' not found or unable to stat
[Sat Jan 24 03:34:16.141970 2026] [php:error] [pid 12000] [client 20.24.209.153:0] script '/domains/biehlweb/man.php' not found or unable to stat
[Sat Jan 24 03:34:16.353301 2026] [php:error] [pid 12000] [client 20.24.209.153:0] script '/domains/biehlweb/1.php' not found or unable to stat
[Sat Jan 24 03:34:16.565020 2026] [php:error] [pid 12000] [client 20.24.209.153:0] script '/domains/biehlweb/aa.php' not found or unable to stat
[Sat Jan 24 03:34:16.776353 2026] [php:error] [pid 12000] [client 20.24.209.153:0] script '/domains/biehlweb/dropdown.php' not found or unable to stat
[Sat Jan 24 03:34:16.987744 2026] [php:error] [pid 12000] [client 20.24.209.153:0] script '/domains/biehlweb/rtx.php' not found or unable to stat
[Sat Jan 24 03:34:18.308411 2026] [php:error] [pid 12000] [client 20.24.209.153:0] script '/domains/biehlweb/atomlib.php' not found or unable to stat
[Sat Jan 24 03:34:18.520116 2026] [php:error] [pid 12000] [client 20.24.209.153:0] script '/domains/biehlweb/info.php' not found or unable to stat
[Sat Jan 24 03:34:18.734952 2026] [php:error] [pid 12000] [client 20.24.209.153:0] script '/domains/biehlweb/lock360.php' not found or unable to stat
[Sat Jan 24 03:34:19.162460 2026] [php:error] [pid 12000] [client 20.24.209.153:0] script '/domains/biehlweb/vx.php' not found or unable to stat
[Sat Jan 24 03:34:19.800272 2026] [php:error] [pid 12000] [client 20.24.209.153:0] script '/domains/biehlweb/wp-content.php' not found or unable to stat
[Sat Jan 24 03:34:21.284664 2026] [php:error] [pid 12000] [client 20.24.209.153:0] script '/domains/biehlweb/adminfuns.php' not found or unable to stat
[Sat Jan 24 03:34:21.496741 2026] [php:error] [pid 12000] [client 20.24.209.153:0] script '/domains/biehlweb/ahax.php' not found or unable to stat
[Sat Jan 24 03:34:21.714077 2026] [php:error] [pid 12000] [client 20.24.209.153:0] script '/domains/biehlweb/autoload_classmap.php' not found or unable to stat
[Sat Jan 24 03:34:22.157279 2026] [php:error] [pid 12000] [client 20.24.209.153:0] script '/domains/biehlweb/file.php' not found or unable to stat
[Sat Jan 24 03:34:22.368668 2026] [php:error] [pid 12000] [client 20.24.209.153:0] script '/domains/biehlweb/file5.php' not found or unable to stat
[Sat Jan 24 03:34:24.284288 2026] [php:error] [pid 12000] [client 20.24.209.153:0] script '/domains/biehlweb/xmlrpc.php' not found or unable to stat
[Sat Jan 24 03:34:24.495792 2026] [php:error] [pid 12000] [client 20.24.209.153:0] script '/domains/biehlweb/alfa.php' not found or unable to stat
[Sat Jan 24 03:34:24.707673 2026] [php:error] [pid 12000] [client 20.24.209.153:0] script '/domains/biehlweb/as.php' not found or unable to stat
[Sat Jan 24 03:34:25.148241 2026] [php:error] [pid 12000] [client 20.24.209.153:0] script '/domains/biehlweb/class-t.api.php' not found or unable to stat
[Sat Jan 24 03:34:25.359732 2026] [php:error] [pid 12000] [client 20.24.209.153:0] script '/domains/biehlweb/indoxploit.php' not found or unable to stat
[Sat Jan 24 03:34:25.571398 2026] [php:error] [pid 12000] [client 20.24.209.153:0] script '/domains/biehlweb/shell.php' not found or unable to stat
[Sat Jan 24 03:34:25.788158 2026] [php:error] [pid 12000] [client 20.24.209.153:0] script '/domains/biehlweb/system.php' not found or unable to stat
[Sat Jan 24 03:34:25.999695 2026] [php:error] [pid 12000] [client 20.24.209.153:0] script '/domains/biehlweb/wp-admin.php' not found or unable to stat
[Sat Jan 24 03:34:27.275542 2026] [php:error] [pid 12000] [client 20.24.209.153:0] script '/domains/biehlweb/wp-block.php' not found or unable to stat
[Sat Jan 24 03:34:27.929015 2026] [php:error] [pid 12000] [client 20.24.209.153:0] script '/domains/biehlweb/wp-good.php' not found or unable to stat
[Sat Jan 24 03:34:29.858607 2026] [php:error] [pid 12000] [client 20.24.209.153:0] script '/domains/biehlweb/01.php' not found or unable to stat
[Sat Jan 24 03:34:30.072124 2026] [php:error] [pid 12000] [client 20.24.209.153:0] script '/domains/biehlweb/222.php' not found or unable to stat
[Sat Jan 24 03:34:30.284035 2026] [php:error] [pid 12000] [client 20.24.209.153:0] script '/domains/biehlweb/403.php' not found or unable to stat
[Sat Jan 24 03:34:30.496050 2026] [php:error] [pid 12000] [client 20.24.209.153:0] script '/domains/biehlweb/404.php' not found or unable to stat
[Sat Jan 24 03:34:31.124705 2026] [php:error] [pid 11938] [client 20.24.209.153:0] script '/domains/biehlweb/Q.php' not found or unable to stat
[Sat Jan 24 03:34:31.332132 2026] [php:error] [pid 11938] [client 20.24.209.153:0] script '/domains/biehlweb/WSO.php' not found or unable to stat
[Sat Jan 24 03:34:31.539207 2026] [php:error] [pid 11938] [client 20.24.209.153:0] script '/domains/biehlweb/abc.php' not found or unable to stat
[Sat Jan 24 03:34:31.747922 2026] [php:error] [pid 11938] [client 20.24.209.153:0] script '/domains/biehlweb/abcd.php' not found or unable to stat
[Sat Jan 24 03:34:33.023975 2026] [php:error] [pid 11938] [client 20.24.209.153:0] script '/domains/biehlweb/auth.php' not found or unable to stat
[Sat Jan 24 03:34:33.240975 2026] [php:error] [pid 11938] [client 20.24.209.153:0] script '/domains/biehlweb/byp.php' not found or unable to stat
[Sat Jan 24 03:34:33.459022 2026] [php:error] [pid 11938] [client 20.24.209.153:0] script '/domains/biehlweb/c.php' not found or unable to stat
[Sat Jan 24 03:34:33.665971 2026] [php:error] [pid 11938] [client 20.24.209.153:0] script '/domains/biehlweb/ca4.php' not found or unable to stat
[Sat Jan 24 03:34:34.299140 2026] [php:error] [pid 11938] [client 20.24.209.153:0] script '/domains/biehlweb/config.php' not found or unable to stat
[Sat Jan 24 03:34:34.519975 2026] [php:error] [pid 11938] [client 20.24.209.153:0] script '/domains/biehlweb/connector.php' not found or unable to stat
[Sat Jan 24 03:34:34.737221 2026] [php:error] [pid 11938] [client 20.24.209.153:0] script '/domains/biehlweb/content.php' not found or unable to stat
[Sat Jan 24 03:34:35.151556 2026] [php:error] [pid 11938] [client 20.24.209.153:0] script '/domains/biehlweb/favicon.php' not found or unable to stat
[Sat Jan 24 03:34:35.358875 2026] [php:error] [pid 11938] [client 20.24.209.153:0] script '/domains/biehlweb/file56.php' not found or unable to stat
[Sat Jan 24 03:34:35.573096 2026] [php:error] [pid 11938] [client 20.24.209.153:0] script '/domains/biehlweb/flower.php' not found or unable to stat
[Sat Jan 24 03:34:35.780829 2026] [php:error] [pid 11938] [client 20.24.209.153:0] script '/domains/biehlweb/fw.php' not found or unable to stat
[Sat Jan 24 03:34:35.988282 2026] [php:error] [pid 11938] [client 20.24.209.153:0] script '/domains/biehlweb/gecko-new.php' not found or unable to stat
[Sat Jan 24 03:36:03.571842 2026] [php:error] [pid 12136] [client 92.36.166.204:0] script '/domains/gohover/wp-login.php' not found or unable to stat
[Sat Jan 24 03:36:03.709355 2026] [php:error] [pid 12136] [client 92.36.166.204:0] script '/domains/gohover/xmlrpc.php' not found or unable to stat
[Sat Jan 24 03:37:36.003615 2026] [php:error] [pid 12141] [client 87.121.84.30:0] script '/domains/fairlane1/wp-content.php' not found or unable to stat
[Sat Jan 24 03:38:11.958418 2026] [php:error] [pid 12151] [client 185.177.72.10:0] script '/domains/bburke/wp-config.php.sample' not found or unable to stat
[Sat Jan 24 03:38:11.971812 2026] [php:error] [pid 12158] [client 185.177.72.10:0] script '/domains/bburke/phpinfo.php' not found or unable to stat
[Sat Jan 24 03:38:11.972055 2026] [php:error] [pid 12149] [client 185.177.72.10:0] script '/domains/bburke/i.php' not found or unable to stat
[Sat Jan 24 03:38:11.976522 2026] [php:error] [pid 12151] [client 185.177.72.10:0] script '/domains/bburke/db.php.bak' not found or unable to stat
[Sat Jan 24 03:38:12.567008 2026] [php:error] [pid 12156] [client 185.177.72.10:0] script '/domains/bburke/configuration.php.bak' not found or unable to stat
[Sat Jan 24 03:38:12.584281 2026] [php:error] [pid 12151] [client 185.177.72.10:0] script '/domains/bburke/test.php' not found or unable to stat
[Sat Jan 24 03:38:13.176735 2026] [access_compat:error] [pid 12154] [client 185.177.72.10:0] AH01797: client denied by server configuration: /domains/bburke/server-status
[Sat Jan 24 03:38:13.181026 2026] [php:error] [pid 12153] [client 185.177.72.10:0] script '/domains/bburke/debug.php' not found or unable to stat
[Sat Jan 24 03:38:13.186612 2026] [php:error] [pid 12158] [client 185.177.72.10:0] script '/domains/bburke/info.php' not found or unable to stat
[Sat Jan 24 03:38:13.545936 2026] [php:error] [pid 12151] [client 185.177.72.10:0] script '/domains/bburke/config.php.bak' not found or unable to stat
[Sat Jan 24 03:39:06.647555 2026] [php:error] [pid 12167] [client 20.27.221.169:0] script '/domains/supolo/ol.php' not found or unable to stat
[Sat Jan 24 03:39:06.842309 2026] [php:error] [pid 12167] [client 20.27.221.169:0] script '/domains/supolo/sikma.php' not found or unable to stat
[Sat Jan 24 03:39:07.154425 2026] [php:error] [pid 12167] [client 20.27.221.169:0] script '/domains/supolo/rh1.php' not found or unable to stat
[Sat Jan 24 03:39:07.319385 2026] [php:error] [pid 12167] [client 20.27.221.169:0] script '/domains/supolo/sid3.php' not found or unable to stat
[Sat Jan 24 03:39:07.494850 2026] [php:error] [pid 12167] [client 20.27.221.169:0] script '/domains/supolo/okxh.php' not found or unable to stat
[Sat Jan 24 03:39:07.669266 2026] [php:error] [pid 12167] [client 20.27.221.169:0] script '/domains/supolo/krypton.php' not found or unable to stat
[Sat Jan 24 03:39:07.838259 2026] [php:error] [pid 12167] [client 20.27.221.169:0] script '/domains/supolo/zoo.php' not found or unable to stat
[Sat Jan 24 03:39:08.170825 2026] [php:error] [pid 12167] [client 20.27.221.169:0] script '/domains/supolo/maul.php' not found or unable to stat
[Sat Jan 24 03:39:08.675063 2026] [php:error] [pid 12167] [client 20.27.221.169:0] script '/domains/supolo/download.php' not found or unable to stat
[Sat Jan 24 03:39:08.928085 2026] [php:error] [pid 12167] [client 20.27.221.169:0] script '/domains/supolo/varb.php' not found or unable to stat
[Sat Jan 24 03:39:09.276315 2026] [php:error] [pid 12167] [client 20.27.221.169:0] script '/domains/supolo/tt.php' not found or unable to stat
[Sat Jan 24 03:39:09.450411 2026] [php:error] [pid 12167] [client 20.27.221.169:0] script '/domains/supolo/a5e0a.php' not found or unable to stat
[Sat Jan 24 03:39:09.615987 2026] [php:error] [pid 12167] [client 20.27.221.169:0] script '/domains/supolo/abc.php' not found or unable to stat
[Sat Jan 24 03:39:09.780818 2026] [php:error] [pid 12167] [client 20.27.221.169:0] script '/domains/supolo/55b76.php' not found or unable to stat
[Sat Jan 24 03:39:09.946748 2026] [php:error] [pid 12167] [client 20.27.221.169:0] script '/domains/supolo/rzki.php' not found or unable to stat
[Sat Jan 24 03:39:10.201887 2026] [php:error] [pid 12167] [client 20.27.221.169:0] script '/domains/supolo/acxx.php' not found or unable to stat
[Sat Jan 24 03:39:10.367030 2026] [php:error] [pid 12167] [client 20.27.221.169:0] script '/domains/supolo/d12.php' not found or unable to stat
[Sat Jan 24 03:39:10.531894 2026] [php:error] [pid 12167] [client 20.27.221.169:0] script '/domains/supolo/s.php' not found or unable to stat
[Sat Jan 24 03:39:10.697086 2026] [php:error] [pid 12167] [client 20.27.221.169:0] script '/domains/supolo/error_log.php' not found or unable to stat
[Sat Jan 24 03:39:11.027290 2026] [php:error] [pid 12167] [client 20.27.221.169:0] script '/domains/supolo/dox.php' not found or unable to stat
[Sat Jan 24 03:39:11.192808 2026] [php:error] [pid 12167] [client 20.27.221.169:0] script '/domains/supolo/ahax.php' not found or unable to stat
[Sat Jan 24 03:39:11.387052 2026] [php:error] [pid 12167] [client 20.27.221.169:0] script '/domains/supolo/lock360.php' not found or unable to stat
[Sat Jan 24 03:39:11.552269 2026] [php:error] [pid 12167] [client 20.27.221.169:0] script '/domains/supolo/6kUgr4yGzxN.php' not found or unable to stat
[Sat Jan 24 03:39:11.717440 2026] [php:error] [pid 12167] [client 20.27.221.169:0] script '/domains/supolo/wp.php' not found or unable to stat
[Sat Jan 24 03:39:11.888821 2026] [php:error] [pid 12167] [client 20.27.221.169:0] script '/domains/supolo/test1.php' not found or unable to stat
[Sat Jan 24 03:39:12.054459 2026] [php:error] [pid 12167] [client 20.27.221.169:0] script '/domains/supolo/clss.php' not found or unable to stat
[Sat Jan 24 03:39:12.223798 2026] [php:error] [pid 12167] [client 20.27.221.169:0] script '/domains/supolo/44.php' not found or unable to stat
[Sat Jan 24 03:39:12.396153 2026] [php:error] [pid 12167] [client 20.27.221.169:0] script '/domains/supolo/ii5file.php' not found or unable to stat
[Sat Jan 24 03:39:12.621827 2026] [php:error] [pid 12167] [client 20.27.221.169:0] script '/domains/supolo/ss.php' not found or unable to stat
[Sat Jan 24 03:39:12.793494 2026] [php:error] [pid 12167] [client 20.27.221.169:0] script '/domains/supolo/re.php' not found or unable to stat
[Sat Jan 24 03:39:12.959621 2026] [php:error] [pid 12167] [client 20.27.221.169:0] script '/domains/supolo/xsas.php' not found or unable to stat
[Sat Jan 24 03:39:13.124412 2026] [php:error] [pid 12167] [client 20.27.221.169:0] script '/domains/supolo/asus.php' not found or unable to stat
[Sat Jan 24 03:39:13.292318 2026] [php:error] [pid 12167] [client 20.27.221.169:0] script '/domains/supolo/wp-good.php' not found or unable to stat
[Sat Jan 24 03:39:13.457111 2026] [php:error] [pid 12167] [client 20.27.221.169:0] script '/domains/supolo/0x.php' not found or unable to stat
[Sat Jan 24 03:39:13.642616 2026] [php:error] [pid 12167] [client 20.27.221.169:0] script '/domains/supolo/domains.php' not found or unable to stat
[Sat Jan 24 03:39:13.935781 2026] [php:error] [pid 12167] [client 20.27.221.169:0] script '/domains/supolo/wp-goods.php' not found or unable to stat
[Sat Jan 24 03:39:14.101638 2026] [php:error] [pid 12167] [client 20.27.221.169:0] script '/domains/supolo/144.php' not found or unable to stat
[Sat Jan 24 03:39:14.367843 2026] [php:error] [pid 12167] [client 20.27.221.169:0] script '/domains/supolo/akcc.php' not found or unable to stat
[Sat Jan 24 03:39:14.728338 2026] [php:error] [pid 12167] [client 20.27.221.169:0] script '/domains/supolo/vanda.php' not found or unable to stat
[Sat Jan 24 03:39:14.901530 2026] [php:error] [pid 12167] [client 20.27.221.169:0] script '/domains/supolo/lib.php' not found or unable to stat
[Sat Jan 24 03:39:15.066526 2026] [php:error] [pid 12167] [client 20.27.221.169:0] script '/domains/supolo/zc-104.php' not found or unable to stat
[Sat Jan 24 03:39:15.236227 2026] [php:error] [pid 12167] [client 20.27.221.169:0] script '/domains/supolo/zc-729.php' not found or unable to stat
[Sat Jan 24 03:39:15.402007 2026] [php:error] [pid 12167] [client 20.27.221.169:0] script '/domains/supolo/bo.php' not found or unable to stat
[Sat Jan 24 03:39:15.590798 2026] [php:error] [pid 12167] [client 20.27.221.169:0] script '/domains/supolo/x.php' not found or unable to stat
[Sat Jan 24 03:39:15.767329 2026] [php:error] [pid 12167] [client 20.27.221.169:0] script '/domains/supolo/adminfuns.php' not found or unable to stat
[Sat Jan 24 03:39:15.932143 2026] [php:error] [pid 12167] [client 20.27.221.169:0] script '/domains/supolo/56c53.php' not found or unable to stat
[Sat Jan 24 03:39:16.361711 2026] [php:error] [pid 12167] [client 20.27.221.169:0] script '/domains/supolo/FII.php' not found or unable to stat
[Sat Jan 24 03:39:16.526739 2026] [php:error] [pid 12167] [client 20.27.221.169:0] script '/domains/supolo/wp-ac.php' not found or unable to stat
[Sat Jan 24 03:39:16.815705 2026] [php:error] [pid 12167] [client 20.27.221.169:0] script '/domains/supolo/atex1.php' not found or unable to stat
[Sat Jan 24 03:39:17.004167 2026] [php:error] [pid 12167] [client 20.27.221.169:0] script '/domains/supolo/blox.php' not found or unable to stat
[Sat Jan 24 03:39:17.197293 2026] [php:error] [pid 12167] [client 20.27.221.169:0] script '/domains/supolo/wp-64wscx6shd.php' not found or unable to stat
[Sat Jan 24 03:39:17.365992 2026] [php:error] [pid 12167] [client 20.27.221.169:0] script '/domains/supolo/gecko.php' not found or unable to stat
[Sat Jan 24 03:39:17.531165 2026] [php:error] [pid 12167] [client 20.27.221.169:0] script '/domains/supolo/sxx.php' not found or unable to stat
[Sat Jan 24 03:39:17.695981 2026] [php:error] [pid 12167] [client 20.27.221.169:0] script '/domains/supolo/mode.php' not found or unable to stat
[Sat Jan 24 03:39:17.861143 2026] [php:error] [pid 12167] [client 20.27.221.169:0] script '/domains/supolo/z60.php' not found or unable to stat
[Sat Jan 24 03:39:18.028049 2026] [php:error] [pid 12167] [client 20.27.221.169:0] script '/domains/supolo/hehe.php' not found or unable to stat
[Sat Jan 24 03:39:18.193408 2026] [php:error] [pid 12167] [client 20.27.221.169:0] script '/domains/supolo/asd.php' not found or unable to stat
[Sat Jan 24 03:39:18.358591 2026] [php:error] [pid 12167] [client 20.27.221.169:0] script '/domains/supolo/5b9ac.php' not found or unable to stat
[Sat Jan 24 03:39:18.551942 2026] [php:error] [pid 12167] [client 20.27.221.169:0] script '/domains/supolo/k.php' not found or unable to stat
[Sat Jan 24 03:39:18.723551 2026] [php:error] [pid 12167] [client 20.27.221.169:0] script '/domains/supolo/edit.php' not found or unable to stat
[Sat Jan 24 03:39:18.888752 2026] [php:error] [pid 12167] [client 20.27.221.169:0] script '/domains/supolo/t.php' not found or unable to stat
[Sat Jan 24 03:39:19.308176 2026] [php:error] [pid 12167] [client 20.27.221.169:0] script '/domains/supolo/lm15.php' not found or unable to stat
[Sat Jan 24 03:39:19.473386 2026] [php:error] [pid 12167] [client 20.27.221.169:0] script '/domains/supolo/6kDPjgFTmvS.php' not found or unable to stat
[Sat Jan 24 03:39:19.642163 2026] [php:error] [pid 12167] [client 20.27.221.169:0] script '/domains/supolo/222.php' not found or unable to stat
[Sat Jan 24 03:39:19.809688 2026] [php:error] [pid 12167] [client 20.27.221.169:0] script '/domains/supolo/admin836.php' not found or unable to stat
[Sat Jan 24 03:39:19.974841 2026] [php:error] [pid 12167] [client 20.27.221.169:0] script '/domains/supolo/sx.php' not found or unable to stat
[Sat Jan 24 03:39:20.152953 2026] [php:error] [pid 12167] [client 20.27.221.169:0] script '/domains/supolo/lufix.php' not found or unable to stat
[Sat Jan 24 03:39:39.631364 2026] [php:error] [pid 12173] [client 34.91.179.29:0] script '/domains/hdickens.enteract/kmnj.php' not found or unable to stat
[Sat Jan 24 03:39:41.100870 2026] [php:error] [pid 12167] [client 208.76.40.188:0] script '/domains/machinadynamica/.wp-cache.php' not found or unable to stat
[Sat Jan 24 03:39:41.352272 2026] [php:error] [pid 12179] [client 208.76.40.188:0] script '/domains/machinadynamica/0.php' not found or unable to stat
[Sat Jan 24 03:39:41.600996 2026] [php:error] [pid 12160] [client 208.76.40.188:0] script '/domains/machinadynamica/01.php' not found or unable to stat
[Sat Jan 24 03:39:41.600996 2026] [php:error] [pid 12175] [client 208.76.40.188:0] script '/domains/machinadynamica/00.php' not found or unable to stat
[Sat Jan 24 03:39:41.607903 2026] [php:error] [pid 12173] [client 208.76.40.188:0] script '/domains/machinadynamica/0byte.php' not found or unable to stat
[Sat Jan 24 03:39:41.608238 2026] [php:error] [pid 12179] [client 208.76.40.188:0] script '/domains/machinadynamica/10.php' not found or unable to stat
[Sat Jan 24 03:39:41.610438 2026] [php:error] [pid 12167] [client 208.76.40.188:0] script '/domains/machinadynamica/1.php' not found or unable to stat
[Sat Jan 24 03:39:41.869854 2026] [php:error] [pid 12175] [client 208.76.40.188:0] script '/domains/machinadynamica/100.php' not found or unable to stat
[Sat Jan 24 03:39:41.870200 2026] [php:error] [pid 12160] [client 208.76.40.188:0] script '/domains/machinadynamica/123.php' not found or unable to stat
[Sat Jan 24 03:39:41.877051 2026] [php:error] [pid 12173] [client 208.76.40.188:0] script '/domains/machinadynamica/2.php' not found or unable to stat
[Sat Jan 24 03:39:41.877483 2026] [php:error] [pid 12179] [client 208.76.40.188:0] script '/domains/machinadynamica/3.php' not found or unable to stat
[Sat Jan 24 03:39:41.880661 2026] [php:error] [pid 12167] [client 208.76.40.188:0] script '/domains/machinadynamica/4.php' not found or unable to stat
[Sat Jan 24 03:39:42.129500 2026] [php:error] [pid 12175] [client 208.76.40.188:0] script '/domains/machinadynamica/403.php' not found or unable to stat
[Sat Jan 24 03:39:42.129754 2026] [php:error] [pid 12160] [client 208.76.40.188:0] script '/domains/machinadynamica/404.php' not found or unable to stat
[Sat Jan 24 03:39:42.136788 2026] [php:error] [pid 12173] [client 208.76.40.188:0] script '/domains/machinadynamica/406.php' not found or unable to stat
[Sat Jan 24 03:39:42.136859 2026] [php:error] [pid 12179] [client 208.76.40.188:0] script '/domains/machinadynamica/5.php' not found or unable to stat
[Sat Jan 24 03:39:42.139820 2026] [php:error] [pid 12167] [client 208.76.40.188:0] script '/domains/machinadynamica/500.php' not found or unable to stat
[Sat Jan 24 03:39:42.389326 2026] [php:error] [pid 12175] [client 208.76.40.188:0] script '/domains/machinadynamica/6.php' not found or unable to stat
[Sat Jan 24 03:39:42.389732 2026] [php:error] [pid 12160] [client 208.76.40.188:0] script '/domains/machinadynamica/666.php' not found or unable to stat
[Sat Jan 24 03:39:42.396545 2026] [php:error] [pid 12173] [client 208.76.40.188:0] script '/domains/machinadynamica/7.php' not found or unable to stat
[Sat Jan 24 03:39:42.396568 2026] [php:error] [pid 12179] [client 208.76.40.188:0] script '/domains/machinadynamica/777.php' not found or unable to stat
[Sat Jan 24 03:39:42.399678 2026] [php:error] [pid 12167] [client 208.76.40.188:0] script '/domains/machinadynamica/8.php' not found or unable to stat
[Sat Jan 24 03:39:42.649203 2026] [php:error] [pid 12175] [client 208.76.40.188:0] script '/domains/machinadynamica/9.php' not found or unable to stat
[Sat Jan 24 03:39:42.649549 2026] [php:error] [pid 12160] [client 208.76.40.188:0] script '/domains/machinadynamica/a1.php' not found or unable to stat
[Sat Jan 24 03:39:42.656467 2026] [php:error] [pid 12173] [client 208.76.40.188:0] script '/domains/machinadynamica/abc.php' not found or unable to stat
[Sat Jan 24 03:39:42.656473 2026] [php:error] [pid 12179] [client 208.76.40.188:0] script '/domains/machinadynamica/about.php' not found or unable to stat
[Sat Jan 24 03:39:42.659078 2026] [php:error] [pid 12167] [client 208.76.40.188:0] script '/domains/machinadynamica/admin.php' not found or unable to stat
[Sat Jan 24 03:39:42.909425 2026] [php:error] [pid 12175] [client 208.76.40.188:0] script '/domains/machinadynamica/administrator.php' not found or unable to stat
[Sat Jan 24 03:39:42.909732 2026] [php:error] [pid 12160] [client 208.76.40.188:0] script '/domains/machinadynamica/al.php' not found or unable to stat
[Sat Jan 24 03:39:42.916607 2026] [php:error] [pid 12173] [client 208.76.40.188:0] script '/domains/machinadynamica/alf.php' not found or unable to stat
[Sat Jan 24 03:39:42.916615 2026] [php:error] [pid 12179] [client 208.76.40.188:0] script '/domains/machinadynamica/alf4.php' not found or unable to stat
[Sat Jan 24 03:39:42.919428 2026] [php:error] [pid 12167] [client 208.76.40.188:0] script '/domains/machinadynamica/alfa.php' not found or unable to stat
[Sat Jan 24 03:39:43.169680 2026] [php:error] [pid 12175] [client 208.76.40.188:0] script '/domains/machinadynamica/alfa123.php' not found or unable to stat
[Sat Jan 24 03:39:43.169801 2026] [php:error] [pid 12160] [client 208.76.40.188:0] script '/domains/machinadynamica/alfanew.php' not found or unable to stat
[Sat Jan 24 03:39:43.176987 2026] [php:error] [pid 12173] [client 208.76.40.188:0] script '/domains/machinadynamica/alpha.php' not found or unable to stat
[Sat Jan 24 03:39:43.177034 2026] [php:error] [pid 12179] [client 208.76.40.188:0] script '/domains/machinadynamica/alwso.php' not found or unable to stat
[Sat Jan 24 03:39:43.179640 2026] [php:error] [pid 12167] [client 208.76.40.188:0] script '/domains/machinadynamica/anon.php' not found or unable to stat
[Sat Jan 24 03:39:43.431094 2026] [php:error] [pid 12175] [client 208.76.40.188:0] script '/domains/machinadynamica/anons79.php' not found or unable to stat
[Sat Jan 24 03:39:43.431370 2026] [php:error] [pid 12160] [client 208.76.40.188:0] script '/domains/machinadynamica/anonsec.php' not found or unable to stat
[Sat Jan 24 03:39:43.439059 2026] [php:error] [pid 12173] [client 208.76.40.188:0] script '/domains/machinadynamica/asd.php' not found or unable to stat
[Sat Jan 24 03:39:43.441591 2026] [php:error] [pid 12167] [client 208.76.40.188:0] script '/domains/machinadynamica/atomlib.php' not found or unable to stat
[Sat Jan 24 03:39:43.692783 2026] [php:error] [pid 12175] [client 208.76.40.188:0] script '/domains/machinadynamica/autoload_classmap.php' not found or unable to stat
[Sat Jan 24 03:39:43.693223 2026] [php:error] [pid 12160] [client 208.76.40.188:0] script '/domains/machinadynamica/b.php' not found or unable to stat
[Sat Jan 24 03:39:43.699845 2026] [php:error] [pid 12173] [client 208.76.40.188:0] script '/domains/machinadynamica/bak.php' not found or unable to stat
[Sat Jan 24 03:39:43.700010 2026] [php:error] [pid 12179] [client 208.76.40.188:0] script '/domains/machinadynamica/base.php' not found or unable to stat
[Sat Jan 24 03:39:43.702570 2026] [php:error] [pid 12167] [client 208.76.40.188:0] script '/domains/machinadynamica/batm.php' not found or unable to stat
[Sat Jan 24 03:39:43.951930 2026] [php:error] [pid 12175] [client 208.76.40.188:0] script '/domains/machinadynamica/black.php' not found or unable to stat
[Sat Jan 24 03:39:43.959016 2026] [php:error] [pid 12179] [client 208.76.40.188:0] script '/domains/machinadynamica/by.php' not found or unable to stat
[Sat Jan 24 03:39:43.961607 2026] [php:error] [pid 12167] [client 208.76.40.188:0] script '/domains/machinadynamica/byp.php' not found or unable to stat
[Sat Jan 24 03:39:45.597070 2026] [php:error] [pid 12184] [client 34.147.22.11:0] script '/domains/hdickens.enteract/kmnj.php' not found or unable to stat
[Sat Jan 24 03:39:45.748006 2026] [php:error] [pid 12160] [client 208.76.40.188:0] script '/domains/machinadynamica/byp403.php' not found or unable to stat
[Sat Jan 24 03:39:45.750197 2026] [php:error] [pid 12183] [client 208.76.40.188:0] script '/domains/machinadynamica/byp7.php' not found or unable to stat
[Sat Jan 24 03:39:45.755081 2026] [php:error] [pid 12173] [client 208.76.40.188:0] script '/domains/machinadynamica/bypas.php' not found or unable to stat
[Sat Jan 24 03:39:45.757566 2026] [php:error] [pid 12167] [client 208.76.40.188:0] script '/domains/machinadynamica/bypass.php' not found or unable to stat
[Sat Jan 24 03:39:46.008176 2026] [php:error] [pid 12175] [client 208.76.40.188:0] script '/domains/machinadynamica/byps.php' not found or unable to stat
[Sat Jan 24 03:39:46.008654 2026] [php:error] [pid 12160] [client 208.76.40.188:0] script '/domains/machinadynamica/c.php' not found or unable to stat
[Sat Jan 24 03:39:46.009570 2026] [php:error] [pid 12183] [client 208.76.40.188:0] script '/domains/machinadynamica/c99.php' not found or unable to stat
[Sat Jan 24 03:39:46.017309 2026] [php:error] [pid 12167] [client 208.76.40.188:0] script '/domains/machinadynamica/cgi.php' not found or unable to stat
[Sat Jan 24 03:39:46.266717 2026] [php:error] [pid 12175] [client 208.76.40.188:0] script '/domains/machinadynamica/chosen.php' not found or unable to stat
[Sat Jan 24 03:39:46.267149 2026] [php:error] [pid 12160] [client 208.76.40.188:0] script '/domains/machinadynamica/chosen.php' not found or unable to stat
[Sat Jan 24 03:39:46.269725 2026] [php:error] [pid 12183] [client 208.76.40.188:0] script '/domains/machinadynamica/cmd.php' not found or unable to stat
[Sat Jan 24 03:39:46.274352 2026] [php:error] [pid 12173] [client 208.76.40.188:0] script '/domains/machinadynamica/compat.php' not found or unable to stat
[Sat Jan 24 03:39:46.276878 2026] [php:error] [pid 12167] [client 208.76.40.188:0] script '/domains/machinadynamica/con.php' not found or unable to stat
[Sat Jan 24 03:39:46.526038 2026] [php:error] [pid 12175] [client 208.76.40.188:0] script '/domains/machinadynamica/config.php' not found or unable to stat
[Sat Jan 24 03:39:46.526184 2026] [php:error] [pid 12160] [client 208.76.40.188:0] script '/domains/machinadynamica/cong.php' not found or unable to stat
[Sat Jan 24 03:39:46.528722 2026] [php:error] [pid 12183] [client 208.76.40.188:0] script '/domains/machinadynamica/content.php' not found or unable to stat
[Sat Jan 24 03:39:46.533492 2026] [php:error] [pid 12173] [client 208.76.40.188:0] script '/domains/machinadynamica/css.php' not found or unable to stat
[Sat Jan 24 03:39:46.536137 2026] [php:error] [pid 12167] [client 208.76.40.188:0] script '/domains/machinadynamica/d.php' not found or unable to stat
[Sat Jan 24 03:39:46.785431 2026] [php:error] [pid 12175] [client 208.76.40.188:0] script '/domains/machinadynamica/db.php' not found or unable to stat
[Sat Jan 24 03:39:46.786066 2026] [php:error] [pid 12160] [client 208.76.40.188:0] script '/domains/machinadynamica/dev.php' not found or unable to stat
[Sat Jan 24 03:39:46.787688 2026] [php:error] [pid 12183] [client 208.76.40.188:0] script '/domains/machinadynamica/doc.php' not found or unable to stat
[Sat Jan 24 03:39:46.792759 2026] [php:error] [pid 12173] [client 208.76.40.188:0] script '/domains/machinadynamica/docindex.php' not found or unable to stat
[Sat Jan 24 03:39:46.795220 2026] [php:error] [pid 12167] [client 208.76.40.188:0] script '/domains/machinadynamica/dropdown.php' not found or unable to stat
[Sat Jan 24 03:39:47.044304 2026] [php:error] [pid 12175] [client 208.76.40.188:0] script '/domains/machinadynamica/e.php' not found or unable to stat
[Sat Jan 24 03:39:47.044358 2026] [php:error] [pid 12160] [client 208.76.40.188:0] script '/domains/machinadynamica/eagle.php' not found or unable to stat
[Sat Jan 24 03:39:47.046553 2026] [php:error] [pid 12183] [client 208.76.40.188:0] script '/domains/machinadynamica/error.php' not found or unable to stat
[Sat Jan 24 03:39:47.051615 2026] [php:error] [pid 12173] [client 208.76.40.188:0] script '/domains/machinadynamica/evil.php' not found or unable to stat
[Sat Jan 24 03:39:47.054056 2026] [php:error] [pid 12167] [client 208.76.40.188:0] script '/domains/machinadynamica/exploit.php' not found or unable to stat
[Sat Jan 24 03:39:47.303853 2026] [php:error] [pid 12175] [client 208.76.40.188:0] script '/domains/machinadynamica/f.php' not found or unable to stat
[Sat Jan 24 03:39:47.304446 2026] [php:error] [pid 12160] [client 208.76.40.188:0] script '/domains/machinadynamica/f0x.php' not found or unable to stat
[Sat Jan 24 03:39:47.306502 2026] [php:error] [pid 12183] [client 208.76.40.188:0] script '/domains/machinadynamica/fg.php' not found or unable to stat
[Sat Jan 24 03:39:47.314241 2026] [php:error] [pid 12173] [client 208.76.40.188:0] script '/domains/machinadynamica/fierza.php' not found or unable to stat
[Sat Jan 24 03:39:47.317063 2026] [php:error] [pid 12167] [client 208.76.40.188:0] script '/domains/machinadynamica/file.php' not found or unable to stat
[Sat Jan 24 03:39:47.566295 2026] [php:error] [pid 12175] [client 208.76.40.188:0] script '/domains/machinadynamica/filemanager.php' not found or unable to stat
[Sat Jan 24 03:39:47.566605 2026] [php:error] [pid 12160] [client 208.76.40.188:0] script '/domains/machinadynamica/flame.php' not found or unable to stat
[Sat Jan 24 03:39:47.568511 2026] [php:error] [pid 12183] [client 208.76.40.188:0] script '/domains/machinadynamica/fm.php' not found or unable to stat
[Sat Jan 24 03:39:47.573954 2026] [php:error] [pid 12173] [client 208.76.40.188:0] script '/domains/machinadynamica/fm1.php' not found or unable to stat
[Sat Jan 24 03:39:47.576018 2026] [php:error] [pid 12167] [client 208.76.40.188:0] script '/domains/machinadynamica/foxx.php' not found or unable to stat
[Sat Jan 24 03:39:47.825035 2026] [php:error] [pid 12175] [client 208.76.40.188:0] script '/domains/machinadynamica/fw.php' not found or unable to stat
[Sat Jan 24 03:39:47.825289 2026] [php:error] [pid 12160] [client 208.76.40.188:0] script '/domains/machinadynamica/fx.php' not found or unable to stat
[Sat Jan 24 03:39:47.827217 2026] [php:error] [pid 12183] [client 208.76.40.188:0] script '/domains/machinadynamica/g.php' not found or unable to stat
[Sat Jan 24 03:39:47.833007 2026] [php:error] [pid 12173] [client 208.76.40.188:0] script '/domains/machinadynamica/gecko.php' not found or unable to stat
[Sat Jan 24 03:39:47.835258 2026] [php:error] [pid 12167] [client 208.76.40.188:0] script '/domains/machinadynamica/gel4y.php' not found or unable to stat
[Sat Jan 24 03:39:48.084114 2026] [php:error] [pid 12175] [client 208.76.40.188:0] script '/domains/machinadynamica/gelay.php' not found or unable to stat
[Sat Jan 24 03:39:48.084620 2026] [php:error] [pid 12160] [client 208.76.40.188:0] script '/domains/machinadynamica/green.php' not found or unable to stat
[Sat Jan 24 03:39:48.086373 2026] [php:error] [pid 12183] [client 208.76.40.188:0] script '/domains/machinadynamica/h.php' not found or unable to stat
[Sat Jan 24 03:39:48.091591 2026] [php:error] [pid 12173] [client 208.76.40.188:0] script '/domains/machinadynamica/haxor.php' not found or unable to stat
[Sat Jan 24 03:39:48.094715 2026] [php:error] [pid 12167] [client 208.76.40.188:0] script '/domains/machinadynamica/hello.php' not found or unable to stat
[Sat Jan 24 03:39:48.344163 2026] [php:error] [pid 12175] [client 208.76.40.188:0] script '/domains/machinadynamica/hi.php' not found or unable to stat
[Sat Jan 24 03:39:48.344331 2026] [php:error] [pid 12160] [client 208.76.40.188:0] script '/domains/machinadynamica/i.php' not found or unable to stat
[Sat Jan 24 03:39:48.346545 2026] [php:error] [pid 12183] [client 208.76.40.188:0] script '/domains/machinadynamica/id.php' not found or unable to stat
[Sat Jan 24 03:39:48.351661 2026] [php:error] [pid 12173] [client 208.76.40.188:0] script '/domains/machinadynamica/idx.php' not found or unable to stat
[Sat Jan 24 03:39:48.354154 2026] [php:error] [pid 12167] [client 208.76.40.188:0] script '/domains/machinadynamica/if.php' not found or unable to stat
[Sat Jan 24 03:39:48.604398 2026] [php:error] [pid 12175] [client 208.76.40.188:0] script '/domains/machinadynamica/images/inputs.php' not found or unable to stat
[Sat Jan 24 03:39:48.605594 2026] [php:error] [pid 12183] [client 208.76.40.188:0] script '/domains/machinadynamica/indoxploit.php' not found or unable to stat
[Sat Jan 24 03:39:48.610807 2026] [php:error] [pid 12173] [client 208.76.40.188:0] script '/domains/machinadynamica/info.php' not found or unable to stat
[Sat Jan 24 03:39:48.613091 2026] [php:error] [pid 12167] [client 208.76.40.188:0] script '/domains/machinadynamica/init.php' not found or unable to stat
[Sat Jan 24 03:39:48.862387 2026] [php:error] [pid 12175] [client 208.76.40.188:0] script '/domains/machinadynamica/inputs.php' not found or unable to stat
[Sat Jan 24 03:39:48.862620 2026] [php:error] [pid 12160] [client 208.76.40.188:0] script '/domains/machinadynamica/install.php' not found or unable to stat
[Sat Jan 24 03:39:48.864605 2026] [php:error] [pid 12183] [client 208.76.40.188:0] script '/domains/machinadynamica/iq.php' not found or unable to stat
