[Sat Jan 24 05:35:04.410833 2026] [php:error] [pid 36031] [client 138.199.39.168:0] script '/domains/brenties/wp-login.php' not found or unable to stat
[Sat Jan 24 05:36:41.921643 2026] [php:error] [pid 36043] [client 141.98.11.98:0] script '/domains/hdickens.enteract/wp-login.php' not found or unable to stat
[Sat Jan 24 05:40:07.727490 2026] [php:error] [pid 36112] [client 141.98.11.44:0] script '/domains/lover/wp-login.php' not found or unable to stat, referer: https://www.google.com/search?q=wordpress
[Sat Jan 24 05:40:07.956824 2026] [php:error] [pid 36105] [client 141.98.11.44:0] script '/domains/lover/wp-login.php' not found or unable to stat
[Sat Jan 24 05:40:08.685181 2026] [php:error] [pid 36132] [client 141.98.11.44:0] script '/domains/lover/wp-login.php' not found or unable to stat, referer: https://www.facebook.com/
[Sat Jan 24 05:40:08.911786 2026] [php:error] [pid 36128] [client 141.98.11.44:0] script '/domains/lover/wp-login.php' not found or unable to stat, referer: https://www.google.com/
[Sat Jan 24 05:42:44.760276 2026] [php:error] [pid 36182] [client 35.204.147.103:0] script '/domains/hdickens.enteract/kmnj.php' not found or unable to stat
[Sat Jan 24 05:43:36.050434 2026] [php:error] [pid 36198] [client 34.7.84.56:0] script '/domains/hdickens.enteract/kmnj.php' not found or unable to stat
[Sat Jan 24 05:43:44.537950 2026] [php:error] [pid 36191] [client 45.8.22.117:0] script '/domains/rnachum/wp-confiq.php' not found or unable to stat
[Sat Jan 24 05:44:59.005694 2026] [php:error] [pid 41865] [client 20.24.209.153:0] script '/domains/pauljbrock/admin.php' not found or unable to stat
[Sat Jan 24 05:44:59.220298 2026] [php:error] [pid 41865] [client 20.24.209.153:0] script '/domains/pauljbrock/manager.php' not found or unable to stat
[Sat Jan 24 05:45:00.078715 2026] [php:error] [pid 41865] [client 20.24.209.153:0] script '/domains/pauljbrock/goods.php' not found or unable to stat
[Sat Jan 24 05:45:00.293229 2026] [php:error] [pid 41865] [client 20.24.209.153:0] script '/domains/pauljbrock/chosen.php' not found or unable to stat
[Sat Jan 24 05:45:00.725221 2026] [php:error] [pid 41865] [client 20.24.209.153:0] script '/domains/pauljbrock/about.php' not found or unable to stat
[Sat Jan 24 05:45:00.937527 2026] [php:error] [pid 41865] [client 20.24.209.153:0] script '/domains/pauljbrock/deepseek_d.php' not found or unable to stat
[Sat Jan 24 05:45:01.150665 2026] [php:error] [pid 41865] [client 20.24.209.153:0] script '/domains/pauljbrock/elp.php' not found or unable to stat
[Sat Jan 24 05:45:01.371566 2026] [php:error] [pid 41865] [client 20.24.209.153:0] script '/domains/pauljbrock/bless.php' not found or unable to stat
[Sat Jan 24 05:45:01.583521 2026] [php:error] [pid 41865] [client 20.24.209.153:0] script '/domains/pauljbrock/edit.php' not found or unable to stat
[Sat Jan 24 05:45:01.795306 2026] [php:error] [pid 41865] [client 20.24.209.153:0] script '/domains/pauljbrock/simple.php' not found or unable to stat
[Sat Jan 24 05:45:02.431437 2026] [php:error] [pid 41865] [client 20.24.209.153:0] script '/domains/pauljbrock/ioxi-o.php' not found or unable to stat
[Sat Jan 24 05:45:02.855570 2026] [php:error] [pid 41865] [client 20.24.209.153:0] script '/domains/pauljbrock/test.php' not found or unable to stat
[Sat Jan 24 05:45:03.492112 2026] [php:error] [pid 41865] [client 20.24.209.153:0] script '/domains/pauljbrock/classwithtostring.php' not found or unable to stat
[Sat Jan 24 05:45:04.152733 2026] [php:error] [pid 41865] [client 20.24.209.153:0] script '/domains/pauljbrock/2.php' not found or unable to stat
[Sat Jan 24 05:45:04.376182 2026] [php:error] [pid 41865] [client 20.24.209.153:0] script '/domains/pauljbrock/functions.php' not found or unable to stat
[Sat Jan 24 05:45:04.597283 2026] [php:error] [pid 41865] [client 20.24.209.153:0] script '/domains/pauljbrock/index.php' not found or unable to stat
[Sat Jan 24 05:45:05.450077 2026] [php:error] [pid 41865] [client 20.24.209.153:0] script '/domains/pauljbrock/aaa.php' not found or unable to stat
[Sat Jan 24 05:45:05.672849 2026] [php:error] [pid 41865] [client 20.24.209.153:0] script '/domains/pauljbrock/inputs.php' not found or unable to stat
[Sat Jan 24 05:45:05.884733 2026] [php:error] [pid 41865] [client 20.24.209.153:0] script '/domains/pauljbrock/log.php' not found or unable to stat
[Sat Jan 24 05:45:06.096404 2026] [php:error] [pid 41865] [client 20.24.209.153:0] script '/domains/pauljbrock/man.php' not found or unable to stat
[Sat Jan 24 05:45:06.308243 2026] [php:error] [pid 41865] [client 20.24.209.153:0] script '/domains/pauljbrock/1.php' not found or unable to stat
[Sat Jan 24 05:45:06.520008 2026] [php:error] [pid 41865] [client 20.24.209.153:0] script '/domains/pauljbrock/aa.php' not found or unable to stat
[Sat Jan 24 05:45:06.731553 2026] [php:error] [pid 41865] [client 20.24.209.153:0] script '/domains/pauljbrock/dropdown.php' not found or unable to stat
[Sat Jan 24 05:45:06.952915 2026] [php:error] [pid 41865] [client 20.24.209.153:0] script '/domains/pauljbrock/rtx.php' not found or unable to stat
[Sat Jan 24 05:45:08.264955 2026] [php:error] [pid 41865] [client 20.24.209.153:0] script '/domains/pauljbrock/atomlib.php' not found or unable to stat
[Sat Jan 24 05:45:08.481745 2026] [php:error] [pid 41865] [client 20.24.209.153:0] script '/domains/pauljbrock/info.php' not found or unable to stat
[Sat Jan 24 05:45:08.694899 2026] [php:error] [pid 41865] [client 20.24.209.153:0] script '/domains/pauljbrock/lock360.php' not found or unable to stat
[Sat Jan 24 05:45:09.134283 2026] [php:error] [pid 41865] [client 20.24.209.153:0] script '/domains/pauljbrock/vx.php' not found or unable to stat
[Sat Jan 24 05:45:09.781026 2026] [php:error] [pid 41865] [client 20.24.209.153:0] script '/domains/pauljbrock/wp-content.php' not found or unable to stat
[Sat Jan 24 05:45:11.296973 2026] [php:error] [pid 41865] [client 20.24.209.153:0] script '/domains/pauljbrock/adminfuns.php' not found or unable to stat
[Sat Jan 24 05:45:11.512114 2026] [php:error] [pid 41865] [client 20.24.209.153:0] script '/domains/pauljbrock/ahax.php' not found or unable to stat
[Sat Jan 24 05:45:11.727574 2026] [php:error] [pid 41865] [client 20.24.209.153:0] script '/domains/pauljbrock/autoload_classmap.php' not found or unable to stat
[Sat Jan 24 05:45:12.166869 2026] [php:error] [pid 41865] [client 20.24.209.153:0] script '/domains/pauljbrock/file.php' not found or unable to stat
[Sat Jan 24 05:45:12.378728 2026] [php:error] [pid 41865] [client 20.24.209.153:0] script '/domains/pauljbrock/file5.php' not found or unable to stat
[Sat Jan 24 05:45:14.346819 2026] [php:error] [pid 41865] [client 20.24.209.153:0] script '/domains/pauljbrock/xmlrpc.php' not found or unable to stat
[Sat Jan 24 05:45:14.560209 2026] [php:error] [pid 41865] [client 20.24.209.153:0] script '/domains/pauljbrock/alfa.php' not found or unable to stat
[Sat Jan 24 05:45:14.772257 2026] [php:error] [pid 41865] [client 20.24.209.153:0] script '/domains/pauljbrock/as.php' not found or unable to stat
[Sat Jan 24 05:45:15.198379 2026] [php:error] [pid 41865] [client 20.24.209.153:0] script '/domains/pauljbrock/class-t.api.php' not found or unable to stat
[Sat Jan 24 05:45:15.413158 2026] [php:error] [pid 41865] [client 20.24.209.153:0] script '/domains/pauljbrock/indoxploit.php' not found or unable to stat
[Sat Jan 24 05:45:15.624636 2026] [php:error] [pid 41865] [client 20.24.209.153:0] script '/domains/pauljbrock/shell.php' not found or unable to stat
[Sat Jan 24 05:45:15.836462 2026] [php:error] [pid 41865] [client 20.24.209.153:0] script '/domains/pauljbrock/system.php' not found or unable to stat
[Sat Jan 24 05:45:16.055662 2026] [php:error] [pid 41865] [client 20.24.209.153:0] script '/domains/pauljbrock/wp-admin.php' not found or unable to stat
[Sat Jan 24 05:45:17.342145 2026] [php:error] [pid 41865] [client 20.24.209.153:0] script '/domains/pauljbrock/wp-block.php' not found or unable to stat
[Sat Jan 24 05:45:17.986772 2026] [php:error] [pid 41865] [client 20.24.209.153:0] script '/domains/pauljbrock/wp-good.php' not found or unable to stat
[Sat Jan 24 05:45:19.930173 2026] [php:error] [pid 41865] [client 20.24.209.153:0] script '/domains/pauljbrock/01.php' not found or unable to stat
[Sat Jan 24 05:45:20.148666 2026] [php:error] [pid 41865] [client 20.24.209.153:0] script '/domains/pauljbrock/222.php' not found or unable to stat
[Sat Jan 24 05:45:20.360478 2026] [php:error] [pid 41865] [client 20.24.209.153:0] script '/domains/pauljbrock/403.php' not found or unable to stat
[Sat Jan 24 05:45:20.578353 2026] [php:error] [pid 41865] [client 20.24.209.153:0] script '/domains/pauljbrock/404.php' not found or unable to stat
[Sat Jan 24 05:45:21.239279 2026] [php:error] [pid 41867] [client 20.24.209.153:0] script '/domains/pauljbrock/Q.php' not found or unable to stat
[Sat Jan 24 05:45:21.453283 2026] [php:error] [pid 41867] [client 20.24.209.153:0] script '/domains/pauljbrock/WSO.php' not found or unable to stat
[Sat Jan 24 05:45:21.664608 2026] [php:error] [pid 41867] [client 20.24.209.153:0] script '/domains/pauljbrock/abc.php' not found or unable to stat
[Sat Jan 24 05:45:21.879508 2026] [php:error] [pid 41867] [client 20.24.209.153:0] script '/domains/pauljbrock/abcd.php' not found or unable to stat
[Sat Jan 24 05:45:23.153475 2026] [php:error] [pid 41867] [client 20.24.209.153:0] script '/domains/pauljbrock/auth.php' not found or unable to stat
[Sat Jan 24 05:45:23.364336 2026] [php:error] [pid 41867] [client 20.24.209.153:0] script '/domains/pauljbrock/byp.php' not found or unable to stat
[Sat Jan 24 05:45:23.581354 2026] [php:error] [pid 41867] [client 20.24.209.153:0] script '/domains/pauljbrock/c.php' not found or unable to stat
[Sat Jan 24 05:45:23.792317 2026] [php:error] [pid 41867] [client 20.24.209.153:0] script '/domains/pauljbrock/ca4.php' not found or unable to stat
[Sat Jan 24 05:45:24.436215 2026] [php:error] [pid 41867] [client 20.24.209.153:0] script '/domains/pauljbrock/config.php' not found or unable to stat
[Sat Jan 24 05:45:24.653654 2026] [php:error] [pid 41867] [client 20.24.209.153:0] script '/domains/pauljbrock/connector.php' not found or unable to stat
[Sat Jan 24 05:45:24.865986 2026] [php:error] [pid 41867] [client 20.24.209.153:0] script '/domains/pauljbrock/content.php' not found or unable to stat
[Sat Jan 24 05:45:25.288691 2026] [php:error] [pid 41867] [client 20.24.209.153:0] script '/domains/pauljbrock/favicon.php' not found or unable to stat
[Sat Jan 24 05:45:25.499920 2026] [php:error] [pid 41867] [client 20.24.209.153:0] script '/domains/pauljbrock/file56.php' not found or unable to stat
[Sat Jan 24 05:45:25.711243 2026] [php:error] [pid 41867] [client 20.24.209.153:0] script '/domains/pauljbrock/flower.php' not found or unable to stat
[Sat Jan 24 05:45:25.923349 2026] [php:error] [pid 41867] [client 20.24.209.153:0] script '/domains/pauljbrock/fw.php' not found or unable to stat
[Sat Jan 24 05:45:26.140968 2026] [php:error] [pid 41867] [client 20.24.209.153:0] script '/domains/pauljbrock/gecko-new.php' not found or unable to stat
[Sat Jan 24 05:46:10.090742 2026] [php:error] [pid 41877] [client 145.239.10.137:0] script '/domains/csiniaws/ola.php' not found or unable to stat, referer: http://webminded.com/ola.php
[Sat Jan 24 05:46:22.562489 2026] [php:error] [pid 41874] [client 195.178.110.132:0] script '/domains/csiniaws/wp-config.php' not found or unable to stat
[Sat Jan 24 05:46:22.645774 2026] [php:error] [pid 41874] [client 195.178.110.132:0] script '/domains/csiniaws/wp-config.php.old' not found or unable to stat
[Sat Jan 24 05:46:22.728491 2026] [php:error] [pid 41874] [client 195.178.110.132:0] script '/domains/csiniaws/config.php' not found or unable to stat
[Sat Jan 24 05:46:22.811231 2026] [php:error] [pid 41874] [client 195.178.110.132:0] script '/domains/csiniaws/config.php.bak' not found or unable to stat
[Sat Jan 24 05:46:35.168247 2026] [php:error] [pid 41889] [client 213.209.159.187:0] script '/domains/hand-hammerweb/xmlrpc.php' not found or unable to stat
[Sat Jan 24 05:46:35.447999 2026] [php:error] [pid 41893] [client 213.209.159.187:0] script '/domains/hand-hammerweb/xmlrpc.php' not found or unable to stat
[Sat Jan 24 05:46:35.728065 2026] [php:error] [pid 41888] [client 213.209.159.187:0] script '/domains/hand-hammerweb/xmlrpc.php' not found or unable to stat
[Sat Jan 24 05:46:36.009785 2026] [php:error] [pid 41889] [client 213.209.159.187:0] script '/domains/hand-hammerweb/xmlrpc.php' not found or unable to stat
[Sat Jan 24 05:46:36.290973 2026] [php:error] [pid 41893] [client 213.209.159.187:0] script '/domains/hand-hammerweb/xmlrpc.php' not found or unable to stat
[Sat Jan 24 05:46:36.570591 2026] [php:error] [pid 41888] [client 213.209.159.187:0] script '/domains/hand-hammerweb/xmlrpc.php' not found or unable to stat
[Sat Jan 24 05:46:36.850351 2026] [php:error] [pid 41889] [client 213.209.159.187:0] script '/domains/hand-hammerweb/wp-login.php' not found or unable to stat
[Sat Jan 24 05:46:37.129761 2026] [php:error] [pid 41877] [client 213.209.159.187:0] script '/domains/hand-hammerweb/wp-login.php' not found or unable to stat
[Sat Jan 24 05:46:44.976775 2026] [php:error] [pid 41895] [client 213.209.159.187:0] script '/domains/hand-hammerweb/xmlrpc.php' not found or unable to stat
[Sat Jan 24 05:46:45.258174 2026] [php:error] [pid 41896] [client 213.209.159.187:0] script '/domains/hand-hammerweb/xmlrpc.php' not found or unable to stat
[Sat Jan 24 05:46:45.538112 2026] [php:error] [pid 41866] [client 213.209.159.187:0] script '/domains/hand-hammerweb/xmlrpc.php' not found or unable to stat
[Sat Jan 24 05:46:45.816982 2026] [php:error] [pid 41889] [client 213.209.159.187:0] script '/domains/hand-hammerweb/xmlrpc.php' not found or unable to stat
[Sat Jan 24 05:46:46.099933 2026] [php:error] [pid 41895] [client 213.209.159.187:0] script '/domains/hand-hammerweb/xmlrpc.php' not found or unable to stat
[Sat Jan 24 05:46:46.383387 2026] [php:error] [pid 41896] [client 213.209.159.187:0] script '/domains/hand-hammerweb/xmlrpc.php' not found or unable to stat
[Sat Jan 24 05:46:46.662836 2026] [php:error] [pid 41866] [client 213.209.159.187:0] script '/domains/hand-hammerweb/wp-login.php' not found or unable to stat
[Sat Jan 24 05:46:46.943870 2026] [php:error] [pid 41866] [client 213.209.159.187:0] script '/domains/hand-hammerweb/wp-login.php' not found or unable to stat
[Sat Jan 24 05:47:51.125887 2026] [php:error] [pid 41906] [client 4.194.24.19:0] script '/domains/homesbyaudrey1/admin.php' not found or unable to stat
[Sat Jan 24 05:47:51.346663 2026] [php:error] [pid 41906] [client 4.194.24.19:0] script '/domains/homesbyaudrey1/manager.php' not found or unable to stat
[Sat Jan 24 05:47:52.246444 2026] [php:error] [pid 41906] [client 4.194.24.19:0] script '/domains/homesbyaudrey1/goods.php' not found or unable to stat
[Sat Jan 24 05:47:52.468691 2026] [php:error] [pid 41906] [client 4.194.24.19:0] script '/domains/homesbyaudrey1/chosen.php' not found or unable to stat
[Sat Jan 24 05:47:52.925794 2026] [php:error] [pid 41906] [client 4.194.24.19:0] script '/domains/homesbyaudrey1/about.php' not found or unable to stat
[Sat Jan 24 05:47:53.147754 2026] [php:error] [pid 41906] [client 4.194.24.19:0] script '/domains/homesbyaudrey1/deepseek_d.php' not found or unable to stat
[Sat Jan 24 05:47:53.377932 2026] [php:error] [pid 41906] [client 4.194.24.19:0] script '/domains/homesbyaudrey1/elp.php' not found or unable to stat
[Sat Jan 24 05:47:53.598814 2026] [php:error] [pid 41906] [client 4.194.24.19:0] script '/domains/homesbyaudrey1/bless.php' not found or unable to stat
[Sat Jan 24 05:47:53.835626 2026] [php:error] [pid 41906] [client 4.194.24.19:0] script '/domains/homesbyaudrey1/edit.php' not found or unable to stat
[Sat Jan 24 05:47:54.056252 2026] [php:error] [pid 41906] [client 4.194.24.19:0] script '/domains/homesbyaudrey1/simple.php' not found or unable to stat
[Sat Jan 24 05:47:54.720268 2026] [php:error] [pid 41906] [client 4.194.24.19:0] script '/domains/homesbyaudrey1/ioxi-o.php' not found or unable to stat
[Sat Jan 24 05:47:55.170027 2026] [php:error] [pid 41906] [client 4.194.24.19:0] script '/domains/homesbyaudrey1/test.php' not found or unable to stat
[Sat Jan 24 05:47:55.834640 2026] [php:error] [pid 41906] [client 4.194.24.19:0] script '/domains/homesbyaudrey1/classwithtostring.php' not found or unable to stat
[Sat Jan 24 05:47:56.510357 2026] [php:error] [pid 41906] [client 4.194.24.19:0] script '/domains/homesbyaudrey1/2.php' not found or unable to stat
[Sat Jan 24 05:47:56.735026 2026] [php:error] [pid 41906] [client 4.194.24.19:0] script '/domains/homesbyaudrey1/functions.php' not found or unable to stat
[Sat Jan 24 05:47:56.955664 2026] [php:error] [pid 41906] [client 4.194.24.19:0] script '/domains/homesbyaudrey1/index.php' not found or unable to stat
[Sat Jan 24 05:47:57.882852 2026] [php:error] [pid 41906] [client 4.194.24.19:0] script '/domains/homesbyaudrey1/aaa.php' not found or unable to stat
[Sat Jan 24 05:47:58.103848 2026] [php:error] [pid 41906] [client 4.194.24.19:0] script '/domains/homesbyaudrey1/inputs.php' not found or unable to stat
[Sat Jan 24 05:47:58.325387 2026] [php:error] [pid 41906] [client 4.194.24.19:0] script '/domains/homesbyaudrey1/log.php' not found or unable to stat
[Sat Jan 24 05:47:58.548187 2026] [php:error] [pid 41906] [client 4.194.24.19:0] script '/domains/homesbyaudrey1/man.php' not found or unable to stat
[Sat Jan 24 05:47:58.769283 2026] [php:error] [pid 41906] [client 4.194.24.19:0] script '/domains/homesbyaudrey1/1.php' not found or unable to stat
[Sat Jan 24 05:47:58.990938 2026] [php:error] [pid 41906] [client 4.194.24.19:0] script '/domains/homesbyaudrey1/aa.php' not found or unable to stat
[Sat Jan 24 05:47:59.211609 2026] [php:error] [pid 41906] [client 4.194.24.19:0] script '/domains/homesbyaudrey1/dropdown.php' not found or unable to stat
[Sat Jan 24 05:47:59.433093 2026] [php:error] [pid 41906] [client 4.194.24.19:0] script '/domains/homesbyaudrey1/rtx.php' not found or unable to stat
[Sat Jan 24 05:48:00.273865 2026] [php:error] [pid 41889] [client 20.24.209.153:0] script '/domains/msintl/admin.php' not found or unable to stat
[Sat Jan 24 05:48:00.493252 2026] [php:error] [pid 41889] [client 20.24.209.153:0] script '/domains/msintl/manager.php' not found or unable to stat
[Sat Jan 24 05:48:00.764952 2026] [php:error] [pid 41906] [client 4.194.24.19:0] script '/domains/homesbyaudrey1/atomlib.php' not found or unable to stat
[Sat Jan 24 05:48:00.986962 2026] [php:error] [pid 41906] [client 4.194.24.19:0] script '/domains/homesbyaudrey1/info.php' not found or unable to stat
[Sat Jan 24 05:48:01.210154 2026] [php:error] [pid 41906] [client 4.194.24.19:0] script '/domains/homesbyaudrey1/lock360.php' not found or unable to stat
[Sat Jan 24 05:48:01.360262 2026] [php:error] [pid 41889] [client 20.24.209.153:0] script '/domains/msintl/goods.php' not found or unable to stat
[Sat Jan 24 05:48:01.578690 2026] [php:error] [pid 41889] [client 20.24.209.153:0] script '/domains/msintl/chosen.php' not found or unable to stat
[Sat Jan 24 05:48:01.681711 2026] [php:error] [pid 41906] [client 4.194.24.19:0] script '/domains/homesbyaudrey1/vx.php' not found or unable to stat
[Sat Jan 24 05:48:02.019110 2026] [php:error] [pid 41889] [client 20.24.209.153:0] script '/domains/msintl/about.php' not found or unable to stat
[Sat Jan 24 05:48:02.230703 2026] [php:error] [pid 41889] [client 20.24.209.153:0] script '/domains/msintl/deepseek_d.php' not found or unable to stat
[Sat Jan 24 05:48:02.353380 2026] [php:error] [pid 41906] [client 4.194.24.19:0] script '/domains/homesbyaudrey1/wp-content.php' not found or unable to stat
[Sat Jan 24 05:48:02.444567 2026] [php:error] [pid 41889] [client 20.24.209.153:0] script '/domains/msintl/elp.php' not found or unable to stat
[Sat Jan 24 05:48:02.658582 2026] [php:error] [pid 41889] [client 20.24.209.153:0] script '/domains/msintl/bless.php' not found or unable to stat
[Sat Jan 24 05:48:02.869891 2026] [php:error] [pid 41889] [client 20.24.209.153:0] script '/domains/msintl/edit.php' not found or unable to stat
[Sat Jan 24 05:48:03.081362 2026] [php:error] [pid 41889] [client 20.24.209.153:0] script '/domains/msintl/simple.php' not found or unable to stat
[Sat Jan 24 05:48:03.718249 2026] [php:error] [pid 41889] [client 20.24.209.153:0] script '/domains/msintl/ioxi-o.php' not found or unable to stat
[Sat Jan 24 05:48:03.909632 2026] [php:error] [pid 41906] [client 4.194.24.19:0] script '/domains/homesbyaudrey1/adminfuns.php' not found or unable to stat
[Sat Jan 24 05:48:04.130480 2026] [php:error] [pid 41906] [client 4.194.24.19:0] script '/domains/homesbyaudrey1/ahax.php' not found or unable to stat
[Sat Jan 24 05:48:04.147060 2026] [php:error] [pid 41889] [client 20.24.209.153:0] script '/domains/msintl/test.php' not found or unable to stat
[Sat Jan 24 05:48:04.353953 2026] [php:error] [pid 41906] [client 4.194.24.19:0] script '/domains/homesbyaudrey1/autoload_classmap.php' not found or unable to stat
[Sat Jan 24 05:48:04.802612 2026] [php:error] [pid 41906] [client 4.194.24.19:0] script '/domains/homesbyaudrey1/file.php' not found or unable to stat
[Sat Jan 24 05:48:04.820826 2026] [php:error] [pid 41889] [client 20.24.209.153:0] script '/domains/msintl/classwithtostring.php' not found or unable to stat
[Sat Jan 24 05:48:05.023229 2026] [php:error] [pid 41906] [client 4.194.24.19:0] script '/domains/homesbyaudrey1/file5.php' not found or unable to stat
[Sat Jan 24 05:48:05.463385 2026] [php:error] [pid 41889] [client 20.24.209.153:0] script '/domains/msintl/2.php' not found or unable to stat
[Sat Jan 24 05:48:05.685246 2026] [php:error] [pid 41889] [client 20.24.209.153:0] script '/domains/msintl/functions.php' not found or unable to stat
[Sat Jan 24 05:48:05.902859 2026] [php:error] [pid 41889] [client 20.24.209.153:0] script '/domains/msintl/index.php' not found or unable to stat
[Sat Jan 24 05:48:06.773128 2026] [php:error] [pid 41889] [client 20.24.209.153:0] script '/domains/msintl/aaa.php' not found or unable to stat
[Sat Jan 24 05:48:07.002182 2026] [php:error] [pid 41889] [client 20.24.209.153:0] script '/domains/msintl/inputs.php' not found or unable to stat
[Sat Jan 24 05:48:07.017134 2026] [php:error] [pid 41906] [client 4.194.24.19:0] script '/domains/homesbyaudrey1/xmlrpc.php' not found or unable to stat
[Sat Jan 24 05:48:07.213603 2026] [php:error] [pid 41889] [client 20.24.209.153:0] script '/domains/msintl/log.php' not found or unable to stat
[Sat Jan 24 05:48:07.238331 2026] [php:error] [pid 41906] [client 4.194.24.19:0] script '/domains/homesbyaudrey1/alfa.php' not found or unable to stat
[Sat Jan 24 05:48:07.434340 2026] [php:error] [pid 41889] [client 20.24.209.153:0] script '/domains/msintl/man.php' not found or unable to stat
[Sat Jan 24 05:48:07.458904 2026] [php:error] [pid 41906] [client 4.194.24.19:0] script '/domains/homesbyaudrey1/as.php' not found or unable to stat
[Sat Jan 24 05:48:07.655567 2026] [php:error] [pid 41889] [client 20.24.209.153:0] script '/domains/msintl/1.php' not found or unable to stat
[Sat Jan 24 05:48:07.868370 2026] [php:error] [pid 41889] [client 20.24.209.153:0] script '/domains/msintl/aa.php' not found or unable to stat
[Sat Jan 24 05:48:07.911760 2026] [php:error] [pid 41906] [client 4.194.24.19:0] script '/domains/homesbyaudrey1/class-t.api.php' not found or unable to stat
[Sat Jan 24 05:48:08.084753 2026] [php:error] [pid 41889] [client 20.24.209.153:0] script '/domains/msintl/dropdown.php' not found or unable to stat
[Sat Jan 24 05:48:08.132922 2026] [php:error] [pid 41906] [client 4.194.24.19:0] script '/domains/homesbyaudrey1/indoxploit.php' not found or unable to stat
[Sat Jan 24 05:48:08.305297 2026] [php:error] [pid 41889] [client 20.24.209.153:0] script '/domains/msintl/rtx.php' not found or unable to stat
[Sat Jan 24 05:48:08.364043 2026] [php:error] [pid 41906] [client 4.194.24.19:0] script '/domains/homesbyaudrey1/shell.php' not found or unable to stat
[Sat Jan 24 05:48:08.588710 2026] [php:error] [pid 41906] [client 4.194.24.19:0] script '/domains/homesbyaudrey1/system.php' not found or unable to stat
[Sat Jan 24 05:48:08.812379 2026] [php:error] [pid 41906] [client 4.194.24.19:0] script '/domains/homesbyaudrey1/wp-admin.php' not found or unable to stat
[Sat Jan 24 05:48:09.727875 2026] [php:error] [pid 41889] [client 20.24.209.153:0] script '/domains/msintl/atomlib.php' not found or unable to stat
[Sat Jan 24 05:48:09.949203 2026] [php:error] [pid 41889] [client 20.24.209.153:0] script '/domains/msintl/info.php' not found or unable to stat
[Sat Jan 24 05:48:10.142795 2026] [php:error] [pid 41906] [client 4.194.24.19:0] script '/domains/homesbyaudrey1/wp-block.php' not found or unable to stat
[Sat Jan 24 05:48:10.193526 2026] [php:error] [pid 41889] [client 20.24.209.153:0] script '/domains/msintl/lock360.php' not found or unable to stat
[Sat Jan 24 05:48:10.634089 2026] [php:error] [pid 41889] [client 20.24.209.153:0] script '/domains/msintl/vx.php' not found or unable to stat
[Sat Jan 24 05:48:10.810160 2026] [php:error] [pid 41906] [client 4.194.24.19:0] script '/domains/homesbyaudrey1/wp-good.php' not found or unable to stat
[Sat Jan 24 05:48:11.290767 2026] [php:error] [pid 41889] [client 20.24.209.153:0] script '/domains/msintl/wp-content.php' not found or unable to stat
[Sat Jan 24 05:48:12.809120 2026] [php:error] [pid 41906] [client 4.194.24.19:0] script '/domains/homesbyaudrey1/01.php' not found or unable to stat
[Sat Jan 24 05:48:12.834553 2026] [php:error] [pid 41889] [client 20.24.209.153:0] script '/domains/msintl/adminfuns.php' not found or unable to stat
[Sat Jan 24 05:48:13.037435 2026] [php:error] [pid 41906] [client 4.194.24.19:0] script '/domains/homesbyaudrey1/222.php' not found or unable to stat
[Sat Jan 24 05:48:13.054885 2026] [php:error] [pid 41889] [client 20.24.209.153:0] script '/domains/msintl/ahax.php' not found or unable to stat
[Sat Jan 24 05:48:13.259270 2026] [php:error] [pid 41906] [client 4.194.24.19:0] script '/domains/homesbyaudrey1/403.php' not found or unable to stat
[Sat Jan 24 05:48:13.266283 2026] [php:error] [pid 41889] [client 20.24.209.153:0] script '/domains/msintl/autoload_classmap.php' not found or unable to stat
[Sat Jan 24 05:48:13.479926 2026] [php:error] [pid 41906] [client 4.194.24.19:0] script '/domains/homesbyaudrey1/404.php' not found or unable to stat
[Sat Jan 24 05:48:13.699855 2026] [php:error] [pid 41889] [client 20.24.209.153:0] script '/domains/msintl/file.php' not found or unable to stat
[Sat Jan 24 05:48:13.913143 2026] [php:error] [pid 41889] [client 20.24.209.153:0] script '/domains/msintl/file5.php' not found or unable to stat
[Sat Jan 24 05:48:14.167184 2026] [php:error] [pid 41899] [client 4.194.24.19:0] script '/domains/homesbyaudrey1/Q.php' not found or unable to stat
[Sat Jan 24 05:48:14.388226 2026] [php:error] [pid 41899] [client 4.194.24.19:0] script '/domains/homesbyaudrey1/WSO.php' not found or unable to stat
[Sat Jan 24 05:48:14.610816 2026] [php:error] [pid 41899] [client 4.194.24.19:0] script '/domains/homesbyaudrey1/abc.php' not found or unable to stat
[Sat Jan 24 05:48:14.837509 2026] [php:error] [pid 41899] [client 4.194.24.19:0] script '/domains/homesbyaudrey1/abcd.php' not found or unable to stat
[Sat Jan 24 05:48:15.877237 2026] [php:error] [pid 41889] [client 20.24.209.153:0] script '/domains/msintl/xmlrpc.php' not found or unable to stat
[Sat Jan 24 05:48:16.096714 2026] [php:error] [pid 41889] [client 20.24.209.153:0] script '/domains/msintl/alfa.php' not found or unable to stat
[Sat Jan 24 05:48:16.178425 2026] [php:error] [pid 41899] [client 4.194.24.19:0] script '/domains/homesbyaudrey1/auth.php' not found or unable to stat
[Sat Jan 24 05:48:16.322461 2026] [php:error] [pid 41889] [client 20.24.209.153:0] script '/domains/msintl/as.php' not found or unable to stat
[Sat Jan 24 05:48:16.400069 2026] [php:error] [pid 41899] [client 4.194.24.19:0] script '/domains/homesbyaudrey1/byp.php' not found or unable to stat
[Sat Jan 24 05:48:16.621834 2026] [php:error] [pid 41899] [client 4.194.24.19:0] script '/domains/homesbyaudrey1/c.php' not found or unable to stat
[Sat Jan 24 05:48:16.765939 2026] [php:error] [pid 41889] [client 20.24.209.153:0] script '/domains/msintl/class-t.api.php' not found or unable to stat
[Sat Jan 24 05:48:16.844313 2026] [php:error] [pid 41899] [client 4.194.24.19:0] script '/domains/homesbyaudrey1/ca4.php' not found or unable to stat
[Sat Jan 24 05:48:16.982777 2026] [php:error] [pid 41889] [client 20.24.209.153:0] script '/domains/msintl/indoxploit.php' not found or unable to stat
[Sat Jan 24 05:48:17.195842 2026] [php:error] [pid 41889] [client 20.24.209.153:0] script '/domains/msintl/shell.php' not found or unable to stat
[Sat Jan 24 05:48:17.417337 2026] [php:error] [pid 41889] [client 20.24.209.153:0] script '/domains/msintl/system.php' not found or unable to stat
[Sat Jan 24 05:48:17.510748 2026] [php:error] [pid 41899] [client 4.194.24.19:0] script '/domains/homesbyaudrey1/config.php' not found or unable to stat
[Sat Jan 24 05:48:17.638399 2026] [php:error] [pid 41889] [client 20.24.209.153:0] script '/domains/msintl/wp-admin.php' not found or unable to stat
[Sat Jan 24 05:48:17.734489 2026] [php:error] [pid 41899] [client 4.194.24.19:0] script '/domains/homesbyaudrey1/connector.php' not found or unable to stat
[Sat Jan 24 05:48:17.957222 2026] [php:error] [pid 41899] [client 4.194.24.19:0] script '/domains/homesbyaudrey1/content.php' not found or unable to stat
[Sat Jan 24 05:48:18.410633 2026] [php:error] [pid 41899] [client 4.194.24.19:0] script '/domains/homesbyaudrey1/favicon.php' not found or unable to stat
[Sat Jan 24 05:48:18.636899 2026] [php:error] [pid 41899] [client 4.194.24.19:0] script '/domains/homesbyaudrey1/file56.php' not found or unable to stat
[Sat Jan 24 05:48:18.862724 2026] [php:error] [pid 41899] [client 4.194.24.19:0] script '/domains/homesbyaudrey1/flower.php' not found or unable to stat
[Sat Jan 24 05:48:18.960048 2026] [php:error] [pid 41889] [client 20.24.209.153:0] script '/domains/msintl/wp-block.php' not found or unable to stat
[Sat Jan 24 05:48:19.088238 2026] [php:error] [pid 41899] [client 4.194.24.19:0] script '/domains/homesbyaudrey1/fw.php' not found or unable to stat
[Sat Jan 24 05:48:19.312508 2026] [php:error] [pid 41899] [client 4.194.24.19:0] script '/domains/homesbyaudrey1/gecko-new.php' not found or unable to stat
[Sat Jan 24 05:48:19.633360 2026] [php:error] [pid 41889] [client 20.24.209.153:0] script '/domains/msintl/wp-good.php' not found or unable to stat
[Sat Jan 24 05:48:21.585192 2026] [php:error] [pid 41889] [client 20.24.209.153:0] script '/domains/msintl/01.php' not found or unable to stat
[Sat Jan 24 05:48:21.805335 2026] [php:error] [pid 41889] [client 20.24.209.153:0] script '/domains/msintl/222.php' not found or unable to stat
[Sat Jan 24 05:48:22.027899 2026] [php:error] [pid 41889] [client 20.24.209.153:0] script '/domains/msintl/403.php' not found or unable to stat
[Sat Jan 24 05:48:22.250484 2026] [php:error] [pid 41889] [client 20.24.209.153:0] script '/domains/msintl/404.php' not found or unable to stat
[Sat Jan 24 05:48:22.900723 2026] [php:error] [pid 41915] [client 20.24.209.153:0] script '/domains/msintl/Q.php' not found or unable to stat
[Sat Jan 24 05:48:23.117351 2026] [php:error] [pid 41915] [client 20.24.209.153:0] script '/domains/msintl/WSO.php' not found or unable to stat
[Sat Jan 24 05:48:23.344182 2026] [php:error] [pid 41915] [client 20.24.209.153:0] script '/domains/msintl/abc.php' not found or unable to stat
[Sat Jan 24 05:48:23.555551 2026] [php:error] [pid 41915] [client 20.24.209.153:0] script '/domains/msintl/abcd.php' not found or unable to stat
[Sat Jan 24 05:48:24.858879 2026] [php:error] [pid 41915] [client 20.24.209.153:0] script '/domains/msintl/auth.php' not found or unable to stat
[Sat Jan 24 05:48:25.084127 2026] [php:error] [pid 41915] [client 20.24.209.153:0] script '/domains/msintl/byp.php' not found or unable to stat
[Sat Jan 24 05:48:25.295840 2026] [php:error] [pid 41915] [client 20.24.209.153:0] script '/domains/msintl/c.php' not found or unable to stat
[Sat Jan 24 05:48:25.507868 2026] [php:error] [pid 41915] [client 20.24.209.153:0] script '/domains/msintl/ca4.php' not found or unable to stat
[Sat Jan 24 05:48:26.153704 2026] [php:error] [pid 41915] [client 20.24.209.153:0] script '/domains/msintl/config.php' not found or unable to stat
[Sat Jan 24 05:48:26.379733 2026] [php:error] [pid 41915] [client 20.24.209.153:0] script '/domains/msintl/connector.php' not found or unable to stat
[Sat Jan 24 05:48:26.597529 2026] [php:error] [pid 41915] [client 20.24.209.153:0] script '/domains/msintl/content.php' not found or unable to stat
[Sat Jan 24 05:48:27.021663 2026] [php:error] [pid 41915] [client 20.24.209.153:0] script '/domains/msintl/favicon.php' not found or unable to stat
[Sat Jan 24 05:48:27.233987 2026] [php:error] [pid 41915] [client 20.24.209.153:0] script '/domains/msintl/file56.php' not found or unable to stat
[Sat Jan 24 05:48:27.445539 2026] [php:error] [pid 41915] [client 20.24.209.153:0] script '/domains/msintl/flower.php' not found or unable to stat
[Sat Jan 24 05:48:27.658218 2026] [php:error] [pid 41915] [client 20.24.209.153:0] script '/domains/msintl/fw.php' not found or unable to stat
[Sat Jan 24 05:48:27.869650 2026] [php:error] [pid 41915] [client 20.24.209.153:0] script '/domains/msintl/gecko-new.php' not found or unable to stat
[Sat Jan 24 05:48:28.544727 2026] [php:error] [pid 41941] [client 20.205.115.105:0] script '/domains/hdickens.enteract/rrr.php' not found or unable to stat
[Sat Jan 24 05:48:28.764143 2026] [php:error] [pid 41941] [client 20.205.115.105:0] script '/domains/hdickens.enteract/kk.php' not found or unable to stat
[Sat Jan 24 05:48:28.983709 2026] [php:error] [pid 41941] [client 20.205.115.105:0] script '/domains/hdickens.enteract/as.php' not found or unable to stat
[Sat Jan 24 05:48:29.201741 2026] [php:error] [pid 41941] [client 20.205.115.105:0] script '/domains/hdickens.enteract/bless.php' not found or unable to stat
[Sat Jan 24 05:48:29.419883 2026] [php:error] [pid 41941] [client 20.205.115.105:0] script '/domains/hdickens.enteract/style.php' not found or unable to stat
[Sat Jan 24 05:48:29.637453 2026] [php:error] [pid 41941] [client 20.205.115.105:0] script '/domains/hdickens.enteract/cwclass.php' not found or unable to stat
[Sat Jan 24 05:48:29.859207 2026] [php:error] [pid 41941] [client 20.205.115.105:0] script '/domains/hdickens.enteract/0x.php' not found or unable to stat
[Sat Jan 24 05:48:30.306154 2026] [php:error] [pid 41941] [client 20.205.115.105:0] script '/domains/hdickens.enteract/404.php' not found or unable to stat
[Sat Jan 24 05:48:30.529564 2026] [php:error] [pid 41941] [client 20.205.115.105:0] script '/domains/hdickens.enteract/goomaogm.php' not found or unable to stat
[Sat Jan 24 05:48:30.747421 2026] [php:error] [pid 41941] [client 20.205.115.105:0] script '/domains/hdickens.enteract/Dede.php' not found or unable to stat
[Sat Jan 24 05:48:30.967431 2026] [php:error] [pid 41941] [client 20.205.115.105:0] script '/domains/hdickens.enteract/dichku.php' not found or unable to stat
[Sat Jan 24 05:48:31.203233 2026] [php:error] [pid 41941] [client 20.205.115.105:0] script '/domains/hdickens.enteract/h2a2ck.php' not found or unable to stat
[Sat Jan 24 05:48:31.422792 2026] [php:error] [pid 41941] [client 20.205.115.105:0] script '/domains/hdickens.enteract/yr.PHP' not found or unable to stat
[Sat Jan 24 05:48:31.641138 2026] [php:error] [pid 41941] [client 20.205.115.105:0] script '/domains/hdickens.enteract/Mks3.PhP' not found or unable to stat
[Sat Jan 24 05:48:31.869173 2026] [php:error] [pid 41941] [client 20.205.115.105:0] script '/domains/hdickens.enteract/222.php' not found or unable to stat
[Sat Jan 24 05:48:32.087153 2026] [php:error] [pid 41941] [client 20.205.115.105:0] script '/domains/hdickens.enteract/ty226.php' not found or unable to stat
[Sat Jan 24 05:48:32.304801 2026] [php:error] [pid 41941] [client 20.205.115.105:0] script '/domains/hdickens.enteract/webadmin.php' not found or unable to stat
[Sat Jan 24 05:48:32.522832 2026] [php:error] [pid 41941] [client 20.205.115.105:0] script '/domains/hdickens.enteract/pn.php' not found or unable to stat
[Sat Jan 24 05:48:32.741025 2026] [php:error] [pid 41941] [client 20.205.115.105:0] script '/domains/hdickens.enteract/classwithtostring.php' not found or unable to stat
[Sat Jan 24 05:48:32.959147 2026] [php:error] [pid 41941] [client 20.205.115.105:0] script '/domains/hdickens.enteract/img.php' not found or unable to stat
[Sat Jan 24 05:48:33.177454 2026] [php:error] [pid 41941] [client 20.205.115.105:0] script '/domains/hdickens.enteract/ioxi-o.php' not found or unable to stat
[Sat Jan 24 05:48:33.395742 2026] [php:error] [pid 41941] [client 20.205.115.105:0] script '/domains/hdickens.enteract/hans.php' not found or unable to stat
[Sat Jan 24 05:48:33.832388 2026] [php:error] [pid 41941] [client 20.205.115.105:0] script '/domains/hdickens.enteract/wp-ana.php' not found or unable to stat
[Sat Jan 24 05:48:34.050933 2026] [php:error] [pid 41941] [client 20.205.115.105:0] script '/domains/hdickens.enteract/info.php' not found or unable to stat
[Sat Jan 24 05:48:34.269585 2026] [php:error] [pid 41941] [client 20.205.115.105:0] script '/domains/hdickens.enteract/tx1.php' not found or unable to stat
[Sat Jan 24 05:48:34.487748 2026] [php:error] [pid 41941] [client 20.205.115.105:0] script '/domains/hdickens.enteract/lv.php' not found or unable to stat
[Sat Jan 24 05:48:34.705925 2026] [php:error] [pid 41941] [client 20.205.115.105:0] script '/domains/hdickens.enteract/ccou.php' not found or unable to stat
[Sat Jan 24 05:48:34.932250 2026] [php:error] [pid 41941] [client 20.205.115.105:0] script '/domains/hdickens.enteract/wsd.php' not found or unable to stat
[Sat Jan 24 05:48:35.149959 2026] [php:error] [pid 41941] [client 20.205.115.105:0] script '/domains/hdickens.enteract/yvxhx.php' not found or unable to stat
[Sat Jan 24 05:48:35.367479 2026] [php:error] [pid 41941] [client 20.205.115.105:0] script '/domains/hdickens.enteract/wp-good.php' not found or unable to stat
[Sat Jan 24 05:48:35.585556 2026] [php:error] [pid 41941] [client 20.205.115.105:0] script '/domains/hdickens.enteract/qing2.php' not found or unable to stat
[Sat Jan 24 05:48:35.803466 2026] [php:error] [pid 41941] [client 20.205.115.105:0] script '/domains/hdickens.enteract/doo.php' not found or unable to stat
[Sat Jan 24 05:48:36.020923 2026] [php:error] [pid 41941] [client 20.205.115.105:0] script '/domains/hdickens.enteract/moon.php' not found or unable to stat
[Sat Jan 24 05:48:36.238851 2026] [php:error] [pid 41941] [client 20.205.115.105:0] script '/domains/hdickens.enteract/buy.php' not found or unable to stat
[Sat Jan 24 05:48:36.457275 2026] [php:error] [pid 41941] [client 20.205.115.105:0] script '/domains/hdickens.enteract/9v6.php' not found or unable to stat
[Sat Jan 24 05:48:36.675720 2026] [php:error] [pid 41941] [client 20.205.115.105:0] script '/domains/hdickens.enteract/dbc.php' not found or unable to stat
[Sat Jan 24 05:48:36.893705 2026] [php:error] [pid 41941] [client 20.205.115.105:0] script '/domains/hdickens.enteract/log.php' not found or unable to stat
[Sat Jan 24 05:48:37.115551 2026] [php:error] [pid 41941] [client 20.205.115.105:0] script '/domains/hdickens.enteract/1.php' not found or unable to stat
[Sat Jan 24 05:48:37.333635 2026] [php:error] [pid 41941] [client 20.205.115.105:0] script '/domains/hdickens.enteract/ws36.php' not found or unable to stat
[Sat Jan 24 05:48:37.551331 2026] [php:error] [pid 41941] [client 20.205.115.105:0] script '/domains/hdickens.enteract/file.php' not found or unable to stat
[Sat Jan 24 05:48:37.772522 2026] [php:error] [pid 41941] [client 20.205.115.105:0] script '/domains/hdickens.enteract/rh.php' not found or unable to stat
[Sat Jan 24 05:48:37.990622 2026] [php:error] [pid 41941] [client 20.205.115.105:0] script '/domains/hdickens.enteract/ova.php' not found or unable to stat
[Sat Jan 24 05:48:38.209331 2026] [php:error] [pid 41941] [client 20.205.115.105:0] script '/domains/hdickens.enteract/siteheads.php' not found or unable to stat
[Sat Jan 24 05:48:38.427371 2026] [php:error] [pid 41941] [client 20.205.115.105:0] script '/domains/hdickens.enteract/wp-links.php' not found or unable to stat
[Sat Jan 24 05:48:38.645505 2026] [php:error] [pid 41941] [client 20.205.115.105:0] script '/domains/hdickens.enteract/zer.php' not found or unable to stat
[Sat Jan 24 05:48:38.863316 2026] [php:error] [pid 41941] [client 20.205.115.105:0] script '/domains/hdickens.enteract/sid3.php' not found or unable to stat
[Sat Jan 24 05:48:39.081129 2026] [php:error] [pid 41941] [client 20.205.115.105:0] script '/domains/hdickens.enteract/tinyfilemanager.php' not found or unable to stat
[Sat Jan 24 05:48:39.298969 2026] [php:error] [pid 41941] [client 20.205.115.105:0] script '/domains/hdickens.enteract/galex.php' not found or unable to stat
[Sat Jan 24 05:48:39.516692 2026] [php:error] [pid 41941] [client 20.205.115.105:0] script '/domains/hdickens.enteract/abcd.php' not found or unable to stat
[Sat Jan 24 05:48:39.734361 2026] [php:error] [pid 41941] [client 20.205.115.105:0] script '/domains/hdickens.enteract/ant.php' not found or unable to stat
[Sat Jan 24 05:48:39.952241 2026] [php:error] [pid 41941] [client 20.205.115.105:0] script '/domains/hdickens.enteract/O-Simple.php' not found or unable to stat
[Sat Jan 24 05:48:40.170435 2026] [php:error] [pid 41941] [client 20.205.115.105:0] script '/domains/hdickens.enteract/0o0.php' not found or unable to stat
[Sat Jan 24 05:48:40.389199 2026] [php:error] [pid 41941] [client 20.205.115.105:0] script '/domains/hdickens.enteract/gtc.php' not found or unable to stat
[Sat Jan 24 05:48:40.607454 2026] [php:error] [pid 41941] [client 20.205.115.105:0] script '/domains/hdickens.enteract/content.php' not found or unable to stat
[Sat Jan 24 05:48:40.826367 2026] [php:error] [pid 41941] [client 20.205.115.105:0] script '/domains/hdickens.enteract/support.php' not found or unable to stat
[Sat Jan 24 05:48:41.044429 2026] [php:error] [pid 41941] [client 20.205.115.105:0] script '/domains/hdickens.enteract/styles.php' not found or unable to stat
[Sat Jan 24 05:48:41.262274 2026] [php:error] [pid 41941] [client 20.205.115.105:0] script '/domains/hdickens.enteract/403.php' not found or unable to stat
[Sat Jan 24 05:48:41.699235 2026] [php:error] [pid 41941] [client 20.205.115.105:0] script '/domains/hdickens.enteract/class.api.php' not found or unable to stat
[Sat Jan 24 05:48:41.918152 2026] [php:error] [pid 41941] [client 20.205.115.105:0] script '/domains/hdickens.enteract/az.php' not found or unable to stat
[Sat Jan 24 05:48:42.136651 2026] [php:error] [pid 41941] [client 20.205.115.105:0] script '/domains/hdickens.enteract/155.php' not found or unable to stat
[Sat Jan 24 05:48:42.354570 2026] [php:error] [pid 41941] [client 20.205.115.105:0] script '/domains/hdickens.enteract/oo.php' not found or unable to stat
[Sat Jan 24 05:48:42.574608 2026] [php:error] [pid 41941] [client 20.205.115.105:0] script '/domains/hdickens.enteract/vx.php' not found or unable to stat
[Sat Jan 24 05:48:42.792285 2026] [php:error] [pid 41941] [client 20.205.115.105:0] script '/domains/hdickens.enteract/geck.php' not found or unable to stat
[Sat Jan 24 05:48:43.015001 2026] [php:error] [pid 41941] [client 20.205.115.105:0] script '/domains/hdickens.enteract/to.php' not found or unable to stat
[Sat Jan 24 05:48:43.236098 2026] [php:error] [pid 41941] [client 20.205.115.105:0] script '/domains/hdickens.enteract/horeg.php' not found or unable to stat
[Sat Jan 24 05:48:43.482607 2026] [php:error] [pid 41941] [client 20.205.115.105:0] script '/domains/hdickens.enteract/wen.php' not found or unable to stat
[Sat Jan 24 05:48:43.700781 2026] [php:error] [pid 41941] [client 20.205.115.105:0] script '/domains/hdickens.enteract/menu.php' not found or unable to stat
[Sat Jan 24 05:48:43.921554 2026] [php:error] [pid 41941] [client 20.205.115.105:0] script '/domains/hdickens.enteract/sfudq.php' not found or unable to stat
[Sat Jan 24 05:48:44.160004 2026] [php:error] [pid 41941] [client 20.205.115.105:0] script '/domains/hdickens.enteract/file2.php' not found or unable to stat
[Sat Jan 24 05:48:44.377747 2026] [php:error] [pid 41941] [client 20.205.115.105:0] script '/domains/hdickens.enteract/wp-22.php' not found or unable to stat
[Sat Jan 24 05:48:44.598038 2026] [php:error] [pid 41941] [client 20.205.115.105:0] script '/domains/hdickens.enteract/asx.php' not found or unable to stat
[Sat Jan 24 05:48:44.815823 2026] [php:error] [pid 41941] [client 20.205.115.105:0] script '/domains/hdickens.enteract/xa.php' not found or unable to stat
[Sat Jan 24 05:48:45.033549 2026] [php:error] [pid 41941] [client 20.205.115.105:0] script '/domains/hdickens.enteract/dox.php' not found or unable to stat
[Sat Jan 24 05:48:45.254089 2026] [php:error] [pid 41941] [client 20.205.115.105:0] script '/domains/hdickens.enteract/size.php' not found or unable to stat
[Sat Jan 24 05:48:45.471762 2026] [php:error] [pid 41941] [client 20.205.115.105:0] script '/domains/hdickens.enteract/ng.php' not found or unable to stat
[Sat Jan 24 05:48:45.705222 2026] [php:error] [pid 41941] [client 20.205.115.105:0] script '/domains/hdickens.enteract/a2.php' not found or unable to stat
[Sat Jan 24 05:48:45.932774 2026] [php:error] [pid 41941] [client 20.205.115.105:0] script '/domains/hdickens.enteract/page.php' not found or unable to stat
[Sat Jan 24 05:48:46.151331 2026] [php:error] [pid 41941] [client 20.205.115.105:0] script '/domains/hdickens.enteract/z60.php' not found or unable to stat
[Sat Jan 24 05:48:46.369151 2026] [php:error] [pid 41941] [client 20.205.115.105:0] script '/domains/hdickens.enteract/sf.php' not found or unable to stat
[Sat Jan 24 05:48:46.587072 2026] [php:error] [pid 41941] [client 20.205.115.105:0] script '/domains/hdickens.enteract/qual.php' not found or unable to stat
[Sat Jan 24 05:48:46.808822 2026] [php:error] [pid 41941] [client 20.205.115.105:0] script '/domains/hdickens.enteract/12.php' not found or unable to stat
[Sat Jan 24 05:48:47.027439 2026] [php:error] [pid 41941] [client 20.205.115.105:0] script '/domains/hdickens.enteract/s.php' not found or unable to stat
[Sat Jan 24 05:48:47.247518 2026] [php:error] [pid 41941] [client 20.205.115.105:0] script '/domains/hdickens.enteract/cong.php' not found or unable to stat
[Sat Jan 24 05:48:47.465773 2026] [php:error] [pid 41941] [client 20.205.115.105:0] script '/domains/hdickens.enteract/simple.php' not found or unable to stat
[Sat Jan 24 05:48:47.685991 2026] [php:error] [pid 41941] [client 20.205.115.105:0] script '/domains/hdickens.enteract/11.php' not found or unable to stat
[Sat Jan 24 05:48:48.339317 2026] [php:error] [pid 41941] [client 20.205.115.105:0] script '/domains/hdickens.enteract/upl.php' not found or unable to stat
[Sat Jan 24 05:48:48.557745 2026] [php:error] [pid 41941] [client 20.205.115.105:0] script '/domains/hdickens.enteract/past.php' not found or unable to stat
[Sat Jan 24 05:48:48.775543 2026] [php:error] [pid 41941] [client 20.205.115.105:0] script '/domains/hdickens.enteract/revision.php' not found or unable to stat
[Sat Jan 24 05:48:49.211373 2026] [php:error] [pid 41941] [client 20.205.115.105:0] script '/domains/hdickens.enteract/test1.php' not found or unable to stat
[Sat Jan 24 05:48:49.432149 2026] [php:error] [pid 41941] [client 20.205.115.105:0] script '/domains/hdickens.enteract/massby2.php' not found or unable to stat
[Sat Jan 24 05:48:49.650176 2026] [php:error] [pid 41941] [client 20.205.115.105:0] script '/domains/hdickens.enteract/doc.php' not found or unable to stat
[Sat Jan 24 05:48:49.872511 2026] [php:error] [pid 41941] [client 20.205.115.105:0] script '/domains/hdickens.enteract/abc.php' not found or unable to stat
[Sat Jan 24 05:48:50.090930 2026] [php:error] [pid 41941] [client 20.205.115.105:0] script '/domains/hdickens.enteract/m.php' not found or unable to stat
[Sat Jan 24 05:48:50.736526 2026] [php:error] [pid 41936] [client 20.205.115.105:0] script '/domains/hdickens.enteract/error.php' not found or unable to stat
[Sat Jan 24 05:48:50.947771 2026] [php:error] [pid 41936] [client 20.205.115.105:0] script '/domains/hdickens.enteract/ma.php' not found or unable to stat
[Sat Jan 24 05:48:51.168850 2026] [php:error] [pid 41936] [client 20.205.115.105:0] script '/domains/hdickens.enteract/mh.php' not found or unable to stat
[Sat Jan 24 05:48:51.382983 2026] [php:error] [pid 41936] [client 20.205.115.105:0] script '/domains/hdickens.enteract/dropdown.php' not found or unable to stat
[Sat Jan 24 05:48:51.599553 2026] [php:error] [pid 41936] [client 20.205.115.105:0] script '/domains/hdickens.enteract/wp-configs.php' not found or unable to stat
[Sat Jan 24 05:48:51.810558 2026] [php:error] [pid 41936] [client 20.205.115.105:0] script '/domains/hdickens.enteract/item.php' not found or unable to stat
[Sat Jan 24 05:48:52.021405 2026] [php:error] [pid 41936] [client 20.205.115.105:0] script '/domains/hdickens.enteract/ws46.php' not found or unable to stat
[Sat Jan 24 05:48:52.232288 2026] [php:error] [pid 41936] [client 20.205.115.105:0] script '/domains/hdickens.enteract/mini.php' not found or unable to stat
[Sat Jan 24 05:48:52.446590 2026] [php:error] [pid 41936] [client 20.205.115.105:0] script '/domains/hdickens.enteract/gecko.php' not found or unable to stat
[Sat Jan 24 05:48:52.657692 2026] [php:error] [pid 41936] [client 20.205.115.105:0] script '/domains/hdickens.enteract/x.php' not found or unable to stat
[Sat Jan 24 05:48:52.868891 2026] [php:error] [pid 41936] [client 20.205.115.105:0] script '/domains/hdickens.enteract/lala.php' not found or unable to stat
