KGRKJGETMRETU895U-589TY5MIGM5JGB5SDFESFREWTGR54TY
Server : Apache/2.4.62
System : FreeBSD fbsdweb2.web.rcn.net 14.1-RELEASE FreeBSD 14.1-RELEASE releng/14.1-n267679-10e31f0946d8 GENERIC amd64
User : www ( 80)
PHP Version : 8.3.8
Disable Function : NONE
Directory :  /var/log/httpd/error/

Upload File :
current_dir [ Writeable ] document_root [ Writeable ]

 

Current File : //var/log/httpd/error/ex20260124.log
[Sat Jan 24 00:00:10.282287 2026] [core:crit] [pid 69960] (13)Permission denied: [client 216.244.66.247:0] AH00529: /domains/performancepartsinc/graphics/psd/.htaccess pcfg_openfile: unable to check htaccess file, ensure it is readable and that '/domains/performancepartsinc/graphics/psd/' is executable
[Sat Jan 24 00:02:26.172899 2026] [php:error] [pid 70006] [client 34.32.136.13:0] script '/domains/hdickens.enteract/kmnj.php' not found or unable to stat
[Sat Jan 24 00:02:43.496609 2026] [php:error] [pid 70006] [client 145.239.10.137:0] script '/domains/vangoghagainweb/ola.php' not found or unable to stat, referer: http://vangoghagain.com/ola.php
[Sat Jan 24 00:03:36.802230 2026] [php:error] [pid 70017] [client 154.12.92.135:0] script '/domains/brenties/fun.php' not found or unable to stat
[Sat Jan 24 00:04:03.059833 2026] [php:error] [pid 70018] [client 145.239.10.137:0] script '/domains/hpveweb/dddd.php' not found or unable to stat, referer: http://hpve.com/dddd.php
[Sat Jan 24 00:04:34.385527 2026] [php:error] [pid 70021] [client 154.47.20.226:0] script '/domains/fbardin/wp-login.php' not found or unable to stat
[Sat Jan 24 00:04:58.097447 2026] [php:error] [pid 70004] [client 143.14.6.221:0] script '/domains/hdickens.enteract/kmnj.php' not found or unable to stat
[Sat Jan 24 00:04:59.181531 2026] [php:error] [pid 70014] [client 143.14.6.80:0] script '/domains/hdickens.enteract/kmnj.php' not found or unable to stat
[Sat Jan 24 00:05:00.532360 2026] [php:error] [pid 70025] [client 143.14.6.21:0] script '/domains/hdickens.enteract/kmnj.php' not found or unable to stat
[Sat Jan 24 00:05:05.881828 2026] [php:error] [pid 70014] [client 145.239.10.137:0] script '/domains/performancepartsinc/x.php' not found or unable to stat, referer: http://performancepartsinc.com/x.php
[Sat Jan 24 00:07:14.565419 2026] [php:error] [pid 70053] [client 4.217.180.34:0] script '/domains/system_cancel/rh1.php' not found or unable to stat
[Sat Jan 24 00:07:16.720684 2026] [php:error] [pid 70053] [client 4.217.180.34:0] script '/domains/system_cancel/maul.php' not found or unable to stat
[Sat Jan 24 00:07:17.459261 2026] [php:error] [pid 70053] [client 4.217.180.34:0] script '/domains/system_cancel/download.php' not found or unable to stat
[Sat Jan 24 00:07:18.358083 2026] [php:error] [pid 70053] [client 4.217.180.34:0] script '/domains/system_cancel/tt.php' not found or unable to stat
[Sat Jan 24 00:07:18.541307 2026] [php:error] [pid 70053] [client 4.217.180.34:0] script '/domains/system_cancel/a5e0a.php' not found or unable to stat
[Sat Jan 24 00:07:18.761428 2026] [php:error] [pid 70053] [client 4.217.180.34:0] script '/domains/system_cancel/abc.php' not found or unable to stat
[Sat Jan 24 00:07:19.355380 2026] [php:error] [pid 70053] [client 4.217.180.34:0] script '/domains/system_cancel/rzki.php' not found or unable to stat
[Sat Jan 24 00:07:19.535676 2026] [php:error] [pid 70053] [client 4.217.180.34:0] script '/domains/system_cancel/acxx.php' not found or unable to stat
[Sat Jan 24 00:07:19.730035 2026] [php:error] [pid 70053] [client 4.217.180.34:0] script '/domains/system_cancel/d12.php' not found or unable to stat
[Sat Jan 24 00:07:20.380605 2026] [php:error] [pid 70053] [client 4.217.180.34:0] script '/domains/system_cancel/error_log.php' not found or unable to stat
[Sat Jan 24 00:07:20.978946 2026] [php:error] [pid 70053] [client 4.217.180.34:0] script '/domains/system_cancel/dox.php' not found or unable to stat
[Sat Jan 24 00:07:21.172627 2026] [php:error] [pid 70053] [client 4.217.180.34:0] script '/domains/system_cancel/ahax.php' not found or unable to stat
[Sat Jan 24 00:07:21.356777 2026] [php:error] [pid 70053] [client 4.217.180.34:0] script '/domains/system_cancel/lock360.php' not found or unable to stat
[Sat Jan 24 00:07:22.277760 2026] [php:error] [pid 70053] [client 4.217.180.34:0] script '/domains/system_cancel/test1.php' not found or unable to stat
[Sat Jan 24 00:07:22.458344 2026] [php:error] [pid 70053] [client 4.217.180.34:0] script '/domains/system_cancel/clss.php' not found or unable to stat
[Sat Jan 24 00:07:23.075320 2026] [php:error] [pid 70053] [client 4.217.180.34:0] script '/domains/system_cancel/ii5file.php' not found or unable to stat
[Sat Jan 24 00:07:23.632186 2026] [php:error] [pid 70053] [client 4.217.180.34:0] script '/domains/system_cancel/re.php' not found or unable to stat
[Sat Jan 24 00:07:23.825531 2026] [php:error] [pid 70053] [client 4.217.180.34:0] script '/domains/system_cancel/xsas.php' not found or unable to stat
[Sat Jan 24 00:07:24.101670 2026] [php:error] [pid 70053] [client 4.217.180.34:0] script '/domains/system_cancel/asus.php' not found or unable to stat
[Sat Jan 24 00:07:25.226543 2026] [php:error] [pid 70053] [client 4.217.180.34:0] script '/domains/system_cancel/domains.php' not found or unable to stat
[Sat Jan 24 00:07:26.317071 2026] [php:error] [pid 70053] [client 4.217.180.34:0] script '/domains/system_cancel/akcc.php' not found or unable to stat
[Sat Jan 24 00:07:26.961702 2026] [php:error] [pid 70053] [client 4.217.180.34:0] script '/domains/system_cancel/lib.php' not found or unable to stat
[Sat Jan 24 00:07:28.369190 2026] [php:error] [pid 70053] [client 4.217.180.34:0] script '/domains/system_cancel/x.php' not found or unable to stat
[Sat Jan 24 00:07:28.549576 2026] [php:error] [pid 70053] [client 4.217.180.34:0] script '/domains/system_cancel/adminfuns.php' not found or unable to stat
[Sat Jan 24 00:07:29.967227 2026] [php:error] [pid 70053] [client 4.217.180.34:0] script '/domains/system_cancel/atex1.php' not found or unable to stat
[Sat Jan 24 00:07:31.631576 2026] [php:error] [pid 70053] [client 4.217.180.34:0] script '/domains/system_cancel/mode.php' not found or unable to stat
[Sat Jan 24 00:07:32.210362 2026] [php:error] [pid 70053] [client 4.217.180.34:0] script '/domains/system_cancel/hehe.php' not found or unable to stat
[Sat Jan 24 00:07:32.390946 2026] [php:error] [pid 70053] [client 4.217.180.34:0] script '/domains/system_cancel/asd.php' not found or unable to stat
[Sat Jan 24 00:07:33.331668 2026] [php:error] [pid 70053] [client 4.217.180.34:0] script '/domains/system_cancel/edit.php' not found or unable to stat
[Sat Jan 24 00:07:33.786899 2026] [php:error] [pid 70054] [client 4.217.180.34:0] script '/domains/system_cancel/t.php' not found or unable to stat
[Sat Jan 24 00:07:33.997800 2026] [php:error] [pid 70060] [client 20.42.209.0:0] script '/domains/system_default/rrr.php' not found or unable to stat
[Sat Jan 24 00:07:34.071132 2026] [php:error] [pid 70054] [client 4.217.180.34:0] script '/domains/system_cancel/lm15.php' not found or unable to stat
[Sat Jan 24 00:07:34.231715 2026] [php:error] [pid 70060] [client 20.42.209.0:0] script '/domains/system_default/kk.php' not found or unable to stat
[Sat Jan 24 00:07:34.432740 2026] [php:error] [pid 70060] [client 20.42.209.0:0] script '/domains/system_default/as.php' not found or unable to stat
[Sat Jan 24 00:07:34.634172 2026] [php:error] [pid 70060] [client 20.42.209.0:0] script '/domains/system_default/bless.php' not found or unable to stat
[Sat Jan 24 00:07:34.844772 2026] [php:error] [pid 70060] [client 20.42.209.0:0] script '/domains/system_default/style.php' not found or unable to stat
[Sat Jan 24 00:07:34.970151 2026] [php:error] [pid 70054] [client 4.217.180.34:0] script '/domains/system_cancel/admin836.php' not found or unable to stat
[Sat Jan 24 00:07:35.046980 2026] [php:error] [pid 70060] [client 20.42.209.0:0] script '/domains/system_default/cwclass.php' not found or unable to stat
[Sat Jan 24 00:07:35.248789 2026] [php:error] [pid 70060] [client 20.42.209.0:0] script '/domains/system_default/0x.php' not found or unable to stat
[Sat Jan 24 00:07:35.508283 2026] [php:error] [pid 70054] [client 4.217.180.34:0] script '/domains/system_cancel/lufix.php' not found or unable to stat
[Sat Jan 24 00:07:35.652725 2026] [php:error] [pid 70060] [client 20.42.209.0:0] script '/domains/system_default/404.php' not found or unable to stat
[Sat Jan 24 00:07:35.854229 2026] [php:error] [pid 70060] [client 20.42.209.0:0] script '/domains/system_default/goomaogm.php' not found or unable to stat
[Sat Jan 24 00:07:36.064274 2026] [php:error] [pid 70060] [client 20.42.209.0:0] script '/domains/system_default/Dede.php' not found or unable to stat
[Sat Jan 24 00:07:36.427141 2026] [php:error] [pid 70060] [client 20.42.209.0:0] script '/domains/system_default/dichku.php' not found or unable to stat
[Sat Jan 24 00:07:36.628565 2026] [php:error] [pid 70060] [client 20.42.209.0:0] script '/domains/system_default/h2a2ck.php' not found or unable to stat
[Sat Jan 24 00:07:36.830432 2026] [php:error] [pid 70060] [client 20.42.209.0:0] script '/domains/system_default/yr.PHP' not found or unable to stat
[Sat Jan 24 00:07:37.031908 2026] [php:error] [pid 70060] [client 20.42.209.0:0] script '/domains/system_default/Mks3.PhP' not found or unable to stat
[Sat Jan 24 00:07:37.318650 2026] [php:error] [pid 70060] [client 20.42.209.0:0] script '/domains/system_default/222.php' not found or unable to stat
[Sat Jan 24 00:07:37.661240 2026] [php:error] [pid 70060] [client 20.42.209.0:0] script '/domains/system_default/ty226.php' not found or unable to stat
[Sat Jan 24 00:07:37.876279 2026] [php:error] [pid 70060] [client 20.42.209.0:0] script '/domains/system_default/webadmin.php' not found or unable to stat
[Sat Jan 24 00:07:38.077847 2026] [php:error] [pid 70060] [client 20.42.209.0:0] script '/domains/system_default/pn.php' not found or unable to stat
[Sat Jan 24 00:07:38.396054 2026] [php:error] [pid 70060] [client 20.42.209.0:0] script '/domains/system_default/classwithtostring.php' not found or unable to stat
[Sat Jan 24 00:07:38.606968 2026] [php:error] [pid 70060] [client 20.42.209.0:0] script '/domains/system_default/img.php' not found or unable to stat
[Sat Jan 24 00:07:38.825703 2026] [php:error] [pid 70060] [client 20.42.209.0:0] script '/domains/system_default/ioxi-o.php' not found or unable to stat
[Sat Jan 24 00:07:39.027184 2026] [php:error] [pid 70060] [client 20.42.209.0:0] script '/domains/system_default/hans.php' not found or unable to stat
[Sat Jan 24 00:07:39.430696 2026] [php:error] [pid 70060] [client 20.42.209.0:0] script '/domains/system_default/wp-ana.php' not found or unable to stat
[Sat Jan 24 00:07:39.632103 2026] [php:error] [pid 70060] [client 20.42.209.0:0] script '/domains/system_default/info.php' not found or unable to stat
[Sat Jan 24 00:07:39.833603 2026] [php:error] [pid 70060] [client 20.42.209.0:0] script '/domains/system_default/tx1.php' not found or unable to stat
[Sat Jan 24 00:07:40.035073 2026] [php:error] [pid 70060] [client 20.42.209.0:0] script '/domains/system_default/lv.php' not found or unable to stat
[Sat Jan 24 00:07:40.236836 2026] [php:error] [pid 70060] [client 20.42.209.0:0] script '/domains/system_default/ccou.php' not found or unable to stat
[Sat Jan 24 00:07:40.438286 2026] [php:error] [pid 70060] [client 20.42.209.0:0] script '/domains/system_default/wsd.php' not found or unable to stat
[Sat Jan 24 00:07:40.654892 2026] [php:error] [pid 70060] [client 20.42.209.0:0] script '/domains/system_default/yvxhx.php' not found or unable to stat
[Sat Jan 24 00:07:40.867740 2026] [php:error] [pid 70060] [client 20.42.209.0:0] script '/domains/system_default/wp-good.php' not found or unable to stat
[Sat Jan 24 00:07:41.069969 2026] [php:error] [pid 70060] [client 20.42.209.0:0] script '/domains/system_default/qing2.php' not found or unable to stat
[Sat Jan 24 00:07:41.271584 2026] [php:error] [pid 70060] [client 20.42.209.0:0] script '/domains/system_default/doo.php' not found or unable to stat
[Sat Jan 24 00:07:41.473877 2026] [php:error] [pid 70060] [client 20.42.209.0:0] script '/domains/system_default/moon.php' not found or unable to stat
[Sat Jan 24 00:07:41.675612 2026] [php:error] [pid 70060] [client 20.42.209.0:0] script '/domains/system_default/buy.php' not found or unable to stat
[Sat Jan 24 00:07:41.877324 2026] [php:error] [pid 70060] [client 20.42.209.0:0] script '/domains/system_default/9v6.php' not found or unable to stat
[Sat Jan 24 00:07:42.079158 2026] [php:error] [pid 70060] [client 20.42.209.0:0] script '/domains/system_default/dbc.php' not found or unable to stat
[Sat Jan 24 00:07:42.281014 2026] [php:error] [pid 70060] [client 20.42.209.0:0] script '/domains/system_default/log.php' not found or unable to stat
[Sat Jan 24 00:07:42.482558 2026] [php:error] [pid 70060] [client 20.42.209.0:0] script '/domains/system_default/1.php' not found or unable to stat
[Sat Jan 24 00:07:42.691015 2026] [php:error] [pid 70060] [client 20.42.209.0:0] script '/domains/system_default/ws36.php' not found or unable to stat
[Sat Jan 24 00:07:42.892773 2026] [php:error] [pid 70060] [client 20.42.209.0:0] script '/domains/system_default/file.php' not found or unable to stat
[Sat Jan 24 00:07:43.094170 2026] [php:error] [pid 70060] [client 20.42.209.0:0] script '/domains/system_default/rh.php' not found or unable to stat
[Sat Jan 24 00:07:43.298532 2026] [php:error] [pid 70060] [client 20.42.209.0:0] script '/domains/system_default/ova.php' not found or unable to stat
[Sat Jan 24 00:07:43.500062 2026] [php:error] [pid 70060] [client 20.42.209.0:0] script '/domains/system_default/siteheads.php' not found or unable to stat
[Sat Jan 24 00:07:43.701473 2026] [php:error] [pid 70060] [client 20.42.209.0:0] script '/domains/system_default/wp-links.php' not found or unable to stat
[Sat Jan 24 00:07:43.904638 2026] [php:error] [pid 70060] [client 20.42.209.0:0] script '/domains/system_default/zer.php' not found or unable to stat
[Sat Jan 24 00:07:44.106163 2026] [php:error] [pid 70060] [client 20.42.209.0:0] script '/domains/system_default/sid3.php' not found or unable to stat
[Sat Jan 24 00:07:44.310688 2026] [php:error] [pid 70060] [client 20.42.209.0:0] script '/domains/system_default/tinyfilemanager.php' not found or unable to stat
[Sat Jan 24 00:07:44.545648 2026] [php:error] [pid 70060] [client 20.42.209.0:0] script '/domains/system_default/galex.php' not found or unable to stat
[Sat Jan 24 00:07:44.747215 2026] [php:error] [pid 70060] [client 20.42.209.0:0] script '/domains/system_default/abcd.php' not found or unable to stat
[Sat Jan 24 00:07:44.949633 2026] [php:error] [pid 70060] [client 20.42.209.0:0] script '/domains/system_default/ant.php' not found or unable to stat
[Sat Jan 24 00:07:45.151739 2026] [php:error] [pid 70060] [client 20.42.209.0:0] script '/domains/system_default/O-Simple.php' not found or unable to stat
[Sat Jan 24 00:07:45.360290 2026] [php:error] [pid 70060] [client 20.42.209.0:0] script '/domains/system_default/0o0.php' not found or unable to stat
[Sat Jan 24 00:07:45.615413 2026] [php:error] [pid 70060] [client 20.42.209.0:0] script '/domains/system_default/gtc.php' not found or unable to stat
[Sat Jan 24 00:07:45.816962 2026] [php:error] [pid 70060] [client 20.42.209.0:0] script '/domains/system_default/content.php' not found or unable to stat
[Sat Jan 24 00:07:46.018484 2026] [php:error] [pid 70060] [client 20.42.209.0:0] script '/domains/system_default/support.php' not found or unable to stat
[Sat Jan 24 00:07:46.220088 2026] [php:error] [pid 70060] [client 20.42.209.0:0] script '/domains/system_default/styles.php' not found or unable to stat
[Sat Jan 24 00:07:46.432958 2026] [php:error] [pid 70060] [client 20.42.209.0:0] script '/domains/system_default/403.php' not found or unable to stat
[Sat Jan 24 00:07:46.836129 2026] [php:error] [pid 70060] [client 20.42.209.0:0] script '/domains/system_default/class.api.php' not found or unable to stat
[Sat Jan 24 00:07:47.038415 2026] [php:error] [pid 70060] [client 20.42.209.0:0] script '/domains/system_default/az.php' not found or unable to stat
[Sat Jan 24 00:07:47.254525 2026] [php:error] [pid 70060] [client 20.42.209.0:0] script '/domains/system_default/155.php' not found or unable to stat
[Sat Jan 24 00:07:47.456311 2026] [php:error] [pid 70060] [client 20.42.209.0:0] script '/domains/system_default/oo.php' not found or unable to stat
[Sat Jan 24 00:07:47.674115 2026] [php:error] [pid 70060] [client 20.42.209.0:0] script '/domains/system_default/vx.php' not found or unable to stat
[Sat Jan 24 00:07:47.944877 2026] [php:error] [pid 70060] [client 20.42.209.0:0] script '/domains/system_default/geck.php' not found or unable to stat
[Sat Jan 24 00:07:48.186964 2026] [php:error] [pid 70060] [client 20.42.209.0:0] script '/domains/system_default/to.php' not found or unable to stat
[Sat Jan 24 00:07:48.389871 2026] [php:error] [pid 70060] [client 20.42.209.0:0] script '/domains/system_default/horeg.php' not found or unable to stat
[Sat Jan 24 00:07:48.591925 2026] [php:error] [pid 70060] [client 20.42.209.0:0] script '/domains/system_default/wen.php' not found or unable to stat
[Sat Jan 24 00:07:48.793630 2026] [php:error] [pid 70060] [client 20.42.209.0:0] script '/domains/system_default/menu.php' not found or unable to stat
[Sat Jan 24 00:07:48.995620 2026] [php:error] [pid 70060] [client 20.42.209.0:0] script '/domains/system_default/sfudq.php' not found or unable to stat
[Sat Jan 24 00:07:49.197301 2026] [php:error] [pid 70060] [client 20.42.209.0:0] script '/domains/system_default/file2.php' not found or unable to stat
[Sat Jan 24 00:07:49.564669 2026] [php:error] [pid 70060] [client 20.42.209.0:0] script '/domains/system_default/wp-22.php' not found or unable to stat
[Sat Jan 24 00:07:49.771488 2026] [php:error] [pid 70060] [client 20.42.209.0:0] script '/domains/system_default/asx.php' not found or unable to stat
[Sat Jan 24 00:07:49.986293 2026] [php:error] [pid 70060] [client 20.42.209.0:0] script '/domains/system_default/xa.php' not found or unable to stat
[Sat Jan 24 00:07:50.190608 2026] [php:error] [pid 70060] [client 20.42.209.0:0] script '/domains/system_default/dox.php' not found or unable to stat
[Sat Jan 24 00:07:50.567963 2026] [php:error] [pid 70060] [client 20.42.209.0:0] script '/domains/system_default/size.php' not found or unable to stat
[Sat Jan 24 00:07:50.790741 2026] [php:error] [pid 70060] [client 20.42.209.0:0] script '/domains/system_default/ng.php' not found or unable to stat
[Sat Jan 24 00:07:50.992098 2026] [php:error] [pid 70060] [client 20.42.209.0:0] script '/domains/system_default/a2.php' not found or unable to stat
[Sat Jan 24 00:07:51.135451 2026] [php:error] [pid 70052] [client 4.190.195.218:0] script '/domains/system_default/admin.php' not found or unable to stat
[Sat Jan 24 00:07:51.212692 2026] [php:error] [pid 70060] [client 20.42.209.0:0] script '/domains/system_default/page.php' not found or unable to stat
[Sat Jan 24 00:07:51.318983 2026] [php:error] [pid 70052] [client 4.190.195.218:0] script '/domains/system_default/manager.php' not found or unable to stat
[Sat Jan 24 00:07:51.819438 2026] [php:error] [pid 70060] [client 20.42.209.0:0] script '/domains/system_default/z60.php' not found or unable to stat
[Sat Jan 24 00:07:52.020683 2026] [php:error] [pid 70060] [client 20.42.209.0:0] script '/domains/system_default/sf.php' not found or unable to stat
[Sat Jan 24 00:07:52.022128 2026] [php:error] [pid 70052] [client 4.190.195.218:0] script '/domains/system_default/goods.php' not found or unable to stat
[Sat Jan 24 00:07:52.205800 2026] [php:error] [pid 70052] [client 4.190.195.218:0] script '/domains/system_default/chosen.php' not found or unable to stat
[Sat Jan 24 00:07:52.253958 2026] [php:error] [pid 70060] [client 20.42.209.0:0] script '/domains/system_default/qual.php' not found or unable to stat
[Sat Jan 24 00:07:52.455130 2026] [php:error] [pid 70060] [client 20.42.209.0:0] script '/domains/system_default/12.php' not found or unable to stat
[Sat Jan 24 00:07:52.558837 2026] [php:error] [pid 70052] [client 4.190.195.218:0] script '/domains/system_default/about.php' not found or unable to stat
[Sat Jan 24 00:07:52.656509 2026] [php:error] [pid 70060] [client 20.42.209.0:0] script '/domains/system_default/s.php' not found or unable to stat
[Sat Jan 24 00:07:52.745795 2026] [php:error] [pid 70052] [client 4.190.195.218:0] script '/domains/system_default/deepseek_d.php' not found or unable to stat
[Sat Jan 24 00:07:52.857852 2026] [php:error] [pid 70060] [client 20.42.209.0:0] script '/domains/system_default/cong.php' not found or unable to stat
[Sat Jan 24 00:07:52.917814 2026] [php:error] [pid 70052] [client 4.190.195.218:0] script '/domains/system_default/elp.php' not found or unable to stat
[Sat Jan 24 00:07:53.059360 2026] [php:error] [pid 70060] [client 20.42.209.0:0] script '/domains/system_default/simple.php' not found or unable to stat
[Sat Jan 24 00:07:53.094006 2026] [php:error] [pid 70052] [client 4.190.195.218:0] script '/domains/system_default/bless.php' not found or unable to stat
[Sat Jan 24 00:07:53.260754 2026] [php:error] [pid 70060] [client 20.42.209.0:0] script '/domains/system_default/11.php' not found or unable to stat
[Sat Jan 24 00:07:53.266171 2026] [php:error] [pid 70052] [client 4.190.195.218:0] script '/domains/system_default/edit.php' not found or unable to stat
[Sat Jan 24 00:07:53.438693 2026] [php:error] [pid 70052] [client 4.190.195.218:0] script '/domains/system_default/simple.php' not found or unable to stat
[Sat Jan 24 00:07:53.893017 2026] [php:error] [pid 70060] [client 20.42.209.0:0] script '/domains/system_default/upl.php' not found or unable to stat
[Sat Jan 24 00:07:53.989082 2026] [php:error] [pid 70052] [client 4.190.195.218:0] script '/domains/system_default/ioxi-o.php' not found or unable to stat
[Sat Jan 24 00:07:54.096053 2026] [php:error] [pid 70060] [client 20.42.209.0:0] script '/domains/system_default/past.php' not found or unable to stat
[Sat Jan 24 00:07:54.298027 2026] [php:error] [pid 70060] [client 20.42.209.0:0] script '/domains/system_default/revision.php' not found or unable to stat
[Sat Jan 24 00:07:54.341708 2026] [php:error] [pid 70052] [client 4.190.195.218:0] script '/domains/system_default/test.php' not found or unable to stat
[Sat Jan 24 00:07:54.776278 2026] [php:error] [pid 70060] [client 20.42.209.0:0] script '/domains/system_default/test1.php' not found or unable to stat
[Sat Jan 24 00:07:54.864030 2026] [php:error] [pid 70052] [client 4.190.195.218:0] script '/domains/system_default/classwithtostring.php' not found or unable to stat
[Sat Jan 24 00:07:54.977749 2026] [php:error] [pid 70060] [client 20.42.209.0:0] script '/domains/system_default/massby2.php' not found or unable to stat
[Sat Jan 24 00:07:55.340379 2026] [php:error] [pid 70060] [client 20.42.209.0:0] script '/domains/system_default/doc.php' not found or unable to stat
[Sat Jan 24 00:07:55.401565 2026] [php:error] [pid 70052] [client 4.190.195.218:0] script '/domains/system_default/2.php' not found or unable to stat
[Sat Jan 24 00:07:55.557338 2026] [php:error] [pid 70060] [client 20.42.209.0:0] script '/domains/system_default/abc.php' not found or unable to stat
[Sat Jan 24 00:07:55.573875 2026] [php:error] [pid 70052] [client 4.190.195.218:0] script '/domains/system_default/functions.php' not found or unable to stat
[Sat Jan 24 00:07:55.746942 2026] [php:error] [pid 70052] [client 4.190.195.218:0] script '/domains/system_default/index.php' not found or unable to stat
[Sat Jan 24 00:07:55.791076 2026] [php:error] [pid 70060] [client 20.42.209.0:0] script '/domains/system_default/m.php' not found or unable to stat
[Sat Jan 24 00:07:56.459479 2026] [php:error] [pid 70052] [client 4.190.195.218:0] script '/domains/system_default/aaa.php' not found or unable to stat
[Sat Jan 24 00:07:56.607864 2026] [php:error] [pid 70062] [client 20.42.209.0:0] script '/domains/system_default/error.php' not found or unable to stat
[Sat Jan 24 00:07:56.630956 2026] [php:error] [pid 70052] [client 4.190.195.218:0] script '/domains/system_default/inputs.php' not found or unable to stat
[Sat Jan 24 00:07:56.808655 2026] [php:error] [pid 70052] [client 4.190.195.218:0] script '/domains/system_default/log.php' not found or unable to stat
[Sat Jan 24 00:07:56.829556 2026] [php:error] [pid 70062] [client 20.42.209.0:0] script '/domains/system_default/ma.php' not found or unable to stat
[Sat Jan 24 00:07:56.980701 2026] [php:error] [pid 70052] [client 4.190.195.218:0] script '/domains/system_default/man.php' not found or unable to stat
[Sat Jan 24 00:07:57.031465 2026] [php:error] [pid 70062] [client 20.42.209.0:0] script '/domains/system_default/mh.php' not found or unable to stat
[Sat Jan 24 00:07:57.152662 2026] [php:error] [pid 70052] [client 4.190.195.218:0] script '/domains/system_default/1.php' not found or unable to stat
[Sat Jan 24 00:07:57.233112 2026] [php:error] [pid 70062] [client 20.42.209.0:0] script '/domains/system_default/dropdown.php' not found or unable to stat
[Sat Jan 24 00:07:57.329438 2026] [php:error] [pid 70052] [client 4.190.195.218:0] script '/domains/system_default/aa.php' not found or unable to stat
[Sat Jan 24 00:07:57.435900 2026] [php:error] [pid 70062] [client 20.42.209.0:0] script '/domains/system_default/wp-configs.php' not found or unable to stat
[Sat Jan 24 00:07:57.501287 2026] [php:error] [pid 70052] [client 4.190.195.218:0] script '/domains/system_default/dropdown.php' not found or unable to stat
[Sat Jan 24 00:07:57.637625 2026] [php:error] [pid 70062] [client 20.42.209.0:0] script '/domains/system_default/item.php' not found or unable to stat
[Sat Jan 24 00:07:57.672924 2026] [php:error] [pid 70052] [client 4.190.195.218:0] script '/domains/system_default/rtx.php' not found or unable to stat
[Sat Jan 24 00:07:57.863908 2026] [php:error] [pid 70062] [client 20.42.209.0:0] script '/domains/system_default/ws46.php' not found or unable to stat
[Sat Jan 24 00:07:58.068455 2026] [php:error] [pid 70062] [client 20.42.209.0:0] script '/domains/system_default/mini.php' not found or unable to stat
[Sat Jan 24 00:07:58.279609 2026] [php:error] [pid 70062] [client 20.42.209.0:0] script '/domains/system_default/gecko.php' not found or unable to stat
[Sat Jan 24 00:07:58.481480 2026] [php:error] [pid 70062] [client 20.42.209.0:0] script '/domains/system_default/x.php' not found or unable to stat
[Sat Jan 24 00:07:58.686277 2026] [php:error] [pid 70062] [client 20.42.209.0:0] script '/domains/system_default/lala.php' not found or unable to stat
[Sat Jan 24 00:07:58.771083 2026] [php:error] [pid 70052] [client 4.190.195.218:0] script '/domains/system_default/atomlib.php' not found or unable to stat
[Sat Jan 24 00:07:58.958028 2026] [php:error] [pid 70052] [client 4.190.195.218:0] script '/domains/system_default/info.php' not found or unable to stat
[Sat Jan 24 00:07:59.129834 2026] [php:error] [pid 70052] [client 4.190.195.218:0] script '/domains/system_default/lock360.php' not found or unable to stat
[Sat Jan 24 00:07:59.495009 2026] [php:error] [pid 70052] [client 4.190.195.218:0] script '/domains/system_default/vx.php' not found or unable to stat
[Sat Jan 24 00:08:00.047641 2026] [php:error] [pid 70052] [client 4.190.195.218:0] script '/domains/system_default/wp-content.php' not found or unable to stat
[Sat Jan 24 00:08:01.288096 2026] [php:error] [pid 70052] [client 4.190.195.218:0] script '/domains/system_default/adminfuns.php' not found or unable to stat
[Sat Jan 24 00:08:01.470181 2026] [php:error] [pid 70052] [client 4.190.195.218:0] script '/domains/system_default/ahax.php' not found or unable to stat
[Sat Jan 24 00:08:01.642023 2026] [php:error] [pid 70052] [client 4.190.195.218:0] script '/domains/system_default/autoload_classmap.php' not found or unable to stat
[Sat Jan 24 00:08:01.986346 2026] [php:error] [pid 70052] [client 4.190.195.218:0] script '/domains/system_default/file.php' not found or unable to stat
[Sat Jan 24 00:08:02.165603 2026] [php:error] [pid 70052] [client 4.190.195.218:0] script '/domains/system_default/file5.php' not found or unable to stat
[Sat Jan 24 00:08:03.747278 2026] [php:error] [pid 70052] [client 4.190.195.218:0] script '/domains/system_default/xmlrpc.php' not found or unable to stat
[Sat Jan 24 00:08:03.918558 2026] [php:error] [pid 70052] [client 4.190.195.218:0] script '/domains/system_default/alfa.php' not found or unable to stat
[Sat Jan 24 00:08:04.089741 2026] [php:error] [pid 70052] [client 4.190.195.218:0] script '/domains/system_default/as.php' not found or unable to stat
[Sat Jan 24 00:08:04.461744 2026] [php:error] [pid 70052] [client 4.190.195.218:0] script '/domains/system_default/class-t.api.php' not found or unable to stat
[Sat Jan 24 00:08:04.633242 2026] [php:error] [pid 70052] [client 4.190.195.218:0] script '/domains/system_default/indoxploit.php' not found or unable to stat
[Sat Jan 24 00:08:04.817106 2026] [php:error] [pid 70052] [client 4.190.195.218:0] script '/domains/system_default/shell.php' not found or unable to stat
[Sat Jan 24 00:08:04.999548 2026] [php:error] [pid 70052] [client 4.190.195.218:0] script '/domains/system_default/system.php' not found or unable to stat
[Sat Jan 24 00:08:05.171187 2026] [php:error] [pid 70052] [client 4.190.195.218:0] script '/domains/system_default/wp-admin.php' not found or unable to stat
[Sat Jan 24 00:08:06.208259 2026] [php:error] [pid 70052] [client 4.190.195.218:0] script '/domains/system_default/wp-block.php' not found or unable to stat
[Sat Jan 24 00:08:06.735067 2026] [php:error] [pid 70052] [client 4.190.195.218:0] script '/domains/system_default/wp-good.php' not found or unable to stat
[Sat Jan 24 00:08:08.299029 2026] [php:error] [pid 70052] [client 4.190.195.218:0] script '/domains/system_default/01.php' not found or unable to stat
[Sat Jan 24 00:08:08.470195 2026] [php:error] [pid 70052] [client 4.190.195.218:0] script '/domains/system_default/222.php' not found or unable to stat
[Sat Jan 24 00:08:08.641562 2026] [php:error] [pid 70052] [client 4.190.195.218:0] script '/domains/system_default/403.php' not found or unable to stat
[Sat Jan 24 00:08:08.819726 2026] [php:error] [pid 70052] [client 4.190.195.218:0] script '/domains/system_default/404.php' not found or unable to stat
[Sat Jan 24 00:08:09.343266 2026] [php:error] [pid 70062] [client 4.190.195.218:0] script '/domains/system_default/Q.php' not found or unable to stat
[Sat Jan 24 00:08:09.515934 2026] [php:error] [pid 70062] [client 4.190.195.218:0] script '/domains/system_default/WSO.php' not found or unable to stat
[Sat Jan 24 00:08:09.683611 2026] [php:error] [pid 70062] [client 4.190.195.218:0] script '/domains/system_default/abc.php' not found or unable to stat
[Sat Jan 24 00:08:09.850607 2026] [php:error] [pid 70062] [client 4.190.195.218:0] script '/domains/system_default/abcd.php' not found or unable to stat
[Sat Jan 24 00:08:10.886551 2026] [php:error] [pid 70062] [client 4.190.195.218:0] script '/domains/system_default/auth.php' not found or unable to stat
[Sat Jan 24 00:08:11.065581 2026] [php:error] [pid 70062] [client 4.190.195.218:0] script '/domains/system_default/byp.php' not found or unable to stat
[Sat Jan 24 00:08:11.239239 2026] [php:error] [pid 70062] [client 4.190.195.218:0] script '/domains/system_default/c.php' not found or unable to stat
[Sat Jan 24 00:08:11.406318 2026] [php:error] [pid 70062] [client 4.190.195.218:0] script '/domains/system_default/ca4.php' not found or unable to stat
[Sat Jan 24 00:08:11.949907 2026] [php:error] [pid 70062] [client 4.190.195.218:0] script '/domains/system_default/config.php' not found or unable to stat
[Sat Jan 24 00:08:12.133019 2026] [php:error] [pid 70062] [client 4.190.195.218:0] script '/domains/system_default/connector.php' not found or unable to stat
[Sat Jan 24 00:08:12.317166 2026] [php:error] [pid 70062] [client 4.190.195.218:0] script '/domains/system_default/content.php' not found or unable to stat
[Sat Jan 24 00:08:12.676957 2026] [php:error] [pid 70062] [client 4.190.195.218:0] script '/domains/system_default/favicon.php' not found or unable to stat
[Sat Jan 24 00:08:12.853420 2026] [php:error] [pid 70062] [client 4.190.195.218:0] script '/domains/system_default/file56.php' not found or unable to stat
[Sat Jan 24 00:08:13.021195 2026] [php:error] [pid 70062] [client 4.190.195.218:0] script '/domains/system_default/flower.php' not found or unable to stat
[Sat Jan 24 00:08:13.204177 2026] [php:error] [pid 70062] [client 4.190.195.218:0] script '/domains/system_default/fw.php' not found or unable to stat
[Sat Jan 24 00:08:13.371673 2026] [php:error] [pid 70062] [client 4.190.195.218:0] script '/domains/system_default/gecko-new.php' not found or unable to stat
[Sat Jan 24 00:09:19.596156 2026] [php:error] [pid 70066] [client 20.205.115.105:0] script '/domains/resourceandeventweb/ol.php' not found or unable to stat
[Sat Jan 24 00:09:19.806309 2026] [php:error] [pid 70066] [client 20.205.115.105:0] script '/domains/resourceandeventweb/sikma.php' not found or unable to stat
[Sat Jan 24 00:09:20.018153 2026] [php:error] [pid 70066] [client 20.205.115.105:0] script '/domains/resourceandeventweb/rh1.php' not found or unable to stat
[Sat Jan 24 00:09:20.228542 2026] [php:error] [pid 70066] [client 20.205.115.105:0] script '/domains/resourceandeventweb/sid3.php' not found or unable to stat
[Sat Jan 24 00:09:20.438431 2026] [php:error] [pid 70066] [client 20.205.115.105:0] script '/domains/resourceandeventweb/okxh.php' not found or unable to stat
[Sat Jan 24 00:09:20.648310 2026] [php:error] [pid 70066] [client 20.205.115.105:0] script '/domains/resourceandeventweb/krypton.php' not found or unable to stat
[Sat Jan 24 00:09:20.858248 2026] [php:error] [pid 70066] [client 20.205.115.105:0] script '/domains/resourceandeventweb/zoo.php' not found or unable to stat
[Sat Jan 24 00:09:21.278557 2026] [php:error] [pid 70066] [client 20.205.115.105:0] script '/domains/resourceandeventweb/maul.php' not found or unable to stat
[Sat Jan 24 00:09:21.908577 2026] [php:error] [pid 70066] [client 20.205.115.105:0] script '/domains/resourceandeventweb/download.php' not found or unable to stat
[Sat Jan 24 00:09:22.119774 2026] [php:error] [pid 70066] [client 20.205.115.105:0] script '/domains/resourceandeventweb/varb.php' not found or unable to stat
[Sat Jan 24 00:09:22.540030 2026] [php:error] [pid 70066] [client 20.205.115.105:0] script '/domains/resourceandeventweb/tt.php' not found or unable to stat
[Sat Jan 24 00:09:22.750264 2026] [php:error] [pid 70066] [client 20.205.115.105:0] script '/domains/resourceandeventweb/a5e0a.php' not found or unable to stat
[Sat Jan 24 00:09:22.960732 2026] [php:error] [pid 70066] [client 20.205.115.105:0] script '/domains/resourceandeventweb/abc.php' not found or unable to stat
[Sat Jan 24 00:09:23.170582 2026] [php:error] [pid 70066] [client 20.205.115.105:0] script '/domains/resourceandeventweb/55b76.php' not found or unable to stat
[Sat Jan 24 00:09:23.380249 2026] [php:error] [pid 70066] [client 20.205.115.105:0] script '/domains/resourceandeventweb/rzki.php' not found or unable to stat
[Sat Jan 24 00:09:23.589932 2026] [php:error] [pid 70066] [client 20.205.115.105:0] script '/domains/resourceandeventweb/acxx.php' not found or unable to stat
[Sat Jan 24 00:09:23.799780 2026] [php:error] [pid 70066] [client 20.205.115.105:0] script '/domains/resourceandeventweb/d12.php' not found or unable to stat
[Sat Jan 24 00:09:24.009755 2026] [php:error] [pid 70066] [client 20.205.115.105:0] script '/domains/resourceandeventweb/s.php' not found or unable to stat
[Sat Jan 24 00:09:24.219900 2026] [php:error] [pid 70066] [client 20.205.115.105:0] script '/domains/resourceandeventweb/error_log.php' not found or unable to stat
[Sat Jan 24 00:09:24.639788 2026] [php:error] [pid 70066] [client 20.205.115.105:0] script '/domains/resourceandeventweb/dox.php' not found or unable to stat
[Sat Jan 24 00:09:24.849932 2026] [php:error] [pid 70066] [client 20.205.115.105:0] script '/domains/resourceandeventweb/ahax.php' not found or unable to stat
[Sat Jan 24 00:09:25.060625 2026] [php:error] [pid 70066] [client 20.205.115.105:0] script '/domains/resourceandeventweb/lock360.php' not found or unable to stat
[Sat Jan 24 00:09:25.270901 2026] [php:error] [pid 70066] [client 20.205.115.105:0] script '/domains/resourceandeventweb/6kUgr4yGzxN.php' not found or unable to stat
[Sat Jan 24 00:09:25.480805 2026] [php:error] [pid 70066] [client 20.205.115.105:0] script '/domains/resourceandeventweb/wp.php' not found or unable to stat
[Sat Jan 24 00:09:25.690789 2026] [php:error] [pid 70066] [client 20.205.115.105:0] script '/domains/resourceandeventweb/test1.php' not found or unable to stat
[Sat Jan 24 00:09:25.900725 2026] [php:error] [pid 70066] [client 20.205.115.105:0] script '/domains/resourceandeventweb/clss.php' not found or unable to stat
[Sat Jan 24 00:09:26.110801 2026] [php:error] [pid 70066] [client 20.205.115.105:0] script '/domains/resourceandeventweb/44.php' not found or unable to stat
[Sat Jan 24 00:09:26.320921 2026] [php:error] [pid 70066] [client 20.205.115.105:0] script '/domains/resourceandeventweb/ii5file.php' not found or unable to stat
[Sat Jan 24 00:09:26.531447 2026] [php:error] [pid 70066] [client 20.205.115.105:0] script '/domains/resourceandeventweb/ss.php' not found or unable to stat
[Sat Jan 24 00:09:26.741877 2026] [php:error] [pid 70066] [client 20.205.115.105:0] script '/domains/resourceandeventweb/re.php' not found or unable to stat
[Sat Jan 24 00:09:26.952053 2026] [php:error] [pid 70066] [client 20.205.115.105:0] script '/domains/resourceandeventweb/xsas.php' not found or unable to stat
[Sat Jan 24 00:09:27.162118 2026] [php:error] [pid 70066] [client 20.205.115.105:0] script '/domains/resourceandeventweb/asus.php' not found or unable to stat
[Sat Jan 24 00:09:27.372111 2026] [php:error] [pid 70066] [client 20.205.115.105:0] script '/domains/resourceandeventweb/wp-good.php' not found or unable to stat
[Sat Jan 24 00:09:27.581818 2026] [php:error] [pid 70066] [client 20.205.115.105:0] script '/domains/resourceandeventweb/0x.php' not found or unable to stat
[Sat Jan 24 00:09:27.791797 2026] [php:error] [pid 70066] [client 20.205.115.105:0] script '/domains/resourceandeventweb/domains.php' not found or unable to stat
[Sat Jan 24 00:09:28.001783 2026] [php:error] [pid 70066] [client 20.205.115.105:0] script '/domains/resourceandeventweb/wp-goods.php' not found or unable to stat
[Sat Jan 24 00:09:28.212426 2026] [php:error] [pid 70066] [client 20.205.115.105:0] script '/domains/resourceandeventweb/144.php' not found or unable to stat
[Sat Jan 24 00:09:28.422205 2026] [php:error] [pid 70066] [client 20.205.115.105:0] script '/domains/resourceandeventweb/akcc.php' not found or unable to stat
[Sat Jan 24 00:09:28.631959 2026] [php:error] [pid 70066] [client 20.205.115.105:0] script '/domains/resourceandeventweb/vanda.php' not found or unable to stat
[Sat Jan 24 00:09:28.842372 2026] [php:error] [pid 70066] [client 20.205.115.105:0] script '/domains/resourceandeventweb/lib.php' not found or unable to stat
[Sat Jan 24 00:09:29.052498 2026] [php:error] [pid 70066] [client 20.205.115.105:0] script '/domains/resourceandeventweb/zc-104.php' not found or unable to stat
[Sat Jan 24 00:09:29.262237 2026] [php:error] [pid 70066] [client 20.205.115.105:0] script '/domains/resourceandeventweb/zc-729.php' not found or unable to stat
[Sat Jan 24 00:09:29.472139 2026] [php:error] [pid 70066] [client 20.205.115.105:0] script '/domains/resourceandeventweb/bo.php' not found or unable to stat
[Sat Jan 24 00:09:29.682011 2026] [php:error] [pid 70066] [client 20.205.115.105:0] script '/domains/resourceandeventweb/x.php' not found or unable to stat
[Sat Jan 24 00:09:29.891768 2026] [php:error] [pid 70066] [client 20.205.115.105:0] script '/domains/resourceandeventweb/adminfuns.php' not found or unable to stat
[Sat Jan 24 00:09:30.102108 2026] [php:error] [pid 70066] [client 20.205.115.105:0] script '/domains/resourceandeventweb/56c53.php' not found or unable to stat
[Sat Jan 24 00:09:30.311893 2026] [php:error] [pid 70066] [client 20.205.115.105:0] script '/domains/resourceandeventweb/FII.php' not found or unable to stat
[Sat Jan 24 00:09:30.521853 2026] [php:error] [pid 70066] [client 20.205.115.105:0] script '/domains/resourceandeventweb/wp-ac.php' not found or unable to stat
[Sat Jan 24 00:09:30.731888 2026] [php:error] [pid 70066] [client 20.205.115.105:0] script '/domains/resourceandeventweb/atex1.php' not found or unable to stat
[Sat Jan 24 00:09:30.942295 2026] [php:error] [pid 70066] [client 20.205.115.105:0] script '/domains/resourceandeventweb/blox.php' not found or unable to stat
[Sat Jan 24 00:09:31.152076 2026] [php:error] [pid 70066] [client 20.205.115.105:0] script '/domains/resourceandeventweb/wp-64wscx6shd.php' not found or unable to stat
[Sat Jan 24 00:09:31.361940 2026] [php:error] [pid 70066] [client 20.205.115.105:0] script '/domains/resourceandeventweb/gecko.php' not found or unable to stat
[Sat Jan 24 00:09:31.571651 2026] [php:error] [pid 70066] [client 20.205.115.105:0] script '/domains/resourceandeventweb/sxx.php' not found or unable to stat
[Sat Jan 24 00:09:31.781506 2026] [php:error] [pid 70066] [client 20.205.115.105:0] script '/domains/resourceandeventweb/mode.php' not found or unable to stat
[Sat Jan 24 00:09:31.991539 2026] [php:error] [pid 70066] [client 20.205.115.105:0] script '/domains/resourceandeventweb/z60.php' not found or unable to stat
[Sat Jan 24 00:09:32.201384 2026] [php:error] [pid 70066] [client 20.205.115.105:0] script '/domains/resourceandeventweb/hehe.php' not found or unable to stat
[Sat Jan 24 00:09:32.412310 2026] [php:error] [pid 70066] [client 20.205.115.105:0] script '/domains/resourceandeventweb/asd.php' not found or unable to stat
[Sat Jan 24 00:09:32.622372 2026] [php:error] [pid 70066] [client 20.205.115.105:0] script '/domains/resourceandeventweb/5b9ac.php' not found or unable to stat
[Sat Jan 24 00:09:32.836353 2026] [php:error] [pid 70066] [client 20.205.115.105:0] script '/domains/resourceandeventweb/k.php' not found or unable to stat
[Sat Jan 24 00:09:33.046096 2026] [php:error] [pid 70066] [client 20.205.115.105:0] script '/domains/resourceandeventweb/edit.php' not found or unable to stat
[Sat Jan 24 00:09:33.255897 2026] [php:error] [pid 70066] [client 20.205.115.105:0] script '/domains/resourceandeventweb/t.php' not found or unable to stat
[Sat Jan 24 00:09:33.465674 2026] [php:error] [pid 70066] [client 20.205.115.105:0] script '/domains/resourceandeventweb/lm15.php' not found or unable to stat
[Sat Jan 24 00:09:33.675520 2026] [php:error] [pid 70066] [client 20.205.115.105:0] script '/domains/resourceandeventweb/6kDPjgFTmvS.php' not found or unable to stat
[Sat Jan 24 00:09:33.885366 2026] [php:error] [pid 70066] [client 20.205.115.105:0] script '/domains/resourceandeventweb/222.php' not found or unable to stat
[Sat Jan 24 00:09:34.095409 2026] [php:error] [pid 70066] [client 20.205.115.105:0] script '/domains/resourceandeventweb/admin836.php' not found or unable to stat
[Sat Jan 24 00:09:34.305357 2026] [php:error] [pid 70066] [client 20.205.115.105:0] script '/domains/resourceandeventweb/sx.php' not found or unable to stat
[Sat Jan 24 00:09:34.515308 2026] [php:error] [pid 70066] [client 20.205.115.105:0] script '/domains/resourceandeventweb/lufix.php' not found or unable to stat
[Sat Jan 24 00:09:57.698139 2026] [php:error] [pid 70066] [client 145.239.10.137:0] script '/domains/perless2web/x.php' not found or unable to stat, referer: http://perless.com/x.php
[Sat Jan 24 00:11:26.329470 2026] [php:error] [pid 70110] [client 192.253.209.20:0] script '/domains/highlandlabs/simple.php' not found or unable to stat
[Sat Jan 24 00:11:26.440514 2026] [php:error] [pid 70110] [client 192.253.209.20:0] script '/domains/highlandlabs/inputs.php' not found or unable to stat
[Sat Jan 24 00:11:26.540756 2026] [php:error] [pid 70110] [client 192.253.209.20:0] script '/domains/highlandlabs/autoload_classmap.php' not found or unable to stat
[Sat Jan 24 00:11:26.714783 2026] [php:error] [pid 70110] [client 192.253.209.20:0] script '/domains/highlandlabs/file2.php' not found or unable to stat
[Sat Jan 24 00:11:27.080128 2026] [php:error] [pid 70110] [client 192.253.209.20:0] script '/domains/highlandlabs/file.php' not found or unable to stat
[Sat Jan 24 00:11:27.209207 2026] [php:error] [pid 70100] [client 98.159.37.64:0] script '/domains/msintl/xmlrpc.php' not found or unable to stat
[Sat Jan 24 00:11:27.236482 2026] [php:error] [pid 70110] [client 192.253.209.20:0] script '/domains/highlandlabs/chosen.php' not found or unable to stat
[Sat Jan 24 00:11:27.343862 2026] [php:error] [pid 70113] [client 98.159.37.56:0] script '/domains/msintl/wp-login.php' not found or unable to stat
[Sat Jan 24 00:11:27.576884 2026] [php:error] [pid 70110] [client 192.253.209.20:0] script '/domains/highlandlabs/item.php' not found or unable to stat
[Sat Jan 24 00:11:28.054856 2026] [php:error] [pid 70110] [client 192.253.209.20:0] script '/domains/highlandlabs/zwso.php' not found or unable to stat
[Sat Jan 24 00:11:28.130609 2026] [php:error] [pid 70110] [client 192.253.209.20:0] script '/domains/highlandlabs/wp-conflg.php' not found or unable to stat
[Sat Jan 24 00:11:29.357908 2026] [php:error] [pid 70110] [client 192.253.209.20:0] script '/domains/highlandlabs/cong.php' not found or unable to stat
[Sat Jan 24 00:11:29.812386 2026] [php:error] [pid 70110] [client 192.253.209.20:0] script '/domains/highlandlabs/dropdown.php' not found or unable to stat
[Sat Jan 24 00:11:30.389440 2026] [php:error] [pid 70110] [client 192.253.209.20:0] script '/domains/highlandlabs/repeater.php' not found or unable to stat
[Sat Jan 24 00:11:30.450424 2026] [php:error] [pid 70110] [client 192.253.209.20:0] script '/domains/highlandlabs/wp-2019.php' not found or unable to stat
[Sat Jan 24 00:11:30.864492 2026] [php:error] [pid 70110] [client 192.253.209.20:0] script '/domains/highlandlabs/atomlib.php' not found or unable to stat
[Sat Jan 24 00:11:31.025852 2026] [php:error] [pid 70110] [client 192.253.209.20:0] script '/domains/highlandlabs/css.php' not found or unable to stat
[Sat Jan 24 00:11:31.128243 2026] [php:error] [pid 70110] [client 192.253.209.20:0] script '/domains/highlandlabs/log.php' not found or unable to stat
[Sat Jan 24 00:11:31.187588 2026] [php:error] [pid 70110] [client 192.253.209.20:0] script '/domains/highlandlabs/mail.php' not found or unable to stat
[Sat Jan 24 00:11:31.641051 2026] [php:error] [pid 70110] [client 192.253.209.20:0] script '/domains/highlandlabs/lufix.php' not found or unable to stat
[Sat Jan 24 00:11:31.702755 2026] [php:error] [pid 70110] [client 192.253.209.20:0] script '/domains/highlandlabs/doc.php' not found or unable to stat
[Sat Jan 24 00:11:31.756209 2026] [php:error] [pid 70110] [client 192.253.209.20:0] script '/domains/highlandlabs/bak.php' not found or unable to stat
[Sat Jan 24 00:11:31.831201 2026] [php:error] [pid 70110] [client 192.253.209.20:0] script '/domains/highlandlabs/content.php' not found or unable to stat
[Sat Jan 24 00:11:32.176783 2026] [php:error] [pid 70110] [client 192.253.209.20:0] script '/domains/highlandlabs/upfile.php' not found or unable to stat
[Sat Jan 24 00:11:32.232026 2026] [php:error] [pid 70110] [client 192.253.209.20:0] script '/domains/highlandlabs/wp.php' not found or unable to stat
[Sat Jan 24 00:11:32.573169 2026] [php:error] [pid 70110] [client 192.253.209.20:0] script '/domains/highlandlabs/bypass.php' not found or unable to stat
[Sat Jan 24 00:11:32.903054 2026] [php:error] [pid 70110] [client 192.253.209.20:0] script '/domains/highlandlabs/wp-activate.php' not found or unable to stat
[Sat Jan 24 00:11:32.971427 2026] [php:error] [pid 70110] [client 192.253.209.20:0] script '/domains/highlandlabs/updates.php' not found or unable to stat
[Sat Jan 24 00:11:33.041567 2026] [php:error] [pid 70110] [client 192.253.209.20:0] script '/domains/highlandlabs/radio.php' not found or unable to stat
[Sat Jan 24 00:11:33.288496 2026] [php:error] [pid 70110] [client 192.253.209.20:0] script '/domains/highlandlabs/plugins.php' not found or unable to stat
[Sat Jan 24 00:11:33.346049 2026] [php:error] [pid 70110] [client 192.253.209.20:0] script '/domains/highlandlabs/xmrlpc.php' not found or unable to stat
[Sat Jan 24 00:11:33.418159 2026] [php:error] [pid 70110] [client 192.253.209.20:0] script '/domains/highlandlabs/ae.php' not found or unable to stat
[Sat Jan 24 00:11:33.511288 2026] [php:error] [pid 70110] [client 192.253.209.20:0] script '/domains/highlandlabs/moon.php' not found or unable to stat
[Sat Jan 24 00:11:33.609433 2026] [php:error] [pid 70110] [client 192.253.209.20:0] script '/domains/highlandlabs/blog.php' not found or unable to stat
[Sat Jan 24 00:11:33.665769 2026] [php:error] [pid 70110] [client 192.253.209.20:0] script '/domains/highlandlabs/themes.php' not found or unable to stat
[Sat Jan 24 00:11:34.190593 2026] [php:error] [pid 70110] [client 192.253.209.20:0] script '/domains/highlandlabs/ini.php' not found or unable to stat
[Sat Jan 24 00:11:34.249072 2026] [php:error] [pid 70110] [client 192.253.209.20:0] script '/domains/highlandlabs/as.php' not found or unable to stat
[Sat Jan 24 00:11:34.323174 2026] [php:error] [pid 70110] [client 192.253.209.20:0] script '/domains/highlandlabs/shell.php' not found or unable to stat
[Sat Jan 24 00:11:34.399760 2026] [php:error] [pid 70110] [client 192.253.209.20:0] script '/domains/highlandlabs/ws.php' not found or unable to stat
[Sat Jan 24 00:11:34.764883 2026] [php:error] [pid 70110] [client 192.253.209.20:0] script '/domains/highlandlabs/makeasmtp.php' not found or unable to stat
[Sat Jan 24 00:11:34.822937 2026] [php:error] [pid 70110] [client 192.253.209.20:0] script '/domains/highlandlabs/wp-sigunq.php' not found or unable to stat
