[Sat Jan 24 06:24:45.387806 2026] [php:error] [pid 48041] [client 45.249.165.189:0] script '/domains/afglcweb/xmlrpc.php' not found or unable to stat
[Sat Jan 24 06:25:37.735175 2026] [core:crit] [pid 48042] (13)Permission denied: [client 116.179.32.228:0] AH00529: /domains/performancepartsinc/graphics/psd/.htaccess pcfg_openfile: unable to check htaccess file, ensure it is readable and that '/domains/performancepartsinc/graphics/psd/' is executable
[Sat Jan 24 06:25:38.281644 2026] [core:crit] [pid 48052] (13)Permission denied: [client 119.249.100.235:0] AH00529: /domains/performancepartsinc/graphics/psd/.htaccess pcfg_openfile: unable to check htaccess file, ensure it is readable and that '/domains/performancepartsinc/graphics/psd/' is executable
[Sat Jan 24 06:25:38.804547 2026] [core:crit] [pid 48028] (13)Permission denied: [client 220.181.51.118:0] AH00529: /domains/performancepartsinc/graphics/psd/.htaccess pcfg_openfile: unable to check htaccess file, ensure it is readable and that '/domains/performancepartsinc/graphics/psd/' is executable
[Sat Jan 24 06:26:02.738256 2026] [php:error] [pid 48061] [client 34.96.162.61:0] script '/domains/fifibear/adminer-5.0.5-mysql.php' not found or unable to stat
[Sat Jan 24 06:26:47.670424 2026] [php:error] [pid 48055] [client 34.96.162.57:0] script '/domains/fifibear/adminer-4.8.1.php' not found or unable to stat
[Sat Jan 24 06:27:02.171775 2026] [php:error] [pid 48068] [client 34.96.162.50:0] script '/domains/fifibear/adminer-5.2.1-mysql-en.php' not found or unable to stat
[Sat Jan 24 06:27:31.576042 2026] [php:error] [pid 48073] [client 178.16.53.34:0] script '/domains/smartny/wp-login.php' not found or unable to stat
[Sat Jan 24 06:27:31.983597 2026] [php:error] [pid 48073] [client 178.16.53.34:0] script '/domains/smartny/wp-login.php' not found or unable to stat
[Sat Jan 24 06:27:45.001653 2026] [php:error] [pid 48082] [client 216.24.213.171:0] script '/domains/brenties/wp-login.php' not found or unable to stat
[Sat Jan 24 06:28:46.681448 2026] [php:error] [pid 48091] [client 34.96.162.51:0] script '/domains/fifibear/adminer-4.8.1.php' not found or unable to stat
[Sat Jan 24 06:29:18.747692 2026] [php:error] [pid 48091] [client 4.194.24.19:0] script '/domains/koenig.interport/admin.php' not found or unable to stat
[Sat Jan 24 06:29:18.972470 2026] [php:error] [pid 48091] [client 4.194.24.19:0] script '/domains/koenig.interport/manager.php' not found or unable to stat
[Sat Jan 24 06:29:19.863214 2026] [php:error] [pid 48091] [client 4.194.24.19:0] script '/domains/koenig.interport/goods.php' not found or unable to stat
[Sat Jan 24 06:29:20.084008 2026] [php:error] [pid 48091] [client 4.194.24.19:0] script '/domains/koenig.interport/chosen.php' not found or unable to stat
[Sat Jan 24 06:29:20.527298 2026] [php:error] [pid 48091] [client 4.194.24.19:0] script '/domains/koenig.interport/about.php' not found or unable to stat
[Sat Jan 24 06:29:20.748171 2026] [php:error] [pid 48091] [client 4.194.24.19:0] script '/domains/koenig.interport/deepseek_d.php' not found or unable to stat
[Sat Jan 24 06:29:20.969025 2026] [php:error] [pid 48091] [client 4.194.24.19:0] script '/domains/koenig.interport/elp.php' not found or unable to stat
[Sat Jan 24 06:29:21.189839 2026] [php:error] [pid 48091] [client 4.194.24.19:0] script '/domains/koenig.interport/bless.php' not found or unable to stat
[Sat Jan 24 06:29:21.410637 2026] [php:error] [pid 48091] [client 4.194.24.19:0] script '/domains/koenig.interport/edit.php' not found or unable to stat
[Sat Jan 24 06:29:21.635380 2026] [php:error] [pid 48091] [client 4.194.24.19:0] script '/domains/koenig.interport/simple.php' not found or unable to stat
[Sat Jan 24 06:29:22.309065 2026] [php:error] [pid 48091] [client 4.194.24.19:0] script '/domains/koenig.interport/ioxi-o.php' not found or unable to stat
[Sat Jan 24 06:29:22.752638 2026] [php:error] [pid 48091] [client 4.194.24.19:0] script '/domains/koenig.interport/test.php' not found or unable to stat
[Sat Jan 24 06:29:23.416515 2026] [php:error] [pid 48091] [client 4.194.24.19:0] script '/domains/koenig.interport/classwithtostring.php' not found or unable to stat
[Sat Jan 24 06:29:24.080158 2026] [php:error] [pid 48091] [client 4.194.24.19:0] script '/domains/koenig.interport/2.php' not found or unable to stat
[Sat Jan 24 06:29:24.302441 2026] [php:error] [pid 48091] [client 4.194.24.19:0] script '/domains/koenig.interport/functions.php' not found or unable to stat
[Sat Jan 24 06:29:24.525028 2026] [php:error] [pid 48091] [client 4.194.24.19:0] script '/domains/koenig.interport/index.php' not found or unable to stat
[Sat Jan 24 06:29:25.428148 2026] [php:error] [pid 48091] [client 4.194.24.19:0] script '/domains/koenig.interport/aaa.php' not found or unable to stat
[Sat Jan 24 06:29:25.649821 2026] [php:error] [pid 48091] [client 4.194.24.19:0] script '/domains/koenig.interport/inputs.php' not found or unable to stat
[Sat Jan 24 06:29:25.870968 2026] [php:error] [pid 48091] [client 4.194.24.19:0] script '/domains/koenig.interport/log.php' not found or unable to stat
[Sat Jan 24 06:29:26.093079 2026] [php:error] [pid 48091] [client 4.194.24.19:0] script '/domains/koenig.interport/man.php' not found or unable to stat
[Sat Jan 24 06:29:26.314155 2026] [php:error] [pid 48091] [client 4.194.24.19:0] script '/domains/koenig.interport/1.php' not found or unable to stat
[Sat Jan 24 06:29:26.534917 2026] [php:error] [pid 48091] [client 4.194.24.19:0] script '/domains/koenig.interport/aa.php' not found or unable to stat
[Sat Jan 24 06:29:26.756262 2026] [php:error] [pid 48091] [client 4.194.24.19:0] script '/domains/koenig.interport/dropdown.php' not found or unable to stat
[Sat Jan 24 06:29:26.978393 2026] [php:error] [pid 48091] [client 4.194.24.19:0] script '/domains/koenig.interport/rtx.php' not found or unable to stat
[Sat Jan 24 06:29:28.305496 2026] [php:error] [pid 48091] [client 4.194.24.19:0] script '/domains/koenig.interport/atomlib.php' not found or unable to stat
[Sat Jan 24 06:29:28.526164 2026] [php:error] [pid 48091] [client 4.194.24.19:0] script '/domains/koenig.interport/info.php' not found or unable to stat
[Sat Jan 24 06:29:28.754090 2026] [php:error] [pid 48091] [client 4.194.24.19:0] script '/domains/koenig.interport/lock360.php' not found or unable to stat
[Sat Jan 24 06:29:29.195783 2026] [php:error] [pid 48091] [client 4.194.24.19:0] script '/domains/koenig.interport/vx.php' not found or unable to stat
[Sat Jan 24 06:29:29.867114 2026] [php:error] [pid 48091] [client 4.194.24.19:0] script '/domains/koenig.interport/wp-content.php' not found or unable to stat
[Sat Jan 24 06:29:31.431674 2026] [php:error] [pid 48091] [client 4.194.24.19:0] script '/domains/koenig.interport/adminfuns.php' not found or unable to stat
[Sat Jan 24 06:29:31.652419 2026] [php:error] [pid 48091] [client 4.194.24.19:0] script '/domains/koenig.interport/ahax.php' not found or unable to stat
[Sat Jan 24 06:29:31.873901 2026] [php:error] [pid 48091] [client 4.194.24.19:0] script '/domains/koenig.interport/autoload_classmap.php' not found or unable to stat
[Sat Jan 24 06:29:32.316475 2026] [php:error] [pid 48091] [client 4.194.24.19:0] script '/domains/koenig.interport/file.php' not found or unable to stat
[Sat Jan 24 06:29:32.537413 2026] [php:error] [pid 48091] [client 4.194.24.19:0] script '/domains/koenig.interport/file5.php' not found or unable to stat
[Sat Jan 24 06:29:34.527969 2026] [php:error] [pid 48091] [client 4.194.24.19:0] script '/domains/koenig.interport/xmlrpc.php' not found or unable to stat
[Sat Jan 24 06:29:34.748883 2026] [php:error] [pid 48091] [client 4.194.24.19:0] script '/domains/koenig.interport/alfa.php' not found or unable to stat
[Sat Jan 24 06:29:34.971189 2026] [php:error] [pid 48091] [client 4.194.24.19:0] script '/domains/koenig.interport/as.php' not found or unable to stat
[Sat Jan 24 06:29:35.414001 2026] [php:error] [pid 48091] [client 4.194.24.19:0] script '/domains/koenig.interport/class-t.api.php' not found or unable to stat
[Sat Jan 24 06:29:35.635098 2026] [php:error] [pid 48091] [client 4.194.24.19:0] script '/domains/koenig.interport/indoxploit.php' not found or unable to stat
[Sat Jan 24 06:29:35.860755 2026] [php:error] [pid 48091] [client 4.194.24.19:0] script '/domains/koenig.interport/shell.php' not found or unable to stat
[Sat Jan 24 06:29:36.081780 2026] [php:error] [pid 48091] [client 4.194.24.19:0] script '/domains/koenig.interport/system.php' not found or unable to stat
[Sat Jan 24 06:29:36.302828 2026] [php:error] [pid 48091] [client 4.194.24.19:0] script '/domains/koenig.interport/wp-admin.php' not found or unable to stat
[Sat Jan 24 06:29:37.631791 2026] [php:error] [pid 48091] [client 4.194.24.19:0] script '/domains/koenig.interport/wp-block.php' not found or unable to stat
[Sat Jan 24 06:29:38.293765 2026] [php:error] [pid 48091] [client 4.194.24.19:0] script '/domains/koenig.interport/wp-good.php' not found or unable to stat
[Sat Jan 24 06:29:40.308800 2026] [php:error] [pid 48091] [client 4.194.24.19:0] script '/domains/koenig.interport/01.php' not found or unable to stat
[Sat Jan 24 06:29:40.534826 2026] [php:error] [pid 48091] [client 4.194.24.19:0] script '/domains/koenig.interport/222.php' not found or unable to stat
[Sat Jan 24 06:29:40.755718 2026] [php:error] [pid 48091] [client 4.194.24.19:0] script '/domains/koenig.interport/403.php' not found or unable to stat
[Sat Jan 24 06:29:40.977847 2026] [php:error] [pid 48091] [client 4.194.24.19:0] script '/domains/koenig.interport/404.php' not found or unable to stat
[Sat Jan 24 06:29:41.644141 2026] [php:error] [pid 48097] [client 4.194.24.19:0] script '/domains/koenig.interport/Q.php' not found or unable to stat
[Sat Jan 24 06:29:41.864559 2026] [php:error] [pid 48097] [client 4.194.24.19:0] script '/domains/koenig.interport/WSO.php' not found or unable to stat
[Sat Jan 24 06:29:42.089630 2026] [php:error] [pid 48097] [client 4.194.24.19:0] script '/domains/koenig.interport/abc.php' not found or unable to stat
[Sat Jan 24 06:29:42.311536 2026] [php:error] [pid 48097] [client 4.194.24.19:0] script '/domains/koenig.interport/abcd.php' not found or unable to stat
[Sat Jan 24 06:29:42.881446 2026] [php:error] [pid 48091] [client 45.148.10.247:0] script '/domains/bruceweb/phpinfo.php' not found or unable to stat
[Sat Jan 24 06:29:43.637863 2026] [php:error] [pid 48097] [client 4.194.24.19:0] script '/domains/koenig.interport/auth.php' not found or unable to stat
[Sat Jan 24 06:29:43.858545 2026] [php:error] [pid 48097] [client 4.194.24.19:0] script '/domains/koenig.interport/byp.php' not found or unable to stat
[Sat Jan 24 06:29:44.082287 2026] [php:error] [pid 48097] [client 4.194.24.19:0] script '/domains/koenig.interport/c.php' not found or unable to stat
[Sat Jan 24 06:29:44.302692 2026] [php:error] [pid 48097] [client 4.194.24.19:0] script '/domains/koenig.interport/ca4.php' not found or unable to stat
[Sat Jan 24 06:29:44.877743 2026] [php:error] [pid 48099] [client 45.148.10.247:0] script '/domains/bruceweb/_phpinfo.php' not found or unable to stat
[Sat Jan 24 06:29:44.966294 2026] [php:error] [pid 48097] [client 4.194.24.19:0] script '/domains/koenig.interport/config.php' not found or unable to stat
[Sat Jan 24 06:29:45.191980 2026] [php:error] [pid 48097] [client 4.194.24.19:0] script '/domains/koenig.interport/connector.php' not found or unable to stat
[Sat Jan 24 06:29:45.413348 2026] [php:error] [pid 48097] [client 4.194.24.19:0] script '/domains/koenig.interport/content.php' not found or unable to stat
[Sat Jan 24 06:29:45.863276 2026] [php:error] [pid 48097] [client 4.194.24.19:0] script '/domains/koenig.interport/favicon.php' not found or unable to stat
[Sat Jan 24 06:29:46.083474 2026] [php:error] [pid 48097] [client 4.194.24.19:0] script '/domains/koenig.interport/file56.php' not found or unable to stat
[Sat Jan 24 06:29:46.309573 2026] [php:error] [pid 48097] [client 4.194.24.19:0] script '/domains/koenig.interport/flower.php' not found or unable to stat
[Sat Jan 24 06:29:46.530462 2026] [php:error] [pid 48097] [client 4.194.24.19:0] script '/domains/koenig.interport/fw.php' not found or unable to stat
[Sat Jan 24 06:29:46.750760 2026] [php:error] [pid 48097] [client 4.194.24.19:0] script '/domains/koenig.interport/gecko-new.php' not found or unable to stat
[Sat Jan 24 06:29:55.918110 2026] [php:error] [pid 48092] [client 45.148.10.247:0] script '/domains/bruceweb/wp-config.php.bak' not found or unable to stat
[Sat Jan 24 06:29:56.210121 2026] [php:error] [pid 48097] [client 45.148.10.247:0] script '/domains/bruceweb/info.php' not found or unable to stat
[Sat Jan 24 06:29:56.995057 2026] [php:error] [pid 48094] [client 45.148.10.247:0] script '/domains/bruceweb/server_info.php' not found or unable to stat
[Sat Jan 24 06:29:57.077585 2026] [php:error] [pid 48094] [client 45.148.10.247:0] script '/domains/bruceweb/app_dev.php' not found or unable to stat
[Sat Jan 24 06:29:57.172263 2026] [php:error] [pid 48094] [client 45.148.10.247:0] script '/domains/bruceweb/test.php' not found or unable to stat
[Sat Jan 24 06:29:57.261990 2026] [access_compat:error] [pid 48094] [client 45.148.10.247:0] AH01797: client denied by server configuration: /domains/bruceweb/server-info
[Sat Jan 24 06:29:57.371290 2026] [php:error] [pid 48094] [client 45.148.10.247:0] script '/domains/bruceweb/server-info.php' not found or unable to stat
[Sat Jan 24 06:30:25.593450 2026] [php:error] [pid 48095] [client 202.73.26.166:0] script '/domains/piltdweb1/wp-login.php' not found or unable to stat
[Sat Jan 24 06:31:48.187849 2026] [php:error] [pid 48133] [client 4.190.195.218:0] script '/domains/highlandlabs/manager.php' not found or unable to stat
[Sat Jan 24 06:31:48.887732 2026] [php:error] [pid 48133] [client 4.190.195.218:0] script '/domains/highlandlabs/goods.php' not found or unable to stat
[Sat Jan 24 06:31:49.054131 2026] [php:error] [pid 48133] [client 4.190.195.218:0] script '/domains/highlandlabs/chosen.php' not found or unable to stat
[Sat Jan 24 06:31:49.402611 2026] [php:error] [pid 48133] [client 4.190.195.218:0] script '/domains/highlandlabs/about.php' not found or unable to stat
[Sat Jan 24 06:31:49.581344 2026] [php:error] [pid 48133] [client 4.190.195.218:0] script '/domains/highlandlabs/deepseek_d.php' not found or unable to stat
[Sat Jan 24 06:31:49.748474 2026] [php:error] [pid 48133] [client 4.190.195.218:0] script '/domains/highlandlabs/elp.php' not found or unable to stat
[Sat Jan 24 06:31:49.921099 2026] [php:error] [pid 48133] [client 4.190.195.218:0] script '/domains/highlandlabs/bless.php' not found or unable to stat
[Sat Jan 24 06:31:50.088786 2026] [php:error] [pid 48133] [client 4.190.195.218:0] script '/domains/highlandlabs/edit.php' not found or unable to stat
[Sat Jan 24 06:31:50.255225 2026] [php:error] [pid 48133] [client 4.190.195.218:0] script '/domains/highlandlabs/simple.php' not found or unable to stat
[Sat Jan 24 06:31:50.764299 2026] [php:error] [pid 48133] [client 4.190.195.218:0] script '/domains/highlandlabs/ioxi-o.php' not found or unable to stat
[Sat Jan 24 06:31:51.104526 2026] [php:error] [pid 48133] [client 4.190.195.218:0] script '/domains/highlandlabs/test.php' not found or unable to stat
[Sat Jan 24 06:31:51.615470 2026] [php:error] [pid 48133] [client 4.190.195.218:0] script '/domains/highlandlabs/classwithtostring.php' not found or unable to stat
[Sat Jan 24 06:31:52.126605 2026] [php:error] [pid 48133] [client 4.190.195.218:0] script '/domains/highlandlabs/2.php' not found or unable to stat
[Sat Jan 24 06:31:52.292713 2026] [php:error] [pid 48133] [client 4.190.195.218:0] script '/domains/highlandlabs/functions.php' not found or unable to stat
[Sat Jan 24 06:31:52.465962 2026] [php:error] [pid 48133] [client 4.190.195.218:0] script '/domains/highlandlabs/index.php' not found or unable to stat
[Sat Jan 24 06:31:53.164766 2026] [php:error] [pid 48133] [client 4.190.195.218:0] script '/domains/highlandlabs/aaa.php' not found or unable to stat
[Sat Jan 24 06:31:53.338430 2026] [php:error] [pid 48133] [client 4.190.195.218:0] script '/domains/highlandlabs/inputs.php' not found or unable to stat
[Sat Jan 24 06:31:53.505513 2026] [php:error] [pid 48133] [client 4.190.195.218:0] script '/domains/highlandlabs/log.php' not found or unable to stat
[Sat Jan 24 06:31:53.671818 2026] [php:error] [pid 48133] [client 4.190.195.218:0] script '/domains/highlandlabs/man.php' not found or unable to stat
[Sat Jan 24 06:31:53.844744 2026] [php:error] [pid 48133] [client 4.190.195.218:0] script '/domains/highlandlabs/1.php' not found or unable to stat
[Sat Jan 24 06:31:54.010908 2026] [php:error] [pid 48133] [client 4.190.195.218:0] script '/domains/highlandlabs/aa.php' not found or unable to stat
[Sat Jan 24 06:31:54.178104 2026] [php:error] [pid 48133] [client 4.190.195.218:0] script '/domains/highlandlabs/dropdown.php' not found or unable to stat
[Sat Jan 24 06:31:54.353613 2026] [php:error] [pid 48133] [client 4.190.195.218:0] script '/domains/highlandlabs/rtx.php' not found or unable to stat
[Sat Jan 24 06:31:55.370989 2026] [php:error] [pid 48133] [client 4.190.195.218:0] script '/domains/highlandlabs/atomlib.php' not found or unable to stat
[Sat Jan 24 06:31:55.541089 2026] [php:error] [pid 48133] [client 4.190.195.218:0] script '/domains/highlandlabs/info.php' not found or unable to stat
[Sat Jan 24 06:31:55.712535 2026] [php:error] [pid 48133] [client 4.190.195.218:0] script '/domains/highlandlabs/lock360.php' not found or unable to stat
[Sat Jan 24 06:31:56.060894 2026] [php:error] [pid 48133] [client 4.190.195.218:0] script '/domains/highlandlabs/vx.php' not found or unable to stat
[Sat Jan 24 06:31:56.570170 2026] [php:error] [pid 48133] [client 4.190.195.218:0] script '/domains/highlandlabs/wp-content.php' not found or unable to stat
[Sat Jan 24 06:31:57.756354 2026] [php:error] [pid 48133] [client 4.190.195.218:0] script '/domains/highlandlabs/adminfuns.php' not found or unable to stat
[Sat Jan 24 06:31:57.922700 2026] [php:error] [pid 48133] [client 4.190.195.218:0] script '/domains/highlandlabs/ahax.php' not found or unable to stat
[Sat Jan 24 06:31:58.102734 2026] [php:error] [pid 48133] [client 4.190.195.218:0] script '/domains/highlandlabs/autoload_classmap.php' not found or unable to stat
[Sat Jan 24 06:31:58.449936 2026] [php:error] [pid 48133] [client 4.190.195.218:0] script '/domains/highlandlabs/file.php' not found or unable to stat
[Sat Jan 24 06:31:58.619145 2026] [php:error] [pid 48133] [client 4.190.195.218:0] script '/domains/highlandlabs/file5.php' not found or unable to stat
[Sat Jan 24 06:31:58.648402 2026] [php:error] [pid 48126] [client 157.22.75.36:0] script '/domains/system_cancel/xmlrpc.php' not found or unable to stat
[Sat Jan 24 06:31:59.080365 2026] [php:error] [pid 48127] [client 157.22.75.36:0] script '/domains/system_cancel/xmlrpc.php' not found or unable to stat
[Sat Jan 24 06:31:59.119417 2026] [php:error] [pid 48131] [client 157.22.100.77:0] script '/domains/system_cancel/xmlrpc.php' not found or unable to stat
[Sat Jan 24 06:31:59.155370 2026] [php:error] [pid 48128] [client 88.218.45.200:0] script '/domains/system_cancel/xmlrpc.php' not found or unable to stat
[Sat Jan 24 06:31:59.502640 2026] [php:error] [pid 48131] [client 157.22.75.36:0] script '/domains/system_cancel/xmlrpc.php' not found or unable to stat
[Sat Jan 24 06:31:59.544250 2026] [php:error] [pid 48131] [client 157.22.100.77:0] script '/domains/system_cancel/xmlrpc.php' not found or unable to stat
[Sat Jan 24 06:31:59.584387 2026] [php:error] [pid 48128] [client 88.218.45.200:0] script '/domains/system_cancel/xmlrpc.php' not found or unable to stat
[Sat Jan 24 06:31:59.930137 2026] [php:error] [pid 48127] [client 157.22.75.36:0] script '/domains/system_cancel/xmlrpc.php' not found or unable to stat
[Sat Jan 24 06:31:59.970682 2026] [php:error] [pid 48126] [client 157.22.100.77:0] script '/domains/system_cancel/xmlrpc.php' not found or unable to stat
[Sat Jan 24 06:32:00.160249 2026] [php:error] [pid 48133] [client 4.190.195.218:0] script '/domains/highlandlabs/xmlrpc.php' not found or unable to stat
[Sat Jan 24 06:32:00.286596 2026] [php:error] [pid 48131] [client 88.218.45.200:0] script '/domains/system_cancel/xmlrpc.php' not found or unable to stat
[Sat Jan 24 06:32:00.326348 2026] [php:error] [pid 48133] [client 4.190.195.218:0] script '/domains/highlandlabs/alfa.php' not found or unable to stat
[Sat Jan 24 06:32:00.359840 2026] [php:error] [pid 48128] [client 157.22.75.36:0] script '/domains/system_cancel/xmlrpc.php' not found or unable to stat
[Sat Jan 24 06:32:00.400607 2026] [php:error] [pid 48124] [client 157.22.100.77:0] script '/domains/system_cancel/xmlrpc.php' not found or unable to stat
[Sat Jan 24 06:32:00.499910 2026] [php:error] [pid 48133] [client 4.190.195.218:0] script '/domains/highlandlabs/as.php' not found or unable to stat
[Sat Jan 24 06:32:00.822470 2026] [php:error] [pid 48127] [client 157.22.100.77:0] script '/domains/system_cancel/xmlrpc.php' not found or unable to stat
[Sat Jan 24 06:32:00.843082 2026] [php:error] [pid 48133] [client 4.190.195.218:0] script '/domains/highlandlabs/class-t.api.php' not found or unable to stat
[Sat Jan 24 06:32:00.849551 2026] [php:error] [pid 48126] [client 157.22.75.36:0] script '/domains/system_cancel/xmlrpc.php' not found or unable to stat
[Sat Jan 24 06:32:01.010872 2026] [php:error] [pid 48133] [client 4.190.195.218:0] script '/domains/highlandlabs/indoxploit.php' not found or unable to stat
[Sat Jan 24 06:32:01.177990 2026] [php:error] [pid 48133] [client 4.190.195.218:0] script '/domains/highlandlabs/shell.php' not found or unable to stat
[Sat Jan 24 06:32:01.243139 2026] [php:error] [pid 48131] [client 157.22.100.77:0] script '/domains/system_cancel/xmlrpc.php' not found or unable to stat
[Sat Jan 24 06:32:01.246527 2026] [php:error] [pid 48128] [client 88.218.45.200:0] script '/domains/system_cancel/xmlrpc.php' not found or unable to stat
[Sat Jan 24 06:32:01.352536 2026] [php:error] [pid 48133] [client 4.190.195.218:0] script '/domains/highlandlabs/system.php' not found or unable to stat
[Sat Jan 24 06:32:01.518678 2026] [php:error] [pid 48133] [client 4.190.195.218:0] script '/domains/highlandlabs/wp-admin.php' not found or unable to stat
[Sat Jan 24 06:32:01.697112 2026] [php:error] [pid 48127] [client 88.218.45.200:0] script '/domains/system_cancel/xmlrpc.php' not found or unable to stat
[Sat Jan 24 06:32:02.162408 2026] [php:error] [pid 48124] [client 88.218.45.200:0] script '/domains/system_cancel/xmlrpc.php' not found or unable to stat
[Sat Jan 24 06:32:02.534794 2026] [php:error] [pid 48133] [client 4.190.195.218:0] script '/domains/highlandlabs/wp-block.php' not found or unable to stat
[Sat Jan 24 06:32:03.052006 2026] [php:error] [pid 48133] [client 4.190.195.218:0] script '/domains/highlandlabs/wp-good.php' not found or unable to stat
[Sat Jan 24 06:32:04.586750 2026] [php:error] [pid 48133] [client 4.190.195.218:0] script '/domains/highlandlabs/01.php' not found or unable to stat
[Sat Jan 24 06:32:04.755291 2026] [php:error] [pid 48133] [client 4.190.195.218:0] script '/domains/highlandlabs/222.php' not found or unable to stat
[Sat Jan 24 06:32:04.930416 2026] [php:error] [pid 48133] [client 4.190.195.218:0] script '/domains/highlandlabs/403.php' not found or unable to stat
[Sat Jan 24 06:32:05.096591 2026] [php:error] [pid 48133] [client 4.190.195.218:0] script '/domains/highlandlabs/404.php' not found or unable to stat
[Sat Jan 24 06:32:05.613463 2026] [php:error] [pid 48126] [client 4.190.195.218:0] script '/domains/highlandlabs/Q.php' not found or unable to stat
[Sat Jan 24 06:32:05.779400 2026] [php:error] [pid 48126] [client 4.190.195.218:0] script '/domains/highlandlabs/WSO.php' not found or unable to stat
[Sat Jan 24 06:32:05.947395 2026] [php:error] [pid 48126] [client 4.190.195.218:0] script '/domains/highlandlabs/abc.php' not found or unable to stat
[Sat Jan 24 06:32:06.119769 2026] [php:error] [pid 48126] [client 4.190.195.218:0] script '/domains/highlandlabs/abcd.php' not found or unable to stat
[Sat Jan 24 06:32:07.149830 2026] [php:error] [pid 48126] [client 4.190.195.218:0] script '/domains/highlandlabs/auth.php' not found or unable to stat
[Sat Jan 24 06:32:07.315860 2026] [php:error] [pid 48126] [client 4.190.195.218:0] script '/domains/highlandlabs/byp.php' not found or unable to stat
[Sat Jan 24 06:32:07.489878 2026] [php:error] [pid 48126] [client 4.190.195.218:0] script '/domains/highlandlabs/c.php' not found or unable to stat
[Sat Jan 24 06:32:07.655891 2026] [php:error] [pid 48126] [client 4.190.195.218:0] script '/domains/highlandlabs/ca4.php' not found or unable to stat
[Sat Jan 24 06:32:08.165980 2026] [php:error] [pid 48126] [client 4.190.195.218:0] script '/domains/highlandlabs/config.php' not found or unable to stat
[Sat Jan 24 06:32:08.343437 2026] [php:error] [pid 48126] [client 4.190.195.218:0] script '/domains/highlandlabs/connector.php' not found or unable to stat
[Sat Jan 24 06:32:08.509675 2026] [php:error] [pid 48126] [client 4.190.195.218:0] script '/domains/highlandlabs/content.php' not found or unable to stat
[Sat Jan 24 06:32:08.858322 2026] [php:error] [pid 48126] [client 4.190.195.218:0] script '/domains/highlandlabs/favicon.php' not found or unable to stat
[Sat Jan 24 06:32:09.037365 2026] [php:error] [pid 48126] [client 4.190.195.218:0] script '/domains/highlandlabs/file56.php' not found or unable to stat
[Sat Jan 24 06:32:09.203573 2026] [php:error] [pid 48126] [client 4.190.195.218:0] script '/domains/highlandlabs/flower.php' not found or unable to stat
[Sat Jan 24 06:32:09.370419 2026] [php:error] [pid 48126] [client 4.190.195.218:0] script '/domains/highlandlabs/fw.php' not found or unable to stat
[Sat Jan 24 06:32:09.550104 2026] [php:error] [pid 48126] [client 4.190.195.218:0] script '/domains/highlandlabs/gecko-new.php' not found or unable to stat
[Sat Jan 24 06:32:13.707450 2026] [php:error] [pid 48124] [client 193.233.89.209:0] script '/domains/system_cancel/xmlrpc.php' not found or unable to stat
[Sat Jan 24 06:32:14.168535 2026] [php:error] [pid 48132] [client 193.233.89.209:0] script '/domains/system_cancel/xmlrpc.php' not found or unable to stat
[Sat Jan 24 06:32:14.606034 2026] [php:error] [pid 48124] [client 193.233.89.209:0] script '/domains/system_cancel/xmlrpc.php' not found or unable to stat
[Sat Jan 24 06:32:15.042988 2026] [php:error] [pid 48132] [client 193.233.89.209:0] script '/domains/system_cancel/xmlrpc.php' not found or unable to stat
[Sat Jan 24 06:32:15.472939 2026] [php:error] [pid 48124] [client 193.233.89.209:0] script '/domains/system_cancel/xmlrpc.php' not found or unable to stat
[Sat Jan 24 06:32:15.911074 2026] [php:error] [pid 48132] [client 193.233.89.209:0] script '/domains/system_cancel/xmlrpc.php' not found or unable to stat
[Sat Jan 24 06:32:16.637912 2026] [php:error] [pid 48134] [client 194.99.26.28:0] script '/domains/system_cancel/xmlrpc.php' not found or unable to stat
[Sat Jan 24 06:32:17.688788 2026] [php:error] [pid 48126] [client 194.99.26.28:0] script '/domains/system_cancel/xmlrpc.php' not found or unable to stat
[Sat Jan 24 06:32:18.117265 2026] [php:error] [pid 48124] [client 194.99.26.28:0] script '/domains/system_cancel/xmlrpc.php' not found or unable to stat
[Sat Jan 24 06:32:18.556282 2026] [php:error] [pid 48132] [client 194.99.26.28:0] script '/domains/system_cancel/xmlrpc.php' not found or unable to stat
[Sat Jan 24 06:32:18.982268 2026] [php:error] [pid 48126] [client 194.99.26.28:0] script '/domains/system_cancel/xmlrpc.php' not found or unable to stat
[Sat Jan 24 06:32:19.419649 2026] [php:error] [pid 48132] [client 194.99.26.28:0] script '/domains/system_cancel/xmlrpc.php' not found or unable to stat
[Sat Jan 24 06:35:00.926637 2026] [php:error] [pid 48157] [client 35.247.243.240:0] script '/domains/fifibear/adminer-db.php' not found or unable to stat
[Sat Jan 24 06:35:05.830162 2026] [php:error] [pid 48144] [client 38.148.248.140:0] script '/domains/samscars/1234.php' not found or unable to stat
[Sat Jan 24 06:35:10.163565 2026] [php:error] [pid 48158] [client 35.247.243.243:0] script '/domains/fifibear/adminer-5.0.6.php' not found or unable to stat
[Sat Jan 24 06:35:19.542258 2026] [php:error] [pid 48158] [client 34.96.162.59:0] script '/domains/fifibear/adminer-4.16.0.php' not found or unable to stat
[Sat Jan 24 06:36:37.790557 2026] [php:error] [pid 48168] [client 20.24.209.153:0] script '/domains/system_suspended/admin.php' not found or unable to stat
[Sat Jan 24 06:36:38.001896 2026] [php:error] [pid 48168] [client 20.24.209.153:0] script '/domains/system_suspended/manager.php' not found or unable to stat
[Sat Jan 24 06:36:38.884749 2026] [php:error] [pid 48168] [client 20.24.209.153:0] script '/domains/system_suspended/goods.php' not found or unable to stat
[Sat Jan 24 06:36:39.108071 2026] [php:error] [pid 48168] [client 20.24.209.153:0] script '/domains/system_suspended/chosen.php' not found or unable to stat
[Sat Jan 24 06:36:39.549470 2026] [php:error] [pid 48168] [client 20.24.209.153:0] script '/domains/system_suspended/about.php' not found or unable to stat
[Sat Jan 24 06:36:39.770025 2026] [php:error] [pid 48168] [client 20.24.209.153:0] script '/domains/system_suspended/deepseek_d.php' not found or unable to stat
[Sat Jan 24 06:36:39.994707 2026] [php:error] [pid 48168] [client 20.24.209.153:0] script '/domains/system_suspended/elp.php' not found or unable to stat
[Sat Jan 24 06:36:40.217340 2026] [php:error] [pid 48168] [client 20.24.209.153:0] script '/domains/system_suspended/bless.php' not found or unable to stat
[Sat Jan 24 06:36:40.428482 2026] [php:error] [pid 48168] [client 20.24.209.153:0] script '/domains/system_suspended/edit.php' not found or unable to stat
[Sat Jan 24 06:36:40.651441 2026] [php:error] [pid 48168] [client 20.24.209.153:0] script '/domains/system_suspended/simple.php' not found or unable to stat
[Sat Jan 24 06:36:41.291312 2026] [php:error] [pid 48168] [client 20.24.209.153:0] script '/domains/system_suspended/ioxi-o.php' not found or unable to stat
[Sat Jan 24 06:36:41.722704 2026] [php:error] [pid 48168] [client 20.24.209.153:0] script '/domains/system_suspended/test.php' not found or unable to stat
[Sat Jan 24 06:36:42.363723 2026] [php:error] [pid 48168] [client 20.24.209.153:0] script '/domains/system_suspended/classwithtostring.php' not found or unable to stat
[Sat Jan 24 06:36:43.020024 2026] [php:error] [pid 48168] [client 20.24.209.153:0] script '/domains/system_suspended/2.php' not found or unable to stat
[Sat Jan 24 06:36:43.239686 2026] [php:error] [pid 48168] [client 20.24.209.153:0] script '/domains/system_suspended/functions.php' not found or unable to stat
[Sat Jan 24 06:36:43.465042 2026] [php:error] [pid 48168] [client 20.24.209.153:0] script '/domains/system_suspended/index.php' not found or unable to stat
[Sat Jan 24 06:36:44.355598 2026] [php:error] [pid 48168] [client 20.24.209.153:0] script '/domains/system_suspended/aaa.php' not found or unable to stat
[Sat Jan 24 06:36:44.579073 2026] [php:error] [pid 48168] [client 20.24.209.153:0] script '/domains/system_suspended/inputs.php' not found or unable to stat
[Sat Jan 24 06:36:44.795246 2026] [php:error] [pid 48168] [client 20.24.209.153:0] script '/domains/system_suspended/log.php' not found or unable to stat
[Sat Jan 24 06:36:45.018293 2026] [php:error] [pid 48168] [client 20.24.209.153:0] script '/domains/system_suspended/man.php' not found or unable to stat
[Sat Jan 24 06:36:45.238651 2026] [php:error] [pid 48168] [client 20.24.209.153:0] script '/domains/system_suspended/1.php' not found or unable to stat
[Sat Jan 24 06:36:45.460436 2026] [php:error] [pid 48168] [client 20.24.209.153:0] script '/domains/system_suspended/aa.php' not found or unable to stat
[Sat Jan 24 06:36:45.679915 2026] [php:error] [pid 48168] [client 20.24.209.153:0] script '/domains/system_suspended/dropdown.php' not found or unable to stat
[Sat Jan 24 06:36:45.900124 2026] [php:error] [pid 48168] [client 20.24.209.153:0] script '/domains/system_suspended/rtx.php' not found or unable to stat
[Sat Jan 24 06:36:47.195148 2026] [php:error] [pid 48168] [client 20.24.209.153:0] script '/domains/system_suspended/atomlib.php' not found or unable to stat
[Sat Jan 24 06:36:47.417817 2026] [php:error] [pid 48168] [client 20.24.209.153:0] script '/domains/system_suspended/info.php' not found or unable to stat
[Sat Jan 24 06:36:47.639640 2026] [php:error] [pid 48168] [client 20.24.209.153:0] script '/domains/system_suspended/lock360.php' not found or unable to stat
[Sat Jan 24 06:36:48.063897 2026] [php:error] [pid 48168] [client 20.24.209.153:0] script '/domains/system_suspended/vx.php' not found or unable to stat
[Sat Jan 24 06:36:48.717666 2026] [php:error] [pid 48168] [client 20.24.209.153:0] script '/domains/system_suspended/wp-content.php' not found or unable to stat
[Sat Jan 24 06:36:50.234089 2026] [php:error] [pid 48168] [client 20.24.209.153:0] script '/domains/system_suspended/adminfuns.php' not found or unable to stat
[Sat Jan 24 06:36:50.445219 2026] [php:error] [pid 48168] [client 20.24.209.153:0] script '/domains/system_suspended/ahax.php' not found or unable to stat
[Sat Jan 24 06:36:50.657147 2026] [php:error] [pid 48168] [client 20.24.209.153:0] script '/domains/system_suspended/autoload_classmap.php' not found or unable to stat
[Sat Jan 24 06:36:51.080472 2026] [php:error] [pid 48168] [client 20.24.209.153:0] script '/domains/system_suspended/file.php' not found or unable to stat
[Sat Jan 24 06:36:51.291562 2026] [php:error] [pid 48168] [client 20.24.209.153:0] script '/domains/system_suspended/file5.php' not found or unable to stat
[Sat Jan 24 06:36:53.251949 2026] [php:error] [pid 48168] [client 20.24.209.153:0] script '/domains/system_suspended/xmlrpc.php' not found or unable to stat
[Sat Jan 24 06:36:53.463821 2026] [php:error] [pid 48168] [client 20.24.209.153:0] script '/domains/system_suspended/alfa.php' not found or unable to stat
[Sat Jan 24 06:36:53.683801 2026] [php:error] [pid 48168] [client 20.24.209.153:0] script '/domains/system_suspended/as.php' not found or unable to stat
[Sat Jan 24 06:36:54.121467 2026] [php:error] [pid 48168] [client 20.24.209.153:0] script '/domains/system_suspended/class-t.api.php' not found or unable to stat
[Sat Jan 24 06:36:54.353639 2026] [php:error] [pid 48168] [client 20.24.209.153:0] script '/domains/system_suspended/indoxploit.php' not found or unable to stat
[Sat Jan 24 06:36:54.568584 2026] [php:error] [pid 48168] [client 20.24.209.153:0] script '/domains/system_suspended/shell.php' not found or unable to stat
[Sat Jan 24 06:36:54.780180 2026] [php:error] [pid 48168] [client 20.24.209.153:0] script '/domains/system_suspended/system.php' not found or unable to stat
[Sat Jan 24 06:36:54.993915 2026] [php:error] [pid 48168] [client 20.24.209.153:0] script '/domains/system_suspended/wp-admin.php' not found or unable to stat
[Sat Jan 24 06:36:56.301839 2026] [php:error] [pid 48168] [client 20.24.209.153:0] script '/domains/system_suspended/wp-block.php' not found or unable to stat
[Sat Jan 24 06:36:56.967485 2026] [php:error] [pid 48168] [client 20.24.209.153:0] script '/domains/system_suspended/wp-good.php' not found or unable to stat
[Sat Jan 24 06:36:58.960408 2026] [php:error] [pid 48168] [client 20.24.209.153:0] script '/domains/system_suspended/01.php' not found or unable to stat
[Sat Jan 24 06:36:59.176818 2026] [php:error] [pid 48168] [client 20.24.209.153:0] script '/domains/system_suspended/222.php' not found or unable to stat
[Sat Jan 24 06:36:59.397462 2026] [php:error] [pid 48168] [client 20.24.209.153:0] script '/domains/system_suspended/403.php' not found or unable to stat
[Sat Jan 24 06:36:59.628529 2026] [php:error] [pid 48168] [client 20.24.209.153:0] script '/domains/system_suspended/404.php' not found or unable to stat
[Sat Jan 24 06:37:00.264572 2026] [php:error] [pid 48173] [client 20.24.209.153:0] script '/domains/system_suspended/Q.php' not found or unable to stat
[Sat Jan 24 06:37:00.476590 2026] [php:error] [pid 48173] [client 20.24.209.153:0] script '/domains/system_suspended/WSO.php' not found or unable to stat
[Sat Jan 24 06:37:00.692329 2026] [php:error] [pid 48173] [client 20.24.209.153:0] script '/domains/system_suspended/abc.php' not found or unable to stat
[Sat Jan 24 06:37:00.904407 2026] [php:error] [pid 48173] [client 20.24.209.153:0] script '/domains/system_suspended/abcd.php' not found or unable to stat
[Sat Jan 24 06:37:02.214422 2026] [php:error] [pid 48173] [client 20.24.209.153:0] script '/domains/system_suspended/auth.php' not found or unable to stat
[Sat Jan 24 06:37:02.437006 2026] [php:error] [pid 48173] [client 20.24.209.153:0] script '/domains/system_suspended/byp.php' not found or unable to stat
[Sat Jan 24 06:37:02.651241 2026] [php:error] [pid 48173] [client 20.24.209.153:0] script '/domains/system_suspended/c.php' not found or unable to stat
[Sat Jan 24 06:37:02.863269 2026] [php:error] [pid 48173] [client 20.24.209.153:0] script '/domains/system_suspended/ca4.php' not found or unable to stat
[Sat Jan 24 06:37:03.516470 2026] [php:error] [pid 48173] [client 20.24.209.153:0] script '/domains/system_suspended/config.php' not found or unable to stat
[Sat Jan 24 06:37:03.737648 2026] [php:error] [pid 48173] [client 20.24.209.153:0] script '/domains/system_suspended/connector.php' not found or unable to stat
[Sat Jan 24 06:37:03.949132 2026] [php:error] [pid 48173] [client 20.24.209.153:0] script '/domains/system_suspended/content.php' not found or unable to stat
[Sat Jan 24 06:37:04.371582 2026] [php:error] [pid 48173] [client 20.24.209.153:0] script '/domains/system_suspended/favicon.php' not found or unable to stat
[Sat Jan 24 06:37:04.584429 2026] [php:error] [pid 48173] [client 20.24.209.153:0] script '/domains/system_suspended/file56.php' not found or unable to stat
[Sat Jan 24 06:37:04.805607 2026] [php:error] [pid 48173] [client 20.24.209.153:0] script '/domains/system_suspended/flower.php' not found or unable to stat
[Sat Jan 24 06:37:05.033955 2026] [php:error] [pid 48173] [client 20.24.209.153:0] script '/domains/system_suspended/fw.php' not found or unable to stat
[Sat Jan 24 06:37:05.249934 2026] [php:error] [pid 48173] [client 20.24.209.153:0] script '/domains/system_suspended/gecko-new.php' not found or unable to stat
[Sat Jan 24 06:37:43.081758 2026] [php:error] [pid 48175] [client 34.96.162.54:0] script '/domains/fifibear/adminer-5.0.6-mysql-en.php' not found or unable to stat
[Sat Jan 24 06:37:53.896812 2026] [php:error] [pid 48168] [client 35.247.243.252:0] script '/domains/fifibear/adminer-5.3.0-mysql.php' not found or unable to stat
[Sat Jan 24 06:38:35.143515 2026] [php:error] [pid 48199] [client 35.247.243.251:0] script '/domains/fifibear/adminer-5.4.1-mysql-en.php' not found or unable to stat
[Sat Jan 24 06:38:37.627133 2026] [php:error] [pid 48202] [client 34.96.162.56:0] script '/domains/fifibear/adminer-5.0.0-mysql.php' not found or unable to stat
[Sat Jan 24 06:38:52.720667 2026] [php:error] [pid 48198] [client 34.96.162.60:0] script '/domains/fifibear/adminer-5.0.3-en.php' not found or unable to stat
[Sat Jan 24 06:40:17.826954 2026] [php:error] [pid 48216] [client 35.247.243.252:0] script '/domains/fifibear/adminer-5.0.4-en.php' not found or unable to stat
[Sat Jan 24 06:40:24.170564 2026] [php:error] [pid 48243] [client 35.247.243.242:0] script '/domains/fifibear/adminer-4.5.0.php' not found or unable to stat
[Sat Jan 24 06:41:20.631431 2026] [php:error] [pid 48246] [client 35.247.243.245:0] script '/domains/fifibear/adminer-5.1.0-mysql-en.php' not found or unable to stat
[Sat Jan 24 06:41:42.676327 2026] [php:error] [pid 48216] [client 34.96.162.63:0] script '/domains/fifibear/adminer-4.7.7.php' not found or unable to stat
[Sat Jan 24 06:41:48.257642 2026] [php:error] [pid 48212] [client 34.96.162.56:0] script '/domains/fifibear/adminer-4.6.0.php' not found or unable to stat
[Sat Jan 24 06:42:04.707907 2026] [php:error] [pid 48253] [client 20.27.221.169:0] script '/domains/rainho/ol.php' not found or unable to stat
[Sat Jan 24 06:42:04.881252 2026] [php:error] [pid 48253] [client 20.27.221.169:0] script '/domains/rainho/sikma.php' not found or unable to stat
[Sat Jan 24 06:42:05.265762 2026] [php:error] [pid 48253] [client 20.27.221.169:0] script '/domains/rainho/rh1.php' not found or unable to stat
[Sat Jan 24 06:42:05.435471 2026] [php:error] [pid 48253] [client 20.27.221.169:0] script '/domains/rainho/sid3.php' not found or unable to stat
[Sat Jan 24 06:42:05.657365 2026] [php:error] [pid 48253] [client 20.27.221.169:0] script '/domains/rainho/okxh.php' not found or unable to stat
[Sat Jan 24 06:42:05.846164 2026] [php:error] [pid 48253] [client 20.27.221.169:0] script '/domains/rainho/krypton.php' not found or unable to stat
[Sat Jan 24 06:42:06.018031 2026] [php:error] [pid 48253] [client 20.27.221.169:0] script '/domains/rainho/zoo.php' not found or unable to stat
[Sat Jan 24 06:42:06.575913 2026] [php:error] [pid 48253] [client 20.27.221.169:0] script '/domains/rainho/maul.php' not found or unable to stat
[Sat Jan 24 06:42:07.097128 2026] [php:error] [pid 48253] [client 20.27.221.169:0] script '/domains/rainho/download.php' not found or unable to stat
[Sat Jan 24 06:42:07.266605 2026] [php:error] [pid 48253] [client 20.27.221.169:0] script '/domains/rainho/varb.php' not found or unable to stat
[Sat Jan 24 06:42:07.627585 2026] [php:error] [pid 48253] [client 20.27.221.169:0] script '/domains/rainho/tt.php' not found or unable to stat
[Sat Jan 24 06:42:07.797600 2026] [php:error] [pid 48253] [client 20.27.221.169:0] script '/domains/rainho/a5e0a.php' not found or unable to stat
[Sat Jan 24 06:42:07.992833 2026] [php:error] [pid 48253] [client 20.27.221.169:0] script '/domains/rainho/abc.php' not found or unable to stat
[Sat Jan 24 06:42:08.310281 2026] [php:error] [pid 48253] [client 20.27.221.169:0] script '/domains/rainho/55b76.php' not found or unable to stat
[Sat Jan 24 06:42:08.479685 2026] [php:error] [pid 48253] [client 20.27.221.169:0] script '/domains/rainho/rzki.php' not found or unable to stat
[Sat Jan 24 06:42:08.648932 2026] [php:error] [pid 48253] [client 20.27.221.169:0] script '/domains/rainho/acxx.php' not found or unable to stat
[Sat Jan 24 06:42:08.819125 2026] [php:error] [pid 48253] [client 20.27.221.169:0] script '/domains/rainho/d12.php' not found or unable to stat
[Sat Jan 24 06:42:08.942811 2026] [php:error] [pid 48252] [client 185.177.72.49:0] script '/domains/highlandlabs/info.php.bak' not found or unable to stat
[Sat Jan 24 06:42:08.988472 2026] [php:error] [pid 48253] [client 20.27.221.169:0] script '/domains/rainho/s.php' not found or unable to stat
[Sat Jan 24 06:42:09.159170 2026] [php:error] [pid 48253] [client 20.27.221.169:0] script '/domains/rainho/error_log.php' not found or unable to stat
[Sat Jan 24 06:42:09.347657 2026] [php:error] [pid 48216] [client 185.177.72.49:0] script '/domains/highlandlabs/php-info.php' not found or unable to stat
[Sat Jan 24 06:42:09.503558 2026] [php:error] [pid 48253] [client 20.27.221.169:0] script '/domains/rainho/dox.php' not found or unable to stat
[Sat Jan 24 06:42:09.673995 2026] [php:error] [pid 48253] [client 20.27.221.169:0] script '/domains/rainho/ahax.php' not found or unable to stat
[Sat Jan 24 06:42:09.779610 2026] [php:error] [pid 48255] [client 185.177.72.49:0] script '/domains/highlandlabs/newinfo.php' not found or unable to stat
[Sat Jan 24 06:42:10.167330 2026] [php:error] [pid 48246] [client 185.177.72.49:0] script '/domains/highlandlabs/siteinfo.php' not found or unable to stat
[Sat Jan 24 06:42:10.189595 2026] [php:error] [pid 48253] [client 20.27.221.169:0] script '/domains/rainho/lock360.php' not found or unable to stat
[Sat Jan 24 06:42:10.380129 2026] [php:error] [pid 48253] [client 20.27.221.169:0] script '/domains/rainho/6kUgr4yGzxN.php' not found or unable to stat
[Sat Jan 24 06:42:10.549763 2026] [php:error] [pid 48253] [client 20.27.221.169:0] script '/domains/rainho/wp.php' not found or unable to stat
[Sat Jan 24 06:42:10.601365 2026] [php:error] [pid 48252] [client 185.177.72.49:0] script '/domains/highlandlabs/info.php.1' not found or unable to stat
[Sat Jan 24 06:42:10.719605 2026] [php:error] [pid 48253] [client 20.27.221.169:0] script '/domains/rainho/test1.php' not found or unable to stat
[Sat Jan 24 06:42:10.892025 2026] [php:error] [pid 48253] [client 20.27.221.169:0] script '/domains/rainho/clss.php' not found or unable to stat
[Sat Jan 24 06:42:11.065584 2026] [php:error] [pid 48253] [client 20.27.221.169:0] script '/domains/rainho/44.php' not found or unable to stat
[Sat Jan 24 06:42:11.235169 2026] [php:error] [pid 48253] [client 20.27.221.169:0] script '/domains/rainho/ii5file.php' not found or unable to stat
[Sat Jan 24 06:42:11.414654 2026] [php:error] [pid 48249] [client 185.177.72.49:0] script '/domains/highlandlabs/pageinfo.php' not found or unable to stat
[Sat Jan 24 06:42:11.466764 2026] [php:error] [pid 48253] [client 20.27.221.169:0] script '/domains/rainho/ss.php' not found or unable to stat
[Sat Jan 24 06:42:11.636895 2026] [php:error] [pid 48253] [client 20.27.221.169:0] script '/domains/rainho/re.php' not found or unable to stat
[Sat Jan 24 06:42:11.815529 2026] [php:error] [pid 48252] [client 185.177.72.49:0] script '/domains/highlandlabs/info.php.back' not found or unable to stat
[Sat Jan 24 06:42:11.818159 2026] [php:error] [pid 48253] [client 20.27.221.169:0] script '/domains/rainho/xsas.php' not found or unable to stat
[Sat Jan 24 06:42:11.991087 2026] [php:error] [pid 48253] [client 20.27.221.169:0] script '/domains/rainho/asus.php' not found or unable to stat
[Sat Jan 24 06:42:12.160700 2026] [php:error] [pid 48253] [client 20.27.221.169:0] script '/domains/rainho/wp-good.php' not found or unable to stat
[Sat Jan 24 06:42:12.350062 2026] [php:error] [pid 48253] [client 20.27.221.169:0] script '/domains/rainho/0x.php' not found or unable to stat
[Sat Jan 24 06:42:12.521346 2026] [php:error] [pid 48253] [client 20.27.221.169:0] script '/domains/rainho/domains.php' not found or unable to stat
[Sat Jan 24 06:42:12.579289 2026] [php:error] [pid 48216] [client 185.177.72.49:0] script '/domains/highlandlabs/release_info.php' not found or unable to stat
[Sat Jan 24 06:42:12.721149 2026] [php:error] [pid 48253] [client 20.27.221.169:0] script '/domains/rainho/wp-goods.php' not found or unable to stat
[Sat Jan 24 06:42:13.319305 2026] [php:error] [pid 48253] [client 20.27.221.169:0] script '/domains/rainho/144.php' not found or unable to stat
[Sat Jan 24 06:42:13.488793 2026] [php:error] [pid 48253] [client 20.27.221.169:0] script '/domains/rainho/akcc.php' not found or unable to stat
[Sat Jan 24 06:42:13.659217 2026] [php:error] [pid 48253] [client 20.27.221.169:0] script '/domains/rainho/vanda.php' not found or unable to stat
[Sat Jan 24 06:42:13.766327 2026] [php:error] [pid 48248] [client 185.177.72.49:0] script '/domains/highlandlabs/info.php' not found or unable to stat
[Sat Jan 24 06:42:13.850649 2026] [php:error] [pid 48253] [client 20.27.221.169:0] script '/domains/rainho/lib.php' not found or unable to stat
[Sat Jan 24 06:42:14.030086 2026] [php:error] [pid 48253] [client 20.27.221.169:0] script '/domains/rainho/zc-104.php' not found or unable to stat
[Sat Jan 24 06:42:14.200068 2026] [php:error] [pid 48253] [client 20.27.221.169:0] script '/domains/rainho/zc-729.php' not found or unable to stat
[Sat Jan 24 06:42:14.371594 2026] [php:error] [pid 48253] [client 20.27.221.169:0] script '/domains/rainho/bo.php' not found or unable to stat
[Sat Jan 24 06:42:14.549503 2026] [php:error] [pid 48253] [client 20.27.221.169:0] script '/domains/rainho/x.php' not found or unable to stat
[Sat Jan 24 06:42:14.638124 2026] [php:error] [pid 48252] [client 185.177.72.49:0] script '/domains/highlandlabs/info.php.save.1' not found or unable to stat
[Sat Jan 24 06:42:15.005839 2026] [php:error] [pid 48253] [client 20.27.221.169:0] script '/domains/rainho/adminfuns.php' not found or unable to stat
[Sat Jan 24 06:42:15.175457 2026] [php:error] [pid 48253] [client 20.27.221.169:0] script '/domains/rainho/56c53.php' not found or unable to stat
[Sat Jan 24 06:42:15.344992 2026] [php:error] [pid 48253] [client 20.27.221.169:0] script '/domains/rainho/FII.php' not found or unable to stat
[Sat Jan 24 06:42:15.438171 2026] [php:error] [pid 48216] [client 185.177.72.49:0] script '/domains/highlandlabs/_info.php' not found or unable to stat
[Sat Jan 24 06:42:15.518722 2026] [php:error] [pid 48253] [client 20.27.221.169:0] script '/domains/rainho/wp-ac.php' not found or unable to stat
[Sat Jan 24 06:42:15.689148 2026] [php:error] [pid 48253] [client 20.27.221.169:0] script '/domains/rainho/atex1.php' not found or unable to stat
[Sat Jan 24 06:42:15.825444 2026] [php:error] [pid 48248] [client 185.177.72.49:0] script '/domains/highlandlabs/admin_phpinfo.php' not found or unable to stat
[Sat Jan 24 06:42:15.858487 2026] [php:error] [pid 48253] [client 20.27.221.169:0] script '/domains/rainho/blox.php' not found or unable to stat
[Sat Jan 24 06:42:16.086686 2026] [php:error] [pid 48253] [client 20.27.221.169:0] script '/domains/rainho/wp-64wscx6shd.php' not found or unable to stat
[Sat Jan 24 06:42:16.227457 2026] [php:error] [pid 48249] [client 185.177.72.49:0] script '/domains/highlandlabs/dbinfo.php' not found or unable to stat
[Sat Jan 24 06:42:16.256736 2026] [php:error] [pid 48253] [client 20.27.221.169:0] script '/domains/rainho/gecko.php' not found or unable to stat
[Sat Jan 24 06:42:16.456179 2026] [php:error] [pid 48253] [client 20.27.221.169:0] script '/domains/rainho/sxx.php' not found or unable to stat
[Sat Jan 24 06:42:16.619423 2026] [php:error] [pid 48216] [client 185.177.72.49:0] script '/domains/highlandlabs/admin_info.php' not found or unable to stat
