[Sat Jan 24 00:26:36.142175 2026] [php:error] [pid 75844] [client 52.169.206.229:0] script '/domains/windsorweb/t.php' not found or unable to stat
[Sat Jan 24 00:26:36.211991 2026] [php:error] [pid 75844] [client 52.169.206.229:0] script '/domains/windsorweb/bp.php' not found or unable to stat
[Sat Jan 24 00:26:36.388237 2026] [php:error] [pid 75844] [client 52.169.206.229:0] script '/domains/windsorweb/geck.php' not found or unable to stat
[Sat Jan 24 00:26:36.503441 2026] [php:error] [pid 75844] [client 52.169.206.229:0] script '/domains/windsorweb/wpc.php' not found or unable to stat
[Sat Jan 24 00:26:36.575091 2026] [php:error] [pid 75844] [client 52.169.206.229:0] script '/domains/windsorweb/gecko.php' not found or unable to stat
[Sat Jan 24 00:26:36.644806 2026] [php:error] [pid 75844] [client 52.169.206.229:0] script '/domains/windsorweb/a.php' not found or unable to stat
[Sat Jan 24 00:26:36.715055 2026] [php:error] [pid 75844] [client 52.169.206.229:0] script '/domains/windsorweb/admins.php' not found or unable to stat
[Sat Jan 24 00:26:36.784743 2026] [php:error] [pid 75844] [client 52.169.206.229:0] script '/domains/windsorweb/wp-configs.php' not found or unable to stat
[Sat Jan 24 00:26:36.855121 2026] [php:error] [pid 75844] [client 52.169.206.229:0] script '/domains/windsorweb/thai.php' not found or unable to stat
[Sat Jan 24 00:26:36.935733 2026] [php:error] [pid 75844] [client 52.169.206.229:0] script '/domains/windsorweb/wp.php' not found or unable to stat
[Sat Jan 24 00:26:37.005620 2026] [php:error] [pid 75844] [client 52.169.206.229:0] script '/domains/windsorweb/fclas.php' not found or unable to stat
[Sat Jan 24 00:26:37.075698 2026] [php:error] [pid 75844] [client 52.169.206.229:0] script '/domains/windsorweb/main.php' not found or unable to stat
[Sat Jan 24 00:26:37.147242 2026] [php:error] [pid 75844] [client 52.169.206.229:0] script '/domains/windsorweb/a1.php' not found or unable to stat
[Sat Jan 24 00:26:37.225115 2026] [php:error] [pid 75844] [client 52.169.206.229:0] script '/domains/windsorweb/class.1.php' not found or unable to stat
[Sat Jan 24 00:26:37.305685 2026] [php:error] [pid 75844] [client 52.169.206.229:0] script '/domains/windsorweb/lala.php' not found or unable to stat
[Sat Jan 24 00:26:37.376919 2026] [php:error] [pid 75844] [client 52.169.206.229:0] script '/domains/windsorweb/tox.php' not found or unable to stat
[Sat Jan 24 00:26:37.447521 2026] [php:error] [pid 75844] [client 52.169.206.229:0] script '/domains/windsorweb/gg.php' not found or unable to stat
[Sat Jan 24 00:26:37.517698 2026] [php:error] [pid 75844] [client 52.169.206.229:0] script '/domains/windsorweb/aaa.php' not found or unable to stat
[Sat Jan 24 00:26:37.611256 2026] [php:error] [pid 75844] [client 52.169.206.229:0] script '/domains/windsorweb/a2.php' not found or unable to stat
[Sat Jan 24 00:26:37.861234 2026] [php:error] [pid 75844] [client 52.169.206.229:0] script '/domains/windsorweb/ee.php' not found or unable to stat
[Sat Jan 24 00:26:37.940255 2026] [php:error] [pid 75844] [client 52.169.206.229:0] script '/domains/windsorweb/alfanew.php' not found or unable to stat
[Sat Jan 24 00:26:38.264673 2026] [php:error] [pid 75844] [client 52.169.206.229:0] script '/domains/windsorweb/elaina.php' not found or unable to stat
[Sat Jan 24 00:26:38.366328 2026] [php:error] [pid 75844] [client 52.169.206.229:0] script '/domains/windsorweb/kr.php' not found or unable to stat
[Sat Jan 24 00:26:38.475210 2026] [php:error] [pid 75844] [client 52.169.206.229:0] script '/domains/windsorweb/aaaa.php' not found or unable to stat
[Sat Jan 24 00:26:38.545580 2026] [php:error] [pid 75844] [client 52.169.206.229:0] script '/domains/windsorweb/to.php' not found or unable to stat
[Sat Jan 24 00:26:38.615635 2026] [php:error] [pid 75844] [client 52.169.206.229:0] script '/domains/windsorweb/class-admin.php' not found or unable to stat
[Sat Jan 24 00:26:38.685960 2026] [php:error] [pid 75844] [client 52.169.206.229:0] script '/domains/windsorweb/nyan.php' not found or unable to stat
[Sat Jan 24 00:28:20.410077 2026] [php:error] [pid 75914] [client 52.169.124.184:0] script '/domains/system_cancel/nf.php' not found or unable to stat
[Sat Jan 24 00:28:20.480530 2026] [php:error] [pid 75914] [client 52.169.124.184:0] script '/domains/system_cancel/davaa.php' not found or unable to stat
[Sat Jan 24 00:28:20.550995 2026] [php:error] [pid 75914] [client 52.169.124.184:0] script '/domains/system_cancel/ceiif.php' not found or unable to stat
[Sat Jan 24 00:28:20.763572 2026] [php:error] [pid 75914] [client 52.169.124.184:0] script '/domains/system_cancel/class-db.php' not found or unable to stat
[Sat Jan 24 00:28:20.834134 2026] [php:error] [pid 75914] [client 52.169.124.184:0] script '/domains/system_cancel/tmpls.php' not found or unable to stat
[Sat Jan 24 00:28:21.470129 2026] [php:error] [pid 75914] [client 52.169.124.184:0] script '/domains/system_cancel/e.php' not found or unable to stat
[Sat Jan 24 00:28:21.540686 2026] [php:error] [pid 75914] [client 52.169.124.184:0] script '/domains/system_cancel/data.php' not found or unable to stat
[Sat Jan 24 00:28:21.610975 2026] [php:error] [pid 75914] [client 52.169.124.184:0] script '/domains/system_cancel/abcd.php' not found or unable to stat
[Sat Jan 24 00:28:21.823091 2026] [php:error] [pid 75914] [client 52.169.124.184:0] script '/domains/system_cancel/css.php' not found or unable to stat
[Sat Jan 24 00:28:21.893542 2026] [php:error] [pid 75914] [client 52.169.124.184:0] script '/domains/system_cancel/image.php' not found or unable to stat
[Sat Jan 24 00:28:22.105166 2026] [php:error] [pid 75914] [client 52.169.124.184:0] script '/domains/system_cancel/check.php' not found or unable to stat
[Sat Jan 24 00:28:22.619853 2026] [php:error] [pid 75919] [client 34.12.28.132:0] script '/domains/hdickens.enteract/kmnj.php' not found or unable to stat
[Sat Jan 24 00:28:22.740025 2026] [php:error] [pid 75914] [client 52.169.124.184:0] script '/domains/system_cancel/xxxx.php' not found or unable to stat
[Sat Jan 24 00:28:22.951315 2026] [php:error] [pid 75914] [client 52.169.124.184:0] script '/domains/system_cancel/xmlrpc.php' not found or unable to stat
[Sat Jan 24 00:28:23.303595 2026] [php:error] [pid 75914] [client 52.169.124.184:0] script '/domains/system_cancel/error.php' not found or unable to stat
[Sat Jan 24 00:28:42.933216 2026] [php:error] [pid 75923] [client 4.217.180.34:0] script '/domains/system_default/ol.php' not found or unable to stat
[Sat Jan 24 00:28:43.117527 2026] [php:error] [pid 75923] [client 4.217.180.34:0] script '/domains/system_default/sikma.php' not found or unable to stat
[Sat Jan 24 00:28:43.296855 2026] [php:error] [pid 75923] [client 4.217.180.34:0] script '/domains/system_default/rh1.php' not found or unable to stat
[Sat Jan 24 00:28:43.483215 2026] [php:error] [pid 75923] [client 4.217.180.34:0] script '/domains/system_default/sid3.php' not found or unable to stat
[Sat Jan 24 00:28:43.666464 2026] [php:error] [pid 75923] [client 4.217.180.34:0] script '/domains/system_default/okxh.php' not found or unable to stat
[Sat Jan 24 00:28:43.845284 2026] [php:error] [pid 75923] [client 4.217.180.34:0] script '/domains/system_default/krypton.php' not found or unable to stat
[Sat Jan 24 00:28:44.028021 2026] [php:error] [pid 75923] [client 4.217.180.34:0] script '/domains/system_default/zoo.php' not found or unable to stat
[Sat Jan 24 00:28:44.390614 2026] [php:error] [pid 75923] [client 4.217.180.34:0] script '/domains/system_default/maul.php' not found or unable to stat
[Sat Jan 24 00:28:44.932052 2026] [php:error] [pid 75923] [client 4.217.180.34:0] script '/domains/system_default/download.php' not found or unable to stat
[Sat Jan 24 00:28:45.113861 2026] [php:error] [pid 75923] [client 4.217.180.34:0] script '/domains/system_default/varb.php' not found or unable to stat
[Sat Jan 24 00:28:45.477158 2026] [php:error] [pid 75923] [client 4.217.180.34:0] script '/domains/system_default/tt.php' not found or unable to stat
[Sat Jan 24 00:28:45.698662 2026] [php:error] [pid 75923] [client 4.217.180.34:0] script '/domains/system_default/a5e0a.php' not found or unable to stat
[Sat Jan 24 00:28:45.881786 2026] [php:error] [pid 75923] [client 4.217.180.34:0] script '/domains/system_default/abc.php' not found or unable to stat
[Sat Jan 24 00:28:46.062157 2026] [php:error] [pid 75923] [client 4.217.180.34:0] script '/domains/system_default/55b76.php' not found or unable to stat
[Sat Jan 24 00:28:46.240627 2026] [php:error] [pid 75923] [client 4.217.180.34:0] script '/domains/system_default/rzki.php' not found or unable to stat
[Sat Jan 24 00:28:46.434634 2026] [php:error] [pid 75923] [client 4.217.180.34:0] script '/domains/system_default/acxx.php' not found or unable to stat
[Sat Jan 24 00:28:46.613031 2026] [php:error] [pid 75923] [client 4.217.180.34:0] script '/domains/system_default/d12.php' not found or unable to stat
[Sat Jan 24 00:28:46.797416 2026] [php:error] [pid 75923] [client 4.217.180.34:0] script '/domains/system_default/s.php' not found or unable to stat
[Sat Jan 24 00:28:46.976227 2026] [php:error] [pid 75923] [client 4.217.180.34:0] script '/domains/system_default/error_log.php' not found or unable to stat
[Sat Jan 24 00:28:47.357384 2026] [php:error] [pid 75923] [client 4.217.180.34:0] script '/domains/system_default/dox.php' not found or unable to stat
[Sat Jan 24 00:28:47.535781 2026] [php:error] [pid 75923] [client 4.217.180.34:0] script '/domains/system_default/ahax.php' not found or unable to stat
[Sat Jan 24 00:28:47.716476 2026] [php:error] [pid 75923] [client 4.217.180.34:0] script '/domains/system_default/lock360.php' not found or unable to stat
[Sat Jan 24 00:28:47.906615 2026] [php:error] [pid 75923] [client 4.217.180.34:0] script '/domains/system_default/6kUgr4yGzxN.php' not found or unable to stat
[Sat Jan 24 00:28:48.085657 2026] [php:error] [pid 75923] [client 4.217.180.34:0] script '/domains/system_default/wp.php' not found or unable to stat
[Sat Jan 24 00:28:48.275109 2026] [php:error] [pid 75923] [client 4.217.180.34:0] script '/domains/system_default/test1.php' not found or unable to stat
[Sat Jan 24 00:28:48.453801 2026] [php:error] [pid 75923] [client 4.217.180.34:0] script '/domains/system_default/clss.php' not found or unable to stat
[Sat Jan 24 00:28:48.632366 2026] [php:error] [pid 75923] [client 4.217.180.34:0] script '/domains/system_default/44.php' not found or unable to stat
[Sat Jan 24 00:28:48.821226 2026] [php:error] [pid 75923] [client 4.217.180.34:0] script '/domains/system_default/ii5file.php' not found or unable to stat
[Sat Jan 24 00:28:48.999757 2026] [php:error] [pid 75923] [client 4.217.180.34:0] script '/domains/system_default/ss.php' not found or unable to stat
[Sat Jan 24 00:28:49.192331 2026] [php:error] [pid 75923] [client 4.217.180.34:0] script '/domains/system_default/re.php' not found or unable to stat
[Sat Jan 24 00:28:49.370734 2026] [php:error] [pid 75923] [client 4.217.180.34:0] script '/domains/system_default/xsas.php' not found or unable to stat
[Sat Jan 24 00:28:49.550419 2026] [php:error] [pid 75923] [client 4.217.180.34:0] script '/domains/system_default/asus.php' not found or unable to stat
[Sat Jan 24 00:28:49.728949 2026] [php:error] [pid 75923] [client 4.217.180.34:0] script '/domains/system_default/wp-good.php' not found or unable to stat
[Sat Jan 24 00:28:49.912008 2026] [php:error] [pid 75923] [client 4.217.180.34:0] script '/domains/system_default/0x.php' not found or unable to stat
[Sat Jan 24 00:28:50.090692 2026] [php:error] [pid 75923] [client 4.217.180.34:0] script '/domains/system_default/domains.php' not found or unable to stat
[Sat Jan 24 00:28:50.269334 2026] [php:error] [pid 75923] [client 4.217.180.34:0] script '/domains/system_default/wp-goods.php' not found or unable to stat
[Sat Jan 24 00:28:50.449009 2026] [php:error] [pid 75923] [client 4.217.180.34:0] script '/domains/system_default/144.php' not found or unable to stat
[Sat Jan 24 00:28:50.631851 2026] [php:error] [pid 75923] [client 4.217.180.34:0] script '/domains/system_default/akcc.php' not found or unable to stat
[Sat Jan 24 00:28:50.813612 2026] [php:error] [pid 75923] [client 4.217.180.34:0] script '/domains/system_default/vanda.php' not found or unable to stat
[Sat Jan 24 00:28:51.001513 2026] [php:error] [pid 75923] [client 4.217.180.34:0] script '/domains/system_default/lib.php' not found or unable to stat
[Sat Jan 24 00:28:51.182214 2026] [php:error] [pid 75923] [client 4.217.180.34:0] script '/domains/system_default/zc-104.php' not found or unable to stat
[Sat Jan 24 00:28:51.361179 2026] [php:error] [pid 75923] [client 4.217.180.34:0] script '/domains/system_default/zc-729.php' not found or unable to stat
[Sat Jan 24 00:28:51.540063 2026] [php:error] [pid 75923] [client 4.217.180.34:0] script '/domains/system_default/bo.php' not found or unable to stat
[Sat Jan 24 00:28:51.719805 2026] [php:error] [pid 75923] [client 4.217.180.34:0] script '/domains/system_default/x.php' not found or unable to stat
[Sat Jan 24 00:28:51.939222 2026] [php:error] [pid 75923] [client 4.217.180.34:0] script '/domains/system_default/adminfuns.php' not found or unable to stat
[Sat Jan 24 00:28:52.117661 2026] [php:error] [pid 75923] [client 4.217.180.34:0] script '/domains/system_default/56c53.php' not found or unable to stat
[Sat Jan 24 00:28:52.296146 2026] [php:error] [pid 75923] [client 4.217.180.34:0] script '/domains/system_default/FII.php' not found or unable to stat
[Sat Jan 24 00:28:52.474847 2026] [php:error] [pid 75923] [client 4.217.180.34:0] script '/domains/system_default/wp-ac.php' not found or unable to stat
[Sat Jan 24 00:28:52.653572 2026] [php:error] [pid 75923] [client 4.217.180.34:0] script '/domains/system_default/atex1.php' not found or unable to stat
[Sat Jan 24 00:28:52.841110 2026] [php:error] [pid 75923] [client 4.217.180.34:0] script '/domains/system_default/blox.php' not found or unable to stat
[Sat Jan 24 00:28:53.019660 2026] [php:error] [pid 75923] [client 4.217.180.34:0] script '/domains/system_default/wp-64wscx6shd.php' not found or unable to stat
[Sat Jan 24 00:28:53.198710 2026] [php:error] [pid 75923] [client 4.217.180.34:0] script '/domains/system_default/gecko.php' not found or unable to stat
[Sat Jan 24 00:28:53.377246 2026] [php:error] [pid 75923] [client 4.217.180.34:0] script '/domains/system_default/sxx.php' not found or unable to stat
[Sat Jan 24 00:28:53.558369 2026] [php:error] [pid 75923] [client 4.217.180.34:0] script '/domains/system_default/mode.php' not found or unable to stat
[Sat Jan 24 00:28:53.740048 2026] [php:error] [pid 75923] [client 4.217.180.34:0] script '/domains/system_default/z60.php' not found or unable to stat
[Sat Jan 24 00:28:53.919461 2026] [php:error] [pid 75923] [client 4.217.180.34:0] script '/domains/system_default/hehe.php' not found or unable to stat
[Sat Jan 24 00:28:54.097974 2026] [php:error] [pid 75923] [client 4.217.180.34:0] script '/domains/system_default/asd.php' not found or unable to stat
[Sat Jan 24 00:28:54.276333 2026] [php:error] [pid 75923] [client 4.217.180.34:0] script '/domains/system_default/5b9ac.php' not found or unable to stat
[Sat Jan 24 00:28:54.454640 2026] [php:error] [pid 75923] [client 4.217.180.34:0] script '/domains/system_default/k.php' not found or unable to stat
[Sat Jan 24 00:28:54.635565 2026] [php:error] [pid 75923] [client 4.217.180.34:0] script '/domains/system_default/edit.php' not found or unable to stat
[Sat Jan 24 00:28:54.821945 2026] [php:error] [pid 75923] [client 4.217.180.34:0] script '/domains/system_default/t.php' not found or unable to stat
[Sat Jan 24 00:28:55.004065 2026] [php:error] [pid 75923] [client 4.217.180.34:0] script '/domains/system_default/lm15.php' not found or unable to stat
[Sat Jan 24 00:28:55.204114 2026] [php:error] [pid 75923] [client 4.217.180.34:0] script '/domains/system_default/6kDPjgFTmvS.php' not found or unable to stat
[Sat Jan 24 00:28:55.412416 2026] [php:error] [pid 75923] [client 4.217.180.34:0] script '/domains/system_default/222.php' not found or unable to stat
[Sat Jan 24 00:28:55.590837 2026] [php:error] [pid 75923] [client 4.217.180.34:0] script '/domains/system_default/admin836.php' not found or unable to stat
[Sat Jan 24 00:28:55.771463 2026] [php:error] [pid 75923] [client 4.217.180.34:0] script '/domains/system_default/sx.php' not found or unable to stat
[Sat Jan 24 00:28:55.950085 2026] [php:error] [pid 75923] [client 4.217.180.34:0] script '/domains/system_default/lufix.php' not found or unable to stat
[Sat Jan 24 00:29:31.320578 2026] [php:error] [pid 75932] [client 192.253.209.39:0] script '/domains/sjsachs/simple.php' not found or unable to stat
[Sat Jan 24 00:29:31.448130 2026] [php:error] [pid 75932] [client 192.253.209.39:0] script '/domains/sjsachs/inputs.php' not found or unable to stat
[Sat Jan 24 00:29:31.576956 2026] [php:error] [pid 75932] [client 192.253.209.39:0] script '/domains/sjsachs/autoload_classmap.php' not found or unable to stat
[Sat Jan 24 00:29:32.080438 2026] [php:error] [pid 75932] [client 192.253.209.39:0] script '/domains/sjsachs/file2.php' not found or unable to stat
[Sat Jan 24 00:29:32.184297 2026] [php:error] [pid 75932] [client 192.253.209.39:0] script '/domains/sjsachs/file.php' not found or unable to stat
[Sat Jan 24 00:29:32.242773 2026] [php:error] [pid 75932] [client 192.253.209.39:0] script '/domains/sjsachs/chosen.php' not found or unable to stat
[Sat Jan 24 00:29:32.296135 2026] [php:error] [pid 75932] [client 192.253.209.39:0] script '/domains/sjsachs/item.php' not found or unable to stat
[Sat Jan 24 00:29:32.545013 2026] [php:error] [pid 75932] [client 192.253.209.39:0] script '/domains/sjsachs/zwso.php' not found or unable to stat
[Sat Jan 24 00:29:32.646393 2026] [php:error] [pid 75932] [client 192.253.209.39:0] script '/domains/sjsachs/wp-conflg.php' not found or unable to stat
[Sat Jan 24 00:29:32.916111 2026] [php:error] [pid 75921] [client 20.219.136.84:0] script '/domains/jaspen/admin.php' not found or unable to stat
[Sat Jan 24 00:29:33.129218 2026] [php:error] [pid 75921] [client 20.219.136.84:0] script '/domains/jaspen/manager.php' not found or unable to stat
[Sat Jan 24 00:29:33.994544 2026] [php:error] [pid 75921] [client 20.219.136.84:0] script '/domains/jaspen/goods.php' not found or unable to stat
[Sat Jan 24 00:29:34.138794 2026] [php:error] [pid 75932] [client 192.253.209.39:0] script '/domains/sjsachs/cong.php' not found or unable to stat
[Sat Jan 24 00:29:34.243867 2026] [php:error] [pid 75921] [client 20.219.136.84:0] script '/domains/jaspen/chosen.php' not found or unable to stat
[Sat Jan 24 00:29:34.346189 2026] [php:error] [pid 75932] [client 192.253.209.39:0] script '/domains/sjsachs/dropdown.php' not found or unable to stat
[Sat Jan 24 00:29:34.670622 2026] [php:error] [pid 75921] [client 20.219.136.84:0] script '/domains/jaspen/about.php' not found or unable to stat
[Sat Jan 24 00:29:34.834352 2026] [php:error] [pid 75932] [client 192.253.209.39:0] script '/domains/sjsachs/repeater.php' not found or unable to stat
[Sat Jan 24 00:29:34.884463 2026] [php:error] [pid 75921] [client 20.219.136.84:0] script '/domains/jaspen/deepseek_d.php' not found or unable to stat
[Sat Jan 24 00:29:34.886291 2026] [php:error] [pid 75932] [client 192.253.209.39:0] script '/domains/sjsachs/wp-2019.php' not found or unable to stat
[Sat Jan 24 00:29:34.957259 2026] [php:error] [pid 75932] [client 192.253.209.39:0] script '/domains/sjsachs/atomlib.php' not found or unable to stat
[Sat Jan 24 00:29:35.020223 2026] [php:error] [pid 75932] [client 192.253.209.39:0] script '/domains/sjsachs/css.php' not found or unable to stat
[Sat Jan 24 00:29:35.084199 2026] [php:error] [pid 75932] [client 192.253.209.39:0] script '/domains/sjsachs/log.php' not found or unable to stat
[Sat Jan 24 00:29:35.103481 2026] [php:error] [pid 75921] [client 20.219.136.84:0] script '/domains/jaspen/elp.php' not found or unable to stat
[Sat Jan 24 00:29:35.135307 2026] [php:error] [pid 75932] [client 192.253.209.39:0] script '/domains/sjsachs/mail.php' not found or unable to stat
[Sat Jan 24 00:29:35.186707 2026] [php:error] [pid 75932] [client 192.253.209.39:0] script '/domains/sjsachs/lufix.php' not found or unable to stat
[Sat Jan 24 00:29:35.261808 2026] [php:error] [pid 75932] [client 192.253.209.39:0] script '/domains/sjsachs/doc.php' not found or unable to stat
[Sat Jan 24 00:29:35.329343 2026] [php:error] [pid 75921] [client 20.219.136.84:0] script '/domains/jaspen/bless.php' not found or unable to stat
[Sat Jan 24 00:29:35.335848 2026] [php:error] [pid 75932] [client 192.253.209.39:0] script '/domains/sjsachs/bak.php' not found or unable to stat
[Sat Jan 24 00:29:35.391550 2026] [php:error] [pid 75932] [client 192.253.209.39:0] script '/domains/sjsachs/content.php' not found or unable to stat
[Sat Jan 24 00:29:35.459809 2026] [php:error] [pid 75932] [client 192.253.209.39:0] script '/domains/sjsachs/upfile.php' not found or unable to stat
[Sat Jan 24 00:29:35.547612 2026] [php:error] [pid 75921] [client 20.219.136.84:0] script '/domains/jaspen/edit.php' not found or unable to stat
[Sat Jan 24 00:29:35.693267 2026] [php:error] [pid 75932] [client 192.253.209.39:0] script '/domains/sjsachs/wp.php' not found or unable to stat
[Sat Jan 24 00:29:35.748487 2026] [php:error] [pid 75932] [client 192.253.209.39:0] script '/domains/sjsachs/bypass.php' not found or unable to stat
[Sat Jan 24 00:29:35.762016 2026] [php:error] [pid 75921] [client 20.219.136.84:0] script '/domains/jaspen/simple.php' not found or unable to stat
[Sat Jan 24 00:29:35.799118 2026] [php:error] [pid 75932] [client 192.253.209.39:0] script '/domains/sjsachs/wp-activate.php' not found or unable to stat
[Sat Jan 24 00:29:35.851838 2026] [php:error] [pid 75932] [client 192.253.209.39:0] script '/domains/sjsachs/updates.php' not found or unable to stat
[Sat Jan 24 00:29:36.172513 2026] [php:error] [pid 75932] [client 192.253.209.39:0] script '/domains/sjsachs/radio.php' not found or unable to stat
[Sat Jan 24 00:29:36.286002 2026] [php:error] [pid 75932] [client 192.253.209.39:0] script '/domains/sjsachs/plugins.php' not found or unable to stat
[Sat Jan 24 00:29:36.383623 2026] [php:error] [pid 75932] [client 192.253.209.39:0] script '/domains/sjsachs/xmrlpc.php' not found or unable to stat
[Sat Jan 24 00:29:36.407698 2026] [php:error] [pid 75921] [client 20.219.136.84:0] script '/domains/jaspen/ioxi-o.php' not found or unable to stat
[Sat Jan 24 00:29:36.440455 2026] [php:error] [pid 75932] [client 192.253.209.39:0] script '/domains/sjsachs/ae.php' not found or unable to stat
[Sat Jan 24 00:29:36.497914 2026] [php:error] [pid 75932] [client 192.253.209.39:0] script '/domains/sjsachs/moon.php' not found or unable to stat
[Sat Jan 24 00:29:36.561395 2026] [php:error] [pid 75932] [client 192.253.209.39:0] script '/domains/sjsachs/blog.php' not found or unable to stat
[Sat Jan 24 00:29:36.835223 2026] [php:error] [pid 75921] [client 20.219.136.84:0] script '/domains/jaspen/test.php' not found or unable to stat
[Sat Jan 24 00:29:37.477457 2026] [php:error] [pid 75921] [client 20.219.136.84:0] script '/domains/jaspen/classwithtostring.php' not found or unable to stat
[Sat Jan 24 00:29:37.705647 2026] [php:error] [pid 75932] [client 192.253.209.39:0] script '/domains/sjsachs/themes.php' not found or unable to stat
[Sat Jan 24 00:29:37.762349 2026] [php:error] [pid 75932] [client 192.253.209.39:0] script '/domains/sjsachs/ini.php' not found or unable to stat
[Sat Jan 24 00:29:37.828253 2026] [php:error] [pid 75932] [client 192.253.209.39:0] script '/domains/sjsachs/as.php' not found or unable to stat
[Sat Jan 24 00:29:37.904689 2026] [php:error] [pid 75932] [client 192.253.209.39:0] script '/domains/sjsachs/shell.php' not found or unable to stat
[Sat Jan 24 00:29:37.976711 2026] [php:error] [pid 75932] [client 192.253.209.39:0] script '/domains/sjsachs/ws.php' not found or unable to stat
[Sat Jan 24 00:29:38.046419 2026] [php:error] [pid 75932] [client 192.253.209.39:0] script '/domains/sjsachs/makeasmtp.php' not found or unable to stat
[Sat Jan 24 00:29:38.128854 2026] [php:error] [pid 75932] [client 192.253.209.39:0] script '/domains/sjsachs/wp-sigunq.php' not found or unable to stat
[Sat Jan 24 00:29:38.138076 2026] [php:error] [pid 75921] [client 20.219.136.84:0] script '/domains/jaspen/2.php' not found or unable to stat
[Sat Jan 24 00:29:38.352731 2026] [php:error] [pid 75921] [client 20.219.136.84:0] script '/domains/jaspen/functions.php' not found or unable to stat
[Sat Jan 24 00:29:38.369529 2026] [php:error] [pid 75932] [client 192.253.209.39:0] script '/domains/sjsachs/wso112233.php' not found or unable to stat
[Sat Jan 24 00:29:38.574658 2026] [php:error] [pid 75921] [client 20.219.136.84:0] script '/domains/jaspen/index.php' not found or unable to stat
[Sat Jan 24 00:29:38.722318 2026] [php:error] [pid 75932] [client 192.253.209.39:0] script '/domains/sjsachs/wp-atom.php' not found or unable to stat
[Sat Jan 24 00:29:38.777878 2026] [php:error] [pid 75932] [client 192.253.209.39:0] script '/domains/sjsachs/alfanew.php' not found or unable to stat
[Sat Jan 24 00:29:38.827534 2026] [php:error] [pid 75932] [client 192.253.209.39:0] script '/domains/sjsachs/fw.php' not found or unable to stat
[Sat Jan 24 00:29:38.932460 2026] [php:error] [pid 75932] [client 192.253.209.39:0] script '/domains/sjsachs/install.php' not found or unable to stat
[Sat Jan 24 00:29:39.028298 2026] [php:error] [pid 75932] [client 192.253.209.39:0] script '/domains/sjsachs/wp-login.php' not found or unable to stat
[Sat Jan 24 00:29:39.123068 2026] [php:error] [pid 75932] [client 192.253.209.39:0] script '/domains/sjsachs/XxX.php' not found or unable to stat
[Sat Jan 24 00:29:39.239248 2026] [php:error] [pid 75932] [client 192.253.209.39:0] script '/domains/sjsachs/Marvins.php' not found or unable to stat
[Sat Jan 24 00:29:39.453924 2026] [php:error] [pid 75921] [client 20.219.136.84:0] script '/domains/jaspen/aaa.php' not found or unable to stat
[Sat Jan 24 00:29:39.600956 2026] [php:error] [pid 75932] [client 192.253.209.39:0] script '/domains/sjsachs/olux.php' not found or unable to stat
[Sat Jan 24 00:29:39.652381 2026] [php:error] [pid 75932] [client 192.253.209.39:0] script '/domains/sjsachs/wso.php' not found or unable to stat
[Sat Jan 24 00:29:39.671783 2026] [php:error] [pid 75921] [client 20.219.136.84:0] script '/domains/jaspen/inputs.php' not found or unable to stat
[Sat Jan 24 00:29:39.892544 2026] [php:error] [pid 75921] [client 20.219.136.84:0] script '/domains/jaspen/log.php' not found or unable to stat
[Sat Jan 24 00:29:39.967617 2026] [php:error] [pid 75932] [client 192.253.209.39:0] script '/domains/sjsachs/uploader.php' not found or unable to stat
[Sat Jan 24 00:29:40.027129 2026] [php:error] [pid 75932] [client 192.253.209.39:0] script '/domains/sjsachs/1337.php' not found or unable to stat
[Sat Jan 24 00:29:40.118051 2026] [php:error] [pid 75921] [client 20.219.136.84:0] script '/domains/jaspen/man.php' not found or unable to stat
[Sat Jan 24 00:29:40.142363 2026] [php:error] [pid 75932] [client 192.253.209.39:0] script '/domains/sjsachs/user.php' not found or unable to stat
[Sat Jan 24 00:29:40.260375 2026] [php:error] [pid 75932] [client 192.253.209.39:0] script '/domains/sjsachs/wp-info.php' not found or unable to stat
[Sat Jan 24 00:29:40.310348 2026] [php:error] [pid 75932] [client 192.253.209.39:0] script '/domains/sjsachs/wxo.php' not found or unable to stat
[Sat Jan 24 00:29:40.344948 2026] [php:error] [pid 75921] [client 20.219.136.84:0] script '/domains/jaspen/1.php' not found or unable to stat
[Sat Jan 24 00:29:40.380161 2026] [php:error] [pid 75932] [client 192.253.209.39:0] script '/domains/sjsachs/amigo.php' not found or unable to stat
[Sat Jan 24 00:29:40.475998 2026] [php:error] [pid 75932] [client 192.253.209.39:0] script '/domains/sjsachs/yoi.php' not found or unable to stat
[Sat Jan 24 00:29:40.559166 2026] [php:error] [pid 75921] [client 20.219.136.84:0] script '/domains/jaspen/aa.php' not found or unable to stat
[Sat Jan 24 00:29:40.781456 2026] [php:error] [pid 75921] [client 20.219.136.84:0] script '/domains/jaspen/dropdown.php' not found or unable to stat
[Sat Jan 24 00:29:40.994752 2026] [php:error] [pid 75921] [client 20.219.136.84:0] script '/domains/jaspen/rtx.php' not found or unable to stat
[Sat Jan 24 00:29:41.424529 2026] [php:error] [pid 75932] [client 192.253.209.39:0] script '/domains/sjsachs/wp-contentt.php' not found or unable to stat
[Sat Jan 24 00:29:41.528054 2026] [php:error] [pid 75932] [client 192.253.209.39:0] script '/domains/sjsachs/we1y8.php' not found or unable to stat
[Sat Jan 24 00:29:42.015517 2026] [php:error] [pid 75932] [client 192.253.209.39:0] script '/domains/sjsachs/hehe.php' not found or unable to stat
[Sat Jan 24 00:29:42.280359 2026] [php:error] [pid 75932] [client 192.253.209.39:0] script '/domains/sjsachs/post-data.php' not found or unable to stat
[Sat Jan 24 00:29:42.302796 2026] [php:error] [pid 75921] [client 20.219.136.84:0] script '/domains/jaspen/atomlib.php' not found or unable to stat
[Sat Jan 24 00:29:42.357310 2026] [php:error] [pid 75932] [client 192.253.209.39:0] script '/domains/sjsachs/w0.php' not found or unable to stat
[Sat Jan 24 00:29:42.442640 2026] [php:error] [pid 75932] [client 192.253.209.39:0] script '/domains/sjsachs/old-index.php' not found or unable to stat
[Sat Jan 24 00:29:42.500567 2026] [php:error] [pid 75932] [client 192.253.209.39:0] script '/domains/sjsachs/wsanon.php' not found or unable to stat
[Sat Jan 24 00:29:42.517142 2026] [php:error] [pid 75921] [client 20.219.136.84:0] script '/domains/jaspen/info.php' not found or unable to stat
[Sat Jan 24 00:29:42.749714 2026] [php:error] [pid 75921] [client 20.219.136.84:0] script '/domains/jaspen/lock360.php' not found or unable to stat
[Sat Jan 24 00:29:43.193828 2026] [php:error] [pid 75921] [client 20.219.136.84:0] script '/domains/jaspen/vx.php' not found or unable to stat
[Sat Jan 24 00:29:43.526770 2026] [php:error] [pid 75932] [client 192.253.209.39:0] script '/domains/sjsachs/indo.php' not found or unable to stat
[Sat Jan 24 00:29:43.583152 2026] [php:error] [pid 75932] [client 192.253.209.39:0] script '/domains/sjsachs/beence.php' not found or unable to stat
[Sat Jan 24 00:29:43.819554 2026] [php:error] [pid 75932] [client 192.253.209.39:0] script '/domains/sjsachs/indosec.php' not found or unable to stat
[Sat Jan 24 00:29:43.834702 2026] [php:error] [pid 75921] [client 20.219.136.84:0] script '/domains/jaspen/wp-content.php' not found or unable to stat
[Sat Jan 24 00:29:43.879741 2026] [php:error] [pid 75932] [client 192.253.209.39:0] script '/domains/sjsachs/archives.php' not found or unable to stat
[Sat Jan 24 00:29:43.946704 2026] [php:error] [pid 75932] [client 192.253.209.39:0] script '/domains/sjsachs/po8sa.php' not found or unable to stat
[Sat Jan 24 00:29:44.020182 2026] [php:error] [pid 75932] [client 192.253.209.39:0] script '/domains/sjsachs/thesmartestx.php' not found or unable to stat
[Sat Jan 24 00:29:44.100273 2026] [php:error] [pid 75932] [client 192.253.209.39:0] script '/domains/sjsachs/zcanp.php' not found or unable to stat
[Sat Jan 24 00:29:44.291027 2026] [php:error] [pid 75919] [client 192.253.209.35:0] script '/domains/sjsachs/pvt.php' not found or unable to stat
[Sat Jan 24 00:29:44.340737 2026] [php:error] [pid 75919] [client 192.253.209.35:0] script '/domains/sjsachs/shell20211028.php' not found or unable to stat
[Sat Jan 24 00:29:44.406772 2026] [php:error] [pid 75919] [client 192.253.209.35:0] script '/domains/sjsachs/cgi-bin/wp-2019.php' not found or unable to stat
[Sat Jan 24 00:29:44.496470 2026] [php:error] [pid 75919] [client 192.253.209.35:0] script '/domains/sjsachs/crypted.php' not found or unable to stat
[Sat Jan 24 00:29:44.557177 2026] [php:error] [pid 75919] [client 192.253.209.35:0] script '/domains/sjsachs/h0110w4y.php' not found or unable to stat
[Sat Jan 24 00:29:44.604889 2026] [php:error] [pid 75919] [client 192.253.209.35:0] script '/domains/sjsachs/vesiw.php' not found or unable to stat
[Sat Jan 24 00:29:44.654165 2026] [php:error] [pid 75919] [client 192.253.209.35:0] script '/domains/sjsachs/w.php' not found or unable to stat
[Sat Jan 24 00:29:44.725171 2026] [php:error] [pid 75919] [client 192.253.209.35:0] script '/domains/sjsachs/wp-db.php' not found or unable to stat
[Sat Jan 24 00:29:45.321956 2026] [php:error] [pid 75919] [client 192.253.209.35:0] script '/domains/sjsachs/lx.php' not found or unable to stat
[Sat Jan 24 00:29:45.371443 2026] [php:error] [pid 75919] [client 192.253.209.35:0] script '/domains/sjsachs/tonant.php' not found or unable to stat
[Sat Jan 24 00:29:45.396446 2026] [php:error] [pid 75921] [client 20.219.136.84:0] script '/domains/jaspen/adminfuns.php' not found or unable to stat
[Sat Jan 24 00:29:45.590143 2026] [php:error] [pid 75919] [client 192.253.209.35:0] script '/domains/sjsachs/f0x.php' not found or unable to stat
[Sat Jan 24 00:29:45.624977 2026] [php:error] [pid 75921] [client 20.219.136.84:0] script '/domains/jaspen/ahax.php' not found or unable to stat
[Sat Jan 24 00:29:45.677672 2026] [php:error] [pid 75919] [client 192.253.209.35:0] script '/domains/sjsachs/config.bak.php' not found or unable to stat
[Sat Jan 24 00:29:45.733994 2026] [php:error] [pid 75919] [client 192.253.209.35:0] script '/domains/sjsachs/bypass403.php' not found or unable to stat
[Sat Jan 24 00:29:45.804460 2026] [php:error] [pid 75919] [client 192.253.209.35:0] script '/domains/sjsachs/adminer.php' not found or unable to stat
[Sat Jan 24 00:29:45.853813 2026] [php:error] [pid 75921] [client 20.219.136.84:0] script '/domains/jaspen/autoload_classmap.php' not found or unable to stat
[Sat Jan 24 00:29:46.056531 2026] [php:error] [pid 75919] [client 192.253.209.35:0] script '/domains/sjsachs/allahnaber.php' not found or unable to stat
[Sat Jan 24 00:29:46.125096 2026] [php:error] [pid 75919] [client 192.253.209.35:0] script '/domains/sjsachs/AK-74.php' not found or unable to stat
[Sat Jan 24 00:29:46.282637 2026] [php:error] [pid 75921] [client 20.219.136.84:0] script '/domains/jaspen/file.php' not found or unable to stat
[Sat Jan 24 00:29:46.448234 2026] [php:error] [pid 75919] [client 192.253.209.35:0] script '/domains/sjsachs/alfa3.php' not found or unable to stat
[Sat Jan 24 00:29:46.498611 2026] [php:error] [pid 75921] [client 20.219.136.84:0] script '/domains/jaspen/file5.php' not found or unable to stat
[Sat Jan 24 00:29:46.553884 2026] [php:error] [pid 75919] [client 192.253.209.35:0] script '/domains/sjsachs/alfaindex.php' not found or unable to stat
[Sat Jan 24 00:29:46.667636 2026] [php:error] [pid 75919] [client 192.253.209.35:0] script '/domains/sjsachs/alfa.php' not found or unable to stat
[Sat Jan 24 00:29:46.724412 2026] [php:error] [pid 75919] [client 192.253.209.35:0] script '/domains/sjsachs/c99.php' not found or unable to stat
[Sat Jan 24 00:29:46.774253 2026] [php:error] [pid 75919] [client 192.253.209.35:0] script '/domains/sjsachs/cmd.php' not found or unable to stat
[Sat Jan 24 00:29:46.831315 2026] [php:error] [pid 75919] [client 192.253.209.35:0] script '/domains/sjsachs/cw.php' not found or unable to stat
[Sat Jan 24 00:29:46.957111 2026] [php:error] [pid 75919] [client 192.253.209.35:0] script '/domains/sjsachs/date.php' not found or unable to stat
[Sat Jan 24 00:29:47.180257 2026] [php:error] [pid 75919] [client 192.253.209.35:0] script '/domains/sjsachs/haxor.php' not found or unable to stat
[Sat Jan 24 00:29:47.511591 2026] [php:error] [pid 75919] [client 192.253.209.35:0] script '/domains/sjsachs/icomsium.php' not found or unable to stat
[Sat Jan 24 00:29:47.635394 2026] [php:error] [pid 75919] [client 192.253.209.35:0] script '/domains/sjsachs/ico.php' not found or unable to stat
[Sat Jan 24 00:29:47.823867 2026] [php:error] [pid 75919] [client 192.253.209.35:0] script '/domains/sjsachs/leaf.php' not found or unable to stat
[Sat Jan 24 00:29:47.900830 2026] [php:error] [pid 75919] [client 192.253.209.35:0] script '/domains/sjsachs/marijuana.php' not found or unable to stat
[Sat Jan 24 00:29:47.994874 2026] [php:error] [pid 75919] [client 192.253.209.35:0] script '/domains/sjsachs/mass.php' not found or unable to stat
[Sat Jan 24 00:29:48.057149 2026] [php:error] [pid 75919] [client 192.253.209.35:0] script '/domains/sjsachs/mini.php' not found or unable to stat
[Sat Jan 24 00:29:48.116888 2026] [php:error] [pid 75919] [client 192.253.209.35:0] script '/domains/sjsachs/priv8.php' not found or unable to stat
[Sat Jan 24 00:29:48.165808 2026] [php:error] [pid 75919] [client 192.253.209.35:0] script '/domains/sjsachs/pws.php' not found or unable to stat
[Sat Jan 24 00:29:48.237971 2026] [php:error] [pid 75919] [client 192.253.209.35:0] script '/domains/sjsachs/r57.php' not found or unable to stat
[Sat Jan 24 00:29:48.288431 2026] [php:error] [pid 75919] [client 192.253.209.35:0] script '/domains/sjsachs/robots.php' not found or unable to stat
[Sat Jan 24 00:29:48.341800 2026] [php:error] [pid 75919] [client 192.253.209.35:0] script '/domains/sjsachs/snd.php' not found or unable to stat
[Sat Jan 24 00:29:48.466186 2026] [php:error] [pid 75921] [client 20.219.136.84:0] script '/domains/jaspen/xmlrpc.php' not found or unable to stat
[Sat Jan 24 00:29:48.684776 2026] [php:error] [pid 75919] [client 192.253.209.35:0] script '/domains/sjsachs/wp-class.php' not found or unable to stat
[Sat Jan 24 00:29:48.687012 2026] [php:error] [pid 75921] [client 20.219.136.84:0] script '/domains/jaspen/alfa.php' not found or unable to stat
[Sat Jan 24 00:29:48.908011 2026] [php:error] [pid 75921] [client 20.219.136.84:0] script '/domains/jaspen/as.php' not found or unable to stat
[Sat Jan 24 00:29:49.334824 2026] [php:error] [pid 75921] [client 20.219.136.84:0] script '/domains/jaspen/class-t.api.php' not found or unable to stat
[Sat Jan 24 00:29:49.548527 2026] [php:error] [pid 75921] [client 20.219.136.84:0] script '/domains/jaspen/indoxploit.php' not found or unable to stat
[Sat Jan 24 00:29:49.589473 2026] [php:error] [pid 75919] [client 192.253.209.35:0] script '/domains/sjsachs/new-index.php' not found or unable to stat
[Sat Jan 24 00:29:49.762242 2026] [php:error] [pid 75921] [client 20.219.136.84:0] script '/domains/jaspen/shell.php' not found or unable to stat
[Sat Jan 24 00:29:49.975418 2026] [php:error] [pid 75921] [client 20.219.136.84:0] script '/domains/jaspen/system.php' not found or unable to stat
[Sat Jan 24 00:29:50.189434 2026] [php:error] [pid 75921] [client 20.219.136.84:0] script '/domains/jaspen/wp-admin.php' not found or unable to stat
[Sat Jan 24 00:29:51.549228 2026] [php:error] [pid 75921] [client 20.219.136.84:0] script '/domains/jaspen/wp-block.php' not found or unable to stat
[Sat Jan 24 00:29:52.196564 2026] [php:error] [pid 75921] [client 20.219.136.84:0] script '/domains/jaspen/wp-good.php' not found or unable to stat
[Sat Jan 24 00:29:52.502201 2026] [php:error] [pid 75919] [client 192.253.209.35:0] script '/domains/sjsachs/class-wp-widget-archives.php' not found or unable to stat
[Sat Jan 24 00:29:54.188662 2026] [php:error] [pid 75921] [client 20.219.136.84:0] script '/domains/jaspen/01.php' not found or unable to stat
[Sat Jan 24 00:29:54.229215 2026] [php:error] [pid 75919] [client 192.253.209.35:0] script '/domains/sjsachs/xleet-shell.php' not found or unable to stat
[Sat Jan 24 00:29:54.281090 2026] [php:error] [pid 75919] [client 192.253.209.35:0] script '/domains/sjsachs/xleet.php' not found or unable to stat
[Sat Jan 24 00:29:54.361958 2026] [php:error] [pid 75919] [client 192.253.209.35:0] script '/domains/sjsachs/xleetshell.php' not found or unable to stat
[Sat Jan 24 00:29:54.401754 2026] [php:error] [pid 75921] [client 20.219.136.84:0] script '/domains/jaspen/222.php' not found or unable to stat
[Sat Jan 24 00:29:54.555425 2026] [php:error] [pid 75919] [client 192.253.209.35:0] script '/domains/sjsachs/xlt.php' not found or unable to stat
[Sat Jan 24 00:29:54.616236 2026] [php:error] [pid 75921] [client 20.219.136.84:0] script '/domains/jaspen/403.php' not found or unable to stat
[Sat Jan 24 00:29:54.844256 2026] [php:error] [pid 75921] [client 20.219.136.84:0] script '/domains/jaspen/404.php' not found or unable to stat
[Sat Jan 24 00:29:54.928012 2026] [php:error] [pid 75919] [client 192.253.209.35:0] script '/domains/sjsachs/wp-apxupx.php' not found or unable to stat
[Sat Jan 24 00:29:55.283004 2026] [php:error] [pid 75919] [client 192.253.209.35:0] script '/domains/sjsachs/nf_tracking.php' not found or unable to stat
[Sat Jan 24 00:29:55.345624 2026] [php:error] [pid 75919] [client 192.253.209.35:0] script '/domains/sjsachs/class.api.php' not found or unable to stat
[Sat Jan 24 00:29:55.394373 2026] [php:error] [pid 75919] [client 192.253.209.35:0] script '/domains/sjsachs/xl2023.php' not found or unable to stat
[Sat Jan 24 00:29:55.458774 2026] [php:error] [pid 75919] [client 192.253.209.35:0] script '/domains/sjsachs/wp-head.php' not found or unable to stat
[Sat Jan 24 00:29:55.507780 2026] [php:error] [pid 75919] [client 192.253.209.35:0] script '/domains/sjsachs/wp-pano.php' not found or unable to stat
[Sat Jan 24 00:29:55.526884 2026] [php:error] [pid 75929] [client 20.219.136.84:0] script '/domains/jaspen/Q.php' not found or unable to stat
[Sat Jan 24 00:29:55.669552 2026] [php:error] [pid 75919] [client 192.253.209.35:0] script '/domains/sjsachs/xmlrpc.php' not found or unable to stat
[Sat Jan 24 00:29:55.718369 2026] [php:error] [pid 75919] [client 192.253.209.35:0] script '/domains/sjsachs/wp-admin.php' not found or unable to stat
[Sat Jan 24 00:29:55.755663 2026] [php:error] [pid 75929] [client 20.219.136.84:0] script '/domains/jaspen/WSO.php' not found or unable to stat
[Sat Jan 24 00:29:55.983381 2026] [php:error] [pid 75929] [client 20.219.136.84:0] script '/domains/jaspen/abc.php' not found or unable to stat
[Sat Jan 24 00:29:56.196795 2026] [php:error] [pid 75919] [client 192.253.209.35:0] script '/domains/sjsachs/WSOEnigma.php' not found or unable to stat
[Sat Jan 24 00:29:56.211847 2026] [php:error] [pid 75929] [client 20.219.136.84:0] script '/domains/jaspen/abcd.php' not found or unable to stat
[Sat Jan 24 00:29:56.740005 2026] [php:error] [pid 75919] [client 192.253.209.35:0] script '/domains/sjsachs/mah.php' not found or unable to stat
[Sat Jan 24 00:29:57.923278 2026] [php:error] [pid 75939] [client 192.253.209.6:0] script '/domains/sjsachs/test.php' not found or unable to stat
[Sat Jan 24 00:29:58.048719 2026] [php:error] [pid 75929] [client 20.219.136.84:0] script '/domains/jaspen/auth.php' not found or unable to stat
[Sat Jan 24 00:29:58.071606 2026] [php:error] [pid 75939] [client 192.253.209.6:0] script '/domains/sjsachs/gebase.php' not found or unable to stat
[Sat Jan 24 00:29:58.276468 2026] [php:error] [pid 75929] [client 20.219.136.84:0] script '/domains/jaspen/byp.php' not found or unable to stat
[Sat Jan 24 00:29:58.516739 2026] [php:error] [pid 75929] [client 20.219.136.84:0] script '/domains/jaspen/c.php' not found or unable to stat
[Sat Jan 24 00:29:58.550137 2026] [php:error] [pid 75939] [client 192.253.209.6:0] script '/domains/sjsachs/defaults.php' not found or unable to stat
[Sat Jan 24 00:29:58.604982 2026] [php:error] [pid 75939] [client 192.253.209.6:0] script '/domains/sjsachs/asasx.php' not found or unable to stat
[Sat Jan 24 00:29:58.751584 2026] [php:error] [pid 75929] [client 20.219.136.84:0] script '/domains/jaspen/ca4.php' not found or unable to stat
[Sat Jan 24 00:29:58.863547 2026] [php:error] [pid 75939] [client 192.253.209.6:0] script '/domains/sjsachs/contact.php' not found or unable to stat
[Sat Jan 24 00:29:59.433734 2026] [php:error] [pid 75929] [client 20.219.136.84:0] script '/domains/jaspen/config.php' not found or unable to stat
[Sat Jan 24 00:29:59.468740 2026] [php:error] [pid 75939] [client 192.253.209.6:0] script '/domains/sjsachs/classwithtostring.php' not found or unable to stat
[Sat Jan 24 00:29:59.558198 2026] [php:error] [pid 75939] [client 192.253.209.6:0] script '/domains/sjsachs/mah.php' not found or unable to stat
[Sat Jan 24 00:29:59.680396 2026] [php:error] [pid 75929] [client 20.219.136.84:0] script '/domains/jaspen/connector.php' not found or unable to stat
[Sat Jan 24 00:29:59.895706 2026] [php:error] [pid 75939] [client 192.253.209.6:0] script '/domains/sjsachs/wp-add.php' not found or unable to stat
[Sat Jan 24 00:29:59.915282 2026] [php:error] [pid 75929] [client 20.219.136.84:0] script '/domains/jaspen/content.php' not found or unable to stat
[Sat Jan 24 00:30:00.381883 2026] [php:error] [pid 75929] [client 20.219.136.84:0] script '/domains/jaspen/favicon.php' not found or unable to stat
[Sat Jan 24 00:30:00.610115 2026] [php:error] [pid 75929] [client 20.219.136.84:0] script '/domains/jaspen/file56.php' not found or unable to stat
[Sat Jan 24 00:30:00.837646 2026] [php:error] [pid 75929] [client 20.219.136.84:0] script '/domains/jaspen/flower.php' not found or unable to stat
[Sat Jan 24 00:30:01.060540 2026] [php:error] [pid 75939] [client 192.253.209.6:0] script '/domains/sjsachs/403.php' not found or unable to stat
[Sat Jan 24 00:30:01.075261 2026] [php:error] [pid 75929] [client 20.219.136.84:0] script '/domains/jaspen/fw.php' not found or unable to stat
[Sat Jan 24 00:30:01.303297 2026] [php:error] [pid 75929] [client 20.219.136.84:0] script '/domains/jaspen/gecko-new.php' not found or unable to stat
[Sat Jan 24 00:30:02.631270 2026] [php:error] [pid 75939] [client 192.253.209.6:0] script '/domains/sjsachs/text.php' not found or unable to stat
[Sat Jan 24 00:30:02.968845 2026] [php:error] [pid 75939] [client 192.253.209.6:0] script '/domains/sjsachs/xc.php' not found or unable to stat
[Sat Jan 24 00:30:04.118749 2026] [php:error] [pid 75939] [client 192.253.209.6:0] script '/domains/sjsachs/cgi-bin/xmrlpc.php' not found or unable to stat
[Sat Jan 24 00:30:04.309413 2026] [php:error] [pid 75939] [client 192.253.209.6:0] script '/domains/sjsachs/go.php' not found or unable to stat
[Sat Jan 24 00:30:04.446695 2026] [php:error] [pid 75939] [client 192.253.209.6:0] script '/domains/sjsachs/byp.php' not found or unable to stat
[Sat Jan 24 00:30:05.002855 2026] [php:error] [pid 75939] [client 192.253.209.6:0] script '/domains/sjsachs/click.php' not found or unable to stat
[Sat Jan 24 00:30:05.333189 2026] [php:error] [pid 75939] [client 192.253.209.6:0] script '/domains/sjsachs/baxa1.php' not found or unable to stat
[Sat Jan 24 00:30:05.468275 2026] [php:error] [pid 75939] [client 192.253.209.6:0] script '/domains/sjsachs/in.php' not found or unable to stat
[Sat Jan 24 00:30:05.544075 2026] [php:error] [pid 75939] [client 192.253.209.6:0] script '/domains/sjsachs/geju.php' not found or unable to stat
[Sat Jan 24 00:30:05.728220 2026] [php:error] [pid 75939] [client 192.253.209.6:0] script '/domains/sjsachs/wp-signup.php' not found or unable to stat
[Sat Jan 24 00:30:05.787676 2026] [php:error] [pid 75939] [client 192.253.209.6:0] script '/domains/sjsachs/elp.php' not found or unable to stat
[Sat Jan 24 00:30:05.973447 2026] [php:error] [pid 75939] [client 192.253.209.6:0] script '/domains/sjsachs/chosen-667.php' not found or unable to stat
[Sat Jan 24 00:30:06.027043 2026] [php:error] [pid 75939] [client 192.253.209.6:0] script '/domains/sjsachs/network.php' not found or unable to stat
[Sat Jan 24 00:30:06.236399 2026] [php:error] [pid 75919] [client 192.253.209.15:0] script '/domains/sjsachs/wp-mail.php' not found or unable to stat
[Sat Jan 24 00:30:06.411183 2026] [php:error] [pid 75919] [client 192.253.209.15:0] script '/domains/sjsachs/yanz.php' not found or unable to stat
[Sat Jan 24 00:30:08.641912 2026] [php:error] [pid 75921] [client 192.253.209.36:0] script '/domains/sjsachs/tiny.php' not found or unable to stat
[Sat Jan 24 00:30:08.726591 2026] [php:error] [pid 75921] [client 192.253.209.36:0] script '/domains/sjsachs/edit.php' not found or unable to stat
[Sat Jan 24 00:30:08.809650 2026] [php:error] [pid 75921] [client 192.253.209.36:0] script '/domains/sjsachs/first.php' not found or unable to stat
[Sat Jan 24 00:30:09.743242 2026] [php:error] [pid 75921] [client 192.253.209.36:0] script '/domains/sjsachs/bs1.php' not found or unable to stat
[Sat Jan 24 00:30:10.951496 2026] [php:error] [pid 75921] [client 192.253.209.36:0] script '/domains/sjsachs/cron.php' not found or unable to stat
[Sat Jan 24 00:30:11.091877 2026] [php:error] [pid 75921] [client 192.253.209.36:0] script '/domains/sjsachs/db.php' not found or unable to stat
[Sat Jan 24 00:30:11.582440 2026] [php:error] [pid 75921] [client 192.253.209.36:0] script '/domains/sjsachs/fm.php' not found or unable to stat
[Sat Jan 24 00:30:11.750434 2026] [php:error] [pid 75921] [client 192.253.209.36:0] script '/domains/sjsachs/a.php' not found or unable to stat
[Sat Jan 24 00:30:11.971973 2026] [php:error] [pid 75921] [client 192.253.209.36:0] script '/domains/sjsachs/chosen.php' not found or unable to stat
[Sat Jan 24 00:30:12.512717 2026] [php:error] [pid 75921] [client 192.253.209.36:0] script '/domains/sjsachs/back.php' not found or unable to stat
[Sat Jan 24 00:30:13.313620 2026] [php:error] [pid 75921] [client 192.253.209.36:0] script '/domains/sjsachs/new.php' not found or unable to stat
[Sat Jan 24 00:30:14.562737 2026] [php:error] [pid 75921] [client 192.253.209.36:0] script '/domains/sjsachs/phpfm3.php' not found or unable to stat
[Sat Jan 24 00:30:14.779778 2026] [php:error] [pid 75921] [client 192.253.209.36:0] script '/domains/sjsachs/post.php' not found or unable to stat
[Sat Jan 24 00:30:15.513974 2026] [php:error] [pid 75921] [client 192.253.209.36:0] script '/domains/sjsachs/randkeyword.php' not found or unable to stat
[Sat Jan 24 00:30:16.040714 2026] [php:error] [pid 75921] [client 192.253.209.36:0] script '/domains/sjsachs/xxx.php' not found or unable to stat
