[Sun Jan 11 04:12:05.585425 2026] [php:error] [pid 38233] [client 20.78.178.143:0] script '/domains/brenties/mode.php' not found or unable to stat
[Sun Jan 11 04:12:05.777487 2026] [php:error] [pid 38233] [client 20.78.178.143:0] script '/domains/brenties/abc.php' not found or unable to stat
[Sun Jan 11 04:12:05.959260 2026] [php:error] [pid 38233] [client 20.78.178.143:0] script '/domains/brenties/TXL82e.php' not found or unable to stat
[Sun Jan 11 04:12:06.130256 2026] [php:error] [pid 38233] [client 20.78.178.143:0] script '/domains/brenties/api986.php' not found or unable to stat
[Sun Jan 11 04:12:06.300207 2026] [php:error] [pid 38233] [client 20.78.178.143:0] script '/domains/brenties/admin836.php' not found or unable to stat
[Sun Jan 11 04:12:07.064039 2026] [php:error] [pid 38233] [client 20.78.178.143:0] script '/domains/brenties/Nsa9EF.php' not found or unable to stat
[Sun Jan 11 04:12:07.235969 2026] [php:error] [pid 38233] [client 20.78.178.143:0] script '/domains/brenties/I3zu2h.php' not found or unable to stat
[Sun Jan 11 04:12:14.722387 2026] [php:error] [pid 38229] [client 165.105.203.140:0] script '/domains/lover/admin.php' not found or unable to stat, referer: https://www.google.de/
[Sun Jan 11 04:12:14.886868 2026] [php:error] [pid 38229] [client 195.188.250.158:0] script '/domains/lover/file.php' not found or unable to stat, referer: https://www.yahoo.com/
[Sun Jan 11 04:12:15.050722 2026] [php:error] [pid 38229] [client 134.173.231.177:0] script '/domains/lover/index.php' not found or unable to stat, referer: https://duckduckgo.com/
[Sun Jan 11 04:12:15.215157 2026] [php:error] [pid 38229] [client 210.215.75.161:0] script '/domains/lover/about.php' not found or unable to stat, referer: https://www.google.co.uk/
[Sun Jan 11 04:12:15.379551 2026] [php:error] [pid 38229] [client 190.131.247.221:0] script '/domains/lover/ioxi-o.php' not found or unable to stat, referer: https://duckduckgo.com/
[Sun Jan 11 04:12:15.543956 2026] [php:error] [pid 38229] [client 91.85.79.68:0] script '/domains/lover/adminfuns.php' not found or unable to stat, referer: https://www.google.fr/
[Sun Jan 11 04:12:15.708284 2026] [php:error] [pid 38229] [client 23.10.155.45:0] script '/domains/lover/defaults.php' not found or unable to stat, referer: https://www.google.de/
[Sun Jan 11 04:12:15.872856 2026] [php:error] [pid 38229] [client 179.142.101.92:0] script '/domains/lover/chosen.php' not found or unable to stat, referer: https://www.google.fr/
[Sun Jan 11 04:12:16.203030 2026] [php:error] [pid 38229] [client 19.204.210.95:0] script '/domains/lover/autoload_classmap.php' not found or unable to stat, referer: https://www.google.fr/
[Sun Jan 11 04:12:16.367399 2026] [php:error] [pid 38229] [client 163.133.98.184:0] script '/domains/lover/goods.php' not found or unable to stat, referer: https://duckduckgo.com/
[Sun Jan 11 04:12:16.695517 2026] [php:error] [pid 38229] [client 178.160.228.118:0] script '/domains/lover/inputs.php' not found or unable to stat, referer: https://www.google.com/
[Sun Jan 11 04:12:16.859538 2026] [php:error] [pid 38229] [client 83.110.67.5:0] script '/domains/lover/classwithtostring.php' not found or unable to stat, referer: https://www.google.co.uk/
[Sun Jan 11 04:12:17.023769 2026] [php:error] [pid 38229] [client 249.249.211.236:0] script '/domains/lover/asasx.php' not found or unable to stat, referer: https://www.google.co.uk/
[Sun Jan 11 04:12:17.187782 2026] [php:error] [pid 38229] [client 18.93.54.144:0] script '/domains/lover/wp-good.php' not found or unable to stat, referer: https://duckduckgo.com/
[Sun Jan 11 04:12:17.336414 2026] [php:error] [pid 38239] [client 235.41.15.13:0] script '/domains/mjbradley/wp-2019.php' not found or unable to stat, referer: https://www.yahoo.com/
[Sun Jan 11 04:12:17.351731 2026] [php:error] [pid 38229] [client 191.50.177.162:0] script '/domains/lover/simple.php' not found or unable to stat, referer: https://www.google.com/
[Sun Jan 11 04:12:17.516344 2026] [php:error] [pid 38229] [client 145.11.129.240:0] script '/domains/lover/fm.php' not found or unable to stat, referer: https://www.google.com/
[Sun Jan 11 04:12:17.680557 2026] [php:error] [pid 38229] [client 55.88.85.162:0] script '/domains/lover/k.php' not found or unable to stat, referer: https://www.google.co.uk/
[Sun Jan 11 04:12:17.758319 2026] [php:error] [pid 38239] [client 55.241.75.219:0] script '/domains/mjbradley/2.php' not found or unable to stat, referer: https://www.google.com/
[Sun Jan 11 04:12:17.844430 2026] [php:error] [pid 38229] [client 76.33.210.60:0] script '/domains/lover/mah.php' not found or unable to stat, referer: https://www.google.co.uk/
[Sun Jan 11 04:12:17.969264 2026] [php:error] [pid 38239] [client 156.196.184.125:0] script '/domains/mjbradley/css.php' not found or unable to stat, referer: https://www.yahoo.com/
[Sun Jan 11 04:12:18.008903 2026] [php:error] [pid 38229] [client 4.189.120.199:0] script '/domains/lover/info.php' not found or unable to stat, referer: https://www.yahoo.com/
[Sun Jan 11 04:12:18.173698 2026] [php:error] [pid 38229] [client 90.82.36.232:0] script '/domains/lover/abcd.php' not found or unable to stat, referer: https://www.yahoo.com/
[Sun Jan 11 04:12:18.180260 2026] [php:error] [pid 38239] [client 15.148.171.141:0] script '/domains/mjbradley/f35.php' not found or unable to stat, referer: https://www.google.com/
[Sun Jan 11 04:12:18.391103 2026] [php:error] [pid 38239] [client 181.200.68.142:0] script '/domains/mjbradley/gg.php' not found or unable to stat, referer: https://www.yahoo.com/
[Sun Jan 11 04:12:18.501988 2026] [php:error] [pid 38229] [client 221.196.97.195:0] script '/domains/lover/1.php' not found or unable to stat, referer: https://www.yahoo.com/
[Sun Jan 11 04:12:18.604232 2026] [php:error] [pid 38239] [client 181.182.32.204:0] script '/domains/mjbradley/ma.php' not found or unable to stat, referer: https://www.google.co.uk/
[Sun Jan 11 04:12:18.665965 2026] [php:error] [pid 38229] [client 94.202.104.78:0] script '/domains/lover/wp.php' not found or unable to stat, referer: https://www.yahoo.com/
[Sun Jan 11 04:12:18.829581 2026] [php:error] [pid 38229] [client 145.69.78.0:0] script '/domains/lover/adminfuns.php' not found or unable to stat, referer: https://duckduckgo.com/
[Sun Jan 11 04:12:18.993462 2026] [php:error] [pid 38229] [client 52.40.41.127:0] script '/domains/lover/xmlrpc.php' not found or unable to stat, referer: https://www.google.fr/
[Sun Jan 11 04:12:19.157589 2026] [php:error] [pid 38229] [client 215.120.43.210:0] script '/domains/lover/edit.php' not found or unable to stat, referer: https://www.google.de/
[Sun Jan 11 04:12:19.329313 2026] [php:error] [pid 38229] [client 162.96.237.158:0] script '/domains/lover/test.php' not found or unable to stat, referer: https://www.google.com/
[Sun Jan 11 04:12:19.658458 2026] [php:error] [pid 38229] [client 161.72.251.67:0] script '/domains/lover/alfa.php' not found or unable to stat, referer: https://duckduckgo.com/
[Sun Jan 11 04:12:19.896994 2026] [php:error] [pid 38239] [client 55.190.74.29:0] script '/domains/mjbradley/cc.php' not found or unable to stat, referer: https://www.google.de/
[Sun Jan 11 04:12:20.315129 2026] [php:error] [pid 38229] [client 224.74.202.40:0] script '/domains/lover/atomlib.php' not found or unable to stat, referer: https://www.google.de/
[Sun Jan 11 04:12:20.530021 2026] [php:error] [pid 38239] [client 58.152.160.143:0] script '/domains/mjbradley/help.php' not found or unable to stat, referer: https://www.bing.com/
[Sun Jan 11 04:12:20.644076 2026] [php:error] [pid 38229] [client 128.153.206.176:0] script '/domains/lover/0.php' not found or unable to stat, referer: https://www.google.co.uk/
[Sun Jan 11 04:12:20.808872 2026] [php:error] [pid 38229] [client 234.74.49.251:0] script '/domains/lover/aa.php' not found or unable to stat, referer: https://www.google.co.uk/
[Sun Jan 11 04:12:21.136635 2026] [php:error] [pid 38229] [client 170.89.224.197:0] script '/domains/lover/lock360.php' not found or unable to stat, referer: https://duckduckgo.com/
[Sun Jan 11 04:12:21.300840 2026] [php:error] [pid 38229] [client 130.32.205.10:0] script '/domains/lover/bgymj.php' not found or unable to stat, referer: https://www.google.com/
[Sun Jan 11 04:12:21.464976 2026] [php:error] [pid 38229] [client 119.118.88.153:0] script '/domains/lover/flower.php' not found or unable to stat, referer: https://www.google.co.uk/
[Sun Jan 11 04:12:21.614280 2026] [php:error] [pid 38239] [client 37.133.111.91:0] script '/domains/mjbradley/13.php' not found or unable to stat, referer: https://www.google.de/
[Sun Jan 11 04:12:21.628883 2026] [php:error] [pid 38229] [client 242.162.13.24:0] script '/domains/lover/radio.php' not found or unable to stat, referer: https://www.google.de/
[Sun Jan 11 04:12:21.825317 2026] [php:error] [pid 38239] [client 8.5.57.103:0] script '/domains/mjbradley/doc.php' not found or unable to stat, referer: https://www.google.de/
[Sun Jan 11 04:12:22.120590 2026] [php:error] [pid 38229] [client 105.113.74.138:0] script '/domains/lover/filemanager.php' not found or unable to stat, referer: https://www.bing.com/
[Sun Jan 11 04:12:22.450850 2026] [php:error] [pid 38229] [client 226.159.244.128:0] script '/domains/lover/403.php' not found or unable to stat, referer: https://www.google.de/
[Sun Jan 11 04:12:22.615235 2026] [php:error] [pid 38229] [client 220.135.37.80:0] script '/domains/lover/makeasmtp.php' not found or unable to stat, referer: https://duckduckgo.com/
[Sun Jan 11 04:12:22.781538 2026] [php:error] [pid 38229] [client 128.161.42.32:0] script '/domains/lover/file5.php' not found or unable to stat, referer: https://www.google.de/
[Sun Jan 11 04:12:22.945975 2026] [php:error] [pid 38229] [client 205.151.223.170:0] script '/domains/lover/upload.php' not found or unable to stat, referer: https://www.google.fr/
[Sun Jan 11 04:12:23.110251 2026] [php:error] [pid 38229] [client 113.88.111.40:0] script '/domains/lover/vx.php' not found or unable to stat, referer: https://duckduckgo.com/
[Sun Jan 11 04:12:23.274481 2026] [php:error] [pid 38229] [client 189.48.216.61:0] script '/domains/lover/dropdown.php' not found or unable to stat, referer: https://www.google.co.uk/
[Sun Jan 11 04:12:23.321094 2026] [php:error] [pid 38239] [client 165.155.14.148:0] script '/domains/mjbradley/ava.php' not found or unable to stat, referer: https://www.google.de/
[Sun Jan 11 04:12:23.438938 2026] [php:error] [pid 38229] [client 230.49.106.103:0] script '/domains/lover/system.php' not found or unable to stat, referer: https://www.google.fr/
[Sun Jan 11 04:12:23.533338 2026] [php:error] [pid 38239] [client 110.99.40.239:0] script '/domains/mjbradley/shell20211028.php' not found or unable to stat, referer: https://www.google.com/
[Sun Jan 11 04:12:23.745272 2026] [php:error] [pid 38239] [client 199.105.120.160:0] script '/domains/mjbradley/st.php' not found or unable to stat, referer: https://www.bing.com/
[Sun Jan 11 04:12:23.956691 2026] [php:error] [pid 38239] [client 76.85.252.134:0] script '/domains/mjbradley/ab.php' not found or unable to stat, referer: https://www.google.fr/
[Sun Jan 11 04:12:24.168258 2026] [php:error] [pid 38239] [client 71.24.250.152:0] script '/domains/mjbradley/bala.php' not found or unable to stat, referer: https://www.yahoo.com/
[Sun Jan 11 04:12:24.379490 2026] [php:error] [pid 38239] [client 218.152.240.60:0] script '/domains/mjbradley/ca4.php' not found or unable to stat, referer: https://www.google.de/
[Sun Jan 11 04:12:24.590876 2026] [php:error] [pid 38239] [client 152.238.48.103:0] script '/domains/mjbradley/content.php' not found or unable to stat, referer: https://www.google.co.uk/
[Sun Jan 11 04:12:24.802597 2026] [php:error] [pid 38239] [client 40.255.52.90:0] script '/domains/mjbradley/gmo.php' not found or unable to stat, referer: https://www.bing.com/
[Sun Jan 11 04:12:25.014816 2026] [php:error] [pid 38239] [client 199.86.41.87:0] script '/domains/mjbradley/ulc6.php' not found or unable to stat, referer: https://www.google.co.uk/
[Sun Jan 11 04:12:25.443902 2026] [php:error] [pid 38217] [client 47.79.2.113:0] script '/domains/hdickens.enteract/kmnj.php' not found or unable to stat
[Sun Jan 11 04:12:25.882703 2026] [php:error] [pid 38239] [client 206.25.244.218:0] script '/domains/mjbradley/xx.php' not found or unable to stat, referer: https://www.google.de/
[Sun Jan 11 04:12:26.093814 2026] [php:error] [pid 38239] [client 243.93.34.167:0] script '/domains/mjbradley/12.php' not found or unable to stat, referer: https://www.bing.com/
[Sun Jan 11 04:12:26.305478 2026] [php:error] [pid 38239] [client 201.249.28.134:0] script '/domains/mjbradley/autoloadclassmap.php' not found or unable to stat, referer: https://www.bing.com/
[Sun Jan 11 04:12:26.568264 2026] [php:error] [pid 38239] [client 157.96.225.87:0] script '/domains/mjbradley/berlin.php' not found or unable to stat, referer: https://duckduckgo.com/
[Sun Jan 11 04:12:27.623915 2026] [php:error] [pid 38239] [client 175.62.58.222:0] script '/domains/mjbradley/ar.php' not found or unable to stat, referer: https://duckduckgo.com/
[Sun Jan 11 04:12:27.835338 2026] [php:error] [pid 38239] [client 225.112.74.177:0] script '/domains/mjbradley/copypaths.php' not found or unable to stat, referer: https://www.google.co.uk/
[Sun Jan 11 04:12:28.046534 2026] [php:error] [pid 38239] [client 161.16.140.54:0] script '/domains/mjbradley/function.php' not found or unable to stat, referer: https://www.google.co.uk/
[Sun Jan 11 04:12:28.258012 2026] [php:error] [pid 38239] [client 235.72.176.240:0] script '/domains/mjbradley/go.php' not found or unable to stat, referer: https://www.yahoo.com/
[Sun Jan 11 04:12:28.469305 2026] [php:error] [pid 38239] [client 96.73.47.208:0] script '/domains/mjbradley/options-reading.php' not found or unable to stat, referer: https://www.google.de/
[Sun Jan 11 04:12:28.680313 2026] [php:error] [pid 38239] [client 239.70.190.33:0] script '/domains/mjbradley/randkeyword.php' not found or unable to stat, referer: https://www.google.co.uk/
[Sun Jan 11 04:13:00.154917 2026] [php:error] [pid 38244] [client 185.19.156.83:0] script '/domains/jrp.interport/404.php' not found or unable to stat, referer: https://www.google.com/
[Sun Jan 11 04:13:00.375504 2026] [php:error] [pid 38244] [client 202.139.200.179:0] script '/domains/jrp.interport/av.php' not found or unable to stat, referer: https://www.google.co.uk/
[Sun Jan 11 04:13:01.257296 2026] [php:error] [pid 38244] [client 176.76.167.51:0] script '/domains/jrp.interport/bolt.php' not found or unable to stat, referer: https://www.google.co.uk/
[Sun Jan 11 04:13:01.478010 2026] [php:error] [pid 38244] [client 79.61.199.74:0] script '/domains/jrp.interport/manager.php' not found or unable to stat, referer: https://www.google.de/
[Sun Jan 11 04:13:01.698502 2026] [php:error] [pid 38244] [client 150.119.249.79:0] script '/domains/jrp.interport/buy.php' not found or unable to stat, referer: https://www.google.de/
[Sun Jan 11 04:13:02.362607 2026] [php:error] [pid 38244] [client 133.218.123.70:0] script '/domains/jrp.interport/bless.php' not found or unable to stat, referer: https://www.google.com/
[Sun Jan 11 04:13:02.583092 2026] [php:error] [pid 38244] [client 185.3.17.229:0] script '/domains/jrp.interport/gel4y.php' not found or unable to stat, referer: https://www.google.fr/
[Sun Jan 11 04:13:03.025336 2026] [php:error] [pid 38244] [client 212.85.120.240:0] script '/domains/jrp.interport/wso.php' not found or unable to stat, referer: https://www.yahoo.com/
[Sun Jan 11 04:13:03.250945 2026] [php:error] [pid 38244] [client 85.185.187.198:0] script '/domains/jrp.interport/num.php' not found or unable to stat, referer: https://www.bing.com/
[Sun Jan 11 04:13:03.692309 2026] [php:error] [pid 38244] [client 166.116.214.208:0] script '/domains/jrp.interport/as.php' not found or unable to stat, referer: https://www.google.co.uk/
[Sun Jan 11 04:13:04.796364 2026] [php:error] [pid 38244] [client 29.99.188.204:0] script '/domains/jrp.interport/new.php' not found or unable to stat, referer: https://www.bing.com/
[Sun Jan 11 04:13:05.016887 2026] [php:error] [pid 38244] [client 243.110.238.101:0] script '/domains/jrp.interport/text.php' not found or unable to stat, referer: https://www.google.com/
[Sun Jan 11 04:13:05.237904 2026] [php:error] [pid 38244] [client 143.108.102.172:0] script '/domains/jrp.interport/baxa1.php' not found or unable to stat, referer: https://www.yahoo.com/
[Sun Jan 11 04:13:05.899063 2026] [php:error] [pid 38244] [client 8.110.56.242:0] script '/domains/jrp.interport/elp.php' not found or unable to stat, referer: https://duckduckgo.com/
[Sun Jan 11 04:13:08.325761 2026] [php:error] [pid 38244] [client 110.224.110.62:0] script '/domains/jrp.interport/item.php' not found or unable to stat, referer: https://www.google.de/
[Sun Jan 11 04:13:08.546279 2026] [php:error] [pid 38244] [client 249.149.8.86:0] script '/domains/jrp.interport/akcc.php' not found or unable to stat, referer: https://www.google.com/
[Sun Jan 11 04:13:08.988403 2026] [php:error] [pid 38244] [client 20.162.216.185:0] script '/domains/jrp.interport/222.php' not found or unable to stat, referer: https://www.google.fr/
[Sun Jan 11 04:13:09.429718 2026] [php:error] [pid 38244] [client 114.47.15.54:0] script '/domains/jrp.interport/wp-error.php' not found or unable to stat, referer: https://www.google.fr/
[Sun Jan 11 04:13:09.650827 2026] [php:error] [pid 38244] [client 216.168.29.1:0] script '/domains/jrp.interport/shell.php' not found or unable to stat, referer: https://duckduckgo.com/
[Sun Jan 11 04:13:10.314768 2026] [php:error] [pid 38244] [client 102.97.243.28:0] script '/domains/jrp.interport/class.php' not found or unable to stat, referer: https://duckduckgo.com/
[Sun Jan 11 04:13:11.218037 2026] [php:error] [pid 38244] [client 78.86.47.229:0] script '/domains/jrp.interport/wp-links.php' not found or unable to stat, referer: https://www.bing.com/
[Sun Jan 11 04:13:11.438634 2026] [php:error] [pid 38244] [client 164.113.136.30:0] script '/domains/jrp.interport/nf_tracking.php' not found or unable to stat, referer: https://www.yahoo.com/
[Sun Jan 11 04:13:25.272968 2026] [php:error] [pid 38240] [client 159.65.158.216:0] script '/domains/metrolighting/wp-login.php' not found or unable to stat
[Sun Jan 11 04:13:31.363531 2026] [php:error] [pid 38239] [client 185.177.72.68:0] script '/domains/peterbmiller/phpinfo.php' not found or unable to stat
[Sun Jan 11 04:13:31.618865 2026] [php:error] [pid 38251] [client 185.177.72.68:0] script '/domains/peterbmiller/info.php' not found or unable to stat
[Sun Jan 11 04:13:33.904882 2026] [php:error] [pid 38239] [client 185.177.72.68:0] script '/domains/peterbmiller/php.php' not found or unable to stat
[Sun Jan 11 04:13:38.101114 2026] [php:error] [pid 38251] [client 203.127.238.51:0] script '/domains/fayemoran/admin.php' not found or unable to stat, referer: https://www.google.de/
[Sun Jan 11 04:13:38.271853 2026] [php:error] [pid 38251] [client 245.27.117.105:0] script '/domains/fayemoran/file.php' not found or unable to stat, referer: https://www.google.de/
[Sun Jan 11 04:13:38.444489 2026] [php:error] [pid 38251] [client 94.41.192.232:0] script '/domains/fayemoran/index.php' not found or unable to stat, referer: https://www.google.de/
[Sun Jan 11 04:13:38.615208 2026] [php:error] [pid 38251] [client 104.215.29.182:0] script '/domains/fayemoran/about.php' not found or unable to stat, referer: https://www.google.fr/
[Sun Jan 11 04:13:38.785795 2026] [php:error] [pid 38251] [client 89.8.188.241:0] script '/domains/fayemoran/ioxi-o.php' not found or unable to stat, referer: https://www.yahoo.com/
[Sun Jan 11 04:13:38.956711 2026] [php:error] [pid 38251] [client 81.109.165.136:0] script '/domains/fayemoran/adminfuns.php' not found or unable to stat, referer: https://www.google.fr/
[Sun Jan 11 04:13:39.127281 2026] [php:error] [pid 38251] [client 21.71.144.233:0] script '/domains/fayemoran/defaults.php' not found or unable to stat, referer: https://www.google.com/
[Sun Jan 11 04:13:39.298691 2026] [php:error] [pid 38251] [client 190.50.29.236:0] script '/domains/fayemoran/chosen.php' not found or unable to stat, referer: https://www.google.de/
[Sun Jan 11 04:13:39.639680 2026] [php:error] [pid 38251] [client 35.224.253.201:0] script '/domains/fayemoran/autoload_classmap.php' not found or unable to stat, referer: https://www.google.fr/
[Sun Jan 11 04:13:39.810606 2026] [php:error] [pid 38251] [client 92.24.81.115:0] script '/domains/fayemoran/goods.php' not found or unable to stat, referer: https://www.bing.com/
[Sun Jan 11 04:13:40.152473 2026] [php:error] [pid 38251] [client 106.55.3.82:0] script '/domains/fayemoran/inputs.php' not found or unable to stat, referer: https://www.bing.com/
[Sun Jan 11 04:13:40.324585 2026] [php:error] [pid 38251] [client 164.9.249.121:0] script '/domains/fayemoran/classwithtostring.php' not found or unable to stat, referer: https://duckduckgo.com/
[Sun Jan 11 04:13:40.497801 2026] [php:error] [pid 38251] [client 98.208.13.205:0] script '/domains/fayemoran/asasx.php' not found or unable to stat, referer: https://duckduckgo.com/
[Sun Jan 11 04:13:40.670082 2026] [php:error] [pid 38251] [client 183.71.143.207:0] script '/domains/fayemoran/wp-good.php' not found or unable to stat, referer: https://www.google.com/
[Sun Jan 11 04:13:40.841995 2026] [php:error] [pid 38251] [client 117.177.21.113:0] script '/domains/fayemoran/simple.php' not found or unable to stat, referer: https://www.google.com/
[Sun Jan 11 04:13:41.012995 2026] [php:error] [pid 38251] [client 230.212.255.149:0] script '/domains/fayemoran/fm.php' not found or unable to stat, referer: https://www.bing.com/
[Sun Jan 11 04:13:41.183971 2026] [php:error] [pid 38251] [client 184.134.12.44:0] script '/domains/fayemoran/k.php' not found or unable to stat, referer: https://www.google.co.uk/
[Sun Jan 11 04:13:41.354497 2026] [php:error] [pid 38251] [client 34.30.70.208:0] script '/domains/fayemoran/mah.php' not found or unable to stat, referer: https://www.bing.com/
[Sun Jan 11 04:13:41.526129 2026] [php:error] [pid 38251] [client 210.238.159.10:0] script '/domains/fayemoran/info.php' not found or unable to stat, referer: https://www.bing.com/
[Sun Jan 11 04:13:41.696605 2026] [php:error] [pid 38251] [client 220.232.64.33:0] script '/domains/fayemoran/abcd.php' not found or unable to stat, referer: https://www.google.fr/
[Sun Jan 11 04:13:42.038300 2026] [php:error] [pid 38251] [client 250.156.51.253:0] script '/domains/fayemoran/1.php' not found or unable to stat, referer: https://duckduckgo.com/
[Sun Jan 11 04:13:42.209970 2026] [php:error] [pid 38251] [client 243.245.33.96:0] script '/domains/fayemoran/wp.php' not found or unable to stat, referer: https://duckduckgo.com/
[Sun Jan 11 04:13:42.380461 2026] [php:error] [pid 38251] [client 51.102.192.145:0] script '/domains/fayemoran/adminfuns.php' not found or unable to stat, referer: https://www.bing.com/
[Sun Jan 11 04:13:42.551526 2026] [php:error] [pid 38251] [client 225.90.6.80:0] script '/domains/fayemoran/xmlrpc.php' not found or unable to stat, referer: https://www.google.fr/
[Sun Jan 11 04:13:42.722212 2026] [php:error] [pid 38251] [client 190.252.211.10:0] script '/domains/fayemoran/edit.php' not found or unable to stat, referer: https://www.google.com/
[Sun Jan 11 04:13:42.892690 2026] [php:error] [pid 38251] [client 37.132.29.79:0] script '/domains/fayemoran/test.php' not found or unable to stat, referer: https://www.google.com/
[Sun Jan 11 04:13:43.233815 2026] [php:error] [pid 38251] [client 61.163.26.147:0] script '/domains/fayemoran/alfa.php' not found or unable to stat, referer: https://www.google.com/
[Sun Jan 11 04:13:43.918497 2026] [php:error] [pid 38251] [client 137.200.27.158:0] script '/domains/fayemoran/atomlib.php' not found or unable to stat, referer: https://www.bing.com/
[Sun Jan 11 04:13:44.259929 2026] [php:error] [pid 38251] [client 229.203.228.168:0] script '/domains/fayemoran/0.php' not found or unable to stat, referer: https://www.google.de/
[Sun Jan 11 04:13:44.430407 2026] [php:error] [pid 38251] [client 11.137.22.22:0] script '/domains/fayemoran/aa.php' not found or unable to stat, referer: https://www.google.fr/
[Sun Jan 11 04:13:44.771362 2026] [php:error] [pid 38251] [client 255.210.48.173:0] script '/domains/fayemoran/lock360.php' not found or unable to stat, referer: https://duckduckgo.com/
[Sun Jan 11 04:13:44.942547 2026] [php:error] [pid 38251] [client 27.142.77.62:0] script '/domains/fayemoran/bgymj.php' not found or unable to stat, referer: https://www.google.com/
[Sun Jan 11 04:13:45.113327 2026] [php:error] [pid 38251] [client 33.161.194.206:0] script '/domains/fayemoran/flower.php' not found or unable to stat, referer: https://www.yahoo.com/
[Sun Jan 11 04:13:45.283824 2026] [php:error] [pid 38251] [client 20.110.253.49:0] script '/domains/fayemoran/radio.php' not found or unable to stat, referer: https://www.yahoo.com/
[Sun Jan 11 04:13:45.796292 2026] [php:error] [pid 38251] [client 255.217.118.104:0] script '/domains/fayemoran/filemanager.php' not found or unable to stat, referer: https://www.google.de/
[Sun Jan 11 04:13:46.139082 2026] [php:error] [pid 38251] [client 56.133.195.20:0] script '/domains/fayemoran/403.php' not found or unable to stat, referer: https://duckduckgo.com/
[Sun Jan 11 04:13:46.309967 2026] [php:error] [pid 38251] [client 137.44.125.237:0] script '/domains/fayemoran/makeasmtp.php' not found or unable to stat, referer: https://www.google.co.uk/
[Sun Jan 11 04:13:46.481203 2026] [php:error] [pid 38251] [client 7.138.231.0:0] script '/domains/fayemoran/file5.php' not found or unable to stat, referer: https://duckduckgo.com/
[Sun Jan 11 04:13:46.652491 2026] [php:error] [pid 38251] [client 190.200.162.159:0] script '/domains/fayemoran/upload.php' not found or unable to stat, referer: https://www.google.fr/
[Sun Jan 11 04:13:46.823057 2026] [php:error] [pid 38251] [client 209.175.197.29:0] script '/domains/fayemoran/vx.php' not found or unable to stat, referer: https://www.google.co.uk/
[Sun Jan 11 04:13:46.996930 2026] [php:error] [pid 38251] [client 170.86.0.232:0] script '/domains/fayemoran/dropdown.php' not found or unable to stat, referer: https://www.google.co.uk/
[Sun Jan 11 04:13:47.168901 2026] [php:error] [pid 38251] [client 245.222.189.135:0] script '/domains/fayemoran/system.php' not found or unable to stat, referer: https://www.google.com/
[Sun Jan 11 04:13:52.520899 2026] [php:error] [pid 38211] [client 29.178.252.250:0] script '/domains/system_default/404.php' not found or unable to stat, referer: https://www.google.co.uk/
[Sun Jan 11 04:13:52.712264 2026] [php:error] [pid 38211] [client 106.47.66.206:0] script '/domains/system_default/av.php' not found or unable to stat, referer: https://www.yahoo.com/
[Sun Jan 11 04:13:53.480622 2026] [php:error] [pid 38211] [client 199.232.178.211:0] script '/domains/system_default/bolt.php' not found or unable to stat, referer: https://www.yahoo.com/
[Sun Jan 11 04:13:53.489611 2026] [php:error] [pid 38253] [client 185.177.72.68:0] script '/domains/peterbmiller/config.php.bak' not found or unable to stat
[Sun Jan 11 04:13:53.672243 2026] [php:error] [pid 38211] [client 34.226.73.202:0] script '/domains/system_default/manager.php' not found or unable to stat, referer: https://www.google.com/
[Sun Jan 11 04:13:53.867624 2026] [php:error] [pid 38211] [client 119.171.204.194:0] script '/domains/system_default/buy.php' not found or unable to stat, referer: https://www.google.fr/
[Sun Jan 11 04:13:54.441637 2026] [php:error] [pid 38211] [client 158.200.228.221:0] script '/domains/system_default/bless.php' not found or unable to stat, referer: https://www.google.co.uk/
[Sun Jan 11 04:13:54.633134 2026] [php:error] [pid 38211] [client 19.162.53.81:0] script '/domains/system_default/gel4y.php' not found or unable to stat, referer: https://www.google.com/
[Sun Jan 11 04:13:55.017173 2026] [php:error] [pid 38211] [client 180.252.92.134:0] script '/domains/system_default/wso.php' not found or unable to stat, referer: https://www.bing.com/
[Sun Jan 11 04:13:55.218041 2026] [php:error] [pid 38211] [client 45.113.21.96:0] script '/domains/system_default/num.php' not found or unable to stat, referer: https://www.google.fr/
[Sun Jan 11 04:13:55.602868 2026] [php:error] [pid 38211] [client 27.161.4.109:0] script '/domains/system_default/as.php' not found or unable to stat, referer: https://duckduckgo.com/
[Sun Jan 11 04:13:56.571655 2026] [php:error] [pid 38211] [client 56.56.71.220:0] script '/domains/system_default/new.php' not found or unable to stat, referer: https://www.google.co.uk/
[Sun Jan 11 04:13:56.763277 2026] [php:error] [pid 38211] [client 253.217.160.250:0] script '/domains/system_default/text.php' not found or unable to stat, referer: https://www.yahoo.com/
[Sun Jan 11 04:13:56.863755 2026] [core:crit] [pid 38251] (13)Permission denied: [client 114.119.157.82:0] AH00529: /domains/performancepartsinc/graphics/psd/.htaccess pcfg_openfile: unable to check htaccess file, ensure it is readable and that '/domains/performancepartsinc/graphics/psd/' is executable, referer: http://www.performancepartsinc.com/graphics/psd/q.php?%2Fbonpland-black-dating%2F
[Sun Jan 11 04:13:56.955507 2026] [php:error] [pid 38211] [client 13.50.184.34:0] script '/domains/system_default/baxa1.php' not found or unable to stat, referer: https://www.google.fr/
[Sun Jan 11 04:13:57.529407 2026] [php:error] [pid 38211] [client 204.220.38.51:0] script '/domains/system_default/elp.php' not found or unable to stat, referer: https://www.google.fr/
[Sun Jan 11 04:13:59.643680 2026] [php:error] [pid 38211] [client 212.100.211.147:0] script '/domains/system_default/item.php' not found or unable to stat, referer: https://www.yahoo.com/
[Sun Jan 11 04:13:59.835061 2026] [php:error] [pid 38211] [client 5.255.64.116:0] script '/domains/system_default/akcc.php' not found or unable to stat, referer: https://www.google.co.uk/
[Sun Jan 11 04:14:00.218641 2026] [php:error] [pid 38211] [client 99.160.8.159:0] script '/domains/system_default/222.php' not found or unable to stat, referer: https://www.google.com/
[Sun Jan 11 04:14:00.601934 2026] [php:error] [pid 38211] [client 219.244.15.95:0] script '/domains/system_default/wp-error.php' not found or unable to stat, referer: https://www.google.co.uk/
[Sun Jan 11 04:14:00.793667 2026] [php:error] [pid 38211] [client 132.211.191.199:0] script '/domains/system_default/shell.php' not found or unable to stat, referer: https://www.google.de/
[Sun Jan 11 04:14:01.376553 2026] [php:error] [pid 38211] [client 15.209.41.230:0] script '/domains/system_default/class.php' not found or unable to stat, referer: https://www.google.co.uk/
[Sun Jan 11 04:14:02.142004 2026] [php:error] [pid 38211] [client 186.92.189.105:0] script '/domains/system_default/wp-links.php' not found or unable to stat, referer: https://www.google.fr/
[Sun Jan 11 04:14:02.333599 2026] [php:error] [pid 38211] [client 248.244.15.165:0] script '/domains/system_default/nf_tracking.php' not found or unable to stat, referer: https://www.google.co.uk/
[Sun Jan 11 04:14:41.722182 2026] [php:error] [pid 43889] [client 4.196.123.150:0] script '/domains/piltdweb1/wp-freya.php' not found or unable to stat
[Sun Jan 11 04:14:41.925293 2026] [php:error] [pid 43889] [client 4.196.123.150:0] script '/domains/piltdweb1/ea.php' not found or unable to stat
[Sun Jan 11 04:14:42.132483 2026] [php:error] [pid 43889] [client 4.196.123.150:0] script '/domains/piltdweb1/gi.php' not found or unable to stat
[Sun Jan 11 04:14:42.340268 2026] [php:error] [pid 43889] [client 4.196.123.150:0] script '/domains/piltdweb1/nov.php' not found or unable to stat
[Sun Jan 11 04:14:42.554000 2026] [php:error] [pid 43889] [client 4.196.123.150:0] script '/domains/piltdweb1/xo.php' not found or unable to stat
[Sun Jan 11 04:14:42.755998 2026] [php:error] [pid 43889] [client 4.196.123.150:0] script '/domains/piltdweb1/555.php' not found or unable to stat
[Sun Jan 11 04:14:42.924287 2026] [php:error] [pid 38254] [client 135.127.44.148:0] script '/domains/pauljbrock/404.php' not found or unable to stat, referer: https://www.google.co.uk/
[Sun Jan 11 04:14:42.958298 2026] [php:error] [pid 43889] [client 4.196.123.150:0] script '/domains/piltdweb1/anskrit.php' not found or unable to stat
[Sun Jan 11 04:14:43.114217 2026] [php:error] [pid 38254] [client 92.85.11.20:0] script '/domains/pauljbrock/av.php' not found or unable to stat, referer: https://www.yahoo.com/
[Sun Jan 11 04:14:43.159961 2026] [php:error] [pid 43889] [client 4.196.123.150:0] script '/domains/piltdweb1/win.php' not found or unable to stat
[Sun Jan 11 04:14:43.361687 2026] [php:error] [pid 43889] [client 4.196.123.150:0] script '/domains/piltdweb1/ut.php' not found or unable to stat
[Sun Jan 11 04:14:43.564824 2026] [php:error] [pid 43889] [client 4.196.123.150:0] script '/domains/piltdweb1/ooaiyc.php' not found or unable to stat
[Sun Jan 11 04:14:43.794393 2026] [php:error] [pid 43889] [client 4.196.123.150:0] script '/domains/piltdweb1/nx1.php' not found or unable to stat
[Sun Jan 11 04:14:43.880340 2026] [php:error] [pid 38254] [client 218.250.139.225:0] script '/domains/pauljbrock/bolt.php' not found or unable to stat, referer: https://duckduckgo.com/
[Sun Jan 11 04:14:44.015482 2026] [php:error] [pid 43889] [client 4.196.123.150:0] script '/domains/piltdweb1/avtst.php' not found or unable to stat
[Sun Jan 11 04:14:44.071325 2026] [php:error] [pid 38254] [client 31.113.227.216:0] script '/domains/pauljbrock/manager.php' not found or unable to stat, referer: https://www.google.com/
[Sun Jan 11 04:14:44.220231 2026] [php:error] [pid 43889] [client 4.196.123.150:0] script '/domains/piltdweb1/inde.php' not found or unable to stat
[Sun Jan 11 04:14:44.261470 2026] [php:error] [pid 38254] [client 3.126.86.120:0] script '/domains/pauljbrock/buy.php' not found or unable to stat, referer: https://www.bing.com/
[Sun Jan 11 04:14:44.422210 2026] [php:error] [pid 43889] [client 4.196.123.150:0] script '/domains/piltdweb1/classgoto24.php' not found or unable to stat
[Sun Jan 11 04:14:44.624519 2026] [php:error] [pid 43889] [client 4.196.123.150:0] script '/domains/piltdweb1/lx.php' not found or unable to stat
[Sun Jan 11 04:14:44.826808 2026] [php:error] [pid 43889] [client 4.196.123.150:0] script '/domains/piltdweb1/die.php' not found or unable to stat
[Sun Jan 11 04:14:44.830270 2026] [php:error] [pid 38254] [client 18.240.196.203:0] script '/domains/pauljbrock/bless.php' not found or unable to stat, referer: https://www.google.com/
[Sun Jan 11 04:14:45.020258 2026] [php:error] [pid 38254] [client 74.225.193.147:0] script '/domains/pauljbrock/gel4y.php' not found or unable to stat, referer: https://www.google.com/
[Sun Jan 11 04:14:45.039905 2026] [php:error] [pid 43889] [client 4.196.123.150:0] script '/domains/piltdweb1/aaaa.php' not found or unable to stat
[Sun Jan 11 04:14:45.253517 2026] [php:error] [pid 43889] [client 4.196.123.150:0] script '/domains/piltdweb1/bbbb.php' not found or unable to stat
[Sun Jan 11 04:14:45.400846 2026] [php:error] [pid 38254] [client 15.12.108.34:0] script '/domains/pauljbrock/wso.php' not found or unable to stat, referer: https://www.google.fr/
[Sun Jan 11 04:14:45.455598 2026] [php:error] [pid 43889] [client 4.196.123.150:0] script '/domains/piltdweb1/cccc.php' not found or unable to stat
[Sun Jan 11 04:14:45.590510 2026] [php:error] [pid 38254] [client 18.191.43.154:0] script '/domains/pauljbrock/num.php' not found or unable to stat, referer: https://duckduckgo.com/
[Sun Jan 11 04:14:45.674686 2026] [php:error] [pid 43889] [client 4.196.123.150:0] script '/domains/piltdweb1/file.php' not found or unable to stat
[Sun Jan 11 04:14:45.876182 2026] [php:error] [pid 43889] [client 4.196.123.150:0] script '/domains/piltdweb1/file1.php' not found or unable to stat
[Sun Jan 11 04:14:45.970585 2026] [php:error] [pid 38254] [client 143.42.95.15:0] script '/domains/pauljbrock/as.php' not found or unable to stat, referer: https://www.google.fr/
[Sun Jan 11 04:14:46.084227 2026] [php:error] [pid 43889] [client 4.196.123.150:0] script '/domains/piltdweb1/file2.php' not found or unable to stat
[Sun Jan 11 04:14:46.286510 2026] [php:error] [pid 43889] [client 4.196.123.150:0] script '/domains/piltdweb1/file5.php' not found or unable to stat
[Sun Jan 11 04:14:46.488685 2026] [php:error] [pid 43889] [client 4.196.123.150:0] script '/domains/piltdweb1/file17.php' not found or unable to stat
[Sun Jan 11 04:14:46.707270 2026] [php:error] [pid 43889] [client 4.196.123.150:0] script '/domains/piltdweb1/file32.php' not found or unable to stat
[Sun Jan 11 04:14:46.909193 2026] [php:error] [pid 43889] [client 4.196.123.150:0] script '/domains/piltdweb1/filesss.php' not found or unable to stat
[Sun Jan 11 04:14:46.920621 2026] [php:error] [pid 38254] [client 183.136.137.223:0] script '/domains/pauljbrock/new.php' not found or unable to stat, referer: https://www.yahoo.com/
[Sun Jan 11 04:14:47.110440 2026] [php:error] [pid 38254] [client 220.155.26.134:0] script '/domains/pauljbrock/text.php' not found or unable to stat, referer: https://www.google.de/
[Sun Jan 11 04:14:47.131307 2026] [php:error] [pid 43889] [client 4.196.123.150:0] script '/domains/piltdweb1/file9.php' not found or unable to stat
[Sun Jan 11 04:14:47.300137 2026] [php:error] [pid 38254] [client 229.92.113.81:0] script '/domains/pauljbrock/baxa1.php' not found or unable to stat, referer: https://www.google.de/
[Sun Jan 11 04:14:47.332516 2026] [php:error] [pid 43889] [client 4.196.123.150:0] script '/domains/piltdweb1/file13.php' not found or unable to stat
[Sun Jan 11 04:14:47.677337 2026] [php:error] [pid 43889] [client 4.196.123.150:0] script '/domains/piltdweb1/file3.php' not found or unable to stat
[Sun Jan 11 04:14:47.869446 2026] [php:error] [pid 38254] [client 246.99.0.155:0] script '/domains/pauljbrock/elp.php' not found or unable to stat, referer: https://duckduckgo.com/
[Sun Jan 11 04:14:47.878924 2026] [php:error] [pid 43889] [client 4.196.123.150:0] script '/domains/piltdweb1/3406.php' not found or unable to stat
[Sun Jan 11 04:14:48.080451 2026] [php:error] [pid 43889] [client 4.196.123.150:0] script '/domains/piltdweb1/963e.php' not found or unable to stat
[Sun Jan 11 04:14:48.282069 2026] [php:error] [pid 43889] [client 4.196.123.150:0] script '/domains/piltdweb1/hk.php' not found or unable to stat
[Sun Jan 11 04:14:48.525743 2026] [php:error] [pid 43889] [client 4.196.123.150:0] script '/domains/piltdweb1/cjfuns.php' not found or unable to stat
[Sun Jan 11 04:14:48.728065 2026] [php:error] [pid 43889] [client 4.196.123.150:0] script '/domains/piltdweb1/akk.php' not found or unable to stat
[Sun Jan 11 04:14:48.950906 2026] [php:error] [pid 43889] [client 4.196.123.150:0] script '/domains/piltdweb1/alpa.php' not found or unable to stat
[Sun Jan 11 04:14:49.152870 2026] [php:error] [pid 43889] [client 4.196.123.150:0] script '/domains/piltdweb1/rrr.php' not found or unable to stat
[Sun Jan 11 04:14:49.355466 2026] [php:error] [pid 43889] [client 4.196.123.150:0] script '/domains/piltdweb1/vee.php' not found or unable to stat
[Sun Jan 11 04:14:49.576682 2026] [php:error] [pid 43889] [client 4.196.123.150:0] script '/domains/piltdweb1/0x0x.php' not found or unable to stat
[Sun Jan 11 04:14:49.778086 2026] [php:error] [pid 43889] [client 4.196.123.150:0] script '/domains/piltdweb1/atomlib.php' not found or unable to stat
[Sun Jan 11 04:14:49.956138 2026] [php:error] [pid 38254] [client 64.91.212.249:0] script '/domains/pauljbrock/item.php' not found or unable to stat, referer: https://www.bing.com/
[Sun Jan 11 04:14:49.986135 2026] [php:error] [pid 43889] [client 4.196.123.150:0] script '/domains/piltdweb1/manager.php' not found or unable to stat
[Sun Jan 11 04:14:50.146928 2026] [php:error] [pid 38254] [client 182.138.219.127:0] script '/domains/pauljbrock/akcc.php' not found or unable to stat, referer: https://www.google.fr/
[Sun Jan 11 04:14:50.187715 2026] [php:error] [pid 43889] [client 4.196.123.150:0] script '/domains/piltdweb1/abcd.php' not found or unable to stat
[Sun Jan 11 04:14:50.390628 2026] [php:error] [pid 43889] [client 4.196.123.150:0] script '/domains/piltdweb1/we.php' not found or unable to stat
[Sun Jan 11 04:14:50.527118 2026] [php:error] [pid 38254] [client 245.49.216.125:0] script '/domains/pauljbrock/222.php' not found or unable to stat, referer: https://www.google.com/
[Sun Jan 11 04:14:50.592889 2026] [php:error] [pid 43889] [client 4.196.123.150:0] script '/domains/piltdweb1/fe5.php' not found or unable to stat
[Sun Jan 11 04:14:50.795335 2026] [php:error] [pid 43889] [client 4.196.123.150:0] script '/domains/piltdweb1/shell1.php' not found or unable to stat
[Sun Jan 11 04:14:50.908543 2026] [php:error] [pid 38254] [client 29.255.63.56:0] script '/domains/pauljbrock/wp-error.php' not found or unable to stat, referer: https://www.google.fr/
[Sun Jan 11 04:14:51.006211 2026] [php:error] [pid 43889] [client 4.196.123.150:0] script '/domains/piltdweb1/gm.php' not found or unable to stat
[Sun Jan 11 04:14:51.098205 2026] [php:error] [pid 38254] [client 143.154.189.79:0] script '/domains/pauljbrock/shell.php' not found or unable to stat, referer: https://www.google.de/
[Sun Jan 11 04:14:51.214512 2026] [php:error] [pid 43889] [client 4.196.123.150:0] script '/domains/piltdweb1/lala.php' not found or unable to stat
[Sun Jan 11 04:14:51.418995 2026] [php:error] [pid 43889] [client 4.196.123.150:0] script '/domains/piltdweb1/hexx.php' not found or unable to stat
[Sun Jan 11 04:14:51.625951 2026] [php:error] [pid 43889] [client 4.196.123.150:0] script '/domains/piltdweb1/444.php' not found or unable to stat
[Sun Jan 11 04:14:51.667701 2026] [php:error] [pid 38254] [client 44.96.117.151:0] script '/domains/pauljbrock/class.php' not found or unable to stat, referer: https://www.bing.com/
[Sun Jan 11 04:14:51.852544 2026] [php:error] [pid 43889] [client 4.196.123.150:0] script '/domains/piltdweb1/a2.php' not found or unable to stat
[Sun Jan 11 04:14:52.056206 2026] [php:error] [pid 43889] [client 4.196.123.150:0] script '/domains/piltdweb1/lv.php' not found or unable to stat
[Sun Jan 11 04:14:52.257554 2026] [php:error] [pid 43889] [client 4.196.123.150:0] script '/domains/piltdweb1/ioxi-o.php' not found or unable to stat
[Sun Jan 11 04:14:52.428216 2026] [php:error] [pid 38254] [client 74.225.193.147:0] script '/domains/pauljbrock/wp-links.php' not found or unable to stat, referer: https://www.google.co.uk/
[Sun Jan 11 04:14:52.459254 2026] [php:error] [pid 43889] [client 4.196.123.150:0] script '/domains/piltdweb1/222.php' not found or unable to stat
[Sun Jan 11 04:14:52.618891 2026] [php:error] [pid 38254] [client 54.69.53.109:0] script '/domains/pauljbrock/nf_tracking.php' not found or unable to stat, referer: https://www.google.de/
[Sun Jan 11 04:14:52.661004 2026] [php:error] [pid 43889] [client 4.196.123.150:0] script '/domains/piltdweb1/admin.php' not found or unable to stat
[Sun Jan 11 04:14:52.865651 2026] [php:error] [pid 43889] [client 4.196.123.150:0] script '/domains/piltdweb1/new.php' not found or unable to stat
[Sun Jan 11 04:14:53.074508 2026] [php:error] [pid 43889] [client 4.196.123.150:0] script '/domains/piltdweb1/zfile.php' not found or unable to stat
[Sun Jan 11 04:14:53.276212 2026] [php:error] [pid 43889] [client 4.196.123.150:0] script '/domains/piltdweb1/conflg.php' not found or unable to stat
[Sun Jan 11 04:14:53.478237 2026] [php:error] [pid 43889] [client 4.196.123.150:0] script '/domains/piltdweb1/classwithtostring.php' not found or unable to stat
[Sun Jan 11 04:14:53.679828 2026] [php:error] [pid 43889] [client 4.196.123.150:0] script '/domains/piltdweb1/k.php' not found or unable to stat
[Sun Jan 11 04:14:53.902252 2026] [php:error] [pid 43889] [client 4.196.123.150:0] script '/domains/piltdweb1/cache.php' not found or unable to stat
[Sun Jan 11 04:14:54.104331 2026] [php:error] [pid 43889] [client 4.196.123.150:0] script '/domains/piltdweb1/NewFile.php' not found or unable to stat
[Sun Jan 11 04:14:54.305834 2026] [php:error] [pid 43889] [client 4.196.123.150:0] script '/domains/piltdweb1/406.php' not found or unable to stat
[Sun Jan 11 04:14:54.507642 2026] [php:error] [pid 43889] [client 4.196.123.150:0] script '/domains/piltdweb1/r.php' not found or unable to stat
[Sun Jan 11 04:14:54.709341 2026] [php:error] [pid 43889] [client 4.196.123.150:0] script '/domains/piltdweb1/wp-info.php' not found or unable to stat
[Sun Jan 11 04:14:54.919796 2026] [php:error] [pid 43889] [client 4.196.123.150:0] script '/domains/piltdweb1/link.php' not found or unable to stat
[Sun Jan 11 04:14:55.121330 2026] [php:error] [pid 43889] [client 4.196.123.150:0] script '/domains/piltdweb1/css.php' not found or unable to stat
[Sun Jan 11 04:14:55.323411 2026] [php:error] [pid 43889] [client 4.196.123.150:0] script '/domains/piltdweb1/wp.php' not found or unable to stat
[Sun Jan 11 04:14:55.543769 2026] [php:error] [pid 43889] [client 4.196.123.150:0] script '/domains/piltdweb1/1.php' not found or unable to stat
[Sun Jan 11 04:14:55.745537 2026] [php:error] [pid 43889] [client 4.196.123.150:0] script '/domains/piltdweb1/info.php' not found or unable to stat
[Sun Jan 11 04:14:55.946955 2026] [php:error] [pid 43889] [client 4.196.123.150:0] script '/domains/piltdweb1/lc.php' not found or unable to stat
[Sun Jan 11 04:14:56.149296 2026] [php:error] [pid 43889] [client 4.196.123.150:0] script '/domains/piltdweb1/inputs.php' not found or unable to stat
[Sun Jan 11 04:14:56.351164 2026] [php:error] [pid 43889] [client 4.196.123.150:0] script '/domains/piltdweb1/asas.php' not found or unable to stat
[Sun Jan 11 04:14:56.552889 2026] [php:error] [pid 43889] [client 4.196.123.150:0] script '/domains/piltdweb1/rk2.php' not found or unable to stat
[Sun Jan 11 04:14:56.754915 2026] [php:error] [pid 43889] [client 4.196.123.150:0] script '/domains/piltdweb1/c.php' not found or unable to stat
[Sun Jan 11 04:14:56.957508 2026] [php:error] [pid 43889] [client 4.196.123.150:0] script '/domains/piltdweb1/makeasmtp.php' not found or unable to stat
[Sun Jan 11 04:14:57.169580 2026] [php:error] [pid 43889] [client 4.196.123.150:0] script '/domains/piltdweb1/wp-aespa.php' not found or unable to stat
[Sun Jan 11 04:14:57.372028 2026] [php:error] [pid 43889] [client 4.196.123.150:0] script '/domains/piltdweb1/alfa.php' not found or unable to stat
[Sun Jan 11 04:14:57.573558 2026] [php:error] [pid 43889] [client 4.196.123.150:0] script '/domains/piltdweb1/inputs.php' not found or unable to stat
[Sun Jan 11 04:14:57.775448 2026] [php:error] [pid 43889] [client 4.196.123.150:0] script '/domains/piltdweb1/num.php' not found or unable to stat
[Sun Jan 11 04:14:57.977795 2026] [php:error] [pid 43889] [client 4.196.123.150:0] script '/domains/piltdweb1/11.php' not found or unable to stat
[Sun Jan 11 04:14:58.179363 2026] [php:error] [pid 43889] [client 4.196.123.150:0] script '/domains/piltdweb1/fm.php' not found or unable to stat
[Sun Jan 11 04:14:58.386818 2026] [php:error] [pid 43889] [client 4.196.123.150:0] script '/domains/piltdweb1/bolt.php' not found or unable to stat
[Sun Jan 11 04:14:58.588455 2026] [php:error] [pid 43889] [client 4.196.123.150:0] script '/domains/piltdweb1/xmrlpc.php' not found or unable to stat
[Sun Jan 11 04:14:58.790021 2026] [php:error] [pid 43889] [client 4.196.123.150:0] script '/domains/piltdweb1/wso.php' not found or unable to stat
[Sun Jan 11 04:14:58.994190 2026] [php:error] [pid 43889] [client 4.196.123.150:0] script '/domains/piltdweb1/js.php' not found or unable to stat
[Sun Jan 11 04:14:59.196690 2026] [php:error] [pid 43889] [client 4.196.123.150:0] script '/domains/piltdweb1/up.php' not found or unable to stat
[Sun Jan 11 04:14:59.406373 2026] [php:error] [pid 43889] [client 4.196.123.150:0] script '/domains/piltdweb1/autoload_classmap.php' not found or unable to stat
[Sun Jan 11 04:14:59.608165 2026] [php:error] [pid 43889] [client 4.196.123.150:0] script '/domains/piltdweb1/oivcl.php' not found or unable to stat
[Sun Jan 11 04:14:59.810302 2026] [php:error] [pid 43889] [client 4.196.123.150:0] script '/domains/piltdweb1/nwwha.php' not found or unable to stat
[Sun Jan 11 04:15:00.011911 2026] [php:error] [pid 43889] [client 4.196.123.150:0] script '/domains/piltdweb1/jvcpa.php' not found or unable to stat
[Sun Jan 11 04:15:00.216880 2026] [php:error] [pid 43889] [client 4.196.123.150:0] script '/domains/piltdweb1/lddxs.php' not found or unable to stat
[Sun Jan 11 04:15:00.420842 2026] [php:error] [pid 43889] [client 4.196.123.150:0] script '/domains/piltdweb1/1337.php' not found or unable to stat
[Sun Jan 11 04:15:00.623168 2026] [php:error] [pid 43889] [client 4.196.123.150:0] script '/domains/piltdweb1/wp-miiss.php.php' not found or unable to stat
[Sun Jan 11 04:15:00.838213 2026] [php:error] [pid 43889] [client 4.196.123.150:0] script '/domains/piltdweb1/web.php' not found or unable to stat
[Sun Jan 11 04:15:01.049089 2026] [php:error] [pid 43889] [client 4.196.123.150:0] script '/domains/piltdweb1/elp.php' not found or unable to stat
[Sun Jan 11 04:15:01.453229 2026] [php:error] [pid 43889] [client 4.196.123.150:0] script '/domains/piltdweb1/wp-cron.php' not found or unable to stat
[Sun Jan 11 04:15:01.658263 2026] [php:error] [pid 43889] [client 4.196.123.150:0] script '/domains/piltdweb1/alfa-rex.php' not found or unable to stat
[Sun Jan 11 04:15:01.860432 2026] [php:error] [pid 43889] [client 4.196.123.150:0] script '/domains/piltdweb1/w-1.php' not found or unable to stat
[Sun Jan 11 04:15:02.062419 2026] [php:error] [pid 43889] [client 4.196.123.150:0] script '/domains/piltdweb1/moon.php' not found or unable to stat
[Sun Jan 11 04:15:02.265133 2026] [php:error] [pid 43889] [client 4.196.123.150:0] script '/domains/piltdweb1/buy.php' not found or unable to stat
