[Sun Jan 11 00:45:45.634776 2026] [php:error] [pid 96110] [client 94.59.93.95:0] script '/domains/hand-hammerweb/akcc.php' not found or unable to stat, referer: https://www.google.fr/
[Sun Jan 11 00:45:45.715893 2026] [php:error] [pid 96102] [client 189.165.151.231:0] script '/domains/miles.interport/gg.php' not found or unable to stat, referer: https://www.bing.com/
[Sun Jan 11 00:45:45.831712 2026] [php:error] [pid 96111] [client 185.177.72.68:0] script '/domains/system_default/info.php' not found or unable to stat
[Sun Jan 11 00:45:45.905930 2026] [php:error] [pid 96102] [client 95.162.46.130:0] script '/domains/miles.interport/ma.php' not found or unable to stat, referer: https://www.yahoo.com/
[Sun Jan 11 00:45:46.022355 2026] [php:error] [pid 1788] [client 185.177.72.68:0] script '/domains/system_default/test.php' not found or unable to stat
[Sun Jan 11 00:45:46.073636 2026] [php:error] [pid 96110] [client 174.94.242.171:0] script '/domains/hand-hammerweb/222.php' not found or unable to stat, referer: https://www.google.co.uk/
[Sun Jan 11 00:45:46.312827 2026] [php:error] [pid 96111] [client 185.177.72.68:0] script '/domains/system_default/php.php' not found or unable to stat
[Sun Jan 11 00:45:46.512197 2026] [php:error] [pid 96110] [client 227.43.114.11:0] script '/domains/hand-hammerweb/wp-error.php' not found or unable to stat, referer: https://duckduckgo.com/
[Sun Jan 11 00:45:46.733183 2026] [php:error] [pid 96110] [client 207.8.171.184:0] script '/domains/hand-hammerweb/shell.php' not found or unable to stat, referer: https://www.google.fr/
[Sun Jan 11 00:45:46.920063 2026] [php:error] [pid 96111] [client 185.177.72.68:0] script '/domains/system_default/i.php' not found or unable to stat
[Sun Jan 11 00:45:47.052435 2026] [php:error] [pid 96102] [client 170.129.16.198:0] script '/domains/miles.interport/cc.php' not found or unable to stat, referer: https://www.google.co.uk/
[Sun Jan 11 00:45:47.392720 2026] [php:error] [pid 96110] [client 195.28.113.73:0] script '/domains/hand-hammerweb/class.php' not found or unable to stat, referer: https://www.bing.com/
[Sun Jan 11 00:45:47.572267 2026] [php:error] [pid 1793] [client 185.177.72.68:0] script '/domains/system_default/i.php' not found or unable to stat
[Sun Jan 11 00:45:47.623621 2026] [php:error] [pid 96102] [client 110.119.124.71:0] script '/domains/miles.interport/help.php' not found or unable to stat, referer: https://www.yahoo.com/
[Sun Jan 11 00:45:47.674547 2026] [php:error] [pid 96111] [client 185.177.72.68:0] script '/domains/system_default/info.php' not found or unable to stat
[Sun Jan 11 00:45:47.989454 2026] [php:error] [pid 96111] [client 185.177.72.68:0] script '/domains/system_default/test.php' not found or unable to stat
[Sun Jan 11 00:45:48.024120 2026] [php:error] [pid 1788] [client 185.177.72.68:0] script '/domains/system_default/php.php' not found or unable to stat
[Sun Jan 11 00:45:48.177409 2026] [php:error] [pid 1793] [client 185.177.72.68:0] script '/domains/system_default/php.php' not found or unable to stat
[Sun Jan 11 00:45:48.276656 2026] [php:error] [pid 96110] [client 140.183.137.93:0] script '/domains/hand-hammerweb/wp-links.php' not found or unable to stat, referer: https://www.google.co.uk/
[Sun Jan 11 00:45:48.496323 2026] [php:error] [pid 96110] [client 153.31.51.108:0] script '/domains/hand-hammerweb/nf_tracking.php' not found or unable to stat, referer: https://www.yahoo.com/
[Sun Jan 11 00:45:48.573805 2026] [php:error] [pid 96102] [client 206.7.82.38:0] script '/domains/miles.interport/13.php' not found or unable to stat, referer: https://www.google.co.uk/
[Sun Jan 11 00:45:48.672864 2026] [php:error] [pid 1794] [client 185.177.72.68:0] script '/domains/biehlweb/phpinfo.php' not found or unable to stat
[Sun Jan 11 00:45:48.763956 2026] [php:error] [pid 96102] [client 26.161.20.180:0] script '/domains/miles.interport/doc.php' not found or unable to stat, referer: https://duckduckgo.com/
[Sun Jan 11 00:45:50.121945 2026] [php:error] [pid 96102] [client 90.94.97.104:0] script '/domains/miles.interport/ava.php' not found or unable to stat, referer: https://www.bing.com/
[Sun Jan 11 00:45:50.311913 2026] [php:error] [pid 96102] [client 226.71.77.27:0] script '/domains/miles.interport/shell20211028.php' not found or unable to stat, referer: https://www.bing.com/
[Sun Jan 11 00:45:50.374806 2026] [php:error] [pid 1788] [client 185.177.72.68:0] script '/domains/system_default/i.php' not found or unable to stat
[Sun Jan 11 00:45:50.502294 2026] [php:error] [pid 96102] [client 160.59.119.229:0] script '/domains/miles.interport/st.php' not found or unable to stat, referer: https://duckduckgo.com/
[Sun Jan 11 00:45:50.693382 2026] [php:error] [pid 96102] [client 73.210.223.195:0] script '/domains/miles.interport/ab.php' not found or unable to stat, referer: https://www.yahoo.com/
[Sun Jan 11 00:45:50.885861 2026] [php:error] [pid 96102] [client 166.146.167.60:0] script '/domains/miles.interport/bala.php' not found or unable to stat, referer: https://www.google.fr/
[Sun Jan 11 00:45:51.075807 2026] [php:error] [pid 96102] [client 103.201.203.52:0] script '/domains/miles.interport/ca4.php' not found or unable to stat, referer: https://www.google.com/
[Sun Jan 11 00:45:51.266353 2026] [php:error] [pid 96102] [client 231.107.209.240:0] script '/domains/miles.interport/content.php' not found or unable to stat, referer: https://www.bing.com/
[Sun Jan 11 00:45:51.457367 2026] [php:error] [pid 96102] [client 167.199.162.155:0] script '/domains/miles.interport/gmo.php' not found or unable to stat, referer: https://www.google.com/
[Sun Jan 11 00:45:51.647877 2026] [php:error] [pid 96102] [client 112.45.138.249:0] script '/domains/miles.interport/ulc6.php' not found or unable to stat, referer: https://www.yahoo.com/
[Sun Jan 11 00:45:52.411573 2026] [php:error] [pid 96102] [client 193.22.205.197:0] script '/domains/miles.interport/xx.php' not found or unable to stat, referer: https://www.google.co.uk/
[Sun Jan 11 00:45:52.601801 2026] [php:error] [pid 96102] [client 47.139.83.7:0] script '/domains/miles.interport/12.php' not found or unable to stat, referer: https://www.google.de/
[Sun Jan 11 00:45:52.792136 2026] [php:error] [pid 96102] [client 250.2.104.46:0] script '/domains/miles.interport/autoloadclassmap.php' not found or unable to stat, referer: https://www.bing.com/
[Sun Jan 11 00:45:52.982729 2026] [php:error] [pid 96102] [client 174.215.46.182:0] script '/domains/miles.interport/berlin.php' not found or unable to stat, referer: https://www.google.de/
[Sun Jan 11 00:45:52.991007 2026] [php:error] [pid 1789] [client 185.177.72.68:0] script '/domains/biehlweb/php.php' not found or unable to stat
[Sun Jan 11 00:45:53.474397 2026] [php:error] [pid 1793] [client 185.177.72.68:0] script '/domains/biehlweb/i.php' not found or unable to stat
[Sun Jan 11 00:45:53.933180 2026] [php:error] [pid 96102] [client 58.84.79.216:0] script '/domains/miles.interport/ar.php' not found or unable to stat, referer: https://www.bing.com/
[Sun Jan 11 00:45:54.123299 2026] [php:error] [pid 96102] [client 154.148.192.67:0] script '/domains/miles.interport/copypaths.php' not found or unable to stat, referer: https://duckduckgo.com/
[Sun Jan 11 00:45:54.314642 2026] [php:error] [pid 96102] [client 94.86.29.36:0] script '/domains/miles.interport/function.php' not found or unable to stat, referer: https://www.google.de/
[Sun Jan 11 00:45:54.505215 2026] [php:error] [pid 96102] [client 196.148.3.231:0] script '/domains/miles.interport/go.php' not found or unable to stat, referer: https://www.google.co.uk/
[Sun Jan 11 00:45:54.698153 2026] [php:error] [pid 96102] [client 151.212.197.32:0] script '/domains/miles.interport/options-reading.php' not found or unable to stat, referer: https://duckduckgo.com/
[Sun Jan 11 00:45:54.889045 2026] [php:error] [pid 96102] [client 106.10.63.156:0] script '/domains/miles.interport/randkeyword.php' not found or unable to stat, referer: https://www.yahoo.com/
[Sun Jan 11 00:45:56.638817 2026] [php:error] [pid 1793] [client 235.195.242.175:0] script '/domains/thewalshgroup/edit.php' not found or unable to stat, referer: https://www.google.co.uk/
[Sun Jan 11 00:45:56.803628 2026] [php:error] [pid 1793] [client 15.36.0.205:0] script '/domains/thewalshgroup/about.php' not found or unable to stat, referer: https://www.google.de/
[Sun Jan 11 00:45:56.969232 2026] [php:error] [pid 1793] [client 67.192.90.51:0] script '/domains/thewalshgroup/adminfuns.php' not found or unable to stat, referer: https://www.google.com/
[Sun Jan 11 00:45:57.133629 2026] [php:error] [pid 1793] [client 194.206.251.166:0] script '/domains/thewalshgroup/admin.php' not found or unable to stat, referer: https://www.google.fr/
[Sun Jan 11 00:45:57.298623 2026] [php:error] [pid 1793] [client 210.150.18.51:0] script '/domains/thewalshgroup/info.php' not found or unable to stat, referer: https://www.google.com/
[Sun Jan 11 00:45:57.463261 2026] [php:error] [pid 1793] [client 230.225.82.84:0] script '/domains/thewalshgroup/bless.php' not found or unable to stat, referer: https://www.google.com/
[Sun Jan 11 00:45:57.628575 2026] [php:error] [pid 1793] [client 86.101.137.200:0] script '/domains/thewalshgroup/bolt.php' not found or unable to stat, referer: https://duckduckgo.com/
[Sun Jan 11 00:45:57.792979 2026] [php:error] [pid 1793] [client 112.188.251.50:0] script '/domains/thewalshgroup/wp-good.php' not found or unable to stat, referer: https://www.google.com/
[Sun Jan 11 00:45:57.957713 2026] [php:error] [pid 1793] [client 141.26.222.154:0] script '/domains/thewalshgroup/abcd.php' not found or unable to stat, referer: https://www.yahoo.com/
[Sun Jan 11 00:45:58.122327 2026] [php:error] [pid 1793] [client 100.104.157.178:0] script '/domains/thewalshgroup/ahax.php' not found or unable to stat, referer: https://www.google.co.uk/
[Sun Jan 11 00:45:58.288404 2026] [php:error] [pid 1793] [client 164.92.95.87:0] script '/domains/thewalshgroup/akc.php' not found or unable to stat, referer: https://www.google.com/
[Sun Jan 11 00:45:58.453036 2026] [php:error] [pid 1793] [client 176.194.95.46:0] script '/domains/thewalshgroup/goods.php' not found or unable to stat, referer: https://duckduckgo.com/
[Sun Jan 11 00:45:58.617407 2026] [php:error] [pid 1793] [client 131.22.237.200:0] script '/domains/thewalshgroup/buy.php' not found or unable to stat, referer: https://www.google.com/
[Sun Jan 11 00:45:58.690047 2026] [php:error] [pid 1794] [client 185.177.72.68:0] script '/domains/system_default/wp-config.php.bak' not found or unable to stat
[Sun Jan 11 00:45:58.781850 2026] [php:error] [pid 1793] [client 157.92.234.141:0] script '/domains/thewalshgroup/item.php' not found or unable to stat, referer: https://www.yahoo.com/
[Sun Jan 11 00:45:58.946244 2026] [php:error] [pid 1793] [client 172.156.99.172:0] script '/domains/thewalshgroup/load.php' not found or unable to stat, referer: https://www.google.fr/
[Sun Jan 11 00:45:59.111668 2026] [php:error] [pid 1793] [client 18.145.153.4:0] script '/domains/thewalshgroup/simple.php' not found or unable to stat, referer: https://www.google.de/
[Sun Jan 11 00:45:59.276121 2026] [php:error] [pid 1793] [client 92.61.249.73:0] script '/domains/thewalshgroup/default.php' not found or unable to stat, referer: https://www.google.fr/
[Sun Jan 11 00:45:59.441301 2026] [php:error] [pid 1793] [client 4.189.120.199:0] script '/domains/thewalshgroup/asasx.php' not found or unable to stat, referer: https://www.google.de/
[Sun Jan 11 00:45:59.605992 2026] [php:error] [pid 1793] [client 4.159.88.142:0] script '/domains/thewalshgroup/classwithtostring.php' not found or unable to stat, referer: https://www.google.co.uk/
[Sun Jan 11 00:45:59.770631 2026] [php:error] [pid 1793] [client 65.233.39.49:0] script '/domains/thewalshgroup/alfa.php' not found or unable to stat, referer: https://www.google.fr/
[Sun Jan 11 00:45:59.935049 2026] [php:error] [pid 1793] [client 80.62.244.60:0] script '/domains/thewalshgroup/ioxi-o.php' not found or unable to stat, referer: https://duckduckgo.com/
[Sun Jan 11 00:46:00.099826 2026] [php:error] [pid 1793] [client 252.9.208.191:0] script '/domains/thewalshgroup/form.php' not found or unable to stat, referer: https://www.bing.com/
[Sun Jan 11 00:46:00.264318 2026] [php:error] [pid 1793] [client 0.3.99.76:0] script '/domains/thewalshgroup/xmlrpc.php' not found or unable to stat, referer: https://www.google.co.uk/
[Sun Jan 11 00:46:00.429397 2026] [php:error] [pid 1793] [client 195.73.110.77:0] script '/domains/thewalshgroup/xmrlpc.php' not found or unable to stat, referer: https://www.google.com/
[Sun Jan 11 00:46:00.594021 2026] [php:error] [pid 1793] [client 93.28.241.76:0] script '/domains/thewalshgroup/NewFile.php' not found or unable to stat, referer: https://www.google.fr/
[Sun Jan 11 00:46:00.760636 2026] [php:error] [pid 1793] [client 228.75.2.90:0] script '/domains/thewalshgroup/aa.php' not found or unable to stat, referer: https://www.google.co.uk/
[Sun Jan 11 00:46:00.925151 2026] [php:error] [pid 1793] [client 67.247.82.207:0] script '/domains/thewalshgroup/aaa.php' not found or unable to stat, referer: https://www.google.fr/
[Sun Jan 11 00:46:01.091382 2026] [php:error] [pid 1793] [client 107.236.134.143:0] script '/domains/thewalshgroup/chosen.php' not found or unable to stat, referer: https://www.google.fr/
[Sun Jan 11 00:46:01.256340 2026] [php:error] [pid 1793] [client 80.164.6.90:0] script '/domains/thewalshgroup/gelay.php' not found or unable to stat, referer: https://www.google.co.uk/
[Sun Jan 11 00:46:01.423049 2026] [php:error] [pid 1793] [client 132.67.217.231:0] script '/domains/thewalshgroup/gmo.php' not found or unable to stat, referer: https://www.google.com/
[Sun Jan 11 00:46:01.588870 2026] [php:error] [pid 1793] [client 77.41.137.35:0] script '/domains/thewalshgroup/elep.php' not found or unable to stat, referer: https://www.google.fr/
[Sun Jan 11 00:46:01.636757 2026] [php:error] [pid 1794] [client 185.177.72.68:0] script '/domains/system_default/wp-config.php.bak' not found or unable to stat
[Sun Jan 11 00:46:01.752985 2026] [php:error] [pid 1793] [client 158.225.35.141:0] script '/domains/thewalshgroup/jp.php' not found or unable to stat, referer: https://www.google.com/
[Sun Jan 11 00:46:01.917368 2026] [php:error] [pid 1793] [client 149.206.96.224:0] script '/domains/thewalshgroup/k.php' not found or unable to stat, referer: https://www.google.com/
[Sun Jan 11 00:46:02.083827 2026] [php:error] [pid 1793] [client 237.9.190.222:0] script '/domains/thewalshgroup/manager.php' not found or unable to stat, referer: https://www.google.de/
[Sun Jan 11 00:46:02.248410 2026] [php:error] [pid 1793] [client 147.209.79.6:0] script '/domains/thewalshgroup/mar.php' not found or unable to stat, referer: https://www.yahoo.com/
[Sun Jan 11 00:46:02.414303 2026] [php:error] [pid 1793] [client 189.174.206.81:0] script '/domains/thewalshgroup/moon.php' not found or unable to stat, referer: https://www.yahoo.com/
[Sun Jan 11 00:46:02.578778 2026] [php:error] [pid 1793] [client 252.249.79.183:0] script '/domains/thewalshgroup/new.php' not found or unable to stat, referer: https://www.google.com/
[Sun Jan 11 00:46:02.743406 2026] [php:error] [pid 1793] [client 102.164.114.200:0] script '/domains/thewalshgroup/themes.php' not found or unable to stat, referer: https://www.google.de/
[Sun Jan 11 00:46:02.907732 2026] [php:error] [pid 1793] [client 226.107.210.38:0] script '/domains/thewalshgroup/ds.php' not found or unable to stat, referer: https://www.google.de/
[Sun Jan 11 00:46:03.076093 2026] [php:error] [pid 1793] [client 236.82.49.68:0] script '/domains/thewalshgroup/file.php' not found or unable to stat, referer: https://www.google.fr/
[Sun Jan 11 00:46:03.240897 2026] [php:error] [pid 1793] [client 100.215.189.241:0] script '/domains/thewalshgroup/file2.php' not found or unable to stat, referer: https://www.yahoo.com/
[Sun Jan 11 00:46:03.405538 2026] [php:error] [pid 1793] [client 67.189.209.166:0] script '/domains/thewalshgroup/wp.php' not found or unable to stat, referer: https://www.google.de/
[Sun Jan 11 00:46:03.570049 2026] [php:error] [pid 1793] [client 139.98.178.207:0] script '/domains/thewalshgroup/x.php' not found or unable to stat, referer: https://www.google.co.uk/
[Sun Jan 11 00:46:03.735884 2026] [php:error] [pid 1793] [client 198.190.113.103:0] script '/domains/thewalshgroup/y.php' not found or unable to stat, referer: https://www.google.de/
[Sun Jan 11 00:46:03.901064 2026] [php:error] [pid 1793] [client 252.209.182.238:0] script '/domains/thewalshgroup/yas.php' not found or unable to stat, referer: https://www.google.com/
[Sun Jan 11 00:46:04.066069 2026] [php:error] [pid 1793] [client 169.121.70.159:0] script '/domains/thewalshgroup/222.php' not found or unable to stat, referer: https://www.yahoo.com/
[Sun Jan 11 00:46:04.230540 2026] [php:error] [pid 1793] [client 220.37.174.143:0] script '/domains/thewalshgroup/1.php' not found or unable to stat, referer: https://www.yahoo.com/
[Sun Jan 11 00:46:04.396229 2026] [php:error] [pid 1793] [client 211.62.56.217:0] script '/domains/thewalshgroup/123.php' not found or unable to stat, referer: https://www.bing.com/
[Sun Jan 11 00:46:04.561002 2026] [php:error] [pid 1793] [client 3.80.116.163:0] script '/domains/thewalshgroup/13.php' not found or unable to stat, referer: https://www.bing.com/
[Sun Jan 11 00:46:04.725399 2026] [php:error] [pid 1793] [client 94.138.195.255:0] script '/domains/thewalshgroup/403.php' not found or unable to stat, referer: https://www.google.de/
[Sun Jan 11 00:46:04.889867 2026] [php:error] [pid 1793] [client 132.159.191.235:0] script '/domains/thewalshgroup/wp-links-opml.php' not found or unable to stat, referer: https://www.google.co.uk/
[Sun Jan 11 00:46:05.054032 2026] [php:error] [pid 1793] [client 233.135.214.58:0] script '/domains/thewalshgroup/wp-admin.php' not found or unable to stat, referer: https://www.google.com/
[Sun Jan 11 00:46:05.218781 2026] [php:error] [pid 1793] [client 228.16.158.231:0] script '/domains/thewalshgroup/wp-file.php' not found or unable to stat, referer: https://www.google.co.uk/
[Sun Jan 11 00:46:05.384519 2026] [php:error] [pid 1793] [client 2.51.23.219:0] script '/domains/thewalshgroup/wp-signup.php' not found or unable to stat, referer: https://duckduckgo.com/
[Sun Jan 11 00:46:05.550683 2026] [php:error] [pid 1793] [client 45.92.26.53:0] script '/domains/thewalshgroup/wp-trackback.php' not found or unable to stat, referer: https://www.google.de/
[Sun Jan 11 00:46:05.715051 2026] [php:error] [pid 1793] [client 219.175.137.120:0] script '/domains/thewalshgroup/block-bindings.php' not found or unable to stat, referer: https://www.google.com/
[Sun Jan 11 00:46:08.774260 2026] [php:error] [pid 1797] [client 185.177.72.68:0] script '/domains/biehlweb/wp-config.php.bak' not found or unable to stat
[Sun Jan 11 00:46:09.429826 2026] [php:error] [pid 96102] [client 185.177.72.68:0] script '/domains/system_default/configuration.php.bak' not found or unable to stat
[Sun Jan 11 00:46:11.265267 2026] [php:error] [pid 1798] [client 185.177.72.68:0] script '/domains/system_default/config.php.bak' not found or unable to stat
[Sun Jan 11 00:46:18.364352 2026] [php:error] [pid 1794] [client 77.23.164.164:0] script '/domains/familyplayhouse2/wp-2019.php' not found or unable to stat, referer: https://www.google.com/
[Sun Jan 11 00:46:18.693876 2026] [php:error] [pid 1794] [client 114.225.189.205:0] script '/domains/familyplayhouse2/2.php' not found or unable to stat, referer: https://www.yahoo.com/
[Sun Jan 11 00:46:18.842942 2026] [php:error] [pid 1799] [client 174.253.181.173:0] script '/domains/system_default/php.php' not found or unable to stat, referer: https://www.google.com/
[Sun Jan 11 00:46:18.858609 2026] [php:error] [pid 1794] [client 165.88.119.70:0] script '/domains/familyplayhouse2/css.php' not found or unable to stat, referer: https://www.bing.com/
[Sun Jan 11 00:46:19.049341 2026] [php:error] [pid 1794] [client 130.104.38.74:0] script '/domains/familyplayhouse2/f35.php' not found or unable to stat, referer: https://duckduckgo.com/
[Sun Jan 11 00:46:19.217525 2026] [php:error] [pid 1794] [client 91.45.106.81:0] script '/domains/familyplayhouse2/gg.php' not found or unable to stat, referer: https://www.google.com/
[Sun Jan 11 00:46:19.382102 2026] [php:error] [pid 1794] [client 75.179.115.223:0] script '/domains/familyplayhouse2/ma.php' not found or unable to stat, referer: https://www.google.co.uk/
[Sun Jan 11 00:46:19.965673 2026] [php:error] [pid 1799] [client 91.154.176.55:0] script '/domains/system_default/contact.php' not found or unable to stat, referer: https://www.google.de/
[Sun Jan 11 00:46:20.185763 2026] [php:error] [pid 1799] [client 96.228.61.160:0] script '/domains/system_default/load.php' not found or unable to stat, referer: https://www.google.com/
[Sun Jan 11 00:46:20.373053 2026] [php:error] [pid 1794] [client 25.141.92.82:0] script '/domains/familyplayhouse2/cc.php' not found or unable to stat, referer: https://www.yahoo.com/
[Sun Jan 11 00:46:20.538883 2026] [php:error] [pid 1794] [client 105.69.116.145:0] script '/domains/familyplayhouse2/cgi-bin/file.php' not found or unable to stat, referer: https://www.google.com/
[Sun Jan 11 00:46:20.627504 2026] [php:error] [pid 1799] [client 27.21.208.85:0] script '/domains/system_default/wp-login.php' not found or unable to stat, referer: https://www.google.com/
[Sun Jan 11 00:46:20.869185 2026] [php:error] [pid 1794] [client 161.149.211.209:0] script '/domains/familyplayhouse2/help.php' not found or unable to stat, referer: https://www.google.fr/
[Sun Jan 11 00:46:21.068143 2026] [php:error] [pid 1799] [client 7.163.252.17:0] script '/domains/system_default/wp-Owl.php' not found or unable to stat, referer: https://www.google.fr/
[Sun Jan 11 00:46:21.288478 2026] [php:error] [pid 1799] [client 221.133.102.220:0] script '/domains/system_default/classsmtps.php' not found or unable to stat, referer: https://www.bing.com/
[Sun Jan 11 00:46:21.722661 2026] [php:error] [pid 1794] [client 128.36.77.27:0] script '/domains/familyplayhouse2/13.php' not found or unable to stat, referer: https://www.google.de/
[Sun Jan 11 00:46:21.887155 2026] [php:error] [pid 1794] [client 100.149.144.62:0] script '/domains/familyplayhouse2/doc.php' not found or unable to stat, referer: https://www.google.com/
[Sun Jan 11 00:46:23.050330 2026] [php:error] [pid 1794] [client 89.178.185.213:0] script '/domains/familyplayhouse2/ava.php' not found or unable to stat, referer: https://www.bing.com/
[Sun Jan 11 00:46:23.215156 2026] [php:error] [pid 1794] [client 254.152.0.98:0] script '/domains/familyplayhouse2/shell20211028.php' not found or unable to stat, referer: https://www.google.co.uk/
[Sun Jan 11 00:46:23.271506 2026] [php:error] [pid 1799] [client 7.40.70.97:0] script '/domains/system_default/moon.php' not found or unable to stat, referer: https://www.google.co.uk/
[Sun Jan 11 00:46:23.379984 2026] [php:error] [pid 1794] [client 79.254.98.164:0] script '/domains/familyplayhouse2/st.php' not found or unable to stat, referer: https://www.google.com/
[Sun Jan 11 00:46:23.492757 2026] [php:error] [pid 1799] [client 135.192.56.191:0] script '/domains/system_default/wp-blog.php' not found or unable to stat, referer: https://duckduckgo.com/
[Sun Jan 11 00:46:23.545881 2026] [php:error] [pid 1794] [client 17.15.110.241:0] script '/domains/familyplayhouse2/ab.php' not found or unable to stat, referer: https://www.bing.com/
[Sun Jan 11 00:46:23.710896 2026] [php:error] [pid 1794] [client 5.228.90.2:0] script '/domains/familyplayhouse2/bala.php' not found or unable to stat, referer: https://www.bing.com/
[Sun Jan 11 00:46:23.723158 2026] [php:error] [pid 1797] [client 91.224.92.35:0] script '/domains/apunderkofler/wp-login.php' not found or unable to stat
[Sun Jan 11 00:46:23.881604 2026] [php:error] [pid 1794] [client 140.147.117.214:0] script '/domains/familyplayhouse2/ca4.php' not found or unable to stat, referer: https://duckduckgo.com/
[Sun Jan 11 00:46:24.047689 2026] [php:error] [pid 1794] [client 31.183.209.182:0] script '/domains/familyplayhouse2/content.php' not found or unable to stat, referer: https://www.google.com/
[Sun Jan 11 00:46:24.081873 2026] [php:error] [pid 1789] [client 185.177.72.68:0] script '/domains/biehlweb/configuration.php.bak' not found or unable to stat
[Sun Jan 11 00:46:24.212227 2026] [php:error] [pid 1794] [client 118.13.239.238:0] script '/domains/familyplayhouse2/gmo.php' not found or unable to stat, referer: https://www.google.com/
[Sun Jan 11 00:46:24.377712 2026] [php:error] [pid 1794] [client 238.206.216.205:0] script '/domains/familyplayhouse2/ulc6.php' not found or unable to stat, referer: https://www.google.co.uk/
[Sun Jan 11 00:46:24.757081 2026] [php:error] [pid 1788] [client 91.224.92.35:0] script '/domains/apunderkofler/wp-login.php' not found or unable to stat
[Sun Jan 11 00:46:25.038038 2026] [php:error] [pid 1794] [client 71.43.124.84:0] script '/domains/familyplayhouse2/xx.php' not found or unable to stat, referer: https://www.yahoo.com/
[Sun Jan 11 00:46:25.038347 2026] [php:error] [pid 1799] [client 30.105.2.140:0] script '/domains/system_default/default.php' not found or unable to stat, referer: https://duckduckgo.com/
[Sun Jan 11 00:46:25.202987 2026] [php:error] [pid 1794] [client 182.187.180.222:0] script '/domains/familyplayhouse2/12.php' not found or unable to stat, referer: https://www.google.fr/
[Sun Jan 11 00:46:25.258983 2026] [php:error] [pid 1799] [client 19.32.251.188:0] script '/domains/system_default/motu.php' not found or unable to stat, referer: https://www.bing.com/
[Sun Jan 11 00:46:25.368779 2026] [php:error] [pid 1794] [client 136.163.167.139:0] script '/domains/familyplayhouse2/autoloadclassmap.php' not found or unable to stat, referer: https://www.google.de/
[Sun Jan 11 00:46:25.479338 2026] [php:error] [pid 1799] [client 15.44.191.109:0] script '/domains/system_default/past.php' not found or unable to stat, referer: https://www.google.co.uk/
[Sun Jan 11 00:46:25.533474 2026] [php:error] [pid 1794] [client 20.180.135.25:0] script '/domains/familyplayhouse2/berlin.php' not found or unable to stat, referer: https://www.bing.com/
[Sun Jan 11 00:46:25.700014 2026] [php:error] [pid 1794] [client 121.239.207.128:0] script '/domains/familyplayhouse2/cgi-bin/xmrlpc.php' not found or unable to stat, referer: https://www.google.de/
[Sun Jan 11 00:46:25.700823 2026] [php:error] [pid 1799] [client 114.143.116.167:0] script '/domains/system_default/tinyfilemanager.php' not found or unable to stat, referer: https://www.google.com/
[Sun Jan 11 00:46:25.921236 2026] [php:error] [pid 1799] [client 236.249.68.210:0] script '/domains/system_default/wp-file.php' not found or unable to stat, referer: https://www.yahoo.com/
[Sun Jan 11 00:46:26.141419 2026] [php:error] [pid 1799] [client 222.93.126.4:0] script '/domains/system_default/wp-trackback.php' not found or unable to stat, referer: https://duckduckgo.com/
[Sun Jan 11 00:46:26.362555 2026] [php:error] [pid 1799] [client 212.78.71.9:0] script '/domains/system_default/gecko.php' not found or unable to stat, referer: https://www.yahoo.com/
[Sun Jan 11 00:46:26.372493 2026] [php:error] [pid 1794] [client 242.143.246.209:0] script '/domains/familyplayhouse2/ar.php' not found or unable to stat, referer: https://www.google.de/
[Sun Jan 11 00:46:26.538334 2026] [php:error] [pid 1794] [client 191.107.120.249:0] script '/domains/familyplayhouse2/copypaths.php' not found or unable to stat, referer: https://www.google.fr/
[Sun Jan 11 00:46:26.583815 2026] [php:error] [pid 1799] [client 0.220.33.240:0] script '/domains/system_default/install.php' not found or unable to stat, referer: https://www.yahoo.com/
[Sun Jan 11 00:46:26.703454 2026] [php:error] [pid 1794] [client 197.223.124.163:0] script '/domains/familyplayhouse2/function.php' not found or unable to stat, referer: https://www.google.com/
[Sun Jan 11 00:46:26.868377 2026] [php:error] [pid 1794] [client 131.105.147.9:0] script '/domains/familyplayhouse2/go.php' not found or unable to stat, referer: https://www.yahoo.com/
[Sun Jan 11 00:46:27.025761 2026] [php:error] [pid 1799] [client 4.194.99.179:0] script '/domains/system_default/woh.php' not found or unable to stat, referer: https://www.google.com/
[Sun Jan 11 00:46:27.033253 2026] [php:error] [pid 1794] [client 168.123.217.237:0] script '/domains/familyplayhouse2/options-reading.php' not found or unable to stat, referer: https://www.google.com/
[Sun Jan 11 00:46:27.199003 2026] [php:error] [pid 1794] [client 229.168.58.208:0] script '/domains/familyplayhouse2/randkeyword.php' not found or unable to stat, referer: https://www.bing.com/
[Sun Jan 11 00:46:27.922011 2026] [php:error] [pid 1789] [client 185.177.72.68:0] script '/domains/system_default/configuration.php.bak' not found or unable to stat
[Sun Jan 11 00:46:28.130628 2026] [php:error] [pid 1799] [client 158.83.43.137:0] script '/domains/system_default/eagle.php' not found or unable to stat, referer: https://www.google.co.uk/
[Sun Jan 11 00:46:29.233293 2026] [php:error] [pid 1799] [client 191.254.69.107:0] script '/domains/system_default/xc.php' not found or unable to stat, referer: https://www.google.com/
[Sun Jan 11 00:46:29.453385 2026] [php:error] [pid 1799] [client 157.34.20.231:0] script '/domains/system_default/ahax.php' not found or unable to stat, referer: https://duckduckgo.com/
[Sun Jan 11 00:46:29.674684 2026] [php:error] [pid 1799] [client 87.187.162.155:0] script '/domains/system_default/server.php' not found or unable to stat, referer: https://www.yahoo.com/
[Sun Jan 11 00:46:38.890069 2026] [php:error] [pid 1805] [client 185.177.72.68:0] script '/domains/system_default/phpinfo.php' not found or unable to stat
[Sun Jan 11 00:46:39.747259 2026] [php:error] [pid 1799] [client 208.84.101.154:0] script '/domains/kandg-pc/xmlrpc.php' not found or unable to stat
[Sun Jan 11 00:46:55.264922 2026] [php:error] [pid 1788] [client 47.79.116.152:0] script '/domains/hdickens.enteract/kmnj.php' not found or unable to stat
[Sun Jan 11 00:47:10.292945 2026] [php:error] [pid 1788] [client 34.96.162.61:0] script '/domains/astrosfm/adminer-4.2.0.php' not found or unable to stat
[Sun Jan 11 00:47:17.175343 2026] [php:error] [pid 1788] [client 185.177.72.68:0] script '/domains/system_default/configuration.php.bak' not found or unable to stat
[Sun Jan 11 00:49:06.867536 2026] [core:crit] [pid 1812] (13)Permission denied: [client 114.119.154.39:0] AH00529: /domains/dcarlone/test/web/.htaccess pcfg_openfile: unable to check htaccess file, ensure it is readable and that '/domains/dcarlone/test/web/' is executable
[Sun Jan 11 00:50:11.729843 2026] [php:error] [pid 1812] [client 34.96.162.51:0] script '/domains/astrosfm/adminer-5.2.0-en.php' not found or unable to stat
[Sun Jan 11 00:50:23.831357 2026] [php:error] [pid 1816] [client 92.12.173.92:0] script '/domains/bruceweb/byp8.php' not found or unable to stat, referer: https://www.google.co.uk/
[Sun Jan 11 00:50:23.990490 2026] [php:error] [pid 1816] [client 186.79.172.133:0] script '/domains/bruceweb/mini.php' not found or unable to stat, referer: https://duckduckgo.com/
[Sun Jan 11 00:50:25.423780 2026] [php:error] [pid 1816] [client 135.21.244.85:0] script '/domains/bruceweb/ws28.php' not found or unable to stat, referer: https://www.bing.com/
[Sun Jan 11 00:50:25.583371 2026] [php:error] [pid 1816] [client 24.137.23.74:0] script '/domains/bruceweb/admin-header.php' not found or unable to stat, referer: https://www.google.fr/
[Sun Jan 11 00:50:25.742766 2026] [php:error] [pid 1816] [client 246.38.92.123:0] script '/domains/bruceweb/c.php' not found or unable to stat, referer: https://www.google.fr/
[Sun Jan 11 00:50:25.902121 2026] [php:error] [pid 1816] [client 155.36.169.253:0] script '/domains/bruceweb/edit-tags.php' not found or unable to stat, referer: https://www.google.co.uk/
[Sun Jan 11 00:50:26.062444 2026] [php:error] [pid 1816] [client 234.46.218.243:0] script '/domains/bruceweb/ee.php' not found or unable to stat, referer: https://www.yahoo.com/
[Sun Jan 11 00:50:26.380659 2026] [php:error] [pid 1816] [client 0.143.24.4:0] script '/domains/bruceweb/lu4.php' not found or unable to stat, referer: https://www.google.fr/
[Sun Jan 11 00:50:26.540107 2026] [php:error] [pid 1816] [client 211.23.98.103:0] script '/domains/bruceweb/wp-configs.php' not found or unable to stat, referer: https://www.google.com/
[Sun Jan 11 00:50:27.496149 2026] [php:error] [pid 1816] [client 58.148.236.71:0] script '/domains/bruceweb/xleet.php' not found or unable to stat, referer: https://www.yahoo.com/
[Sun Jan 11 00:50:27.814632 2026] [php:error] [pid 1816] [client 189.92.216.228:0] script '/domains/bruceweb/0x.php' not found or unable to stat, referer: https://www.bing.com/
[Sun Jan 11 00:50:27.973894 2026] [php:error] [pid 1816] [client 16.81.29.81:0] script '/domains/bruceweb/akc.php' not found or unable to stat, referer: https://www.google.co.uk/
[Sun Jan 11 00:50:28.294526 2026] [php:error] [pid 1816] [client 38.157.183.84:0] script '/domains/bruceweb/jga.php' not found or unable to stat, referer: https://www.google.co.uk/
[Sun Jan 11 00:50:28.423663 2026] [php:error] [pid 1813] [client 113.104.62.157:0] script '/domains/tinatina/bjfl.php' not found or unable to stat, referer: https://www.google.de/
[Sun Jan 11 00:50:28.616439 2026] [php:error] [pid 1816] [client 243.87.246.145:0] script '/domains/bruceweb/nc4.php' not found or unable to stat, referer: https://www.google.fr/
[Sun Jan 11 00:50:28.775993 2026] [php:error] [pid 1816] [client 106.79.181.166:0] script '/domains/bruceweb/s.php' not found or unable to stat, referer: https://www.google.co.uk/
[Sun Jan 11 00:50:28.838099 2026] [php:error] [pid 1813] [client 95.58.65.73:0] script '/domains/tinatina/byp.php' not found or unable to stat, referer: https://www.google.co.uk/
[Sun Jan 11 00:50:28.934775 2026] [php:error] [pid 1816] [client 104.8.238.199:0] script '/domains/bruceweb/style.php' not found or unable to stat, referer: https://www.google.com/
[Sun Jan 11 00:50:29.094020 2026] [php:error] [pid 1816] [client 246.79.181.134:0] script '/domains/bruceweb/t.php' not found or unable to stat, referer: https://www.google.com/
[Sun Jan 11 00:50:29.250130 2026] [php:error] [pid 1813] [client 19.138.2.196:0] script '/domains/tinatina/man.php' not found or unable to stat, referer: https://duckduckgo.com/
[Sun Jan 11 00:50:30.073384 2026] [php:error] [pid 1813] [client 102.28.96.116:0] script '/domains/tinatina/user.php' not found or unable to stat, referer: https://www.yahoo.com/
[Sun Jan 11 00:50:30.684731 2026] [php:error] [pid 1816] [client 143.210.194.166:0] script '/domains/bruceweb/wp-info.php' not found or unable to stat, referer: https://www.google.de/
[Sun Jan 11 00:50:30.844518 2026] [php:error] [pid 1816] [client 233.190.242.176:0] script '/domains/bruceweb/wp-links-opml.php' not found or unable to stat, referer: https://duckduckgo.com/
[Sun Jan 11 00:50:31.013359 2026] [php:error] [pid 1816] [client 78.181.210.243:0] script '/domains/bruceweb/xmrlpc.php' not found or unable to stat, referer: https://www.bing.com/
[Sun Jan 11 00:50:31.651655 2026] [php:error] [pid 1816] [client 50.242.165.89:0] script '/domains/bruceweb/api.php' not found or unable to stat, referer: https://www.yahoo.com/
[Sun Jan 11 00:50:32.137015 2026] [php:error] [pid 1813] [client 205.66.73.12:0] script '/domains/tinatina/alfanew.php' not found or unable to stat, referer: https://www.bing.com/
[Sun Jan 11 00:50:32.549021 2026] [php:error] [pid 1813] [client 176.44.80.135:0] script '/domains/tinatina/file2.php' not found or unable to stat, referer: https://www.yahoo.com/
[Sun Jan 11 00:50:32.960543 2026] [php:error] [pid 1813] [client 35.83.38.37:0] script '/domains/tinatina/index2.php' not found or unable to stat, referer: https://duckduckgo.com/
[Sun Jan 11 00:50:35.224001 2026] [php:error] [pid 1813] [client 99.106.97.189:0] script '/domains/tinatina/wsa.php' not found or unable to stat, referer: https://www.google.fr/
[Sun Jan 11 00:50:35.542556 2026] [core:crit] [pid 96111] (13)Permission denied: [client 114.119.133.69:0] AH00529: /domains/performancepartsinc/graphics/psd/.htaccess pcfg_openfile: unable to check htaccess file, ensure it is readable and that '/domains/performancepartsinc/graphics/psd/' is executable, referer: http://www.performancepartsinc.com/graphics/psd/q.php?%2Ffree-local-indian-dating-sites%2F
[Sun Jan 11 00:50:35.836158 2026] [php:error] [pid 1813] [client 241.180.76.78:0] script '/domains/tinatina/b.php' not found or unable to stat, referer: https://www.bing.com/
[Sun Jan 11 00:50:36.249942 2026] [php:error] [pid 1813] [client 5.68.209.47:0] script '/domains/tinatina/fm1.php' not found or unable to stat, referer: https://www.google.com/
[Sun Jan 11 00:50:36.662044 2026] [php:error] [pid 1813] [client 52.115.163.141:0] script '/domains/tinatina/lv.php' not found or unable to stat, referer: https://www.yahoo.com/
[Sun Jan 11 00:50:37.488092 2026] [php:error] [pid 1813] [client 218.87.24.107:0] script '/domains/tinatina/uploaded_script.php' not found or unable to stat, referer: https://www.google.de/
[Sun Jan 11 00:50:40.997633 2026] [php:error] [pid 1818] [client 105.203.189.186:0] script '/domains/tinatina/he.php' not found or unable to stat, referer: https://www.google.co.uk/
[Sun Jan 11 00:50:41.412980 2026] [php:error] [pid 1818] [client 31.221.83.154:0] script '/domains/tinatina/leafmailer.php' not found or unable to stat, referer: https://www.google.co.uk/
[Sun Jan 11 00:50:41.826542 2026] [php:error] [pid 1818] [client 0.128.73.23:0] script '/domains/tinatina/users.php' not found or unable to stat, referer: https://duckduckgo.com/
[Sun Jan 11 00:50:43.886037 2026] [php:error] [pid 1818] [client 219.191.33.97:0] script '/domains/tinatina/wp-editor.php' not found or unable to stat, referer: https://www.google.fr/
[Sun Jan 11 00:50:44.299341 2026] [php:error] [pid 1818] [client 52.80.69.87:0] script '/domains/tinatina/wp-head.php' not found or unable to stat, referer: https://www.google.co.uk/
[Sun Jan 11 00:50:45.203373 2026] [php:error] [pid 1812] [client 34.96.162.61:0] script '/domains/astrosfm/adminer-db.php' not found or unable to stat
[Sun Jan 11 00:50:46.359827 2026] [php:error] [pid 1818] [client 82.214.242.18:0] script '/domains/tinatina/app.php' not found or unable to stat, referer: https://www.bing.com/
[Sun Jan 11 00:50:46.772330 2026] [php:error] [pid 1818] [client 217.254.190.121:0] script '/domains/tinatina/link.php' not found or unable to stat, referer: https://www.google.com/
[Sun Jan 11 00:50:53.709303 2026] [core:crit] [pid 1816] (13)Permission denied: [client 47.128.36.202:0] AH00529: /domains/dcarlone/test/web/.htaccess pcfg_openfile: unable to check htaccess file, ensure it is readable and that '/domains/dcarlone/test/web/' is executable
[Sun Jan 11 00:51:10.383870 2026] [php:error] [pid 1822] [client 145.239.10.137:0] script '/domains/carynm/1.php' not found or unable to stat, referer: http://evolution-1.com/1.php
[Sun Jan 11 00:51:10.387175 2026] [php:error] [pid 1816] [client 145.239.10.137:0] script '/domains/carynm/composer.php' not found or unable to stat, referer: http://evolution-1.com/composer.php
[Sun Jan 11 00:51:10.387699 2026] [php:error] [pid 1821] [client 145.239.10.137:0] script '/domains/carynm/composere.php' not found or unable to stat, referer: http://evolution-1.com/composere.php
[Sun Jan 11 00:51:10.397348 2026] [php:error] [pid 1822] [client 145.239.10.137:0] script '/domains/carynm/plusad.php' not found or unable to stat, referer: http://evolution-1.com/plusad.php
[Sun Jan 11 00:51:10.400019 2026] [php:error] [pid 1816] [client 145.239.10.137:0] script '/domains/carynm/systems.php' not found or unable to stat, referer: http://evolution-1.com/systems.php
[Sun Jan 11 00:51:10.401791 2026] [php:error] [pid 1821] [client 145.239.10.137:0] script '/domains/carynm/init.php' not found or unable to stat, referer: http://evolution-1.com/init.php
[Sun Jan 11 00:51:10.405557 2026] [php:error] [pid 1816] [client 145.239.10.137:0] script '/domains/carynm/compozere.php' not found or unable to stat, referer: http://evolution-1.com/compozere.php
[Sun Jan 11 00:51:10.406258 2026] [php:error] [pid 1821] [client 145.239.10.137:0] script '/domains/carynm/info.php' not found or unable to stat, referer: http://evolution-1.com/info.php
[Sun Jan 11 00:51:10.408420 2026] [php:error] [pid 1822] [client 145.239.10.137:0] script '/domains/carynm/system.php' not found or unable to stat, referer: http://evolution-1.com/system.php
[Sun Jan 11 00:51:13.299290 2026] [php:error] [pid 1818] [client 35.247.243.249:0] script '/domains/astrosfm/adminer-4.8.1.php' not found or unable to stat
[Sun Jan 11 00:51:43.947603 2026] [php:error] [pid 1811] [client 35.247.243.240:0] script '/domains/astrosfm/adminer-4.2.5.php' not found or unable to stat
[Sun Jan 11 00:52:07.830059 2026] [php:error] [pid 1823] [client 199.82.20.227:0] script '/domains/system_suspended/files.php' not found or unable to stat, referer: https://www.google.com/
[Sun Jan 11 00:52:08.046128 2026] [php:error] [pid 1823] [client 130.56.187.39:0] script '/domains/system_suspended/ws.php' not found or unable to stat, referer: https://www.google.com/
[Sun Jan 11 00:52:08.262400 2026] [php:error] [pid 1823] [client 167.245.242.204:0] script '/domains/system_suspended/NewFile.php' not found or unable to stat, referer: https://duckduckgo.com/
[Sun Jan 11 00:52:08.479645 2026] [php:error] [pid 1823] [client 149.179.142.158:0] script '/domains/system_suspended/mail.php' not found or unable to stat, referer: https://www.yahoo.com/
[Sun Jan 11 00:52:08.696004 2026] [php:error] [pid 1823] [client 248.158.173.138:0] script '/domains/system_suspended/tiny.php' not found or unable to stat, referer: https://www.google.co.uk/
[Sun Jan 11 00:52:09.345202 2026] [php:error] [pid 1823] [client 14.83.142.112:0] script '/domains/system_suspended/system_log.php' not found or unable to stat, referer: https://www.google.de/
[Sun Jan 11 00:52:09.995493 2026] [php:error] [pid 1823] [client 80.132.129.103:0] script '/domains/system_suspended/log.php' not found or unable to stat, referer: https://www.google.co.uk/
[Sun Jan 11 00:52:10.861887 2026] [php:error] [pid 1823] [client 185.79.61.98:0] script '/domains/system_suspended/themes.php' not found or unable to stat, referer: https://www.google.com/
[Sun Jan 11 00:52:11.936759 2026] [php:error] [pid 1826] [client 120.118.40.172:0] script '/domains/system_suspended/post.php' not found or unable to stat, referer: https://www.google.de/
[Sun Jan 11 00:52:12.588071 2026] [php:error] [pid 1826] [client 181.78.45.166:0] script '/domains/system_suspended/options.php' not found or unable to stat, referer: https://www.google.fr/
[Sun Jan 11 00:52:13.479987 2026] [php:error] [pid 1826] [client 187.20.130.58:0] script '/domains/system_suspended/hplfuns.php' not found or unable to stat, referer: https://duckduckgo.com/
[Sun Jan 11 00:52:13.913015 2026] [php:error] [pid 1826] [client 40.83.95.233:0] script '/domains/system_suspended/wp-conflg.php' not found or unable to stat, referer: https://www.google.com/
[Sun Jan 11 00:52:14.347568 2026] [php:error] [pid 1826] [client 116.96.12.244:0] script '/domains/system_suspended/ca5.php' not found or unable to stat, referer: https://duckduckgo.com/
[Sun Jan 11 00:52:14.563607 2026] [php:error] [pid 1826] [client 62.192.90.195:0] script '/domains/system_suspended/wp-admin.php' not found or unable to stat, referer: https://www.google.co.uk/
[Sun Jan 11 00:52:14.995930 2026] [php:error] [pid 1826] [client 76.178.223.163:0] script '/domains/system_suspended/wp-signin.php' not found or unable to stat, referer: https://duckduckgo.com/
[Sun Jan 11 00:52:15.430419 2026] [php:error] [pid 1826] [client 45.242.246.224:0] script '/domains/system_suspended/cong.php' not found or unable to stat, referer: https://www.google.fr/
[Sun Jan 11 00:52:16.078237 2026] [php:error] [pid 1826] [client 39.173.43.15:0] script '/domains/system_suspended/wp-signup.php' not found or unable to stat, referer: https://www.yahoo.com/
[Sun Jan 11 00:52:16.294170 2026] [php:error] [pid 1826] [client 112.94.97.190:0] script '/domains/system_suspended/wp-themes.php' not found or unable to stat, referer: https://www.yahoo.com/
[Sun Jan 11 00:52:16.510215 2026] [php:error] [pid 1826] [client 22.195.230.234:0] script '/domains/system_suspended/wso112233.php' not found or unable to stat, referer: https://www.bing.com/
[Sun Jan 11 00:52:16.943913 2026] [php:error] [pid 1826] [client 8.230.59.245:0] script '/domains/system_suspended/hehe.php' not found or unable to stat, referer: https://www.google.co.uk/
[Sun Jan 11 00:52:17.159780 2026] [php:error] [pid 1826] [client 70.44.17.11:0] script '/domains/system_suspended/mln.php' not found or unable to stat, referer: https://www.yahoo.com/
[Sun Jan 11 00:52:17.376936 2026] [php:error] [pid 1826] [client 250.183.92.248:0] script '/domains/system_suspended/test1.php' not found or unable to stat, referer: https://duckduckgo.com/
[Sun Jan 11 00:52:17.593586 2026] [php:error] [pid 1826] [client 211.235.164.133:0] script '/domains/system_suspended/accah.php' not found or unable to stat, referer: https://www.google.de/
[Sun Jan 11 00:52:17.810811 2026] [php:error] [pid 1826] [client 3.208.199.251:0] script '/domains/system_suspended/gecko-new.php' not found or unable to stat, referer: https://www.google.de/
[Sun Jan 11 00:52:18.026870 2026] [php:error] [pid 1826] [client 9.237.65.0:0] script '/domains/system_suspended/x.php' not found or unable to stat, referer: https://www.google.fr/
[Sun Jan 11 00:52:18.461062 2026] [php:error] [pid 1826] [client 35.20.61.22:0] script '/domains/system_suspended/sf.php' not found or unable to stat, referer: https://www.yahoo.com/
[Sun Jan 11 00:52:18.680348 2026] [php:error] [pid 1826] [client 206.45.136.31:0] script '/domains/system_suspended/sts.php' not found or unable to stat, referer: https://www.google.fr/
[Sun Jan 11 00:52:19.329493 2026] [php:error] [pid 1826] [client 78.11.212.171:0] script '/domains/system_suspended/xwpg.php' not found or unable to stat, referer: https://www.google.com/
[Sun Jan 11 00:52:32.665417 2026] [php:error] [pid 1822] [client 108.199.7.41:0] script '/domains/astweb/images/index.php' not found or unable to stat, referer: https://www.bing.com/
[Sun Jan 11 00:52:43.153266 2026] [php:error] [pid 1818] [client 216.26.235.228:0] script '/domains/davidbacker/wp-login.php' not found or unable to stat
[Sun Jan 11 00:52:43.675630 2026] [php:error] [pid 1827] [client 216.26.235.228:0] script '/domains/davidbacker/wp-login.php' not found or unable to stat
[Sun Jan 11 00:52:44.902438 2026] [php:error] [pid 1827] [client 209.50.191.3:0] script '/domains/davidbacker/wp-login.php' not found or unable to stat
[Sun Jan 11 00:52:45.231306 2026] [php:error] [pid 1831] [client 209.50.191.3:0] script '/domains/davidbacker/wp-login.php' not found or unable to stat
[Sun Jan 11 00:52:45.995130 2026] [php:error] [pid 1828] [client 209.50.172.17:0] script '/domains/davidbacker/wp-login.php' not found or unable to stat
[Sun Jan 11 00:52:46.399035 2026] [php:error] [pid 1829] [client 209.50.172.17:0] script '/domains/davidbacker/wp-login.php' not found or unable to stat
[Sun Jan 11 00:52:58.118572 2026] [php:error] [pid 1826] [client 216.26.230.6:0] script '/domains/telacomp/wp-login.php' not found or unable to stat
[Sun Jan 11 00:52:58.480621 2026] [php:error] [pid 1829] [client 216.26.230.6:0] script '/domains/telacomp/wp-login.php' not found or unable to stat
[Sun Jan 11 00:53:00.531685 2026] [php:error] [pid 1826] [client 216.26.240.104:0] script '/domains/telacomp/wp-login.php' not found or unable to stat
[Sun Jan 11 00:53:01.006566 2026] [php:error] [pid 1829] [client 216.26.240.104:0] script '/domains/telacomp/wp-login.php' not found or unable to stat
[Sun Jan 11 00:53:01.731825 2026] [php:error] [pid 1826] [client 104.207.50.44:0] script '/domains/telacomp/wp-login.php' not found or unable to stat
[Sun Jan 11 00:53:02.092456 2026] [php:error] [pid 1829] [client 104.207.50.44:0] script '/domains/telacomp/wp-login.php' not found or unable to stat
[Sun Jan 11 00:53:11.122898 2026] [php:error] [pid 1835] [client 170.151.90.105:0] script '/domains/proinc/config.php' not found or unable to stat, referer: https://www.yahoo.com/
[Sun Jan 11 00:53:11.290539 2026] [php:error] [pid 1835] [client 142.221.65.172:0] script '/domains/proinc/ini.php' not found or unable to stat, referer: https://www.yahoo.com/
[Sun Jan 11 00:53:12.290836 2026] [php:error] [pid 1835] [client 37.207.166.90:0] script '/domains/proinc/wp-conf.php' not found or unable to stat, referer: https://www.google.fr/
[Sun Jan 11 00:53:14.464532 2026] [php:error] [pid 1835] [client 68.185.126.111:0] script '/domains/proinc/up.php' not found or unable to stat, referer: https://www.google.fr/
[Sun Jan 11 00:53:16.461474 2026] [php:error] [pid 1835] [client 168.35.63.58:0] script '/domains/proinc/wp-mail.php' not found or unable to stat, referer: https://www.google.fr/
[Sun Jan 11 00:53:16.528693 2026] [php:error] [pid 1832] [client 35.247.243.251:0] script '/domains/astrosfm/adminer-5.4.0-mysql.php' not found or unable to stat
[Sun Jan 11 00:53:16.628769 2026] [php:error] [pid 1835] [client 202.238.234.152:0] script '/domains/proinc/wp-sign.php' not found or unable to stat, referer: https://www.google.com/
[Sun Jan 11 00:53:16.795254 2026] [php:error] [pid 1835] [client 232.207.15.168:0] script '/domains/proinc/wp-user.php' not found or unable to stat, referer: https://www.google.co.uk/
[Sun Jan 11 00:54:40.182414 2026] [php:error] [pid 1855] [client 35.247.243.242:0] script '/domains/astrosfm/adminer-4.7.5.php' not found or unable to stat
