[Sun Jan 11 03:48:28.224247 2026] [php:error] [pid 37810] [client 52.169.148.186:0] script '/domains/system_suspended/error.php' not found or unable to stat
[Sun Jan 11 03:48:28.298932 2026] [php:error] [pid 37810] [client 52.169.148.186:0] script '/domains/system_suspended/ws35.php' not found or unable to stat
[Sun Jan 11 03:48:28.373950 2026] [php:error] [pid 37810] [client 52.169.148.186:0] script '/domains/system_suspended/gifclass4.php' not found or unable to stat
[Sun Jan 11 03:48:28.448559 2026] [php:error] [pid 37810] [client 52.169.148.186:0] script '/domains/system_suspended/class20.php' not found or unable to stat
[Sun Jan 11 03:48:28.523382 2026] [php:error] [pid 37810] [client 52.169.148.186:0] script '/domains/system_suspended/inde.php' not found or unable to stat
[Sun Jan 11 03:48:28.598323 2026] [php:error] [pid 37810] [client 52.169.148.186:0] script '/domains/system_suspended/ws43.php' not found or unable to stat
[Sun Jan 11 03:48:28.672829 2026] [php:error] [pid 37810] [client 52.169.148.186:0] script '/domains/system_suspended/ws34.php' not found or unable to stat
[Sun Jan 11 03:48:28.747165 2026] [php:error] [pid 37810] [client 52.169.148.186:0] script '/domains/system_suspended/file17.php' not found or unable to stat
[Sun Jan 11 03:48:28.821553 2026] [php:error] [pid 37810] [client 52.169.148.186:0] script '/domains/system_suspended/031.php' not found or unable to stat
[Sun Jan 11 03:48:28.896164 2026] [php:error] [pid 37810] [client 52.169.148.186:0] script '/domains/system_suspended/0x.php' not found or unable to stat
[Sun Jan 11 03:48:28.970872 2026] [php:error] [pid 37810] [client 52.169.148.186:0] script '/domains/system_suspended/gmo.php' not found or unable to stat
[Sun Jan 11 03:48:29.045576 2026] [php:error] [pid 37810] [client 52.169.148.186:0] script '/domains/system_suspended/file5.php' not found or unable to stat
[Sun Jan 11 03:48:29.120131 2026] [php:error] [pid 37810] [client 52.169.148.186:0] script '/domains/system_suspended/ww1.php' not found or unable to stat
[Sun Jan 11 03:48:29.727669 2026] [php:error] [pid 37819] [client 52.169.148.186:0] script '/domains/system_suspended/abcd.php' not found or unable to stat
[Sun Jan 11 03:48:29.799108 2026] [php:error] [pid 37819] [client 52.169.148.186:0] script '/domains/system_suspended/nox.php' not found or unable to stat
[Sun Jan 11 03:48:29.869562 2026] [php:error] [pid 37819] [client 52.169.148.186:0] script '/domains/system_suspended/die.php' not found or unable to stat
[Sun Jan 11 03:48:29.939909 2026] [php:error] [pid 37819] [client 52.169.148.186:0] script '/domains/system_suspended/xa.php' not found or unable to stat
[Sun Jan 11 03:48:30.025933 2026] [php:error] [pid 37819] [client 52.169.148.186:0] script '/domains/system_suspended/f8.php' not found or unable to stat
[Sun Jan 11 03:48:30.096899 2026] [php:error] [pid 37819] [client 52.169.148.186:0] script '/domains/system_suspended/963e.php' not found or unable to stat
[Sun Jan 11 03:48:30.167600 2026] [php:error] [pid 37819] [client 52.169.148.186:0] script '/domains/system_suspended/gi.php' not found or unable to stat
[Sun Jan 11 03:48:30.238188 2026] [php:error] [pid 37819] [client 52.169.148.186:0] script '/domains/system_suspended/classwithtostring.php' not found or unable to stat
[Sun Jan 11 03:48:30.379294 2026] [php:error] [pid 37819] [client 52.169.148.186:0] script '/domains/system_suspended/bless5.php' not found or unable to stat
[Sun Jan 11 03:48:30.449849 2026] [php:error] [pid 37819] [client 52.169.148.186:0] script '/domains/system_suspended/ths.php' not found or unable to stat
[Sun Jan 11 03:48:30.520401 2026] [php:error] [pid 37819] [client 52.169.148.186:0] script '/domains/system_suspended/ar.php' not found or unable to stat
[Sun Jan 11 03:48:30.591308 2026] [php:error] [pid 37819] [client 52.169.148.186:0] script '/domains/system_suspended/lala.php' not found or unable to stat
[Sun Jan 11 03:48:30.732193 2026] [php:error] [pid 37819] [client 52.169.148.186:0] script '/domains/system_suspended/0o0.php' not found or unable to stat
[Sun Jan 11 03:48:30.803094 2026] [php:error] [pid 37819] [client 52.169.148.186:0] script '/domains/system_suspended/fe5.php' not found or unable to stat
[Sun Jan 11 03:48:30.887788 2026] [php:error] [pid 37819] [client 52.169.148.186:0] script '/domains/system_suspended/mini.php' not found or unable to stat
[Sun Jan 11 03:48:30.958538 2026] [php:error] [pid 37819] [client 52.169.148.186:0] script '/domains/system_suspended/bbbb.php' not found or unable to stat
[Sun Jan 11 03:48:31.028919 2026] [php:error] [pid 37819] [client 52.169.148.186:0] script '/domains/system_suspended/gm.php' not found or unable to stat
[Sun Jan 11 03:48:31.099700 2026] [php:error] [pid 37819] [client 52.169.148.186:0] script '/domains/system_suspended/an8.php' not found or unable to stat
[Sun Jan 11 03:48:31.170124 2026] [php:error] [pid 37819] [client 52.169.148.186:0] script '/domains/system_suspended/222.php' not found or unable to stat
[Sun Jan 11 03:48:31.311540 2026] [php:error] [pid 37819] [client 52.169.148.186:0] script '/domains/system_suspended/admin.php' not found or unable to stat
[Sun Jan 11 03:48:31.452537 2026] [php:error] [pid 37819] [client 52.169.148.186:0] script '/domains/system_suspended/f2f.php' not found or unable to stat
[Sun Jan 11 03:48:31.523089 2026] [php:error] [pid 37819] [client 52.169.148.186:0] script '/domains/system_suspended/anskrit.php' not found or unable to stat
[Sun Jan 11 03:48:31.593510 2026] [php:error] [pid 37819] [client 52.169.148.186:0] script '/domains/system_suspended/ioxi-o.php' not found or unable to stat
[Sun Jan 11 03:48:31.664162 2026] [php:error] [pid 37819] [client 52.169.148.186:0] script '/domains/system_suspended/up.php' not found or unable to stat
[Sun Jan 11 03:48:31.805087 2026] [php:error] [pid 37819] [client 52.169.148.186:0] script '/domains/system_suspended/alpa.php' not found or unable to stat
[Sun Jan 11 03:48:31.875802 2026] [php:error] [pid 37819] [client 52.169.148.186:0] script '/domains/system_suspended/lisa.php' not found or unable to stat
[Sun Jan 11 03:48:31.945901 2026] [php:error] [pid 37819] [client 52.169.148.186:0] script '/domains/system_suspended/simple.php' not found or unable to stat
[Sun Jan 11 03:48:32.015967 2026] [php:error] [pid 37819] [client 52.169.148.186:0] script '/domains/system_suspended/x.php' not found or unable to stat
[Sun Jan 11 03:48:32.092082 2026] [php:error] [pid 37819] [client 52.169.148.186:0] script '/domains/system_suspended/goods.php' not found or unable to stat
[Sun Jan 11 03:48:32.162659 2026] [php:error] [pid 37819] [client 52.169.148.186:0] script '/domains/system_suspended/lx.php' not found or unable to stat
[Sun Jan 11 03:48:32.304093 2026] [php:error] [pid 37819] [client 52.169.148.186:0] script '/domains/system_suspended/security.php' not found or unable to stat
[Sun Jan 11 03:48:32.374688 2026] [php:error] [pid 37819] [client 52.169.148.186:0] script '/domains/system_suspended/ws36.php' not found or unable to stat
[Sun Jan 11 03:48:32.445259 2026] [php:error] [pid 37819] [client 52.169.148.186:0] script '/domains/system_suspended/ma.php' not found or unable to stat
[Sun Jan 11 03:48:32.515591 2026] [php:error] [pid 37819] [client 52.169.148.186:0] script '/domains/system_suspended/as.php' not found or unable to stat
[Sun Jan 11 03:48:32.586123 2026] [php:error] [pid 37819] [client 52.169.148.186:0] script '/domains/system_suspended/new4.php' not found or unable to stat
[Sun Jan 11 03:48:32.728151 2026] [php:error] [pid 37819] [client 52.169.148.186:0] script '/domains/system_suspended/class-t.api.php' not found or unable to stat
[Sun Jan 11 03:48:32.798953 2026] [php:error] [pid 37819] [client 52.169.148.186:0] script '/domains/system_suspended/xxxx.php' not found or unable to stat
[Sun Jan 11 03:48:32.870611 2026] [php:error] [pid 37819] [client 52.169.148.186:0] script '/domains/system_suspended/pop.php' not found or unable to stat
[Sun Jan 11 03:48:32.941826 2026] [php:error] [pid 37819] [client 52.169.148.186:0] script '/domains/system_suspended/we.php' not found or unable to stat
[Sun Jan 11 03:48:33.013451 2026] [php:error] [pid 37819] [client 52.169.148.186:0] script '/domains/system_suspended/zwso.php' not found or unable to stat
[Sun Jan 11 03:48:33.084857 2026] [php:error] [pid 37819] [client 52.169.148.186:0] script '/domains/system_suspended/file3.php' not found or unable to stat
[Sun Jan 11 03:48:33.156380 2026] [php:error] [pid 37819] [client 52.169.148.186:0] script '/domains/system_suspended/bless11.php' not found or unable to stat
[Sun Jan 11 03:48:33.228052 2026] [php:error] [pid 37819] [client 52.169.148.186:0] script '/domains/system_suspended/rh.php' not found or unable to stat
[Sun Jan 11 03:48:33.298441 2026] [php:error] [pid 37819] [client 52.169.148.186:0] script '/domains/system_suspended/byp.php' not found or unable to stat
[Sun Jan 11 03:48:33.370480 2026] [php:error] [pid 37819] [client 52.169.148.186:0] script '/domains/system_suspended/file13.php' not found or unable to stat
[Sun Jan 11 03:48:33.441744 2026] [php:error] [pid 37819] [client 52.169.148.186:0] script '/domains/system_suspended/404.php' not found or unable to stat
[Sun Jan 11 03:48:33.513351 2026] [php:error] [pid 37819] [client 52.169.148.186:0] script '/domains/system_suspended/akk.php' not found or unable to stat
[Sun Jan 11 03:48:33.584225 2026] [php:error] [pid 37819] [client 52.169.148.186:0] script '/domains/system_suspended/g.php' not found or unable to stat
[Sun Jan 11 03:48:33.654524 2026] [php:error] [pid 37819] [client 52.169.148.186:0] script '/domains/system_suspended/ton.php' not found or unable to stat
[Sun Jan 11 03:48:33.795364 2026] [php:error] [pid 37819] [client 52.169.148.186:0] script '/domains/system_suspended/520.php' not found or unable to stat
[Sun Jan 11 03:48:33.865838 2026] [php:error] [pid 37819] [client 52.169.148.186:0] script '/domains/system_suspended/atomlib.php' not found or unable to stat
[Sun Jan 11 03:48:33.935956 2026] [php:error] [pid 37819] [client 52.169.148.186:0] script '/domains/system_suspended/file.php' not found or unable to stat
[Sun Jan 11 03:48:34.007092 2026] [php:error] [pid 37819] [client 52.169.148.186:0] script '/domains/system_suspended/rrr.php' not found or unable to stat
[Sun Jan 11 03:48:34.078369 2026] [php:error] [pid 37819] [client 52.169.148.186:0] script '/domains/system_suspended/asf.php' not found or unable to stat
[Sun Jan 11 03:48:34.149916 2026] [php:error] [pid 37819] [client 52.169.148.186:0] script '/domains/system_suspended/lock360.php' not found or unable to stat
[Sun Jan 11 03:48:34.221352 2026] [php:error] [pid 37819] [client 52.169.148.186:0] script '/domains/system_suspended/filesss.php' not found or unable to stat
[Sun Jan 11 03:48:34.294677 2026] [php:error] [pid 37819] [client 52.169.148.186:0] script '/domains/system_suspended/wsheet1.php' not found or unable to stat
[Sun Jan 11 03:48:34.366311 2026] [php:error] [pid 37819] [client 52.169.148.186:0] script '/domains/system_suspended/oo.php' not found or unable to stat
[Sun Jan 11 03:48:34.437729 2026] [php:error] [pid 37819] [client 52.169.148.186:0] script '/domains/system_suspended/classgoto24.php' not found or unable to stat
[Sun Jan 11 03:48:34.512712 2026] [php:error] [pid 37819] [client 52.169.148.186:0] script '/domains/system_suspended/win.php' not found or unable to stat
[Sun Jan 11 03:48:34.583380 2026] [php:error] [pid 37819] [client 52.169.148.186:0] script '/domains/system_suspended/1100.php' not found or unable to stat
[Sun Jan 11 03:48:34.654271 2026] [php:error] [pid 37819] [client 52.169.148.186:0] script '/domains/system_suspended/shell1.php' not found or unable to stat
[Sun Jan 11 03:48:34.725360 2026] [php:error] [pid 37819] [client 52.169.148.186:0] script '/domains/system_suspended/elp.php' not found or unable to stat
[Sun Jan 11 03:48:34.796355 2026] [php:error] [pid 37819] [client 52.169.148.186:0] script '/domains/system_suspended/class.php' not found or unable to stat
[Sun Jan 11 03:48:35.009525 2026] [php:error] [pid 37816] [client 52.169.148.186:0] script '/domains/system_suspended/flower2.php' not found or unable to stat
[Sun Jan 11 03:48:35.082757 2026] [php:error] [pid 37816] [client 52.169.148.186:0] script '/domains/system_suspended/ooaiyc.php' not found or unable to stat
[Sun Jan 11 03:48:35.155600 2026] [php:error] [pid 37816] [client 52.169.148.186:0] script '/domains/system_suspended/bless14.php' not found or unable to stat
[Sun Jan 11 03:48:35.228664 2026] [php:error] [pid 37816] [client 52.169.148.186:0] script '/domains/system_suspended/87.php' not found or unable to stat
[Sun Jan 11 03:48:35.301449 2026] [php:error] [pid 37816] [client 52.169.148.186:0] script '/domains/system_suspended/xo.php' not found or unable to stat
[Sun Jan 11 03:48:35.523399 2026] [php:error] [pid 37816] [client 52.169.148.186:0] script '/domains/system_suspended/atx.php' not found or unable to stat
[Sun Jan 11 03:51:15.490197 2026] [php:error] [pid 37844] [client 45.148.10.23:0] script '/domains/system_default/phpinfo.php' not found or unable to stat
[Sun Jan 11 03:51:15.664246 2026] [php:error] [pid 37842] [client 45.148.10.23:0] script '/domains/system_default/info.php' not found or unable to stat
[Sun Jan 11 03:51:18.973748 2026] [php:error] [pid 37842] [client 45.148.10.23:0] script '/domains/system_default/phpinfo.php' not found or unable to stat
[Sun Jan 11 03:51:19.153409 2026] [php:error] [pid 37844] [client 45.148.10.23:0] script '/domains/system_default/info.php' not found or unable to stat
[Sun Jan 11 03:51:21.323191 2026] [php:error] [pid 37830] [client 45.148.10.23:0] script '/domains/system_default/php.php' not found or unable to stat
[Sun Jan 11 03:51:23.595877 2026] [php:error] [pid 37842] [client 45.148.10.23:0] script '/domains/system_default/i.php' not found or unable to stat
[Sun Jan 11 03:51:23.964185 2026] [php:error] [pid 37830] [client 45.148.10.23:0] script '/domains/metrolighting/phpinfo.php' not found or unable to stat
[Sun Jan 11 03:51:24.252249 2026] [php:error] [pid 37842] [client 45.148.10.23:0] script '/domains/metrolighting/info.php' not found or unable to stat
[Sun Jan 11 03:51:24.452128 2026] [php:error] [pid 37844] [client 45.148.10.23:0] script '/domains/system_default/info.php' not found or unable to stat
[Sun Jan 11 03:51:26.518106 2026] [php:error] [pid 37842] [client 45.148.10.23:0] script '/domains/metrolighting/php.php' not found or unable to stat
[Sun Jan 11 03:51:32.080528 2026] [php:error] [pid 37848] [client 45.148.10.23:0] script '/domains/system_default/i.php' not found or unable to stat
[Sun Jan 11 03:51:49.094899 2026] [php:error] [pid 37848] [client 45.148.10.23:0] script '/domains/system_default/wp-config.php.bak' not found or unable to stat
[Sun Jan 11 03:51:49.436961 2026] [php:error] [pid 37842] [client 45.148.10.23:0] script '/domains/metrolighting/wp-config.php.bak' not found or unable to stat
[Sun Jan 11 03:51:51.743327 2026] [php:error] [pid 37842] [client 45.148.10.23:0] script '/domains/metrolighting/config.php.bak' not found or unable to stat
[Sun Jan 11 03:51:59.101003 2026] [php:error] [pid 37851] [client 45.148.10.23:0] script '/domains/system_default/configuration.php.bak' not found or unable to stat
[Sun Jan 11 03:52:01.053932 2026] [php:error] [pid 37851] [client 45.148.10.23:0] script '/domains/metrolighting/configuration.php.bak' not found or unable to stat
[Sun Jan 11 03:52:05.394026 2026] [php:error] [pid 37852] [client 8.161.19.62:0] script '/domains/markrose/wp-2019.php' not found or unable to stat, referer: https://www.google.de/
[Sun Jan 11 03:52:05.816533 2026] [php:error] [pid 37852] [client 140.24.186.31:0] script '/domains/markrose/2.php' not found or unable to stat, referer: https://www.google.fr/
[Sun Jan 11 03:52:06.027942 2026] [php:error] [pid 37852] [client 96.7.205.227:0] script '/domains/markrose/css.php' not found or unable to stat, referer: https://www.google.com/
[Sun Jan 11 03:52:06.239167 2026] [php:error] [pid 37852] [client 76.105.138.193:0] script '/domains/markrose/f35.php' not found or unable to stat, referer: https://www.google.co.uk/
[Sun Jan 11 03:52:06.451125 2026] [php:error] [pid 37852] [client 154.213.205.246:0] script '/domains/markrose/gg.php' not found or unable to stat, referer: https://www.bing.com/
[Sun Jan 11 03:52:06.663668 2026] [php:error] [pid 37852] [client 52.91.153.190:0] script '/domains/markrose/ma.php' not found or unable to stat, referer: https://www.google.de/
[Sun Jan 11 03:52:07.942004 2026] [php:error] [pid 37852] [client 205.145.229.245:0] script '/domains/markrose/cc.php' not found or unable to stat, referer: https://duckduckgo.com/
[Sun Jan 11 03:52:08.575686 2026] [php:error] [pid 37852] [client 221.139.211.44:0] script '/domains/markrose/help.php' not found or unable to stat, referer: https://www.bing.com/
[Sun Jan 11 03:52:09.631823 2026] [php:error] [pid 37852] [client 103.177.113.145:0] script '/domains/markrose/13.php' not found or unable to stat, referer: https://www.google.co.uk/
[Sun Jan 11 03:52:09.843082 2026] [php:error] [pid 37852] [client 179.173.62.209:0] script '/domains/markrose/doc.php' not found or unable to stat, referer: https://www.google.co.uk/
[Sun Jan 11 03:52:11.109282 2026] [php:error] [pid 37852] [client 199.217.150.156:0] script '/domains/markrose/ava.php' not found or unable to stat, referer: https://www.bing.com/
[Sun Jan 11 03:52:11.320299 2026] [php:error] [pid 37852] [client 83.133.58.104:0] script '/domains/markrose/shell20211028.php' not found or unable to stat, referer: https://www.google.com/
[Sun Jan 11 03:52:11.531371 2026] [php:error] [pid 37852] [client 238.67.171.20:0] script '/domains/markrose/st.php' not found or unable to stat, referer: https://www.bing.com/
[Sun Jan 11 03:52:11.742610 2026] [php:error] [pid 37852] [client 156.233.247.81:0] script '/domains/markrose/ab.php' not found or unable to stat, referer: https://duckduckgo.com/
[Sun Jan 11 03:52:11.953953 2026] [php:error] [pid 37852] [client 155.20.73.183:0] script '/domains/markrose/bala.php' not found or unable to stat, referer: https://www.google.de/
[Sun Jan 11 03:52:12.165480 2026] [php:error] [pid 37852] [client 90.185.91.12:0] script '/domains/markrose/ca4.php' not found or unable to stat, referer: https://www.yahoo.com/
[Sun Jan 11 03:52:12.376763 2026] [php:error] [pid 37852] [client 142.252.92.244:0] script '/domains/markrose/content.php' not found or unable to stat, referer: https://www.google.fr/
[Sun Jan 11 03:52:12.587901 2026] [php:error] [pid 37852] [client 197.92.85.63:0] script '/domains/markrose/gmo.php' not found or unable to stat, referer: https://www.google.fr/
[Sun Jan 11 03:52:12.799124 2026] [php:error] [pid 37852] [client 76.144.126.250:0] script '/domains/markrose/ulc6.php' not found or unable to stat, referer: https://duckduckgo.com/
[Sun Jan 11 03:52:13.228265 2026] [core:crit] [pid 37849] (13)Permission denied: [client 114.119.128.237:0] AH00529: /domains/performancepartsinc/graphics/psd/.htaccess pcfg_openfile: unable to check htaccess file, ensure it is readable and that '/domains/performancepartsinc/graphics/psd/' is executable, referer: http://www.performancepartsinc.com/graphics/psd/q.php?%2Fescort-lantangan%2F
[Sun Jan 11 03:52:13.644556 2026] [php:error] [pid 37852] [client 198.109.39.141:0] script '/domains/markrose/xx.php' not found or unable to stat, referer: https://duckduckgo.com/
[Sun Jan 11 03:52:13.855719 2026] [php:error] [pid 37852] [client 247.181.207.40:0] script '/domains/markrose/12.php' not found or unable to stat, referer: https://www.google.de/
[Sun Jan 11 03:52:14.067060 2026] [php:error] [pid 37852] [client 68.186.2.135:0] script '/domains/markrose/autoloadclassmap.php' not found or unable to stat, referer: https://duckduckgo.com/
[Sun Jan 11 03:52:14.280989 2026] [php:error] [pid 37852] [client 148.152.23.104:0] script '/domains/markrose/berlin.php' not found or unable to stat, referer: https://duckduckgo.com/
[Sun Jan 11 03:52:15.337654 2026] [php:error] [pid 37852] [client 7.21.32.127:0] script '/domains/markrose/ar.php' not found or unable to stat, referer: https://www.google.co.uk/
[Sun Jan 11 03:52:15.548805 2026] [php:error] [pid 37852] [client 237.80.165.124:0] script '/domains/markrose/copypaths.php' not found or unable to stat, referer: https://www.bing.com/
[Sun Jan 11 03:52:15.808206 2026] [php:error] [pid 37852] [client 19.245.92.41:0] script '/domains/markrose/function.php' not found or unable to stat, referer: https://www.google.com/
[Sun Jan 11 03:52:16.019339 2026] [php:error] [pid 37852] [client 168.10.4.209:0] script '/domains/markrose/go.php' not found or unable to stat, referer: https://www.yahoo.com/
[Sun Jan 11 03:52:16.230550 2026] [php:error] [pid 37852] [client 129.94.111.7:0] script '/domains/markrose/options-reading.php' not found or unable to stat, referer: https://www.google.fr/
[Sun Jan 11 03:52:16.441698 2026] [php:error] [pid 37852] [client 8.217.176.1:0] script '/domains/markrose/randkeyword.php' not found or unable to stat, referer: https://www.yahoo.com/
[Sun Jan 11 03:53:33.916934 2026] [php:error] [pid 37871] [client 89.74.192.213:0] script '/domains/davidbacker/php.php' not found or unable to stat, referer: https://www.google.de/
[Sun Jan 11 03:53:35.018240 2026] [php:error] [pid 37871] [client 120.30.118.241:0] script '/domains/davidbacker/contact.php' not found or unable to stat, referer: https://www.google.co.uk/
[Sun Jan 11 03:53:35.238268 2026] [php:error] [pid 37871] [client 171.244.168.56:0] script '/domains/davidbacker/load.php' not found or unable to stat, referer: https://www.bing.com/
[Sun Jan 11 03:53:35.678246 2026] [php:error] [pid 37871] [client 255.80.143.247:0] script '/domains/davidbacker/wp-login.php' not found or unable to stat, referer: https://www.google.com/
[Sun Jan 11 03:53:36.118138 2026] [php:error] [pid 37871] [client 56.245.20.111:0] script '/domains/davidbacker/wp-Owl.php' not found or unable to stat, referer: https://duckduckgo.com/
[Sun Jan 11 03:53:36.339538 2026] [php:error] [pid 37871] [client 221.150.106.226:0] script '/domains/davidbacker/classsmtps.php' not found or unable to stat, referer: https://duckduckgo.com/
[Sun Jan 11 03:53:38.316301 2026] [php:error] [pid 37871] [client 173.43.244.101:0] script '/domains/davidbacker/moon.php' not found or unable to stat, referer: https://www.google.fr/
[Sun Jan 11 03:53:38.537244 2026] [php:error] [pid 37871] [client 0.206.63.127:0] script '/domains/davidbacker/wp-blog.php' not found or unable to stat, referer: https://duckduckgo.com/
[Sun Jan 11 03:53:39.416925 2026] [php:error] [pid 37871] [client 0.146.247.169:0] script '/domains/davidbacker/about/function.php' not found or unable to stat, referer: https://www.bing.com/
[Sun Jan 11 03:53:40.078858 2026] [php:error] [pid 37871] [client 53.224.25.25:0] script '/domains/davidbacker/default.php' not found or unable to stat, referer: https://www.google.com/
[Sun Jan 11 03:53:40.302367 2026] [php:error] [pid 37871] [client 62.82.181.204:0] script '/domains/davidbacker/motu.php' not found or unable to stat, referer: https://www.google.co.uk/
[Sun Jan 11 03:53:40.524664 2026] [php:error] [pid 37871] [client 138.177.93.16:0] script '/domains/davidbacker/past.php' not found or unable to stat, referer: https://www.bing.com/
[Sun Jan 11 03:53:40.747972 2026] [php:error] [pid 37871] [client 145.72.68.179:0] script '/domains/davidbacker/tinyfilemanager.php' not found or unable to stat, referer: https://www.google.co.uk/
[Sun Jan 11 03:53:40.969887 2026] [php:error] [pid 37871] [client 179.108.155.60:0] script '/domains/davidbacker/wp-file.php' not found or unable to stat, referer: https://duckduckgo.com/
[Sun Jan 11 03:53:41.189752 2026] [php:error] [pid 37871] [client 160.186.184.70:0] script '/domains/davidbacker/wp-trackback.php' not found or unable to stat, referer: https://www.bing.com/
[Sun Jan 11 03:53:41.409435 2026] [php:error] [pid 37871] [client 146.13.151.50:0] script '/domains/davidbacker/gecko.php' not found or unable to stat, referer: https://duckduckgo.com/
[Sun Jan 11 03:53:41.629578 2026] [php:error] [pid 37871] [client 179.179.107.224:0] script '/domains/davidbacker/install.php' not found or unable to stat, referer: https://duckduckgo.com/
[Sun Jan 11 03:53:42.069492 2026] [php:error] [pid 37871] [client 99.253.160.165:0] script '/domains/davidbacker/woh.php' not found or unable to stat, referer: https://www.bing.com/
[Sun Jan 11 03:53:42.510101 2026] [php:error] [pid 37871] [client 235.175.154.188:0] script '/domains/davidbacker/a.php' not found or unable to stat, referer: https://www.google.com/
[Sun Jan 11 03:53:42.731437 2026] [php:error] [pid 37871] [client 199.55.217.163:0] script '/domains/davidbacker/eagle.php' not found or unable to stat, referer: https://www.google.com/
[Sun Jan 11 03:53:43.830523 2026] [php:error] [pid 37871] [client 2.67.57.216:0] script '/domains/davidbacker/xc.php' not found or unable to stat, referer: https://duckduckgo.com/
[Sun Jan 11 03:53:44.050662 2026] [php:error] [pid 37871] [client 142.153.73.183:0] script '/domains/davidbacker/ahax.php' not found or unable to stat, referer: https://duckduckgo.com/
[Sun Jan 11 03:53:44.272012 2026] [php:error] [pid 37871] [client 167.82.204.110:0] script '/domains/davidbacker/server.php' not found or unable to stat, referer: https://www.google.co.uk/
[Sun Jan 11 03:53:44.932421 2026] [php:error] [pid 37871] [client 149.163.108.224:0] script '/domains/davidbacker/images/class-config.php' not found or unable to stat, referer: https://www.yahoo.com/
[Sun Jan 11 03:54:08.613884 2026] [php:error] [pid 37870] [client 145.239.10.137:0] script '/domains/gk3c/webix.php' not found or unable to stat, referer: http://cluffassociates.com/webix.php
[Sun Jan 11 03:54:19.265966 2026] [php:error] [pid 37870] [client 211.30.248.187:0] script '/domains/rfisher.dnai/images/index.php' not found or unable to stat, referer: https://www.bing.com/
[Sun Jan 11 03:54:28.948030 2026] [php:error] [pid 37869] [client 103.87.54.248:0] script '/domains/tamara1/xmlrpc.php' not found or unable to stat
[Sun Jan 11 03:55:07.782629 2026] [php:error] [pid 37870] [client 142.125.239.222:0] script '/domains/schellin/php.php' not found or unable to stat, referer: https://www.google.fr/
[Sun Jan 11 03:55:08.742986 2026] [php:error] [pid 37870] [client 152.39.228.235:0] script '/domains/schellin/contact.php' not found or unable to stat, referer: https://www.google.fr/
[Sun Jan 11 03:55:08.935964 2026] [php:error] [pid 37870] [client 173.251.43.179:0] script '/domains/schellin/load.php' not found or unable to stat, referer: https://www.google.de/
[Sun Jan 11 03:55:09.319438 2026] [php:error] [pid 37870] [client 204.98.111.239:0] script '/domains/schellin/wp-login.php' not found or unable to stat, referer: https://www.bing.com/
[Sun Jan 11 03:55:09.702576 2026] [php:error] [pid 37870] [client 2.211.198.78:0] script '/domains/schellin/wp-Owl.php' not found or unable to stat, referer: https://www.google.com/
[Sun Jan 11 03:55:09.894537 2026] [php:error] [pid 37870] [client 102.197.128.225:0] script '/domains/schellin/classsmtps.php' not found or unable to stat, referer: https://www.google.co.uk/
[Sun Jan 11 03:55:11.615459 2026] [php:error] [pid 37870] [client 135.134.201.169:0] script '/domains/schellin/moon.php' not found or unable to stat, referer: https://www.google.de/
[Sun Jan 11 03:55:11.806774 2026] [php:error] [pid 37870] [client 52.63.181.174:0] script '/domains/schellin/wp-blog.php' not found or unable to stat, referer: https://duckduckgo.com/
[Sun Jan 11 03:55:13.145678 2026] [php:error] [pid 37870] [client 215.242.227.205:0] script '/domains/schellin/default.php' not found or unable to stat, referer: https://www.google.fr/
[Sun Jan 11 03:55:13.337425 2026] [php:error] [pid 37870] [client 142.235.180.178:0] script '/domains/schellin/motu.php' not found or unable to stat, referer: https://www.google.de/
[Sun Jan 11 03:55:13.533551 2026] [php:error] [pid 37870] [client 74.225.218.73:0] script '/domains/schellin/past.php' not found or unable to stat, referer: https://www.bing.com/
[Sun Jan 11 03:55:13.724879 2026] [php:error] [pid 37870] [client 252.5.109.17:0] script '/domains/schellin/tinyfilemanager.php' not found or unable to stat, referer: https://www.bing.com/
[Sun Jan 11 03:55:13.916997 2026] [php:error] [pid 37870] [client 23.207.45.115:0] script '/domains/schellin/wp-file.php' not found or unable to stat, referer: https://duckduckgo.com/
[Sun Jan 11 03:55:14.108691 2026] [php:error] [pid 37870] [client 17.13.246.213:0] script '/domains/schellin/wp-trackback.php' not found or unable to stat, referer: https://www.google.de/
[Sun Jan 11 03:55:14.300605 2026] [php:error] [pid 37870] [client 62.244.238.69:0] script '/domains/schellin/gecko.php' not found or unable to stat, referer: https://www.google.co.uk/
[Sun Jan 11 03:55:14.493422 2026] [php:error] [pid 37870] [client 16.177.150.23:0] script '/domains/schellin/install.php' not found or unable to stat, referer: https://www.google.com/
[Sun Jan 11 03:55:14.877196 2026] [php:error] [pid 37870] [client 73.225.43.13:0] script '/domains/schellin/woh.php' not found or unable to stat, referer: https://duckduckgo.com/
[Sun Jan 11 03:55:15.260023 2026] [php:error] [pid 37870] [client 120.34.4.49:0] script '/domains/schellin/a.php' not found or unable to stat, referer: https://www.google.com/
[Sun Jan 11 03:55:15.451216 2026] [php:error] [pid 37870] [client 213.161.118.183:0] script '/domains/schellin/eagle.php' not found or unable to stat, referer: https://www.google.de/
[Sun Jan 11 03:55:16.409918 2026] [php:error] [pid 37870] [client 9.169.211.60:0] script '/domains/schellin/xc.php' not found or unable to stat, referer: https://duckduckgo.com/
[Sun Jan 11 03:55:16.602086 2026] [php:error] [pid 37870] [client 131.138.48.112:0] script '/domains/schellin/ahax.php' not found or unable to stat, referer: https://www.bing.com/
[Sun Jan 11 03:55:16.793840 2026] [php:error] [pid 37870] [client 130.80.188.18:0] script '/domains/schellin/server.php' not found or unable to stat, referer: https://www.google.co.uk/
[Sun Jan 11 03:55:17.368583 2026] [php:error] [pid 37870] [client 92.186.5.108:0] script '/domains/schellin/images/class-config.php' not found or unable to stat, referer: https://duckduckgo.com/
[Sun Jan 11 03:55:50.549163 2026] [php:error] [pid 37870] [client 214.0.45.191:0] script '/domains/aatweb/wp-2019.php' not found or unable to stat, referer: https://www.yahoo.com/
[Sun Jan 11 03:55:50.908512 2026] [php:error] [pid 37870] [client 195.228.137.193:0] script '/domains/aatweb/2.php' not found or unable to stat, referer: https://www.google.fr/
[Sun Jan 11 03:55:51.095661 2026] [php:error] [pid 37870] [client 93.232.165.51:0] script '/domains/aatweb/css.php' not found or unable to stat, referer: https://www.yahoo.com/
[Sun Jan 11 03:55:51.274747 2026] [php:error] [pid 37870] [client 171.89.120.42:0] script '/domains/aatweb/f35.php' not found or unable to stat, referer: https://www.bing.com/
[Sun Jan 11 03:55:51.458242 2026] [php:error] [pid 37870] [client 48.137.22.220:0] script '/domains/aatweb/gg.php' not found or unable to stat, referer: https://duckduckgo.com/
[Sun Jan 11 03:55:51.637208 2026] [php:error] [pid 37870] [client 41.82.187.200:0] script '/domains/aatweb/ma.php' not found or unable to stat, referer: https://www.google.co.uk/
[Sun Jan 11 03:55:52.710230 2026] [php:error] [pid 37870] [client 95.139.179.19:0] script '/domains/aatweb/cc.php' not found or unable to stat, referer: https://www.google.de/
[Sun Jan 11 03:55:52.890213 2026] [php:error] [pid 37870] [client 240.182.183.114:0] script '/domains/aatweb/cgi-bin/file.php' not found or unable to stat, referer: https://www.google.co.uk/
[Sun Jan 11 03:55:53.249093 2026] [php:error] [pid 37870] [client 173.86.52.67:0] script '/domains/aatweb/help.php' not found or unable to stat, referer: https://www.google.co.uk/
[Sun Jan 11 03:55:54.146853 2026] [php:error] [pid 37870] [client 189.61.99.89:0] script '/domains/aatweb/13.php' not found or unable to stat, referer: https://www.google.com/
[Sun Jan 11 03:55:54.327402 2026] [php:error] [pid 37870] [client 3.64.108.84:0] script '/domains/aatweb/doc.php' not found or unable to stat, referer: https://www.google.co.uk/
[Sun Jan 11 03:55:55.597113 2026] [php:error] [pid 37870] [client 92.132.217.199:0] script '/domains/aatweb/ava.php' not found or unable to stat, referer: https://www.google.fr/
[Sun Jan 11 03:55:55.778111 2026] [php:error] [pid 37870] [client 131.218.161.118:0] script '/domains/aatweb/shell20211028.php' not found or unable to stat, referer: https://www.google.co.uk/
[Sun Jan 11 03:55:55.958497 2026] [php:error] [pid 37870] [client 220.3.249.74:0] script '/domains/aatweb/st.php' not found or unable to stat, referer: https://www.yahoo.com/
[Sun Jan 11 03:55:56.138482 2026] [php:error] [pid 37870] [client 131.30.129.37:0] script '/domains/aatweb/ab.php' not found or unable to stat, referer: https://www.google.com/
[Sun Jan 11 03:55:56.318113 2026] [php:error] [pid 37870] [client 109.65.177.17:0] script '/domains/aatweb/bala.php' not found or unable to stat, referer: https://www.google.de/
[Sun Jan 11 03:55:56.497793 2026] [php:error] [pid 37870] [client 204.153.199.72:0] script '/domains/aatweb/ca4.php' not found or unable to stat, referer: https://www.google.com/
[Sun Jan 11 03:55:56.677025 2026] [php:error] [pid 37870] [client 66.148.66.146:0] script '/domains/aatweb/content.php' not found or unable to stat, referer: https://www.google.com/
[Sun Jan 11 03:55:56.856058 2026] [php:error] [pid 37870] [client 42.34.16.170:0] script '/domains/aatweb/gmo.php' not found or unable to stat, referer: https://www.yahoo.com/
[Sun Jan 11 03:55:57.035890 2026] [php:error] [pid 37870] [client 165.54.53.126:0] script '/domains/aatweb/ulc6.php' not found or unable to stat, referer: https://duckduckgo.com/
[Sun Jan 11 03:55:57.752531 2026] [php:error] [pid 37870] [client 162.106.110.61:0] script '/domains/aatweb/xx.php' not found or unable to stat, referer: https://www.bing.com/
[Sun Jan 11 03:55:57.932022 2026] [php:error] [pid 37870] [client 36.12.52.16:0] script '/domains/aatweb/12.php' not found or unable to stat, referer: https://www.google.co.uk/
[Sun Jan 11 03:55:58.111601 2026] [php:error] [pid 37870] [client 68.176.82.102:0] script '/domains/aatweb/autoloadclassmap.php' not found or unable to stat, referer: https://www.bing.com/
[Sun Jan 11 03:55:58.284098 2026] [php:error] [pid 37909] [client 206.5.118.247:0] script '/domains/tennex/admin.php' not found or unable to stat, referer: https://www.yahoo.com/
[Sun Jan 11 03:55:58.290991 2026] [php:error] [pid 37870] [client 88.181.99.100:0] script '/domains/aatweb/berlin.php' not found or unable to stat, referer: https://www.google.fr/
[Sun Jan 11 03:55:58.470202 2026] [php:error] [pid 37870] [client 96.235.144.127:0] script '/domains/aatweb/cgi-bin/xmrlpc.php' not found or unable to stat, referer: https://www.google.fr/
[Sun Jan 11 03:55:58.496603 2026] [php:error] [pid 37909] [client 23.37.33.63:0] script '/domains/tennex/file.php' not found or unable to stat, referer: https://duckduckgo.com/
[Sun Jan 11 03:55:58.708693 2026] [php:error] [pid 37909] [client 245.194.225.216:0] script '/domains/tennex/index.php' not found or unable to stat, referer: https://www.bing.com/
[Sun Jan 11 03:55:58.920849 2026] [php:error] [pid 37909] [client 186.21.187.18:0] script '/domains/tennex/about.php' not found or unable to stat, referer: https://www.google.de/
[Sun Jan 11 03:55:59.133180 2026] [php:error] [pid 37909] [client 121.226.16.81:0] script '/domains/tennex/ioxi-o.php' not found or unable to stat, referer: https://www.bing.com/
[Sun Jan 11 03:55:59.191059 2026] [php:error] [pid 37870] [client 215.167.87.195:0] script '/domains/aatweb/ar.php' not found or unable to stat, referer: https://www.google.de/
[Sun Jan 11 03:55:59.345759 2026] [php:error] [pid 37909] [client 38.104.143.74:0] script '/domains/tennex/adminfuns.php' not found or unable to stat, referer: https://www.bing.com/
[Sun Jan 11 03:55:59.370760 2026] [php:error] [pid 37870] [client 238.21.171.103:0] script '/domains/aatweb/copypaths.php' not found or unable to stat, referer: https://duckduckgo.com/
[Sun Jan 11 03:55:59.559522 2026] [php:error] [pid 37909] [client 205.216.228.239:0] script '/domains/tennex/defaults.php' not found or unable to stat, referer: https://duckduckgo.com/
[Sun Jan 11 03:55:59.560223 2026] [php:error] [pid 37870] [client 75.68.144.242:0] script '/domains/aatweb/function.php' not found or unable to stat, referer: https://www.google.fr/
[Sun Jan 11 03:55:59.740242 2026] [php:error] [pid 37870] [client 234.209.45.130:0] script '/domains/aatweb/go.php' not found or unable to stat, referer: https://www.bing.com/
[Sun Jan 11 03:55:59.770578 2026] [php:error] [pid 37909] [client 177.201.91.241:0] script '/domains/tennex/chosen.php' not found or unable to stat, referer: https://www.google.de/
[Sun Jan 11 03:55:59.919840 2026] [php:error] [pid 37870] [client 35.76.196.42:0] script '/domains/aatweb/options-reading.php' not found or unable to stat, referer: https://www.google.de/
[Sun Jan 11 03:56:00.099359 2026] [php:error] [pid 37870] [client 42.75.11.107:0] script '/domains/aatweb/randkeyword.php' not found or unable to stat, referer: https://www.google.com/
[Sun Jan 11 03:56:00.193278 2026] [php:error] [pid 37909] [client 176.13.130.109:0] script '/domains/tennex/autoload_classmap.php' not found or unable to stat, referer: https://duckduckgo.com/
[Sun Jan 11 03:56:00.404149 2026] [php:error] [pid 37909] [client 46.135.196.198:0] script '/domains/tennex/goods.php' not found or unable to stat, referer: https://duckduckgo.com/
[Sun Jan 11 03:56:00.828337 2026] [php:error] [pid 37909] [client 33.125.53.214:0] script '/domains/tennex/inputs.php' not found or unable to stat, referer: https://www.google.fr/
[Sun Jan 11 03:56:01.039951 2026] [php:error] [pid 37909] [client 187.58.44.245:0] script '/domains/tennex/classwithtostring.php' not found or unable to stat, referer: https://www.google.co.uk/
[Sun Jan 11 03:56:01.251490 2026] [php:error] [pid 37909] [client 190.92.74.122:0] script '/domains/tennex/asasx.php' not found or unable to stat, referer: https://www.google.de/
[Sun Jan 11 03:56:01.462943 2026] [php:error] [pid 37909] [client 141.2.231.216:0] script '/domains/tennex/wp-good.php' not found or unable to stat, referer: https://duckduckgo.com/
[Sun Jan 11 03:56:01.675625 2026] [php:error] [pid 37909] [client 202.136.46.104:0] script '/domains/tennex/simple.php' not found or unable to stat, referer: https://www.google.de/
[Sun Jan 11 03:56:01.887722 2026] [php:error] [pid 37909] [client 132.42.248.221:0] script '/domains/tennex/fm.php' not found or unable to stat, referer: https://www.yahoo.com/
[Sun Jan 11 03:56:02.100222 2026] [php:error] [pid 37909] [client 184.38.80.248:0] script '/domains/tennex/k.php' not found or unable to stat, referer: https://www.google.de/
[Sun Jan 11 03:56:02.311776 2026] [php:error] [pid 37909] [client 222.165.92.99:0] script '/domains/tennex/mah.php' not found or unable to stat, referer: https://www.google.fr/
[Sun Jan 11 03:56:02.523236 2026] [php:error] [pid 37909] [client 135.169.0.126:0] script '/domains/tennex/info.php' not found or unable to stat, referer: https://www.google.de/
[Sun Jan 11 03:56:02.734223 2026] [php:error] [pid 37909] [client 13.170.204.146:0] script '/domains/tennex/abcd.php' not found or unable to stat, referer: https://www.google.fr/
[Sun Jan 11 03:56:03.157611 2026] [php:error] [pid 37909] [client 119.103.7.17:0] script '/domains/tennex/1.php' not found or unable to stat, referer: https://www.bing.com/
[Sun Jan 11 03:56:03.369376 2026] [php:error] [pid 37909] [client 158.144.131.233:0] script '/domains/tennex/wp.php' not found or unable to stat, referer: https://www.yahoo.com/
[Sun Jan 11 03:56:03.580895 2026] [php:error] [pid 37909] [client 107.11.244.230:0] script '/domains/tennex/adminfuns.php' not found or unable to stat, referer: https://www.google.de/
[Sun Jan 11 03:56:03.793342 2026] [php:error] [pid 37909] [client 73.221.132.222:0] script '/domains/tennex/xmlrpc.php' not found or unable to stat, referer: https://duckduckgo.com/
[Sun Jan 11 03:56:04.004856 2026] [php:error] [pid 37909] [client 136.231.153.112:0] script '/domains/tennex/edit.php' not found or unable to stat, referer: https://www.google.co.uk/
[Sun Jan 11 03:56:04.217551 2026] [php:error] [pid 37909] [client 223.168.86.3:0] script '/domains/tennex/test.php' not found or unable to stat, referer: https://www.google.com/
[Sun Jan 11 03:56:04.642802 2026] [php:error] [pid 37909] [client 121.4.37.72:0] script '/domains/tennex/alfa.php' not found or unable to stat, referer: https://www.yahoo.com/
[Sun Jan 11 03:56:04.726577 2026] [php:error] [pid 37900] [client 4.197.75.18:0] script '/domains/piltdweb1/class-t.api.php' not found or unable to stat
[Sun Jan 11 03:56:04.926719 2026] [php:error] [pid 37900] [client 4.197.75.18:0] script '/domains/piltdweb1/zwso.php' not found or unable to stat
[Sun Jan 11 03:56:05.339140 2026] [php:error] [pid 37900] [client 4.197.75.18:0] script '/domains/piltdweb1/class19.php' not found or unable to stat
[Sun Jan 11 03:56:05.487728 2026] [php:error] [pid 37909] [client 160.229.148.40:0] script '/domains/tennex/atomlib.php' not found or unable to stat, referer: https://www.google.com/
[Sun Jan 11 03:56:05.538671 2026] [php:error] [pid 37900] [client 4.197.75.18:0] script '/domains/piltdweb1/class20.php' not found or unable to stat
[Sun Jan 11 03:56:05.738348 2026] [php:error] [pid 37900] [client 4.197.75.18:0] script '/domains/piltdweb1/admin.php' not found or unable to stat
[Sun Jan 11 03:56:05.912095 2026] [php:error] [pid 37909] [client 60.97.94.220:0] script '/domains/tennex/0.php' not found or unable to stat, referer: https://www.google.com/
[Sun Jan 11 03:56:05.938242 2026] [php:error] [pid 37900] [client 4.197.75.18:0] script '/domains/piltdweb1/randkeyword.php' not found or unable to stat
[Sun Jan 11 03:56:06.123198 2026] [php:error] [pid 37909] [client 122.48.155.59:0] script '/domains/tennex/aa.php' not found or unable to stat, referer: https://www.google.com/
[Sun Jan 11 03:56:06.137910 2026] [php:error] [pid 37900] [client 4.197.75.18:0] script '/domains/piltdweb1/fwe.php' not found or unable to stat
[Sun Jan 11 03:56:06.548439 2026] [php:error] [pid 37900] [client 4.197.75.18:0] script '/domains/piltdweb1/g.php' not found or unable to stat
[Sun Jan 11 03:56:06.548451 2026] [php:error] [pid 37909] [client 15.134.160.82:0] script '/domains/tennex/lock360.php' not found or unable to stat, referer: https://www.google.fr/
[Sun Jan 11 03:56:06.748429 2026] [php:error] [pid 37900] [client 4.197.75.18:0] script '/domains/piltdweb1/tx1.php' not found or unable to stat
[Sun Jan 11 03:56:06.760024 2026] [php:error] [pid 37909] [client 187.174.110.218:0] script '/domains/tennex/bgymj.php' not found or unable to stat, referer: https://www.google.com/
[Sun Jan 11 03:56:06.966234 2026] [php:error] [pid 37900] [client 4.197.75.18:0] script '/domains/piltdweb1/xv.php' not found or unable to stat
[Sun Jan 11 03:56:06.972653 2026] [php:error] [pid 37909] [client 133.237.8.243:0] script '/domains/tennex/flower.php' not found or unable to stat, referer: https://www.google.co.uk/
[Sun Jan 11 03:56:07.166126 2026] [php:error] [pid 37900] [client 4.197.75.18:0] script '/domains/piltdweb1/x56.php' not found or unable to stat
[Sun Jan 11 03:56:07.184080 2026] [php:error] [pid 37909] [client 85.34.216.91:0] script '/domains/tennex/radio.php' not found or unable to stat, referer: https://www.bing.com/
[Sun Jan 11 03:56:07.366277 2026] [php:error] [pid 37900] [client 4.197.75.18:0] script '/domains/piltdweb1/htaccess.php' not found or unable to stat
[Sun Jan 11 03:56:07.580183 2026] [php:error] [pid 37900] [client 4.197.75.18:0] script '/domains/piltdweb1/readme.php' not found or unable to stat
[Sun Jan 11 03:56:07.781978 2026] [php:error] [pid 37900] [client 4.197.75.18:0] script '/domains/piltdweb1/x50.php' not found or unable to stat
[Sun Jan 11 03:56:07.820608 2026] [php:error] [pid 37909] [client 19.38.127.12:0] script '/domains/tennex/filemanager.php' not found or unable to stat, referer: https://www.yahoo.com/
[Sun Jan 11 03:56:07.982593 2026] [php:error] [pid 37900] [client 4.197.75.18:0] script '/domains/piltdweb1/fv.php' not found or unable to stat
[Sun Jan 11 03:56:08.188542 2026] [php:error] [pid 37900] [client 4.197.75.18:0] script '/domains/piltdweb1/file.php' not found or unable to stat
[Sun Jan 11 03:56:08.245393 2026] [php:error] [pid 37909] [client 183.129.145.135:0] script '/domains/tennex/403.php' not found or unable to stat, referer: https://www.yahoo.com/
[Sun Jan 11 03:56:08.388232 2026] [php:error] [pid 37900] [client 4.197.75.18:0] script '/domains/piltdweb1/lsd.php' not found or unable to stat
[Sun Jan 11 03:56:08.457609 2026] [php:error] [pid 37909] [client 50.169.216.62:0] script '/domains/tennex/makeasmtp.php' not found or unable to stat, referer: https://www.yahoo.com/
[Sun Jan 11 03:56:08.613090 2026] [php:error] [pid 37900] [client 4.197.75.18:0] script '/domains/piltdweb1/as.php' not found or unable to stat
[Sun Jan 11 03:56:08.669378 2026] [php:error] [pid 37909] [client 194.103.3.5:0] script '/domains/tennex/file5.php' not found or unable to stat, referer: https://www.google.com/
[Sun Jan 11 03:56:08.882382 2026] [php:error] [pid 37909] [client 45.197.180.15:0] script '/domains/tennex/upload.php' not found or unable to stat, referer: https://www.google.co.uk/
[Sun Jan 11 03:56:08.953929 2026] [php:error] [pid 37900] [client 4.197.75.18:0] script '/domains/piltdweb1/wsd.php' not found or unable to stat
[Sun Jan 11 03:56:09.094814 2026] [php:error] [pid 37909] [client 245.222.147.29:0] script '/domains/tennex/vx.php' not found or unable to stat, referer: https://www.google.co.uk/
[Sun Jan 11 03:56:09.154729 2026] [php:error] [pid 37900] [client 4.197.75.18:0] script '/domains/piltdweb1/gtc.php' not found or unable to stat
[Sun Jan 11 03:56:09.307549 2026] [php:error] [pid 37909] [client 183.96.90.55:0] script '/domains/tennex/dropdown.php' not found or unable to stat, referer: https://www.yahoo.com/
[Sun Jan 11 03:56:09.355323 2026] [php:error] [pid 37900] [client 4.197.75.18:0] script '/domains/piltdweb1/atx.php' not found or unable to stat
[Sun Jan 11 03:56:09.519151 2026] [php:error] [pid 37909] [client 109.220.88.36:0] script '/domains/tennex/system.php' not found or unable to stat, referer: https://www.google.fr/
[Sun Jan 11 03:56:09.555117 2026] [php:error] [pid 37900] [client 4.197.75.18:0] script '/domains/piltdweb1/z60.php' not found or unable to stat
[Sun Jan 11 03:56:09.791778 2026] [php:error] [pid 37900] [client 4.197.75.18:0] script '/domains/piltdweb1/403.php' not found or unable to stat
[Sun Jan 11 03:56:10.022505 2026] [php:error] [pid 37900] [client 4.197.75.18:0] script '/domains/piltdweb1/m.php' not found or unable to stat
[Sun Jan 11 03:56:10.222641 2026] [php:error] [pid 37900] [client 4.197.75.18:0] script '/domains/piltdweb1/themes.php' not found or unable to stat
[Sun Jan 11 03:56:11.026941 2026] [php:error] [pid 37900] [client 4.197.75.18:0] script '/domains/piltdweb1/click.php' not found or unable to stat
[Sun Jan 11 03:56:11.318628 2026] [php:error] [pid 37900] [client 4.197.75.18:0] script '/domains/piltdweb1/install.php' not found or unable to stat
[Sun Jan 11 03:56:11.521805 2026] [php:error] [pid 37900] [client 4.197.75.18:0] script '/domains/piltdweb1/lv.php' not found or unable to stat
[Sun Jan 11 03:56:11.722248 2026] [php:error] [pid 37900] [client 4.197.75.18:0] script '/domains/piltdweb1/simple.php' not found or unable to stat
[Sun Jan 11 03:56:11.927966 2026] [php:error] [pid 37900] [client 4.197.75.18:0] script '/domains/piltdweb1/css.php' not found or unable to stat
[Sun Jan 11 03:56:12.196885 2026] [php:error] [pid 37900] [client 4.197.75.18:0] script '/domains/piltdweb1/cong.php' not found or unable to stat
[Sun Jan 11 03:56:12.637259 2026] [php:error] [pid 37900] [client 4.197.75.18:0] script '/domains/piltdweb1/cong.php' not found or unable to stat
[Sun Jan 11 03:56:12.838719 2026] [php:error] [pid 37900] [client 4.197.75.18:0] script '/domains/piltdweb1/w.php' not found or unable to stat
[Sun Jan 11 03:56:13.291935 2026] [php:error] [pid 37900] [client 4.197.75.18:0] script '/domains/piltdweb1/404.php' not found or unable to stat
[Sun Jan 11 03:56:13.510507 2026] [php:error] [pid 37900] [client 4.197.75.18:0] script '/domains/piltdweb1/ioxi-o.php' not found or unable to stat
[Sun Jan 11 03:56:13.710348 2026] [php:error] [pid 37900] [client 4.197.75.18:0] script '/domains/piltdweb1/0x.php' not found or unable to stat
[Sun Jan 11 03:56:14.025084 2026] [php:error] [pid 37900] [client 4.197.75.18:0] script '/domains/piltdweb1/css.php' not found or unable to stat
[Sun Jan 11 03:56:14.227380 2026] [php:error] [pid 37900] [client 4.197.75.18:0] script '/domains/piltdweb1/222.php' not found or unable to stat
[Sun Jan 11 03:56:14.629537 2026] [php:error] [pid 37900] [client 4.197.75.18:0] script '/domains/piltdweb1/admin.php' not found or unable to stat
[Sun Jan 11 03:56:15.046616 2026] [php:error] [pid 37900] [client 4.197.75.18:0] script '/domains/piltdweb1/classwithtostring.php' not found or unable to stat
[Sun Jan 11 03:56:15.246295 2026] [php:error] [pid 37900] [client 4.197.75.18:0] script '/domains/piltdweb1/abcd.php' not found or unable to stat
[Sun Jan 11 03:56:15.480538 2026] [php:error] [pid 37900] [client 4.197.75.18:0] script '/domains/piltdweb1/autoload_classmap.php' not found or unable to stat
[Sun Jan 11 03:56:15.688674 2026] [php:error] [pid 37900] [client 4.197.75.18:0] script '/domains/piltdweb1/inputs.php' not found or unable to stat
[Sun Jan 11 03:56:15.891131 2026] [php:error] [pid 37900] [client 4.197.75.18:0] script '/domains/piltdweb1/about.php' not found or unable to stat
