[Wed Jan 07 10:31:08.730255 2026] [cgi:error] [pid 48772] [client 162.216.16.109:0] AH02811: stderr from /domains/aatweb/cgi-bin/authLogin.cgi: script not found or unable to stat
[Wed Jan 07 10:31:09.716895 2026] [cgi:error] [pid 48762] [client 162.216.16.109:0] AH02811: stderr from /domains/aatweb/cgi-bin/meteobridge.cgi: script not found or unable to stat
[Wed Jan 07 10:31:09.980563 2026] [cgi:error] [pid 48772] [client 162.216.16.109:0] AH02811: stderr from /domains/aatweb/cgi-bin/meteobridge.cgi: script not found or unable to stat
[Wed Jan 07 10:31:10.032886 2026] [cgi:error] [pid 48776] [client 162.216.16.109:0] AH02811: stderr from /domains/aatweb/cgi-bin/getagent.cgi: script not found or unable to stat
[Wed Jan 07 10:31:10.186395 2026] [cgi:error] [pid 48763] [client 162.216.16.109:0] AH02811: stderr from /domains/aatweb/cgi-bin/getagent.cgi: script not found or unable to stat
[Wed Jan 07 10:31:10.666357 2026] [authz_core:error] [pid 48774] [client 162.216.16.109:0] AH01630: client denied by server configuration: /
[Wed Jan 07 10:31:10.667102 2026] [authz_core:error] [pid 48712] [client 162.216.16.109:0] AH01630: client denied by server configuration: /
[Wed Jan 07 10:32:12.780201 2026] [php:error] [pid 48795] [client 52.169.217.234:0] script '/domains/tmandel/motu.php' not found or unable to stat
[Wed Jan 07 10:32:12.853580 2026] [php:error] [pid 48795] [client 52.169.217.234:0] script '/domains/tmandel/xsas.php' not found or unable to stat
[Wed Jan 07 10:32:12.925342 2026] [php:error] [pid 48795] [client 52.169.217.234:0] script '/domains/tmandel/wen.php' not found or unable to stat
[Wed Jan 07 10:32:12.997133 2026] [php:error] [pid 48795] [client 52.169.217.234:0] script '/domains/tmandel/xwpg.php' not found or unable to stat
[Wed Jan 07 10:32:13.068889 2026] [php:error] [pid 48795] [client 52.169.217.234:0] script '/domains/tmandel/baee.php' not found or unable to stat
[Wed Jan 07 10:32:13.141178 2026] [php:error] [pid 48795] [client 52.169.217.234:0] script '/domains/tmandel/iov.php' not found or unable to stat
[Wed Jan 07 10:32:13.213236 2026] [php:error] [pid 48795] [client 52.169.217.234:0] script '/domains/tmandel/mds.php' not found or unable to stat
[Wed Jan 07 10:32:13.284844 2026] [php:error] [pid 48795] [client 52.169.217.234:0] script '/domains/tmandel/mga.php' not found or unable to stat
[Wed Jan 07 10:32:13.356430 2026] [php:error] [pid 48795] [client 52.169.217.234:0] script '/domains/tmandel/rendi59.php' not found or unable to stat
[Wed Jan 07 10:32:13.428035 2026] [php:error] [pid 48795] [client 52.169.217.234:0] script '/domains/tmandel/bgymj.php' not found or unable to stat
[Wed Jan 07 10:32:13.499696 2026] [php:error] [pid 48795] [client 52.169.217.234:0] script '/domains/tmandel/assacc.php' not found or unable to stat
[Wed Jan 07 10:32:13.571449 2026] [php:error] [pid 48795] [client 52.169.217.234:0] script '/domains/tmandel/6y7t.php' not found or unable to stat
[Wed Jan 07 10:32:13.643355 2026] [php:error] [pid 48795] [client 52.169.217.234:0] script '/domains/tmandel/monso.php' not found or unable to stat
[Wed Jan 07 10:32:13.716001 2026] [php:error] [pid 48795] [client 52.169.217.234:0] script '/domains/tmandel/bnnof6.php' not found or unable to stat
[Wed Jan 07 10:32:13.787879 2026] [php:error] [pid 48795] [client 52.169.217.234:0] script '/domains/tmandel/str.php' not found or unable to stat
[Wed Jan 07 10:32:21.072356 2026] [php:error] [pid 48797] [client 35.247.243.241:0] script '/domains/awciii/adminer-5.2.0.php' not found or unable to stat
[Wed Jan 07 10:32:59.572688 2026] [php:error] [pid 48778] [client 216.244.66.232:0] script '/domains/hdickens.enteract/kmnj.php' not found or unable to stat
[Wed Jan 07 10:33:02.021356 2026] [php:error] [pid 48810] [client 47.79.118.28:0] script '/domains/hdickens.enteract/kmnj.php' not found or unable to stat
[Wed Jan 07 10:33:03.984737 2026] [php:error] [pid 48808] [client 216.244.66.232:0] script '/domains/hdickens.enteract/kmnj.php' not found or unable to stat
[Wed Jan 07 10:33:07.662887 2026] [php:error] [pid 48801] [client 216.244.66.232:0] script '/domains/hdickens.enteract/kmnj.php' not found or unable to stat
[Wed Jan 07 10:36:23.704411 2026] [php:error] [pid 48869] [client 4.189.122.79:0] script '/domains/navarrospring/aa.php' not found or unable to stat
[Wed Jan 07 10:36:23.865664 2026] [php:error] [pid 48869] [client 4.189.122.79:0] script '/domains/navarrospring/av.php' not found or unable to stat
[Wed Jan 07 10:36:24.027609 2026] [php:error] [pid 48869] [client 4.189.122.79:0] script '/domains/navarrospring/adminfuns.php' not found or unable to stat
[Wed Jan 07 10:36:24.189096 2026] [php:error] [pid 48869] [client 4.189.122.79:0] script '/domains/navarrospring/1.php' not found or unable to stat
[Wed Jan 07 10:36:24.512376 2026] [php:error] [pid 48869] [client 4.189.122.79:0] script '/domains/navarrospring/admin.php' not found or unable to stat
[Wed Jan 07 10:36:24.670461 2026] [php:error] [pid 48869] [client 4.189.122.79:0] script '/domains/navarrospring/upload.php' not found or unable to stat
[Wed Jan 07 10:36:24.840344 2026] [php:error] [pid 48869] [client 4.189.122.79:0] script '/domains/navarrospring/system.php' not found or unable to stat
[Wed Jan 07 10:36:24.998456 2026] [php:error] [pid 48869] [client 4.189.122.79:0] script '/domains/navarrospring/edit.php' not found or unable to stat
[Wed Jan 07 10:36:25.156025 2026] [php:error] [pid 48869] [client 4.189.122.79:0] script '/domains/navarrospring/new.php' not found or unable to stat
[Wed Jan 07 10:36:25.315662 2026] [php:error] [pid 48869] [client 4.189.122.79:0] script '/domains/navarrospring/inc.php' not found or unable to stat
[Wed Jan 07 10:36:25.473578 2026] [php:error] [pid 48869] [client 4.189.122.79:0] script '/domains/navarrospring/item.php' not found or unable to stat
[Wed Jan 07 10:36:25.789346 2026] [php:error] [pid 48869] [client 4.189.122.79:0] script '/domains/navarrospring/alfa.php' not found or unable to stat
[Wed Jan 07 10:36:25.953358 2026] [php:error] [pid 48869] [client 4.189.122.79:0] script '/domains/navarrospring/log.php' not found or unable to stat
[Wed Jan 07 10:36:26.111803 2026] [php:error] [pid 48869] [client 4.189.122.79:0] script '/domains/navarrospring/lock360.php' not found or unable to stat
[Wed Jan 07 10:36:26.269387 2026] [php:error] [pid 48869] [client 4.189.122.79:0] script '/domains/navarrospring/class.php' not found or unable to stat
[Wed Jan 07 10:36:26.772867 2026] [php:error] [pid 48869] [client 4.189.122.79:0] script '/domains/navarrospring/f.php' not found or unable to stat
[Wed Jan 07 10:36:27.264552 2026] [php:error] [pid 48869] [client 4.189.122.79:0] script '/domains/navarrospring/404.php' not found or unable to stat
[Wed Jan 07 10:36:27.422242 2026] [php:error] [pid 48869] [client 4.189.122.79:0] script '/domains/navarrospring/adminfuns.php' not found or unable to stat
[Wed Jan 07 10:36:27.760831 2026] [php:error] [pid 48869] [client 4.189.122.79:0] script '/domains/navarrospring/goods.php' not found or unable to stat
[Wed Jan 07 10:36:27.920794 2026] [php:error] [pid 48869] [client 4.189.122.79:0] script '/domains/navarrospring/hi.php' not found or unable to stat
[Wed Jan 07 10:36:28.081906 2026] [php:error] [pid 48869] [client 4.189.122.79:0] script '/domains/navarrospring/wp-l0gin.php' not found or unable to stat
[Wed Jan 07 10:36:28.398116 2026] [php:error] [pid 48869] [client 4.189.122.79:0] script '/domains/navarrospring/420.php' not found or unable to stat
[Wed Jan 07 10:36:28.566589 2026] [php:error] [pid 48869] [client 4.189.122.79:0] script '/domains/navarrospring/xenium4.php' not found or unable to stat
[Wed Jan 07 10:36:28.724036 2026] [php:error] [pid 48869] [client 4.189.122.79:0] script '/domains/navarrospring/sadd5.php' not found or unable to stat
[Wed Jan 07 10:36:28.881821 2026] [php:error] [pid 48869] [client 4.189.122.79:0] script '/domains/navarrospring/file58.php' not found or unable to stat
[Wed Jan 07 10:36:29.051668 2026] [php:error] [pid 48869] [client 4.189.122.79:0] script '/domains/navarrospring/0w1d.php' not found or unable to stat
[Wed Jan 07 10:36:29.214367 2026] [php:error] [pid 48869] [client 4.189.122.79:0] script '/domains/navarrospring/f5.php' not found or unable to stat
[Wed Jan 07 10:36:29.389637 2026] [php:error] [pid 48869] [client 4.189.122.79:0] script '/domains/navarrospring/ma.php' not found or unable to stat
[Wed Jan 07 10:36:29.553445 2026] [php:error] [pid 48869] [client 4.189.122.79:0] script '/domains/navarrospring/s1.php' not found or unable to stat
[Wed Jan 07 10:36:29.723173 2026] [php:error] [pid 48869] [client 4.189.122.79:0] script '/domains/navarrospring/xa.php' not found or unable to stat
[Wed Jan 07 10:36:29.887362 2026] [php:error] [pid 48869] [client 4.189.122.79:0] script '/domains/navarrospring/f8.php' not found or unable to stat
[Wed Jan 07 10:36:30.045162 2026] [php:error] [pid 48869] [client 4.189.122.79:0] script '/domains/navarrospring/flower2.php' not found or unable to stat
[Wed Jan 07 10:36:30.203588 2026] [php:error] [pid 48869] [client 4.189.122.79:0] script '/domains/navarrospring/000.php' not found or unable to stat
[Wed Jan 07 10:36:30.416802 2026] [php:error] [pid 48869] [client 4.189.122.79:0] script '/domains/navarrospring/xxxx.php' not found or unable to stat
[Wed Jan 07 10:36:30.579197 2026] [php:error] [pid 48869] [client 4.189.122.79:0] script '/domains/navarrospring/wen.php' not found or unable to stat
[Wed Jan 07 10:36:30.738325 2026] [php:error] [pid 48869] [client 4.189.122.79:0] script '/domains/navarrospring/ss1.php' not found or unable to stat
[Wed Jan 07 10:36:30.902240 2026] [php:error] [pid 48869] [client 4.189.122.79:0] script '/domains/navarrospring/shoyo.php' not found or unable to stat
[Wed Jan 07 10:36:31.060112 2026] [php:error] [pid 48869] [client 4.189.122.79:0] script '/domains/navarrospring/flower.php' not found or unable to stat
[Wed Jan 07 10:36:31.217596 2026] [php:error] [pid 48869] [client 4.189.122.79:0] script '/domains/navarrospring/adminfuns.php' not found or unable to stat
[Wed Jan 07 10:36:31.375270 2026] [php:error] [pid 48869] [client 4.189.122.79:0] script '/domains/navarrospring/file48.php' not found or unable to stat
[Wed Jan 07 10:36:31.533004 2026] [php:error] [pid 48869] [client 4.189.122.79:0] script '/domains/navarrospring/info.php' not found or unable to stat
[Wed Jan 07 10:36:31.716746 2026] [php:error] [pid 48869] [client 4.189.122.79:0] script '/domains/navarrospring/class9.php' not found or unable to stat
[Wed Jan 07 10:36:31.874589 2026] [php:error] [pid 48869] [client 4.189.122.79:0] script '/domains/navarrospring/bless11.php' not found or unable to stat
[Wed Jan 07 10:36:32.032202 2026] [php:error] [pid 48869] [client 4.189.122.79:0] script '/domains/navarrospring/class.php' not found or unable to stat
[Wed Jan 07 10:36:32.189995 2026] [php:error] [pid 48869] [client 4.189.122.79:0] script '/domains/navarrospring/bless5.php' not found or unable to stat
[Wed Jan 07 10:36:32.355314 2026] [php:error] [pid 48869] [client 4.189.122.79:0] script '/domains/navarrospring/lock360.php' not found or unable to stat
[Wed Jan 07 10:36:32.575208 2026] [php:error] [pid 48869] [client 4.189.122.79:0] script '/domains/navarrospring/f35.php' not found or unable to stat
[Wed Jan 07 10:36:32.754862 2026] [php:error] [pid 48869] [client 4.189.122.79:0] script '/domains/navarrospring/gg.php' not found or unable to stat
[Wed Jan 07 10:36:32.912498 2026] [php:error] [pid 48869] [client 4.189.122.79:0] script '/domains/navarrospring/ar.php' not found or unable to stat
[Wed Jan 07 10:36:33.071614 2026] [php:error] [pid 48869] [client 4.189.122.79:0] script '/domains/navarrospring/alfa.php' not found or unable to stat
[Wed Jan 07 10:36:33.265443 2026] [php:error] [pid 48869] [client 4.189.122.79:0] script '/domains/navarrospring/classwithtostring.php' not found or unable to stat
[Wed Jan 07 10:36:33.425957 2026] [php:error] [pid 48869] [client 4.189.122.79:0] script '/domains/navarrospring/abcd.php' not found or unable to stat
[Wed Jan 07 10:36:33.584238 2026] [php:error] [pid 48869] [client 4.189.122.79:0] script '/domains/navarrospring/admin.php' not found or unable to stat
[Wed Jan 07 10:36:33.751538 2026] [php:error] [pid 48869] [client 4.189.122.79:0] script '/domains/navarrospring/ioxi-o.php' not found or unable to stat
[Wed Jan 07 10:36:33.910137 2026] [php:error] [pid 48869] [client 4.189.122.79:0] script '/domains/navarrospring/0x.php' not found or unable to stat
[Wed Jan 07 10:36:34.068585 2026] [php:error] [pid 48869] [client 4.189.122.79:0] script '/domains/navarrospring/css.php' not found or unable to stat
[Wed Jan 07 10:36:34.228505 2026] [php:error] [pid 48869] [client 4.189.122.79:0] script '/domains/navarrospring/222.php' not found or unable to stat
[Wed Jan 07 10:36:34.386916 2026] [php:error] [pid 48869] [client 4.189.122.79:0] script '/domains/navarrospring/class19.php' not found or unable to stat
[Wed Jan 07 10:36:34.547245 2026] [php:error] [pid 48869] [client 4.189.122.79:0] script '/domains/navarrospring/class20.php' not found or unable to stat
[Wed Jan 07 10:36:34.709205 2026] [php:error] [pid 48869] [client 4.189.122.79:0] script '/domains/navarrospring/admin.php' not found or unable to stat
[Wed Jan 07 10:36:34.925237 2026] [php:error] [pid 48869] [client 4.189.122.79:0] script '/domains/navarrospring/css.php' not found or unable to stat
[Wed Jan 07 10:36:35.087716 2026] [php:error] [pid 48869] [client 4.189.122.79:0] script '/domains/navarrospring/wsd.php' not found or unable to stat
[Wed Jan 07 10:36:35.245549 2026] [php:error] [pid 48869] [client 4.189.122.79:0] script '/domains/navarrospring/gtc.php' not found or unable to stat
[Wed Jan 07 10:36:35.405070 2026] [php:error] [pid 48869] [client 4.189.122.79:0] script '/domains/navarrospring/xtride.php' not found or unable to stat
[Wed Jan 07 10:36:35.563285 2026] [php:error] [pid 48869] [client 4.189.122.79:0] script '/domains/navarrospring/s11.php' not found or unable to stat
[Wed Jan 07 10:36:35.723023 2026] [php:error] [pid 48869] [client 4.189.122.79:0] script '/domains/navarrospring/goat.php' not found or unable to stat
[Wed Jan 07 10:36:35.880856 2026] [php:error] [pid 48869] [client 4.189.122.79:0] script '/domains/navarrospring/wsvvs.php' not found or unable to stat
[Wed Jan 07 10:36:36.038499 2026] [php:error] [pid 48869] [client 4.189.122.79:0] script '/domains/navarrospring/f6.php' not found or unable to stat
[Wed Jan 07 10:36:36.201282 2026] [php:error] [pid 48869] [client 4.189.122.79:0] script '/domains/navarrospring/lyy.php' not found or unable to stat
[Wed Jan 07 10:36:36.404499 2026] [php:error] [pid 48869] [client 4.189.122.79:0] script '/domains/navarrospring/galex.php' not found or unable to stat
[Wed Jan 07 10:36:36.562763 2026] [php:error] [pid 48869] [client 4.189.122.79:0] script '/domains/navarrospring/inputs.php' not found or unable to stat
[Wed Jan 07 10:36:36.721385 2026] [php:error] [pid 48869] [client 4.189.122.79:0] script '/domains/navarrospring/about.php' not found or unable to stat
[Wed Jan 07 10:36:36.887744 2026] [php:error] [pid 48869] [client 4.189.122.79:0] script '/domains/navarrospring/pp.php' not found or unable to stat
[Wed Jan 07 10:36:37.171928 2026] [php:error] [pid 48869] [client 4.189.122.79:0] script '/domains/navarrospring/files.php' not found or unable to stat
[Wed Jan 07 10:36:39.016922 2026] [php:error] [pid 48869] [client 4.189.122.79:0] script '/domains/navarrospring/ac.php' not found or unable to stat
[Wed Jan 07 10:36:39.543071 2026] [php:error] [pid 48870] [client 4.189.122.79:0] script '/domains/navarrospring/bel.php' not found or unable to stat
[Wed Jan 07 10:36:40.097369 2026] [php:error] [pid 48870] [client 4.189.122.79:0] script '/domains/navarrospring/shell20211028.php' not found or unable to stat
[Wed Jan 07 10:36:40.657864 2026] [php:error] [pid 48870] [client 4.189.122.79:0] script '/domains/navarrospring/bras.php' not found or unable to stat
[Wed Jan 07 10:36:40.825770 2026] [php:error] [pid 48870] [client 4.189.122.79:0] script '/domains/navarrospring/vv.php' not found or unable to stat
[Wed Jan 07 10:36:40.993847 2026] [php:error] [pid 48870] [client 4.189.122.79:0] script '/domains/navarrospring/gold.php' not found or unable to stat
[Wed Jan 07 10:36:41.162554 2026] [php:error] [pid 48870] [client 4.189.122.79:0] script '/domains/navarrospring/xe.php' not found or unable to stat
[Wed Jan 07 10:36:41.403208 2026] [php:error] [pid 48870] [client 4.189.122.79:0] script '/domains/navarrospring/bipas.php' not found or unable to stat
[Wed Jan 07 10:36:41.574891 2026] [php:error] [pid 48870] [client 4.189.122.79:0] script '/domains/navarrospring/xb.php' not found or unable to stat
[Wed Jan 07 10:36:41.743229 2026] [php:error] [pid 48870] [client 4.189.122.79:0] script '/domains/navarrospring/cx.php' not found or unable to stat
[Wed Jan 07 10:36:41.915687 2026] [php:error] [pid 48870] [client 4.189.122.79:0] script '/domains/navarrospring/x.php' not found or unable to stat
[Wed Jan 07 10:36:42.084393 2026] [php:error] [pid 48870] [client 4.189.122.79:0] script '/domains/navarrospring/xx.php' not found or unable to stat
[Wed Jan 07 10:36:42.252551 2026] [php:error] [pid 48870] [client 4.189.122.79:0] script '/domains/navarrospring/0x0x.php' not found or unable to stat
[Wed Jan 07 10:36:42.420510 2026] [php:error] [pid 48870] [client 4.189.122.79:0] script '/domains/navarrospring/xrr.php' not found or unable to stat
[Wed Jan 07 10:36:42.596099 2026] [php:error] [pid 48870] [client 4.189.122.79:0] script '/domains/navarrospring/xtt.php' not found or unable to stat
[Wed Jan 07 10:36:42.764320 2026] [php:error] [pid 48870] [client 4.189.122.79:0] script '/domains/navarrospring/gi.php' not found or unable to stat
[Wed Jan 07 10:36:42.932070 2026] [php:error] [pid 48870] [client 4.189.122.79:0] script '/domains/navarrospring/nov.php' not found or unable to stat
[Wed Jan 07 10:36:43.102075 2026] [php:error] [pid 48870] [client 4.189.122.79:0] script '/domains/navarrospring/xo.php' not found or unable to stat
[Wed Jan 07 10:36:43.270612 2026] [php:error] [pid 48870] [client 4.189.122.79:0] script '/domains/navarrospring/new4.php' not found or unable to stat
[Wed Jan 07 10:36:43.442296 2026] [php:error] [pid 48870] [client 4.189.122.79:0] script '/domains/navarrospring/des.php' not found or unable to stat
[Wed Jan 07 10:36:43.621768 2026] [php:error] [pid 48870] [client 4.189.122.79:0] script '/domains/navarrospring/ext.php' not found or unable to stat
[Wed Jan 07 10:36:44.969520 2026] [php:error] [pid 48870] [client 4.189.122.79:0] script '/domains/navarrospring/NewFile.php' not found or unable to stat
[Wed Jan 07 10:36:45.137432 2026] [php:error] [pid 48870] [client 4.189.122.79:0] script '/domains/navarrospring/fffff.php' not found or unable to stat
[Wed Jan 07 10:36:45.312495 2026] [php:error] [pid 48870] [client 4.189.122.79:0] script '/domains/navarrospring/alpa.php' not found or unable to stat
[Wed Jan 07 10:36:45.498560 2026] [php:error] [pid 48870] [client 4.189.122.79:0] script '/domains/navarrospring/ant.php' not found or unable to stat
[Wed Jan 07 10:36:45.672183 2026] [php:error] [pid 48870] [client 4.189.122.79:0] script '/domains/navarrospring/wp-rinko.php' not found or unable to stat
[Wed Jan 07 10:37:36.886138 2026] [php:error] [pid 48876] [client 34.96.162.60:0] script '/domains/awciii/adminer-5.0.6-en.php' not found or unable to stat
[Wed Jan 07 10:39:03.570492 2026] [php:error] [pid 48882] [client 145.239.10.137:0] script '/domains/rextrav/info.php' not found or unable to stat, referer: http://rextravel.com/info.php
[Wed Jan 07 10:41:42.583773 2026] [php:error] [pid 48947] [client 145.239.10.137:0] script '/domains/system_cancel/dds.php' not found or unable to stat, referer: http://biomag.com/dds.php
[Wed Jan 07 10:43:01.879644 2026] [core:crit] [pid 48978] (13)Permission denied: [client 47.128.39.107:0] AH00529: /domains/performancepartsinc/graphics/psd/.htaccess pcfg_openfile: unable to check htaccess file, ensure it is readable and that '/domains/performancepartsinc/graphics/psd/' is executable
[Wed Jan 07 10:43:01.879656 2026] [core:crit] [pid 48914] (13)Permission denied: [client 47.128.48.37:0] AH00529: /domains/performancepartsinc/graphics/psd/.htaccess pcfg_openfile: unable to check htaccess file, ensure it is readable and that '/domains/performancepartsinc/graphics/psd/' is executable
[Wed Jan 07 10:43:27.294869 2026] [core:crit] [pid 48985] (13)Permission denied: [client 3.89.170.186:0] AH00529: /domains/dcarlone/test/web/.htaccess pcfg_openfile: unable to check htaccess file, ensure it is readable and that '/domains/dcarlone/test/web/' is executable
[Wed Jan 07 10:43:30.443619 2026] [core:crit] [pid 48914] (13)Permission denied: [client 23.23.104.107:0] AH00529: /domains/dcarlone/test/web/.htaccess pcfg_openfile: unable to check htaccess file, ensure it is readable and that '/domains/dcarlone/test/web/' is executable
[Wed Jan 07 10:43:33.218441 2026] [php:error] [pid 48984] [client 34.96.162.57:0] script '/domains/awciii/adminer-4.7.2.php' not found or unable to stat
[Wed Jan 07 10:43:33.583517 2026] [core:crit] [pid 48979] (13)Permission denied: [client 44.193.102.198:0] AH00529: /domains/dcarlone/test/web/.htaccess pcfg_openfile: unable to check htaccess file, ensure it is readable and that '/domains/dcarlone/test/web/' is executable
[Wed Jan 07 10:43:50.634662 2026] [php:error] [pid 48984] [client 45.132.227.218:0] script '/domains/proinc/xmlrpc.php' not found or unable to stat
[Wed Jan 07 10:45:47.445602 2026] [php:error] [pid 54667] [client 52.169.217.234:0] script '/domains/bels/motu.php' not found or unable to stat
[Wed Jan 07 10:45:47.518242 2026] [php:error] [pid 54667] [client 52.169.217.234:0] script '/domains/bels/xsas.php' not found or unable to stat
[Wed Jan 07 10:45:47.590948 2026] [php:error] [pid 54667] [client 52.169.217.234:0] script '/domains/bels/wen.php' not found or unable to stat
[Wed Jan 07 10:45:47.664098 2026] [php:error] [pid 54667] [client 52.169.217.234:0] script '/domains/bels/xwpg.php' not found or unable to stat
[Wed Jan 07 10:45:47.736702 2026] [php:error] [pid 54667] [client 52.169.217.234:0] script '/domains/bels/baee.php' not found or unable to stat
[Wed Jan 07 10:45:47.809672 2026] [php:error] [pid 54667] [client 52.169.217.234:0] script '/domains/bels/iov.php' not found or unable to stat
[Wed Jan 07 10:45:47.883193 2026] [php:error] [pid 54667] [client 52.169.217.234:0] script '/domains/bels/mds.php' not found or unable to stat
[Wed Jan 07 10:45:47.955975 2026] [php:error] [pid 54667] [client 52.169.217.234:0] script '/domains/bels/mga.php' not found or unable to stat
[Wed Jan 07 10:45:48.028688 2026] [php:error] [pid 54667] [client 52.169.217.234:0] script '/domains/bels/rendi59.php' not found or unable to stat
[Wed Jan 07 10:45:48.102089 2026] [php:error] [pid 54667] [client 52.169.217.234:0] script '/domains/bels/bgymj.php' not found or unable to stat
[Wed Jan 07 10:45:48.174762 2026] [php:error] [pid 54667] [client 52.169.217.234:0] script '/domains/bels/assacc.php' not found or unable to stat
[Wed Jan 07 10:45:48.247717 2026] [php:error] [pid 54667] [client 52.169.217.234:0] script '/domains/bels/6y7t.php' not found or unable to stat
[Wed Jan 07 10:45:48.320643 2026] [php:error] [pid 54667] [client 52.169.217.234:0] script '/domains/bels/monso.php' not found or unable to stat
[Wed Jan 07 10:45:48.393550 2026] [php:error] [pid 54667] [client 52.169.217.234:0] script '/domains/bels/bnnof6.php' not found or unable to stat
[Wed Jan 07 10:45:48.466505 2026] [php:error] [pid 54667] [client 52.169.217.234:0] script '/domains/bels/str.php' not found or unable to stat
[Wed Jan 07 10:46:24.596013 2026] [php:error] [pid 51687] [client 52.169.217.234:0] script '/domains/metrolighting/motu.php' not found or unable to stat
[Wed Jan 07 10:46:24.666220 2026] [php:error] [pid 51687] [client 52.169.217.234:0] script '/domains/metrolighting/xsas.php' not found or unable to stat
[Wed Jan 07 10:46:24.736462 2026] [php:error] [pid 51687] [client 52.169.217.234:0] script '/domains/metrolighting/wen.php' not found or unable to stat
[Wed Jan 07 10:46:24.807193 2026] [php:error] [pid 51687] [client 52.169.217.234:0] script '/domains/metrolighting/xwpg.php' not found or unable to stat
[Wed Jan 07 10:46:24.878011 2026] [php:error] [pid 51687] [client 52.169.217.234:0] script '/domains/metrolighting/baee.php' not found or unable to stat
[Wed Jan 07 10:46:24.948704 2026] [php:error] [pid 51687] [client 52.169.217.234:0] script '/domains/metrolighting/iov.php' not found or unable to stat
[Wed Jan 07 10:46:25.018937 2026] [php:error] [pid 51687] [client 52.169.217.234:0] script '/domains/metrolighting/mds.php' not found or unable to stat
[Wed Jan 07 10:46:25.089262 2026] [php:error] [pid 51687] [client 52.169.217.234:0] script '/domains/metrolighting/mga.php' not found or unable to stat
[Wed Jan 07 10:46:25.159101 2026] [php:error] [pid 51687] [client 52.169.217.234:0] script '/domains/metrolighting/rendi59.php' not found or unable to stat
[Wed Jan 07 10:46:25.229565 2026] [php:error] [pid 51687] [client 52.169.217.234:0] script '/domains/metrolighting/bgymj.php' not found or unable to stat
[Wed Jan 07 10:46:25.300174 2026] [php:error] [pid 51687] [client 52.169.217.234:0] script '/domains/metrolighting/assacc.php' not found or unable to stat
[Wed Jan 07 10:46:25.370342 2026] [php:error] [pid 51687] [client 52.169.217.234:0] script '/domains/metrolighting/6y7t.php' not found or unable to stat
[Wed Jan 07 10:46:25.441235 2026] [php:error] [pid 51687] [client 52.169.217.234:0] script '/domains/metrolighting/monso.php' not found or unable to stat
[Wed Jan 07 10:46:25.511531 2026] [php:error] [pid 51687] [client 52.169.217.234:0] script '/domains/metrolighting/bnnof6.php' not found or unable to stat
[Wed Jan 07 10:46:25.581887 2026] [php:error] [pid 51687] [client 52.169.217.234:0] script '/domains/metrolighting/str.php' not found or unable to stat
[Wed Jan 07 10:46:30.887806 2026] [php:error] [pid 54662] [client 20.192.27.55:0] script '/domains/memanuel/hroxw.php' not found or unable to stat
[Wed Jan 07 10:46:31.116226 2026] [php:error] [pid 54662] [client 20.192.27.55:0] script '/domains/memanuel/rkszbxbh.php' not found or unable to stat
[Wed Jan 07 10:46:31.313960 2026] [php:error] [pid 54662] [client 20.192.27.55:0] script '/domains/memanuel/hanna1337.php' not found or unable to stat
[Wed Jan 07 10:46:31.503597 2026] [php:error] [pid 54662] [client 20.192.27.55:0] script '/domains/memanuel/gt.php' not found or unable to stat
[Wed Jan 07 10:46:31.700735 2026] [php:error] [pid 54662] [client 20.192.27.55:0] script '/domains/memanuel/datab.php' not found or unable to stat
[Wed Jan 07 10:46:32.271616 2026] [php:error] [pid 54662] [client 20.192.27.55:0] script '/domains/memanuel/rk1.php' not found or unable to stat
[Wed Jan 07 10:46:32.887601 2026] [php:error] [pid 54662] [client 20.192.27.55:0] script '/domains/memanuel/alfa-rex1.php' not found or unable to stat
[Wed Jan 07 10:46:33.077445 2026] [php:error] [pid 54662] [client 20.192.27.55:0] script '/domains/memanuel/suck.php' not found or unable to stat
[Wed Jan 07 10:46:33.267290 2026] [php:error] [pid 54662] [client 20.192.27.55:0] script '/domains/memanuel/hikudpno.php' not found or unable to stat
[Wed Jan 07 10:46:33.656894 2026] [php:error] [pid 54662] [client 20.192.27.55:0] script '/domains/memanuel/sure.php' not found or unable to stat
[Wed Jan 07 10:46:33.846703 2026] [php:error] [pid 54662] [client 20.192.27.55:0] script '/domains/memanuel/zoo.php' not found or unable to stat
[Wed Jan 07 10:46:34.036631 2026] [php:error] [pid 54662] [client 20.192.27.55:0] script '/domains/memanuel/4563.php' not found or unable to stat
[Wed Jan 07 10:46:34.226382 2026] [php:error] [pid 54662] [client 20.192.27.55:0] script '/domains/memanuel/wunaivpl.php' not found or unable to stat
[Wed Jan 07 10:46:34.469190 2026] [php:error] [pid 54662] [client 20.192.27.55:0] script '/domains/memanuel/reune.php' not found or unable to stat
[Wed Jan 07 10:46:34.895994 2026] [php:error] [pid 54662] [client 20.192.27.55:0] script '/domains/memanuel/dw.php' not found or unable to stat
[Wed Jan 07 10:46:35.318868 2026] [php:error] [pid 54662] [client 20.192.27.55:0] script '/domains/memanuel/shellx.php' not found or unable to stat
[Wed Jan 07 10:46:35.718145 2026] [php:error] [pid 54662] [client 20.192.27.55:0] script '/domains/memanuel/mode.php' not found or unable to stat
[Wed Jan 07 10:46:35.908000 2026] [php:error] [pid 54662] [client 20.192.27.55:0] script '/domains/memanuel/lnexugel.php' not found or unable to stat
[Wed Jan 07 10:46:36.119356 2026] [php:error] [pid 54662] [client 20.192.27.55:0] script '/domains/memanuel/online.php' not found or unable to stat
[Wed Jan 07 10:46:36.311046 2026] [php:error] [pid 54662] [client 20.192.27.55:0] script '/domains/memanuel/up-kon.php' not found or unable to stat
[Wed Jan 07 10:46:36.611743 2026] [php:error] [pid 54662] [client 20.192.27.55:0] script '/domains/memanuel/word.php' not found or unable to stat
[Wed Jan 07 10:46:37.187731 2026] [php:error] [pid 54662] [client 20.192.27.55:0] script '/domains/memanuel/jcsonquo.php' not found or unable to stat
[Wed Jan 07 10:46:37.379425 2026] [php:error] [pid 54662] [client 20.192.27.55:0] script '/domains/memanuel/termps.php' not found or unable to stat
[Wed Jan 07 10:46:37.901383 2026] [php:error] [pid 54662] [client 20.192.27.55:0] script '/domains/memanuel/indo.php' not found or unable to stat
[Wed Jan 07 10:46:38.134130 2026] [php:error] [pid 54662] [client 20.192.27.55:0] script '/domains/memanuel/rin.php' not found or unable to stat
[Wed Jan 07 10:46:38.179632 2026] [php:error] [pid 54681] [client 104.208.104.6:0] script '/domains/fbardin/hroxw.php' not found or unable to stat
[Wed Jan 07 10:46:38.385840 2026] [php:error] [pid 54662] [client 20.192.27.55:0] script '/domains/memanuel/packages.php' not found or unable to stat
[Wed Jan 07 10:46:38.389859 2026] [php:error] [pid 54681] [client 104.208.104.6:0] script '/domains/fbardin/rkszbxbh.php' not found or unable to stat
[Wed Jan 07 10:46:38.600191 2026] [php:error] [pid 54681] [client 104.208.104.6:0] script '/domains/fbardin/hanna1337.php' not found or unable to stat
[Wed Jan 07 10:46:38.743036 2026] [php:error] [pid 54662] [client 20.192.27.55:0] script '/domains/memanuel/ioxi.php' not found or unable to stat
[Wed Jan 07 10:46:38.810607 2026] [php:error] [pid 54681] [client 104.208.104.6:0] script '/domains/fbardin/gt.php' not found or unable to stat
[Wed Jan 07 10:46:38.932932 2026] [php:error] [pid 54662] [client 20.192.27.55:0] script '/domains/memanuel/vbv.php' not found or unable to stat
[Wed Jan 07 10:46:39.020945 2026] [php:error] [pid 54681] [client 104.208.104.6:0] script '/domains/fbardin/datab.php' not found or unable to stat
[Wed Jan 07 10:46:39.129603 2026] [php:error] [pid 54662] [client 20.192.27.55:0] script '/domains/memanuel/mk.php' not found or unable to stat
[Wed Jan 07 10:46:39.319262 2026] [php:error] [pid 54662] [client 20.192.27.55:0] script '/domains/memanuel/moderation.php' not found or unable to stat
[Wed Jan 07 10:46:39.565315 2026] [php:error] [pid 54662] [client 20.192.27.55:0] script '/domains/memanuel/simple-shell.php' not found or unable to stat
[Wed Jan 07 10:46:39.652294 2026] [php:error] [pid 54681] [client 104.208.104.6:0] script '/domains/fbardin/rk1.php' not found or unable to stat
[Wed Jan 07 10:46:39.944522 2026] [php:error] [pid 54662] [client 20.192.27.55:0] script '/domains/memanuel/2Vu80QG.php' not found or unable to stat
[Wed Jan 07 10:46:40.151671 2026] [php:error] [pid 54662] [client 20.192.27.55:0] script '/domains/memanuel/bsr.php' not found or unable to stat
[Wed Jan 07 10:46:40.284096 2026] [php:error] [pid 54681] [client 104.208.104.6:0] script '/domains/fbardin/alfa-rex1.php' not found or unable to stat
[Wed Jan 07 10:46:40.341760 2026] [php:error] [pid 54662] [client 20.192.27.55:0] script '/domains/memanuel/ans.php' not found or unable to stat
[Wed Jan 07 10:46:40.494773 2026] [php:error] [pid 54681] [client 104.208.104.6:0] script '/domains/fbardin/suck.php' not found or unable to stat
[Wed Jan 07 10:46:40.531610 2026] [php:error] [pid 54662] [client 20.192.27.55:0] script '/domains/memanuel/wp-tot.php' not found or unable to stat
[Wed Jan 07 10:46:40.705188 2026] [php:error] [pid 54681] [client 104.208.104.6:0] script '/domains/fbardin/hikudpno.php' not found or unable to stat
[Wed Jan 07 10:46:40.720917 2026] [php:error] [pid 54662] [client 20.192.27.55:0] script '/domains/memanuel/Core-wp.php' not found or unable to stat
[Wed Jan 07 10:46:40.921957 2026] [php:error] [pid 54662] [client 20.192.27.55:0] script '/domains/memanuel/src.php' not found or unable to stat
[Wed Jan 07 10:46:41.126399 2026] [php:error] [pid 54681] [client 104.208.104.6:0] script '/domains/fbardin/sure.php' not found or unable to stat
[Wed Jan 07 10:46:41.337307 2026] [php:error] [pid 54681] [client 104.208.104.6:0] script '/domains/fbardin/zoo.php' not found or unable to stat
[Wed Jan 07 10:46:41.432874 2026] [php:error] [pid 54662] [client 20.192.27.55:0] script '/domains/memanuel/nxd.php' not found or unable to stat
[Wed Jan 07 10:46:41.549108 2026] [php:error] [pid 54681] [client 104.208.104.6:0] script '/domains/fbardin/4563.php' not found or unable to stat
[Wed Jan 07 10:46:41.646613 2026] [php:error] [pid 54662] [client 20.192.27.55:0] script '/domains/memanuel/payout.php' not found or unable to stat
[Wed Jan 07 10:46:41.759452 2026] [php:error] [pid 54681] [client 104.208.104.6:0] script '/domains/fbardin/wunaivpl.php' not found or unable to stat
[Wed Jan 07 10:46:41.837314 2026] [php:error] [pid 54662] [client 20.192.27.55:0] script '/domains/memanuel/uxquidwa.php' not found or unable to stat
[Wed Jan 07 10:46:41.976383 2026] [php:error] [pid 54681] [client 104.208.104.6:0] script '/domains/fbardin/reune.php' not found or unable to stat
[Wed Jan 07 10:46:42.040793 2026] [php:error] [pid 54662] [client 20.192.27.55:0] script '/domains/memanuel/combined.php' not found or unable to stat
[Wed Jan 07 10:46:42.187434 2026] [php:error] [pid 54681] [client 104.208.104.6:0] script '/domains/fbardin/dw.php' not found or unable to stat
[Wed Jan 07 10:46:42.230221 2026] [php:error] [pid 54662] [client 20.192.27.55:0] script '/domains/memanuel/mari.php' not found or unable to stat
[Wed Jan 07 10:46:42.419755 2026] [php:error] [pid 54662] [client 20.192.27.55:0] script '/domains/memanuel/kodox.php' not found or unable to stat
[Wed Jan 07 10:46:42.608380 2026] [php:error] [pid 54681] [client 104.208.104.6:0] script '/domains/fbardin/shellx.php' not found or unable to stat
[Wed Jan 07 10:46:42.687536 2026] [php:error] [pid 54662] [client 20.192.27.55:0] script '/domains/memanuel/ak47shell.php' not found or unable to stat
[Wed Jan 07 10:46:42.880241 2026] [php:error] [pid 54662] [client 20.192.27.55:0] script '/domains/memanuel/ok.php' not found or unable to stat
[Wed Jan 07 10:46:43.029962 2026] [php:error] [pid 54681] [client 104.208.104.6:0] script '/domains/fbardin/mode.php' not found or unable to stat
[Wed Jan 07 10:46:43.222576 2026] [php:error] [pid 54662] [client 20.192.27.55:0] script '/domains/memanuel/log404.php' not found or unable to stat
[Wed Jan 07 10:46:43.240266 2026] [php:error] [pid 54681] [client 104.208.104.6:0] script '/domains/fbardin/lnexugel.php' not found or unable to stat
[Wed Jan 07 10:46:43.421802 2026] [php:error] [pid 54662] [client 20.192.27.55:0] script '/domains/memanuel/wh.php' not found or unable to stat
[Wed Jan 07 10:46:43.450986 2026] [php:error] [pid 54681] [client 104.208.104.6:0] script '/domains/fbardin/online.php' not found or unable to stat
[Wed Jan 07 10:46:43.461845 2026] [php:error] [pid 54687] [client 45.153.34.250:0] script '/domains/hdickens.enteract/xmlrpc.php' not found or unable to stat
[Wed Jan 07 10:46:43.614248 2026] [php:error] [pid 54662] [client 20.192.27.55:0] script '/domains/memanuel/luf.php' not found or unable to stat
[Wed Jan 07 10:46:43.662020 2026] [php:error] [pid 54681] [client 104.208.104.6:0] script '/domains/fbardin/up-kon.php' not found or unable to stat
[Wed Jan 07 10:46:43.821119 2026] [php:error] [pid 54662] [client 20.192.27.55:0] script '/domains/memanuel/bs2.php' not found or unable to stat
[Wed Jan 07 10:46:43.872322 2026] [php:error] [pid 54681] [client 104.208.104.6:0] script '/domains/fbardin/word.php' not found or unable to stat
[Wed Jan 07 10:46:44.080941 2026] [php:error] [pid 54662] [client 20.192.27.55:0] script '/domains/memanuel/wf.php' not found or unable to stat
[Wed Jan 07 10:46:44.293640 2026] [php:error] [pid 54681] [client 104.208.104.6:0] script '/domains/fbardin/jcsonquo.php' not found or unable to stat
[Wed Jan 07 10:46:44.373128 2026] [php:error] [pid 54662] [client 20.192.27.55:0] script '/domains/memanuel/vcard.php' not found or unable to stat
[Wed Jan 07 10:46:44.504160 2026] [php:error] [pid 54681] [client 104.208.104.6:0] script '/domains/fbardin/termps.php' not found or unable to stat
[Wed Jan 07 10:46:44.844076 2026] [php:error] [pid 54662] [client 20.192.27.55:0] script '/domains/memanuel/ddgg.php' not found or unable to stat
[Wed Jan 07 10:46:44.924786 2026] [php:error] [pid 54681] [client 104.208.104.6:0] script '/domains/fbardin/indo.php' not found or unable to stat
[Wed Jan 07 10:46:45.136303 2026] [php:error] [pid 54681] [client 104.208.104.6:0] script '/domains/fbardin/rin.php' not found or unable to stat
[Wed Jan 07 10:46:45.231400 2026] [php:error] [pid 54662] [client 20.192.27.55:0] script '/domains/memanuel/indo.php' not found or unable to stat
[Wed Jan 07 10:46:45.347020 2026] [php:error] [pid 54681] [client 104.208.104.6:0] script '/domains/fbardin/packages.php' not found or unable to stat
[Wed Jan 07 10:46:45.423476 2026] [php:error] [pid 54662] [client 20.192.27.55:0] script '/domains/memanuel/pu.php' not found or unable to stat
[Wed Jan 07 10:46:45.557934 2026] [php:error] [pid 54681] [client 104.208.104.6:0] script '/domains/fbardin/ioxi.php' not found or unable to stat
[Wed Jan 07 10:46:45.722639 2026] [php:error] [pid 54662] [client 20.192.27.55:0] script '/domains/memanuel/docs.php' not found or unable to stat
[Wed Jan 07 10:46:45.768748 2026] [php:error] [pid 54681] [client 104.208.104.6:0] script '/domains/fbardin/vbv.php' not found or unable to stat
[Wed Jan 07 10:46:45.979236 2026] [php:error] [pid 54681] [client 104.208.104.6:0] script '/domains/fbardin/mk.php' not found or unable to stat
[Wed Jan 07 10:46:46.125721 2026] [php:error] [pid 54662] [client 20.192.27.55:0] script '/domains/memanuel/gaza.php' not found or unable to stat
[Wed Jan 07 10:46:46.189840 2026] [php:error] [pid 54681] [client 104.208.104.6:0] script '/domains/fbardin/moderation.php' not found or unable to stat
[Wed Jan 07 10:46:46.315905 2026] [php:error] [pid 54662] [client 20.192.27.55:0] script '/domains/memanuel/XX.php' not found or unable to stat
[Wed Jan 07 10:46:46.400524 2026] [php:error] [pid 54681] [client 104.208.104.6:0] script '/domains/fbardin/simple-shell.php' not found or unable to stat
[Wed Jan 07 10:46:46.753434 2026] [php:error] [pid 54662] [client 20.192.27.55:0] script '/domains/memanuel/fm.php' not found or unable to stat
[Wed Jan 07 10:46:46.821369 2026] [php:error] [pid 54681] [client 104.208.104.6:0] script '/domains/fbardin/2Vu80QG.php' not found or unable to stat
[Wed Jan 07 10:46:47.033239 2026] [php:error] [pid 54681] [client 104.208.104.6:0] script '/domains/fbardin/bsr.php' not found or unable to stat
[Wed Jan 07 10:46:47.245824 2026] [php:error] [pid 54681] [client 104.208.104.6:0] script '/domains/fbardin/ans.php' not found or unable to stat
[Wed Jan 07 10:46:47.456595 2026] [php:error] [pid 54681] [client 104.208.104.6:0] script '/domains/fbardin/wp-tot.php' not found or unable to stat
[Wed Jan 07 10:46:47.456596 2026] [php:error] [pid 54662] [client 20.192.27.55:0] script '/domains/memanuel/owlmailer.php' not found or unable to stat
[Wed Jan 07 10:46:47.646412 2026] [php:error] [pid 54662] [client 20.192.27.55:0] script '/domains/memanuel/F0x.php' not found or unable to stat
[Wed Jan 07 10:46:47.667179 2026] [php:error] [pid 54681] [client 104.208.104.6:0] script '/domains/fbardin/Core-wp.php' not found or unable to stat
[Wed Jan 07 10:46:47.877984 2026] [php:error] [pid 54681] [client 104.208.104.6:0] script '/domains/fbardin/src.php' not found or unable to stat
[Wed Jan 07 10:46:47.971860 2026] [php:error] [pid 54662] [client 20.192.27.55:0] script '/domains/memanuel/rlpc.php' not found or unable to stat
[Wed Jan 07 10:46:48.300027 2026] [php:error] [pid 54681] [client 104.208.104.6:0] script '/domains/fbardin/nxd.php' not found or unable to stat
[Wed Jan 07 10:46:48.374138 2026] [php:error] [pid 54662] [client 20.192.27.55:0] script '/domains/memanuel/sale.php' not found or unable to stat
[Wed Jan 07 10:46:48.511007 2026] [php:error] [pid 54681] [client 104.208.104.6:0] script '/domains/fbardin/payout.php' not found or unable to stat
[Wed Jan 07 10:46:48.583256 2026] [php:error] [pid 54662] [client 20.192.27.55:0] script '/domains/memanuel/ran.php' not found or unable to stat
[Wed Jan 07 10:46:48.721884 2026] [php:error] [pid 54681] [client 104.208.104.6:0] script '/domains/fbardin/uxquidwa.php' not found or unable to stat
[Wed Jan 07 10:46:48.932702 2026] [php:error] [pid 54681] [client 104.208.104.6:0] script '/domains/fbardin/combined.php' not found or unable to stat
[Wed Jan 07 10:46:48.935244 2026] [php:error] [pid 54662] [client 20.192.27.55:0] script '/domains/memanuel/k90.php' not found or unable to stat
[Wed Jan 07 10:46:49.143602 2026] [php:error] [pid 54681] [client 104.208.104.6:0] script '/domains/fbardin/mari.php' not found or unable to stat
[Wed Jan 07 10:46:49.354044 2026] [php:error] [pid 54681] [client 104.208.104.6:0] script '/domains/fbardin/kodox.php' not found or unable to stat
[Wed Jan 07 10:46:49.564576 2026] [php:error] [pid 54681] [client 104.208.104.6:0] script '/domains/fbardin/ak47shell.php' not found or unable to stat
[Wed Jan 07 10:46:49.775298 2026] [php:error] [pid 54681] [client 104.208.104.6:0] script '/domains/fbardin/ok.php' not found or unable to stat
[Wed Jan 07 10:46:49.986407 2026] [php:error] [pid 54681] [client 104.208.104.6:0] script '/domains/fbardin/log404.php' not found or unable to stat
[Wed Jan 07 10:46:50.088746 2026] [php:error] [pid 54662] [client 20.192.27.55:0] script '/domains/memanuel/taff.php' not found or unable to stat
[Wed Jan 07 10:46:50.196830 2026] [php:error] [pid 54681] [client 104.208.104.6:0] script '/domains/fbardin/wh.php' not found or unable to stat
[Wed Jan 07 10:46:50.278403 2026] [php:error] [pid 54662] [client 20.192.27.55:0] script '/domains/memanuel/set.php' not found or unable to stat
[Wed Jan 07 10:46:50.407336 2026] [php:error] [pid 54681] [client 104.208.104.6:0] script '/domains/fbardin/luf.php' not found or unable to stat
[Wed Jan 07 10:46:50.468008 2026] [php:error] [pid 54662] [client 20.192.27.55:0] script '/domains/memanuel/133.php' not found or unable to stat
[Wed Jan 07 10:46:50.617913 2026] [php:error] [pid 54681] [client 104.208.104.6:0] script '/domains/fbardin/bs2.php' not found or unable to stat
[Wed Jan 07 10:46:50.662962 2026] [php:error] [pid 54662] [client 20.192.27.55:0] script '/domains/memanuel/ssxsl.php' not found or unable to stat
[Wed Jan 07 10:46:50.828570 2026] [php:error] [pid 54681] [client 104.208.104.6:0] script '/domains/fbardin/wf.php' not found or unable to stat
[Wed Jan 07 10:46:50.870044 2026] [php:error] [pid 54662] [client 20.192.27.55:0] script '/domains/memanuel/AE5VAL.php' not found or unable to stat
[Wed Jan 07 10:46:51.042357 2026] [php:error] [pid 54681] [client 104.208.104.6:0] script '/domains/fbardin/vcard.php' not found or unable to stat
[Wed Jan 07 10:46:51.217016 2026] [php:error] [pid 54662] [client 20.192.27.55:0] script '/domains/memanuel/gold.php' not found or unable to stat
[Wed Jan 07 10:46:51.407915 2026] [php:error] [pid 54662] [client 20.192.27.55:0] script '/domains/memanuel/gely.php' not found or unable to stat
[Wed Jan 07 10:46:51.463033 2026] [php:error] [pid 54681] [client 104.208.104.6:0] script '/domains/fbardin/ddgg.php' not found or unable to stat
[Wed Jan 07 10:46:51.597753 2026] [php:error] [pid 54662] [client 20.192.27.55:0] script '/domains/memanuel/xBrain.php' not found or unable to stat
[Wed Jan 07 10:46:51.868193 2026] [php:error] [pid 54662] [client 20.192.27.55:0] script '/domains/memanuel/sagafif.php' not found or unable to stat
[Wed Jan 07 10:46:51.883566 2026] [php:error] [pid 54681] [client 104.208.104.6:0] script '/domains/fbardin/indo.php' not found or unable to stat
[Wed Jan 07 10:46:52.094176 2026] [php:error] [pid 54681] [client 104.208.104.6:0] script '/domains/fbardin/pu.php' not found or unable to stat
[Wed Jan 07 10:46:52.108994 2026] [php:error] [pid 54662] [client 20.192.27.55:0] script '/domains/memanuel/wp-trc.php' not found or unable to stat
[Wed Jan 07 10:46:52.299515 2026] [php:error] [pid 54662] [client 20.192.27.55:0] script '/domains/memanuel/tesla1.php' not found or unable to stat
[Wed Jan 07 10:46:52.304497 2026] [php:error] [pid 54681] [client 104.208.104.6:0] script '/domains/fbardin/docs.php' not found or unable to stat
[Wed Jan 07 10:46:52.623316 2026] [php:error] [pid 54662] [client 20.192.27.55:0] script '/domains/memanuel/aks.php' not found or unable to stat
[Wed Jan 07 10:46:52.724976 2026] [php:error] [pid 54681] [client 104.208.104.6:0] script '/domains/fbardin/gaza.php' not found or unable to stat
[Wed Jan 07 10:46:52.935473 2026] [php:error] [pid 54681] [client 104.208.104.6:0] script '/domains/fbardin/XX.php' not found or unable to stat
[Wed Jan 07 10:46:53.002714 2026] [php:error] [pid 54662] [client 20.192.27.55:0] script '/domains/memanuel/ase.php' not found or unable to stat
[Wed Jan 07 10:46:53.145905 2026] [php:error] [pid 54681] [client 104.208.104.6:0] script '/domains/fbardin/fm.php' not found or unable to stat
[Wed Jan 07 10:46:53.218802 2026] [php:error] [pid 54662] [client 20.192.27.55:0] script '/domains/memanuel/ktgob.php' not found or unable to stat
[Wed Jan 07 10:46:53.435159 2026] [php:error] [pid 54662] [client 20.192.27.55:0] script '/domains/memanuel/abc.php' not found or unable to stat
[Wed Jan 07 10:46:53.567363 2026] [php:error] [pid 54681] [client 104.208.104.6:0] script '/domains/fbardin/owlmailer.php' not found or unable to stat
[Wed Jan 07 10:46:53.625690 2026] [php:error] [pid 54662] [client 20.192.27.55:0] script '/domains/memanuel/afile.php' not found or unable to stat
[Wed Jan 07 10:46:53.777933 2026] [php:error] [pid 54681] [client 104.208.104.6:0] script '/domains/fbardin/F0x.php' not found or unable to stat
[Wed Jan 07 10:46:53.861318 2026] [php:error] [pid 54662] [client 20.192.27.55:0] script '/domains/memanuel/xBrain.php' not found or unable to stat
[Wed Jan 07 10:46:53.990733 2026] [php:error] [pid 54681] [client 104.208.104.6:0] script '/domains/fbardin/rlpc.php' not found or unable to stat
[Wed Jan 07 10:46:54.148906 2026] [php:error] [pid 54662] [client 20.192.27.55:0] script '/domains/memanuel/yunu.php' not found or unable to stat
[Wed Jan 07 10:46:54.341243 2026] [php:error] [pid 54662] [client 20.192.27.55:0] script '/domains/memanuel/lexy.php' not found or unable to stat
[Wed Jan 07 10:46:54.413285 2026] [php:error] [pid 54681] [client 104.208.104.6:0] script '/domains/fbardin/sale.php' not found or unable to stat
[Wed Jan 07 10:46:54.624701 2026] [php:error] [pid 54681] [client 104.208.104.6:0] script '/domains/fbardin/ran.php' not found or unable to stat
[Wed Jan 07 10:46:54.835561 2026] [php:error] [pid 54681] [client 104.208.104.6:0] script '/domains/fbardin/k90.php' not found or unable to stat
[Wed Jan 07 10:46:55.046763 2026] [php:error] [pid 54681] [client 104.208.104.6:0] script '/domains/fbardin/taff.php' not found or unable to stat
[Wed Jan 07 10:46:55.257306 2026] [php:error] [pid 54681] [client 104.208.104.6:0] script '/domains/fbardin/set.php' not found or unable to stat
[Wed Jan 07 10:46:55.468779 2026] [php:error] [pid 54681] [client 104.208.104.6:0] script '/domains/fbardin/133.php' not found or unable to stat
[Wed Jan 07 10:46:55.679107 2026] [php:error] [pid 54681] [client 104.208.104.6:0] script '/domains/fbardin/ssxsl.php' not found or unable to stat
[Wed Jan 07 10:46:55.889848 2026] [php:error] [pid 54681] [client 104.208.104.6:0] script '/domains/fbardin/AE5VAL.php' not found or unable to stat
[Wed Jan 07 10:46:56.100433 2026] [php:error] [pid 54681] [client 104.208.104.6:0] script '/domains/fbardin/gold.php' not found or unable to stat
[Wed Jan 07 10:46:56.311105 2026] [php:error] [pid 54681] [client 104.208.104.6:0] script '/domains/fbardin/gely.php' not found or unable to stat
[Wed Jan 07 10:46:56.521714 2026] [php:error] [pid 54681] [client 104.208.104.6:0] script '/domains/fbardin/xBrain.php' not found or unable to stat
[Wed Jan 07 10:46:56.732329 2026] [php:error] [pid 54681] [client 104.208.104.6:0] script '/domains/fbardin/sagafif.php' not found or unable to stat
[Wed Jan 07 10:46:56.943121 2026] [php:error] [pid 54681] [client 104.208.104.6:0] script '/domains/fbardin/wp-trc.php' not found or unable to stat
[Wed Jan 07 10:46:57.153554 2026] [php:error] [pid 54681] [client 104.208.104.6:0] script '/domains/fbardin/tesla1.php' not found or unable to stat
[Wed Jan 07 10:46:57.364156 2026] [php:error] [pid 54681] [client 104.208.104.6:0] script '/domains/fbardin/aks.php' not found or unable to stat
[Wed Jan 07 10:46:57.785382 2026] [php:error] [pid 54681] [client 104.208.104.6:0] script '/domains/fbardin/ase.php' not found or unable to stat
[Wed Jan 07 10:46:57.996425 2026] [php:error] [pid 54681] [client 104.208.104.6:0] script '/domains/fbardin/ktgob.php' not found or unable to stat
[Wed Jan 07 10:46:58.207326 2026] [php:error] [pid 54681] [client 104.208.104.6:0] script '/domains/fbardin/abc.php' not found or unable to stat
