[Wed Jan 07 10:53:04.336459 2026] [php:error] [pid 54737] [client 52.169.148.186:0] script '/domains/system_default/w1w.php' not found or unable to stat
[Wed Jan 07 10:53:04.418692 2026] [php:error] [pid 54737] [client 52.169.148.186:0] script '/domains/system_default/up4.php' not found or unable to stat
[Wed Jan 07 10:53:04.493320 2026] [php:error] [pid 54737] [client 52.169.148.186:0] script '/domains/system_default/galex.php' not found or unable to stat
[Wed Jan 07 10:53:04.568279 2026] [php:error] [pid 54737] [client 52.169.148.186:0] script '/domains/system_default/file48.php' not found or unable to stat
[Wed Jan 07 10:53:04.643821 2026] [php:error] [pid 54737] [client 52.169.148.186:0] script '/domains/system_default/hans.php' not found or unable to stat
[Wed Jan 07 10:53:04.719081 2026] [php:error] [pid 54737] [client 52.169.148.186:0] script '/domains/system_default/kairolin.php' not found or unable to stat
[Wed Jan 07 10:53:04.800881 2026] [php:error] [pid 54737] [client 52.169.148.186:0] script '/domains/system_default/z60.php' not found or unable to stat
[Wed Jan 07 10:53:04.875558 2026] [php:error] [pid 54737] [client 52.169.148.186:0] script '/domains/system_default/9v6.php' not found or unable to stat
[Wed Jan 07 10:53:04.950142 2026] [php:error] [pid 54737] [client 52.169.148.186:0] script '/domains/system_default/ma.php' not found or unable to stat
[Wed Jan 07 10:53:05.024935 2026] [php:error] [pid 54737] [client 52.169.148.186:0] script '/domains/system_default/zozla.php' not found or unable to stat
[Wed Jan 07 10:53:05.100165 2026] [php:error] [pid 54737] [client 52.169.148.186:0] script '/domains/system_default/class9.php' not found or unable to stat
[Wed Jan 07 10:53:05.174846 2026] [php:error] [pid 54737] [client 52.169.148.186:0] script '/domains/system_default/ctex1.php' not found or unable to stat
[Wed Jan 07 10:53:05.249651 2026] [php:error] [pid 54737] [client 52.169.148.186:0] script '/domains/system_default/lts.php' not found or unable to stat
[Wed Jan 07 10:53:05.324407 2026] [php:error] [pid 54737] [client 52.169.148.186:0] script '/domains/system_default/mmm.php' not found or unable to stat
[Wed Jan 07 10:53:05.399082 2026] [php:error] [pid 54737] [client 52.169.148.186:0] script '/domains/system_default/Cok.php' not found or unable to stat
[Wed Jan 07 10:53:05.473748 2026] [php:error] [pid 54737] [client 52.169.148.186:0] script '/domains/system_default/lx.php' not found or unable to stat
[Wed Jan 07 10:53:05.548376 2026] [php:error] [pid 54737] [client 52.169.148.186:0] script '/domains/system_default/admiin.php' not found or unable to stat
[Wed Jan 07 10:53:05.622979 2026] [php:error] [pid 54737] [client 52.169.148.186:0] script '/domains/system_default/mcd.php' not found or unable to stat
[Wed Jan 07 10:53:05.697732 2026] [php:error] [pid 54737] [client 52.169.148.186:0] script '/domains/system_default/Zeiss.php' not found or unable to stat
[Wed Jan 07 10:53:05.772251 2026] [php:error] [pid 54737] [client 52.169.148.186:0] script '/domains/system_default/flower.php' not found or unable to stat
[Wed Jan 07 10:53:05.847402 2026] [php:error] [pid 54737] [client 52.169.148.186:0] script '/domains/system_default/zxl.php' not found or unable to stat
[Wed Jan 07 10:53:05.926886 2026] [php:error] [pid 54737] [client 52.169.148.186:0] script '/domains/system_default/EM.php' not found or unable to stat
[Wed Jan 07 10:53:06.001509 2026] [php:error] [pid 54737] [client 52.169.148.186:0] script '/domains/system_default/pop.php' not found or unable to stat
[Wed Jan 07 10:53:06.076265 2026] [php:error] [pid 54737] [client 52.169.148.186:0] script '/domains/system_default/kcs.php' not found or unable to stat
[Wed Jan 07 10:53:06.150832 2026] [php:error] [pid 54737] [client 52.169.148.186:0] script '/domains/system_default/fh26.php' not found or unable to stat
[Wed Jan 07 10:53:06.225506 2026] [php:error] [pid 54737] [client 52.169.148.186:0] script '/domains/system_default/hq.php' not found or unable to stat
[Wed Jan 07 10:53:06.300312 2026] [php:error] [pid 54737] [client 52.169.148.186:0] script '/domains/system_default/wp-gzone.php' not found or unable to stat
[Wed Jan 07 10:53:06.375273 2026] [php:error] [pid 54737] [client 52.169.148.186:0] script '/domains/system_default/f2r4.php' not found or unable to stat
[Wed Jan 07 10:53:06.450986 2026] [php:error] [pid 54737] [client 52.169.148.186:0] script '/domains/system_default/cafe.php' not found or unable to stat
[Wed Jan 07 10:53:06.525703 2026] [php:error] [pid 54737] [client 52.169.148.186:0] script '/domains/system_default/1aa.php' not found or unable to stat
[Wed Jan 07 10:53:06.600326 2026] [php:error] [pid 54737] [client 52.169.148.186:0] script '/domains/system_default/uuu.php' not found or unable to stat
[Wed Jan 07 10:53:06.675495 2026] [php:error] [pid 54737] [client 52.169.148.186:0] script '/domains/system_default/wsvvs.php' not found or unable to stat
[Wed Jan 07 10:53:06.750294 2026] [php:error] [pid 54737] [client 52.169.148.186:0] script '/domains/system_default/222.php' not found or unable to stat
[Wed Jan 07 10:53:06.824933 2026] [php:error] [pid 54737] [client 52.169.148.186:0] script '/domains/system_default/mh.php' not found or unable to stat
[Wed Jan 07 10:53:06.899723 2026] [php:error] [pid 54737] [client 52.169.148.186:0] script '/domains/system_default/7h.php' not found or unable to stat
[Wed Jan 07 10:53:07.066058 2026] [php:error] [pid 54763] [client 52.169.148.186:0] script '/domains/system_default/la.php' not found or unable to stat
[Wed Jan 07 10:53:07.138110 2026] [php:error] [pid 54763] [client 52.169.148.186:0] script '/domains/system_default/abc.php' not found or unable to stat
[Wed Jan 07 10:53:07.215409 2026] [php:error] [pid 54763] [client 52.169.148.186:0] script '/domains/system_default/ahy66.php' not found or unable to stat
[Wed Jan 07 10:53:07.287820 2026] [php:error] [pid 54763] [client 52.169.148.186:0] script '/domains/system_default/wp-wlx.php' not found or unable to stat
[Wed Jan 07 10:53:07.363340 2026] [php:error] [pid 54763] [client 52.169.148.186:0] script '/domains/system_default/ww1.php' not found or unable to stat
[Wed Jan 07 10:53:07.435052 2026] [php:error] [pid 54763] [client 52.169.148.186:0] script '/domains/system_default/xb.php' not found or unable to stat
[Wed Jan 07 10:53:07.506821 2026] [php:error] [pid 54763] [client 52.169.148.186:0] script '/domains/system_default/ws28.php' not found or unable to stat
[Wed Jan 07 10:53:07.578632 2026] [php:error] [pid 54763] [client 52.169.148.186:0] script '/domains/system_default/dbc.php' not found or unable to stat
[Wed Jan 07 10:53:07.650384 2026] [php:error] [pid 54763] [client 52.169.148.186:0] script '/domains/system_default/l10n.php' not found or unable to stat
[Wed Jan 07 10:53:07.722281 2026] [php:error] [pid 54763] [client 52.169.148.186:0] script '/domains/system_default/adin.php' not found or unable to stat
[Wed Jan 07 10:53:07.794326 2026] [php:error] [pid 54763] [client 52.169.148.186:0] script '/domains/system_default/ifm.php' not found or unable to stat
[Wed Jan 07 10:53:07.866115 2026] [php:error] [pid 54763] [client 52.169.148.186:0] script '/domains/system_default/bge.php' not found or unable to stat
[Wed Jan 07 10:53:07.938507 2026] [php:error] [pid 54763] [client 52.169.148.186:0] script '/domains/system_default/blox.php' not found or unable to stat
[Wed Jan 07 10:53:08.011253 2026] [php:error] [pid 54763] [client 52.169.148.186:0] script '/domains/system_default/az.php' not found or unable to stat
[Wed Jan 07 10:53:08.083132 2026] [php:error] [pid 54763] [client 52.169.148.186:0] script '/domains/system_default/x23.php' not found or unable to stat
[Wed Jan 07 10:53:08.155421 2026] [php:error] [pid 54763] [client 52.169.148.186:0] script '/domains/system_default/xz89.php' not found or unable to stat
[Wed Jan 07 10:53:08.227841 2026] [php:error] [pid 54763] [client 52.169.148.186:0] script '/domains/system_default/wsheet1.php' not found or unable to stat
[Wed Jan 07 10:53:08.299951 2026] [php:error] [pid 54763] [client 52.169.148.186:0] script '/domains/system_default/sao.php' not found or unable to stat
[Wed Jan 07 10:53:08.373117 2026] [php:error] [pid 54763] [client 52.169.148.186:0] script '/domains/system_default/zoz.php' not found or unable to stat
[Wed Jan 07 10:53:08.445376 2026] [php:error] [pid 54763] [client 52.169.148.186:0] script '/domains/system_default/priv.php' not found or unable to stat
[Wed Jan 07 10:53:08.517580 2026] [php:error] [pid 54763] [client 52.169.148.186:0] script '/domains/system_default/cwclass.php' not found or unable to stat
[Wed Jan 07 10:53:08.593291 2026] [php:error] [pid 54763] [client 52.169.148.186:0] script '/domains/system_default/file30.php' not found or unable to stat
[Wed Jan 07 10:53:08.666456 2026] [php:error] [pid 54763] [client 52.169.148.186:0] script '/domains/system_default/ah24.php' not found or unable to stat
[Wed Jan 07 10:53:08.738609 2026] [php:error] [pid 54763] [client 52.169.148.186:0] script '/domains/system_default/sko.php' not found or unable to stat
[Wed Jan 07 10:53:08.811233 2026] [php:error] [pid 54763] [client 52.169.148.186:0] script '/domains/system_default/wakak.php' not found or unable to stat
[Wed Jan 07 10:53:08.886063 2026] [php:error] [pid 54763] [client 52.169.148.186:0] script '/domains/system_default/ww3.php' not found or unable to stat
[Wed Jan 07 10:53:08.958149 2026] [php:error] [pid 54763] [client 52.169.148.186:0] script '/domains/system_default/sang.php' not found or unable to stat
[Wed Jan 07 10:53:09.030581 2026] [php:error] [pid 54763] [client 52.169.148.186:0] script '/domains/system_default/f35.php' not found or unable to stat
[Wed Jan 07 10:53:09.102661 2026] [php:error] [pid 54763] [client 52.169.148.186:0] script '/domains/system_default/wen.php' not found or unable to stat
[Wed Jan 07 10:53:09.175624 2026] [php:error] [pid 54763] [client 52.169.148.186:0] script '/domains/system_default/yyy.php' not found or unable to stat
[Wed Jan 07 10:53:09.247531 2026] [php:error] [pid 54763] [client 52.169.148.186:0] script '/domains/system_default/waq.php' not found or unable to stat
[Wed Jan 07 10:53:09.319529 2026] [php:error] [pid 54763] [client 52.169.148.186:0] script '/domains/system_default/wp-ana.php' not found or unable to stat
[Wed Jan 07 10:53:09.391609 2026] [php:error] [pid 54763] [client 52.169.148.186:0] script '/domains/system_default/f8.php' not found or unable to stat
[Wed Jan 07 10:53:09.463849 2026] [php:error] [pid 54763] [client 52.169.148.186:0] script '/domains/system_default/sf.php' not found or unable to stat
[Wed Jan 07 10:53:09.536766 2026] [php:error] [pid 54763] [client 52.169.148.186:0] script '/domains/system_default/AxAo.php' not found or unable to stat
[Wed Jan 07 10:53:09.609290 2026] [php:error] [pid 54763] [client 52.169.148.186:0] script '/domains/system_default/vbbn.php' not found or unable to stat
[Wed Jan 07 10:53:09.681548 2026] [php:error] [pid 54763] [client 52.169.148.186:0] script '/domains/system_default/atx.php' not found or unable to stat
[Wed Jan 07 10:53:09.756503 2026] [php:error] [pid 54763] [client 52.169.148.186:0] script '/domains/system_default/sck.php' not found or unable to stat
[Wed Jan 07 10:53:09.829845 2026] [php:error] [pid 54763] [client 52.169.148.186:0] script '/domains/system_default/ww2.php' not found or unable to stat
[Wed Jan 07 10:53:09.902153 2026] [php:error] [pid 54763] [client 52.169.148.186:0] script '/domains/system_default/Contrller.php' not found or unable to stat
[Wed Jan 07 10:53:09.974780 2026] [php:error] [pid 54763] [client 52.169.148.186:0] script '/domains/system_default/gtc.php' not found or unable to stat
[Wed Jan 07 10:53:10.047086 2026] [php:error] [pid 54763] [client 52.169.148.186:0] script '/domains/system_default/lte7.php' not found or unable to stat
[Wed Jan 07 10:53:10.119414 2026] [php:error] [pid 54763] [client 52.169.148.186:0] script '/domains/system_default/xa.php' not found or unable to stat
[Wed Jan 07 10:53:10.191640 2026] [php:error] [pid 54763] [client 52.169.148.186:0] script '/domains/system_default/wp-good.php' not found or unable to stat
[Wed Jan 07 10:53:10.265309 2026] [php:error] [pid 54763] [client 52.169.148.186:0] script '/domains/system_default/xrp.php' not found or unable to stat
[Wed Jan 07 10:53:10.337837 2026] [php:error] [pid 54763] [client 52.169.148.186:0] script '/domains/system_default/fesa.php' not found or unable to stat
[Wed Jan 07 10:53:10.410098 2026] [php:error] [pid 54763] [client 52.169.148.186:0] script '/domains/system_default/wsz.php' not found or unable to stat
[Wed Jan 07 10:53:10.482181 2026] [php:error] [pid 54763] [client 52.169.148.186:0] script '/domains/system_default/horeg.php' not found or unable to stat
[Wed Jan 07 10:53:10.554345 2026] [php:error] [pid 54763] [client 52.169.148.186:0] script '/domains/system_default/siln.php' not found or unable to stat
[Wed Jan 07 10:53:10.626835 2026] [php:error] [pid 54763] [client 52.169.148.186:0] script '/domains/system_default/thxt.php' not found or unable to stat
[Wed Jan 07 10:53:10.701406 2026] [php:error] [pid 54763] [client 52.169.148.186:0] script '/domains/system_default/tajj.php' not found or unable to stat
[Wed Jan 07 10:53:10.774110 2026] [php:error] [pid 54763] [client 52.169.148.186:0] script '/domains/system_default/lsd.php' not found or unable to stat
[Wed Jan 07 10:53:10.847179 2026] [php:error] [pid 54763] [client 52.169.148.186:0] script '/domains/system_default/z60.php' not found or unable to stat
[Wed Jan 07 10:53:10.919873 2026] [php:error] [pid 54763] [client 52.169.148.186:0] script '/domains/system_default/ha.php' not found or unable to stat
[Wed Jan 07 10:53:10.991914 2026] [php:error] [pid 54763] [client 52.169.148.186:0] script '/domains/system_default/oo.php' not found or unable to stat
[Wed Jan 07 10:53:11.064271 2026] [php:error] [pid 54763] [client 52.169.148.186:0] script '/domains/system_default/13ede.php' not found or unable to stat
[Wed Jan 07 10:53:11.136694 2026] [php:error] [pid 54763] [client 52.169.148.186:0] script '/domains/system_default/xcre1.php' not found or unable to stat
[Wed Jan 07 10:53:11.208751 2026] [php:error] [pid 54763] [client 52.169.148.186:0] script '/domains/system_default/d12.php' not found or unable to stat
[Wed Jan 07 10:53:11.281259 2026] [php:error] [pid 54763] [client 52.169.148.186:0] script '/domains/system_default/x0x.php' not found or unable to stat
[Wed Jan 07 10:53:11.354373 2026] [php:error] [pid 54763] [client 52.169.148.186:0] script '/domains/system_default/Okxob.php' not found or unable to stat
[Wed Jan 07 10:53:11.428207 2026] [php:error] [pid 54763] [client 52.169.148.186:0] script '/domains/system_default/ws35.php' not found or unable to stat
[Wed Jan 07 10:53:11.500296 2026] [php:error] [pid 54763] [client 52.169.148.186:0] script '/domains/system_default/rtx.php' not found or unable to stat
[Wed Jan 07 10:53:11.572522 2026] [php:error] [pid 54763] [client 52.169.148.186:0] script '/domains/system_default/f-401.php' not found or unable to stat
[Wed Jan 07 10:53:11.645010 2026] [php:error] [pid 54763] [client 52.169.148.186:0] script '/domains/system_default/see.php' not found or unable to stat
[Wed Jan 07 10:53:11.717037 2026] [php:error] [pid 54763] [client 52.169.148.186:0] script '/domains/system_default/xse25.php' not found or unable to stat
[Wed Jan 07 10:53:11.789233 2026] [php:error] [pid 54763] [client 52.169.148.186:0] script '/domains/system_default/wtz.php' not found or unable to stat
[Wed Jan 07 10:53:11.861480 2026] [php:error] [pid 54763] [client 52.169.148.186:0] script '/domains/system_default/waw.php' not found or unable to stat
[Wed Jan 07 10:53:11.933837 2026] [php:error] [pid 54763] [client 52.169.148.186:0] script '/domains/system_default/elp.php' not found or unable to stat
[Wed Jan 07 10:53:12.006135 2026] [php:error] [pid 54763] [client 52.169.148.186:0] script '/domains/system_default/ioxi-o1.php' not found or unable to stat
[Wed Jan 07 10:53:12.078459 2026] [php:error] [pid 54763] [client 52.169.148.186:0] script '/domains/system_default/xpass.php' not found or unable to stat
[Wed Jan 07 10:53:12.150675 2026] [php:error] [pid 54763] [client 52.169.148.186:0] script '/domains/system_default/x56.php' not found or unable to stat
[Wed Jan 07 10:53:12.223136 2026] [php:error] [pid 54763] [client 52.169.148.186:0] script '/domains/system_default/tx1.php' not found or unable to stat
[Wed Jan 07 10:53:12.295694 2026] [php:error] [pid 54763] [client 52.169.148.186:0] script '/domains/system_default/zafir1.php' not found or unable to stat
[Wed Jan 07 10:53:12.368090 2026] [php:error] [pid 54763] [client 52.169.148.186:0] script '/domains/system_default/admin.php' not found or unable to stat
[Wed Jan 07 10:53:12.440790 2026] [php:error] [pid 54763] [client 52.169.148.186:0] script '/domains/system_default/quoys.php' not found or unable to stat
[Wed Jan 07 10:53:12.512914 2026] [php:error] [pid 54763] [client 52.169.148.186:0] script '/domains/system_default/ova.php' not found or unable to stat
[Wed Jan 07 10:53:12.584977 2026] [php:error] [pid 54763] [client 52.169.148.186:0] script '/domains/system_default/juuuu.php' not found or unable to stat
[Wed Jan 07 10:53:12.657011 2026] [php:error] [pid 54763] [client 52.169.148.186:0] script '/domains/system_default/vx.php' not found or unable to stat
[Wed Jan 07 10:53:12.728827 2026] [php:error] [pid 54763] [client 52.169.148.186:0] script '/domains/system_default/1vbqo.php' not found or unable to stat
[Wed Jan 07 10:53:12.801217 2026] [php:error] [pid 54763] [client 52.169.148.186:0] script '/domains/system_default/0xs.php' not found or unable to stat
[Wed Jan 07 10:53:12.873354 2026] [php:error] [pid 54763] [client 52.169.148.186:0] script '/domains/system_default/O-Simple.php' not found or unable to stat
[Wed Jan 07 10:53:12.955254 2026] [php:error] [pid 54763] [client 52.169.148.186:0] script '/domains/system_default/sf9.php' not found or unable to stat
[Wed Jan 07 10:53:13.027369 2026] [php:error] [pid 54763] [client 52.169.148.186:0] script '/domains/system_default/thoms.php' not found or unable to stat
[Wed Jan 07 10:53:13.099461 2026] [php:error] [pid 54763] [client 52.169.148.186:0] script '/domains/system_default/sadis.php' not found or unable to stat
[Wed Jan 07 10:53:26.072846 2026] [php:error] [pid 54763] [client 142.248.80.123:0] script '/domains/oneylaw/xmlrpc.php' not found or unable to stat
[Wed Jan 07 10:54:06.085872 2026] [core:crit] [pid 54768] (13)Permission denied: [client 23.21.119.232:0] AH00529: /domains/performancepartsinc/graphics/psd/.htaccess pcfg_openfile: unable to check htaccess file, ensure it is readable and that '/domains/performancepartsinc/graphics/psd/' is executable
[Wed Jan 07 10:54:58.832621 2026] [php:error] [pid 54776] [client 185.251.19.132:0] script '/domains/pmifit/xmlrpc.php' not found or unable to stat
[Wed Jan 07 10:55:00.197778 2026] [php:error] [pid 54767] [client 34.96.162.60:0] script '/domains/awciii/adminer-5.0.2-mysql-en.php' not found or unable to stat
[Wed Jan 07 10:55:35.176291 2026] [php:error] [pid 54743] [client 45.132.227.220:0] script '/domains/fryer/xmlrpc.php' not found or unable to stat
[Wed Jan 07 10:55:40.612429 2026] [php:error] [pid 54743] [client 34.96.162.57:0] script '/domains/awciii/adminer-5.4.0.php' not found or unable to stat
[Wed Jan 07 10:56:19.883067 2026] [php:error] [pid 54743] [client 185.251.19.120:0] script '/domains/navarrospring/xmlrpc.php' not found or unable to stat
[Wed Jan 07 10:56:33.233622 2026] [php:error] [pid 54795] [client 208.84.101.102:0] script '/domains/tennex/xmlrpc.php' not found or unable to stat
[Wed Jan 07 10:58:09.375368 2026] [php:error] [pid 54817] [client 173.244.42.174:0] script '/domains/antiqueweb1/wp-login.php' not found or unable to stat
[Wed Jan 07 10:58:10.708193 2026] [php:error] [pid 54817] [client 34.96.162.57:0] script '/domains/awciii/sql.php' not found or unable to stat
[Wed Jan 07 10:58:27.551797 2026] [php:error] [pid 54815] [client 142.248.80.123:0] script '/domains/rnachum/xmlrpc.php' not found or unable to stat
[Wed Jan 07 10:59:06.611561 2026] [php:error] [pid 54816] [client 157.55.39.192:0] script '/domains/vangoghagainweb/canvas_stretching_embellishing.php' not found or unable to stat
[Wed Jan 07 10:59:15.865589 2026] [php:error] [pid 54826] [client 45.78.212.219:0] script '/domains/hdickens.enteract/kmnj.php' not found or unable to stat
[Wed Jan 07 10:59:50.291053 2026] [php:error] [pid 54838] [client 142.248.80.123:0] script '/domains/testregisgroup/xmlrpc.php' not found or unable to stat
[Wed Jan 07 11:00:16.349501 2026] [php:error] [pid 54831] [client 142.248.80.123:0] script '/domains/aatweb/xmlrpc.php' not found or unable to stat
[Wed Jan 07 11:00:29.599638 2026] [core:crit] [pid 54847] (13)Permission denied: [client 114.119.156.3:0] AH00529: /domains/dcarlone/test/web/.htaccess pcfg_openfile: unable to check htaccess file, ensure it is readable and that '/domains/dcarlone/test/web/' is executable, referer: http://www.carloneassociates.com/test/web/i.php/mature-dating-for-sex-in-florida/
[Wed Jan 07 11:00:45.543104 2026] [php:error] [pid 54838] [client 35.247.243.244:0] script '/domains/awciii/ADMINER.php' not found or unable to stat
[Wed Jan 07 11:00:56.218576 2026] [core:crit] [pid 54847] (13)Permission denied: [client 216.244.66.241:0] AH00529: /domains/dcarlone/test/web/.htaccess pcfg_openfile: unable to check htaccess file, ensure it is readable and that '/domains/dcarlone/test/web/' is executable
[Wed Jan 07 11:02:59.818561 2026] [php:error] [pid 54861] [client 52.167.144.215:0] script '/domains/brenties/huvb.php' not found or unable to stat
[Wed Jan 07 11:03:10.436291 2026] [php:error] [pid 54882] [client 141.98.11.23:0] script '/domains/davidbacker/wp-login.php' not found or unable to stat
[Wed Jan 07 11:03:10.667949 2026] [php:error] [pid 54886] [client 141.98.11.23:0] script '/domains/davidbacker/wp-login.php' not found or unable to stat
[Wed Jan 07 11:03:47.086209 2026] [php:error] [pid 54861] [client 4.190.193.202:0] script '/domains/pookie.dnai/cgi-bin/index.php' not found or unable to stat
[Wed Jan 07 11:03:47.566373 2026] [php:error] [pid 54861] [client 4.190.193.202:0] script '/domains/pookie.dnai/aa.php' not found or unable to stat
[Wed Jan 07 11:03:47.734400 2026] [php:error] [pid 54861] [client 4.190.193.202:0] script '/domains/pookie.dnai/av.php' not found or unable to stat
[Wed Jan 07 11:03:47.902520 2026] [php:error] [pid 54861] [client 4.190.193.202:0] script '/domains/pookie.dnai/adminfuns.php' not found or unable to stat
[Wed Jan 07 11:03:48.073690 2026] [php:error] [pid 54861] [client 4.190.193.202:0] script '/domains/pookie.dnai/1.php' not found or unable to stat
[Wed Jan 07 11:03:48.571690 2026] [php:error] [pid 54861] [client 4.190.193.202:0] script '/domains/pookie.dnai/admin.php' not found or unable to stat
[Wed Jan 07 11:03:48.740299 2026] [php:error] [pid 54861] [client 4.190.193.202:0] script '/domains/pookie.dnai/upload.php' not found or unable to stat
[Wed Jan 07 11:03:48.912361 2026] [php:error] [pid 54861] [client 4.190.193.202:0] script '/domains/pookie.dnai/system.php' not found or unable to stat
[Wed Jan 07 11:03:48.969891 2026] [php:error] [pid 54892] [client 172.161.33.80:0] script '/domains/samscars/smklh.php' not found or unable to stat
[Wed Jan 07 11:03:49.068741 2026] [php:error] [pid 54892] [client 172.161.33.80:0] script '/domains/samscars/ws28.php' not found or unable to stat
[Wed Jan 07 11:03:49.081539 2026] [php:error] [pid 54861] [client 4.190.193.202:0] script '/domains/pookie.dnai/edit.php' not found or unable to stat
[Wed Jan 07 11:03:49.164739 2026] [php:error] [pid 54892] [client 172.161.33.80:0] script '/domains/samscars/X7x.php' not found or unable to stat
[Wed Jan 07 11:03:49.252152 2026] [php:error] [pid 54861] [client 4.190.193.202:0] script '/domains/pookie.dnai/new.php' not found or unable to stat
[Wed Jan 07 11:03:49.262510 2026] [php:error] [pid 54892] [client 172.161.33.80:0] script '/domains/samscars/100.kb.php' not found or unable to stat
[Wed Jan 07 11:03:49.376098 2026] [php:error] [pid 54892] [client 172.161.33.80:0] script '/domains/samscars/ws35.php' not found or unable to stat
[Wed Jan 07 11:03:49.426015 2026] [php:error] [pid 54861] [client 4.190.193.202:0] script '/domains/pookie.dnai/inc.php' not found or unable to stat
[Wed Jan 07 11:03:49.481563 2026] [php:error] [pid 54892] [client 172.161.33.80:0] script '/domains/samscars/rzki.php' not found or unable to stat
[Wed Jan 07 11:03:49.577828 2026] [php:error] [pid 54892] [client 172.161.33.80:0] script '/domains/samscars/oysdxc.php' not found or unable to stat
[Wed Jan 07 11:03:49.593506 2026] [php:error] [pid 54861] [client 4.190.193.202:0] script '/domains/pookie.dnai/item.php' not found or unable to stat
[Wed Jan 07 11:03:49.676611 2026] [php:error] [pid 54892] [client 172.161.33.80:0] script '/domains/samscars/xopvne.php' not found or unable to stat
[Wed Jan 07 11:03:49.782530 2026] [php:error] [pid 54892] [client 172.161.33.80:0] script '/domains/samscars/moie.php' not found or unable to stat
[Wed Jan 07 11:03:49.879163 2026] [php:error] [pid 54892] [client 172.161.33.80:0] script '/domains/samscars/hilk.php' not found or unable to stat
[Wed Jan 07 11:03:49.967865 2026] [php:error] [pid 54861] [client 4.190.193.202:0] script '/domains/pookie.dnai/alfa.php' not found or unable to stat
[Wed Jan 07 11:03:49.981209 2026] [php:error] [pid 54892] [client 172.161.33.80:0] script '/domains/samscars/gm.php' not found or unable to stat
[Wed Jan 07 11:03:50.077538 2026] [php:error] [pid 54892] [client 172.161.33.80:0] script '/domains/samscars/iko.php' not found or unable to stat
[Wed Jan 07 11:03:50.135504 2026] [php:error] [pid 54861] [client 4.190.193.202:0] script '/domains/pookie.dnai/log.php' not found or unable to stat
[Wed Jan 07 11:03:50.173669 2026] [php:error] [pid 54892] [client 172.161.33.80:0] script '/domains/samscars/hlonk.php' not found or unable to stat
[Wed Jan 07 11:03:50.269973 2026] [php:error] [pid 54892] [client 172.161.33.80:0] script '/domains/samscars/sagym.php' not found or unable to stat
[Wed Jan 07 11:03:50.366394 2026] [php:error] [pid 54892] [client 172.161.33.80:0] script '/domains/samscars/qvaaq.php' not found or unable to stat
[Wed Jan 07 11:03:50.425375 2026] [php:error] [pid 54861] [client 4.190.193.202:0] script '/domains/pookie.dnai/lock360.php' not found or unable to stat
[Wed Jan 07 11:03:50.462699 2026] [php:error] [pid 54892] [client 172.161.33.80:0] script '/domains/samscars/content.php' not found or unable to stat
[Wed Jan 07 11:03:50.558912 2026] [php:error] [pid 54892] [client 172.161.33.80:0] script '/domains/samscars/gi.php' not found or unable to stat
[Wed Jan 07 11:03:50.596486 2026] [php:error] [pid 54861] [client 4.190.193.202:0] script '/domains/pookie.dnai/class.php' not found or unable to stat
[Wed Jan 07 11:03:50.655069 2026] [php:error] [pid 54892] [client 172.161.33.80:0] script '/domains/samscars/ccou.php' not found or unable to stat
[Wed Jan 07 11:03:50.751404 2026] [php:error] [pid 54892] [client 172.161.33.80:0] script '/domains/samscars/wp-freya.php' not found or unable to stat
[Wed Jan 07 11:03:50.849507 2026] [php:error] [pid 54892] [client 172.161.33.80:0] script '/domains/samscars/frg.php' not found or unable to stat
[Wed Jan 07 11:03:51.042236 2026] [php:error] [pid 54892] [client 172.161.33.80:0] script '/domains/samscars/hly.php' not found or unable to stat
[Wed Jan 07 11:03:51.141762 2026] [php:error] [pid 54892] [client 172.161.33.80:0] script '/domains/samscars/to.php' not found or unable to stat
[Wed Jan 07 11:03:51.156197 2026] [php:error] [pid 54861] [client 4.190.193.202:0] script '/domains/pookie.dnai/f.php' not found or unable to stat
[Wed Jan 07 11:03:51.237991 2026] [php:error] [pid 54892] [client 172.161.33.80:0] script '/domains/samscars/v2.php' not found or unable to stat
[Wed Jan 07 11:03:51.334859 2026] [php:error] [pid 54892] [client 172.161.33.80:0] script '/domains/samscars/class-.php' not found or unable to stat
[Wed Jan 07 11:03:51.438442 2026] [php:error] [pid 54892] [client 172.161.33.80:0] script '/domains/samscars/fso.php' not found or unable to stat
[Wed Jan 07 11:03:51.534490 2026] [php:error] [pid 54892] [client 172.161.33.80:0] script '/domains/samscars/nox.php' not found or unable to stat
[Wed Jan 07 11:03:51.630572 2026] [php:error] [pid 54892] [client 172.161.33.80:0] script '/domains/samscars/fdd2.php' not found or unable to stat
[Wed Jan 07 11:03:51.726705 2026] [php:error] [pid 54892] [client 172.161.33.80:0] script '/domains/samscars/aQw.php' not found or unable to stat
[Wed Jan 07 11:03:51.750653 2026] [php:error] [pid 54861] [client 4.190.193.202:0] script '/domains/pookie.dnai/404.php' not found or unable to stat
[Wed Jan 07 11:03:51.829523 2026] [php:error] [pid 54892] [client 172.161.33.80:0] script '/domains/samscars/rh.php' not found or unable to stat
[Wed Jan 07 11:03:51.917829 2026] [php:error] [pid 54861] [client 4.190.193.202:0] script '/domains/pookie.dnai/adminfuns.php' not found or unable to stat
[Wed Jan 07 11:03:51.926220 2026] [php:error] [pid 54892] [client 172.161.33.80:0] script '/domains/samscars/sto.php' not found or unable to stat
[Wed Jan 07 11:03:52.024103 2026] [php:error] [pid 54892] [client 172.161.33.80:0] script '/domains/samscars/bipas.php' not found or unable to stat
[Wed Jan 07 11:03:52.120762 2026] [php:error] [pid 54892] [client 172.161.33.80:0] script '/domains/samscars/xaz.php' not found or unable to stat
[Wed Jan 07 11:03:52.217494 2026] [php:error] [pid 54892] [client 172.161.33.80:0] script '/domains/samscars/conte.php' not found or unable to stat
[Wed Jan 07 11:03:52.287622 2026] [php:error] [pid 54861] [client 4.190.193.202:0] script '/domains/pookie.dnai/goods.php' not found or unable to stat
[Wed Jan 07 11:03:52.313913 2026] [php:error] [pid 54892] [client 172.161.33.80:0] script '/domains/samscars/lopst.php' not found or unable to stat
[Wed Jan 07 11:03:52.410183 2026] [php:error] [pid 54892] [client 172.161.33.80:0] script '/domains/samscars/xv.php' not found or unable to stat
[Wed Jan 07 11:03:52.458714 2026] [php:error] [pid 54861] [client 4.190.193.202:0] script '/domains/pookie.dnai/hi.php' not found or unable to stat
[Wed Jan 07 11:03:52.506443 2026] [php:error] [pid 54892] [client 172.161.33.80:0] script '/domains/samscars/ixj.php' not found or unable to stat
[Wed Jan 07 11:03:52.602976 2026] [php:error] [pid 54892] [client 172.161.33.80:0] script '/domains/samscars/nansa.php' not found or unable to stat
[Wed Jan 07 11:03:52.626174 2026] [php:error] [pid 54861] [client 4.190.193.202:0] script '/domains/pookie.dnai/wp-l0gin.php' not found or unable to stat
[Wed Jan 07 11:03:52.704933 2026] [php:error] [pid 54892] [client 172.161.33.80:0] script '/domains/samscars/gecko.php' not found or unable to stat
[Wed Jan 07 11:03:52.807176 2026] [php:error] [pid 54892] [client 172.161.33.80:0] script '/domains/samscars/blurbs.php' not found or unable to stat
[Wed Jan 07 11:03:52.903894 2026] [php:error] [pid 54892] [client 172.161.33.80:0] script '/domains/samscars/18299.php' not found or unable to stat
[Wed Jan 07 11:03:52.985713 2026] [php:error] [pid 54861] [client 4.190.193.202:0] script '/domains/pookie.dnai/420.php' not found or unable to stat
[Wed Jan 07 11:03:53.000052 2026] [php:error] [pid 54892] [client 172.161.33.80:0] script '/domains/samscars/wl.php' not found or unable to stat
[Wed Jan 07 11:03:53.096600 2026] [php:error] [pid 54892] [client 172.161.33.80:0] script '/domains/samscars/xsas.php' not found or unable to stat
[Wed Jan 07 11:03:53.192872 2026] [php:error] [pid 54892] [client 172.161.33.80:0] script '/domains/samscars/pn.php' not found or unable to stat
[Wed Jan 07 11:03:53.246545 2026] [php:error] [pid 54861] [client 4.190.193.202:0] script '/domains/pookie.dnai/xenium4.php' not found or unable to stat
[Wed Jan 07 11:03:53.289677 2026] [php:error] [pid 54892] [client 172.161.33.80:0] script '/domains/samscars/x50.php' not found or unable to stat
[Wed Jan 07 11:03:53.385874 2026] [php:error] [pid 54892] [client 172.161.33.80:0] script '/domains/samscars/ant.php' not found or unable to stat
[Wed Jan 07 11:03:53.414056 2026] [php:error] [pid 54861] [client 4.190.193.202:0] script '/domains/pookie.dnai/sadd5.php' not found or unable to stat
[Wed Jan 07 11:03:53.497706 2026] [php:error] [pid 54892] [client 172.161.33.80:0] script '/domains/samscars/show.php' not found or unable to stat
[Wed Jan 07 11:03:53.598137 2026] [php:error] [pid 54892] [client 172.161.33.80:0] script '/domains/samscars/cro.php' not found or unable to stat
[Wed Jan 07 11:03:53.658715 2026] [php:error] [pid 54861] [client 4.190.193.202:0] script '/domains/pookie.dnai/file58.php' not found or unable to stat
[Wed Jan 07 11:03:53.694292 2026] [php:error] [pid 54892] [client 172.161.33.80:0] script '/domains/samscars/wo.php' not found or unable to stat
[Wed Jan 07 11:03:53.791800 2026] [php:error] [pid 54892] [client 172.161.33.80:0] script '/domains/samscars/shoyo.php' not found or unable to stat
[Wed Jan 07 11:03:53.826507 2026] [php:error] [pid 54861] [client 4.190.193.202:0] script '/domains/pookie.dnai/0w1d.php' not found or unable to stat
[Wed Jan 07 11:03:53.894498 2026] [php:error] [pid 54892] [client 172.161.33.80:0] script '/domains/samscars/qqq.php' not found or unable to stat
[Wed Jan 07 11:03:53.990433 2026] [php:error] [pid 54892] [client 172.161.33.80:0] script '/domains/samscars/ccou.php' not found or unable to stat
[Wed Jan 07 11:03:54.076932 2026] [php:error] [pid 54861] [client 4.190.193.202:0] script '/domains/pookie.dnai/f5.php' not found or unable to stat
[Wed Jan 07 11:03:54.086821 2026] [php:error] [pid 54892] [client 172.161.33.80:0] script '/domains/samscars/fz.php' not found or unable to stat
[Wed Jan 07 11:03:54.183131 2026] [php:error] [pid 54892] [client 172.161.33.80:0] script '/domains/samscars/congab.php' not found or unable to stat
[Wed Jan 07 11:03:54.244445 2026] [php:error] [pid 54861] [client 4.190.193.202:0] script '/domains/pookie.dnai/ma.php' not found or unable to stat
[Wed Jan 07 11:03:54.279282 2026] [php:error] [pid 54892] [client 172.161.33.80:0] script '/domains/samscars/fv.php' not found or unable to stat
[Wed Jan 07 11:03:54.376084 2026] [php:error] [pid 54892] [client 172.161.33.80:0] script '/domains/samscars/X7x.php' not found or unable to stat
[Wed Jan 07 11:03:54.473669 2026] [php:error] [pid 54892] [client 172.161.33.80:0] script '/domains/samscars/xvent.php' not found or unable to stat
[Wed Jan 07 11:03:54.553686 2026] [php:error] [pid 54861] [client 4.190.193.202:0] script '/domains/pookie.dnai/s1.php' not found or unable to stat
[Wed Jan 07 11:03:54.571199 2026] [php:error] [pid 54892] [client 172.161.33.80:0] script '/domains/samscars/zeu.php' not found or unable to stat
[Wed Jan 07 11:03:54.667242 2026] [php:error] [pid 54892] [client 172.161.33.80:0] script '/domains/samscars/jatuh.php' not found or unable to stat
[Wed Jan 07 11:03:54.741926 2026] [php:error] [pid 54861] [client 4.190.193.202:0] script '/domains/pookie.dnai/xa.php' not found or unable to stat
[Wed Jan 07 11:03:54.764444 2026] [php:error] [pid 54892] [client 172.161.33.80:0] script '/domains/samscars/as.php' not found or unable to stat
[Wed Jan 07 11:03:54.860836 2026] [php:error] [pid 54892] [client 172.161.33.80:0] script '/domains/samscars/0o0.php' not found or unable to stat
[Wed Jan 07 11:03:54.909250 2026] [php:error] [pid 54861] [client 4.190.193.202:0] script '/domains/pookie.dnai/f8.php' not found or unable to stat
[Wed Jan 07 11:03:54.957233 2026] [php:error] [pid 54892] [client 172.161.33.80:0] script '/domains/samscars/mans.php' not found or unable to stat
[Wed Jan 07 11:03:55.054483 2026] [php:error] [pid 54892] [client 172.161.33.80:0] script '/domains/samscars/info.php' not found or unable to stat
[Wed Jan 07 11:03:55.145572 2026] [php:error] [pid 54861] [client 4.190.193.202:0] script '/domains/pookie.dnai/flower2.php' not found or unable to stat
[Wed Jan 07 11:03:55.247972 2026] [php:error] [pid 54892] [client 172.161.33.80:0] script '/domains/samscars/efsd.php' not found or unable to stat
[Wed Jan 07 11:03:55.320871 2026] [php:error] [pid 54861] [client 4.190.193.202:0] script '/domains/pookie.dnai/000.php' not found or unable to stat
[Wed Jan 07 11:03:55.345782 2026] [php:error] [pid 54892] [client 172.161.33.80:0] script '/domains/samscars/w1w.php' not found or unable to stat
[Wed Jan 07 11:03:55.442721 2026] [php:error] [pid 54892] [client 172.161.33.80:0] script '/domains/samscars/up4.php' not found or unable to stat
[Wed Jan 07 11:03:55.498245 2026] [php:error] [pid 54861] [client 4.190.193.202:0] script '/domains/pookie.dnai/xxxx.php' not found or unable to stat
[Wed Jan 07 11:03:55.573186 2026] [php:error] [pid 54892] [client 172.161.33.80:0] script '/domains/samscars/galex.php' not found or unable to stat
[Wed Jan 07 11:03:55.676045 2026] [php:error] [pid 54892] [client 172.161.33.80:0] script '/domains/samscars/file48.php' not found or unable to stat
[Wed Jan 07 11:03:55.754602 2026] [php:error] [pid 54861] [client 4.190.193.202:0] script '/domains/pookie.dnai/wen.php' not found or unable to stat
[Wed Jan 07 11:03:55.773973 2026] [php:error] [pid 54892] [client 172.161.33.80:0] script '/domains/samscars/hans.php' not found or unable to stat
[Wed Jan 07 11:03:55.870144 2026] [php:error] [pid 54892] [client 172.161.33.80:0] script '/domains/samscars/kairolin.php' not found or unable to stat
[Wed Jan 07 11:03:55.922486 2026] [php:error] [pid 54861] [client 4.190.193.202:0] script '/domains/pookie.dnai/ss1.php' not found or unable to stat
[Wed Jan 07 11:03:55.970623 2026] [php:error] [pid 54892] [client 172.161.33.80:0] script '/domains/samscars/z60.php' not found or unable to stat
[Wed Jan 07 11:03:56.066938 2026] [php:error] [pid 54892] [client 172.161.33.80:0] script '/domains/samscars/9v6.php' not found or unable to stat
[Wed Jan 07 11:03:56.116001 2026] [php:error] [pid 54861] [client 4.190.193.202:0] script '/domains/pookie.dnai/shoyo.php' not found or unable to stat
[Wed Jan 07 11:03:56.163265 2026] [php:error] [pid 54892] [client 172.161.33.80:0] script '/domains/samscars/ma.php' not found or unable to stat
[Wed Jan 07 11:03:56.265996 2026] [php:error] [pid 54892] [client 172.161.33.80:0] script '/domains/samscars/zozla.php' not found or unable to stat
[Wed Jan 07 11:03:56.283355 2026] [php:error] [pid 54861] [client 4.190.193.202:0] script '/domains/pookie.dnai/flower.php' not found or unable to stat
[Wed Jan 07 11:03:56.362303 2026] [php:error] [pid 54892] [client 172.161.33.80:0] script '/domains/samscars/class9.php' not found or unable to stat
[Wed Jan 07 11:03:56.451906 2026] [php:error] [pid 54861] [client 4.190.193.202:0] script '/domains/pookie.dnai/adminfuns.php' not found or unable to stat
[Wed Jan 07 11:03:56.458557 2026] [php:error] [pid 54892] [client 172.161.33.80:0] script '/domains/samscars/ctex1.php' not found or unable to stat
[Wed Jan 07 11:03:56.554941 2026] [php:error] [pid 54892] [client 172.161.33.80:0] script '/domains/samscars/lts.php' not found or unable to stat
[Wed Jan 07 11:03:56.632275 2026] [php:error] [pid 54861] [client 4.190.193.202:0] script '/domains/pookie.dnai/file48.php' not found or unable to stat
[Wed Jan 07 11:03:56.651067 2026] [php:error] [pid 54892] [client 172.161.33.80:0] script '/domains/samscars/mmm.php' not found or unable to stat
[Wed Jan 07 11:03:56.747571 2026] [php:error] [pid 54892] [client 172.161.33.80:0] script '/domains/samscars/Cok.php' not found or unable to stat
[Wed Jan 07 11:03:56.801152 2026] [php:error] [pid 54861] [client 4.190.193.202:0] script '/domains/pookie.dnai/info.php' not found or unable to stat
[Wed Jan 07 11:03:56.843886 2026] [php:error] [pid 54892] [client 172.161.33.80:0] script '/domains/samscars/lx.php' not found or unable to stat
[Wed Jan 07 11:03:56.940735 2026] [php:error] [pid 54892] [client 172.161.33.80:0] script '/domains/samscars/admiin.php' not found or unable to stat
[Wed Jan 07 11:03:56.968618 2026] [php:error] [pid 54861] [client 4.190.193.202:0] script '/domains/pookie.dnai/class9.php' not found or unable to stat
[Wed Jan 07 11:03:57.037239 2026] [php:error] [pid 54892] [client 172.161.33.80:0] script '/domains/samscars/mcd.php' not found or unable to stat
[Wed Jan 07 11:03:57.133399 2026] [php:error] [pid 54892] [client 172.161.33.80:0] script '/domains/samscars/Zeiss.php' not found or unable to stat
[Wed Jan 07 11:03:57.194379 2026] [php:error] [pid 54861] [client 4.190.193.202:0] script '/domains/pookie.dnai/bless11.php' not found or unable to stat
[Wed Jan 07 11:03:57.229532 2026] [php:error] [pid 54892] [client 172.161.33.80:0] script '/domains/samscars/flower.php' not found or unable to stat
[Wed Jan 07 11:03:57.325717 2026] [php:error] [pid 54892] [client 172.161.33.80:0] script '/domains/samscars/zxl.php' not found or unable to stat
[Wed Jan 07 11:03:57.422603 2026] [php:error] [pid 54892] [client 172.161.33.80:0] script '/domains/samscars/EM.php' not found or unable to stat
[Wed Jan 07 11:03:57.458571 2026] [php:error] [pid 54861] [client 4.190.193.202:0] script '/domains/pookie.dnai/class.php' not found or unable to stat
[Wed Jan 07 11:03:57.518972 2026] [php:error] [pid 54892] [client 172.161.33.80:0] script '/domains/samscars/pop.php' not found or unable to stat
[Wed Jan 07 11:03:57.615748 2026] [php:error] [pid 54892] [client 172.161.33.80:0] script '/domains/samscars/kcs.php' not found or unable to stat
[Wed Jan 07 11:03:57.658517 2026] [php:error] [pid 54861] [client 4.190.193.202:0] script '/domains/pookie.dnai/bless5.php' not found or unable to stat
[Wed Jan 07 11:03:57.711805 2026] [php:error] [pid 54892] [client 172.161.33.80:0] script '/domains/samscars/fh26.php' not found or unable to stat
[Wed Jan 07 11:03:57.807955 2026] [php:error] [pid 54892] [client 172.161.33.80:0] script '/domains/samscars/hq.php' not found or unable to stat
[Wed Jan 07 11:03:57.827365 2026] [php:error] [pid 54861] [client 4.190.193.202:0] script '/domains/pookie.dnai/lock360.php' not found or unable to stat
[Wed Jan 07 11:03:57.915192 2026] [php:error] [pid 54892] [client 172.161.33.80:0] script '/domains/samscars/wp-gzone.php' not found or unable to stat
[Wed Jan 07 11:03:58.011307 2026] [php:error] [pid 54892] [client 172.161.33.80:0] script '/domains/samscars/f2r4.php' not found or unable to stat
[Wed Jan 07 11:03:58.098169 2026] [php:error] [pid 54861] [client 4.190.193.202:0] script '/domains/pookie.dnai/f35.php' not found or unable to stat
[Wed Jan 07 11:03:58.107244 2026] [php:error] [pid 54892] [client 172.161.33.80:0] script '/domains/samscars/cafe.php' not found or unable to stat
[Wed Jan 07 11:03:58.203851 2026] [php:error] [pid 54892] [client 172.161.33.80:0] script '/domains/samscars/1aa.php' not found or unable to stat
[Wed Jan 07 11:03:58.300857 2026] [php:error] [pid 54892] [client 172.161.33.80:0] script '/domains/samscars/uuu.php' not found or unable to stat
[Wed Jan 07 11:03:58.330373 2026] [php:error] [pid 54861] [client 4.190.193.202:0] script '/domains/pookie.dnai/gg.php' not found or unable to stat
[Wed Jan 07 11:03:58.397235 2026] [php:error] [pid 54892] [client 172.161.33.80:0] script '/domains/samscars/wsvvs.php' not found or unable to stat
[Wed Jan 07 11:03:58.493702 2026] [php:error] [pid 54892] [client 172.161.33.80:0] script '/domains/samscars/222.php' not found or unable to stat
[Wed Jan 07 11:03:58.502244 2026] [php:error] [pid 54861] [client 4.190.193.202:0] script '/domains/pookie.dnai/ar.php' not found or unable to stat
[Wed Jan 07 11:03:58.589901 2026] [php:error] [pid 54892] [client 172.161.33.80:0] script '/domains/samscars/mh.php' not found or unable to stat
[Wed Jan 07 11:03:58.670316 2026] [php:error] [pid 54861] [client 4.190.193.202:0] script '/domains/pookie.dnai/alfa.php' not found or unable to stat
[Wed Jan 07 11:03:58.686618 2026] [php:error] [pid 54892] [client 172.161.33.80:0] script '/domains/samscars/7h.php' not found or unable to stat
[Wed Jan 07 11:03:58.854379 2026] [php:error] [pid 54861] [client 4.190.193.202:0] script '/domains/pookie.dnai/classwithtostring.php' not found or unable to stat
[Wed Jan 07 11:03:58.880777 2026] [php:error] [pid 54884] [client 172.161.33.80:0] script '/domains/samscars/la.php' not found or unable to stat
[Wed Jan 07 11:03:58.975675 2026] [php:error] [pid 54884] [client 172.161.33.80:0] script '/domains/samscars/abc.php' not found or unable to stat
[Wed Jan 07 11:03:59.024063 2026] [php:error] [pid 54861] [client 4.190.193.202:0] script '/domains/pookie.dnai/abcd.php' not found or unable to stat
[Wed Jan 07 11:03:59.071010 2026] [php:error] [pid 54884] [client 172.161.33.80:0] script '/domains/samscars/ahy66.php' not found or unable to stat
[Wed Jan 07 11:03:59.165312 2026] [php:error] [pid 54884] [client 172.161.33.80:0] script '/domains/samscars/wp-wlx.php' not found or unable to stat
[Wed Jan 07 11:03:59.227344 2026] [php:error] [pid 54861] [client 4.190.193.202:0] script '/domains/pookie.dnai/admin.php' not found or unable to stat
[Wed Jan 07 11:03:59.260533 2026] [php:error] [pid 54884] [client 172.161.33.80:0] script '/domains/samscars/ww1.php' not found or unable to stat
[Wed Jan 07 11:03:59.361179 2026] [php:error] [pid 54884] [client 172.161.33.80:0] script '/domains/samscars/xb.php' not found or unable to stat
[Wed Jan 07 11:03:59.405259 2026] [php:error] [pid 54861] [client 4.190.193.202:0] script '/domains/pookie.dnai/ioxi-o.php' not found or unable to stat
[Wed Jan 07 11:03:59.462341 2026] [php:error] [pid 54884] [client 172.161.33.80:0] script '/domains/samscars/ws28.php' not found or unable to stat
[Wed Jan 07 11:03:59.560523 2026] [php:error] [pid 54884] [client 172.161.33.80:0] script '/domains/samscars/dbc.php' not found or unable to stat
[Wed Jan 07 11:03:59.572821 2026] [php:error] [pid 54861] [client 4.190.193.202:0] script '/domains/pookie.dnai/0x.php' not found or unable to stat
[Wed Jan 07 11:03:59.655236 2026] [php:error] [pid 54884] [client 172.161.33.80:0] script '/domains/samscars/l10n.php' not found or unable to stat
[Wed Jan 07 11:03:59.750210 2026] [php:error] [pid 54884] [client 172.161.33.80:0] script '/domains/samscars/adin.php' not found or unable to stat
[Wed Jan 07 11:03:59.836867 2026] [php:error] [pid 54861] [client 4.190.193.202:0] script '/domains/pookie.dnai/css.php' not found or unable to stat
[Wed Jan 07 11:03:59.844604 2026] [php:error] [pid 54884] [client 172.161.33.80:0] script '/domains/samscars/ifm.php' not found or unable to stat
[Wed Jan 07 11:03:59.941118 2026] [php:error] [pid 54884] [client 172.161.33.80:0] script '/domains/samscars/bge.php' not found or unable to stat
[Wed Jan 07 11:04:00.042732 2026] [php:error] [pid 54884] [client 172.161.33.80:0] script '/domains/samscars/blox.php' not found or unable to stat
[Wed Jan 07 11:04:00.137508 2026] [php:error] [pid 54861] [client 4.190.193.202:0] script '/domains/pookie.dnai/222.php' not found or unable to stat
[Wed Jan 07 11:04:00.145937 2026] [php:error] [pid 54884] [client 172.161.33.80:0] script '/domains/samscars/az.php' not found or unable to stat
[Wed Jan 07 11:04:00.240422 2026] [php:error] [pid 54884] [client 172.161.33.80:0] script '/domains/samscars/x23.php' not found or unable to stat
[Wed Jan 07 11:04:00.309715 2026] [php:error] [pid 54861] [client 4.190.193.202:0] script '/domains/pookie.dnai/class19.php' not found or unable to stat
[Wed Jan 07 11:04:00.336190 2026] [php:error] [pid 54884] [client 172.161.33.80:0] script '/domains/samscars/xz89.php' not found or unable to stat
[Wed Jan 07 11:04:00.430963 2026] [php:error] [pid 54884] [client 172.161.33.80:0] script '/domains/samscars/wsheet1.php' not found or unable to stat
[Wed Jan 07 11:04:00.479492 2026] [php:error] [pid 54861] [client 4.190.193.202:0] script '/domains/pookie.dnai/class20.php' not found or unable to stat
[Wed Jan 07 11:04:00.525249 2026] [php:error] [pid 54884] [client 172.161.33.80:0] script '/domains/samscars/sao.php' not found or unable to stat
[Wed Jan 07 11:04:00.619837 2026] [php:error] [pid 54884] [client 172.161.33.80:0] script '/domains/samscars/zoz.php' not found or unable to stat
[Wed Jan 07 11:04:00.727829 2026] [php:error] [pid 54861] [client 4.190.193.202:0] script '/domains/pookie.dnai/admin.php' not found or unable to stat
[Wed Jan 07 11:04:00.746488 2026] [php:error] [pid 54884] [client 172.161.33.80:0] script '/domains/samscars/priv.php' not found or unable to stat
[Wed Jan 07 11:04:00.841352 2026] [php:error] [pid 54884] [client 172.161.33.80:0] script '/domains/samscars/cwclass.php' not found or unable to stat
[Wed Jan 07 11:04:00.899493 2026] [php:error] [pid 54861] [client 4.190.193.202:0] script '/domains/pookie.dnai/css.php' not found or unable to stat
[Wed Jan 07 11:04:00.935804 2026] [php:error] [pid 54884] [client 172.161.33.80:0] script '/domains/samscars/file30.php' not found or unable to stat
[Wed Jan 07 11:04:01.035153 2026] [php:error] [pid 54884] [client 172.161.33.80:0] script '/domains/samscars/ah24.php' not found or unable to stat
[Wed Jan 07 11:04:01.082745 2026] [php:error] [pid 54861] [client 4.190.193.202:0] script '/domains/pookie.dnai/wsd.php' not found or unable to stat
[Wed Jan 07 11:04:01.133851 2026] [php:error] [pid 54884] [client 172.161.33.80:0] script '/domains/samscars/sko.php' not found or unable to stat
[Wed Jan 07 11:04:01.237045 2026] [php:error] [pid 54884] [client 172.161.33.80:0] script '/domains/samscars/wakak.php' not found or unable to stat
[Wed Jan 07 11:04:01.331651 2026] [php:error] [pid 54884] [client 172.161.33.80:0] script '/domains/samscars/ww3.php' not found or unable to stat
[Wed Jan 07 11:04:01.353057 2026] [php:error] [pid 54861] [client 4.190.193.202:0] script '/domains/pookie.dnai/gtc.php' not found or unable to stat
