[Wed Jan 07 10:51:06.925014 2026] [php:error] [pid 54727] [client 20.192.27.55:0] script '/domains/system_default/xBrain.php' not found or unable to stat
[Wed Jan 07 10:51:07.113195 2026] [php:error] [pid 54727] [client 20.192.27.55:0] script '/domains/system_default/yunu.php' not found or unable to stat
[Wed Jan 07 10:51:07.301492 2026] [php:error] [pid 54727] [client 20.192.27.55:0] script '/domains/system_default/lexy.php' not found or unable to stat
[Wed Jan 07 10:51:08.309751 2026] [php:error] [pid 54701] [client 20.239.71.136:0] script '/domains/smartny/item.php' not found or unable to stat
[Wed Jan 07 10:51:09.234227 2026] [php:error] [pid 54701] [client 20.239.71.136:0] script '/domains/smartny/install.php' not found or unable to stat
[Wed Jan 07 10:51:10.469498 2026] [php:error] [pid 54701] [client 20.239.71.136:0] script '/domains/smartny/wp-conflg.php' not found or unable to stat
[Wed Jan 07 10:51:13.140400 2026] [php:error] [pid 54701] [client 20.239.71.136:0] script '/domains/smartny/dropdown.php' not found or unable to stat
[Wed Jan 07 10:51:14.055925 2026] [php:error] [pid 54701] [client 20.239.71.136:0] script '/domains/smartny/xp.php' not found or unable to stat
[Wed Jan 07 10:51:15.807477 2026] [php:error] [pid 54701] [client 20.239.71.136:0] script '/domains/smartny/yes.php' not found or unable to stat
[Wed Jan 07 10:51:16.821681 2026] [php:error] [pid 54701] [client 20.239.71.136:0] script '/domains/smartny/09fa6.php' not found or unable to stat
[Wed Jan 07 10:51:18.067886 2026] [php:error] [pid 54701] [client 20.239.71.136:0] script '/domains/smartny/89.php' not found or unable to stat
[Wed Jan 07 10:51:19.530649 2026] [php:error] [pid 54701] [client 20.239.71.136:0] script '/domains/smartny/has.php' not found or unable to stat
[Wed Jan 07 10:51:20.515518 2026] [php:error] [pid 54701] [client 20.239.71.136:0] script '/domains/smartny/nax.php' not found or unable to stat
[Wed Jan 07 10:51:21.957598 2026] [php:error] [pid 54701] [client 20.239.71.136:0] script '/domains/smartny/ooj.php' not found or unable to stat
[Wed Jan 07 10:51:22.932862 2026] [php:error] [pid 54701] [client 20.239.71.136:0] script '/domains/smartny/orm.php' not found or unable to stat
[Wed Jan 07 10:51:24.092900 2026] [php:error] [pid 54701] [client 20.239.71.136:0] script '/domains/smartny/yep.php' not found or unable to stat
[Wed Jan 07 10:51:24.938384 2026] [php:error] [pid 54701] [client 20.239.71.136:0] script '/domains/smartny/x3.php' not found or unable to stat
[Wed Jan 07 10:51:26.461297 2026] [php:error] [pid 54726] [client 185.251.19.111:0] script '/domains/rnachum/xmlrpc.php' not found or unable to stat
[Wed Jan 07 10:51:27.084418 2026] [php:error] [pid 54701] [client 20.239.71.136:0] script '/domains/smartny/6erg.php' not found or unable to stat
[Wed Jan 07 10:51:27.959777 2026] [php:error] [pid 54701] [client 20.239.71.136:0] script '/domains/smartny/ggfi.php' not found or unable to stat
[Wed Jan 07 10:51:29.753144 2026] [php:error] [pid 54701] [client 20.239.71.136:0] script '/domains/smartny/wrt.php' not found or unable to stat
[Wed Jan 07 10:51:30.729440 2026] [php:error] [pid 54701] [client 20.239.71.136:0] script '/domains/smartny/jju.php' not found or unable to stat
[Wed Jan 07 10:51:31.579234 2026] [php:error] [pid 54701] [client 20.239.71.136:0] script '/domains/smartny/rsnu.php' not found or unable to stat
[Wed Jan 07 10:51:32.425067 2026] [php:error] [pid 54701] [client 20.239.71.136:0] script '/domains/smartny/lc.php' not found or unable to stat
[Wed Jan 07 10:51:34.060399 2026] [php:error] [pid 54701] [client 20.239.71.136:0] script '/domains/smartny/gfile.php' not found or unable to stat
[Wed Jan 07 10:51:35.301133 2026] [php:error] [pid 54701] [client 20.239.71.136:0] script '/domains/smartny/gold.php' not found or unable to stat
[Wed Jan 07 10:51:36.415928 2026] [php:error] [pid 54701] [client 20.239.71.136:0] script '/domains/smartny/new.php' not found or unable to stat
[Wed Jan 07 10:51:37.608468 2026] [php:error] [pid 54701] [client 20.239.71.136:0] script '/domains/smartny/aua.php' not found or unable to stat
[Wed Jan 07 10:51:38.911313 2026] [php:error] [pid 54701] [client 20.239.71.136:0] script '/domains/smartny/great.php' not found or unable to stat
[Wed Jan 07 10:51:39.983457 2026] [php:error] [pid 54701] [client 20.239.71.136:0] script '/domains/smartny/class9.php' not found or unable to stat
[Wed Jan 07 10:51:40.893689 2026] [php:error] [pid 54701] [client 20.239.71.136:0] script '/domains/smartny/ot.php' not found or unable to stat
[Wed Jan 07 10:51:41.902118 2026] [php:error] [pid 54701] [client 20.239.71.136:0] script '/domains/smartny/witmm.php' not found or unable to stat
[Wed Jan 07 10:51:43.221506 2026] [php:error] [pid 54701] [client 20.239.71.136:0] script '/domains/smartny/ocxla.php' not found or unable to stat
[Wed Jan 07 10:51:44.970615 2026] [php:error] [pid 54739] [client 20.239.71.136:0] script '/domains/smartny/tt.php' not found or unable to stat
[Wed Jan 07 10:51:46.620419 2026] [php:error] [pid 54739] [client 20.239.71.136:0] script '/domains/smartny/resp.php' not found or unable to stat
[Wed Jan 07 10:51:47.893167 2026] [php:error] [pid 54739] [client 20.239.71.136:0] script '/domains/smartny/100.kb.php' not found or unable to stat
[Wed Jan 07 10:51:48.934921 2026] [php:error] [pid 54739] [client 20.239.71.136:0] script '/domains/smartny/wqqs.php' not found or unable to stat
[Wed Jan 07 10:51:50.316863 2026] [php:error] [pid 54739] [client 20.239.71.136:0] script '/domains/smartny/zwq13.php' not found or unable to stat
[Wed Jan 07 10:51:51.648395 2026] [php:error] [pid 54739] [client 20.239.71.136:0] script '/domains/smartny/rtx.php' not found or unable to stat
[Wed Jan 07 10:51:53.532654 2026] [php:error] [pid 54739] [client 20.239.71.136:0] script '/domains/smartny/1index.php' not found or unable to stat
[Wed Jan 07 10:51:54.428013 2026] [php:error] [pid 54739] [client 20.239.71.136:0] script '/domains/smartny/fs6.php' not found or unable to stat
[Wed Jan 07 10:51:56.317134 2026] [php:error] [pid 54739] [client 20.239.71.136:0] script '/domains/smartny/clasa99.php' not found or unable to stat
[Wed Jan 07 10:51:58.053667 2026] [php:error] [pid 54739] [client 20.239.71.136:0] script '/domains/smartny/fasx.php' not found or unable to stat
[Wed Jan 07 10:51:59.047365 2026] [php:error] [pid 54739] [client 20.239.71.136:0] script '/domains/smartny/c4.php' not found or unable to stat
[Wed Jan 07 10:52:00.138704 2026] [php:error] [pid 54739] [client 20.239.71.136:0] script '/domains/smartny/lock1.php' not found or unable to stat
[Wed Jan 07 10:52:08.138713 2026] [php:error] [pid 54739] [client 20.239.71.136:0] script '/domains/smartny/lock11.php' not found or unable to stat
[Wed Jan 07 10:52:09.402425 2026] [php:error] [pid 54739] [client 20.239.71.136:0] script '/domains/smartny/api137.php' not found or unable to stat
[Wed Jan 07 10:52:10.472959 2026] [php:error] [pid 54739] [client 20.239.71.136:0] script '/domains/smartny/class629.php' not found or unable to stat
[Wed Jan 07 10:52:11.362206 2026] [php:error] [pid 54739] [client 20.239.71.136:0] script '/domains/smartny/wp670.php' not found or unable to stat
[Wed Jan 07 10:52:12.275834 2026] [php:error] [pid 54739] [client 20.239.71.136:0] script '/domains/smartny/v1.php' not found or unable to stat
[Wed Jan 07 10:52:12.881799 2026] [php:error] [pid 54701] [client 4.213.174.69:0] script '/domains/system_default/smklh.php' not found or unable to stat
[Wed Jan 07 10:52:13.664177 2026] [php:error] [pid 54701] [client 4.213.174.69:0] script '/domains/system_default/ws28.php' not found or unable to stat
[Wed Jan 07 10:52:13.719978 2026] [php:error] [pid 54739] [client 20.239.71.136:0] script '/domains/smartny/xx.php' not found or unable to stat
[Wed Jan 07 10:52:13.852865 2026] [php:error] [pid 54701] [client 4.213.174.69:0] script '/domains/system_default/X7x.php' not found or unable to stat
[Wed Jan 07 10:52:14.041204 2026] [php:error] [pid 54701] [client 4.213.174.69:0] script '/domains/system_default/100.kb.php' not found or unable to stat
[Wed Jan 07 10:52:14.255649 2026] [php:error] [pid 54701] [client 4.213.174.69:0] script '/domains/system_default/ws35.php' not found or unable to stat
[Wed Jan 07 10:52:14.451321 2026] [php:error] [pid 54701] [client 4.213.174.69:0] script '/domains/system_default/rzki.php' not found or unable to stat
[Wed Jan 07 10:52:14.638898 2026] [php:error] [pid 54701] [client 4.213.174.69:0] script '/domains/system_default/oysdxc.php' not found or unable to stat
[Wed Jan 07 10:52:15.527596 2026] [php:error] [pid 54701] [client 4.213.174.69:0] script '/domains/system_default/xopvne.php' not found or unable to stat
[Wed Jan 07 10:52:15.716606 2026] [php:error] [pid 54701] [client 4.213.174.69:0] script '/domains/system_default/moie.php' not found or unable to stat
[Wed Jan 07 10:52:15.904844 2026] [php:error] [pid 54701] [client 4.213.174.69:0] script '/domains/system_default/hilk.php' not found or unable to stat
[Wed Jan 07 10:52:15.991689 2026] [php:error] [pid 54739] [client 20.239.71.136:0] script '/domains/smartny/skinmain.php' not found or unable to stat
[Wed Jan 07 10:52:16.093041 2026] [php:error] [pid 54701] [client 4.213.174.69:0] script '/domains/system_default/gm.php' not found or unable to stat
[Wed Jan 07 10:52:16.281065 2026] [php:error] [pid 54701] [client 4.213.174.69:0] script '/domains/system_default/iko.php' not found or unable to stat
[Wed Jan 07 10:52:16.485011 2026] [php:error] [pid 54701] [client 4.213.174.69:0] script '/domains/system_default/hlonk.php' not found or unable to stat
[Wed Jan 07 10:52:17.289633 2026] [php:error] [pid 54701] [client 4.213.174.69:0] script '/domains/system_default/sagym.php' not found or unable to stat
[Wed Jan 07 10:52:17.713033 2026] [php:error] [pid 54739] [client 20.239.71.136:0] script '/domains/smartny/orxnwdbb.php' not found or unable to stat
[Wed Jan 07 10:52:18.717296 2026] [php:error] [pid 54739] [client 20.239.71.136:0] script '/domains/smartny/v3.php' not found or unable to stat
[Wed Jan 07 10:52:19.099296 2026] [php:error] [pid 54701] [client 4.213.174.69:0] script '/domains/system_default/qvaaq.php' not found or unable to stat
[Wed Jan 07 10:52:19.287157 2026] [php:error] [pid 54701] [client 4.213.174.69:0] script '/domains/system_default/content.php' not found or unable to stat
[Wed Jan 07 10:52:19.491746 2026] [php:error] [pid 54701] [client 4.213.174.69:0] script '/domains/system_default/gi.php' not found or unable to stat
[Wed Jan 07 10:52:19.682190 2026] [php:error] [pid 54701] [client 4.213.174.69:0] script '/domains/system_default/ccou.php' not found or unable to stat
[Wed Jan 07 10:52:19.906503 2026] [php:error] [pid 54701] [client 4.213.174.69:0] script '/domains/system_default/wp-freya.php' not found or unable to stat
[Wed Jan 07 10:52:20.123960 2026] [php:error] [pid 54701] [client 4.213.174.69:0] script '/domains/system_default/frg.php' not found or unable to stat
[Wed Jan 07 10:52:20.128230 2026] [php:error] [pid 54739] [client 20.239.71.136:0] script '/domains/smartny/fs8.php' not found or unable to stat
[Wed Jan 07 10:52:20.513713 2026] [php:error] [pid 54701] [client 4.213.174.69:0] script '/domains/system_default/hly.php' not found or unable to stat
[Wed Jan 07 10:52:20.708014 2026] [php:error] [pid 54701] [client 4.213.174.69:0] script '/domains/system_default/to.php' not found or unable to stat
[Wed Jan 07 10:52:20.917601 2026] [php:error] [pid 54701] [client 4.213.174.69:0] script '/domains/system_default/v2.php' not found or unable to stat
[Wed Jan 07 10:52:21.108953 2026] [php:error] [pid 54701] [client 4.213.174.69:0] script '/domains/system_default/class-.php' not found or unable to stat
[Wed Jan 07 10:52:21.307425 2026] [php:error] [pid 54701] [client 4.213.174.69:0] script '/domains/system_default/fso.php' not found or unable to stat
[Wed Jan 07 10:52:21.517434 2026] [php:error] [pid 54701] [client 4.213.174.69:0] script '/domains/system_default/nox.php' not found or unable to stat
[Wed Jan 07 10:52:21.705073 2026] [php:error] [pid 54701] [client 4.213.174.69:0] script '/domains/system_default/fdd2.php' not found or unable to stat
[Wed Jan 07 10:52:21.899356 2026] [php:error] [pid 54701] [client 4.213.174.69:0] script '/domains/system_default/aQw.php' not found or unable to stat
[Wed Jan 07 10:52:22.087141 2026] [php:error] [pid 54701] [client 4.213.174.69:0] script '/domains/system_default/rh.php' not found or unable to stat
[Wed Jan 07 10:52:22.347497 2026] [php:error] [pid 54701] [client 4.213.174.69:0] script '/domains/system_default/sto.php' not found or unable to stat
[Wed Jan 07 10:52:22.535235 2026] [php:error] [pid 54701] [client 4.213.174.69:0] script '/domains/system_default/bipas.php' not found or unable to stat
[Wed Jan 07 10:52:22.727952 2026] [php:error] [pid 54701] [client 4.213.174.69:0] script '/domains/system_default/xaz.php' not found or unable to stat
[Wed Jan 07 10:52:22.917463 2026] [php:error] [pid 54701] [client 4.213.174.69:0] script '/domains/system_default/conte.php' not found or unable to stat
[Wed Jan 07 10:52:23.107414 2026] [php:error] [pid 54701] [client 4.213.174.69:0] script '/domains/system_default/lopst.php' not found or unable to stat
[Wed Jan 07 10:52:23.330066 2026] [php:error] [pid 54701] [client 4.213.174.69:0] script '/domains/system_default/xv.php' not found or unable to stat
[Wed Jan 07 10:52:23.543984 2026] [php:error] [pid 54701] [client 4.213.174.69:0] script '/domains/system_default/ixj.php' not found or unable to stat
[Wed Jan 07 10:52:23.779043 2026] [php:error] [pid 54701] [client 4.213.174.69:0] script '/domains/system_default/nansa.php' not found or unable to stat
[Wed Jan 07 10:52:23.969339 2026] [php:error] [pid 54701] [client 4.213.174.69:0] script '/domains/system_default/gecko.php' not found or unable to stat
[Wed Jan 07 10:52:24.192194 2026] [php:error] [pid 54701] [client 4.213.174.69:0] script '/domains/system_default/blurbs.php' not found or unable to stat
[Wed Jan 07 10:52:24.371080 2026] [php:error] [pid 54739] [client 20.239.71.136:0] script '/domains/smartny/adminer-4.5.0-mysql.php' not found or unable to stat
[Wed Jan 07 10:52:24.380748 2026] [php:error] [pid 54701] [client 4.213.174.69:0] script '/domains/system_default/18299.php' not found or unable to stat
[Wed Jan 07 10:52:24.568480 2026] [php:error] [pid 54701] [client 4.213.174.69:0] script '/domains/system_default/wl.php' not found or unable to stat
[Wed Jan 07 10:52:24.758632 2026] [php:error] [pid 54701] [client 4.213.174.69:0] script '/domains/system_default/xsas.php' not found or unable to stat
[Wed Jan 07 10:52:24.947449 2026] [php:error] [pid 54701] [client 4.213.174.69:0] script '/domains/system_default/pn.php' not found or unable to stat
[Wed Jan 07 10:52:25.151822 2026] [php:error] [pid 54701] [client 4.213.174.69:0] script '/domains/system_default/x50.php' not found or unable to stat
[Wed Jan 07 10:52:25.395612 2026] [php:error] [pid 54701] [client 4.213.174.69:0] script '/domains/system_default/ant.php' not found or unable to stat
[Wed Jan 07 10:52:25.596833 2026] [php:error] [pid 54701] [client 4.213.174.69:0] script '/domains/system_default/show.php' not found or unable to stat
[Wed Jan 07 10:52:26.105380 2026] [php:error] [pid 54701] [client 4.213.174.69:0] script '/domains/system_default/cro.php' not found or unable to stat
[Wed Jan 07 10:52:26.293117 2026] [php:error] [pid 54701] [client 4.213.174.69:0] script '/domains/system_default/wo.php' not found or unable to stat
[Wed Jan 07 10:52:26.506319 2026] [php:error] [pid 54701] [client 4.213.174.69:0] script '/domains/system_default/shoyo.php' not found or unable to stat
[Wed Jan 07 10:52:26.693944 2026] [php:error] [pid 54701] [client 4.213.174.69:0] script '/domains/system_default/qqq.php' not found or unable to stat
[Wed Jan 07 10:52:26.881802 2026] [php:error] [pid 54701] [client 4.213.174.69:0] script '/domains/system_default/ccou.php' not found or unable to stat
[Wed Jan 07 10:52:27.069717 2026] [php:error] [pid 54701] [client 4.213.174.69:0] script '/domains/system_default/fz.php' not found or unable to stat
[Wed Jan 07 10:52:28.085948 2026] [php:error] [pid 54701] [client 4.213.174.69:0] script '/domains/system_default/congab.php' not found or unable to stat
[Wed Jan 07 10:52:28.172300 2026] [php:error] [pid 54739] [client 20.239.71.136:0] script '/domains/smartny/video.php' not found or unable to stat
[Wed Jan 07 10:52:28.274232 2026] [php:error] [pid 54701] [client 4.213.174.69:0] script '/domains/system_default/fv.php' not found or unable to stat
[Wed Jan 07 10:52:28.476709 2026] [php:error] [pid 54701] [client 4.213.174.69:0] script '/domains/system_default/X7x.php' not found or unable to stat
[Wed Jan 07 10:52:28.664278 2026] [php:error] [pid 54701] [client 4.213.174.69:0] script '/domains/system_default/xvent.php' not found or unable to stat
[Wed Jan 07 10:52:28.855865 2026] [php:error] [pid 54701] [client 4.213.174.69:0] script '/domains/system_default/zeu.php' not found or unable to stat
[Wed Jan 07 10:52:30.573647 2026] [php:error] [pid 54701] [client 4.213.174.69:0] script '/domains/system_default/jatuh.php' not found or unable to stat
[Wed Jan 07 10:52:31.124580 2026] [php:error] [pid 54701] [client 4.213.174.69:0] script '/domains/system_default/as.php' not found or unable to stat
[Wed Jan 07 10:52:31.313302 2026] [php:error] [pid 54701] [client 4.213.174.69:0] script '/domains/system_default/0o0.php' not found or unable to stat
[Wed Jan 07 10:52:31.500772 2026] [php:error] [pid 54701] [client 4.213.174.69:0] script '/domains/system_default/mans.php' not found or unable to stat
[Wed Jan 07 10:52:31.688833 2026] [php:error] [pid 54701] [client 4.213.174.69:0] script '/domains/system_default/info.php' not found or unable to stat
[Wed Jan 07 10:52:32.094205 2026] [php:error] [pid 54701] [client 4.213.174.69:0] script '/domains/system_default/efsd.php' not found or unable to stat
[Wed Jan 07 10:52:32.283261 2026] [php:error] [pid 54701] [client 4.213.174.69:0] script '/domains/system_default/w1w.php' not found or unable to stat
[Wed Jan 07 10:52:32.832603 2026] [php:error] [pid 54739] [client 20.239.71.136:0] script '/domains/smartny/scgi-bin.php' not found or unable to stat
[Wed Jan 07 10:52:33.523244 2026] [php:error] [pid 54701] [client 4.213.174.69:0] script '/domains/system_default/up4.php' not found or unable to stat
[Wed Jan 07 10:52:33.711009 2026] [php:error] [pid 54701] [client 4.213.174.69:0] script '/domains/system_default/galex.php' not found or unable to stat
[Wed Jan 07 10:52:34.303843 2026] [php:error] [pid 54710] [client 106.228.38.114:0] script '/domains/nostrada/admin.php' not found or unable to stat, referer: http://www.nostradamus.net/admin.php
[Wed Jan 07 10:52:34.332587 2026] [php:error] [pid 54746] [client 182.85.172.241:0] script '/domains/nostrada/x.php' not found or unable to stat, referer: http://www.nostradamus.net/x.php
[Wed Jan 07 10:52:34.507519 2026] [php:error] [pid 54738] [client 59.62.64.204:0] script '/domains/nostrada/11.php' not found or unable to stat, referer: http://www.nostradamus.net/11.php
[Wed Jan 07 10:52:34.904871 2026] [php:error] [pid 54739] [client 20.239.71.136:0] script '/domains/smartny/finest09.php' not found or unable to stat
[Wed Jan 07 10:52:35.324895 2026] [php:error] [pid 54747] [client 106.228.8.212:0] script '/domains/nostrada/1.php' not found or unable to stat, referer: http://www.nostradamus.net/1.php
[Wed Jan 07 10:52:35.489375 2026] [php:error] [pid 54701] [client 4.213.174.69:0] script '/domains/system_default/file48.php' not found or unable to stat
[Wed Jan 07 10:52:35.676953 2026] [php:error] [pid 54701] [client 4.213.174.69:0] script '/domains/system_default/hans.php' not found or unable to stat
[Wed Jan 07 10:52:35.761735 2026] [php:error] [pid 54744] [client 182.85.174.233:0] script '/domains/nostrada/admins.php' not found or unable to stat, referer: http://www.nostradamus.net/admins.php
[Wed Jan 07 10:52:35.864853 2026] [php:error] [pid 54701] [client 4.213.174.69:0] script '/domains/system_default/kairolin.php' not found or unable to stat
[Wed Jan 07 10:52:36.052803 2026] [php:error] [pid 54701] [client 4.213.174.69:0] script '/domains/system_default/z60.php' not found or unable to stat
[Wed Jan 07 10:52:36.265620 2026] [php:error] [pid 54701] [client 4.213.174.69:0] script '/domains/system_default/9v6.php' not found or unable to stat
[Wed Jan 07 10:52:36.347856 2026] [php:error] [pid 54739] [client 20.239.71.136:0] script '/domains/smartny/1100.php' not found or unable to stat
[Wed Jan 07 10:52:36.361472 2026] [php:error] [pid 54748] [client 220.175.94.187:0] script '/domains/nostrada/newfile.php' not found or unable to stat, referer: http://www.nostradamus.net/newfile.php
[Wed Jan 07 10:52:36.362176 2026] [php:error] [pid 54749] [client 182.96.163.185:0] script '/domains/nostrada/dd.php' not found or unable to stat, referer: http://www.nostradamus.net/dd.php
[Wed Jan 07 10:52:36.467762 2026] [php:error] [pid 54701] [client 4.213.174.69:0] script '/domains/system_default/ma.php' not found or unable to stat
[Wed Jan 07 10:52:37.006478 2026] [php:error] [pid 54701] [client 4.213.174.69:0] script '/domains/system_default/zozla.php' not found or unable to stat
[Wed Jan 07 10:52:37.042359 2026] [php:error] [pid 54742] [client 182.96.234.217:0] script '/domains/nostrada/a.php' not found or unable to stat, referer: http://www.nostradamus.net/a.php
[Wed Jan 07 10:52:37.194083 2026] [php:error] [pid 54701] [client 4.213.174.69:0] script '/domains/system_default/class9.php' not found or unable to stat
[Wed Jan 07 10:52:37.382895 2026] [php:error] [pid 54701] [client 4.213.174.69:0] script '/domains/system_default/ctex1.php' not found or unable to stat
[Wed Jan 07 10:52:37.396604 2026] [php:error] [pid 54750] [client 182.96.165.77:0] script '/domains/nostrada/ak.php' not found or unable to stat, referer: http://www.nostradamus.net/ak.php
[Wed Jan 07 10:52:37.573232 2026] [php:error] [pid 54701] [client 4.213.174.69:0] script '/domains/system_default/lts.php' not found or unable to stat
[Wed Jan 07 10:52:37.726862 2026] [php:error] [pid 54739] [client 20.239.71.136:0] script '/domains/smartny/iov.php' not found or unable to stat
[Wed Jan 07 10:52:38.107549 2026] [php:error] [pid 54701] [client 4.213.174.69:0] script '/domains/system_default/mmm.php' not found or unable to stat
[Wed Jan 07 10:52:38.334135 2026] [php:error] [pid 54701] [client 4.213.174.69:0] script '/domains/system_default/Cok.php' not found or unable to stat
[Wed Jan 07 10:52:38.526664 2026] [php:error] [pid 54701] [client 4.213.174.69:0] script '/domains/system_default/lx.php' not found or unable to stat
[Wed Jan 07 10:52:38.736838 2026] [php:error] [pid 54701] [client 4.213.174.69:0] script '/domains/system_default/admiin.php' not found or unable to stat
[Wed Jan 07 10:52:39.446191 2026] [php:error] [pid 54701] [client 4.213.174.69:0] script '/domains/system_default/mcd.php' not found or unable to stat
[Wed Jan 07 10:52:39.642133 2026] [php:error] [pid 54701] [client 4.213.174.69:0] script '/domains/system_default/Zeiss.php' not found or unable to stat
[Wed Jan 07 10:52:39.831595 2026] [php:error] [pid 54701] [client 4.213.174.69:0] script '/domains/system_default/flower.php' not found or unable to stat
[Wed Jan 07 10:52:40.779366 2026] [php:error] [pid 54739] [client 20.239.71.136:0] script '/domains/smartny/.well-known.php' not found or unable to stat
[Wed Jan 07 10:52:40.884142 2026] [php:error] [pid 54701] [client 4.213.174.69:0] script '/domains/system_default/zxl.php' not found or unable to stat
[Wed Jan 07 10:52:41.072042 2026] [php:error] [pid 54701] [client 4.213.174.69:0] script '/domains/system_default/EM.php' not found or unable to stat
[Wed Jan 07 10:52:41.260260 2026] [php:error] [pid 54701] [client 4.213.174.69:0] script '/domains/system_default/pop.php' not found or unable to stat
[Wed Jan 07 10:52:41.453283 2026] [php:error] [pid 54701] [client 4.213.174.69:0] script '/domains/system_default/kcs.php' not found or unable to stat
[Wed Jan 07 10:52:41.640976 2026] [php:error] [pid 54701] [client 4.213.174.69:0] script '/domains/system_default/fh26.php' not found or unable to stat
[Wed Jan 07 10:52:41.832476 2026] [php:error] [pid 54701] [client 4.213.174.69:0] script '/domains/system_default/hq.php' not found or unable to stat
[Wed Jan 07 10:52:41.976287 2026] [php:error] [pid 54739] [client 20.239.71.136:0] script '/domains/smartny/02.php' not found or unable to stat
[Wed Jan 07 10:52:42.019936 2026] [php:error] [pid 54701] [client 4.213.174.69:0] script '/domains/system_default/wp-gzone.php' not found or unable to stat
[Wed Jan 07 10:52:42.207488 2026] [php:error] [pid 54701] [client 4.213.174.69:0] script '/domains/system_default/f2r4.php' not found or unable to stat
[Wed Jan 07 10:52:42.399502 2026] [php:error] [pid 54701] [client 4.213.174.69:0] script '/domains/system_default/cafe.php' not found or unable to stat
[Wed Jan 07 10:52:42.587506 2026] [php:error] [pid 54701] [client 4.213.174.69:0] script '/domains/system_default/1aa.php' not found or unable to stat
[Wed Jan 07 10:52:42.796022 2026] [php:error] [pid 54739] [client 20.239.71.136:0] script '/domains/smartny/13.php' not found or unable to stat
[Wed Jan 07 10:52:43.026608 2026] [php:error] [pid 54701] [client 4.213.174.69:0] script '/domains/system_default/uuu.php' not found or unable to stat
[Wed Jan 07 10:52:43.236238 2026] [php:error] [pid 54701] [client 4.213.174.69:0] script '/domains/system_default/wsvvs.php' not found or unable to stat
[Wed Jan 07 10:52:43.424205 2026] [php:error] [pid 54701] [client 4.213.174.69:0] script '/domains/system_default/222.php' not found or unable to stat
[Wed Jan 07 10:52:43.612157 2026] [php:error] [pid 54701] [client 4.213.174.69:0] script '/domains/system_default/mh.php' not found or unable to stat
[Wed Jan 07 10:52:43.803048 2026] [php:error] [pid 54701] [client 4.213.174.69:0] script '/domains/system_default/7h.php' not found or unable to stat
[Wed Jan 07 10:52:44.365156 2026] [php:error] [pid 54739] [client 20.239.71.136:0] script '/domains/smartny/2024.php' not found or unable to stat
[Wed Jan 07 10:52:45.455818 2026] [php:error] [pid 54739] [client 20.239.71.136:0] script '/domains/smartny/403.php' not found or unable to stat
[Wed Jan 07 10:52:46.701151 2026] [php:error] [pid 54739] [client 20.239.71.136:0] script '/domains/smartny/Diff.php' not found or unable to stat
[Wed Jan 07 10:52:46.750512 2026] [php:error] [pid 54755] [client 4.213.174.69:0] script '/domains/system_default/la.php' not found or unable to stat
[Wed Jan 07 10:52:46.939080 2026] [php:error] [pid 54755] [client 4.213.174.69:0] script '/domains/system_default/abc.php' not found or unable to stat
[Wed Jan 07 10:52:47.143945 2026] [php:error] [pid 54755] [client 4.213.174.69:0] script '/domains/system_default/ahy66.php' not found or unable to stat
[Wed Jan 07 10:52:47.385473 2026] [php:error] [pid 54755] [client 4.213.174.69:0] script '/domains/system_default/wp-wlx.php' not found or unable to stat
[Wed Jan 07 10:52:47.619798 2026] [php:error] [pid 54755] [client 4.213.174.69:0] script '/domains/system_default/ww1.php' not found or unable to stat
[Wed Jan 07 10:52:47.752815 2026] [php:error] [pid 54739] [client 20.239.71.136:0] script '/domains/smartny/Engine.php' not found or unable to stat
[Wed Jan 07 10:52:47.838819 2026] [php:error] [pid 54755] [client 4.213.174.69:0] script '/domains/system_default/xb.php' not found or unable to stat
[Wed Jan 07 10:52:48.053929 2026] [php:error] [pid 54755] [client 4.213.174.69:0] script '/domains/system_default/ws28.php' not found or unable to stat
[Wed Jan 07 10:52:48.241605 2026] [php:error] [pid 54755] [client 4.213.174.69:0] script '/domains/system_default/dbc.php' not found or unable to stat
[Wed Jan 07 10:52:48.466169 2026] [php:error] [pid 54755] [client 4.213.174.69:0] script '/domains/system_default/l10n.php' not found or unable to stat
[Wed Jan 07 10:52:48.687902 2026] [php:error] [pid 54755] [client 4.213.174.69:0] script '/domains/system_default/adin.php' not found or unable to stat
[Wed Jan 07 10:52:48.785752 2026] [php:error] [pid 54739] [client 20.239.71.136:0] script '/domains/smartny/ID3.php' not found or unable to stat
[Wed Jan 07 10:52:48.881976 2026] [php:error] [pid 54755] [client 4.213.174.69:0] script '/domains/system_default/ifm.php' not found or unable to stat
[Wed Jan 07 10:52:49.070389 2026] [php:error] [pid 54755] [client 4.213.174.69:0] script '/domains/system_default/bge.php' not found or unable to stat
[Wed Jan 07 10:52:49.258253 2026] [php:error] [pid 54755] [client 4.213.174.69:0] script '/domains/system_default/blox.php' not found or unable to stat
[Wed Jan 07 10:52:49.465057 2026] [php:error] [pid 54755] [client 4.213.174.69:0] script '/domains/system_default/az.php' not found or unable to stat
[Wed Jan 07 10:52:49.672120 2026] [php:error] [pid 54739] [client 20.239.71.136:0] script '/domains/smartny/IXR.php' not found or unable to stat
[Wed Jan 07 10:52:49.682054 2026] [php:error] [pid 54755] [client 4.213.174.69:0] script '/domains/system_default/x23.php' not found or unable to stat
[Wed Jan 07 10:52:49.869858 2026] [php:error] [pid 54755] [client 4.213.174.69:0] script '/domains/system_default/xz89.php' not found or unable to stat
[Wed Jan 07 10:52:50.057326 2026] [php:error] [pid 54755] [client 4.213.174.69:0] script '/domains/system_default/wsheet1.php' not found or unable to stat
[Wed Jan 07 10:52:50.275187 2026] [php:error] [pid 54755] [client 4.213.174.69:0] script '/domains/system_default/sao.php' not found or unable to stat
[Wed Jan 07 10:52:50.462773 2026] [php:error] [pid 54755] [client 4.213.174.69:0] script '/domains/system_default/zoz.php' not found or unable to stat
[Wed Jan 07 10:52:50.672680 2026] [php:error] [pid 54755] [client 4.213.174.69:0] script '/domains/system_default/priv.php' not found or unable to stat
[Wed Jan 07 10:52:50.881201 2026] [php:error] [pid 54755] [client 4.213.174.69:0] script '/domains/system_default/cwclass.php' not found or unable to stat
[Wed Jan 07 10:52:50.918391 2026] [php:error] [pid 54739] [client 20.239.71.136:0] script '/domains/smartny/SimplePie.php' not found or unable to stat
[Wed Jan 07 10:52:51.068981 2026] [php:error] [pid 54755] [client 4.213.174.69:0] script '/domains/system_default/file30.php' not found or unable to stat
[Wed Jan 07 10:52:51.256534 2026] [php:error] [pid 54755] [client 4.213.174.69:0] script '/domains/system_default/ah24.php' not found or unable to stat
[Wed Jan 07 10:52:51.445239 2026] [php:error] [pid 54755] [client 4.213.174.69:0] script '/domains/system_default/sko.php' not found or unable to stat
[Wed Jan 07 10:52:51.633693 2026] [php:error] [pid 54755] [client 4.213.174.69:0] script '/domains/system_default/wakak.php' not found or unable to stat
[Wed Jan 07 10:52:51.824735 2026] [php:error] [pid 54755] [client 4.213.174.69:0] script '/domains/system_default/ww3.php' not found or unable to stat
[Wed Jan 07 10:52:52.043925 2026] [php:error] [pid 54755] [client 4.213.174.69:0] script '/domains/system_default/sang.php' not found or unable to stat
[Wed Jan 07 10:52:52.072184 2026] [php:error] [pid 54739] [client 20.239.71.136:0] script '/domains/smartny/Text.php' not found or unable to stat
[Wed Jan 07 10:52:52.237178 2026] [php:error] [pid 54755] [client 4.213.174.69:0] script '/domains/system_default/f35.php' not found or unable to stat
[Wed Jan 07 10:52:52.425141 2026] [php:error] [pid 54755] [client 4.213.174.69:0] script '/domains/system_default/wen.php' not found or unable to stat
[Wed Jan 07 10:52:52.652036 2026] [php:error] [pid 54755] [client 4.213.174.69:0] script '/domains/system_default/yyy.php' not found or unable to stat
[Wed Jan 07 10:52:52.840825 2026] [php:error] [pid 54755] [client 4.213.174.69:0] script '/domains/system_default/waq.php' not found or unable to stat
[Wed Jan 07 10:52:53.030295 2026] [php:error] [pid 54755] [client 4.213.174.69:0] script '/domains/system_default/wp-ana.php' not found or unable to stat
[Wed Jan 07 10:52:53.155648 2026] [php:error] [pid 54739] [client 20.239.71.136:0] script '/domains/smartny/aahana.php' not found or unable to stat
[Wed Jan 07 10:52:53.238312 2026] [php:error] [pid 54755] [client 4.213.174.69:0] script '/domains/system_default/f8.php' not found or unable to stat
[Wed Jan 07 10:52:53.429917 2026] [php:error] [pid 54755] [client 4.213.174.69:0] script '/domains/system_default/sf.php' not found or unable to stat
[Wed Jan 07 10:52:53.617709 2026] [php:error] [pid 54755] [client 4.213.174.69:0] script '/domains/system_default/AxAo.php' not found or unable to stat
[Wed Jan 07 10:52:53.823227 2026] [php:error] [pid 54755] [client 4.213.174.69:0] script '/domains/system_default/vbbn.php' not found or unable to stat
[Wed Jan 07 10:52:54.011656 2026] [php:error] [pid 54755] [client 4.213.174.69:0] script '/domains/system_default/atx.php' not found or unable to stat
[Wed Jan 07 10:52:54.199690 2026] [php:error] [pid 54755] [client 4.213.174.69:0] script '/domains/system_default/sck.php' not found or unable to stat
[Wed Jan 07 10:52:54.388651 2026] [php:error] [pid 54755] [client 4.213.174.69:0] script '/domains/system_default/ww2.php' not found or unable to stat
[Wed Jan 07 10:52:54.575995 2026] [php:error] [pid 54755] [client 4.213.174.69:0] script '/domains/system_default/Contrller.php' not found or unable to stat
[Wed Jan 07 10:52:54.763587 2026] [php:error] [pid 54755] [client 4.213.174.69:0] script '/domains/system_default/gtc.php' not found or unable to stat
[Wed Jan 07 10:52:54.827737 2026] [php:error] [pid 54739] [client 20.239.71.136:0] script '/domains/smartny/ws35.php' not found or unable to stat
[Wed Jan 07 10:52:54.951249 2026] [php:error] [pid 54755] [client 4.213.174.69:0] script '/domains/system_default/lte7.php' not found or unable to stat
[Wed Jan 07 10:52:55.139098 2026] [php:error] [pid 54755] [client 4.213.174.69:0] script '/domains/system_default/xa.php' not found or unable to stat
[Wed Jan 07 10:52:55.326901 2026] [php:error] [pid 54755] [client 4.213.174.69:0] script '/domains/system_default/wp-good.php' not found or unable to stat
[Wed Jan 07 10:52:55.520471 2026] [php:error] [pid 54755] [client 4.213.174.69:0] script '/domains/system_default/xrp.php' not found or unable to stat
[Wed Jan 07 10:52:55.724622 2026] [php:error] [pid 54755] [client 4.213.174.69:0] script '/domains/system_default/fesa.php' not found or unable to stat
[Wed Jan 07 10:52:55.934583 2026] [php:error] [pid 54755] [client 4.213.174.69:0] script '/domains/system_default/wsz.php' not found or unable to stat
[Wed Jan 07 10:52:56.142646 2026] [php:error] [pid 54755] [client 4.213.174.69:0] script '/domains/system_default/horeg.php' not found or unable to stat
[Wed Jan 07 10:52:56.559509 2026] [php:error] [pid 54755] [client 4.213.174.69:0] script '/domains/system_default/siln.php' not found or unable to stat
[Wed Jan 07 10:52:56.747244 2026] [php:error] [pid 54755] [client 4.213.174.69:0] script '/domains/system_default/thxt.php' not found or unable to stat
[Wed Jan 07 10:52:56.967369 2026] [php:error] [pid 54755] [client 4.213.174.69:0] script '/domains/system_default/tajj.php' not found or unable to stat
[Wed Jan 07 10:52:57.155292 2026] [php:error] [pid 54755] [client 4.213.174.69:0] script '/domains/system_default/lsd.php' not found or unable to stat
[Wed Jan 07 10:52:57.344366 2026] [php:error] [pid 54755] [client 4.213.174.69:0] script '/domains/system_default/z60.php' not found or unable to stat
[Wed Jan 07 10:52:57.532145 2026] [php:error] [pid 54755] [client 4.213.174.69:0] script '/domains/system_default/ha.php' not found or unable to stat
[Wed Jan 07 10:52:57.723418 2026] [php:error] [pid 54755] [client 4.213.174.69:0] script '/domains/system_default/oo.php' not found or unable to stat
[Wed Jan 07 10:52:57.944593 2026] [php:error] [pid 54755] [client 4.213.174.69:0] script '/domains/system_default/13ede.php' not found or unable to stat
[Wed Jan 07 10:52:58.133471 2026] [php:error] [pid 54755] [client 4.213.174.69:0] script '/domains/system_default/xcre1.php' not found or unable to stat
[Wed Jan 07 10:52:58.359533 2026] [php:error] [pid 54755] [client 4.213.174.69:0] script '/domains/system_default/d12.php' not found or unable to stat
[Wed Jan 07 10:52:58.574326 2026] [php:error] [pid 54755] [client 4.213.174.69:0] script '/domains/system_default/x0x.php' not found or unable to stat
[Wed Jan 07 10:52:58.765902 2026] [php:error] [pid 54755] [client 4.213.174.69:0] script '/domains/system_default/Okxob.php' not found or unable to stat
[Wed Jan 07 10:52:58.953616 2026] [php:error] [pid 54755] [client 4.213.174.69:0] script '/domains/system_default/ws35.php' not found or unable to stat
[Wed Jan 07 10:52:59.142171 2026] [php:error] [pid 54755] [client 4.213.174.69:0] script '/domains/system_default/rtx.php' not found or unable to stat
[Wed Jan 07 10:52:59.329930 2026] [php:error] [pid 54755] [client 4.213.174.69:0] script '/domains/system_default/f-401.php' not found or unable to stat
[Wed Jan 07 10:52:59.440817 2026] [php:error] [pid 54737] [client 52.169.148.186:0] script '/domains/system_default/smklh.php' not found or unable to stat
[Wed Jan 07 10:52:59.515494 2026] [php:error] [pid 54737] [client 52.169.148.186:0] script '/domains/system_default/ws28.php' not found or unable to stat
[Wed Jan 07 10:52:59.517606 2026] [php:error] [pid 54755] [client 4.213.174.69:0] script '/domains/system_default/see.php' not found or unable to stat
[Wed Jan 07 10:52:59.590101 2026] [php:error] [pid 54737] [client 52.169.148.186:0] script '/domains/system_default/X7x.php' not found or unable to stat
[Wed Jan 07 10:52:59.664816 2026] [php:error] [pid 54737] [client 52.169.148.186:0] script '/domains/system_default/100.kb.php' not found or unable to stat
[Wed Jan 07 10:52:59.705032 2026] [php:error] [pid 54755] [client 4.213.174.69:0] script '/domains/system_default/xse25.php' not found or unable to stat
[Wed Jan 07 10:52:59.739518 2026] [php:error] [pid 54737] [client 52.169.148.186:0] script '/domains/system_default/ws35.php' not found or unable to stat
[Wed Jan 07 10:52:59.814614 2026] [php:error] [pid 54737] [client 52.169.148.186:0] script '/domains/system_default/rzki.php' not found or unable to stat
[Wed Jan 07 10:52:59.889339 2026] [php:error] [pid 54737] [client 52.169.148.186:0] script '/domains/system_default/oysdxc.php' not found or unable to stat
[Wed Jan 07 10:52:59.892900 2026] [php:error] [pid 54755] [client 4.213.174.69:0] script '/domains/system_default/wtz.php' not found or unable to stat
[Wed Jan 07 10:52:59.963996 2026] [php:error] [pid 54737] [client 52.169.148.186:0] script '/domains/system_default/xopvne.php' not found or unable to stat
[Wed Jan 07 10:53:00.038680 2026] [php:error] [pid 54737] [client 52.169.148.186:0] script '/domains/system_default/moie.php' not found or unable to stat
[Wed Jan 07 10:53:00.080314 2026] [php:error] [pid 54755] [client 4.213.174.69:0] script '/domains/system_default/waw.php' not found or unable to stat
[Wed Jan 07 10:53:00.113343 2026] [php:error] [pid 54737] [client 52.169.148.186:0] script '/domains/system_default/hilk.php' not found or unable to stat
[Wed Jan 07 10:53:00.188127 2026] [php:error] [pid 54737] [client 52.169.148.186:0] script '/domains/system_default/gm.php' not found or unable to stat
[Wed Jan 07 10:53:00.273675 2026] [php:error] [pid 54737] [client 52.169.148.186:0] script '/domains/system_default/iko.php' not found or unable to stat
[Wed Jan 07 10:53:00.276161 2026] [php:error] [pid 54755] [client 4.213.174.69:0] script '/domains/system_default/elp.php' not found or unable to stat
[Wed Jan 07 10:53:00.348620 2026] [php:error] [pid 54737] [client 52.169.148.186:0] script '/domains/system_default/hlonk.php' not found or unable to stat
[Wed Jan 07 10:53:00.423845 2026] [php:error] [pid 54737] [client 52.169.148.186:0] script '/domains/system_default/sagym.php' not found or unable to stat
[Wed Jan 07 10:53:00.475490 2026] [php:error] [pid 54755] [client 4.213.174.69:0] script '/domains/system_default/ioxi-o1.php' not found or unable to stat
[Wed Jan 07 10:53:00.498370 2026] [php:error] [pid 54737] [client 52.169.148.186:0] script '/domains/system_default/qvaaq.php' not found or unable to stat
[Wed Jan 07 10:53:00.573013 2026] [php:error] [pid 54737] [client 52.169.148.186:0] script '/domains/system_default/content.php' not found or unable to stat
[Wed Jan 07 10:53:00.657238 2026] [php:error] [pid 54737] [client 52.169.148.186:0] script '/domains/system_default/gi.php' not found or unable to stat
[Wed Jan 07 10:53:00.663244 2026] [php:error] [pid 54755] [client 4.213.174.69:0] script '/domains/system_default/xpass.php' not found or unable to stat
[Wed Jan 07 10:53:00.731988 2026] [php:error] [pid 54737] [client 52.169.148.186:0] script '/domains/system_default/ccou.php' not found or unable to stat
[Wed Jan 07 10:53:00.806739 2026] [php:error] [pid 54737] [client 52.169.148.186:0] script '/domains/system_default/wp-freya.php' not found or unable to stat
[Wed Jan 07 10:53:00.858573 2026] [php:error] [pid 54755] [client 4.213.174.69:0] script '/domains/system_default/x56.php' not found or unable to stat
[Wed Jan 07 10:53:00.881548 2026] [php:error] [pid 54737] [client 52.169.148.186:0] script '/domains/system_default/frg.php' not found or unable to stat
[Wed Jan 07 10:53:01.031264 2026] [php:error] [pid 54737] [client 52.169.148.186:0] script '/domains/system_default/hly.php' not found or unable to stat
[Wed Jan 07 10:53:01.047114 2026] [php:error] [pid 54755] [client 4.213.174.69:0] script '/domains/system_default/tx1.php' not found or unable to stat
[Wed Jan 07 10:53:01.106208 2026] [php:error] [pid 54737] [client 52.169.148.186:0] script '/domains/system_default/to.php' not found or unable to stat
[Wed Jan 07 10:53:01.180734 2026] [php:error] [pid 54737] [client 52.169.148.186:0] script '/domains/system_default/v2.php' not found or unable to stat
[Wed Jan 07 10:53:01.235695 2026] [php:error] [pid 54755] [client 4.213.174.69:0] script '/domains/system_default/zafir1.php' not found or unable to stat
[Wed Jan 07 10:53:01.256127 2026] [php:error] [pid 54737] [client 52.169.148.186:0] script '/domains/system_default/class-.php' not found or unable to stat
[Wed Jan 07 10:53:01.331281 2026] [php:error] [pid 54737] [client 52.169.148.186:0] script '/domains/system_default/fso.php' not found or unable to stat
[Wed Jan 07 10:53:01.409259 2026] [php:error] [pid 54737] [client 52.169.148.186:0] script '/domains/system_default/nox.php' not found or unable to stat
[Wed Jan 07 10:53:01.487612 2026] [php:error] [pid 54737] [client 52.169.148.186:0] script '/domains/system_default/fdd2.php' not found or unable to stat
[Wed Jan 07 10:53:01.562378 2026] [php:error] [pid 54737] [client 52.169.148.186:0] script '/domains/system_default/aQw.php' not found or unable to stat
[Wed Jan 07 10:53:01.637075 2026] [php:error] [pid 54737] [client 52.169.148.186:0] script '/domains/system_default/rh.php' not found or unable to stat
[Wed Jan 07 10:53:01.711894 2026] [php:error] [pid 54737] [client 52.169.148.186:0] script '/domains/system_default/sto.php' not found or unable to stat
[Wed Jan 07 10:53:01.786601 2026] [php:error] [pid 54737] [client 52.169.148.186:0] script '/domains/system_default/bipas.php' not found or unable to stat
[Wed Jan 07 10:53:01.861386 2026] [php:error] [pid 54737] [client 52.169.148.186:0] script '/domains/system_default/xaz.php' not found or unable to stat
[Wed Jan 07 10:53:01.883869 2026] [php:error] [pid 54755] [client 4.213.174.69:0] script '/domains/system_default/admin.php' not found or unable to stat
[Wed Jan 07 10:53:01.936117 2026] [php:error] [pid 54737] [client 52.169.148.186:0] script '/domains/system_default/conte.php' not found or unable to stat
[Wed Jan 07 10:53:02.011145 2026] [php:error] [pid 54737] [client 52.169.148.186:0] script '/domains/system_default/lopst.php' not found or unable to stat
[Wed Jan 07 10:53:02.071368 2026] [php:error] [pid 54755] [client 4.213.174.69:0] script '/domains/system_default/quoys.php' not found or unable to stat
[Wed Jan 07 10:53:02.086201 2026] [php:error] [pid 54737] [client 52.169.148.186:0] script '/domains/system_default/xv.php' not found or unable to stat
[Wed Jan 07 10:53:02.161768 2026] [php:error] [pid 54737] [client 52.169.148.186:0] script '/domains/system_default/ixj.php' not found or unable to stat
[Wed Jan 07 10:53:02.236846 2026] [php:error] [pid 54737] [client 52.169.148.186:0] script '/domains/system_default/nansa.php' not found or unable to stat
[Wed Jan 07 10:53:02.275161 2026] [php:error] [pid 54755] [client 4.213.174.69:0] script '/domains/system_default/ova.php' not found or unable to stat
[Wed Jan 07 10:53:02.311311 2026] [php:error] [pid 54737] [client 52.169.148.186:0] script '/domains/system_default/gecko.php' not found or unable to stat
[Wed Jan 07 10:53:02.386081 2026] [php:error] [pid 54737] [client 52.169.148.186:0] script '/domains/system_default/blurbs.php' not found or unable to stat
[Wed Jan 07 10:53:02.460530 2026] [php:error] [pid 54737] [client 52.169.148.186:0] script '/domains/system_default/18299.php' not found or unable to stat
[Wed Jan 07 10:53:02.466926 2026] [php:error] [pid 54755] [client 4.213.174.69:0] script '/domains/system_default/juuuu.php' not found or unable to stat
[Wed Jan 07 10:53:02.536979 2026] [php:error] [pid 54737] [client 52.169.148.186:0] script '/domains/system_default/wl.php' not found or unable to stat
[Wed Jan 07 10:53:02.611777 2026] [php:error] [pid 54737] [client 52.169.148.186:0] script '/domains/system_default/xsas.php' not found or unable to stat
[Wed Jan 07 10:53:02.654463 2026] [php:error] [pid 54755] [client 4.213.174.69:0] script '/domains/system_default/vx.php' not found or unable to stat
[Wed Jan 07 10:53:02.686712 2026] [php:error] [pid 54737] [client 52.169.148.186:0] script '/domains/system_default/pn.php' not found or unable to stat
[Wed Jan 07 10:53:02.761286 2026] [php:error] [pid 54737] [client 52.169.148.186:0] script '/domains/system_default/x50.php' not found or unable to stat
[Wed Jan 07 10:53:02.836274 2026] [php:error] [pid 54737] [client 52.169.148.186:0] script '/domains/system_default/ant.php' not found or unable to stat
[Wed Jan 07 10:53:02.847953 2026] [php:error] [pid 54755] [client 4.213.174.69:0] script '/domains/system_default/1vbqo.php' not found or unable to stat
[Wed Jan 07 10:53:02.911111 2026] [php:error] [pid 54737] [client 52.169.148.186:0] script '/domains/system_default/show.php' not found or unable to stat
[Wed Jan 07 10:53:02.985797 2026] [php:error] [pid 54737] [client 52.169.148.186:0] script '/domains/system_default/cro.php' not found or unable to stat
[Wed Jan 07 10:53:03.054262 2026] [php:error] [pid 54755] [client 4.213.174.69:0] script '/domains/system_default/0xs.php' not found or unable to stat
[Wed Jan 07 10:53:03.060228 2026] [php:error] [pid 54737] [client 52.169.148.186:0] script '/domains/system_default/wo.php' not found or unable to stat
[Wed Jan 07 10:53:03.136507 2026] [php:error] [pid 54737] [client 52.169.148.186:0] script '/domains/system_default/shoyo.php' not found or unable to stat
[Wed Jan 07 10:53:03.211387 2026] [php:error] [pid 54737] [client 52.169.148.186:0] script '/domains/system_default/qqq.php' not found or unable to stat
[Wed Jan 07 10:53:03.256651 2026] [php:error] [pid 54755] [client 4.213.174.69:0] script '/domains/system_default/O-Simple.php' not found or unable to stat
[Wed Jan 07 10:53:03.287207 2026] [php:error] [pid 54737] [client 52.169.148.186:0] script '/domains/system_default/ccou.php' not found or unable to stat
[Wed Jan 07 10:53:03.362209 2026] [php:error] [pid 54737] [client 52.169.148.186:0] script '/domains/system_default/fz.php' not found or unable to stat
[Wed Jan 07 10:53:03.436985 2026] [php:error] [pid 54737] [client 52.169.148.186:0] script '/domains/system_default/congab.php' not found or unable to stat
[Wed Jan 07 10:53:03.508736 2026] [php:error] [pid 54755] [client 4.213.174.69:0] script '/domains/system_default/sf9.php' not found or unable to stat
[Wed Jan 07 10:53:03.512246 2026] [php:error] [pid 54737] [client 52.169.148.186:0] script '/domains/system_default/fv.php' not found or unable to stat
[Wed Jan 07 10:53:03.587458 2026] [php:error] [pid 54737] [client 52.169.148.186:0] script '/domains/system_default/X7x.php' not found or unable to stat
[Wed Jan 07 10:53:03.662074 2026] [php:error] [pid 54737] [client 52.169.148.186:0] script '/domains/system_default/xvent.php' not found or unable to stat
[Wed Jan 07 10:53:03.698022 2026] [php:error] [pid 54755] [client 4.213.174.69:0] script '/domains/system_default/thoms.php' not found or unable to stat
[Wed Jan 07 10:53:03.736921 2026] [php:error] [pid 54737] [client 52.169.148.186:0] script '/domains/system_default/zeu.php' not found or unable to stat
[Wed Jan 07 10:53:03.811896 2026] [php:error] [pid 54737] [client 52.169.148.186:0] script '/domains/system_default/jatuh.php' not found or unable to stat
[Wed Jan 07 10:53:03.886046 2026] [php:error] [pid 54755] [client 4.213.174.69:0] script '/domains/system_default/sadis.php' not found or unable to stat
[Wed Jan 07 10:53:03.886874 2026] [php:error] [pid 54737] [client 52.169.148.186:0] script '/domains/system_default/as.php' not found or unable to stat
[Wed Jan 07 10:53:03.961998 2026] [php:error] [pid 54737] [client 52.169.148.186:0] script '/domains/system_default/0o0.php' not found or unable to stat
[Wed Jan 07 10:53:04.036806 2026] [php:error] [pid 54737] [client 52.169.148.186:0] script '/domains/system_default/mans.php' not found or unable to stat
[Wed Jan 07 10:53:04.111498 2026] [php:error] [pid 54737] [client 52.169.148.186:0] script '/domains/system_default/info.php' not found or unable to stat
[Wed Jan 07 10:53:04.261509 2026] [php:error] [pid 54737] [client 52.169.148.186:0] script '/domains/system_default/efsd.php' not found or unable to stat
