[Wed Jan 07 11:50:33.002380 2026] [core:crit] [pid 66922] (13)Permission denied: [client 54.235.191.179:0] AH00529: /domains/performancepartsinc/graphics/psd/.htaccess pcfg_openfile: unable to check htaccess file, ensure it is readable and that '/domains/performancepartsinc/graphics/psd/' is executable
[Wed Jan 07 11:50:34.677564 2026] [php:error] [pid 66917] [client 34.96.162.51:0] script '/domains/awciii/adminer-5.4.1-mysql.php' not found or unable to stat
[Wed Jan 07 11:50:35.435052 2026] [php:error] [pid 66913] [client 138.2.71.16:0] script '/domains/dcarlone/wp-login.php' not found or unable to stat
[Wed Jan 07 11:50:42.644588 2026] [php:error] [pid 66936] [client 35.247.243.245:0] script '/domains/awciii/adminer-5.1.0.php' not found or unable to stat
[Wed Jan 07 11:50:53.477432 2026] [php:error] [pid 66919] [client 4.190.193.202:0] script '/domains/fdcarter/widgets.php' not found or unable to stat
[Wed Jan 07 11:50:53.643432 2026] [php:error] [pid 66919] [client 4.190.193.202:0] script '/domains/fdcarter/b.php' not found or unable to stat
[Wed Jan 07 11:50:53.807821 2026] [php:error] [pid 66919] [client 4.190.193.202:0] script '/domains/fdcarter/rezor.php' not found or unable to stat
[Wed Jan 07 11:50:53.992268 2026] [php:error] [pid 66919] [client 4.190.193.202:0] script '/domains/fdcarter/windex.php' not found or unable to stat
[Wed Jan 07 11:50:54.159499 2026] [php:error] [pid 66919] [client 4.190.193.202:0] script '/domains/fdcarter/ajq1s.php' not found or unable to stat
[Wed Jan 07 11:50:54.324604 2026] [php:error] [pid 66919] [client 4.190.193.202:0] script '/domains/fdcarter/world.php' not found or unable to stat
[Wed Jan 07 11:50:54.489627 2026] [php:error] [pid 66919] [client 4.190.193.202:0] script '/domains/fdcarter/bibil.php' not found or unable to stat
[Wed Jan 07 11:50:54.678055 2026] [php:error] [pid 66919] [client 4.190.193.202:0] script '/domains/fdcarter/spip.php' not found or unable to stat
[Wed Jan 07 11:50:54.842383 2026] [php:error] [pid 66919] [client 4.190.193.202:0] script '/domains/fdcarter/geido.php' not found or unable to stat
[Wed Jan 07 11:50:55.015488 2026] [php:error] [pid 66919] [client 4.190.193.202:0] script '/domains/fdcarter/Cachex.php' not found or unable to stat
[Wed Jan 07 11:50:55.193779 2026] [php:error] [pid 66919] [client 4.190.193.202:0] script '/domains/fdcarter/wpup.php' not found or unable to stat
[Wed Jan 07 11:50:55.359795 2026] [php:error] [pid 66919] [client 4.190.193.202:0] script '/domains/fdcarter/first.php' not found or unable to stat
[Wed Jan 07 11:50:56.140789 2026] [php:error] [pid 66919] [client 4.190.193.202:0] script '/domains/fdcarter/wpupex.php' not found or unable to stat
[Wed Jan 07 11:50:56.310389 2026] [php:error] [pid 66919] [client 4.190.193.202:0] script '/domains/fdcarter/nck.php' not found or unable to stat
[Wed Jan 07 11:50:56.474493 2026] [php:error] [pid 66919] [client 4.190.193.202:0] script '/domains/fdcarter/admin.php' not found or unable to stat
[Wed Jan 07 11:50:56.641206 2026] [php:error] [pid 66919] [client 4.190.193.202:0] script '/domains/fdcarter/autoload_classmap.php' not found or unable to stat
[Wed Jan 07 11:50:56.807130 2026] [php:error] [pid 66919] [client 4.190.193.202:0] script '/domains/fdcarter/wp-activate.php' not found or unable to stat
[Wed Jan 07 11:50:56.971722 2026] [php:error] [pid 66919] [client 4.190.193.202:0] script '/domains/fdcarter/db.php' not found or unable to stat
[Wed Jan 07 11:50:57.646864 2026] [php:error] [pid 66919] [client 4.190.193.202:0] script '/domains/fdcarter/re.php' not found or unable to stat
[Wed Jan 07 11:50:57.815324 2026] [php:error] [pid 66919] [client 4.190.193.202:0] script '/domains/fdcarter/bless.php' not found or unable to stat
[Wed Jan 07 11:50:58.003698 2026] [php:error] [pid 66919] [client 4.190.193.202:0] script '/domains/fdcarter/blurbs.php' not found or unable to stat
[Wed Jan 07 11:50:58.168272 2026] [php:error] [pid 66919] [client 4.190.193.202:0] script '/domains/fdcarter/cord.php' not found or unable to stat
[Wed Jan 07 11:50:58.793936 2026] [php:error] [pid 66919] [client 4.190.193.202:0] script '/domains/fdcarter/axx.php' not found or unable to stat
[Wed Jan 07 11:50:58.958093 2026] [php:error] [pid 66919] [client 4.190.193.202:0] script '/domains/fdcarter/wp-mail.php' not found or unable to stat
[Wed Jan 07 11:50:59.124831 2026] [php:error] [pid 66919] [client 4.190.193.202:0] script '/domains/fdcarter/minik.php' not found or unable to stat
[Wed Jan 07 11:50:59.290276 2026] [php:error] [pid 66919] [client 4.190.193.202:0] script '/domains/fdcarter/OK.php' not found or unable to stat
[Wed Jan 07 11:50:59.455756 2026] [php:error] [pid 66919] [client 4.190.193.202:0] script '/domains/fdcarter/alfanew.php' not found or unable to stat
[Wed Jan 07 11:50:59.620629 2026] [php:error] [pid 66919] [client 4.190.193.202:0] script '/domains/fdcarter/zsec.php' not found or unable to stat
[Wed Jan 07 11:50:59.785958 2026] [php:error] [pid 66919] [client 4.190.193.202:0] script '/domains/fdcarter/arig.php' not found or unable to stat
[Wed Jan 07 11:50:59.953324 2026] [php:error] [pid 66919] [client 4.190.193.202:0] script '/domains/fdcarter/admin1.php' not found or unable to stat
[Wed Jan 07 11:51:00.118038 2026] [php:error] [pid 66919] [client 4.190.193.202:0] script '/domains/fdcarter/we2.php' not found or unable to stat
[Wed Jan 07 11:51:00.293363 2026] [php:error] [pid 66919] [client 4.190.193.202:0] script '/domains/fdcarter/af32.php' not found or unable to stat
[Wed Jan 07 11:51:00.457575 2026] [php:error] [pid 66919] [client 4.190.193.202:0] script '/domains/fdcarter/rz.php' not found or unable to stat
[Wed Jan 07 11:51:00.645895 2026] [php:error] [pid 66919] [client 4.190.193.202:0] script '/domains/fdcarter/hugo.php' not found or unable to stat
[Wed Jan 07 11:51:00.820599 2026] [php:error] [pid 66919] [client 4.190.193.202:0] script '/domains/fdcarter/ava.php' not found or unable to stat
[Wed Jan 07 11:51:00.985085 2026] [php:error] [pid 66919] [client 4.190.193.202:0] script '/domains/fdcarter/anjay.php' not found or unable to stat
[Wed Jan 07 11:51:01.149429 2026] [php:error] [pid 66919] [client 4.190.193.202:0] script '/domains/fdcarter/let.php' not found or unable to stat
[Wed Jan 07 11:51:01.324482 2026] [php:error] [pid 66919] [client 4.190.193.202:0] script '/domains/fdcarter/w.php' not found or unable to stat
[Wed Jan 07 11:51:01.488936 2026] [php:error] [pid 66919] [client 4.190.193.202:0] script '/domains/fdcarter/k.php' not found or unable to stat
[Wed Jan 07 11:51:01.680337 2026] [php:error] [pid 66919] [client 4.190.193.202:0] script '/domains/fdcarter/pn.php' not found or unable to stat
[Wed Jan 07 11:51:01.847182 2026] [php:error] [pid 66919] [client 4.190.193.202:0] script '/domains/fdcarter/gecko.php' not found or unable to stat
[Wed Jan 07 11:51:02.041809 2026] [php:error] [pid 66919] [client 4.190.193.202:0] script '/domains/fdcarter/abe.php' not found or unable to stat
[Wed Jan 07 11:51:02.213459 2026] [php:error] [pid 66919] [client 4.190.193.202:0] script '/domains/fdcarter/bs1.php' not found or unable to stat
[Wed Jan 07 11:51:02.388539 2026] [php:error] [pid 66919] [client 4.190.193.202:0] script '/domains/fdcarter/cc.php' not found or unable to stat
[Wed Jan 07 11:51:02.581807 2026] [php:error] [pid 66919] [client 4.190.193.202:0] script '/domains/fdcarter/css.php' not found or unable to stat
[Wed Jan 07 11:51:02.746386 2026] [php:error] [pid 66919] [client 4.190.193.202:0] script '/domains/fdcarter/cloud.php' not found or unable to stat
[Wed Jan 07 11:51:02.935077 2026] [php:error] [pid 66919] [client 4.190.193.202:0] script '/domains/fdcarter/radio.php' not found or unable to stat
[Wed Jan 07 11:51:03.099502 2026] [php:error] [pid 66919] [client 4.190.193.202:0] script '/domains/fdcarter/cong.php' not found or unable to stat
[Wed Jan 07 11:51:03.263728 2026] [php:error] [pid 66919] [client 4.190.193.202:0] script '/domains/fdcarter/bak.php' not found or unable to stat
[Wed Jan 07 11:51:03.373422 2026] [php:error] [pid 66936] [client 52.143.135.185:0] script '/domains/aatweb/worksec.php' not found or unable to stat
[Wed Jan 07 11:51:03.429548 2026] [php:error] [pid 66919] [client 4.190.193.202:0] script '/domains/fdcarter/as.php' not found or unable to stat
[Wed Jan 07 11:51:03.462608 2026] [php:error] [pid 66936] [client 52.143.135.185:0] script '/domains/aatweb/amax.php' not found or unable to stat
[Wed Jan 07 11:51:03.590120 2026] [php:error] [pid 66936] [client 52.143.135.185:0] script '/domains/aatweb/shell.php' not found or unable to stat
[Wed Jan 07 11:51:03.605487 2026] [php:error] [pid 66919] [client 4.190.193.202:0] script '/domains/fdcarter/404.php' not found or unable to stat
[Wed Jan 07 11:51:03.676756 2026] [php:error] [pid 66936] [client 52.143.135.185:0] script '/domains/aatweb/mini.php' not found or unable to stat
[Wed Jan 07 11:51:03.764439 2026] [php:error] [pid 66936] [client 52.143.135.185:0] script '/domains/aatweb/an8.php' not found or unable to stat
[Wed Jan 07 11:51:03.777703 2026] [php:error] [pid 66919] [client 4.190.193.202:0] script '/domains/fdcarter/link.php' not found or unable to stat
[Wed Jan 07 11:51:03.896255 2026] [php:error] [pid 66936] [client 52.143.135.185:0] script '/domains/aatweb/t.php' not found or unable to stat
[Wed Jan 07 11:51:03.982595 2026] [php:error] [pid 66936] [client 52.143.135.185:0] script '/domains/aatweb/bolt.php' not found or unable to stat
[Wed Jan 07 11:51:04.068948 2026] [php:error] [pid 66936] [client 52.143.135.185:0] script '/domains/aatweb/ma.php' not found or unable to stat
[Wed Jan 07 11:51:04.147394 2026] [php:error] [pid 66919] [client 4.190.193.202:0] script '/domains/fdcarter/makeasmtp.php' not found or unable to stat
[Wed Jan 07 11:51:04.155538 2026] [php:error] [pid 66936] [client 52.143.135.185:0] script '/domains/aatweb/byp8.php' not found or unable to stat
[Wed Jan 07 11:51:04.255033 2026] [php:error] [pid 66936] [client 52.143.135.185:0] script '/domains/aatweb/s.php' not found or unable to stat
[Wed Jan 07 11:51:04.311472 2026] [php:error] [pid 66919] [client 4.190.193.202:0] script '/domains/fdcarter/file.php' not found or unable to stat
[Wed Jan 07 11:51:04.342180 2026] [php:error] [pid 66936] [client 52.143.135.185:0] script '/domains/aatweb/xrp.php' not found or unable to stat
[Wed Jan 07 11:51:04.429037 2026] [php:error] [pid 66936] [client 52.143.135.185:0] script '/domains/aatweb/byp.php' not found or unable to stat
[Wed Jan 07 11:51:04.475426 2026] [php:error] [pid 66919] [client 4.190.193.202:0] script '/domains/fdcarter/chosen.php' not found or unable to stat
[Wed Jan 07 11:51:04.516696 2026] [php:error] [pid 66936] [client 52.143.135.185:0] script '/domains/aatweb/ws28.php' not found or unable to stat
[Wed Jan 07 11:51:04.627779 2026] [php:error] [pid 66936] [client 52.143.135.185:0] script '/domains/aatweb/num.php' not found or unable to stat
[Wed Jan 07 11:51:04.644343 2026] [php:error] [pid 66919] [client 4.190.193.202:0] script '/domains/fdcarter/wp.php' not found or unable to stat
[Wed Jan 07 11:51:04.726453 2026] [php:error] [pid 66936] [client 52.143.135.185:0] script '/domains/aatweb/gmo.php' not found or unable to stat
[Wed Jan 07 11:51:04.808487 2026] [php:error] [pid 66919] [client 4.190.193.202:0] script '/domains/fdcarter/uana.php' not found or unable to stat
[Wed Jan 07 11:51:04.820977 2026] [php:error] [pid 66936] [client 52.143.135.185:0] script '/domains/aatweb/app.php' not found or unable to stat
[Wed Jan 07 11:51:04.907731 2026] [php:error] [pid 66936] [client 52.143.135.185:0] script '/domains/aatweb/new4.php' not found or unable to stat
[Wed Jan 07 11:51:04.973131 2026] [php:error] [pid 66919] [client 4.190.193.202:0] script '/domains/fdcarter/lock360.php' not found or unable to stat
[Wed Jan 07 11:51:04.995977 2026] [php:error] [pid 66936] [client 52.143.135.185:0] script '/domains/aatweb/dox.php' not found or unable to stat
[Wed Jan 07 11:51:05.082620 2026] [php:error] [pid 66936] [client 52.143.135.185:0] script '/domains/aatweb/vx.php' not found or unable to stat
[Wed Jan 07 11:51:05.140734 2026] [php:error] [pid 66919] [client 4.190.193.202:0] script '/domains/fdcarter/a.php' not found or unable to stat
[Wed Jan 07 11:51:05.217236 2026] [php:error] [pid 66936] [client 52.143.135.185:0] script '/domains/aatweb/admin.php' not found or unable to stat
[Wed Jan 07 11:51:05.305098 2026] [php:error] [pid 66919] [client 4.190.193.202:0] script '/domains/fdcarter/api.php' not found or unable to stat
[Wed Jan 07 11:51:05.306623 2026] [php:error] [pid 66936] [client 52.143.135.185:0] script '/domains/aatweb/wp-good.php' not found or unable to stat
[Wed Jan 07 11:51:05.406057 2026] [php:error] [pid 66936] [client 52.143.135.185:0] script '/domains/aatweb/xa.php' not found or unable to stat
[Wed Jan 07 11:51:05.473777 2026] [php:error] [pid 66919] [client 4.190.193.202:0] script '/domains/fdcarter/inc.php' not found or unable to stat
[Wed Jan 07 11:51:05.504364 2026] [php:error] [pid 66936] [client 52.143.135.185:0] script '/domains/aatweb/f8.php' not found or unable to stat
[Wed Jan 07 11:51:05.590913 2026] [php:error] [pid 66936] [client 52.143.135.185:0] script '/domains/aatweb/moon3.php' not found or unable to stat
[Wed Jan 07 11:51:05.659443 2026] [php:error] [pid 66919] [client 4.190.193.202:0] script '/domains/fdcarter/atomlib.php' not found or unable to stat
[Wed Jan 07 11:51:05.705166 2026] [php:error] [pid 66936] [client 52.143.135.185:0] script '/domains/aatweb/ffile.php' not found or unable to stat
[Wed Jan 07 11:51:05.791661 2026] [php:error] [pid 66936] [client 52.143.135.185:0] script '/domains/aatweb/X7x.php' not found or unable to stat
[Wed Jan 07 11:51:05.886279 2026] [php:error] [pid 66936] [client 52.143.135.185:0] script '/domains/aatweb/xxxx.php' not found or unable to stat
[Wed Jan 07 11:51:05.994016 2026] [php:error] [pid 66936] [client 52.143.135.185:0] script '/domains/aatweb/Sanskrit.php' not found or unable to stat
[Wed Jan 07 11:51:06.081593 2026] [php:error] [pid 66936] [client 52.143.135.185:0] script '/domains/aatweb/gec.php' not found or unable to stat
[Wed Jan 07 11:51:06.178912 2026] [php:error] [pid 66936] [client 52.143.135.185:0] script '/domains/aatweb/as.php' not found or unable to stat
[Wed Jan 07 11:51:06.265318 2026] [php:error] [pid 66936] [client 52.143.135.185:0] script '/domains/aatweb/file30.php' not found or unable to stat
[Wed Jan 07 11:51:06.297196 2026] [php:error] [pid 66919] [client 4.190.193.202:0] script '/domains/fdcarter/moon.php' not found or unable to stat
[Wed Jan 07 11:51:06.373442 2026] [php:error] [pid 66936] [client 52.143.135.185:0] script '/domains/aatweb/nox.php' not found or unable to stat
[Wed Jan 07 11:51:06.462133 2026] [php:error] [pid 66919] [client 4.190.193.202:0] script '/domains/fdcarter/wp-info.php' not found or unable to stat
[Wed Jan 07 11:51:06.487919 2026] [php:error] [pid 66936] [client 52.143.135.185:0] script '/domains/aatweb/222.php' not found or unable to stat
[Wed Jan 07 11:51:06.579303 2026] [php:error] [pid 66936] [client 52.143.135.185:0] script '/domains/aatweb/xml.php' not found or unable to stat
[Wed Jan 07 11:51:06.709650 2026] [php:error] [pid 66936] [client 52.143.135.185:0] script '/domains/aatweb/bless14.php' not found or unable to stat
[Wed Jan 07 11:51:06.805832 2026] [php:error] [pid 66936] [client 52.143.135.185:0] script '/domains/aatweb/css.php' not found or unable to stat
[Wed Jan 07 11:51:06.897313 2026] [php:error] [pid 66936] [client 52.143.135.185:0] script '/domains/aatweb/oo.php' not found or unable to stat
[Wed Jan 07 11:51:06.959325 2026] [php:error] [pid 66919] [client 4.190.193.202:0] script '/domains/fdcarter/rss.php' not found or unable to stat
[Wed Jan 07 11:51:06.983615 2026] [php:error] [pid 66936] [client 52.143.135.185:0] script '/domains/aatweb/x.php' not found or unable to stat
[Wed Jan 07 11:51:07.070274 2026] [php:error] [pid 66936] [client 52.143.135.185:0] script '/domains/aatweb/f35.php' not found or unable to stat
[Wed Jan 07 11:51:07.159593 2026] [php:error] [pid 66936] [client 52.143.135.185:0] script '/domains/aatweb/jga.php' not found or unable to stat
[Wed Jan 07 11:51:07.252952 2026] [php:error] [pid 66936] [client 52.143.135.185:0] script '/domains/aatweb/gg.php' not found or unable to stat
[Wed Jan 07 11:51:07.360582 2026] [php:error] [pid 66939] [client 34.96.162.60:0] script '/domains/awciii/DB.php' not found or unable to stat
[Wed Jan 07 11:51:07.431009 2026] [php:error] [pid 66936] [client 52.143.135.185:0] script '/domains/aatweb/ws29.php' not found or unable to stat
[Wed Jan 07 11:51:07.520416 2026] [php:error] [pid 66936] [client 52.143.135.185:0] script '/domains/aatweb/wen.php' not found or unable to stat
[Wed Jan 07 11:51:07.545147 2026] [php:error] [pid 66919] [client 4.190.193.202:0] script '/domains/fdcarter/pekok.php' not found or unable to stat
[Wed Jan 07 11:51:07.607882 2026] [php:error] [pid 66936] [client 52.143.135.185:0] script '/domains/aatweb/pass.php' not found or unable to stat
[Wed Jan 07 11:51:07.747910 2026] [php:error] [pid 66936] [client 52.143.135.185:0] script '/domains/aatweb/themes.php' not found or unable to stat
[Wed Jan 07 11:51:07.849447 2026] [php:error] [pid 66936] [client 52.143.135.185:0] script '/domains/aatweb/log.php' not found or unable to stat
[Wed Jan 07 11:51:07.955784 2026] [php:error] [pid 66936] [client 52.143.135.185:0] script '/domains/aatweb/sitemaps.php' not found or unable to stat
[Wed Jan 07 11:51:08.044101 2026] [php:error] [pid 66936] [client 52.143.135.185:0] script '/domains/aatweb/wp-trackback.php' not found or unable to stat
[Wed Jan 07 11:51:08.113477 2026] [php:error] [pid 66919] [client 4.190.193.202:0] script '/domains/fdcarter/elp.php' not found or unable to stat
[Wed Jan 07 11:51:08.228187 2026] [php:error] [pid 66936] [client 52.143.135.185:0] script '/domains/aatweb/cc.php' not found or unable to stat
[Wed Jan 07 11:51:08.314342 2026] [php:error] [pid 66936] [client 52.143.135.185:0] script '/domains/aatweb/class.php' not found or unable to stat
[Wed Jan 07 11:51:08.408673 2026] [php:error] [pid 66936] [client 52.143.135.185:0] script '/domains/aatweb/img.php' not found or unable to stat
[Wed Jan 07 11:51:08.498804 2026] [php:error] [pid 66936] [client 52.143.135.185:0] script '/domains/aatweb/edit.php' not found or unable to stat
[Wed Jan 07 11:51:08.585334 2026] [php:error] [pid 66936] [client 52.143.135.185:0] script '/domains/aatweb/file.php' not found or unable to stat
[Wed Jan 07 11:51:08.671902 2026] [php:error] [pid 66936] [client 52.143.135.185:0] script '/domains/aatweb/user.php' not found or unable to stat
[Wed Jan 07 11:51:08.779866 2026] [php:error] [pid 66936] [client 52.143.135.185:0] script '/domains/aatweb/0x.php' not found or unable to stat
[Wed Jan 07 11:51:08.884859 2026] [php:error] [pid 66919] [client 4.190.193.202:0] script '/domains/fdcarter/wp-aa.php' not found or unable to stat
[Wed Jan 07 11:51:08.885800 2026] [php:error] [pid 66936] [client 52.143.135.185:0] script '/domains/aatweb/buy.php' not found or unable to stat
[Wed Jan 07 11:51:08.972021 2026] [php:error] [pid 66936] [client 52.143.135.185:0] script '/domains/aatweb/bless.php' not found or unable to stat
[Wed Jan 07 11:51:09.048844 2026] [php:error] [pid 66919] [client 4.190.193.202:0] script '/domains/fdcarter/cart.php' not found or unable to stat
[Wed Jan 07 11:51:09.059808 2026] [php:error] [pid 66936] [client 52.143.135.185:0] script '/domains/aatweb/wp-sign.php' not found or unable to stat
[Wed Jan 07 11:51:09.146275 2026] [php:error] [pid 66936] [client 52.143.135.185:0] script '/domains/aatweb/ppp.php' not found or unable to stat
[Wed Jan 07 11:51:09.233435 2026] [php:error] [pid 66919] [client 4.190.193.202:0] script '/domains/fdcarter/compare.php' not found or unable to stat
[Wed Jan 07 11:51:09.239344 2026] [php:error] [pid 66936] [client 52.143.135.185:0] script '/domains/aatweb/atomlib.php' not found or unable to stat
[Wed Jan 07 11:51:09.340130 2026] [php:error] [pid 66936] [client 52.143.135.185:0] script '/domains/aatweb/Ov-Simple1.php' not found or unable to stat
[Wed Jan 07 11:51:09.397959 2026] [php:error] [pid 66919] [client 4.190.193.202:0] script '/domains/fdcarter/shop.php' not found or unable to stat
[Wed Jan 07 11:51:09.441106 2026] [php:error] [pid 66936] [client 52.143.135.185:0] script '/domains/aatweb/cong.php' not found or unable to stat
[Wed Jan 07 11:51:09.528253 2026] [php:error] [pid 66936] [client 52.143.135.185:0] script '/domains/aatweb/wp-configs.php' not found or unable to stat
[Wed Jan 07 11:51:09.563116 2026] [php:error] [pid 66919] [client 4.190.193.202:0] script '/domains/fdcarter/api.php' not found or unable to stat
[Wed Jan 07 11:51:09.614879 2026] [php:error] [pid 66936] [client 52.143.135.185:0] script '/domains/aatweb/wp-help.php' not found or unable to stat
[Wed Jan 07 11:51:09.701228 2026] [php:error] [pid 66936] [client 52.143.135.185:0] script '/domains/aatweb/xc.php' not found or unable to stat
[Wed Jan 07 11:51:09.727464 2026] [php:error] [pid 66919] [client 4.190.193.202:0] script '/domains/fdcarter/222.php' not found or unable to stat
[Wed Jan 07 11:51:09.893118 2026] [php:error] [pid 66919] [client 4.190.193.202:0] script '/domains/fdcarter/atom.php' not found or unable to stat
[Wed Jan 07 11:51:09.957505 2026] [php:error] [pid 66936] [client 52.143.135.185:0] script '/domains/aatweb/files.php' not found or unable to stat
[Wed Jan 07 11:51:10.044135 2026] [php:error] [pid 66936] [client 52.143.135.185:0] script '/domains/aatweb/hly.php' not found or unable to stat
[Wed Jan 07 11:51:10.059257 2026] [php:error] [pid 66919] [client 4.190.193.202:0] script '/domains/fdcarter/case.php' not found or unable to stat
[Wed Jan 07 11:51:10.146617 2026] [php:error] [pid 66936] [client 52.143.135.185:0] script '/domains/aatweb/text.php' not found or unable to stat
[Wed Jan 07 11:51:10.233291 2026] [php:error] [pid 66936] [client 52.143.135.185:0] script '/domains/aatweb/item.php' not found or unable to stat
[Wed Jan 07 11:51:10.244029 2026] [php:error] [pid 66919] [client 4.190.193.202:0] script '/domains/fdcarter/docs.php' not found or unable to stat
[Wed Jan 07 11:51:10.320030 2026] [php:error] [pid 66936] [client 52.143.135.185:0] script '/domains/aatweb/install.php' not found or unable to stat
[Wed Jan 07 11:51:10.406556 2026] [php:error] [pid 66936] [client 52.143.135.185:0] script '/domains/aatweb/wp-conflg.php' not found or unable to stat
[Wed Jan 07 11:51:10.408321 2026] [php:error] [pid 66919] [client 4.190.193.202:0] script '/domains/fdcarter/ios.php' not found or unable to stat
[Wed Jan 07 11:51:10.499918 2026] [php:error] [pid 66936] [client 52.143.135.185:0] script '/domains/aatweb/dropdown.php' not found or unable to stat
[Wed Jan 07 11:51:10.591744 2026] [php:error] [pid 66919] [client 4.190.193.202:0] script '/domains/fdcarter/click.php' not found or unable to stat
[Wed Jan 07 11:51:10.593083 2026] [php:error] [pid 66936] [client 52.143.135.185:0] script '/domains/aatweb/xp.php' not found or unable to stat
[Wed Jan 07 11:51:10.684843 2026] [php:error] [pid 66936] [client 52.143.135.185:0] script '/domains/aatweb/yes.php' not found or unable to stat
[Wed Jan 07 11:51:10.757162 2026] [php:error] [pid 66919] [client 4.190.193.202:0] script '/domains/fdcarter/lv.php' not found or unable to stat
[Wed Jan 07 11:51:10.771020 2026] [php:error] [pid 66936] [client 52.143.135.185:0] script '/domains/aatweb/09fa6.php' not found or unable to stat
[Wed Jan 07 11:51:10.866145 2026] [php:error] [pid 66936] [client 52.143.135.185:0] script '/domains/aatweb/89.php' not found or unable to stat
[Wed Jan 07 11:51:10.928972 2026] [php:error] [pid 66919] [client 4.190.193.202:0] script '/domains/fdcarter/inputs.php' not found or unable to stat
[Wed Jan 07 11:51:10.982932 2026] [php:error] [pid 66936] [client 52.143.135.185:0] script '/domains/aatweb/has.php' not found or unable to stat
[Wed Jan 07 11:51:11.084555 2026] [php:error] [pid 66936] [client 52.143.135.185:0] script '/domains/aatweb/nax.php' not found or unable to stat
[Wed Jan 07 11:51:11.094968 2026] [php:error] [pid 66919] [client 4.190.193.202:0] script '/domains/fdcarter/alfa.php' not found or unable to stat
[Wed Jan 07 11:51:11.175035 2026] [php:error] [pid 66936] [client 52.143.135.185:0] script '/domains/aatweb/ooj.php' not found or unable to stat
[Wed Jan 07 11:51:11.260067 2026] [php:error] [pid 66919] [client 4.190.193.202:0] script '/domains/fdcarter/byp.php' not found or unable to stat
[Wed Jan 07 11:51:11.262603 2026] [php:error] [pid 66936] [client 52.143.135.185:0] script '/domains/aatweb/orm.php' not found or unable to stat
[Wed Jan 07 11:51:11.348933 2026] [php:error] [pid 66936] [client 52.143.135.185:0] script '/domains/aatweb/yep.php' not found or unable to stat
[Wed Jan 07 11:51:11.424187 2026] [php:error] [pid 66919] [client 4.190.193.202:0] script '/domains/fdcarter/goat1.php' not found or unable to stat
[Wed Jan 07 11:51:11.436349 2026] [php:error] [pid 66936] [client 52.143.135.185:0] script '/domains/aatweb/x3.php' not found or unable to stat
[Wed Jan 07 11:51:11.537881 2026] [php:error] [pid 66936] [client 52.143.135.185:0] script '/domains/aatweb/6erg.php' not found or unable to stat
[Wed Jan 07 11:51:11.588615 2026] [php:error] [pid 66919] [client 4.190.193.202:0] script '/domains/fdcarter/f.php' not found or unable to stat
[Wed Jan 07 11:51:11.631389 2026] [php:error] [pid 66936] [client 52.143.135.185:0] script '/domains/aatweb/ggfi.php' not found or unable to stat
[Wed Jan 07 11:51:11.720233 2026] [php:error] [pid 66936] [client 52.143.135.185:0] script '/domains/aatweb/wrt.php' not found or unable to stat
[Wed Jan 07 11:51:11.752615 2026] [php:error] [pid 66919] [client 4.190.193.202:0] script '/domains/fdcarter/max.php' not found or unable to stat
[Wed Jan 07 11:51:11.806593 2026] [php:error] [pid 66936] [client 52.143.135.185:0] script '/domains/aatweb/jju.php' not found or unable to stat
[Wed Jan 07 11:51:11.899362 2026] [php:error] [pid 66936] [client 52.143.135.185:0] script '/domains/aatweb/rsnu.php' not found or unable to stat
[Wed Jan 07 11:51:11.930667 2026] [php:error] [pid 66919] [client 4.190.193.202:0] script '/domains/fdcarter/m.php' not found or unable to stat
[Wed Jan 07 11:51:12.004494 2026] [php:error] [pid 66936] [client 52.143.135.185:0] script '/domains/aatweb/lc.php' not found or unable to stat
[Wed Jan 07 11:51:12.094303 2026] [php:error] [pid 66919] [client 4.190.193.202:0] script '/domains/fdcarter/as.php' not found or unable to stat
[Wed Jan 07 11:51:12.098160 2026] [php:error] [pid 66936] [client 52.143.135.185:0] script '/domains/aatweb/gfile.php' not found or unable to stat
[Wed Jan 07 11:51:12.186566 2026] [php:error] [pid 66936] [client 52.143.135.185:0] script '/domains/aatweb/gold.php' not found or unable to stat
[Wed Jan 07 11:51:12.258983 2026] [php:error] [pid 66919] [client 4.190.193.202:0] script '/domains/fdcarter/v.php' not found or unable to stat
[Wed Jan 07 11:51:12.272859 2026] [php:error] [pid 66936] [client 52.143.135.185:0] script '/domains/aatweb/new.php' not found or unable to stat
[Wed Jan 07 11:51:12.360156 2026] [php:error] [pid 66936] [client 52.143.135.185:0] script '/domains/aatweb/aua.php' not found or unable to stat
[Wed Jan 07 11:51:12.422619 2026] [php:error] [pid 66919] [client 4.190.193.202:0] script '/domains/fdcarter/bless.php' not found or unable to stat
[Wed Jan 07 11:51:12.456485 2026] [php:error] [pid 66936] [client 52.143.135.185:0] script '/domains/aatweb/great.php' not found or unable to stat
[Wed Jan 07 11:51:12.555827 2026] [php:error] [pid 66936] [client 52.143.135.185:0] script '/domains/aatweb/class9.php' not found or unable to stat
[Wed Jan 07 11:51:12.628307 2026] [php:error] [pid 66919] [client 4.190.193.202:0] script '/domains/fdcarter/vv.php' not found or unable to stat
[Wed Jan 07 11:51:12.645140 2026] [php:error] [pid 66936] [client 52.143.135.185:0] script '/domains/aatweb/ot.php' not found or unable to stat
[Wed Jan 07 11:51:12.733233 2026] [php:error] [pid 66936] [client 52.143.135.185:0] script '/domains/aatweb/witmm.php' not found or unable to stat
[Wed Jan 07 11:51:12.820092 2026] [php:error] [pid 66936] [client 52.143.135.185:0] script '/domains/aatweb/ocxla.php' not found or unable to stat
[Wed Jan 07 11:51:13.041560 2026] [php:error] [pid 66933] [client 52.143.135.185:0] script '/domains/aatweb/tt.php' not found or unable to stat
[Wed Jan 07 11:51:13.129703 2026] [php:error] [pid 66933] [client 52.143.135.185:0] script '/domains/aatweb/resp.php' not found or unable to stat
[Wed Jan 07 11:51:13.212790 2026] [php:error] [pid 66919] [client 4.190.193.202:0] script '/domains/fdcarter/0.php' not found or unable to stat
[Wed Jan 07 11:51:13.217282 2026] [php:error] [pid 66933] [client 52.143.135.185:0] script '/domains/aatweb/100.kb.php' not found or unable to stat
[Wed Jan 07 11:51:13.305440 2026] [php:error] [pid 66933] [client 52.143.135.185:0] script '/domains/aatweb/wqqs.php' not found or unable to stat
[Wed Jan 07 11:51:13.392983 2026] [php:error] [pid 66933] [client 52.143.135.185:0] script '/domains/aatweb/zwq13.php' not found or unable to stat
[Wed Jan 07 11:51:13.410062 2026] [php:error] [pid 66919] [client 4.190.193.202:0] script '/domains/fdcarter/jp.php' not found or unable to stat
[Wed Jan 07 11:51:13.480785 2026] [php:error] [pid 66933] [client 52.143.135.185:0] script '/domains/aatweb/rtx.php' not found or unable to stat
[Wed Jan 07 11:51:13.568460 2026] [php:error] [pid 66933] [client 52.143.135.185:0] script '/domains/aatweb/1index.php' not found or unable to stat
[Wed Jan 07 11:51:13.573796 2026] [php:error] [pid 66919] [client 4.190.193.202:0] script '/domains/fdcarter/2.php' not found or unable to stat
[Wed Jan 07 11:51:13.656601 2026] [php:error] [pid 66933] [client 52.143.135.185:0] script '/domains/aatweb/fs6.php' not found or unable to stat
[Wed Jan 07 11:51:13.740300 2026] [php:error] [pid 66919] [client 4.190.193.202:0] script '/domains/fdcarter/goods.php' not found or unable to stat
[Wed Jan 07 11:51:13.744656 2026] [php:error] [pid 66933] [client 52.143.135.185:0] script '/domains/aatweb/clasa99.php' not found or unable to stat
[Wed Jan 07 11:51:13.832497 2026] [php:error] [pid 66933] [client 52.143.135.185:0] script '/domains/aatweb/fasx.php' not found or unable to stat
[Wed Jan 07 11:51:13.920395 2026] [php:error] [pid 66933] [client 52.143.135.185:0] script '/domains/aatweb/c4.php' not found or unable to stat
[Wed Jan 07 11:51:13.945593 2026] [php:error] [pid 66919] [client 4.190.193.202:0] script '/domains/fdcarter/manager.php' not found or unable to stat
[Wed Jan 07 11:51:14.012844 2026] [php:error] [pid 66933] [client 52.143.135.185:0] script '/domains/aatweb/lock1.php' not found or unable to stat
[Wed Jan 07 11:51:14.109643 2026] [php:error] [pid 66919] [client 4.190.193.202:0] script '/domains/fdcarter/new.php' not found or unable to stat
[Wed Jan 07 11:51:14.461932 2026] [php:error] [pid 66933] [client 52.143.135.185:0] script '/domains/aatweb/lock11.php' not found or unable to stat
[Wed Jan 07 11:51:14.551294 2026] [php:error] [pid 66933] [client 52.143.135.185:0] script '/domains/aatweb/api137.php' not found or unable to stat
[Wed Jan 07 11:51:14.639405 2026] [php:error] [pid 66933] [client 52.143.135.185:0] script '/domains/aatweb/class629.php' not found or unable to stat
[Wed Jan 07 11:51:14.727392 2026] [php:error] [pid 66933] [client 52.143.135.185:0] script '/domains/aatweb/wp670.php' not found or unable to stat
[Wed Jan 07 11:51:14.815128 2026] [php:error] [pid 66933] [client 52.143.135.185:0] script '/domains/aatweb/v1.php' not found or unable to stat
[Wed Jan 07 11:51:14.903231 2026] [php:error] [pid 66933] [client 52.143.135.185:0] script '/domains/aatweb/xx.php' not found or unable to stat
[Wed Jan 07 11:51:15.078636 2026] [php:error] [pid 66933] [client 52.143.135.185:0] script '/domains/aatweb/skinmain.php' not found or unable to stat
[Wed Jan 07 11:51:15.256681 2026] [php:error] [pid 66933] [client 52.143.135.185:0] script '/domains/aatweb/orxnwdbb.php' not found or unable to stat
[Wed Jan 07 11:51:15.344186 2026] [php:error] [pid 66933] [client 52.143.135.185:0] script '/domains/aatweb/v3.php' not found or unable to stat
[Wed Jan 07 11:51:15.432425 2026] [php:error] [pid 66933] [client 52.143.135.185:0] script '/domains/aatweb/fs8.php' not found or unable to stat
[Wed Jan 07 11:51:15.706218 2026] [php:error] [pid 66933] [client 52.143.135.185:0] script '/domains/aatweb/adminer-4.5.0-mysql.php' not found or unable to stat
[Wed Jan 07 11:51:15.905213 2026] [php:error] [pid 66933] [client 52.143.135.185:0] script '/domains/aatweb/video.php' not found or unable to stat
[Wed Jan 07 11:51:15.997958 2026] [php:error] [pid 66933] [client 52.143.135.185:0] script '/domains/aatweb/scgi-bin.php' not found or unable to stat
[Wed Jan 07 11:51:16.099617 2026] [php:error] [pid 66933] [client 52.143.135.185:0] script '/domains/aatweb/finest09.php' not found or unable to stat
[Wed Jan 07 11:51:16.193681 2026] [php:error] [pid 66933] [client 52.143.135.185:0] script '/domains/aatweb/1100.php' not found or unable to stat
[Wed Jan 07 11:51:16.282135 2026] [php:error] [pid 66933] [client 52.143.135.185:0] script '/domains/aatweb/iov.php' not found or unable to stat
[Wed Jan 07 11:51:16.550783 2026] [php:error] [pid 66933] [client 52.143.135.185:0] script '/domains/aatweb/.well-known.php' not found or unable to stat
[Wed Jan 07 11:51:16.638726 2026] [php:error] [pid 66933] [client 52.143.135.185:0] script '/domains/aatweb/02.php' not found or unable to stat
[Wed Jan 07 11:51:16.726368 2026] [php:error] [pid 66933] [client 52.143.135.185:0] script '/domains/aatweb/13.php' not found or unable to stat
[Wed Jan 07 11:51:16.815393 2026] [php:error] [pid 66933] [client 52.143.135.185:0] script '/domains/aatweb/2024.php' not found or unable to stat
[Wed Jan 07 11:51:16.903275 2026] [php:error] [pid 66933] [client 52.143.135.185:0] script '/domains/aatweb/403.php' not found or unable to stat
[Wed Jan 07 11:51:16.995141 2026] [php:error] [pid 66933] [client 52.143.135.185:0] script '/domains/aatweb/Diff.php' not found or unable to stat
[Wed Jan 07 11:51:17.083136 2026] [php:error] [pid 66933] [client 52.143.135.185:0] script '/domains/aatweb/Engine.php' not found or unable to stat
[Wed Jan 07 11:51:17.178022 2026] [php:error] [pid 66933] [client 52.143.135.185:0] script '/domains/aatweb/ID3.php' not found or unable to stat
[Wed Jan 07 11:51:17.265714 2026] [php:error] [pid 66933] [client 52.143.135.185:0] script '/domains/aatweb/IXR.php' not found or unable to stat
[Wed Jan 07 11:51:17.367426 2026] [php:error] [pid 66933] [client 52.143.135.185:0] script '/domains/aatweb/SimplePie.php' not found or unable to stat
[Wed Jan 07 11:51:17.458410 2026] [php:error] [pid 66933] [client 52.143.135.185:0] script '/domains/aatweb/Text.php' not found or unable to stat
[Wed Jan 07 11:51:17.549292 2026] [php:error] [pid 66933] [client 52.143.135.185:0] script '/domains/aatweb/aahana.php' not found or unable to stat
[Wed Jan 07 11:51:17.639827 2026] [php:error] [pid 66933] [client 52.143.135.185:0] script '/domains/aatweb/ws35.php' not found or unable to stat
[Wed Jan 07 11:51:17.957602 2026] [php:error] [pid 66938] [client 4.190.193.202:0] script '/domains/fdcarter/info.php' not found or unable to stat
[Wed Jan 07 11:51:19.088769 2026] [php:error] [pid 66938] [client 4.190.193.202:0] script '/domains/fdcarter/doc.php' not found or unable to stat
[Wed Jan 07 11:51:19.276956 2026] [php:error] [pid 66938] [client 4.190.193.202:0] script '/domains/fdcarter/go.php' not found or unable to stat
[Wed Jan 07 11:51:19.902470 2026] [php:error] [pid 66938] [client 4.190.193.202:0] script '/domains/fdcarter/mail.php' not found or unable to stat
[Wed Jan 07 11:51:21.254225 2026] [php:error] [pid 66938] [client 4.190.193.202:0] script '/domains/fdcarter/11.php' not found or unable to stat
[Wed Jan 07 11:51:21.850948 2026] [php:error] [pid 66938] [client 4.190.193.202:0] script '/domains/fdcarter/conflg.php' not found or unable to stat
[Wed Jan 07 11:51:22.015414 2026] [php:error] [pid 66938] [client 4.190.193.202:0] script '/domains/fdcarter/xmrlpc.php' not found or unable to stat
[Wed Jan 07 11:51:22.179799 2026] [php:error] [pid 66938] [client 4.190.193.202:0] script '/domains/fdcarter/asas.php' not found or unable to stat
[Wed Jan 07 11:51:22.343782 2026] [php:error] [pid 66938] [client 4.190.193.202:0] script '/domains/fdcarter/ioxi-o.php' not found or unable to stat
[Wed Jan 07 11:51:22.508405 2026] [php:error] [pid 66938] [client 4.190.193.202:0] script '/domains/fdcarter/about.php' not found or unable to stat
[Wed Jan 07 11:51:22.866872 2026] [php:error] [pid 66938] [client 4.190.193.202:0] script '/domains/fdcarter/akcc.php' not found or unable to stat
[Wed Jan 07 11:51:23.053482 2026] [php:error] [pid 66938] [client 4.190.193.202:0] script '/domains/fdcarter/zxl.php' not found or unable to stat
[Wed Jan 07 11:51:23.217774 2026] [php:error] [pid 66938] [client 4.190.193.202:0] script '/domains/fdcarter/r.php' not found or unable to stat
[Wed Jan 07 11:51:23.382214 2026] [php:error] [pid 66938] [client 4.190.193.202:0] script '/domains/fdcarter/ar.php' not found or unable to stat
[Wed Jan 07 11:51:23.546856 2026] [php:error] [pid 66938] [client 4.190.193.202:0] script '/domains/fdcarter/js.php' not found or unable to stat
[Wed Jan 07 11:51:23.724477 2026] [php:error] [pid 66938] [client 4.190.193.202:0] script '/domains/fdcarter/file1.php' not found or unable to stat
[Wed Jan 07 11:51:23.929631 2026] [php:error] [pid 66830] [client 104.208.104.6:0] script '/domains/braniff/hroxw.php' not found or unable to stat
[Wed Jan 07 11:51:24.136053 2026] [php:error] [pid 66830] [client 104.208.104.6:0] script '/domains/braniff/rkszbxbh.php' not found or unable to stat
[Wed Jan 07 11:51:24.276240 2026] [php:error] [pid 66938] [client 4.190.193.202:0] script '/domains/fdcarter/mar.php' not found or unable to stat
[Wed Jan 07 11:51:24.341868 2026] [php:error] [pid 66830] [client 104.208.104.6:0] script '/domains/braniff/hanna1337.php' not found or unable to stat
[Wed Jan 07 11:51:24.443503 2026] [php:error] [pid 66938] [client 4.190.193.202:0] script '/domains/fdcarter/123.php' not found or unable to stat
[Wed Jan 07 11:51:24.547894 2026] [php:error] [pid 66830] [client 104.208.104.6:0] script '/domains/braniff/gt.php' not found or unable to stat
[Wed Jan 07 11:51:24.627749 2026] [php:error] [pid 66938] [client 4.190.193.202:0] script '/domains/fdcarter/321.php' not found or unable to stat
[Wed Jan 07 11:51:24.754176 2026] [php:error] [pid 66830] [client 104.208.104.6:0] script '/domains/braniff/datab.php' not found or unable to stat
[Wed Jan 07 11:51:24.816611 2026] [php:error] [pid 66938] [client 4.190.193.202:0] script '/domains/fdcarter/simple.php' not found or unable to stat
[Wed Jan 07 11:51:24.985614 2026] [php:error] [pid 66938] [client 4.190.193.202:0] script '/domains/fdcarter/classwithtostring.php' not found or unable to stat
[Wed Jan 07 11:51:25.183690 2026] [php:error] [pid 66938] [client 4.190.193.202:0] script '/domains/fdcarter/al.php' not found or unable to stat
[Wed Jan 07 11:51:25.348736 2026] [php:error] [pid 66938] [client 4.190.193.202:0] script '/domains/fdcarter/xx.php' not found or unable to stat
[Wed Jan 07 11:51:25.391363 2026] [php:error] [pid 66830] [client 104.208.104.6:0] script '/domains/braniff/rk1.php' not found or unable to stat
[Wed Jan 07 11:51:25.522675 2026] [php:error] [pid 66938] [client 4.190.193.202:0] script '/domains/fdcarter/jga.php' not found or unable to stat
[Wed Jan 07 11:51:25.687013 2026] [php:error] [pid 66938] [client 4.190.193.202:0] script '/domains/fdcarter/num.php' not found or unable to stat
[Wed Jan 07 11:51:25.851632 2026] [php:error] [pid 66938] [client 4.190.193.202:0] script '/domains/fdcarter/ty.php' not found or unable to stat
[Wed Jan 07 11:51:26.009338 2026] [php:error] [pid 66830] [client 104.208.104.6:0] script '/domains/braniff/alfa-rex1.php' not found or unable to stat
[Wed Jan 07 11:51:26.015761 2026] [php:error] [pid 66938] [client 4.190.193.202:0] script '/domains/fdcarter/buy.php' not found or unable to stat
[Wed Jan 07 11:51:26.180551 2026] [php:error] [pid 66938] [client 4.190.193.202:0] script '/domains/fdcarter/abcd.php' not found or unable to stat
[Wed Jan 07 11:51:26.215525 2026] [php:error] [pid 66830] [client 104.208.104.6:0] script '/domains/braniff/suck.php' not found or unable to stat
[Wed Jan 07 11:51:26.345820 2026] [php:error] [pid 66938] [client 4.190.193.202:0] script '/domains/fdcarter/c.php' not found or unable to stat
[Wed Jan 07 11:51:26.421319 2026] [php:error] [pid 66830] [client 104.208.104.6:0] script '/domains/braniff/hikudpno.php' not found or unable to stat
[Wed Jan 07 11:51:26.539896 2026] [php:error] [pid 66938] [client 4.190.193.202:0] script '/domains/fdcarter/xo.php' not found or unable to stat
[Wed Jan 07 11:51:26.706158 2026] [php:error] [pid 66938] [client 4.190.193.202:0] script '/domains/fdcarter/dlu.php' not found or unable to stat
[Wed Jan 07 11:51:26.833874 2026] [php:error] [pid 66830] [client 104.208.104.6:0] script '/domains/braniff/sure.php' not found or unable to stat
[Wed Jan 07 11:51:26.870870 2026] [php:error] [pid 66938] [client 4.190.193.202:0] script '/domains/fdcarter/rk2.php' not found or unable to stat
[Wed Jan 07 11:51:27.035412 2026] [php:error] [pid 66938] [client 4.190.193.202:0] script '/domains/fdcarter/wso.php' not found or unable to stat
[Wed Jan 07 11:51:27.040457 2026] [php:error] [pid 66830] [client 104.208.104.6:0] script '/domains/braniff/zoo.php' not found or unable to stat
[Wed Jan 07 11:51:27.208300 2026] [php:error] [pid 66938] [client 4.190.193.202:0] script '/domains/fdcarter/we.php' not found or unable to stat
[Wed Jan 07 11:51:27.246199 2026] [php:error] [pid 66830] [client 104.208.104.6:0] script '/domains/braniff/4563.php' not found or unable to stat
[Wed Jan 07 11:51:27.452162 2026] [php:error] [pid 66830] [client 104.208.104.6:0] script '/domains/braniff/wunaivpl.php' not found or unable to stat
[Wed Jan 07 11:51:27.658546 2026] [php:error] [pid 66830] [client 104.208.104.6:0] script '/domains/braniff/reune.php' not found or unable to stat
[Wed Jan 07 11:51:27.864312 2026] [php:error] [pid 66830] [client 104.208.104.6:0] script '/domains/braniff/dw.php' not found or unable to stat
[Wed Jan 07 11:51:27.905230 2026] [php:error] [pid 66938] [client 4.190.193.202:0] script '/domains/fdcarter/karak.php' not found or unable to stat
[Wed Jan 07 11:51:28.084635 2026] [php:error] [pid 66938] [client 4.190.193.202:0] script '/domains/fdcarter/content.php' not found or unable to stat
[Wed Jan 07 11:51:28.249399 2026] [php:error] [pid 66938] [client 4.190.193.202:0] script '/domains/fdcarter/406.php' not found or unable to stat
[Wed Jan 07 11:51:28.306447 2026] [php:error] [pid 66830] [client 104.208.104.6:0] script '/domains/braniff/shellx.php' not found or unable to stat
[Wed Jan 07 11:51:28.718252 2026] [php:error] [pid 66830] [client 104.208.104.6:0] script '/domains/braniff/mode.php' not found or unable to stat
[Wed Jan 07 11:51:28.925072 2026] [php:error] [pid 66830] [client 104.208.104.6:0] script '/domains/braniff/lnexugel.php' not found or unable to stat
[Wed Jan 07 11:51:28.942071 2026] [php:error] [pid 66938] [client 4.190.193.202:0] script '/domains/fdcarter/mariju.php' not found or unable to stat
[Wed Jan 07 11:51:29.107422 2026] [php:error] [pid 66938] [client 4.190.193.202:0] script '/domains/fdcarter/k.php' not found or unable to stat
[Wed Jan 07 11:51:29.131207 2026] [php:error] [pid 66830] [client 104.208.104.6:0] script '/domains/braniff/online.php' not found or unable to stat
[Wed Jan 07 11:51:29.287103 2026] [php:error] [pid 66938] [client 4.190.193.202:0] script '/domains/fdcarter/cache.php' not found or unable to stat
[Wed Jan 07 11:51:29.337307 2026] [php:error] [pid 66830] [client 104.208.104.6:0] script '/domains/braniff/up-kon.php' not found or unable to stat
[Wed Jan 07 11:51:29.480915 2026] [php:error] [pid 66938] [client 4.190.193.202:0] script '/domains/fdcarter/zfile.php' not found or unable to stat
[Wed Jan 07 11:51:29.550567 2026] [php:error] [pid 66830] [client 104.208.104.6:0] script '/domains/braniff/word.php' not found or unable to stat
[Wed Jan 07 11:51:29.701162 2026] [php:error] [pid 66938] [client 4.190.193.202:0] script '/domains/fdcarter/NewFile.php' not found or unable to stat
[Wed Jan 07 11:51:29.865600 2026] [php:error] [pid 66938] [client 4.190.193.202:0] script '/domains/fdcarter/des.php' not found or unable to stat
[Wed Jan 07 11:51:29.964344 2026] [php:error] [pid 66830] [client 104.208.104.6:0] script '/domains/braniff/jcsonquo.php' not found or unable to stat
[Wed Jan 07 11:51:30.045819 2026] [php:error] [pid 66938] [client 4.190.193.202:0] script '/domains/fdcarter/ant.php' not found or unable to stat
[Wed Jan 07 11:51:30.170147 2026] [php:error] [pid 66830] [client 104.208.104.6:0] script '/domains/braniff/termps.php' not found or unable to stat
[Wed Jan 07 11:51:30.210038 2026] [php:error] [pid 66938] [client 4.190.193.202:0] script '/domains/fdcarter/jlex.php' not found or unable to stat
[Wed Jan 07 11:51:30.376290 2026] [php:error] [pid 66938] [client 4.190.193.202:0] script '/domains/fdcarter/mini.php' not found or unable to stat
[Wed Jan 07 11:51:30.550493 2026] [php:error] [pid 66938] [client 4.190.193.202:0] script '/domains/fdcarter/fm.php' not found or unable to stat
[Wed Jan 07 11:51:30.593442 2026] [php:error] [pid 66830] [client 104.208.104.6:0] script '/domains/braniff/indo.php' not found or unable to stat
[Wed Jan 07 11:51:30.800552 2026] [php:error] [pid 66830] [client 104.208.104.6:0] script '/domains/braniff/rin.php' not found or unable to stat
[Wed Jan 07 11:51:31.008656 2026] [php:error] [pid 66830] [client 104.208.104.6:0] script '/domains/braniff/packages.php' not found or unable to stat
[Wed Jan 07 11:51:31.063236 2026] [php:error] [pid 66938] [client 4.190.193.202:0] script '/domains/fdcarter/1.php' not found or unable to stat
[Wed Jan 07 11:51:31.215439 2026] [php:error] [pid 66830] [client 104.208.104.6:0] script '/domains/braniff/ioxi.php' not found or unable to stat
[Wed Jan 07 11:51:31.227399 2026] [php:error] [pid 66938] [client 4.190.193.202:0] script '/domains/fdcarter/wpc.php' not found or unable to stat
[Wed Jan 07 11:51:31.391554 2026] [php:error] [pid 66938] [client 4.190.193.202:0] script '/domains/fdcarter/lc.php' not found or unable to stat
[Wed Jan 07 11:51:31.421556 2026] [php:error] [pid 66830] [client 104.208.104.6:0] script '/domains/braniff/vbv.php' not found or unable to stat
[Wed Jan 07 11:51:31.570379 2026] [php:error] [pid 66938] [client 4.190.193.202:0] script '/domains/fdcarter/mlex.php' not found or unable to stat
[Wed Jan 07 11:51:31.633727 2026] [php:error] [pid 66830] [client 104.208.104.6:0] script '/domains/braniff/mk.php' not found or unable to stat
[Wed Jan 07 11:51:31.746442 2026] [php:error] [pid 66938] [client 4.190.193.202:0] script '/domains/fdcarter/nc4.php' not found or unable to stat
[Wed Jan 07 11:51:31.846566 2026] [php:error] [pid 66830] [client 104.208.104.6:0] script '/domains/braniff/moderation.php' not found or unable to stat
[Wed Jan 07 11:51:31.917583 2026] [php:error] [pid 66938] [client 4.190.193.202:0] script '/domains/fdcarter/class.php' not found or unable to stat
[Wed Jan 07 11:51:32.058549 2026] [php:error] [pid 66830] [client 104.208.104.6:0] script '/domains/braniff/simple-shell.php' not found or unable to stat
[Wed Jan 07 11:51:32.089134 2026] [php:error] [pid 66938] [client 4.190.193.202:0] script '/domains/fdcarter/mpvloi.php' not found or unable to stat
[Wed Jan 07 11:51:32.272103 2026] [php:error] [pid 66938] [client 4.190.193.202:0] script '/domains/fdcarter/v1.php' not found or unable to stat
[Wed Jan 07 11:51:32.437605 2026] [php:error] [pid 66938] [client 4.190.193.202:0] script '/domains/fdcarter/v2.php' not found or unable to stat
[Wed Jan 07 11:51:32.470492 2026] [php:error] [pid 66830] [client 104.208.104.6:0] script '/domains/braniff/2Vu80QG.php' not found or unable to stat
[Wed Jan 07 11:51:32.604839 2026] [php:error] [pid 66938] [client 4.190.193.202:0] script '/domains/fdcarter/dex.php' not found or unable to stat
[Wed Jan 07 11:51:32.676290 2026] [php:error] [pid 66830] [client 104.208.104.6:0] script '/domains/braniff/bsr.php' not found or unable to stat
[Wed Jan 07 11:51:32.777597 2026] [php:error] [pid 66938] [client 4.190.193.202:0] script '/domains/fdcarter/angelV2.php' not found or unable to stat
[Wed Jan 07 11:51:32.882154 2026] [php:error] [pid 66830] [client 104.208.104.6:0] script '/domains/braniff/ans.php' not found or unable to stat
[Wed Jan 07 11:51:33.088188 2026] [php:error] [pid 66830] [client 104.208.104.6:0] script '/domains/braniff/wp-tot.php' not found or unable to stat
[Wed Jan 07 11:51:33.295274 2026] [php:error] [pid 66830] [client 104.208.104.6:0] script '/domains/braniff/Core-wp.php' not found or unable to stat
[Wed Jan 07 11:51:33.501555 2026] [php:error] [pid 66830] [client 104.208.104.6:0] script '/domains/braniff/src.php' not found or unable to stat
[Wed Jan 07 11:51:33.925709 2026] [php:error] [pid 66830] [client 104.208.104.6:0] script '/domains/braniff/nxd.php' not found or unable to stat
[Wed Jan 07 11:51:34.131965 2026] [php:error] [pid 66830] [client 104.208.104.6:0] script '/domains/braniff/payout.php' not found or unable to stat
[Wed Jan 07 11:51:34.337960 2026] [php:error] [pid 66830] [client 104.208.104.6:0] script '/domains/braniff/uxquidwa.php' not found or unable to stat
[Wed Jan 07 11:51:34.544158 2026] [php:error] [pid 66830] [client 104.208.104.6:0] script '/domains/braniff/combined.php' not found or unable to stat
[Wed Jan 07 11:51:34.750336 2026] [php:error] [pid 66830] [client 104.208.104.6:0] script '/domains/braniff/mari.php' not found or unable to stat
