[Wed Jan 07 09:13:01.997023 2026] [php:error] [pid 30647] [client 52.169.143.103:0] script '/domains/system_suspended/vx.php' not found or unable to stat
[Wed Jan 07 09:13:02.013305 2026] [php:error] [pid 30625] [client 4.194.106.39:0] script '/domains/system_default/000.php' not found or unable to stat
[Wed Jan 07 09:13:02.082516 2026] [php:error] [pid 30647] [client 52.169.143.103:0] script '/domains/system_suspended/admin.php' not found or unable to stat
[Wed Jan 07 09:13:02.163474 2026] [php:error] [pid 30647] [client 52.169.143.103:0] script '/domains/system_suspended/wp-good.php' not found or unable to stat
[Wed Jan 07 09:13:02.232231 2026] [php:error] [pid 30625] [client 4.194.106.39:0] script '/domains/system_default/xxxx.php' not found or unable to stat
[Wed Jan 07 09:13:02.237804 2026] [php:error] [pid 30647] [client 52.169.143.103:0] script '/domains/system_suspended/xa.php' not found or unable to stat
[Wed Jan 07 09:13:02.320212 2026] [php:error] [pid 30647] [client 52.169.143.103:0] script '/domains/system_suspended/f8.php' not found or unable to stat
[Wed Jan 07 09:13:02.408440 2026] [php:error] [pid 30647] [client 52.169.143.103:0] script '/domains/system_suspended/moon3.php' not found or unable to stat
[Wed Jan 07 09:13:02.450737 2026] [php:error] [pid 30625] [client 4.194.106.39:0] script '/domains/system_default/wen.php' not found or unable to stat
[Wed Jan 07 09:13:02.487952 2026] [php:error] [pid 30647] [client 52.169.143.103:0] script '/domains/system_suspended/ffile.php' not found or unable to stat
[Wed Jan 07 09:13:02.582156 2026] [php:error] [pid 30647] [client 52.169.143.103:0] script '/domains/system_suspended/X7x.php' not found or unable to stat
[Wed Jan 07 09:13:02.658500 2026] [php:error] [pid 30647] [client 52.169.143.103:0] script '/domains/system_suspended/xxxx.php' not found or unable to stat
[Wed Jan 07 09:13:02.669303 2026] [php:error] [pid 30625] [client 4.194.106.39:0] script '/domains/system_default/ss1.php' not found or unable to stat
[Wed Jan 07 09:13:02.733222 2026] [php:error] [pid 30647] [client 52.169.143.103:0] script '/domains/system_suspended/Sanskrit.php' not found or unable to stat
[Wed Jan 07 09:13:02.808448 2026] [php:error] [pid 30647] [client 52.169.143.103:0] script '/domains/system_suspended/gec.php' not found or unable to stat
[Wed Jan 07 09:13:02.889614 2026] [php:error] [pid 30625] [client 4.194.106.39:0] script '/domains/system_default/shoyo.php' not found or unable to stat
[Wed Jan 07 09:13:02.916252 2026] [php:error] [pid 30647] [client 52.169.143.103:0] script '/domains/system_suspended/as.php' not found or unable to stat
[Wed Jan 07 09:13:02.991804 2026] [php:error] [pid 30647] [client 52.169.143.103:0] script '/domains/system_suspended/file30.php' not found or unable to stat
[Wed Jan 07 09:13:03.108121 2026] [php:error] [pid 30625] [client 4.194.106.39:0] script '/domains/system_default/flower.php' not found or unable to stat
[Wed Jan 07 09:13:03.143491 2026] [php:error] [pid 30647] [client 52.169.143.103:0] script '/domains/system_suspended/nox.php' not found or unable to stat
[Wed Jan 07 09:13:03.217654 2026] [php:error] [pid 30647] [client 52.169.143.103:0] script '/domains/system_suspended/222.php' not found or unable to stat
[Wed Jan 07 09:13:03.307770 2026] [php:error] [pid 30647] [client 52.169.143.103:0] script '/domains/system_suspended/xml.php' not found or unable to stat
[Wed Jan 07 09:13:03.326804 2026] [php:error] [pid 30625] [client 4.194.106.39:0] script '/domains/system_default/adminfuns.php' not found or unable to stat
[Wed Jan 07 09:13:03.460336 2026] [php:error] [pid 30647] [client 52.169.143.103:0] script '/domains/system_suspended/bless14.php' not found or unable to stat
[Wed Jan 07 09:13:03.534904 2026] [php:error] [pid 30647] [client 52.169.143.103:0] script '/domains/system_suspended/css.php' not found or unable to stat
[Wed Jan 07 09:13:03.546246 2026] [php:error] [pid 30625] [client 4.194.106.39:0] script '/domains/system_default/file48.php' not found or unable to stat
[Wed Jan 07 09:13:03.609734 2026] [php:error] [pid 30647] [client 52.169.143.103:0] script '/domains/system_suspended/oo.php' not found or unable to stat
[Wed Jan 07 09:13:03.747967 2026] [php:error] [pid 30647] [client 52.169.143.103:0] script '/domains/system_suspended/x.php' not found or unable to stat
[Wed Jan 07 09:13:03.770582 2026] [php:error] [pid 30625] [client 4.194.106.39:0] script '/domains/system_default/info.php' not found or unable to stat
[Wed Jan 07 09:13:03.827452 2026] [php:error] [pid 30647] [client 52.169.143.103:0] script '/domains/system_suspended/f35.php' not found or unable to stat
[Wed Jan 07 09:13:03.913687 2026] [php:error] [pid 30647] [client 52.169.143.103:0] script '/domains/system_suspended/jga.php' not found or unable to stat
[Wed Jan 07 09:13:03.989924 2026] [php:error] [pid 30625] [client 4.194.106.39:0] script '/domains/system_default/class9.php' not found or unable to stat
[Wed Jan 07 09:13:03.998441 2026] [php:error] [pid 30647] [client 52.169.143.103:0] script '/domains/system_suspended/gg.php' not found or unable to stat
[Wed Jan 07 09:13:04.171769 2026] [php:error] [pid 30647] [client 52.169.143.103:0] script '/domains/system_suspended/ws29.php' not found or unable to stat
[Wed Jan 07 09:13:04.208641 2026] [php:error] [pid 30625] [client 4.194.106.39:0] script '/domains/system_default/bless11.php' not found or unable to stat
[Wed Jan 07 09:13:04.246308 2026] [php:error] [pid 30647] [client 52.169.143.103:0] script '/domains/system_suspended/wen.php' not found or unable to stat
[Wed Jan 07 09:13:04.320751 2026] [php:error] [pid 30647] [client 52.169.143.103:0] script '/domains/system_suspended/pass.php' not found or unable to stat
[Wed Jan 07 09:13:04.436585 2026] [php:error] [pid 30647] [client 52.169.143.103:0] script '/domains/system_suspended/themes.php' not found or unable to stat
[Wed Jan 07 09:13:04.439042 2026] [php:error] [pid 30625] [client 4.194.106.39:0] script '/domains/system_default/class.php' not found or unable to stat
[Wed Jan 07 09:13:04.512011 2026] [php:error] [pid 30647] [client 52.169.143.103:0] script '/domains/system_suspended/log.php' not found or unable to stat
[Wed Jan 07 09:13:04.591775 2026] [php:error] [pid 30647] [client 52.169.143.103:0] script '/domains/system_suspended/sitemaps.php' not found or unable to stat
[Wed Jan 07 09:13:04.657564 2026] [php:error] [pid 30625] [client 4.194.106.39:0] script '/domains/system_default/bless5.php' not found or unable to stat
[Wed Jan 07 09:13:04.666596 2026] [php:error] [pid 30647] [client 52.169.143.103:0] script '/domains/system_suspended/wp-trackback.php' not found or unable to stat
[Wed Jan 07 09:13:04.853267 2026] [php:error] [pid 30647] [client 52.169.143.103:0] script '/domains/system_suspended/cc.php' not found or unable to stat
[Wed Jan 07 09:13:04.875854 2026] [php:error] [pid 30625] [client 4.194.106.39:0] script '/domains/system_default/lock360.php' not found or unable to stat
[Wed Jan 07 09:13:04.945668 2026] [php:error] [pid 30647] [client 52.169.143.103:0] script '/domains/system_suspended/class.php' not found or unable to stat
[Wed Jan 07 09:13:05.038274 2026] [php:error] [pid 30647] [client 52.169.143.103:0] script '/domains/system_suspended/img.php' not found or unable to stat
[Wed Jan 07 09:13:05.094881 2026] [php:error] [pid 30625] [client 4.194.106.39:0] script '/domains/system_default/f35.php' not found or unable to stat
[Wed Jan 07 09:13:05.114088 2026] [php:error] [pid 30647] [client 52.169.143.103:0] script '/domains/system_suspended/edit.php' not found or unable to stat
[Wed Jan 07 09:13:05.188414 2026] [php:error] [pid 30647] [client 52.169.143.103:0] script '/domains/system_suspended/file.php' not found or unable to stat
[Wed Jan 07 09:13:05.263251 2026] [php:error] [pid 30647] [client 52.169.143.103:0] script '/domains/system_suspended/user.php' not found or unable to stat
[Wed Jan 07 09:13:05.314041 2026] [php:error] [pid 30625] [client 4.194.106.39:0] script '/domains/system_default/gg.php' not found or unable to stat
[Wed Jan 07 09:13:05.337829 2026] [php:error] [pid 30647] [client 52.169.143.103:0] script '/domains/system_suspended/0x.php' not found or unable to stat
[Wed Jan 07 09:13:05.416269 2026] [php:error] [pid 30647] [client 52.169.143.103:0] script '/domains/system_suspended/buy.php' not found or unable to stat
[Wed Jan 07 09:13:05.497829 2026] [php:error] [pid 30647] [client 52.169.143.103:0] script '/domains/system_suspended/bless.php' not found or unable to stat
[Wed Jan 07 09:13:05.532754 2026] [php:error] [pid 30625] [client 4.194.106.39:0] script '/domains/system_default/ar.php' not found or unable to stat
[Wed Jan 07 09:13:05.588979 2026] [php:error] [pid 30647] [client 52.169.143.103:0] script '/domains/system_suspended/wp-sign.php' not found or unable to stat
[Wed Jan 07 09:13:05.668439 2026] [php:error] [pid 30647] [client 52.169.143.103:0] script '/domains/system_suspended/ppp.php' not found or unable to stat
[Wed Jan 07 09:13:05.751325 2026] [php:error] [pid 30625] [client 4.194.106.39:0] script '/domains/system_default/alfa.php' not found or unable to stat
[Wed Jan 07 09:13:05.756908 2026] [php:error] [pid 30647] [client 52.169.143.103:0] script '/domains/system_suspended/atomlib.php' not found or unable to stat
[Wed Jan 07 09:13:05.831305 2026] [php:error] [pid 30647] [client 52.169.143.103:0] script '/domains/system_suspended/Ov-Simple1.php' not found or unable to stat
[Wed Jan 07 09:13:05.913962 2026] [php:error] [pid 30647] [client 52.169.143.103:0] script '/domains/system_suspended/cong.php' not found or unable to stat
[Wed Jan 07 09:13:05.970207 2026] [php:error] [pid 30625] [client 4.194.106.39:0] script '/domains/system_default/classwithtostring.php' not found or unable to stat
[Wed Jan 07 09:13:05.988092 2026] [php:error] [pid 30647] [client 52.169.143.103:0] script '/domains/system_suspended/wp-configs.php' not found or unable to stat
[Wed Jan 07 09:13:06.063100 2026] [php:error] [pid 30647] [client 52.169.143.103:0] script '/domains/system_suspended/wp-help.php' not found or unable to stat
[Wed Jan 07 09:13:06.137671 2026] [php:error] [pid 30647] [client 52.169.143.103:0] script '/domains/system_suspended/xc.php' not found or unable to stat
[Wed Jan 07 09:13:06.194583 2026] [php:error] [pid 30625] [client 4.194.106.39:0] script '/domains/system_default/abcd.php' not found or unable to stat
[Wed Jan 07 09:13:06.309432 2026] [php:error] [pid 30647] [client 52.169.143.103:0] script '/domains/system_suspended/files.php' not found or unable to stat
[Wed Jan 07 09:13:06.386404 2026] [php:error] [pid 30647] [client 52.169.143.103:0] script '/domains/system_suspended/hly.php' not found or unable to stat
[Wed Jan 07 09:13:06.413911 2026] [php:error] [pid 30625] [client 4.194.106.39:0] script '/domains/system_default/admin.php' not found or unable to stat
[Wed Jan 07 09:13:06.551232 2026] [php:error] [pid 30647] [client 52.169.143.103:0] script '/domains/system_suspended/text.php' not found or unable to stat
[Wed Jan 07 09:13:06.636475 2026] [php:error] [pid 30625] [client 4.194.106.39:0] script '/domains/system_default/ioxi-o.php' not found or unable to stat
[Wed Jan 07 09:13:06.645549 2026] [php:error] [pid 30647] [client 52.169.143.103:0] script '/domains/system_suspended/item.php' not found or unable to stat
[Wed Jan 07 09:13:06.726170 2026] [php:error] [pid 30647] [client 52.169.143.103:0] script '/domains/system_suspended/install.php' not found or unable to stat
[Wed Jan 07 09:13:06.807651 2026] [php:error] [pid 30647] [client 52.169.143.103:0] script '/domains/system_suspended/wp-conflg.php' not found or unable to stat
[Wed Jan 07 09:13:06.857821 2026] [php:error] [pid 30625] [client 4.194.106.39:0] script '/domains/system_default/0x.php' not found or unable to stat
[Wed Jan 07 09:13:06.889365 2026] [php:error] [pid 30647] [client 52.169.143.103:0] script '/domains/system_suspended/dropdown.php' not found or unable to stat
[Wed Jan 07 09:13:06.980827 2026] [php:error] [pid 30647] [client 52.169.143.103:0] script '/domains/system_suspended/xp.php' not found or unable to stat
[Wed Jan 07 09:13:07.064202 2026] [php:error] [pid 30647] [client 52.169.143.103:0] script '/domains/system_suspended/yes.php' not found or unable to stat
[Wed Jan 07 09:13:07.092462 2026] [php:error] [pid 30625] [client 4.194.106.39:0] script '/domains/system_default/css.php' not found or unable to stat
[Wed Jan 07 09:13:07.139117 2026] [php:error] [pid 30647] [client 52.169.143.103:0] script '/domains/system_suspended/09fa6.php' not found or unable to stat
[Wed Jan 07 09:13:07.230396 2026] [php:error] [pid 30647] [client 52.169.143.103:0] script '/domains/system_suspended/89.php' not found or unable to stat
[Wed Jan 07 09:13:07.310868 2026] [php:error] [pid 30625] [client 4.194.106.39:0] script '/domains/system_default/222.php' not found or unable to stat
[Wed Jan 07 09:13:07.355317 2026] [php:error] [pid 30647] [client 52.169.143.103:0] script '/domains/system_suspended/has.php' not found or unable to stat
[Wed Jan 07 09:13:07.447143 2026] [php:error] [pid 30647] [client 52.169.143.103:0] script '/domains/system_suspended/nax.php' not found or unable to stat
[Wed Jan 07 09:13:07.521301 2026] [php:error] [pid 30647] [client 52.169.143.103:0] script '/domains/system_suspended/ooj.php' not found or unable to stat
[Wed Jan 07 09:13:07.536502 2026] [php:error] [pid 30625] [client 4.194.106.39:0] script '/domains/system_default/class19.php' not found or unable to stat
[Wed Jan 07 09:13:07.606324 2026] [php:error] [pid 30647] [client 52.169.143.103:0] script '/domains/system_suspended/orm.php' not found or unable to stat
[Wed Jan 07 09:13:07.706686 2026] [php:error] [pid 30647] [client 52.169.143.103:0] script '/domains/system_suspended/yep.php' not found or unable to stat
[Wed Jan 07 09:13:07.755088 2026] [php:error] [pid 30625] [client 4.194.106.39:0] script '/domains/system_default/class20.php' not found or unable to stat
[Wed Jan 07 09:13:07.781901 2026] [php:error] [pid 30647] [client 52.169.143.103:0] script '/domains/system_suspended/x3.php' not found or unable to stat
[Wed Jan 07 09:13:07.869354 2026] [php:error] [pid 30647] [client 52.169.143.103:0] script '/domains/system_suspended/6erg.php' not found or unable to stat
[Wed Jan 07 09:13:07.956067 2026] [php:error] [pid 30647] [client 52.169.143.103:0] script '/domains/system_suspended/ggfi.php' not found or unable to stat
[Wed Jan 07 09:13:07.998771 2026] [php:error] [pid 30625] [client 4.194.106.39:0] script '/domains/system_default/admin.php' not found or unable to stat
[Wed Jan 07 09:13:08.043175 2026] [php:error] [pid 30647] [client 52.169.143.103:0] script '/domains/system_suspended/wrt.php' not found or unable to stat
[Wed Jan 07 09:13:08.129172 2026] [php:error] [pid 30647] [client 52.169.143.103:0] script '/domains/system_suspended/jju.php' not found or unable to stat
[Wed Jan 07 09:13:08.203637 2026] [php:error] [pid 30647] [client 52.169.143.103:0] script '/domains/system_suspended/rsnu.php' not found or unable to stat
[Wed Jan 07 09:13:08.227156 2026] [php:error] [pid 30625] [client 4.194.106.39:0] script '/domains/system_default/css.php' not found or unable to stat
[Wed Jan 07 09:13:08.280080 2026] [php:error] [pid 30647] [client 52.169.143.103:0] script '/domains/system_suspended/lc.php' not found or unable to stat
[Wed Jan 07 09:13:08.354337 2026] [php:error] [pid 30647] [client 52.169.143.103:0] script '/domains/system_suspended/gfile.php' not found or unable to stat
[Wed Jan 07 09:13:08.446051 2026] [php:error] [pid 30625] [client 4.194.106.39:0] script '/domains/system_default/wsd.php' not found or unable to stat
[Wed Jan 07 09:13:08.479764 2026] [php:error] [pid 30647] [client 52.169.143.103:0] script '/domains/system_suspended/gold.php' not found or unable to stat
[Wed Jan 07 09:13:08.574137 2026] [php:error] [pid 30647] [client 52.169.143.103:0] script '/domains/system_suspended/new.php' not found or unable to stat
[Wed Jan 07 09:13:08.665612 2026] [php:error] [pid 30625] [client 4.194.106.39:0] script '/domains/system_default/gtc.php' not found or unable to stat
[Wed Jan 07 09:13:08.670226 2026] [php:error] [pid 30647] [client 52.169.143.103:0] script '/domains/system_suspended/aua.php' not found or unable to stat
[Wed Jan 07 09:13:08.744507 2026] [php:error] [pid 30647] [client 52.169.143.103:0] script '/domains/system_suspended/great.php' not found or unable to stat
[Wed Jan 07 09:13:08.819470 2026] [php:error] [pid 30647] [client 52.169.143.103:0] script '/domains/system_suspended/class9.php' not found or unable to stat
[Wed Jan 07 09:13:08.884308 2026] [php:error] [pid 30625] [client 4.194.106.39:0] script '/domains/system_default/xtride.php' not found or unable to stat
[Wed Jan 07 09:13:08.893738 2026] [php:error] [pid 30647] [client 52.169.143.103:0] script '/domains/system_suspended/ot.php' not found or unable to stat
[Wed Jan 07 09:13:08.981426 2026] [php:error] [pid 30647] [client 52.169.143.103:0] script '/domains/system_suspended/witmm.php' not found or unable to stat
[Wed Jan 07 09:13:09.061904 2026] [php:error] [pid 30647] [client 52.169.143.103:0] script '/domains/system_suspended/ocxla.php' not found or unable to stat
[Wed Jan 07 09:13:09.132428 2026] [php:error] [pid 30625] [client 4.194.106.39:0] script '/domains/system_default/s11.php' not found or unable to stat
[Wed Jan 07 09:13:09.269414 2026] [php:error] [pid 30648] [client 52.169.143.103:0] script '/domains/system_suspended/tt.php' not found or unable to stat
[Wed Jan 07 09:13:09.350562 2026] [php:error] [pid 30648] [client 52.169.143.103:0] script '/domains/system_suspended/resp.php' not found or unable to stat
[Wed Jan 07 09:13:09.350839 2026] [php:error] [pid 30625] [client 4.194.106.39:0] script '/domains/system_default/goat.php' not found or unable to stat
[Wed Jan 07 09:13:09.426177 2026] [php:error] [pid 30648] [client 52.169.143.103:0] script '/domains/system_suspended/100.kb.php' not found or unable to stat
[Wed Jan 07 09:13:09.549305 2026] [php:error] [pid 30648] [client 52.169.143.103:0] script '/domains/system_suspended/wqqs.php' not found or unable to stat
[Wed Jan 07 09:13:09.569325 2026] [php:error] [pid 30625] [client 4.194.106.39:0] script '/domains/system_default/wsvvs.php' not found or unable to stat
[Wed Jan 07 09:13:09.626912 2026] [php:error] [pid 30648] [client 52.169.143.103:0] script '/domains/system_suspended/zwq13.php' not found or unable to stat
[Wed Jan 07 09:13:09.701122 2026] [php:error] [pid 30648] [client 52.169.143.103:0] script '/domains/system_suspended/rtx.php' not found or unable to stat
[Wed Jan 07 09:13:09.783248 2026] [php:error] [pid 30648] [client 52.169.143.103:0] script '/domains/system_suspended/1index.php' not found or unable to stat
[Wed Jan 07 09:13:09.793599 2026] [php:error] [pid 30625] [client 4.194.106.39:0] script '/domains/system_default/f6.php' not found or unable to stat
[Wed Jan 07 09:13:09.857689 2026] [php:error] [pid 30648] [client 52.169.143.103:0] script '/domains/system_suspended/fs6.php' not found or unable to stat
[Wed Jan 07 09:13:09.935911 2026] [php:error] [pid 30648] [client 52.169.143.103:0] script '/domains/system_suspended/clasa99.php' not found or unable to stat
[Wed Jan 07 09:13:10.012042 2026] [php:error] [pid 30625] [client 4.194.106.39:0] script '/domains/system_default/lyy.php' not found or unable to stat
[Wed Jan 07 09:13:10.048116 2026] [php:error] [pid 30648] [client 52.169.143.103:0] script '/domains/system_suspended/fasx.php' not found or unable to stat
[Wed Jan 07 09:13:10.122539 2026] [php:error] [pid 30648] [client 52.169.143.103:0] script '/domains/system_suspended/c4.php' not found or unable to stat
[Wed Jan 07 09:13:10.196818 2026] [php:error] [pid 30648] [client 52.169.143.103:0] script '/domains/system_suspended/lock1.php' not found or unable to stat
[Wed Jan 07 09:13:10.231003 2026] [php:error] [pid 30625] [client 4.194.106.39:0] script '/domains/system_default/galex.php' not found or unable to stat
[Wed Jan 07 09:13:10.449527 2026] [php:error] [pid 30625] [client 4.194.106.39:0] script '/domains/system_default/inputs.php' not found or unable to stat
[Wed Jan 07 09:13:10.575826 2026] [php:error] [pid 30648] [client 52.169.143.103:0] script '/domains/system_suspended/lock11.php' not found or unable to stat
[Wed Jan 07 09:13:10.664911 2026] [php:error] [pid 30648] [client 52.169.143.103:0] script '/domains/system_suspended/api137.php' not found or unable to stat
[Wed Jan 07 09:13:10.668301 2026] [php:error] [pid 30625] [client 4.194.106.39:0] script '/domains/system_default/about.php' not found or unable to stat
[Wed Jan 07 09:13:10.748741 2026] [php:error] [pid 30648] [client 52.169.143.103:0] script '/domains/system_suspended/class629.php' not found or unable to stat
[Wed Jan 07 09:13:10.866988 2026] [php:error] [pid 30648] [client 52.169.143.103:0] script '/domains/system_suspended/wp670.php' not found or unable to stat
[Wed Jan 07 09:13:10.894893 2026] [php:error] [pid 30625] [client 4.194.106.39:0] script '/domains/system_default/pp.php' not found or unable to stat
[Wed Jan 07 09:13:10.955373 2026] [php:error] [pid 30648] [client 52.169.143.103:0] script '/domains/system_suspended/v1.php' not found or unable to stat
[Wed Jan 07 09:13:11.048711 2026] [php:error] [pid 30648] [client 52.169.143.103:0] script '/domains/system_suspended/xx.php' not found or unable to stat
[Wed Jan 07 09:13:11.113271 2026] [php:error] [pid 30625] [client 4.194.106.39:0] script '/domains/system_default/files.php' not found or unable to stat
[Wed Jan 07 09:13:11.226009 2026] [php:error] [pid 30648] [client 52.169.143.103:0] script '/domains/system_suspended/skinmain.php' not found or unable to stat
[Wed Jan 07 09:13:11.386480 2026] [php:error] [pid 30648] [client 52.169.143.103:0] script '/domains/system_suspended/orxnwdbb.php' not found or unable to stat
[Wed Jan 07 09:13:11.473009 2026] [php:error] [pid 30648] [client 52.169.143.103:0] script '/domains/system_suspended/v3.php' not found or unable to stat
[Wed Jan 07 09:13:11.617976 2026] [php:error] [pid 30648] [client 52.169.143.103:0] script '/domains/system_suspended/fs8.php' not found or unable to stat
[Wed Jan 07 09:13:11.917503 2026] [php:error] [pid 30648] [client 52.169.143.103:0] script '/domains/system_suspended/adminer-4.5.0-mysql.php' not found or unable to stat
[Wed Jan 07 09:13:12.083654 2026] [php:error] [pid 30648] [client 52.169.143.103:0] script '/domains/system_suspended/video.php' not found or unable to stat
[Wed Jan 07 09:13:12.159712 2026] [php:error] [pid 30648] [client 52.169.143.103:0] script '/domains/system_suspended/scgi-bin.php' not found or unable to stat
[Wed Jan 07 09:13:12.254440 2026] [php:error] [pid 30648] [client 52.169.143.103:0] script '/domains/system_suspended/finest09.php' not found or unable to stat
[Wed Jan 07 09:13:12.329077 2026] [php:error] [pid 30648] [client 52.169.143.103:0] script '/domains/system_suspended/1100.php' not found or unable to stat
[Wed Jan 07 09:13:12.407693 2026] [php:error] [pid 30648] [client 52.169.143.103:0] script '/domains/system_suspended/iov.php' not found or unable to stat
[Wed Jan 07 09:13:12.699528 2026] [php:error] [pid 30648] [client 52.169.143.103:0] script '/domains/system_suspended/.well-known.php' not found or unable to stat
[Wed Jan 07 09:13:12.794022 2026] [php:error] [pid 30648] [client 52.169.143.103:0] script '/domains/system_suspended/02.php' not found or unable to stat
[Wed Jan 07 09:13:12.885363 2026] [php:error] [pid 30648] [client 52.169.143.103:0] script '/domains/system_suspended/13.php' not found or unable to stat
[Wed Jan 07 09:13:12.965638 2026] [php:error] [pid 30648] [client 52.169.143.103:0] script '/domains/system_suspended/2024.php' not found or unable to stat
[Wed Jan 07 09:13:13.051163 2026] [php:error] [pid 30648] [client 52.169.143.103:0] script '/domains/system_suspended/403.php' not found or unable to stat
[Wed Jan 07 09:13:13.125506 2026] [php:error] [pid 30648] [client 52.169.143.103:0] script '/domains/system_suspended/Diff.php' not found or unable to stat
[Wed Jan 07 09:13:13.216788 2026] [php:error] [pid 30648] [client 52.169.143.103:0] script '/domains/system_suspended/Engine.php' not found or unable to stat
[Wed Jan 07 09:13:13.294187 2026] [php:error] [pid 30648] [client 52.169.143.103:0] script '/domains/system_suspended/ID3.php' not found or unable to stat
[Wed Jan 07 09:13:13.368860 2026] [php:error] [pid 30648] [client 52.169.143.103:0] script '/domains/system_suspended/IXR.php' not found or unable to stat
[Wed Jan 07 09:13:13.447949 2026] [php:error] [pid 30648] [client 52.169.143.103:0] script '/domains/system_suspended/SimplePie.php' not found or unable to stat
[Wed Jan 07 09:13:13.522766 2026] [php:error] [pid 30648] [client 52.169.143.103:0] script '/domains/system_suspended/Text.php' not found or unable to stat
[Wed Jan 07 09:13:13.567936 2026] [php:error] [pid 30625] [client 4.194.106.39:0] script '/domains/system_default/ac.php' not found or unable to stat
[Wed Jan 07 09:13:13.597024 2026] [php:error] [pid 30648] [client 52.169.143.103:0] script '/domains/system_suspended/aahana.php' not found or unable to stat
[Wed Jan 07 09:13:13.671658 2026] [php:error] [pid 30648] [client 52.169.143.103:0] script '/domains/system_suspended/ws35.php' not found or unable to stat
[Wed Jan 07 09:13:14.041185 2026] [php:error] [pid 30639] [client 4.194.106.39:0] script '/domains/system_default/bel.php' not found or unable to stat
[Wed Jan 07 09:13:14.708285 2026] [php:error] [pid 30639] [client 4.194.106.39:0] script '/domains/system_default/shell20211028.php' not found or unable to stat
[Wed Jan 07 09:13:15.373350 2026] [php:error] [pid 30639] [client 4.194.106.39:0] script '/domains/system_default/bras.php' not found or unable to stat
[Wed Jan 07 09:13:15.592233 2026] [php:error] [pid 30639] [client 4.194.106.39:0] script '/domains/system_default/vv.php' not found or unable to stat
[Wed Jan 07 09:13:15.811030 2026] [php:error] [pid 30639] [client 4.194.106.39:0] script '/domains/system_default/gold.php' not found or unable to stat
[Wed Jan 07 09:13:16.030263 2026] [php:error] [pid 30639] [client 4.194.106.39:0] script '/domains/system_default/xe.php' not found or unable to stat
[Wed Jan 07 09:13:16.250533 2026] [php:error] [pid 30639] [client 4.194.106.39:0] script '/domains/system_default/bipas.php' not found or unable to stat
[Wed Jan 07 09:13:16.469234 2026] [php:error] [pid 30639] [client 4.194.106.39:0] script '/domains/system_default/xb.php' not found or unable to stat
[Wed Jan 07 09:13:16.688266 2026] [php:error] [pid 30639] [client 4.194.106.39:0] script '/domains/system_default/cx.php' not found or unable to stat
[Wed Jan 07 09:13:16.913039 2026] [php:error] [pid 30639] [client 4.194.106.39:0] script '/domains/system_default/x.php' not found or unable to stat
[Wed Jan 07 09:13:17.131929 2026] [php:error] [pid 30639] [client 4.194.106.39:0] script '/domains/system_default/xx.php' not found or unable to stat
[Wed Jan 07 09:13:17.350858 2026] [php:error] [pid 30639] [client 4.194.106.39:0] script '/domains/system_default/0x0x.php' not found or unable to stat
[Wed Jan 07 09:13:17.571609 2026] [php:error] [pid 30639] [client 4.194.106.39:0] script '/domains/system_default/xrr.php' not found or unable to stat
[Wed Jan 07 09:13:17.790693 2026] [php:error] [pid 30639] [client 4.194.106.39:0] script '/domains/system_default/xtt.php' not found or unable to stat
[Wed Jan 07 09:13:18.016547 2026] [php:error] [pid 30639] [client 4.194.106.39:0] script '/domains/system_default/gi.php' not found or unable to stat
[Wed Jan 07 09:13:18.239611 2026] [php:error] [pid 30639] [client 4.194.106.39:0] script '/domains/system_default/nov.php' not found or unable to stat
[Wed Jan 07 09:13:18.458383 2026] [php:error] [pid 30639] [client 4.194.106.39:0] script '/domains/system_default/xo.php' not found or unable to stat
[Wed Jan 07 09:13:18.687612 2026] [php:error] [pid 30639] [client 4.194.106.39:0] script '/domains/system_default/new4.php' not found or unable to stat
[Wed Jan 07 09:13:18.908109 2026] [php:error] [pid 30639] [client 4.194.106.39:0] script '/domains/system_default/des.php' not found or unable to stat
[Wed Jan 07 09:13:19.127184 2026] [php:error] [pid 30639] [client 4.194.106.39:0] script '/domains/system_default/ext.php' not found or unable to stat
[Wed Jan 07 09:13:20.894359 2026] [php:error] [pid 30639] [client 4.194.106.39:0] script '/domains/system_default/NewFile.php' not found or unable to stat
[Wed Jan 07 09:13:21.113591 2026] [php:error] [pid 30639] [client 4.194.106.39:0] script '/domains/system_default/fffff.php' not found or unable to stat
[Wed Jan 07 09:13:21.332562 2026] [php:error] [pid 30639] [client 4.194.106.39:0] script '/domains/system_default/alpa.php' not found or unable to stat
[Wed Jan 07 09:13:21.551806 2026] [php:error] [pid 30639] [client 4.194.106.39:0] script '/domains/system_default/ant.php' not found or unable to stat
[Wed Jan 07 09:13:21.771013 2026] [php:error] [pid 30639] [client 4.194.106.39:0] script '/domains/system_default/wp-rinko.php' not found or unable to stat
[Wed Jan 07 09:15:06.533179 2026] [php:error] [pid 30642] [client 177.34.168.80:0] script '/domains/redpeninc/xmlrpc.php' not found or unable to stat
[Wed Jan 07 09:17:11.651820 2026] [php:error] [pid 36319] [client 142.248.80.123:0] script '/domains/agribiz/xmlrpc.php' not found or unable to stat
[Wed Jan 07 09:19:06.914622 2026] [authz_core:error] [pid 36353] [client 162.216.16.109:0] AH01630: client denied by server configuration: /
[Wed Jan 07 09:19:12.946089 2026] [authz_core:error] [pid 36353] [client 162.216.16.109:0] AH01630: client denied by server configuration: /
[Wed Jan 07 09:19:13.138034 2026] [php:error] [pid 36353] [client 162.216.16.109:0] script '/domains/smartny/login.php' not found or unable to stat
[Wed Jan 07 09:19:15.478648 2026] [cgi:error] [pid 36360] [client 162.216.16.109:0] AH02811: stderr from /domains/smartny/webportal.cgi: script not found or unable to stat
[Wed Jan 07 09:19:17.855136 2026] [authz_core:error] [pid 36352] [client 162.216.16.109:0] AH01630: client denied by server configuration: /
[Wed Jan 07 09:19:17.857307 2026] [authz_core:error] [pid 36361] [client 162.216.16.109:0] AH01630: client denied by server configuration: /
[Wed Jan 07 09:19:24.311809 2026] [php:error] [pid 36356] [client 157.119.93.22:0] script '/domains/abtechsci/indexback.php' not found or unable to stat
[Wed Jan 07 09:20:14.680732 2026] [php:error] [pid 36357] [client 72.184.203.41:0] script '/domains/rextrav/xmlrpc.php' not found or unable to stat
[Wed Jan 07 09:21:53.654770 2026] [php:error] [pid 36366] [client 223.185.25.249:0] script '/domains/rfisher.dnai/xmlrpc.php' not found or unable to stat
[Wed Jan 07 09:24:22.755284 2026] [php:error] [pid 36409] [client 208.84.101.102:0] script '/domains/davidbacker/xmlrpc.php' not found or unable to stat
[Wed Jan 07 09:25:10.180153 2026] [php:error] [pid 36422] [client 4.241.217.19:0] script '/domains/frog.interport1/motu.php' not found or unable to stat
[Wed Jan 07 09:25:10.344913 2026] [php:error] [pid 36422] [client 4.241.217.19:0] script '/domains/frog.interport1/xsas.php' not found or unable to stat
[Wed Jan 07 09:25:10.515728 2026] [php:error] [pid 36422] [client 4.241.217.19:0] script '/domains/frog.interport1/wen.php' not found or unable to stat
[Wed Jan 07 09:25:10.827776 2026] [php:error] [pid 36422] [client 4.241.217.19:0] script '/domains/frog.interport1/xwpg.php' not found or unable to stat
[Wed Jan 07 09:25:10.994134 2026] [php:error] [pid 36422] [client 4.241.217.19:0] script '/domains/frog.interport1/baee.php' not found or unable to stat
[Wed Jan 07 09:25:11.159591 2026] [php:error] [pid 36422] [client 4.241.217.19:0] script '/domains/frog.interport1/iov.php' not found or unable to stat
[Wed Jan 07 09:25:11.361139 2026] [php:error] [pid 36422] [client 4.241.217.19:0] script '/domains/frog.interport1/mds.php' not found or unable to stat
[Wed Jan 07 09:25:11.526083 2026] [php:error] [pid 36422] [client 4.241.217.19:0] script '/domains/frog.interport1/mga.php' not found or unable to stat
[Wed Jan 07 09:25:11.695752 2026] [php:error] [pid 36422] [client 4.241.217.19:0] script '/domains/frog.interport1/rendi59.php' not found or unable to stat
[Wed Jan 07 09:25:11.913062 2026] [php:error] [pid 36422] [client 4.241.217.19:0] script '/domains/frog.interport1/bgymj.php' not found or unable to stat
[Wed Jan 07 09:25:12.171653 2026] [php:error] [pid 36422] [client 4.241.217.19:0] script '/domains/frog.interport1/assacc.php' not found or unable to stat
[Wed Jan 07 09:25:12.345177 2026] [php:error] [pid 36422] [client 4.241.217.19:0] script '/domains/frog.interport1/6y7t.php' not found or unable to stat
[Wed Jan 07 09:25:12.509912 2026] [php:error] [pid 36422] [client 4.241.217.19:0] script '/domains/frog.interport1/monso.php' not found or unable to stat
[Wed Jan 07 09:25:12.675489 2026] [php:error] [pid 36422] [client 4.241.217.19:0] script '/domains/frog.interport1/bnnof6.php' not found or unable to stat
[Wed Jan 07 09:25:12.986671 2026] [php:error] [pid 36422] [client 4.241.217.19:0] script '/domains/frog.interport1/str.php' not found or unable to stat
[Wed Jan 07 09:25:45.524084 2026] [php:error] [pid 36435] [client 45.78.212.176:0] script '/domains/hdickens.enteract/kmnj.php' not found or unable to stat
[Wed Jan 07 09:27:06.486424 2026] [php:error] [pid 36421] [client 145.239.10.137:0] script '/domains/system_suspended/403.php' not found or unable to stat, referer: http://technicalmachine.com/403.php
[Wed Jan 07 09:28:00.285743 2026] [php:error] [pid 36422] [client 142.248.80.123:0] script '/domains/pmglobal/xmlrpc.php' not found or unable to stat
[Wed Jan 07 09:28:05.757509 2026] [php:error] [pid 36450] [client 138.2.71.16:0] script '/domains/afglcweb/wp-login.php' not found or unable to stat
[Wed Jan 07 09:29:04.572977 2026] [php:error] [pid 36479] [client 52.169.124.184:0] script '/domains/system_default/motu.php' not found or unable to stat
[Wed Jan 07 09:29:04.643233 2026] [php:error] [pid 36479] [client 52.169.124.184:0] script '/domains/system_default/xsas.php' not found or unable to stat
[Wed Jan 07 09:29:04.713648 2026] [php:error] [pid 36479] [client 52.169.124.184:0] script '/domains/system_default/wen.php' not found or unable to stat
[Wed Jan 07 09:29:04.784232 2026] [php:error] [pid 36479] [client 52.169.124.184:0] script '/domains/system_default/xwpg.php' not found or unable to stat
[Wed Jan 07 09:29:04.854278 2026] [php:error] [pid 36479] [client 52.169.124.184:0] script '/domains/system_default/baee.php' not found or unable to stat
[Wed Jan 07 09:29:04.925931 2026] [php:error] [pid 36479] [client 52.169.124.184:0] script '/domains/system_default/iov.php' not found or unable to stat
[Wed Jan 07 09:29:04.996475 2026] [php:error] [pid 36479] [client 52.169.124.184:0] script '/domains/system_default/mds.php' not found or unable to stat
[Wed Jan 07 09:29:05.071624 2026] [php:error] [pid 36479] [client 52.169.124.184:0] script '/domains/system_default/mga.php' not found or unable to stat
[Wed Jan 07 09:29:05.141601 2026] [php:error] [pid 36479] [client 52.169.124.184:0] script '/domains/system_default/rendi59.php' not found or unable to stat
[Wed Jan 07 09:29:05.212133 2026] [php:error] [pid 36479] [client 52.169.124.184:0] script '/domains/system_default/bgymj.php' not found or unable to stat
[Wed Jan 07 09:29:05.282305 2026] [php:error] [pid 36479] [client 52.169.124.184:0] script '/domains/system_default/assacc.php' not found or unable to stat
[Wed Jan 07 09:29:05.352584 2026] [php:error] [pid 36479] [client 52.169.124.184:0] script '/domains/system_default/6y7t.php' not found or unable to stat
[Wed Jan 07 09:29:05.422597 2026] [php:error] [pid 36479] [client 52.169.124.184:0] script '/domains/system_default/monso.php' not found or unable to stat
[Wed Jan 07 09:29:05.492770 2026] [php:error] [pid 36479] [client 52.169.124.184:0] script '/domains/system_default/bnnof6.php' not found or unable to stat
[Wed Jan 07 09:29:05.562824 2026] [php:error] [pid 36479] [client 52.169.124.184:0] script '/domains/system_default/str.php' not found or unable to stat
[Wed Jan 07 09:29:58.392252 2026] [php:error] [pid 36487] [client 47.79.3.142:0] script '/domains/hdickens.enteract/kmnj.php' not found or unable to stat
[Wed Jan 07 09:30:07.685894 2026] [php:error] [pid 36510] [client 145.239.10.137:0] script '/domains/bfitpro2/dds.php' not found or unable to stat, referer: http://bfitpro.com/dds.php
[Wed Jan 07 09:30:21.283318 2026] [php:error] [pid 36532] [client 208.84.101.102:0] script '/domains/redpeninc/xmlrpc.php' not found or unable to stat
[Wed Jan 07 09:30:34.513924 2026] [core:error] [pid 36528] [client 38.55.16.34:0] AH10244: invalid URI path (/cgi-bin/.%2e/.%2e/.%2e/.%2e/.%2e/.%2e/.%2e/.%2e/.%2e/.%2e/bin/sh)
[Wed Jan 07 09:30:35.621163 2026] [core:error] [pid 36529] [client 38.55.16.34:0] AH10244: invalid URI path (/cgi-bin/%%32%65%%32%65/%%32%65%%32%65/%%32%65%%32%65/%%32%65%%32%65/%%32%65%%32%65/%%32%65%%32%65/%%32%65%%32%65/bin/sh)
[Wed Jan 07 09:31:14.067344 2026] [php:error] [pid 36527] [client 38.55.16.34:0] script '/domains/system_default/index.php' not found or unable to stat
[Wed Jan 07 09:31:16.022586 2026] [php:error] [pid 36527] [client 38.55.16.34:0] script '/domains/system_default/index.php' not found or unable to stat
[Wed Jan 07 09:31:17.064669 2026] [php:error] [pid 36527] [client 38.55.16.34:0] script '/domains/system_default/index.php' not found or unable to stat
[Wed Jan 07 09:36:37.152748 2026] [php:error] [pid 36590] [client 45.135.232.178:0] script '/domains/homesbyaudrey1/wp-login.php' not found or unable to stat, referer: http://www.homesbyaudrey.com/wp-login.php
[Wed Jan 07 09:36:37.360553 2026] [php:error] [pid 36601] [client 45.135.232.178:0] script '/domains/homesbyaudrey1/wp-login.php' not found or unable to stat, referer: http://www.homesbyaudrey.com/wp-login.php
[Wed Jan 07 09:36:37.821456 2026] [php:error] [pid 36599] [client 45.135.232.178:0] script '/domains/homesbyaudrey1/wp-login.php' not found or unable to stat, referer: http://www.homesbyaudrey.com/wp-login.php
[Wed Jan 07 09:36:37.897049 2026] [php:error] [pid 36598] [client 45.135.232.178:0] script '/domains/homesbyaudrey1/wp-login.php' not found or unable to stat, referer: http://www.homesbyaudrey.com/wp-login.php
[Wed Jan 07 09:36:37.927431 2026] [php:error] [pid 36590] [client 45.135.232.178:0] script '/domains/homesbyaudrey1/wp-login.php' not found or unable to stat, referer: http://www.homesbyaudrey.com/wp-login.php
[Wed Jan 07 09:36:38.160126 2026] [php:error] [pid 36603] [client 45.135.232.178:0] script '/domains/homesbyaudrey1/wp-login.php' not found or unable to stat, referer: http://www.homesbyaudrey.com/wp-login.php
[Wed Jan 07 09:36:38.430354 2026] [php:error] [pid 36600] [client 45.135.232.178:0] script '/domains/homesbyaudrey1/wp-login.php' not found or unable to stat, referer: http://www.homesbyaudrey.com/wp-login.php
[Wed Jan 07 09:36:38.468893 2026] [php:error] [pid 36599] [client 45.135.232.178:0] script '/domains/homesbyaudrey1/wp-login.php' not found or unable to stat, referer: http://www.homesbyaudrey.com/wp-login.php
[Wed Jan 07 09:36:40.645491 2026] [php:error] [pid 36603] [client 45.135.232.178:0] script '/domains/homesbyaudrey1/xmlrpc.php' not found or unable to stat, referer: http://www.homesbyaudrey.com/xmlrpc.php
[Wed Jan 07 09:36:40.743320 2026] [php:error] [pid 36604] [client 45.135.232.178:0] script '/domains/homesbyaudrey1/xmlrpc.php' not found or unable to stat, referer: http://www.homesbyaudrey.com/xmlrpc.php
[Wed Jan 07 09:36:41.003362 2026] [php:error] [pid 36603] [client 45.135.232.178:0] script '/domains/homesbyaudrey1/wp-login.php' not found or unable to stat, referer: http://www.homesbyaudrey.com/wp-login.php
[Wed Jan 07 09:36:41.204344 2026] [php:error] [pid 36604] [client 45.135.232.178:0] script '/domains/homesbyaudrey1/xmlrpc.php' not found or unable to stat, referer: http://www.homesbyaudrey.com/xmlrpc.php
[Wed Jan 07 09:36:41.260975 2026] [php:error] [pid 36603] [client 45.135.232.178:0] script '/domains/homesbyaudrey1/xmlrpc.php' not found or unable to stat, referer: http://www.homesbyaudrey.com/xmlrpc.php
[Wed Jan 07 09:36:41.322812 2026] [php:error] [pid 36604] [client 45.135.232.178:0] script '/domains/homesbyaudrey1/xmlrpc.php' not found or unable to stat, referer: http://www.homesbyaudrey.com/xmlrpc.php
[Wed Jan 07 09:36:41.530172 2026] [php:error] [pid 36603] [client 45.135.232.178:0] script '/domains/homesbyaudrey1/xmlrpc.php' not found or unable to stat, referer: http://www.homesbyaudrey.com/xmlrpc.php
[Wed Jan 07 09:36:41.798648 2026] [php:error] [pid 36604] [client 45.135.232.178:0] script '/domains/homesbyaudrey1/xmlrpc.php' not found or unable to stat, referer: http://www.homesbyaudrey.com/xmlrpc.php
[Wed Jan 07 09:36:41.934272 2026] [php:error] [pid 36603] [client 45.135.232.178:0] script '/domains/homesbyaudrey1/xmlrpc.php' not found or unable to stat, referer: http://www.homesbyaudrey.com/xmlrpc.php
[Wed Jan 07 09:36:44.376259 2026] [php:error] [pid 36604] [client 45.135.232.178:0] script '/domains/homesbyaudrey1/xmlrpc.php' not found or unable to stat, referer: http://www.homesbyaudrey.com/xmlrpc.php
[Wed Jan 07 09:36:49.923890 2026] [php:error] [pid 36590] [client 45.135.232.178:0] script '/domains/homesbyaudrey1/wp-login.php' not found or unable to stat, referer: http://www.homesbyaudrey.com/wp-login.php
[Wed Jan 07 09:36:53.281497 2026] [php:error] [pid 36601] [client 45.135.232.178:0] script '/domains/homesbyaudrey1/xmlrpc.php' not found or unable to stat, referer: http://www.homesbyaudrey.com/xmlrpc.php
[Wed Jan 07 09:36:58.074845 2026] [php:error] [pid 36608] [client 45.135.232.178:0] script '/domains/homesbyaudrey1/wp-login.php' not found or unable to stat, referer: http://www.homesbyaudrey.com/wp-login.php
[Wed Jan 07 09:37:01.535312 2026] [php:error] [pid 36590] [client 45.135.232.178:0] script '/domains/homesbyaudrey1/xmlrpc.php' not found or unable to stat, referer: http://www.homesbyaudrey.com/xmlrpc.php
[Wed Jan 07 09:37:25.494148 2026] [php:error] [pid 36612] [client 157.119.93.22:0] script '/domains/system_cancel/indexback.php' not found or unable to stat
[Wed Jan 07 09:37:36.639110 2026] [php:error] [pid 36610] [client 45.135.232.178:0] script '/domains/homesbyaudrey1/wp-login.php' not found or unable to stat, referer: http://www.homesbyaudrey.com/wp-login.php
[Wed Jan 07 09:37:37.463155 2026] [php:error] [pid 36613] [client 45.135.232.178:0] script '/domains/homesbyaudrey1/wp-login.php' not found or unable to stat, referer: http://www.homesbyaudrey.com/wp-login.php
[Wed Jan 07 09:37:38.338850 2026] [php:error] [pid 36610] [client 45.135.232.178:0] script '/domains/homesbyaudrey1/wp-login.php' not found or unable to stat, referer: http://www.homesbyaudrey.com/wp-login.php
[Wed Jan 07 09:37:40.124644 2026] [php:error] [pid 36613] [client 45.135.232.178:0] script '/domains/homesbyaudrey1/xmlrpc.php' not found or unable to stat, referer: http://www.homesbyaudrey.com/xmlrpc.php
[Wed Jan 07 09:37:40.933236 2026] [php:error] [pid 36610] [client 45.135.232.178:0] script '/domains/homesbyaudrey1/xmlrpc.php' not found or unable to stat, referer: http://www.homesbyaudrey.com/xmlrpc.php
[Wed Jan 07 09:37:41.722566 2026] [php:error] [pid 36613] [client 45.135.232.178:0] script '/domains/homesbyaudrey1/xmlrpc.php' not found or unable to stat, referer: http://www.homesbyaudrey.com/xmlrpc.php
[Wed Jan 07 09:38:13.442942 2026] [php:error] [pid 36605] [client 51.12.90.23:0] script '/domains/micra/smklh.php' not found or unable to stat
[Wed Jan 07 09:38:13.542303 2026] [php:error] [pid 36605] [client 51.12.90.23:0] script '/domains/micra/ws28.php' not found or unable to stat
[Wed Jan 07 09:38:13.641437 2026] [php:error] [pid 36605] [client 51.12.90.23:0] script '/domains/micra/X7x.php' not found or unable to stat
[Wed Jan 07 09:38:13.741011 2026] [php:error] [pid 36605] [client 51.12.90.23:0] script '/domains/micra/100.kb.php' not found or unable to stat
[Wed Jan 07 09:38:13.857411 2026] [php:error] [pid 36605] [client 51.12.90.23:0] script '/domains/micra/ws35.php' not found or unable to stat
[Wed Jan 07 09:38:13.956696 2026] [php:error] [pid 36605] [client 51.12.90.23:0] script '/domains/micra/rzki.php' not found or unable to stat
[Wed Jan 07 09:38:14.063746 2026] [php:error] [pid 36605] [client 51.12.90.23:0] script '/domains/micra/oysdxc.php' not found or unable to stat
[Wed Jan 07 09:38:14.162827 2026] [php:error] [pid 36605] [client 51.12.90.23:0] script '/domains/micra/xopvne.php' not found or unable to stat
[Wed Jan 07 09:38:14.262128 2026] [php:error] [pid 36605] [client 51.12.90.23:0] script '/domains/micra/moie.php' not found or unable to stat
[Wed Jan 07 09:38:14.361353 2026] [php:error] [pid 36605] [client 51.12.90.23:0] script '/domains/micra/hilk.php' not found or unable to stat
[Wed Jan 07 09:38:14.461953 2026] [php:error] [pid 36605] [client 51.12.90.23:0] script '/domains/micra/gm.php' not found or unable to stat
[Wed Jan 07 09:38:14.567995 2026] [php:error] [pid 36605] [client 51.12.90.23:0] script '/domains/micra/iko.php' not found or unable to stat
[Wed Jan 07 09:38:14.666917 2026] [php:error] [pid 36605] [client 51.12.90.23:0] script '/domains/micra/hlonk.php' not found or unable to stat
[Wed Jan 07 09:38:14.774873 2026] [php:error] [pid 36605] [client 51.12.90.23:0] script '/domains/micra/sagym.php' not found or unable to stat
[Wed Jan 07 09:38:14.874157 2026] [php:error] [pid 36605] [client 51.12.90.23:0] script '/domains/micra/qvaaq.php' not found or unable to stat
[Wed Jan 07 09:38:15.051583 2026] [php:error] [pid 36605] [client 51.12.90.23:0] script '/domains/micra/content.php' not found or unable to stat
[Wed Jan 07 09:38:15.162293 2026] [php:error] [pid 36605] [client 51.12.90.23:0] script '/domains/micra/gi.php' not found or unable to stat
[Wed Jan 07 09:38:15.261427 2026] [php:error] [pid 36605] [client 51.12.90.23:0] script '/domains/micra/ccou.php' not found or unable to stat
[Wed Jan 07 09:38:15.364204 2026] [php:error] [pid 36605] [client 51.12.90.23:0] script '/domains/micra/wp-freya.php' not found or unable to stat
[Wed Jan 07 09:38:15.463409 2026] [php:error] [pid 36605] [client 51.12.90.23:0] script '/domains/micra/frg.php' not found or unable to stat
[Wed Jan 07 09:38:15.674982 2026] [php:error] [pid 36605] [client 51.12.90.23:0] script '/domains/micra/hly.php' not found or unable to stat
[Wed Jan 07 09:38:15.774782 2026] [php:error] [pid 36605] [client 51.12.90.23:0] script '/domains/micra/to.php' not found or unable to stat
[Wed Jan 07 09:38:15.875713 2026] [php:error] [pid 36605] [client 51.12.90.23:0] script '/domains/micra/v2.php' not found or unable to stat
[Wed Jan 07 09:38:15.975008 2026] [php:error] [pid 36605] [client 51.12.90.23:0] script '/domains/micra/class-.php' not found or unable to stat
[Wed Jan 07 09:38:16.074224 2026] [php:error] [pid 36605] [client 51.12.90.23:0] script '/domains/micra/fso.php' not found or unable to stat
[Wed Jan 07 09:38:16.191187 2026] [php:error] [pid 36605] [client 51.12.90.23:0] script '/domains/micra/nox.php' not found or unable to stat
[Wed Jan 07 09:38:16.290502 2026] [php:error] [pid 36605] [client 51.12.90.23:0] script '/domains/micra/fdd2.php' not found or unable to stat
[Wed Jan 07 09:38:16.405082 2026] [php:error] [pid 36605] [client 51.12.90.23:0] script '/domains/micra/aQw.php' not found or unable to stat
[Wed Jan 07 09:38:16.539283 2026] [php:error] [pid 36605] [client 51.12.90.23:0] script '/domains/micra/rh.php' not found or unable to stat
[Wed Jan 07 09:38:16.645182 2026] [php:error] [pid 36605] [client 51.12.90.23:0] script '/domains/micra/sto.php' not found or unable to stat
[Wed Jan 07 09:38:16.744719 2026] [php:error] [pid 36605] [client 51.12.90.23:0] script '/domains/micra/bipas.php' not found or unable to stat
[Wed Jan 07 09:38:16.843886 2026] [php:error] [pid 36605] [client 51.12.90.23:0] script '/domains/micra/xaz.php' not found or unable to stat
[Wed Jan 07 09:38:16.942866 2026] [php:error] [pid 36605] [client 51.12.90.23:0] script '/domains/micra/conte.php' not found or unable to stat
[Wed Jan 07 09:38:17.041899 2026] [php:error] [pid 36605] [client 51.12.90.23:0] script '/domains/micra/lopst.php' not found or unable to stat
[Wed Jan 07 09:38:17.142622 2026] [php:error] [pid 36605] [client 51.12.90.23:0] script '/domains/micra/xv.php' not found or unable to stat
[Wed Jan 07 09:38:17.241658 2026] [php:error] [pid 36605] [client 51.12.90.23:0] script '/domains/micra/ixj.php' not found or unable to stat
[Wed Jan 07 09:38:17.340887 2026] [php:error] [pid 36605] [client 51.12.90.23:0] script '/domains/micra/nansa.php' not found or unable to stat
[Wed Jan 07 09:38:17.439964 2026] [php:error] [pid 36605] [client 51.12.90.23:0] script '/domains/micra/gecko.php' not found or unable to stat
[Wed Jan 07 09:38:17.539546 2026] [php:error] [pid 36605] [client 51.12.90.23:0] script '/domains/micra/blurbs.php' not found or unable to stat
[Wed Jan 07 09:38:17.638433 2026] [php:error] [pid 36605] [client 51.12.90.23:0] script '/domains/micra/18299.php' not found or unable to stat
[Wed Jan 07 09:38:17.744241 2026] [php:error] [pid 36605] [client 51.12.90.23:0] script '/domains/micra/wl.php' not found or unable to stat
[Wed Jan 07 09:38:17.843143 2026] [php:error] [pid 36605] [client 51.12.90.23:0] script '/domains/micra/xsas.php' not found or unable to stat
[Wed Jan 07 09:38:17.942948 2026] [php:error] [pid 36605] [client 51.12.90.23:0] script '/domains/micra/pn.php' not found or unable to stat
[Wed Jan 07 09:38:18.067430 2026] [php:error] [pid 36605] [client 51.12.90.23:0] script '/domains/micra/x50.php' not found or unable to stat
[Wed Jan 07 09:38:18.170485 2026] [php:error] [pid 36605] [client 51.12.90.23:0] script '/domains/micra/ant.php' not found or unable to stat
