KGRKJGETMRETU895U-589TY5MIGM5JGB5SDFESFREWTGR54TY
Server : Apache/2.4.62
System : FreeBSD fbsdweb2.web.rcn.net 14.1-RELEASE FreeBSD 14.1-RELEASE releng/14.1-n267679-10e31f0946d8 GENERIC amd64
User : www ( 80)
PHP Version : 8.3.8
Disable Function : NONE
Directory :  /var/log/httpd/error/

Upload File :
current_dir [ Writeable ] document_root [ Writeable ]

 

Current File : //var/log/httpd/error/ex20260107.log
[Wed Jan 07 00:00:02.796032 2026] [php:error] [pid 21858] [client 35.247.243.240:0] script '/domains/conceptlabs1/adminer-5.0.5-en.php' not found or unable to stat
[Wed Jan 07 00:00:12.133451 2026] [php:error] [pid 21853] [client 34.96.162.58:0] script '/domains/conceptlabs1/adminer-4.8.1.php' not found or unable to stat
[Wed Jan 07 00:00:15.517432 2026] [php:error] [pid 21853] [client 34.96.162.59:0] script '/domains/conceptlabs1/adminer-5.0.0-mysql-en.php' not found or unable to stat
[Wed Jan 07 00:00:19.149491 2026] [php:error] [pid 21872] [client 35.247.243.245:0] script '/domains/conceptlabs1/SQL.php' not found or unable to stat
[Wed Jan 07 00:00:26.666299 2026] [php:error] [pid 21872] [client 35.247.243.244:0] script '/domains/conceptlabs1/adminer-5.1.0-mysql-en.php' not found or unable to stat
[Wed Jan 07 00:00:31.647850 2026] [php:error] [pid 21855] [client 34.96.162.57:0] script '/domains/conceptlabs1/adminer-5.0.0-mysql-en.php' not found or unable to stat
[Wed Jan 07 00:00:37.883443 2026] [php:error] [pid 21850] [client 34.96.162.55:0] script '/domains/conceptlabs1/adminer-4.7.2.php' not found or unable to stat
[Wed Jan 07 00:00:48.895443 2026] [php:error] [pid 21876] [client 35.247.243.249:0] script '/domains/conceptlabs1/adminer-5.0.0.php' not found or unable to stat
[Wed Jan 07 00:00:49.147668 2026] [php:error] [pid 21855] [client 34.96.162.58:0] script '/domains/conceptlabs1/adminer-5.4.0-mysql-en.php' not found or unable to stat
[Wed Jan 07 00:00:52.229863 2026] [php:error] [pid 21875] [client 34.96.162.56:0] script '/domains/conceptlabs1/adminer-5.2.0.php' not found or unable to stat
[Wed Jan 07 00:00:55.323769 2026] [php:error] [pid 21850] [client 34.96.162.57:0] script '/domains/conceptlabs1/adminer-4.3.0.php' not found or unable to stat
[Wed Jan 07 00:00:57.657940 2026] [php:error] [pid 21851] [client 35.247.243.253:0] script '/domains/conceptlabs1/adminer-5.0.0-mysql-en.php' not found or unable to stat
[Wed Jan 07 00:01:02.304083 2026] [php:error] [pid 21851] [client 34.96.162.54:0] script '/domains/conceptlabs1/adminer-5.0.5.php' not found or unable to stat
[Wed Jan 07 00:01:02.812363 2026] [php:error] [pid 21855] [client 34.96.162.54:0] script '/domains/conceptlabs1/phpminiadmin.php' not found or unable to stat
[Wed Jan 07 00:01:14.126101 2026] [php:error] [pid 21880] [client 35.247.243.245:0] script '/domains/conceptlabs1/adminer-5.2.0.php' not found or unable to stat
[Wed Jan 07 00:01:33.284772 2026] [php:error] [pid 21855] [client 35.247.243.254:0] script '/domains/conceptlabs1/adminer-4.6.3.php' not found or unable to stat
[Wed Jan 07 00:01:35.361961 2026] [php:error] [pid 21879] [client 34.96.162.59:0] script '/domains/conceptlabs1/adminer-5.0.3-mysql-en.php' not found or unable to stat
[Wed Jan 07 00:01:39.985594 2026] [php:error] [pid 21879] [client 34.96.162.53:0] script '/domains/conceptlabs1/adminer-5.0.0-en.php' not found or unable to stat
[Wed Jan 07 00:01:47.883957 2026] [php:error] [pid 21879] [client 34.96.162.53:0] script '/domains/conceptlabs1/adminer-4.3.1.php' not found or unable to stat
[Wed Jan 07 00:01:49.575319 2026] [php:error] [pid 21855] [client 34.96.162.56:0] script '/domains/conceptlabs1/adminer-5.1.1-en.php' not found or unable to stat
[Wed Jan 07 00:01:50.019438 2026] [php:error] [pid 21850] [client 35.247.243.250:0] script '/domains/conceptlabs1/adminer-5.3.0-mysql.php' not found or unable to stat
[Wed Jan 07 00:01:55.459409 2026] [php:error] [pid 21875] [client 34.96.162.60:0] script '/domains/conceptlabs1/adminer-5.0.3.php' not found or unable to stat
[Wed Jan 07 00:01:55.908667 2026] [php:error] [pid 21874] [client 195.178.110.132:0] script '/domains/supolo/wp-config.php' not found or unable to stat
[Wed Jan 07 00:01:55.989450 2026] [php:error] [pid 21874] [client 195.178.110.132:0] script '/domains/supolo/wp-config.php.old' not found or unable to stat
[Wed Jan 07 00:01:56.069840 2026] [php:error] [pid 21874] [client 195.178.110.132:0] script '/domains/supolo/config.php' not found or unable to stat
[Wed Jan 07 00:01:56.169200 2026] [php:error] [pid 21874] [client 195.178.110.132:0] script '/domains/supolo/config.php.bak' not found or unable to stat
[Wed Jan 07 00:02:27.214676 2026] [php:error] [pid 21883] [client 34.96.162.62:0] script '/domains/conceptlabs1/adminer-5.1.0.php' not found or unable to stat
[Wed Jan 07 00:02:47.136374 2026] [php:error] [pid 21883] [client 35.247.243.255:0] script '/domains/conceptlabs1/adminer-5.2.1-mysql.php' not found or unable to stat
[Wed Jan 07 00:02:47.611161 2026] [php:error] [pid 21883] [client 34.96.162.61:0] script '/domains/conceptlabs1/adminer-5.4.0.php' not found or unable to stat
[Wed Jan 07 00:02:55.750279 2026] [php:error] [pid 21885] [client 35.247.243.242:0] script '/domains/conceptlabs1/adminer-5.1.1-mysql.php' not found or unable to stat
[Wed Jan 07 00:02:56.586897 2026] [php:error] [pid 21886] [client 34.96.162.55:0] script '/domains/conceptlabs1/SQL.php' not found or unable to stat
[Wed Jan 07 00:03:02.036083 2026] [php:error] [pid 21885] [client 34.96.162.59:0] script '/domains/conceptlabs1/adminer-5.0.3-mysql-en.php' not found or unable to stat
[Wed Jan 07 00:03:02.093339 2026] [php:error] [pid 21855] [client 185.193.156.153:0] script '/domains/antiqueweb1/xmlrpc.php' not found or unable to stat
[Wed Jan 07 00:03:04.621544 2026] [php:error] [pid 21855] [client 34.96.162.56:0] script '/domains/conceptlabs1/adminer-4.6.0.php' not found or unable to stat
[Wed Jan 07 00:03:07.032445 2026] [php:error] [pid 21850] [client 172.190.142.176:0] script '/domains/system_cancel/amax.php' not found or unable to stat
[Wed Jan 07 00:03:07.045477 2026] [php:error] [pid 21850] [client 172.190.142.176:0] script '/domains/system_cancel/mini.php' not found or unable to stat
[Wed Jan 07 00:03:07.049963 2026] [php:error] [pid 21850] [client 172.190.142.176:0] script '/domains/system_cancel/an8.php' not found or unable to stat
[Wed Jan 07 00:03:07.054323 2026] [php:error] [pid 21850] [client 172.190.142.176:0] script '/domains/system_cancel/t.php' not found or unable to stat
[Wed Jan 07 00:03:07.066753 2026] [php:error] [pid 21850] [client 172.190.142.176:0] script '/domains/system_cancel/ma.php' not found or unable to stat
[Wed Jan 07 00:03:07.088741 2026] [php:error] [pid 21850] [client 172.190.142.176:0] script '/domains/system_cancel/xrp.php' not found or unable to stat
[Wed Jan 07 00:03:07.110348 2026] [php:error] [pid 21850] [client 172.190.142.176:0] script '/domains/system_cancel/num.php' not found or unable to stat
[Wed Jan 07 00:03:07.128407 2026] [php:error] [pid 21850] [client 172.190.142.176:0] script '/domains/system_cancel/app.php' not found or unable to stat
[Wed Jan 07 00:03:07.132344 2026] [php:error] [pid 21850] [client 172.190.142.176:0] script '/domains/system_cancel/new4.php' not found or unable to stat
[Wed Jan 07 00:03:07.136312 2026] [php:error] [pid 21850] [client 172.190.142.176:0] script '/domains/system_cancel/dox.php' not found or unable to stat
[Wed Jan 07 00:03:07.148497 2026] [php:error] [pid 21850] [client 172.190.142.176:0] script '/domains/system_cancel/admin.php' not found or unable to stat
[Wed Jan 07 00:03:07.162321 2026] [php:error] [pid 21850] [client 172.190.142.176:0] script '/domains/system_cancel/xa.php' not found or unable to stat
[Wed Jan 07 00:03:07.175055 2026] [php:error] [pid 21850] [client 172.190.142.176:0] script '/domains/system_cancel/moon3.php' not found or unable to stat
[Wed Jan 07 00:03:07.198633 2026] [php:error] [pid 21850] [client 172.190.142.176:0] script '/domains/system_cancel/xxxx.php' not found or unable to stat
[Wed Jan 07 00:03:07.219357 2026] [php:error] [pid 21850] [client 172.190.142.176:0] script '/domains/system_cancel/as.php' not found or unable to stat
[Wed Jan 07 00:03:07.232310 2026] [php:error] [pid 21850] [client 172.190.142.176:0] script '/domains/system_cancel/nox.php' not found or unable to stat
[Wed Jan 07 00:03:07.247600 2026] [php:error] [pid 21850] [client 172.190.142.176:0] script '/domains/system_cancel/xml.php' not found or unable to stat
[Wed Jan 07 00:03:07.266639 2026] [php:error] [pid 21850] [client 172.190.142.176:0] script '/domains/system_cancel/css.php' not found or unable to stat
[Wed Jan 07 00:03:07.278917 2026] [php:error] [pid 21850] [client 172.190.142.176:0] script '/domains/system_cancel/x.php' not found or unable to stat
[Wed Jan 07 00:03:07.345447 2026] [php:error] [pid 21850] [client 172.190.142.176:0] script '/domains/system_cancel/themes.php' not found or unable to stat
[Wed Jan 07 00:03:07.349621 2026] [php:error] [pid 21850] [client 172.190.142.176:0] script '/domains/system_cancel/log.php' not found or unable to stat
[Wed Jan 07 00:03:07.375058 2026] [php:error] [pid 21850] [client 172.190.142.176:0] script '/domains/system_cancel/cc.php' not found or unable to stat
[Wed Jan 07 00:03:07.381223 2026] [php:error] [pid 21850] [client 172.190.142.176:0] script '/domains/system_cancel/class.php' not found or unable to stat
[Wed Jan 07 00:03:07.385063 2026] [php:error] [pid 21850] [client 172.190.142.176:0] script '/domains/system_cancel/img.php' not found or unable to stat
[Wed Jan 07 00:03:07.389154 2026] [php:error] [pid 21850] [client 172.190.142.176:0] script '/domains/system_cancel/edit.php' not found or unable to stat
[Wed Jan 07 00:03:07.453906 2026] [php:error] [pid 21850] [client 172.190.142.176:0] script '/domains/system_cancel/atomlib.php' not found or unable to stat
[Wed Jan 07 00:03:09.058336 2026] [php:error] [pid 21892] [client 172.190.142.176:0] script '/domains/system_cancel/cong.php' not found or unable to stat
[Wed Jan 07 00:03:09.058586 2026] [php:error] [pid 21890] [client 35.247.243.244:0] script '/domains/conceptlabs1/adminer-4.5.0.php' not found or unable to stat
[Wed Jan 07 00:03:09.080717 2026] [php:error] [pid 21892] [client 172.190.142.176:0] script '/domains/system_cancel/xc.php' not found or unable to stat
[Wed Jan 07 00:03:09.101670 2026] [php:error] [pid 21892] [client 172.190.142.176:0] script '/domains/system_cancel/hly.php' not found or unable to stat
[Wed Jan 07 00:03:09.105705 2026] [php:error] [pid 21892] [client 172.190.142.176:0] script '/domains/system_cancel/text.php' not found or unable to stat
[Wed Jan 07 00:03:09.109612 2026] [php:error] [pid 21892] [client 172.190.142.176:0] script '/domains/system_cancel/item.php' not found or unable to stat
[Wed Jan 07 00:03:09.113631 2026] [php:error] [pid 21892] [client 172.190.142.176:0] script '/domains/system_cancel/install.php' not found or unable to stat
[Wed Jan 07 00:03:09.130148 2026] [php:error] [pid 21892] [client 172.190.142.176:0] script '/domains/system_cancel/dropdown.php' not found or unable to stat
[Wed Jan 07 00:03:09.133947 2026] [php:error] [pid 21892] [client 172.190.142.176:0] script '/domains/system_cancel/xp.php' not found or unable to stat
[Wed Jan 07 00:03:09.173338 2026] [php:error] [pid 21892] [client 172.190.142.176:0] script '/domains/system_cancel/has.php' not found or unable to stat
[Wed Jan 07 00:03:09.177399 2026] [php:error] [pid 21892] [client 172.190.142.176:0] script '/domains/system_cancel/nax.php' not found or unable to stat
[Wed Jan 07 00:03:09.209104 2026] [php:error] [pid 21892] [client 172.190.142.176:0] script '/domains/system_cancel/x3.php' not found or unable to stat
[Wed Jan 07 00:03:09.251235 2026] [php:error] [pid 21892] [client 172.190.142.176:0] script '/domains/system_cancel/rsnu.php' not found or unable to stat
[Wed Jan 07 00:03:09.255339 2026] [php:error] [pid 21892] [client 172.190.142.176:0] script '/domains/system_cancel/lc.php' not found or unable to stat
[Wed Jan 07 00:03:09.282208 2026] [php:error] [pid 21892] [client 172.190.142.176:0] script '/domains/system_cancel/new.php' not found or unable to stat
[Wed Jan 07 00:03:09.287766 2026] [php:error] [pid 21892] [client 172.190.142.176:0] script '/domains/system_cancel/aua.php' not found or unable to stat
[Wed Jan 07 00:03:09.300924 2026] [php:error] [pid 21892] [client 172.190.142.176:0] script '/domains/system_cancel/class9.php' not found or unable to stat
[Wed Jan 07 00:03:09.346564 2026] [php:error] [pid 21892] [client 172.190.142.176:0] script '/domains/system_cancel/tt.php' not found or unable to stat
[Wed Jan 07 00:03:09.350468 2026] [php:error] [pid 21892] [client 172.190.142.176:0] script '/domains/system_cancel/resp.php' not found or unable to stat
[Wed Jan 07 00:03:09.388773 2026] [php:error] [pid 21892] [client 172.190.142.176:0] script '/domains/system_cancel/rtx.php' not found or unable to stat
[Wed Jan 07 00:03:09.415646 2026] [php:error] [pid 21892] [client 172.190.142.176:0] script '/domains/system_cancel/clasa99.php' not found or unable to stat
[Wed Jan 07 00:03:09.428068 2026] [php:error] [pid 21892] [client 172.190.142.176:0] script '/domains/system_cancel/c4.php' not found or unable to stat
[Wed Jan 07 00:03:09.432357 2026] [php:error] [pid 21892] [client 172.190.142.176:0] script '/domains/system_cancel/lock1.php' not found or unable to stat
[Wed Jan 07 00:03:09.463890 2026] [php:error] [pid 21892] [client 172.190.142.176:0] script '/domains/system_cancel/lock11.php' not found or unable to stat
[Wed Jan 07 00:03:09.467758 2026] [php:error] [pid 21892] [client 172.190.142.176:0] script '/domains/system_cancel/api137.php' not found or unable to stat
[Wed Jan 07 00:03:09.471690 2026] [php:error] [pid 21892] [client 172.190.142.176:0] script '/domains/system_cancel/class629.php' not found or unable to stat
[Wed Jan 07 00:03:09.496357 2026] [php:error] [pid 21892] [client 172.190.142.176:0] script '/domains/system_cancel/xx.php' not found or unable to stat
[Wed Jan 07 00:03:10.088539 2026] [php:error] [pid 21885] [client 172.190.142.176:0] script '/domains/system_cancel/adminer-4.5.0-mysql.php' not found or unable to stat
[Wed Jan 07 00:03:10.144181 2026] [php:error] [pid 21885] [client 172.190.142.176:0] script '/domains/system_cancel/iov.php' not found or unable to stat
[Wed Jan 07 00:03:10.155862 2026] [php:error] [pid 21885] [client 172.190.142.176:0] script '/domains/system_cancel/.well-known.php' not found or unable to stat
[Wed Jan 07 00:03:10.243745 2026] [php:error] [pid 21885] [client 172.190.142.176:0] script '/domains/system_cancel/aahana.php' not found or unable to stat
[Wed Jan 07 00:03:18.809133 2026] [php:error] [pid 21886] [client 35.247.243.255:0] script '/domains/conceptlabs1/adminer-4.2.1.php' not found or unable to stat
[Wed Jan 07 00:03:28.601105 2026] [php:error] [pid 21893] [client 35.247.243.255:0] script '/domains/conceptlabs1/__adm.php' not found or unable to stat
[Wed Jan 07 00:03:32.345782 2026] [php:error] [pid 21896] [client 35.247.243.241:0] script '/domains/conceptlabs1/mydb.php' not found or unable to stat
[Wed Jan 07 00:03:36.609572 2026] [php:error] [pid 21855] [client 34.96.162.59:0] script '/domains/conceptlabs1/Adminer.php' not found or unable to stat
[Wed Jan 07 00:03:43.751267 2026] [php:error] [pid 21902] [client 35.247.243.247:0] script '/domains/conceptlabs1/adminer-5.0.3-mysql.php' not found or unable to stat
[Wed Jan 07 00:03:43.752055 2026] [php:error] [pid 21889] [client 34.96.162.60:0] script '/domains/conceptlabs1/adminer-5.0.2-en.php' not found or unable to stat
[Wed Jan 07 00:03:46.291193 2026] [php:error] [pid 21903] [client 34.96.162.56:0] script '/domains/conceptlabs1/adminer-5.0.1-en.php' not found or unable to stat
[Wed Jan 07 00:03:46.550370 2026] [php:error] [pid 21889] [client 35.247.243.243:0] script '/domains/conceptlabs1/adminer-db.php' not found or unable to stat
[Wed Jan 07 00:03:47.147626 2026] [php:error] [pid 21904] [client 34.96.162.49:0] script '/domains/conceptlabs1/adminer-4.6.0.php' not found or unable to stat
[Wed Jan 07 00:04:17.247767 2026] [php:error] [pid 21908] [client 35.247.243.255:0] script '/domains/conceptlabs1/adminer-4.7.5.php' not found or unable to stat
[Wed Jan 07 00:04:20.116814 2026] [php:error] [pid 21908] [client 34.96.162.49:0] script '/domains/conceptlabs1/adminer-4.7.2.php' not found or unable to stat
[Wed Jan 07 00:04:27.908872 2026] [php:error] [pid 21906] [client 35.247.243.242:0] script '/domains/conceptlabs1/adminer-5.4.0.php' not found or unable to stat
[Wed Jan 07 00:04:29.212975 2026] [php:error] [pid 21906] [client 34.96.162.51:0] script '/domains/conceptlabs1/SQL.php' not found or unable to stat
[Wed Jan 07 00:04:42.360995 2026] [php:error] [pid 21907] [client 35.247.243.253:0] script '/domains/conceptlabs1/__adm.php' not found or unable to stat
[Wed Jan 07 00:04:47.917643 2026] [php:error] [pid 21896] [client 35.247.243.246:0] script '/domains/conceptlabs1/unzipper.php' not found or unable to stat
[Wed Jan 07 00:05:10.915958 2026] [php:error] [pid 21911] [client 34.96.162.55:0] script '/domains/conceptlabs1/adminer-4.7.3.php' not found or unable to stat
[Wed Jan 07 00:05:11.409182 2026] [core:crit] [pid 21896] (13)Permission denied: [client 47.128.125.47:0] AH00529: /domains/performancepartsinc/graphics/psd/.htaccess pcfg_openfile: unable to check htaccess file, ensure it is readable and that '/domains/performancepartsinc/graphics/psd/' is executable
[Wed Jan 07 00:05:11.499966 2026] [core:crit] [pid 21916] (13)Permission denied: [client 47.128.52.199:0] AH00529: /domains/performancepartsinc/graphics/psd/.htaccess pcfg_openfile: unable to check htaccess file, ensure it is readable and that '/domains/performancepartsinc/graphics/psd/' is executable
[Wed Jan 07 00:05:14.103492 2026] [core:crit] [pid 21918] (13)Permission denied: [client 47.128.116.170:0] AH00529: /domains/performancepartsinc/graphics/psd/.htaccess pcfg_openfile: unable to check htaccess file, ensure it is readable and that '/domains/performancepartsinc/graphics/psd/' is executable
[Wed Jan 07 00:05:14.184702 2026] [php:error] [pid 21902] [client 34.96.162.61:0] script '/domains/conceptlabs1/adminer-5.2.0-mysql.php' not found or unable to stat
[Wed Jan 07 00:05:14.752134 2026] [core:crit] [pid 21917] (13)Permission denied: [client 47.128.47.70:0] AH00529: /domains/performancepartsinc/graphics/psd/.htaccess pcfg_openfile: unable to check htaccess file, ensure it is readable and that '/domains/performancepartsinc/graphics/psd/' is executable
[Wed Jan 07 00:05:15.051641 2026] [php:error] [pid 21911] [client 35.247.243.248:0] script '/domains/conceptlabs1/Adminer.php' not found or unable to stat
[Wed Jan 07 00:05:35.770236 2026] [php:error] [pid 21907] [client 101.47.180.25:0] script '/domains/hdickens.enteract/kmnj.php' not found or unable to stat
[Wed Jan 07 00:05:45.169988 2026] [php:error] [pid 21917] [client 35.247.243.245:0] script '/domains/conceptlabs1/adminer-4.3.0.php' not found or unable to stat
[Wed Jan 07 00:05:50.920520 2026] [php:error] [pid 21918] [client 35.247.243.249:0] script '/domains/conceptlabs1/adminer-5.0.3.php' not found or unable to stat
[Wed Jan 07 00:06:04.714838 2026] [php:error] [pid 21925] [client 34.96.162.58:0] script '/domains/conceptlabs1/Adminer.php' not found or unable to stat
[Wed Jan 07 00:06:08.701188 2026] [php:error] [pid 21902] [client 34.96.162.60:0] script '/domains/conceptlabs1/sql.php' not found or unable to stat
[Wed Jan 07 00:06:11.345897 2026] [php:error] [pid 21924] [client 35.247.243.242:0] script '/domains/conceptlabs1/adminer-5.0.5-en.php' not found or unable to stat
[Wed Jan 07 00:06:11.563336 2026] [php:error] [pid 21917] [client 34.96.162.57:0] script '/domains/conceptlabs1/adminer-4.2.1.php' not found or unable to stat
[Wed Jan 07 00:06:12.332626 2026] [php:error] [pid 21902] [client 34.96.162.50:0] script '/domains/conceptlabs1/adminer-5.0.2-en.php' not found or unable to stat
[Wed Jan 07 00:06:13.577265 2026] [php:error] [pid 21921] [client 20.105.202.227:0] script '/domains/rextrav/wp-login.php' not found or unable to stat, referer: https://rextravel.com/wp-login.php
[Wed Jan 07 00:06:13.832498 2026] [php:error] [pid 21922] [client 20.105.202.227:0] script '/domains/rextrav/wp-login.php' not found or unable to stat, referer: https://rextravel.com/wp-login.php
[Wed Jan 07 00:06:18.879498 2026] [php:error] [pid 21925] [client 4.213.16.78:0] script '/domains/astrosfm/worksec.php' not found or unable to stat
[Wed Jan 07 00:06:19.103944 2026] [php:error] [pid 21925] [client 4.213.16.78:0] script '/domains/astrosfm/amax.php' not found or unable to stat
[Wed Jan 07 00:06:19.448975 2026] [php:error] [pid 21925] [client 4.213.16.78:0] script '/domains/astrosfm/shell.php' not found or unable to stat
[Wed Jan 07 00:06:19.660535 2026] [php:error] [pid 21925] [client 4.213.16.78:0] script '/domains/astrosfm/mini.php' not found or unable to stat
[Wed Jan 07 00:06:19.848957 2026] [php:error] [pid 21925] [client 4.213.16.78:0] script '/domains/astrosfm/an8.php' not found or unable to stat
[Wed Jan 07 00:06:20.037104 2026] [php:error] [pid 21925] [client 4.213.16.78:0] script '/domains/astrosfm/t.php' not found or unable to stat
[Wed Jan 07 00:06:20.287001 2026] [php:error] [pid 21925] [client 4.213.16.78:0] script '/domains/astrosfm/bolt.php' not found or unable to stat
[Wed Jan 07 00:06:20.474678 2026] [php:error] [pid 21925] [client 4.213.16.78:0] script '/domains/astrosfm/ma.php' not found or unable to stat
[Wed Jan 07 00:06:20.662190 2026] [php:error] [pid 21925] [client 4.213.16.78:0] script '/domains/astrosfm/byp8.php' not found or unable to stat
[Wed Jan 07 00:06:20.882251 2026] [php:error] [pid 21925] [client 4.213.16.78:0] script '/domains/astrosfm/s.php' not found or unable to stat
[Wed Jan 07 00:06:21.069789 2026] [php:error] [pid 21925] [client 4.213.16.78:0] script '/domains/astrosfm/xrp.php' not found or unable to stat
[Wed Jan 07 00:06:21.331956 2026] [php:error] [pid 21925] [client 4.213.16.78:0] script '/domains/astrosfm/byp.php' not found or unable to stat
[Wed Jan 07 00:06:21.527102 2026] [php:error] [pid 21925] [client 4.213.16.78:0] script '/domains/astrosfm/ws28.php' not found or unable to stat
[Wed Jan 07 00:06:21.720201 2026] [php:error] [pid 21925] [client 4.213.16.78:0] script '/domains/astrosfm/num.php' not found or unable to stat
[Wed Jan 07 00:06:21.909859 2026] [php:error] [pid 21925] [client 4.213.16.78:0] script '/domains/astrosfm/gmo.php' not found or unable to stat
[Wed Jan 07 00:06:22.097461 2026] [php:error] [pid 21925] [client 4.213.16.78:0] script '/domains/astrosfm/app.php' not found or unable to stat
[Wed Jan 07 00:06:22.290965 2026] [php:error] [pid 21925] [client 4.213.16.78:0] script '/domains/astrosfm/new4.php' not found or unable to stat
[Wed Jan 07 00:06:22.479183 2026] [php:error] [pid 21925] [client 4.213.16.78:0] script '/domains/astrosfm/dox.php' not found or unable to stat
[Wed Jan 07 00:06:22.755442 2026] [php:error] [pid 21925] [client 4.213.16.78:0] script '/domains/astrosfm/vx.php' not found or unable to stat
[Wed Jan 07 00:06:22.944928 2026] [php:error] [pid 21925] [client 4.213.16.78:0] script '/domains/astrosfm/admin.php' not found or unable to stat
[Wed Jan 07 00:06:23.133489 2026] [php:error] [pid 21925] [client 4.213.16.78:0] script '/domains/astrosfm/wp-good.php' not found or unable to stat
[Wed Jan 07 00:06:23.321271 2026] [php:error] [pid 21925] [client 4.213.16.78:0] script '/domains/astrosfm/xa.php' not found or unable to stat
[Wed Jan 07 00:06:23.516839 2026] [php:error] [pid 21925] [client 4.213.16.78:0] script '/domains/astrosfm/f8.php' not found or unable to stat
[Wed Jan 07 00:06:23.720919 2026] [php:error] [pid 21925] [client 4.213.16.78:0] script '/domains/astrosfm/moon3.php' not found or unable to stat
[Wed Jan 07 00:06:23.908234 2026] [php:error] [pid 21925] [client 4.213.16.78:0] script '/domains/astrosfm/ffile.php' not found or unable to stat
[Wed Jan 07 00:06:24.100814 2026] [php:error] [pid 21925] [client 4.213.16.78:0] script '/domains/astrosfm/X7x.php' not found or unable to stat
[Wed Jan 07 00:06:24.288332 2026] [php:error] [pid 21925] [client 4.213.16.78:0] script '/domains/astrosfm/xxxx.php' not found or unable to stat
[Wed Jan 07 00:06:24.569345 2026] [php:error] [pid 21925] [client 4.213.16.78:0] script '/domains/astrosfm/Sanskrit.php' not found or unable to stat
[Wed Jan 07 00:06:24.764433 2026] [php:error] [pid 21925] [client 4.213.16.78:0] script '/domains/astrosfm/gec.php' not found or unable to stat
[Wed Jan 07 00:06:24.953393 2026] [php:error] [pid 21925] [client 4.213.16.78:0] script '/domains/astrosfm/as.php' not found or unable to stat
[Wed Jan 07 00:06:25.164125 2026] [php:error] [pid 21925] [client 4.213.16.78:0] script '/domains/astrosfm/file30.php' not found or unable to stat
[Wed Jan 07 00:06:25.351571 2026] [php:error] [pid 21925] [client 4.213.16.78:0] script '/domains/astrosfm/nox.php' not found or unable to stat
[Wed Jan 07 00:06:25.588327 2026] [php:error] [pid 21925] [client 4.213.16.78:0] script '/domains/astrosfm/222.php' not found or unable to stat
[Wed Jan 07 00:06:25.775922 2026] [php:error] [pid 21925] [client 4.213.16.78:0] script '/domains/astrosfm/xml.php' not found or unable to stat
[Wed Jan 07 00:06:25.968136 2026] [php:error] [pid 21925] [client 4.213.16.78:0] script '/domains/astrosfm/bless14.php' not found or unable to stat
[Wed Jan 07 00:06:26.177751 2026] [php:error] [pid 21925] [client 4.213.16.78:0] script '/domains/astrosfm/css.php' not found or unable to stat
[Wed Jan 07 00:06:26.365057 2026] [php:error] [pid 21925] [client 4.213.16.78:0] script '/domains/astrosfm/oo.php' not found or unable to stat
[Wed Jan 07 00:06:26.554887 2026] [php:error] [pid 21925] [client 4.213.16.78:0] script '/domains/astrosfm/x.php' not found or unable to stat
[Wed Jan 07 00:06:26.758836 2026] [php:error] [pid 21925] [client 4.213.16.78:0] script '/domains/astrosfm/f35.php' not found or unable to stat
[Wed Jan 07 00:06:26.946403 2026] [php:error] [pid 21925] [client 4.213.16.78:0] script '/domains/astrosfm/jga.php' not found or unable to stat
[Wed Jan 07 00:06:27.181581 2026] [php:error] [pid 21925] [client 4.213.16.78:0] script '/domains/astrosfm/gg.php' not found or unable to stat
[Wed Jan 07 00:06:27.600219 2026] [php:error] [pid 21925] [client 4.213.16.78:0] script '/domains/astrosfm/ws29.php' not found or unable to stat
[Wed Jan 07 00:06:27.787795 2026] [php:error] [pid 21925] [client 4.213.16.78:0] script '/domains/astrosfm/wen.php' not found or unable to stat
[Wed Jan 07 00:06:27.975426 2026] [php:error] [pid 21925] [client 4.213.16.78:0] script '/domains/astrosfm/pass.php' not found or unable to stat
[Wed Jan 07 00:06:28.228830 2026] [php:error] [pid 21925] [client 4.213.16.78:0] script '/domains/astrosfm/themes.php' not found or unable to stat
[Wed Jan 07 00:06:28.418973 2026] [php:error] [pid 21925] [client 4.213.16.78:0] script '/domains/astrosfm/log.php' not found or unable to stat
[Wed Jan 07 00:06:28.606922 2026] [php:error] [pid 21925] [client 4.213.16.78:0] script '/domains/astrosfm/sitemaps.php' not found or unable to stat
[Wed Jan 07 00:06:28.795614 2026] [php:error] [pid 21925] [client 4.213.16.78:0] script '/domains/astrosfm/wp-trackback.php' not found or unable to stat
[Wed Jan 07 00:06:29.005665 2026] [php:error] [pid 21925] [client 4.213.16.78:0] script '/domains/astrosfm/css/install.php' not found or unable to stat
[Wed Jan 07 00:06:29.194254 2026] [php:error] [pid 21925] [client 4.213.16.78:0] script '/domains/astrosfm/cc.php' not found or unable to stat
[Wed Jan 07 00:06:29.381884 2026] [php:error] [pid 21925] [client 4.213.16.78:0] script '/domains/astrosfm/class.php' not found or unable to stat
[Wed Jan 07 00:06:29.580409 2026] [php:error] [pid 21925] [client 4.213.16.78:0] script '/domains/astrosfm/img.php' not found or unable to stat
[Wed Jan 07 00:06:29.767868 2026] [php:error] [pid 21925] [client 4.213.16.78:0] script '/domains/astrosfm/edit.php' not found or unable to stat
[Wed Jan 07 00:06:29.997259 2026] [php:error] [pid 21925] [client 4.213.16.78:0] script '/domains/astrosfm/file.php' not found or unable to stat
[Wed Jan 07 00:06:30.057544 2026] [php:error] [pid 21921] [client 34.96.162.61:0] script '/domains/conceptlabs1/Adminer.php' not found or unable to stat
[Wed Jan 07 00:06:30.189928 2026] [php:error] [pid 21925] [client 4.213.16.78:0] script '/domains/astrosfm/user.php' not found or unable to stat
[Wed Jan 07 00:06:30.377456 2026] [php:error] [pid 21925] [client 4.213.16.78:0] script '/domains/astrosfm/0x.php' not found or unable to stat
[Wed Jan 07 00:06:30.567587 2026] [php:error] [pid 21925] [client 4.213.16.78:0] script '/domains/astrosfm/buy.php' not found or unable to stat
[Wed Jan 07 00:06:30.754953 2026] [php:error] [pid 21925] [client 4.213.16.78:0] script '/domains/astrosfm/bless.php' not found or unable to stat
[Wed Jan 07 00:06:30.943482 2026] [php:error] [pid 21925] [client 4.213.16.78:0] script '/domains/astrosfm/wp-sign.php' not found or unable to stat
[Wed Jan 07 00:06:31.137839 2026] [php:error] [pid 21925] [client 4.213.16.78:0] script '/domains/astrosfm/ppp.php' not found or unable to stat
[Wed Jan 07 00:06:31.328052 2026] [php:error] [pid 21925] [client 4.213.16.78:0] script '/domains/astrosfm/atomlib.php' not found or unable to stat
[Wed Jan 07 00:06:31.515496 2026] [php:error] [pid 21925] [client 4.213.16.78:0] script '/domains/astrosfm/Ov-Simple1.php' not found or unable to stat
[Wed Jan 07 00:06:31.703430 2026] [php:error] [pid 21925] [client 4.213.16.78:0] script '/domains/astrosfm/cong.php' not found or unable to stat
[Wed Jan 07 00:06:31.891012 2026] [php:error] [pid 21925] [client 4.213.16.78:0] script '/domains/astrosfm/wp-configs.php' not found or unable to stat
[Wed Jan 07 00:06:32.158745 2026] [php:error] [pid 21925] [client 4.213.16.78:0] script '/domains/astrosfm/wp-help.php' not found or unable to stat
[Wed Jan 07 00:06:32.353864 2026] [php:error] [pid 21925] [client 4.213.16.78:0] script '/domains/astrosfm/xc.php' not found or unable to stat
[Wed Jan 07 00:06:32.728818 2026] [php:error] [pid 21925] [client 4.213.16.78:0] script '/domains/astrosfm/files.php' not found or unable to stat
[Wed Jan 07 00:06:32.916236 2026] [php:error] [pid 21925] [client 4.213.16.78:0] script '/domains/astrosfm/hly.php' not found or unable to stat
[Wed Jan 07 00:06:33.104056 2026] [php:error] [pid 21925] [client 4.213.16.78:0] script '/domains/astrosfm/text.php' not found or unable to stat
[Wed Jan 07 00:06:33.308187 2026] [php:error] [pid 21925] [client 4.213.16.78:0] script '/domains/astrosfm/item.php' not found or unable to stat
[Wed Jan 07 00:06:33.495584 2026] [php:error] [pid 21925] [client 4.213.16.78:0] script '/domains/astrosfm/install.php' not found or unable to stat
[Wed Jan 07 00:06:33.683481 2026] [php:error] [pid 21925] [client 4.213.16.78:0] script '/domains/astrosfm/wp-conflg.php' not found or unable to stat
[Wed Jan 07 00:06:33.873858 2026] [php:error] [pid 21925] [client 4.213.16.78:0] script '/domains/astrosfm/dropdown.php' not found or unable to stat
[Wed Jan 07 00:06:34.064110 2026] [php:error] [pid 21925] [client 4.213.16.78:0] script '/domains/astrosfm/xp.php' not found or unable to stat
[Wed Jan 07 00:06:34.253770 2026] [php:error] [pid 21925] [client 4.213.16.78:0] script '/domains/astrosfm/yes.php' not found or unable to stat
[Wed Jan 07 00:06:34.450558 2026] [php:error] [pid 21925] [client 4.213.16.78:0] script '/domains/astrosfm/09fa6.php' not found or unable to stat
[Wed Jan 07 00:06:34.637854 2026] [php:error] [pid 21925] [client 4.213.16.78:0] script '/domains/astrosfm/89.php' not found or unable to stat
[Wed Jan 07 00:06:34.857702 2026] [php:error] [pid 21925] [client 4.213.16.78:0] script '/domains/astrosfm/has.php' not found or unable to stat
[Wed Jan 07 00:06:35.047233 2026] [php:error] [pid 21925] [client 4.213.16.78:0] script '/domains/astrosfm/nax.php' not found or unable to stat
[Wed Jan 07 00:06:35.244232 2026] [php:error] [pid 21925] [client 4.213.16.78:0] script '/domains/astrosfm/ooj.php' not found or unable to stat
[Wed Jan 07 00:06:35.439952 2026] [php:error] [pid 21925] [client 4.213.16.78:0] script '/domains/astrosfm/orm.php' not found or unable to stat
[Wed Jan 07 00:06:35.631987 2026] [php:error] [pid 21925] [client 4.213.16.78:0] script '/domains/astrosfm/yep.php' not found or unable to stat
[Wed Jan 07 00:06:35.825257 2026] [php:error] [pid 21925] [client 4.213.16.78:0] script '/domains/astrosfm/x3.php' not found or unable to stat
[Wed Jan 07 00:06:36.049750 2026] [php:error] [pid 21925] [client 4.213.16.78:0] script '/domains/astrosfm/6erg.php' not found or unable to stat
[Wed Jan 07 00:06:36.247889 2026] [php:error] [pid 21925] [client 4.213.16.78:0] script '/domains/astrosfm/ggfi.php' not found or unable to stat
[Wed Jan 07 00:06:36.435564 2026] [php:error] [pid 21925] [client 4.213.16.78:0] script '/domains/astrosfm/wrt.php' not found or unable to stat
[Wed Jan 07 00:06:36.671287 2026] [php:error] [pid 21925] [client 4.213.16.78:0] script '/domains/astrosfm/jju.php' not found or unable to stat
[Wed Jan 07 00:06:36.901154 2026] [php:error] [pid 21925] [client 4.213.16.78:0] script '/domains/astrosfm/rsnu.php' not found or unable to stat
[Wed Jan 07 00:06:37.207884 2026] [php:error] [pid 21925] [client 4.213.16.78:0] script '/domains/astrosfm/lc.php' not found or unable to stat
[Wed Jan 07 00:06:37.396025 2026] [php:error] [pid 21925] [client 4.213.16.78:0] script '/domains/astrosfm/gfile.php' not found or unable to stat
[Wed Jan 07 00:06:37.589943 2026] [php:error] [pid 21925] [client 4.213.16.78:0] script '/domains/astrosfm/gold.php' not found or unable to stat
[Wed Jan 07 00:06:37.904623 2026] [php:error] [pid 21925] [client 4.213.16.78:0] script '/domains/astrosfm/new.php' not found or unable to stat
[Wed Jan 07 00:06:38.092828 2026] [php:error] [pid 21925] [client 4.213.16.78:0] script '/domains/astrosfm/aua.php' not found or unable to stat
[Wed Jan 07 00:06:38.282460 2026] [php:error] [pid 21925] [client 4.213.16.78:0] script '/domains/astrosfm/great.php' not found or unable to stat
[Wed Jan 07 00:06:38.474207 2026] [php:error] [pid 21925] [client 4.213.16.78:0] script '/domains/astrosfm/class9.php' not found or unable to stat
[Wed Jan 07 00:06:38.661777 2026] [php:error] [pid 21925] [client 4.213.16.78:0] script '/domains/astrosfm/ot.php' not found or unable to stat
[Wed Jan 07 00:06:38.863429 2026] [php:error] [pid 21925] [client 4.213.16.78:0] script '/domains/astrosfm/witmm.php' not found or unable to stat
[Wed Jan 07 00:06:39.056403 2026] [php:error] [pid 21925] [client 4.213.16.78:0] script '/domains/astrosfm/ocxla.php' not found or unable to stat
[Wed Jan 07 00:06:39.672068 2026] [php:error] [pid 21926] [client 4.213.16.78:0] script '/domains/astrosfm/tt.php' not found or unable to stat
[Wed Jan 07 00:06:39.872909 2026] [php:error] [pid 21926] [client 4.213.16.78:0] script '/domains/astrosfm/resp.php' not found or unable to stat
[Wed Jan 07 00:06:40.079730 2026] [php:error] [pid 21926] [client 4.213.16.78:0] script '/domains/astrosfm/100.kb.php' not found or unable to stat
[Wed Jan 07 00:06:40.272469 2026] [php:error] [pid 21926] [client 4.213.16.78:0] script '/domains/astrosfm/wqqs.php' not found or unable to stat
[Wed Jan 07 00:06:40.460391 2026] [php:error] [pid 21926] [client 4.213.16.78:0] script '/domains/astrosfm/zwq13.php' not found or unable to stat
[Wed Jan 07 00:06:40.648380 2026] [php:error] [pid 21926] [client 4.213.16.78:0] script '/domains/astrosfm/rtx.php' not found or unable to stat
[Wed Jan 07 00:06:40.845336 2026] [php:error] [pid 21926] [client 4.213.16.78:0] script '/domains/astrosfm/1index.php' not found or unable to stat
[Wed Jan 07 00:06:41.033025 2026] [php:error] [pid 21926] [client 4.213.16.78:0] script '/domains/astrosfm/fs6.php' not found or unable to stat
[Wed Jan 07 00:06:41.223738 2026] [php:error] [pid 21926] [client 4.213.16.78:0] script '/domains/astrosfm/clasa99.php' not found or unable to stat
[Wed Jan 07 00:06:41.480545 2026] [php:error] [pid 21926] [client 4.213.16.78:0] script '/domains/astrosfm/fasx.php' not found or unable to stat
[Wed Jan 07 00:06:41.668382 2026] [php:error] [pid 21926] [client 4.213.16.78:0] script '/domains/astrosfm/c4.php' not found or unable to stat
[Wed Jan 07 00:06:41.856700 2026] [php:error] [pid 21926] [client 4.213.16.78:0] script '/domains/astrosfm/lock1.php' not found or unable to stat
[Wed Jan 07 00:06:42.854754 2026] [php:error] [pid 21926] [client 4.213.16.78:0] script '/domains/astrosfm/lock11.php' not found or unable to stat
[Wed Jan 07 00:06:43.042159 2026] [php:error] [pid 21926] [client 4.213.16.78:0] script '/domains/astrosfm/api137.php' not found or unable to stat
[Wed Jan 07 00:06:43.230925 2026] [php:error] [pid 21926] [client 4.213.16.78:0] script '/domains/astrosfm/class629.php' not found or unable to stat
[Wed Jan 07 00:06:43.418654 2026] [php:error] [pid 21926] [client 4.213.16.78:0] script '/domains/astrosfm/wp670.php' not found or unable to stat
[Wed Jan 07 00:06:43.614067 2026] [php:error] [pid 21926] [client 4.213.16.78:0] script '/domains/astrosfm/v1.php' not found or unable to stat
[Wed Jan 07 00:06:43.821815 2026] [php:error] [pid 21926] [client 4.213.16.78:0] script '/domains/astrosfm/xx.php' not found or unable to stat
[Wed Jan 07 00:06:44.279310 2026] [php:error] [pid 21926] [client 4.213.16.78:0] script '/domains/astrosfm/skinmain.php' not found or unable to stat
[Wed Jan 07 00:06:44.657441 2026] [php:error] [pid 21926] [client 4.213.16.78:0] script '/domains/astrosfm/orxnwdbb.php' not found or unable to stat
[Wed Jan 07 00:06:44.902043 2026] [php:error] [pid 21926] [client 4.213.16.78:0] script '/domains/astrosfm/v3.php' not found or unable to stat
[Wed Jan 07 00:06:45.091050 2026] [php:error] [pid 21926] [client 4.213.16.78:0] script '/domains/astrosfm/fs8.php' not found or unable to stat
[Wed Jan 07 00:06:45.678536 2026] [php:error] [pid 21926] [client 4.213.16.78:0] script '/domains/astrosfm/adminer-4.5.0-mysql.php' not found or unable to stat
[Wed Jan 07 00:06:46.061877 2026] [php:error] [pid 21926] [client 4.213.16.78:0] script '/domains/astrosfm/video.php' not found or unable to stat
[Wed Jan 07 00:06:46.278330 2026] [php:error] [pid 21926] [client 4.213.16.78:0] script '/domains/astrosfm/scgi-bin.php' not found or unable to stat
[Wed Jan 07 00:06:46.479779 2026] [php:error] [pid 21926] [client 4.213.16.78:0] script '/domains/astrosfm/finest09.php' not found or unable to stat
[Wed Jan 07 00:06:46.594030 2026] [php:error] [pid 21924] [client 185.193.156.153:0] script '/domains/drsuper/xmlrpc.php' not found or unable to stat
[Wed Jan 07 00:06:46.667419 2026] [php:error] [pid 21926] [client 4.213.16.78:0] script '/domains/astrosfm/1100.php' not found or unable to stat
[Wed Jan 07 00:06:46.862246 2026] [php:error] [pid 21926] [client 4.213.16.78:0] script '/domains/astrosfm/iov.php' not found or unable to stat
[Wed Jan 07 00:06:47.510136 2026] [php:error] [pid 21926] [client 4.213.16.78:0] script '/domains/astrosfm/.well-known.php' not found or unable to stat
[Wed Jan 07 00:06:47.698042 2026] [php:error] [pid 21926] [client 4.213.16.78:0] script '/domains/astrosfm/02.php' not found or unable to stat
[Wed Jan 07 00:06:47.905094 2026] [php:error] [pid 21926] [client 4.213.16.78:0] script '/domains/astrosfm/13.php' not found or unable to stat
[Wed Jan 07 00:06:48.107556 2026] [php:error] [pid 21926] [client 4.213.16.78:0] script '/domains/astrosfm/2024.php' not found or unable to stat
[Wed Jan 07 00:06:48.564200 2026] [php:error] [pid 21926] [client 4.213.16.78:0] script '/domains/astrosfm/403.php' not found or unable to stat
[Wed Jan 07 00:06:48.757934 2026] [php:error] [pid 21926] [client 4.213.16.78:0] script '/domains/astrosfm/Diff.php' not found or unable to stat
[Wed Jan 07 00:06:48.946481 2026] [php:error] [pid 21926] [client 4.213.16.78:0] script '/domains/astrosfm/Engine.php' not found or unable to stat
[Wed Jan 07 00:06:49.151794 2026] [php:error] [pid 21926] [client 4.213.16.78:0] script '/domains/astrosfm/ID3.php' not found or unable to stat
[Wed Jan 07 00:06:49.339498 2026] [php:error] [pid 21926] [client 4.213.16.78:0] script '/domains/astrosfm/IXR.php' not found or unable to stat
[Wed Jan 07 00:06:49.537094 2026] [php:error] [pid 21926] [client 4.213.16.78:0] script '/domains/astrosfm/SimplePie.php' not found or unable to stat
[Wed Jan 07 00:06:49.561076 2026] [php:error] [pid 21922] [client 34.96.162.58:0] script '/domains/conceptlabs1/adminer-4.4.0.php' not found or unable to stat
[Wed Jan 07 00:06:49.728914 2026] [php:error] [pid 21926] [client 4.213.16.78:0] script '/domains/astrosfm/Text.php' not found or unable to stat
[Wed Jan 07 00:06:49.781191 2026] [php:error] [pid 21924] [client 35.247.243.243:0] script '/domains/conceptlabs1/adminer-5.0.3-mysql.php' not found or unable to stat
[Wed Jan 07 00:06:49.940113 2026] [php:error] [pid 21926] [client 4.213.16.78:0] script '/domains/astrosfm/aahana.php' not found or unable to stat
[Wed Jan 07 00:06:50.130006 2026] [php:error] [pid 21926] [client 4.213.16.78:0] script '/domains/astrosfm/ws35.php' not found or unable to stat
[Wed Jan 07 00:06:51.489803 2026] [php:error] [pid 21921] [client 34.96.162.60:0] script '/domains/conceptlabs1/adminer-5.0.6.php' not found or unable to stat
[Wed Jan 07 00:06:53.626900 2026] [php:error] [pid 21922] [client 35.247.243.252:0] script '/domains/conceptlabs1/adminer-5.0.5-en.php' not found or unable to stat
[Wed Jan 07 00:07:16.190828 2026] [php:error] [pid 21921] [client 35.247.243.252:0] script '/domains/conceptlabs1/adminer-db.php' not found or unable to stat
[Wed Jan 07 00:07:36.609907 2026] [php:error] [pid 21934] [client 34.96.162.60:0] script '/domains/conceptlabs1/adminer-5.1.1.php' not found or unable to stat
[Wed Jan 07 00:07:43.871206 2026] [php:error] [pid 21927] [client 35.247.243.255:0] script '/domains/conceptlabs1/adminer-5.0.2-mysql-en.php' not found or unable to stat
[Wed Jan 07 00:07:51.824907 2026] [php:error] [pid 21920] [client 34.96.162.50:0] script '/domains/conceptlabs1/adminer-5.2.0-en.php' not found or unable to stat
[Wed Jan 07 00:07:54.547849 2026] [php:error] [pid 21920] [client 34.96.162.49:0] script '/domains/conceptlabs1/adminer-4.2.0.php' not found or unable to stat
[Wed Jan 07 00:08:05.149603 2026] [php:error] [pid 21936] [client 35.247.243.240:0] script '/domains/conceptlabs1/adminer-5.4.1-mysql-en.php' not found or unable to stat
[Wed Jan 07 00:08:05.679125 2026] [php:error] [pid 21927] [client 34.96.162.55:0] script '/domains/conceptlabs1/adminer-5.0.0-mysql.php' not found or unable to stat
[Wed Jan 07 00:08:20.413406 2026] [php:error] [pid 21927] [client 35.247.243.248:0] script '/domains/conceptlabs1/adminer-5.1.1-en.php' not found or unable to stat
[Wed Jan 07 00:08:22.881023 2026] [php:error] [pid 21940] [client 35.247.243.245:0] script '/domains/conceptlabs1/db.php' not found or unable to stat
[Wed Jan 07 00:08:24.627762 2026] [php:error] [pid 21947] [client 35.247.243.250:0] script '/domains/conceptlabs1/adminer-4.2.0.php' not found or unable to stat
[Wed Jan 07 00:08:30.184047 2026] [php:error] [pid 21932] [client 34.96.162.58:0] script '/domains/conceptlabs1/unzipper.php' not found or unable to stat
[Wed Jan 07 00:08:33.773074 2026] [php:error] [pid 21946] [client 34.96.162.60:0] script '/domains/conceptlabs1/adminer-5.2.0-mysql.php' not found or unable to stat
[Wed Jan 07 00:08:36.327603 2026] [php:error] [pid 21951] [client 35.247.243.247:0] script '/domains/conceptlabs1/adminer-5.0.2-mysql-en.php' not found or unable to stat
[Wed Jan 07 00:08:38.253368 2026] [php:error] [pid 21949] [client 35.247.243.252:0] script '/domains/conceptlabs1/adminer-5.0.2-mysql-en.php' not found or unable to stat
[Wed Jan 07 00:08:46.783506 2026] [php:error] [pid 21936] [client 34.96.162.52:0] script '/domains/conceptlabs1/adminer-5.3.0-mysql.php' not found or unable to stat
[Wed Jan 07 00:08:48.324826 2026] [php:error] [pid 21932] [client 34.96.162.49:0] script '/domains/conceptlabs1/adminer-5.1.0-en.php' not found or unable to stat
[Wed Jan 07 00:08:59.927967 2026] [php:error] [pid 21951] [client 35.247.243.241:0] script '/domains/conceptlabs1/adminer-5.0.6.php' not found or unable to stat
[Wed Jan 07 00:09:04.094314 2026] [php:error] [pid 21946] [client 34.96.162.54:0] script '/domains/conceptlabs1/adminer-5.0.0.php' not found or unable to stat
[Wed Jan 07 00:09:06.228165 2026] [php:error] [pid 21949] [client 77.90.185.245:0] script '/domains/conceptlabs1/wp-login.php' not found or unable to stat, referer: https://www.linkedin.com/
[Wed Jan 07 00:09:06.464467 2026] [php:error] [pid 21952] [client 77.90.185.245:0] script '/domains/conceptlabs1/wp-login.php' not found or unable to stat
[Wed Jan 07 00:09:06.921309 2026] [php:error] [pid 21951] [client 35.247.243.241:0] script '/domains/conceptlabs1/SQL.php' not found or unable to stat
[Wed Jan 07 00:09:15.506301 2026] [php:error] [pid 21955] [client 34.96.162.61:0] script '/domains/conceptlabs1/adminer-5.0.2-en.php' not found or unable to stat
[Wed Jan 07 00:09:27.197515 2026] [php:error] [pid 21946] [client 34.96.162.53:0] script '/domains/conceptlabs1/adminer-5.2.1-mysql.php' not found or unable to stat
[Wed Jan 07 00:09:34.722481 2026] [php:error] [pid 21954] [client 35.247.243.245:0] script '/domains/conceptlabs1/adminer-5.1.0-en.php' not found or unable to stat
[Wed Jan 07 00:09:35.017979 2026] [core:crit] [pid 21946] (13)Permission denied: [client 114.119.156.181:0] AH00529: /domains/dcarlone/test/web/.htaccess pcfg_openfile: unable to check htaccess file, ensure it is readable and that '/domains/dcarlone/test/web/' is executable
[Wed Jan 07 00:09:41.193788 2026] [php:error] [pid 21959] [client 35.247.243.255:0] script '/domains/conceptlabs1/adminer-5.0.6-mysql-en.php' not found or unable to stat
[Wed Jan 07 00:09:42.968032 2026] [php:error] [pid 21958] [client 35.247.243.241:0] script '/domains/conceptlabs1/adminer-5.0.3.php' not found or unable to stat
[Wed Jan 07 00:09:53.000776 2026] [php:error] [pid 21946] [client 35.247.243.247:0] script '/domains/conceptlabs1/adminer-5.4.0-mysql-en.php' not found or unable to stat
[Wed Jan 07 00:09:55.026857 2026] [php:error] [pid 21946] [client 34.96.162.49:0] script '/domains/conceptlabs1/adminer-5.0.3-mysql.php' not found or unable to stat
[Wed Jan 07 00:10:00.815704 2026] [php:error] [pid 21932] [client 35.247.243.246:0] script '/domains/conceptlabs1/adminer-5.0.2-en.php' not found or unable to stat
[Wed Jan 07 00:10:14.948965 2026] [php:error] [pid 21965] [client 34.96.162.48:0] script '/domains/conceptlabs1/adminer-5.0.3-mysql.php' not found or unable to stat
[Wed Jan 07 00:10:19.911815 2026] [php:error] [pid 21954] [client 34.96.162.51:0] script '/domains/conceptlabs1/adminer-5.0.6-mysql-en.php' not found or unable to stat
[Wed Jan 07 00:10:31.608434 2026] [php:error] [pid 21968] [client 35.247.243.246:0] script '/domains/conceptlabs1/__adm.php' not found or unable to stat
[Wed Jan 07 00:10:31.610030 2026] [php:error] [pid 21962] [client 34.96.162.51:0] script '/domains/conceptlabs1/adminer-5.0.6-mysql.php' not found or unable to stat
[Wed Jan 07 00:10:34.216805 2026] [php:error] [pid 21969] [client 34.96.162.60:0] script '/domains/conceptlabs1/adminer-5.0.1.php' not found or unable to stat
[Wed Jan 07 00:10:42.243931 2026] [php:error] [pid 21936] [client 35.247.243.246:0] script '/domains/conceptlabs1/adminer-4.2.0.php' not found or unable to stat
[Wed Jan 07 00:10:55.773454 2026] [php:error] [pid 21973] [client 34.96.162.61:0] script '/domains/conceptlabs1/unzipper.php' not found or unable to stat
[Wed Jan 07 00:11:03.175689 2026] [php:error] [pid 21969] [client 34.96.162.62:0] script '/domains/conceptlabs1/adminer-5.1.0.php' not found or unable to stat
[Wed Jan 07 00:11:10.480071 2026] [php:error] [pid 21974] [client 34.96.162.52:0] script '/domains/conceptlabs1/adminer-5.0.5-mysql.php' not found or unable to stat
[Wed Jan 07 00:11:12.244878 2026] [php:error] [pid 21969] [client 34.96.162.54:0] script '/domains/conceptlabs1/adminer-5.0.4-mysql-en.php' not found or unable to stat
[Wed Jan 07 00:11:13.004913 2026] [php:error] [pid 21936] [client 35.247.243.250:0] script '/domains/conceptlabs1/adminer-5.4.0-mysql-en.php' not found or unable to stat
[Wed Jan 07 00:11:34.416664 2026] [php:error] [pid 21969] [client 154.12.92.135:0] script '/domains/system_default/s.php' not found or unable to stat
[Wed Jan 07 00:11:36.617933 2026] [php:error] [pid 21974] [client 143.14.6.229:0] script '/domains/hdickens.enteract/kmnj.php' not found or unable to stat
[Wed Jan 07 00:11:38.254889 2026] [php:error] [pid 21964] [client 143.14.6.220:0] script '/domains/hdickens.enteract/kmnj.php' not found or unable to stat
[Wed Jan 07 00:11:39.321120 2026] [php:error] [pid 21936] [client 143.14.6.1:0] script '/domains/hdickens.enteract/kmnj.php' not found or unable to stat
[Wed Jan 07 00:11:43.971502 2026] [php:error] [pid 21964] [client 34.96.162.49:0] script '/domains/conceptlabs1/adminer-5.0.6-mysql.php' not found or unable to stat
[Wed Jan 07 00:11:48.400882 2026] [php:error] [pid 21982] [client 35.247.243.242:0] script '/domains/conceptlabs1/adminer-5.0.3.php' not found or unable to stat
[Wed Jan 07 00:11:56.055267 2026] [php:error] [pid 21983] [client 35.247.243.254:0] script '/domains/conceptlabs1/mydb.php' not found or unable to stat
[Wed Jan 07 00:12:15.092282 2026] [php:error] [pid 21983] [client 34.96.162.62:0] script '/domains/conceptlabs1/adminer-4.7.5.php' not found or unable to stat
[Wed Jan 07 00:12:15.505912 2026] [php:error] [pid 21984] [client 34.96.162.58:0] script '/domains/conceptlabs1/phpminiadmin.php' not found or unable to stat
[Wed Jan 07 00:12:27.815386 2026] [php:error] [pid 21964] [client 35.247.243.251:0] script '/domains/conceptlabs1/adminer-5.0.2-mysql-en.php' not found or unable to stat
