[Wed Jan 07 12:18:38.682938 2026] [php:error] [pid 73047] [client 4.190.190.86:0] script '/domains/efusion1/rk1.php' not found or unable to stat
[Wed Jan 07 12:18:38.825380 2026] [php:error] [pid 73035] [client 52.172.186.177:0] script '/domains/hpveweb/bless5.php' not found or unable to stat
[Wed Jan 07 12:18:39.178471 2026] [php:error] [pid 73047] [client 4.190.190.86:0] script '/domains/efusion1/alfa-rex1.php' not found or unable to stat
[Wed Jan 07 12:18:39.213442 2026] [php:error] [pid 73035] [client 52.172.186.177:0] script '/domains/hpveweb/lock360.php' not found or unable to stat
[Wed Jan 07 12:18:39.342758 2026] [php:error] [pid 73047] [client 4.190.190.86:0] script '/domains/efusion1/suck.php' not found or unable to stat
[Wed Jan 07 12:18:39.411774 2026] [php:error] [pid 73035] [client 52.172.186.177:0] script '/domains/hpveweb/f35.php' not found or unable to stat
[Wed Jan 07 12:18:39.506576 2026] [php:error] [pid 73047] [client 4.190.190.86:0] script '/domains/efusion1/hikudpno.php' not found or unable to stat
[Wed Jan 07 12:18:39.621860 2026] [php:error] [pid 73035] [client 52.172.186.177:0] script '/domains/hpveweb/gg.php' not found or unable to stat
[Wed Jan 07 12:18:39.820668 2026] [php:error] [pid 73035] [client 52.172.186.177:0] script '/domains/hpveweb/ar.php' not found or unable to stat
[Wed Jan 07 12:18:39.839745 2026] [php:error] [pid 73047] [client 4.190.190.86:0] script '/domains/efusion1/sure.php' not found or unable to stat
[Wed Jan 07 12:18:40.005063 2026] [php:error] [pid 73047] [client 4.190.190.86:0] script '/domains/efusion1/zoo.php' not found or unable to stat
[Wed Jan 07 12:18:40.020070 2026] [php:error] [pid 73035] [client 52.172.186.177:0] script '/domains/hpveweb/alfa.php' not found or unable to stat
[Wed Jan 07 12:18:40.169398 2026] [php:error] [pid 73047] [client 4.190.190.86:0] script '/domains/efusion1/4563.php' not found or unable to stat
[Wed Jan 07 12:18:40.219435 2026] [php:error] [pid 73035] [client 52.172.186.177:0] script '/domains/hpveweb/classwithtostring.php' not found or unable to stat
[Wed Jan 07 12:18:40.333553 2026] [php:error] [pid 73047] [client 4.190.190.86:0] script '/domains/efusion1/wunaivpl.php' not found or unable to stat
[Wed Jan 07 12:18:40.419193 2026] [php:error] [pid 73035] [client 52.172.186.177:0] script '/domains/hpveweb/abcd.php' not found or unable to stat
[Wed Jan 07 12:18:40.498200 2026] [php:error] [pid 73047] [client 4.190.190.86:0] script '/domains/efusion1/reune.php' not found or unable to stat
[Wed Jan 07 12:18:40.617138 2026] [php:error] [pid 73035] [client 52.172.186.177:0] script '/domains/hpveweb/admin.php' not found or unable to stat
[Wed Jan 07 12:18:40.662416 2026] [php:error] [pid 73047] [client 4.190.190.86:0] script '/domains/efusion1/dw.php' not found or unable to stat
[Wed Jan 07 12:18:40.878121 2026] [php:error] [pid 73035] [client 52.172.186.177:0] script '/domains/hpveweb/ioxi-o.php' not found or unable to stat
[Wed Jan 07 12:18:40.991033 2026] [php:error] [pid 73047] [client 4.190.190.86:0] script '/domains/efusion1/shellx.php' not found or unable to stat
[Wed Jan 07 12:18:41.076568 2026] [php:error] [pid 73035] [client 52.172.186.177:0] script '/domains/hpveweb/0x.php' not found or unable to stat
[Wed Jan 07 12:18:41.319203 2026] [php:error] [pid 73047] [client 4.190.190.86:0] script '/domains/efusion1/mode.php' not found or unable to stat
[Wed Jan 07 12:18:41.389754 2026] [php:error] [pid 73035] [client 52.172.186.177:0] script '/domains/hpveweb/css.php' not found or unable to stat
[Wed Jan 07 12:18:41.483407 2026] [php:error] [pid 73047] [client 4.190.190.86:0] script '/domains/efusion1/lnexugel.php' not found or unable to stat
[Wed Jan 07 12:18:41.603184 2026] [php:error] [pid 73035] [client 52.172.186.177:0] script '/domains/hpveweb/222.php' not found or unable to stat
[Wed Jan 07 12:18:41.648556 2026] [php:error] [pid 73047] [client 4.190.190.86:0] script '/domains/efusion1/online.php' not found or unable to stat
[Wed Jan 07 12:18:41.801588 2026] [php:error] [pid 73035] [client 52.172.186.177:0] script '/domains/hpveweb/class19.php' not found or unable to stat
[Wed Jan 07 12:18:41.812675 2026] [php:error] [pid 73047] [client 4.190.190.86:0] script '/domains/efusion1/up-kon.php' not found or unable to stat
[Wed Jan 07 12:18:41.976678 2026] [php:error] [pid 73047] [client 4.190.190.86:0] script '/domains/efusion1/word.php' not found or unable to stat
[Wed Jan 07 12:18:42.023511 2026] [php:error] [pid 73035] [client 52.172.186.177:0] script '/domains/hpveweb/class20.php' not found or unable to stat
[Wed Jan 07 12:18:42.223757 2026] [php:error] [pid 73035] [client 52.172.186.177:0] script '/domains/hpveweb/admin.php' not found or unable to stat
[Wed Jan 07 12:18:42.304762 2026] [php:error] [pid 73047] [client 4.190.190.86:0] script '/domains/efusion1/jcsonquo.php' not found or unable to stat
[Wed Jan 07 12:18:42.421749 2026] [php:error] [pid 73035] [client 52.172.186.177:0] script '/domains/hpveweb/css.php' not found or unable to stat
[Wed Jan 07 12:18:42.468549 2026] [php:error] [pid 73047] [client 4.190.190.86:0] script '/domains/efusion1/termps.php' not found or unable to stat
[Wed Jan 07 12:18:42.638741 2026] [php:error] [pid 73035] [client 52.172.186.177:0] script '/domains/hpveweb/wsd.php' not found or unable to stat
[Wed Jan 07 12:18:42.797576 2026] [php:error] [pid 73047] [client 4.190.190.86:0] script '/domains/efusion1/indo.php' not found or unable to stat
[Wed Jan 07 12:18:42.836941 2026] [php:error] [pid 73035] [client 52.172.186.177:0] script '/domains/hpveweb/gtc.php' not found or unable to stat
[Wed Jan 07 12:18:42.961503 2026] [php:error] [pid 73047] [client 4.190.190.86:0] script '/domains/efusion1/rin.php' not found or unable to stat
[Wed Jan 07 12:18:43.037272 2026] [php:error] [pid 73035] [client 52.172.186.177:0] script '/domains/hpveweb/xtride.php' not found or unable to stat
[Wed Jan 07 12:18:43.125482 2026] [php:error] [pid 73047] [client 4.190.190.86:0] script '/domains/efusion1/packages.php' not found or unable to stat
[Wed Jan 07 12:18:43.235761 2026] [php:error] [pid 73035] [client 52.172.186.177:0] script '/domains/hpveweb/s11.php' not found or unable to stat
[Wed Jan 07 12:18:43.289563 2026] [php:error] [pid 73047] [client 4.190.190.86:0] script '/domains/efusion1/ioxi.php' not found or unable to stat
[Wed Jan 07 12:18:43.435341 2026] [php:error] [pid 73035] [client 52.172.186.177:0] script '/domains/hpveweb/goat.php' not found or unable to stat
[Wed Jan 07 12:18:43.453384 2026] [php:error] [pid 73047] [client 4.190.190.86:0] script '/domains/efusion1/vbv.php' not found or unable to stat
[Wed Jan 07 12:18:43.617532 2026] [php:error] [pid 73047] [client 4.190.190.86:0] script '/domains/efusion1/mk.php' not found or unable to stat
[Wed Jan 07 12:18:43.655345 2026] [php:error] [pid 73035] [client 52.172.186.177:0] script '/domains/hpveweb/wsvvs.php' not found or unable to stat
[Wed Jan 07 12:18:43.781381 2026] [php:error] [pid 73047] [client 4.190.190.86:0] script '/domains/efusion1/moderation.php' not found or unable to stat
[Wed Jan 07 12:18:43.853853 2026] [php:error] [pid 73035] [client 52.172.186.177:0] script '/domains/hpveweb/f6.php' not found or unable to stat
[Wed Jan 07 12:18:43.945583 2026] [php:error] [pid 73047] [client 4.190.190.86:0] script '/domains/efusion1/simple-shell.php' not found or unable to stat
[Wed Jan 07 12:18:44.051849 2026] [php:error] [pid 73035] [client 52.172.186.177:0] script '/domains/hpveweb/lyy.php' not found or unable to stat
[Wed Jan 07 12:18:44.260811 2026] [php:error] [pid 73035] [client 52.172.186.177:0] script '/domains/hpveweb/galex.php' not found or unable to stat
[Wed Jan 07 12:18:44.273780 2026] [php:error] [pid 73047] [client 4.190.190.86:0] script '/domains/efusion1/2Vu80QG.php' not found or unable to stat
[Wed Jan 07 12:18:44.437888 2026] [php:error] [pid 73047] [client 4.190.190.86:0] script '/domains/efusion1/bsr.php' not found or unable to stat
[Wed Jan 07 12:18:44.458937 2026] [php:error] [pid 73035] [client 52.172.186.177:0] script '/domains/hpveweb/inputs.php' not found or unable to stat
[Wed Jan 07 12:18:44.601790 2026] [php:error] [pid 73047] [client 4.190.190.86:0] script '/domains/efusion1/ans.php' not found or unable to stat
[Wed Jan 07 12:18:44.661391 2026] [php:error] [pid 73035] [client 52.172.186.177:0] script '/domains/hpveweb/about.php' not found or unable to stat
[Wed Jan 07 12:18:44.765733 2026] [php:error] [pid 73047] [client 4.190.190.86:0] script '/domains/efusion1/wp-tot.php' not found or unable to stat
[Wed Jan 07 12:18:44.862578 2026] [php:error] [pid 73035] [client 52.172.186.177:0] script '/domains/hpveweb/pp.php' not found or unable to stat
[Wed Jan 07 12:18:44.929705 2026] [php:error] [pid 73047] [client 4.190.190.86:0] script '/domains/efusion1/Core-wp.php' not found or unable to stat
[Wed Jan 07 12:18:45.060784 2026] [php:error] [pid 73035] [client 52.172.186.177:0] script '/domains/hpveweb/files.php' not found or unable to stat
[Wed Jan 07 12:18:45.093413 2026] [php:error] [pid 73047] [client 4.190.190.86:0] script '/domains/efusion1/src.php' not found or unable to stat
[Wed Jan 07 12:18:45.421949 2026] [php:error] [pid 73047] [client 4.190.190.86:0] script '/domains/efusion1/nxd.php' not found or unable to stat
[Wed Jan 07 12:18:45.585882 2026] [php:error] [pid 73047] [client 4.190.190.86:0] script '/domains/efusion1/payout.php' not found or unable to stat
[Wed Jan 07 12:18:45.749769 2026] [php:error] [pid 73047] [client 4.190.190.86:0] script '/domains/efusion1/uxquidwa.php' not found or unable to stat
[Wed Jan 07 12:18:45.913811 2026] [php:error] [pid 73047] [client 4.190.190.86:0] script '/domains/efusion1/combined.php' not found or unable to stat
[Wed Jan 07 12:18:46.081277 2026] [php:error] [pid 73047] [client 4.190.190.86:0] script '/domains/efusion1/mari.php' not found or unable to stat
[Wed Jan 07 12:18:46.247178 2026] [php:error] [pid 73047] [client 4.190.190.86:0] script '/domains/efusion1/kodox.php' not found or unable to stat
[Wed Jan 07 12:18:46.411179 2026] [php:error] [pid 73047] [client 4.190.190.86:0] script '/domains/efusion1/ak47shell.php' not found or unable to stat
[Wed Jan 07 12:18:46.575141 2026] [php:error] [pid 73047] [client 4.190.190.86:0] script '/domains/efusion1/ok.php' not found or unable to stat
[Wed Jan 07 12:18:46.739993 2026] [php:error] [pid 73047] [client 4.190.190.86:0] script '/domains/efusion1/log404.php' not found or unable to stat
[Wed Jan 07 12:18:46.904906 2026] [php:error] [pid 73047] [client 4.190.190.86:0] script '/domains/efusion1/wh.php' not found or unable to stat
[Wed Jan 07 12:18:47.070182 2026] [php:error] [pid 73047] [client 4.190.190.86:0] script '/domains/efusion1/luf.php' not found or unable to stat
[Wed Jan 07 12:18:47.234536 2026] [php:error] [pid 73047] [client 4.190.190.86:0] script '/domains/efusion1/bs2.php' not found or unable to stat
[Wed Jan 07 12:18:47.398524 2026] [php:error] [pid 73047] [client 4.190.190.86:0] script '/domains/efusion1/wf.php' not found or unable to stat
[Wed Jan 07 12:18:47.498194 2026] [php:error] [pid 73035] [client 52.172.186.177:0] script '/domains/hpveweb/ac.php' not found or unable to stat
[Wed Jan 07 12:18:47.562657 2026] [php:error] [pid 73047] [client 4.190.190.86:0] script '/domains/efusion1/vcard.php' not found or unable to stat
[Wed Jan 07 12:18:47.891320 2026] [php:error] [pid 73047] [client 4.190.190.86:0] script '/domains/efusion1/ddgg.php' not found or unable to stat
[Wed Jan 07 12:18:48.013217 2026] [php:error] [pid 73024] [client 52.172.186.177:0] script '/domains/hpveweb/bel.php' not found or unable to stat
[Wed Jan 07 12:18:48.218874 2026] [php:error] [pid 73047] [client 4.190.190.86:0] script '/domains/efusion1/indo.php' not found or unable to stat
[Wed Jan 07 12:18:48.382998 2026] [php:error] [pid 73047] [client 4.190.190.86:0] script '/domains/efusion1/pu.php' not found or unable to stat
[Wed Jan 07 12:18:48.547485 2026] [php:error] [pid 73047] [client 4.190.190.86:0] script '/domains/efusion1/docs.php' not found or unable to stat
[Wed Jan 07 12:18:48.749407 2026] [php:error] [pid 73024] [client 52.172.186.177:0] script '/domains/hpveweb/shell20211028.php' not found or unable to stat
[Wed Jan 07 12:18:48.885999 2026] [php:error] [pid 73047] [client 4.190.190.86:0] script '/domains/efusion1/gaza.php' not found or unable to stat
[Wed Jan 07 12:18:49.050001 2026] [php:error] [pid 73047] [client 4.190.190.86:0] script '/domains/efusion1/XX.php' not found or unable to stat
[Wed Jan 07 12:18:49.214116 2026] [php:error] [pid 73047] [client 4.190.190.86:0] script '/domains/efusion1/fm.php' not found or unable to stat
[Wed Jan 07 12:18:49.326940 2026] [php:error] [pid 73024] [client 52.172.186.177:0] script '/domains/hpveweb/bras.php' not found or unable to stat
[Wed Jan 07 12:18:49.517058 2026] [php:error] [pid 73024] [client 52.172.186.177:0] script '/domains/hpveweb/vv.php' not found or unable to stat
[Wed Jan 07 12:18:49.541837 2026] [php:error] [pid 73047] [client 4.190.190.86:0] script '/domains/efusion1/owlmailer.php' not found or unable to stat
[Wed Jan 07 12:18:49.706658 2026] [php:error] [pid 73047] [client 4.190.190.86:0] script '/domains/efusion1/F0x.php' not found or unable to stat
[Wed Jan 07 12:18:49.754783 2026] [php:error] [pid 73024] [client 52.172.186.177:0] script '/domains/hpveweb/gold.php' not found or unable to stat
[Wed Jan 07 12:18:49.871068 2026] [php:error] [pid 73047] [client 4.190.190.86:0] script '/domains/efusion1/rlpc.php' not found or unable to stat
[Wed Jan 07 12:18:49.944185 2026] [php:error] [pid 73024] [client 52.172.186.177:0] script '/domains/hpveweb/xe.php' not found or unable to stat
[Wed Jan 07 12:18:50.199889 2026] [php:error] [pid 73047] [client 4.190.190.86:0] script '/domains/efusion1/sale.php' not found or unable to stat
[Wed Jan 07 12:18:50.265019 2026] [php:error] [pid 73024] [client 52.172.186.177:0] script '/domains/hpveweb/bipas.php' not found or unable to stat
[Wed Jan 07 12:18:50.364132 2026] [php:error] [pid 73047] [client 4.190.190.86:0] script '/domains/efusion1/ran.php' not found or unable to stat
[Wed Jan 07 12:18:50.454754 2026] [php:error] [pid 73024] [client 52.172.186.177:0] script '/domains/hpveweb/xb.php' not found or unable to stat
[Wed Jan 07 12:18:50.528545 2026] [php:error] [pid 73047] [client 4.190.190.86:0] script '/domains/efusion1/k90.php' not found or unable to stat
[Wed Jan 07 12:18:50.692957 2026] [php:error] [pid 73047] [client 4.190.190.86:0] script '/domains/efusion1/taff.php' not found or unable to stat
[Wed Jan 07 12:18:50.700617 2026] [php:error] [pid 73024] [client 52.172.186.177:0] script '/domains/hpveweb/cx.php' not found or unable to stat
[Wed Jan 07 12:18:50.857565 2026] [php:error] [pid 73047] [client 4.190.190.86:0] script '/domains/efusion1/set.php' not found or unable to stat
[Wed Jan 07 12:18:50.890065 2026] [php:error] [pid 73024] [client 52.172.186.177:0] script '/domains/hpveweb/x.php' not found or unable to stat
[Wed Jan 07 12:18:51.023950 2026] [php:error] [pid 73047] [client 4.190.190.86:0] script '/domains/efusion1/133.php' not found or unable to stat
[Wed Jan 07 12:18:51.188454 2026] [php:error] [pid 73047] [client 4.190.190.86:0] script '/domains/efusion1/ssxsl.php' not found or unable to stat
[Wed Jan 07 12:18:51.263858 2026] [php:error] [pid 73024] [client 52.172.186.177:0] script '/domains/hpveweb/xx.php' not found or unable to stat
[Wed Jan 07 12:18:51.352659 2026] [php:error] [pid 73047] [client 4.190.190.86:0] script '/domains/efusion1/AE5VAL.php' not found or unable to stat
[Wed Jan 07 12:18:51.470115 2026] [php:error] [pid 73024] [client 52.172.186.177:0] script '/domains/hpveweb/0x0x.php' not found or unable to stat
[Wed Jan 07 12:18:51.516484 2026] [php:error] [pid 73047] [client 4.190.190.86:0] script '/domains/efusion1/gold.php' not found or unable to stat
[Wed Jan 07 12:18:51.659495 2026] [php:error] [pid 73024] [client 52.172.186.177:0] script '/domains/hpveweb/xrr.php' not found or unable to stat
[Wed Jan 07 12:18:51.681324 2026] [php:error] [pid 73047] [client 4.190.190.86:0] script '/domains/efusion1/gely.php' not found or unable to stat
[Wed Jan 07 12:18:51.850622 2026] [php:error] [pid 73024] [client 52.172.186.177:0] script '/domains/hpveweb/xtt.php' not found or unable to stat
[Wed Jan 07 12:18:51.856076 2026] [php:error] [pid 73047] [client 4.190.190.86:0] script '/domains/efusion1/xBrain.php' not found or unable to stat
[Wed Jan 07 12:18:52.020018 2026] [php:error] [pid 73047] [client 4.190.190.86:0] script '/domains/efusion1/sagafif.php' not found or unable to stat
[Wed Jan 07 12:18:52.040582 2026] [php:error] [pid 73024] [client 52.172.186.177:0] script '/domains/hpveweb/gi.php' not found or unable to stat
[Wed Jan 07 12:18:52.184029 2026] [php:error] [pid 73047] [client 4.190.190.86:0] script '/domains/efusion1/wp-trc.php' not found or unable to stat
[Wed Jan 07 12:18:52.253483 2026] [php:error] [pid 73024] [client 52.172.186.177:0] script '/domains/hpveweb/nov.php' not found or unable to stat
[Wed Jan 07 12:18:52.348705 2026] [php:error] [pid 73047] [client 4.190.190.86:0] script '/domains/efusion1/tesla1.php' not found or unable to stat
[Wed Jan 07 12:18:52.512695 2026] [php:error] [pid 73047] [client 4.190.190.86:0] script '/domains/efusion1/aks.php' not found or unable to stat
[Wed Jan 07 12:18:52.585203 2026] [php:error] [pid 73024] [client 52.172.186.177:0] script '/domains/hpveweb/xo.php' not found or unable to stat
[Wed Jan 07 12:18:52.781160 2026] [php:error] [pid 73024] [client 52.172.186.177:0] script '/domains/hpveweb/new4.php' not found or unable to stat
[Wed Jan 07 12:18:52.841644 2026] [php:error] [pid 73047] [client 4.190.190.86:0] script '/domains/efusion1/ase.php' not found or unable to stat
[Wed Jan 07 12:18:53.006127 2026] [php:error] [pid 73047] [client 4.190.190.86:0] script '/domains/efusion1/ktgob.php' not found or unable to stat
[Wed Jan 07 12:18:53.083533 2026] [php:error] [pid 73024] [client 52.172.186.177:0] script '/domains/hpveweb/des.php' not found or unable to stat
[Wed Jan 07 12:18:53.170459 2026] [php:error] [pid 73047] [client 4.190.190.86:0] script '/domains/efusion1/abc.php' not found or unable to stat
[Wed Jan 07 12:18:53.288272 2026] [php:error] [pid 73024] [client 52.172.186.177:0] script '/domains/hpveweb/ext.php' not found or unable to stat
[Wed Jan 07 12:18:53.334726 2026] [php:error] [pid 73047] [client 4.190.190.86:0] script '/domains/efusion1/afile.php' not found or unable to stat
[Wed Jan 07 12:18:53.498296 2026] [php:error] [pid 73047] [client 4.190.190.86:0] script '/domains/efusion1/xBrain.php' not found or unable to stat
[Wed Jan 07 12:18:53.662886 2026] [php:error] [pid 73047] [client 4.190.190.86:0] script '/domains/efusion1/yunu.php' not found or unable to stat
[Wed Jan 07 12:18:53.826672 2026] [php:error] [pid 73047] [client 4.190.190.86:0] script '/domains/efusion1/lexy.php' not found or unable to stat
[Wed Jan 07 12:18:54.884330 2026] [php:error] [pid 73024] [client 52.172.186.177:0] script '/domains/hpveweb/NewFile.php' not found or unable to stat
[Wed Jan 07 12:18:55.074049 2026] [php:error] [pid 73024] [client 52.172.186.177:0] script '/domains/hpveweb/fffff.php' not found or unable to stat
[Wed Jan 07 12:18:55.263971 2026] [php:error] [pid 73024] [client 52.172.186.177:0] script '/domains/hpveweb/alpa.php' not found or unable to stat
[Wed Jan 07 12:18:55.454461 2026] [php:error] [pid 73024] [client 52.172.186.177:0] script '/domains/hpveweb/ant.php' not found or unable to stat
[Wed Jan 07 12:18:55.647690 2026] [php:error] [pid 73024] [client 52.172.186.177:0] script '/domains/hpveweb/wp-rinko.php' not found or unable to stat
[Wed Jan 07 12:18:58.328931 2026] [php:error] [pid 73035] [client 35.247.243.251:0] script '/domains/dcoffman/adminer-5.0.2-en.php' not found or unable to stat
[Wed Jan 07 12:19:27.053594 2026] [php:error] [pid 73052] [client 208.84.101.102:0] script '/domains/dcarlone/xmlrpc.php' not found or unable to stat
[Wed Jan 07 12:19:39.473971 2026] [php:error] [pid 73056] [client 35.247.243.254:0] script '/domains/dcoffman/adminer-4.7.1.php' not found or unable to stat
[Wed Jan 07 12:19:42.830876 2026] [php:error] [pid 73059] [client 145.239.10.137:0] script '/domains/covertcomic/403.php' not found or unable to stat, referer: http://www.covertcomic.com/403.php
[Wed Jan 07 12:19:54.133666 2026] [php:error] [pid 73059] [client 34.96.162.62:0] script '/domains/dcoffman/adminer-5.4.0.php' not found or unable to stat
[Wed Jan 07 12:20:15.333544 2026] [php:error] [pid 73053] [client 35.247.243.250:0] script '/domains/awciii/adminer-5.3.0.php' not found or unable to stat
[Wed Jan 07 12:20:19.228099 2026] [php:error] [pid 73053] [client 34.96.162.63:0] script '/domains/dcoffman/adminer-5.0.2.php' not found or unable to stat
[Wed Jan 07 12:21:03.870540 2026] [php:error] [pid 73057] [client 4.190.193.202:0] script '/domains/peterbmiller/widgets.php' not found or unable to stat
[Wed Jan 07 12:21:04.037396 2026] [php:error] [pid 73057] [client 4.190.193.202:0] script '/domains/peterbmiller/b.php' not found or unable to stat
[Wed Jan 07 12:21:04.204171 2026] [php:error] [pid 73057] [client 4.190.193.202:0] script '/domains/peterbmiller/rezor.php' not found or unable to stat
[Wed Jan 07 12:21:04.369849 2026] [php:error] [pid 73057] [client 4.190.193.202:0] script '/domains/peterbmiller/windex.php' not found or unable to stat
[Wed Jan 07 12:21:04.535318 2026] [php:error] [pid 73057] [client 4.190.193.202:0] script '/domains/peterbmiller/ajq1s.php' not found or unable to stat
[Wed Jan 07 12:21:04.701336 2026] [php:error] [pid 73057] [client 4.190.193.202:0] script '/domains/peterbmiller/world.php' not found or unable to stat
[Wed Jan 07 12:21:04.866416 2026] [php:error] [pid 73057] [client 4.190.193.202:0] script '/domains/peterbmiller/bibil.php' not found or unable to stat
[Wed Jan 07 12:21:05.044481 2026] [php:error] [pid 73057] [client 4.190.193.202:0] script '/domains/peterbmiller/spip.php' not found or unable to stat
[Wed Jan 07 12:21:05.209590 2026] [php:error] [pid 73057] [client 4.190.193.202:0] script '/domains/peterbmiller/geido.php' not found or unable to stat
[Wed Jan 07 12:21:05.374481 2026] [php:error] [pid 73057] [client 4.190.193.202:0] script '/domains/peterbmiller/Cachex.php' not found or unable to stat
[Wed Jan 07 12:21:05.549010 2026] [php:error] [pid 73057] [client 4.190.193.202:0] script '/domains/peterbmiller/wpup.php' not found or unable to stat
[Wed Jan 07 12:21:05.714044 2026] [php:error] [pid 73057] [client 4.190.193.202:0] script '/domains/peterbmiller/first.php' not found or unable to stat
[Wed Jan 07 12:21:05.880270 2026] [php:error] [pid 73057] [client 4.190.193.202:0] script '/domains/peterbmiller/wpupex.php' not found or unable to stat
[Wed Jan 07 12:21:06.045001 2026] [php:error] [pid 73057] [client 4.190.193.202:0] script '/domains/peterbmiller/nck.php' not found or unable to stat
[Wed Jan 07 12:21:06.217028 2026] [php:error] [pid 73057] [client 4.190.193.202:0] script '/domains/peterbmiller/admin.php' not found or unable to stat
[Wed Jan 07 12:21:06.382129 2026] [php:error] [pid 73057] [client 4.190.193.202:0] script '/domains/peterbmiller/autoload_classmap.php' not found or unable to stat
[Wed Jan 07 12:21:06.547061 2026] [php:error] [pid 73057] [client 4.190.193.202:0] script '/domains/peterbmiller/wp-activate.php' not found or unable to stat
[Wed Jan 07 12:21:06.712775 2026] [php:error] [pid 73057] [client 4.190.193.202:0] script '/domains/peterbmiller/db.php' not found or unable to stat
[Wed Jan 07 12:21:06.878586 2026] [php:error] [pid 73057] [client 4.190.193.202:0] script '/domains/peterbmiller/re.php' not found or unable to stat
[Wed Jan 07 12:21:07.043789 2026] [php:error] [pid 73057] [client 4.190.193.202:0] script '/domains/peterbmiller/bless.php' not found or unable to stat
[Wed Jan 07 12:21:07.211175 2026] [php:error] [pid 73057] [client 4.190.193.202:0] script '/domains/peterbmiller/blurbs.php' not found or unable to stat
[Wed Jan 07 12:21:07.375859 2026] [php:error] [pid 73057] [client 4.190.193.202:0] script '/domains/peterbmiller/cord.php' not found or unable to stat
[Wed Jan 07 12:21:07.541103 2026] [php:error] [pid 73057] [client 4.190.193.202:0] script '/domains/peterbmiller/axx.php' not found or unable to stat
[Wed Jan 07 12:21:07.711490 2026] [php:error] [pid 73057] [client 4.190.193.202:0] script '/domains/peterbmiller/wp-mail.php' not found or unable to stat
[Wed Jan 07 12:21:07.876741 2026] [php:error] [pid 73057] [client 4.190.193.202:0] script '/domains/peterbmiller/minik.php' not found or unable to stat
[Wed Jan 07 12:21:08.041812 2026] [php:error] [pid 73057] [client 4.190.193.202:0] script '/domains/peterbmiller/OK.php' not found or unable to stat
[Wed Jan 07 12:21:08.207725 2026] [php:error] [pid 73057] [client 4.190.193.202:0] script '/domains/peterbmiller/alfanew.php' not found or unable to stat
[Wed Jan 07 12:21:08.372709 2026] [php:error] [pid 73057] [client 4.190.193.202:0] script '/domains/peterbmiller/zsec.php' not found or unable to stat
[Wed Jan 07 12:21:08.537826 2026] [php:error] [pid 73057] [client 4.190.193.202:0] script '/domains/peterbmiller/arig.php' not found or unable to stat
[Wed Jan 07 12:21:08.702747 2026] [php:error] [pid 73057] [client 4.190.193.202:0] script '/domains/peterbmiller/admin1.php' not found or unable to stat
[Wed Jan 07 12:21:08.869281 2026] [php:error] [pid 73057] [client 4.190.193.202:0] script '/domains/peterbmiller/we2.php' not found or unable to stat
[Wed Jan 07 12:21:09.036839 2026] [php:error] [pid 73057] [client 4.190.193.202:0] script '/domains/peterbmiller/af32.php' not found or unable to stat
[Wed Jan 07 12:21:09.202072 2026] [php:error] [pid 73057] [client 4.190.193.202:0] script '/domains/peterbmiller/rz.php' not found or unable to stat
[Wed Jan 07 12:21:09.382683 2026] [php:error] [pid 73057] [client 4.190.193.202:0] script '/domains/peterbmiller/hugo.php' not found or unable to stat
[Wed Jan 07 12:21:09.547554 2026] [php:error] [pid 73057] [client 4.190.193.202:0] script '/domains/peterbmiller/ava.php' not found or unable to stat
[Wed Jan 07 12:21:09.712664 2026] [php:error] [pid 73057] [client 4.190.193.202:0] script '/domains/peterbmiller/anjay.php' not found or unable to stat
[Wed Jan 07 12:21:09.877647 2026] [php:error] [pid 73057] [client 4.190.193.202:0] script '/domains/peterbmiller/let.php' not found or unable to stat
[Wed Jan 07 12:21:10.043743 2026] [php:error] [pid 73057] [client 4.190.193.202:0] script '/domains/peterbmiller/w.php' not found or unable to stat
[Wed Jan 07 12:21:10.212254 2026] [php:error] [pid 73057] [client 4.190.193.202:0] script '/domains/peterbmiller/k.php' not found or unable to stat
[Wed Jan 07 12:21:10.378132 2026] [php:error] [pid 73057] [client 4.190.193.202:0] script '/domains/peterbmiller/pn.php' not found or unable to stat
[Wed Jan 07 12:21:10.543483 2026] [php:error] [pid 73057] [client 4.190.193.202:0] script '/domains/peterbmiller/gecko.php' not found or unable to stat
[Wed Jan 07 12:21:10.708497 2026] [php:error] [pid 73057] [client 4.190.193.202:0] script '/domains/peterbmiller/abe.php' not found or unable to stat
[Wed Jan 07 12:21:10.873660 2026] [php:error] [pid 73057] [client 4.190.193.202:0] script '/domains/peterbmiller/bs1.php' not found or unable to stat
[Wed Jan 07 12:21:11.040197 2026] [php:error] [pid 73057] [client 4.190.193.202:0] script '/domains/peterbmiller/cc.php' not found or unable to stat
[Wed Jan 07 12:21:11.205751 2026] [php:error] [pid 73057] [client 4.190.193.202:0] script '/domains/peterbmiller/css.php' not found or unable to stat
[Wed Jan 07 12:21:11.383657 2026] [php:error] [pid 73057] [client 4.190.193.202:0] script '/domains/peterbmiller/cloud.php' not found or unable to stat
[Wed Jan 07 12:21:11.548620 2026] [php:error] [pid 73057] [client 4.190.193.202:0] script '/domains/peterbmiller/radio.php' not found or unable to stat
[Wed Jan 07 12:21:11.713720 2026] [php:error] [pid 73057] [client 4.190.193.202:0] script '/domains/peterbmiller/cong.php' not found or unable to stat
[Wed Jan 07 12:21:11.878688 2026] [php:error] [pid 73057] [client 4.190.193.202:0] script '/domains/peterbmiller/bak.php' not found or unable to stat
[Wed Jan 07 12:21:12.043719 2026] [php:error] [pid 73057] [client 4.190.193.202:0] script '/domains/peterbmiller/as.php' not found or unable to stat
[Wed Jan 07 12:21:12.208591 2026] [php:error] [pid 73057] [client 4.190.193.202:0] script '/domains/peterbmiller/404.php' not found or unable to stat
[Wed Jan 07 12:21:12.373812 2026] [php:error] [pid 73057] [client 4.190.193.202:0] script '/domains/peterbmiller/link.php' not found or unable to stat
[Wed Jan 07 12:21:12.539137 2026] [php:error] [pid 73057] [client 4.190.193.202:0] script '/domains/peterbmiller/makeasmtp.php' not found or unable to stat
[Wed Jan 07 12:21:12.704000 2026] [php:error] [pid 73057] [client 4.190.193.202:0] script '/domains/peterbmiller/file.php' not found or unable to stat
[Wed Jan 07 12:21:12.877572 2026] [php:error] [pid 73057] [client 4.190.193.202:0] script '/domains/peterbmiller/chosen.php' not found or unable to stat
[Wed Jan 07 12:21:13.043234 2026] [php:error] [pid 73057] [client 4.190.193.202:0] script '/domains/peterbmiller/wp.php' not found or unable to stat
[Wed Jan 07 12:21:13.226037 2026] [php:error] [pid 73057] [client 4.190.193.202:0] script '/domains/peterbmiller/uana.php' not found or unable to stat
[Wed Jan 07 12:21:13.391722 2026] [php:error] [pid 73057] [client 4.190.193.202:0] script '/domains/peterbmiller/lock360.php' not found or unable to stat
[Wed Jan 07 12:21:13.556857 2026] [php:error] [pid 73057] [client 4.190.193.202:0] script '/domains/peterbmiller/a.php' not found or unable to stat
[Wed Jan 07 12:21:13.722280 2026] [php:error] [pid 73057] [client 4.190.193.202:0] script '/domains/peterbmiller/api.php' not found or unable to stat
[Wed Jan 07 12:21:13.887352 2026] [php:error] [pid 73057] [client 4.190.193.202:0] script '/domains/peterbmiller/inc.php' not found or unable to stat
[Wed Jan 07 12:21:14.052606 2026] [php:error] [pid 73057] [client 4.190.193.202:0] script '/domains/peterbmiller/atomlib.php' not found or unable to stat
[Wed Jan 07 12:21:14.387264 2026] [php:error] [pid 73057] [client 4.190.193.202:0] script '/domains/peterbmiller/moon.php' not found or unable to stat
[Wed Jan 07 12:21:14.552027 2026] [php:error] [pid 73057] [client 4.190.193.202:0] script '/domains/peterbmiller/wp-info.php' not found or unable to stat
[Wed Jan 07 12:21:15.064238 2026] [php:error] [pid 73057] [client 4.190.193.202:0] script '/domains/peterbmiller/rss.php' not found or unable to stat
[Wed Jan 07 12:21:15.229422 2026] [php:error] [pid 73057] [client 4.190.193.202:0] script '/domains/peterbmiller/pekok.php' not found or unable to stat
[Wed Jan 07 12:21:15.394332 2026] [php:error] [pid 73057] [client 4.190.193.202:0] script '/domains/peterbmiller/elp.php' not found or unable to stat
[Wed Jan 07 12:21:15.560462 2026] [php:error] [pid 73057] [client 4.190.193.202:0] script '/domains/peterbmiller/wp-aa.php' not found or unable to stat
[Wed Jan 07 12:21:15.726032 2026] [php:error] [pid 73057] [client 4.190.193.202:0] script '/domains/peterbmiller/cart.php' not found or unable to stat
[Wed Jan 07 12:21:15.891603 2026] [php:error] [pid 73057] [client 4.190.193.202:0] script '/domains/peterbmiller/compare.php' not found or unable to stat
[Wed Jan 07 12:21:16.057051 2026] [php:error] [pid 73057] [client 4.190.193.202:0] script '/domains/peterbmiller/shop.php' not found or unable to stat
[Wed Jan 07 12:21:16.222524 2026] [php:error] [pid 73057] [client 4.190.193.202:0] script '/domains/peterbmiller/api.php' not found or unable to stat
[Wed Jan 07 12:21:16.387479 2026] [php:error] [pid 73057] [client 4.190.193.202:0] script '/domains/peterbmiller/222.php' not found or unable to stat
[Wed Jan 07 12:21:16.556495 2026] [php:error] [pid 73057] [client 4.190.193.202:0] script '/domains/peterbmiller/atom.php' not found or unable to stat
[Wed Jan 07 12:21:16.723196 2026] [php:error] [pid 73057] [client 4.190.193.202:0] script '/domains/peterbmiller/case.php' not found or unable to stat
[Wed Jan 07 12:21:16.888204 2026] [php:error] [pid 73057] [client 4.190.193.202:0] script '/domains/peterbmiller/docs.php' not found or unable to stat
[Wed Jan 07 12:21:17.053178 2026] [php:error] [pid 73057] [client 4.190.193.202:0] script '/domains/peterbmiller/ios.php' not found or unable to stat
[Wed Jan 07 12:21:17.218605 2026] [php:error] [pid 73057] [client 4.190.193.202:0] script '/domains/peterbmiller/click.php' not found or unable to stat
[Wed Jan 07 12:21:17.384997 2026] [php:error] [pid 73057] [client 4.190.193.202:0] script '/domains/peterbmiller/lv.php' not found or unable to stat
[Wed Jan 07 12:21:17.475842 2026] [php:error] [pid 73065] [client 4.190.193.202:0] script '/domains/wsmith.enteract/widgets.php' not found or unable to stat
[Wed Jan 07 12:21:17.552112 2026] [php:error] [pid 73057] [client 4.190.193.202:0] script '/domains/peterbmiller/inputs.php' not found or unable to stat
[Wed Jan 07 12:21:17.639862 2026] [php:error] [pid 73065] [client 4.190.193.202:0] script '/domains/wsmith.enteract/b.php' not found or unable to stat
[Wed Jan 07 12:21:17.718003 2026] [php:error] [pid 73057] [client 4.190.193.202:0] script '/domains/peterbmiller/alfa.php' not found or unable to stat
[Wed Jan 07 12:21:17.804284 2026] [php:error] [pid 73065] [client 4.190.193.202:0] script '/domains/wsmith.enteract/rezor.php' not found or unable to stat
[Wed Jan 07 12:21:17.882873 2026] [php:error] [pid 73057] [client 4.190.193.202:0] script '/domains/peterbmiller/byp.php' not found or unable to stat
[Wed Jan 07 12:21:17.968488 2026] [php:error] [pid 73065] [client 4.190.193.202:0] script '/domains/wsmith.enteract/windex.php' not found or unable to stat
[Wed Jan 07 12:21:18.058030 2026] [php:error] [pid 73057] [client 4.190.193.202:0] script '/domains/peterbmiller/goat1.php' not found or unable to stat
[Wed Jan 07 12:21:18.132776 2026] [php:error] [pid 73065] [client 4.190.193.202:0] script '/domains/wsmith.enteract/ajq1s.php' not found or unable to stat
[Wed Jan 07 12:21:18.223529 2026] [php:error] [pid 73057] [client 4.190.193.202:0] script '/domains/peterbmiller/f.php' not found or unable to stat
[Wed Jan 07 12:21:18.297413 2026] [php:error] [pid 73065] [client 4.190.193.202:0] script '/domains/wsmith.enteract/world.php' not found or unable to stat
[Wed Jan 07 12:21:18.389117 2026] [php:error] [pid 73057] [client 4.190.193.202:0] script '/domains/peterbmiller/max.php' not found or unable to stat
[Wed Jan 07 12:21:18.461537 2026] [php:error] [pid 73065] [client 4.190.193.202:0] script '/domains/wsmith.enteract/bibil.php' not found or unable to stat
[Wed Jan 07 12:21:18.564624 2026] [php:error] [pid 73057] [client 4.190.193.202:0] script '/domains/peterbmiller/m.php' not found or unable to stat
[Wed Jan 07 12:21:18.625369 2026] [php:error] [pid 73065] [client 4.190.193.202:0] script '/domains/wsmith.enteract/spip.php' not found or unable to stat
[Wed Jan 07 12:21:18.733749 2026] [php:error] [pid 73057] [client 4.190.193.202:0] script '/domains/peterbmiller/as.php' not found or unable to stat
[Wed Jan 07 12:21:18.793253 2026] [php:error] [pid 73065] [client 4.190.193.202:0] script '/domains/wsmith.enteract/geido.php' not found or unable to stat
[Wed Jan 07 12:21:18.898651 2026] [php:error] [pid 73057] [client 4.190.193.202:0] script '/domains/peterbmiller/v.php' not found or unable to stat
[Wed Jan 07 12:21:18.957367 2026] [php:error] [pid 73065] [client 4.190.193.202:0] script '/domains/wsmith.enteract/Cachex.php' not found or unable to stat
[Wed Jan 07 12:21:19.063119 2026] [php:error] [pid 73057] [client 4.190.193.202:0] script '/domains/peterbmiller/bless.php' not found or unable to stat
[Wed Jan 07 12:21:19.121444 2026] [php:error] [pid 73065] [client 4.190.193.202:0] script '/domains/wsmith.enteract/wpup.php' not found or unable to stat
[Wed Jan 07 12:21:19.228070 2026] [php:error] [pid 73057] [client 4.190.193.202:0] script '/domains/peterbmiller/vv.php' not found or unable to stat
[Wed Jan 07 12:21:19.285397 2026] [php:error] [pid 73065] [client 4.190.193.202:0] script '/domains/wsmith.enteract/first.php' not found or unable to stat
[Wed Jan 07 12:21:19.394001 2026] [php:error] [pid 73057] [client 4.190.193.202:0] script '/domains/peterbmiller/0.php' not found or unable to stat
[Wed Jan 07 12:21:19.450131 2026] [php:error] [pid 73065] [client 4.190.193.202:0] script '/domains/wsmith.enteract/wpupex.php' not found or unable to stat
[Wed Jan 07 12:21:19.560245 2026] [php:error] [pid 73057] [client 4.190.193.202:0] script '/domains/peterbmiller/jp.php' not found or unable to stat
[Wed Jan 07 12:21:19.614081 2026] [php:error] [pid 73065] [client 4.190.193.202:0] script '/domains/wsmith.enteract/nck.php' not found or unable to stat
[Wed Jan 07 12:21:19.725606 2026] [php:error] [pid 73057] [client 4.190.193.202:0] script '/domains/peterbmiller/2.php' not found or unable to stat
[Wed Jan 07 12:21:19.781000 2026] [php:error] [pid 73065] [client 4.190.193.202:0] script '/domains/wsmith.enteract/admin.php' not found or unable to stat
[Wed Jan 07 12:21:19.897723 2026] [php:error] [pid 73057] [client 4.190.193.202:0] script '/domains/peterbmiller/goods.php' not found or unable to stat
[Wed Jan 07 12:21:19.945118 2026] [php:error] [pid 73065] [client 4.190.193.202:0] script '/domains/wsmith.enteract/autoload_classmap.php' not found or unable to stat
[Wed Jan 07 12:21:20.062759 2026] [php:error] [pid 73057] [client 4.190.193.202:0] script '/domains/peterbmiller/manager.php' not found or unable to stat
[Wed Jan 07 12:21:20.109138 2026] [php:error] [pid 73065] [client 4.190.193.202:0] script '/domains/wsmith.enteract/wp-activate.php' not found or unable to stat
[Wed Jan 07 12:21:20.228245 2026] [php:error] [pid 73057] [client 4.190.193.202:0] script '/domains/peterbmiller/new.php' not found or unable to stat
[Wed Jan 07 12:21:20.272933 2026] [php:error] [pid 73065] [client 4.190.193.202:0] script '/domains/wsmith.enteract/db.php' not found or unable to stat
[Wed Jan 07 12:21:20.437109 2026] [php:error] [pid 73065] [client 4.190.193.202:0] script '/domains/wsmith.enteract/re.php' not found or unable to stat
[Wed Jan 07 12:21:20.556972 2026] [php:error] [pid 73081] [client 4.190.193.202:0] script '/domains/peterbmiller/info.php' not found or unable to stat
[Wed Jan 07 12:21:20.601353 2026] [php:error] [pid 73065] [client 4.190.193.202:0] script '/domains/wsmith.enteract/bless.php' not found or unable to stat
[Wed Jan 07 12:21:20.720266 2026] [php:error] [pid 73081] [client 4.190.193.202:0] script '/domains/peterbmiller/doc.php' not found or unable to stat
[Wed Jan 07 12:21:20.765601 2026] [php:error] [pid 73065] [client 4.190.193.202:0] script '/domains/wsmith.enteract/blurbs.php' not found or unable to stat
[Wed Jan 07 12:21:20.884284 2026] [php:error] [pid 73081] [client 4.190.193.202:0] script '/domains/peterbmiller/go.php' not found or unable to stat
[Wed Jan 07 12:21:20.929550 2026] [php:error] [pid 73065] [client 4.190.193.202:0] script '/domains/wsmith.enteract/cord.php' not found or unable to stat
[Wed Jan 07 12:21:21.047390 2026] [php:error] [pid 73081] [client 4.190.193.202:0] script '/domains/peterbmiller/mail.php' not found or unable to stat
[Wed Jan 07 12:21:21.093929 2026] [php:error] [pid 73065] [client 4.190.193.202:0] script '/domains/wsmith.enteract/axx.php' not found or unable to stat
[Wed Jan 07 12:21:21.212111 2026] [php:error] [pid 73081] [client 4.190.193.202:0] script '/domains/peterbmiller/11.php' not found or unable to stat
[Wed Jan 07 12:21:21.266209 2026] [php:error] [pid 73065] [client 4.190.193.202:0] script '/domains/wsmith.enteract/wp-mail.php' not found or unable to stat
[Wed Jan 07 12:21:21.375453 2026] [php:error] [pid 73081] [client 4.190.193.202:0] script '/domains/peterbmiller/conflg.php' not found or unable to stat
[Wed Jan 07 12:21:21.429964 2026] [php:error] [pid 73065] [client 4.190.193.202:0] script '/domains/wsmith.enteract/minik.php' not found or unable to stat
[Wed Jan 07 12:21:21.538761 2026] [php:error] [pid 73081] [client 4.190.193.202:0] script '/domains/peterbmiller/xmrlpc.php' not found or unable to stat
[Wed Jan 07 12:21:21.593820 2026] [php:error] [pid 73065] [client 4.190.193.202:0] script '/domains/wsmith.enteract/OK.php' not found or unable to stat
[Wed Jan 07 12:21:21.702331 2026] [php:error] [pid 73081] [client 4.190.193.202:0] script '/domains/peterbmiller/asas.php' not found or unable to stat
[Wed Jan 07 12:21:21.758221 2026] [php:error] [pid 73065] [client 4.190.193.202:0] script '/domains/wsmith.enteract/alfanew.php' not found or unable to stat
[Wed Jan 07 12:21:21.868162 2026] [php:error] [pid 73081] [client 4.190.193.202:0] script '/domains/peterbmiller/ioxi-o.php' not found or unable to stat
[Wed Jan 07 12:21:21.922089 2026] [php:error] [pid 73065] [client 4.190.193.202:0] script '/domains/wsmith.enteract/zsec.php' not found or unable to stat
[Wed Jan 07 12:21:22.061858 2026] [php:error] [pid 73081] [client 4.190.193.202:0] script '/domains/peterbmiller/about.php' not found or unable to stat
[Wed Jan 07 12:21:22.085912 2026] [php:error] [pid 73065] [client 4.190.193.202:0] script '/domains/wsmith.enteract/arig.php' not found or unable to stat
[Wed Jan 07 12:21:22.229858 2026] [php:error] [pid 73081] [client 4.190.193.202:0] script '/domains/peterbmiller/akcc.php' not found or unable to stat
[Wed Jan 07 12:21:22.251511 2026] [php:error] [pid 73065] [client 4.190.193.202:0] script '/domains/wsmith.enteract/admin1.php' not found or unable to stat
[Wed Jan 07 12:21:22.393529 2026] [php:error] [pid 73081] [client 4.190.193.202:0] script '/domains/peterbmiller/zxl.php' not found or unable to stat
[Wed Jan 07 12:21:22.415235 2026] [php:error] [pid 73065] [client 4.190.193.202:0] script '/domains/wsmith.enteract/we2.php' not found or unable to stat
[Wed Jan 07 12:21:22.556641 2026] [php:error] [pid 73081] [client 4.190.193.202:0] script '/domains/peterbmiller/r.php' not found or unable to stat
[Wed Jan 07 12:21:22.579058 2026] [php:error] [pid 73065] [client 4.190.193.202:0] script '/domains/wsmith.enteract/af32.php' not found or unable to stat
[Wed Jan 07 12:21:22.719815 2026] [php:error] [pid 73081] [client 4.190.193.202:0] script '/domains/peterbmiller/ar.php' not found or unable to stat
[Wed Jan 07 12:21:22.748107 2026] [php:error] [pid 73065] [client 4.190.193.202:0] script '/domains/wsmith.enteract/rz.php' not found or unable to stat
[Wed Jan 07 12:21:22.883163 2026] [php:error] [pid 73081] [client 4.190.193.202:0] script '/domains/peterbmiller/js.php' not found or unable to stat
[Wed Jan 07 12:21:22.911897 2026] [php:error] [pid 73065] [client 4.190.193.202:0] script '/domains/wsmith.enteract/hugo.php' not found or unable to stat
[Wed Jan 07 12:21:23.046203 2026] [php:error] [pid 73081] [client 4.190.193.202:0] script '/domains/peterbmiller/file1.php' not found or unable to stat
[Wed Jan 07 12:21:23.075915 2026] [php:error] [pid 73065] [client 4.190.193.202:0] script '/domains/wsmith.enteract/ava.php' not found or unable to stat
[Wed Jan 07 12:21:23.209650 2026] [php:error] [pid 73081] [client 4.190.193.202:0] script '/domains/peterbmiller/mar.php' not found or unable to stat
[Wed Jan 07 12:21:23.239730 2026] [php:error] [pid 73065] [client 4.190.193.202:0] script '/domains/wsmith.enteract/anjay.php' not found or unable to stat
[Wed Jan 07 12:21:23.373210 2026] [php:error] [pid 73081] [client 4.190.193.202:0] script '/domains/peterbmiller/123.php' not found or unable to stat
[Wed Jan 07 12:21:23.403823 2026] [php:error] [pid 73065] [client 4.190.193.202:0] script '/domains/wsmith.enteract/let.php' not found or unable to stat
[Wed Jan 07 12:21:23.543972 2026] [php:error] [pid 73081] [client 4.190.193.202:0] script '/domains/peterbmiller/321.php' not found or unable to stat
[Wed Jan 07 12:21:23.567890 2026] [php:error] [pid 73065] [client 4.190.193.202:0] script '/domains/wsmith.enteract/w.php' not found or unable to stat
[Wed Jan 07 12:21:23.707424 2026] [php:error] [pid 73081] [client 4.190.193.202:0] script '/domains/peterbmiller/simple.php' not found or unable to stat
[Wed Jan 07 12:21:23.731665 2026] [php:error] [pid 73065] [client 4.190.193.202:0] script '/domains/wsmith.enteract/k.php' not found or unable to stat
[Wed Jan 07 12:21:23.870888 2026] [php:error] [pid 73081] [client 4.190.193.202:0] script '/domains/peterbmiller/classwithtostring.php' not found or unable to stat
[Wed Jan 07 12:21:23.895575 2026] [php:error] [pid 73065] [client 4.190.193.202:0] script '/domains/wsmith.enteract/pn.php' not found or unable to stat
[Wed Jan 07 12:21:24.033834 2026] [php:error] [pid 73081] [client 4.190.193.202:0] script '/domains/peterbmiller/al.php' not found or unable to stat
[Wed Jan 07 12:21:24.059617 2026] [php:error] [pid 73065] [client 4.190.193.202:0] script '/domains/wsmith.enteract/gecko.php' not found or unable to stat
[Wed Jan 07 12:21:24.197128 2026] [php:error] [pid 73081] [client 4.190.193.202:0] script '/domains/peterbmiller/xx.php' not found or unable to stat
[Wed Jan 07 12:21:24.223517 2026] [php:error] [pid 73065] [client 4.190.193.202:0] script '/domains/wsmith.enteract/abe.php' not found or unable to stat
[Wed Jan 07 12:21:24.360643 2026] [php:error] [pid 73081] [client 4.190.193.202:0] script '/domains/peterbmiller/jga.php' not found or unable to stat
[Wed Jan 07 12:21:24.387458 2026] [php:error] [pid 73065] [client 4.190.193.202:0] script '/domains/wsmith.enteract/bs1.php' not found or unable to stat
[Wed Jan 07 12:21:24.524087 2026] [php:error] [pid 73081] [client 4.190.193.202:0] script '/domains/peterbmiller/num.php' not found or unable to stat
[Wed Jan 07 12:21:24.551435 2026] [php:error] [pid 73065] [client 4.190.193.202:0] script '/domains/wsmith.enteract/cc.php' not found or unable to stat
[Wed Jan 07 12:21:24.687403 2026] [php:error] [pid 73081] [client 4.190.193.202:0] script '/domains/peterbmiller/ty.php' not found or unable to stat
[Wed Jan 07 12:21:24.715424 2026] [php:error] [pid 73065] [client 4.190.193.202:0] script '/domains/wsmith.enteract/css.php' not found or unable to stat
[Wed Jan 07 12:21:24.852692 2026] [php:error] [pid 73081] [client 4.190.193.202:0] script '/domains/peterbmiller/buy.php' not found or unable to stat
[Wed Jan 07 12:21:24.879743 2026] [php:error] [pid 73065] [client 4.190.193.202:0] script '/domains/wsmith.enteract/cloud.php' not found or unable to stat
[Wed Jan 07 12:21:25.016168 2026] [php:error] [pid 73081] [client 4.190.193.202:0] script '/domains/peterbmiller/abcd.php' not found or unable to stat
[Wed Jan 07 12:21:25.043890 2026] [php:error] [pid 73065] [client 4.190.193.202:0] script '/domains/wsmith.enteract/radio.php' not found or unable to stat
[Wed Jan 07 12:21:25.179733 2026] [php:error] [pid 73081] [client 4.190.193.202:0] script '/domains/peterbmiller/c.php' not found or unable to stat
[Wed Jan 07 12:21:25.207833 2026] [php:error] [pid 73065] [client 4.190.193.202:0] script '/domains/wsmith.enteract/cong.php' not found or unable to stat
[Wed Jan 07 12:21:25.344620 2026] [php:error] [pid 73081] [client 4.190.193.202:0] script '/domains/peterbmiller/xo.php' not found or unable to stat
[Wed Jan 07 12:21:25.371929 2026] [php:error] [pid 73065] [client 4.190.193.202:0] script '/domains/wsmith.enteract/bak.php' not found or unable to stat
[Wed Jan 07 12:21:25.508117 2026] [php:error] [pid 73081] [client 4.190.193.202:0] script '/domains/peterbmiller/dlu.php' not found or unable to stat
[Wed Jan 07 12:21:25.537045 2026] [php:error] [pid 73065] [client 4.190.193.202:0] script '/domains/wsmith.enteract/as.php' not found or unable to stat
[Wed Jan 07 12:21:25.685066 2026] [php:error] [pid 73081] [client 4.190.193.202:0] script '/domains/peterbmiller/rk2.php' not found or unable to stat
[Wed Jan 07 12:21:25.700970 2026] [php:error] [pid 73065] [client 4.190.193.202:0] script '/domains/wsmith.enteract/404.php' not found or unable to stat
[Wed Jan 07 12:21:25.848603 2026] [php:error] [pid 73081] [client 4.190.193.202:0] script '/domains/peterbmiller/wso.php' not found or unable to stat
[Wed Jan 07 12:21:25.865561 2026] [php:error] [pid 73065] [client 4.190.193.202:0] script '/domains/wsmith.enteract/link.php' not found or unable to stat
[Wed Jan 07 12:21:26.011702 2026] [php:error] [pid 73081] [client 4.190.193.202:0] script '/domains/peterbmiller/we.php' not found or unable to stat
[Wed Jan 07 12:21:26.029573 2026] [php:error] [pid 73065] [client 4.190.193.202:0] script '/domains/wsmith.enteract/makeasmtp.php' not found or unable to stat
[Wed Jan 07 12:21:26.180833 2026] [php:error] [pid 73081] [client 4.190.193.202:0] script '/domains/peterbmiller/karak.php' not found or unable to stat
[Wed Jan 07 12:21:26.193589 2026] [php:error] [pid 73065] [client 4.190.193.202:0] script '/domains/wsmith.enteract/file.php' not found or unable to stat
[Wed Jan 07 12:21:26.344007 2026] [php:error] [pid 73081] [client 4.190.193.202:0] script '/domains/peterbmiller/content.php' not found or unable to stat
[Wed Jan 07 12:21:26.357742 2026] [php:error] [pid 73065] [client 4.190.193.202:0] script '/domains/wsmith.enteract/chosen.php' not found or unable to stat
[Wed Jan 07 12:21:26.512512 2026] [php:error] [pid 73081] [client 4.190.193.202:0] script '/domains/peterbmiller/406.php' not found or unable to stat
[Wed Jan 07 12:21:26.521615 2026] [php:error] [pid 73065] [client 4.190.193.202:0] script '/domains/wsmith.enteract/wp.php' not found or unable to stat
[Wed Jan 07 12:21:26.676287 2026] [php:error] [pid 73081] [client 4.190.193.202:0] script '/domains/peterbmiller/mariju.php' not found or unable to stat
[Wed Jan 07 12:21:26.685368 2026] [php:error] [pid 73065] [client 4.190.193.202:0] script '/domains/wsmith.enteract/uana.php' not found or unable to stat
